INSERT INTO files ( gid, file, mime ) VALUES ( '31922', 'http://www.gutenberg.org/files/31922/31922-h/31922-h.htm', 'text/html; charset=iso-8859-1' );
INSERT INTO files ( gid, file, mime ) VALUES ( '31922', 'http://www.gutenberg.org/files/31922/31922.txt', 'text/plain; charset=us-ascii' );
INSERT INTO files ( gid, file, mime ) VALUES ( '31922', 'http://www.gutenberg.org/files/31922/31922.zip', 'text/plain; charset=us-asciiapplication/zip' );
INSERT INTO titles ( gid, title, author, language, rights ) VALUES ( '32022', 'A Problem in Greek Ethics Being an inquiry into the phenomenon of sexual inversion, addressed especially to medical psychologists and jurists', 'Symonds, John Addington', 'en', 'Public domain in the USA.' );
INSERT INTO classifications ( gid, classification ) VALUES ( '32022', 'HQ' );
INSERT INTO subjects ( gid, subject ) VALUES ( '32022', 'Ethics -- Greece' );
INSERT INTO subjects ( gid, subject ) VALUES ( '32022', 'Homosexuality' );
INSERT INTO subjects ( gid, subject ) VALUES ( '32022', 'Greece -- Social life and customs' );
INSERT INTO files ( gid, file, mime ) VALUES ( '32022', 'http://www.gutenberg.org/ebooks/32022.epub.images', 'application/epub+zip' );
INSERT INTO files ( gid, file, mime ) VALUES ( '32022', 'http://www.gutenberg.org/ebooks/32022.epub.noimages', 'application/epub+zip' );
INSERT INTO files ( gid, file, mime ) VALUES ( '32022', 'http://www.gutenberg.org/ebooks/32022.kindle.images', 'application/x-mobipocket-ebook' );
INSERT INTO files ( gid, file, mime ) VALUES ( '32022', 'http://www.gutenberg.org/ebooks/32022.kindle.noimages', 'application/x-mobipocket-ebook' );
INSERT INTO files ( gid, file, mime ) VALUES ( '32022', 'http://www.gutenberg.org/ebooks/32022.rdf', 'application/rdf+xml' );
INSERT INTO files ( gid, file, mime ) VALUES ( '32022', 'http://www.gutenberg.org/files/32022/32022-0.txt', 'text/plain; charset=utf-8' );
INSERT INTO files ( gid, file, mime ) VALUES ( '32022', 'http://www.gutenberg.org/files/32022/32022-0.zip', 'application/ziptext/plain; charset=utf-8' );
INSERT INTO files ( gid, file, mime ) VALUES ( '32022', 'http://www.gutenberg.org/files/32022/32022-8.txt', 'text/plain; charset=iso-8859-1' );
INSERT INTO files ( gid, file, mime ) VALUES ( '32022', 'http://www.gutenberg.org/files/32022/32022-8.zip', 'application/ziptext/plain; charset=iso-8859-1' );
INSERT INTO files ( gid, file, mime ) VALUES ( '32022', 'http://www.gutenberg.org/files/32022/32022-h.zip', 'application/ziptext/html; charset=iso-8859-1' );
INSERT INTO files ( gid, file, mime ) VALUES ( '32022', 'http://www.gutenberg.org/files/32022/32022-h/32022-h.htm', 'text/html; charset=iso-8859-1' );
INSERT INTO files ( gid, file, mime ) VALUES ( '32022', 'http://www.gutenberg.org/files/32022/32022.txt', 'text/plain; charset=us-ascii' );
INSERT INTO files ( gid, file, mime ) VALUES ( '32022', 'http://www.gutenberg.org/files/32022/32022.zip', 'application/ziptext/plain; charset=us-ascii' );
INSERT INTO titles ( gid, title, author, language, rights ) VALUES ( '32122', 'The Scrap Book, Volume 1, No. 5 July 1906', 'Various', 'en', 'Public domain in the USA.' );
INSERT INTO classifications ( gid, classification ) VALUES ( '32122', 'AP' );
INSERT INTO subjects ( gid, subject ) VALUES ( '32122', 'Periodicals' );
INSERT INTO files ( gid, file, mime ) VALUES ( '32122', 'http://www.gutenberg.org/ebooks/32122.epub.images', 'application/epub+zip' );
INSERT INTO files ( gid, file, mime ) VALUES ( '32122', 'http://www.gutenberg.org/ebooks/32122.epub.noimages', 'application/epub+zip' );
INSERT INTO files ( gid, file, mime ) VALUES ( '32122', 'http://www.gutenberg.org/ebooks/32122.kindle.images', 'application/x-mobipocket-ebook' );
INSERT INTO files ( gid, file, mime ) VALUES ( '32122', 'http://www.gutenberg.org/ebooks/32122.kindle.noimages', 'application/x-mobipocket-ebook' );
INSERT INTO files ( gid, file, mime ) VALUES ( '32122', 'http://www.gutenberg.org/ebooks/32122.rdf', 'application/rdf+xml' );
INSERT INTO files ( gid, file, mime ) VALUES ( '32122', 'http://www.gutenberg.org/ebooks/32122.txt.utf-8', 'text/plain' );
INSERT INTO files ( gid, file, mime ) VALUES ( '32122', 'http://www.gutenberg.org/files/32122/32122-8.txt', 'text/plain; charset=iso-8859-1' );
INSERT INTO files ( gid, file, mime ) VALUES ( '32122', 'http://www.gutenberg.org/files/32122/32122-8.zip', 'application/ziptext/plain; charset=iso-8859-1' );
INSERT INTO files ( gid, file, mime ) VALUES ( '32122', 'http://www.gutenberg.org/files/32122/32122-h.zip', 'text/html; charset=iso-8859-1application/zip' );
INSERT INTO files ( gid, file, mime ) VALUES ( '32122', 'http://www.gutenberg.org/files/32122/32122-h/32122-h.htm', 'text/html; charset=iso-8859-1' );
INSERT INTO files ( gid, file, mime ) VALUES ( '32122', 'http://www.gutenberg.org/files/32122/32122.txt', 'text/plain; charset=us-ascii' );
INSERT INTO files ( gid, file, mime ) VALUES ( '32122', 'http://www.gutenberg.org/files/32122/32122.zip', 'text/plain; charset=us-asciiapplication/zip' );
INSERT INTO titles ( gid, title, author, language, rights ) VALUES ( '32222', 'Felicitas: A Tale of the German Migrations: A.D. 476', 'Dahn, Felix', 'en', 'Public domain in the USA.' );
INSERT INTO classifications ( gid, classification ) VALUES ( '32222', 'PT' );
INSERT INTO subjects ( gid, subject ) VALUES ( '32222', 'Migrations of nations -- Fiction' );
INSERT INTO subjects ( gid, subject ) VALUES ( '32222', 'Salzburg (Austria : Land) -- History -- Fiction' );
INSERT INTO files ( gid, file, mime ) VALUES ( '32222', 'http://www.gutenberg.org/ebooks/32222.epub.images', 'application/epub+zip' );
INSERT INTO files ( gid, file, mime ) VALUES ( '32222', 'http://www.gutenberg.org/ebooks/32222.epub.noimages', 'application/epub+zip' );
INSERT INTO files ( gid, file, mime ) VALUES ( '32222', 'http://www.gutenberg.org/ebooks/32222.kindle.images', 'application/x-mobipocket-ebook' );
INSERT INTO files ( gid, file, mime ) VALUES ( '32222', 'http://www.gutenberg.org/ebooks/32222.kindle.noimages', 'application/x-mobipocket-ebook' );
INSERT INTO files ( gid, file, mime ) VALUES ( '32222', 'http://www.gutenberg.org/ebooks/32222.rdf', 'application/rdf+xml' );
INSERT INTO files ( gid, file, mime ) VALUES ( '32222', 'http://www.gutenberg.org/ebooks/32222.txt.utf-8', 'text/plain' );
INSERT INTO files ( gid, file, mime ) VALUES ( '32222', 'http://www.gutenberg.org/files/32222/32222-8.txt', 'text/plain; charset=iso-8859-1' );
INSERT INTO files ( gid, file, mime ) VALUES ( '32222', 'http://www.gutenberg.org/files/32222/32222-8.zip', 'application/ziptext/plain; charset=iso-8859-1' );
INSERT INTO files ( gid, file, mime ) VALUES ( '32222', 'http://www.gutenberg.org/files/32222/32222-h.zip', 'application/ziptext/html; charset=iso-8859-1' );
INSERT INTO files ( gid, file, mime ) VALUES ( '32222', 'http://www.gutenberg.org/files/32222/32222-h/32222-h.htm', 'text/html; charset=iso-8859-1' );
INSERT INTO files ( gid, file, mime ) VALUES ( '32222', 'http://www.gutenberg.org/files/32222/32222.txt', 'text/plain; charset=us-ascii' );
INSERT INTO files ( gid, file, mime ) VALUES ( '32222', 'http://www.gutenberg.org/files/32222/32222.zip', 'application/ziptext/plain; charset=us-ascii' );
INSERT INTO titles ( gid, title, author, language, rights ) VALUES ( '3222', 'Mr. Honey''s Correspondence Dictionary (German-English)', 'Honig, Winfried', 'de', 'Copyrighted. Read the copyright notice inside this book for details.' );
INSERT INTO classifications ( gid, classification ) VALUES ( '3222', 'PE' );
INSERT INTO subjects ( gid, subject ) VALUES ( '3222', 'German language -- Dictionaries -- English' );
INSERT INTO subjects ( gid, subject ) VALUES ( '3222', 'English language -- Dictionaries -- German' );
INSERT INTO files ( gid, file, mime ) VALUES ( '3222', 'http://www.gutenberg.org/ebooks/3222.epub.images', 'application/epub+zip' );
INSERT INTO files ( gid, file, mime ) VALUES ( '3222', 'http://www.gutenberg.org/ebooks/3222.epub.noimages', 'application/epub+zip' );
INSERT INTO files ( gid, file, mime ) VALUES ( '3222', 'http://www.gutenberg.org/ebooks/3222.kindle.images', 'application/x-mobipocket-ebook' );
INSERT INTO files ( gid, file, mime ) VALUES ( '3222', 'http://www.gutenberg.org/ebooks/3222.kindle.noimages', 'application/x-mobipocket-ebook' );
INSERT INTO files ( gid, file, mime ) VALUES ( '3222', 'http://www.gutenberg.org/ebooks/3222.rdf', 'application/rdf+xml' );
INSERT INTO files ( gid, file, mime ) VALUES ( '3222', 'http://www.gutenberg.org/ebooks/3222.txt.utf-8', 'text/plain' );
INSERT INTO files ( gid, file, mime ) VALUES ( '3222', 'http://www.gutenberg.org/files/3222/3222-8.txt', 'text/plain; charset=iso-8859-1' );
INSERT INTO files ( gid, file, mime ) VALUES ( '3222', 'http://www.gutenberg.org/files/3222/3222-8.zip', 'text/plain; charset=iso-8859-1application/zip' );
INSERT INTO files ( gid, file, mime ) VALUES ( '3222', 'http://www.gutenberg.org/files/3222/3222-h.zip', 'text/html; charset=iso-8859-1application/zip' );
INSERT INTO files ( gid, file, mime ) VALUES ( '3222', 'http://www.gutenberg.org/files/3222/3222-h/3222-h.htm', 'text/html; charset=iso-8859-1' );
INSERT INTO titles ( gid, title, author, language, rights ) VALUES ( '322', 'St. Ives: Being the Adventures of a French Prisoner in England', 'Stevenson, Robert Louis', 'en', 'Public domain in the USA.' );
INSERT INTO classifications ( gid, classification ) VALUES ( '322', 'PR' );
INSERT INTO subjects ( gid, subject ) VALUES ( '322', 'French -- England -- Fiction' );
INSERT INTO subjects ( gid, subject ) VALUES ( '322', 'Prisoners of war -- Fiction' );
INSERT INTO files ( gid, file, mime ) VALUES ( '322', 'http://www.gutenberg.org/ebooks/322.epub.images', 'application/epub+zip' );
INSERT INTO files ( gid, file, mime ) VALUES ( '322', 'http://www.gutenberg.org/ebooks/322.epub.noimages', 'application/epub+zip' );
INSERT INTO files ( gid, file, mime ) VALUES ( '322', 'http://www.gutenberg.org/ebooks/322.kindle.images', 'application/x-mobipocket-ebook' );
INSERT INTO files ( gid, file, mime ) VALUES ( '322', 'http://www.gutenberg.org/ebooks/322.kindle.noimages', 'application/x-mobipocket-ebook' );
INSERT INTO files ( gid, file, mime ) VALUES ( '322', 'http://www.gutenberg.org/ebooks/322.rdf', 'application/rdf+xml' );
INSERT INTO files ( gid, file, mime ) VALUES ( '322', 'http://www.gutenberg.org/files/322/322-0.txt', 'text/plain; charset=utf-8' );
INSERT INTO files ( gid, file, mime ) VALUES ( '322', 'http://www.gutenberg.org/files/322/322-0.zip', 'text/plain; charset=utf-8application/zip' );
INSERT INTO files ( gid, file, mime ) VALUES ( '322', 'http://www.gutenberg.org/files/322/322-h.zip', 'text/htmlapplication/zip' );
INSERT INTO files ( gid, file, mime ) VALUES ( '322', 'http://www.gutenberg.org/files/322/322-h/322-h.htm', 'text/html' );
INSERT INTO files ( gid, file, mime ) VALUES ( '322', 'http://www.gutenberg.org/files/322/322.txt', 'text/plain; charset=us-ascii' );
INSERT INTO files ( gid, file, mime ) VALUES ( '322', 'http://www.gutenberg.org/files/322/322.zip', 'application/ziptext/plain; charset=us-ascii' );
INSERT INTO titles ( gid, title, author, language, rights ) VALUES ( '32322', 'The Boy With the U.S. Miners', 'Rolt-Wheeler, Francis', 'en', 'Public domain in the USA.' );
INSERT INTO classifications ( gid, classification ) VALUES ( '32322', 'PZ' );
INSERT INTO subjects ( gid, subject ) VALUES ( '32322', 'United States. Bureau of Mines -- Juvenile fiction' );
INSERT INTO subjects ( gid, subject ) VALUES ( '32322', 'Adventure stories' );
INSERT INTO files ( gid, file, mime ) VALUES ( '32322', 'http://www.gutenberg.org/cache/epub/32322/pg32322.cover.medium.jpg', 'image/jpeg' );
INSERT INTO files ( gid, file, mime ) VALUES ( '32322', 'http://www.gutenberg.org/cache/epub/32322/pg32322.cover.small.jpg', 'image/jpeg' );
INSERT INTO files ( gid, file, mime ) VALUES ( '32322', 'http://www.gutenberg.org/ebooks/32322.epub.images', 'application/epub+zip' );
INSERT INTO files ( gid, file, mime ) VALUES ( '32322', 'http://www.gutenberg.org/ebooks/32322.epub.noimages', 'application/epub+zip' );
INSERT INTO files ( gid, file, mime ) VALUES ( '32322', 'http://www.gutenberg.org/ebooks/32322.kindle.images', 'application/x-mobipocket-ebook' );
INSERT INTO files ( gid, file, mime ) VALUES ( '32322', 'http://www.gutenberg.org/ebooks/32322.kindle.noimages', 'application/x-mobipocket-ebook' );
INSERT INTO files ( gid, file, mime ) VALUES ( '32322', 'http://www.gutenberg.org/ebooks/32322.rdf', 'application/rdf+xml' );
INSERT INTO files ( gid, file, mime ) VALUES ( '32322', 'http://www.gutenberg.org/files/32322/32322-0.txt', 'text/plain; charset=utf-8' );
INSERT INTO files ( gid, file, mime ) VALUES ( '32322', 'http://www.gutenberg.org/files/32322/32322-0.zip', 'text/plain; charset=utf-8application/zip' );
INSERT INTO files ( gid, file, mime ) VALUES ( '32322', 'http://www.gutenberg.org/files/32322/32322-8.txt', 'text/plain; charset=iso-8859-1' );
INSERT INTO files ( gid, file, mime ) VALUES ( '32322', 'http://www.gutenberg.org/files/32322/32322-8.zip', 'text/plain; charset=iso-8859-1application/zip' );
INSERT INTO files ( gid, file, mime ) VALUES ( '32322', 'http://www.gutenberg.org/files/32322/32322-h.zip', 'application/ziptext/html; charset=iso-8859-1' );
INSERT INTO files ( gid, file, mime ) VALUES ( '32322', 'http://www.gutenberg.org/files/32322/32322-h/32322-h.htm', 'text/html; charset=iso-8859-1' );
INSERT INTO files ( gid, file, mime ) VALUES ( '32322', 'http://www.gutenberg.org/files/32322/32322.txt', 'text/plain; charset=us-ascii' );
INSERT INTO files ( gid, file, mime ) VALUES ( '32322', 'http://www.gutenberg.org/files/32322/32322.zip', 'application/ziptext/plain; charset=us-ascii' );
INSERT INTO titles ( gid, title, author, language, rights ) VALUES ( '32422', 'Three Prize Essays on American Slavery', 'Williston, Timothy', 'en', 'Public domain in the USA.' );
INSERT INTO subjects ( gid, subject ) VALUES ( '32422', 'E300' );
INSERT INTO subjects ( gid, subject ) VALUES ( '32422', 'Slavery and the church -- United States' );
INSERT INTO subjects ( gid, subject ) VALUES ( '32422', 'Slavery -- United States' );
INSERT INTO files ( gid, file, mime ) VALUES ( '32422', 'http://www.gutenberg.org/ebooks/32422.epub.images', 'application/epub+zip' );
INSERT INTO files ( gid, file, mime ) VALUES ( '32422', 'http://www.gutenberg.org/ebooks/32422.epub.noimages', 'application/epub+zip' );
INSERT INTO files ( gid, file, mime ) VALUES ( '32422', 'http://www.gutenberg.org/ebooks/32422.kindle.images', 'application/x-mobipocket-ebook' );
INSERT INTO files ( gid, file, mime ) VALUES ( '32422', 'http://www.gutenberg.org/ebooks/32422.kindle.noimages', 'application/x-mobipocket-ebook' );
INSERT INTO files ( gid, file, mime ) VALUES ( '32422', 'http://www.gutenberg.org/ebooks/32422.rdf', 'application/rdf+xml' );
INSERT INTO files ( gid, file, mime ) VALUES ( '32422', 'http://www.gutenberg.org/files/32422/32422-0.txt', 'text/plain; charset=utf-8' );
INSERT INTO files ( gid, file, mime ) VALUES ( '32422', 'http://www.gutenberg.org/files/32422/32422-0.zip', 'text/plain; charset=utf-8application/zip' );
INSERT INTO files ( gid, file, mime ) VALUES ( '32422', 'http://www.gutenberg.org/files/32422/32422-8.txt', 'text/plain; charset=iso-8859-1' );
INSERT INTO files ( gid, file, mime ) VALUES ( '32422', 'http://www.gutenberg.org/files/32422/32422-8.zip', 'application/ziptext/plain; charset=iso-8859-1' );
INSERT INTO files ( gid, file, mime ) VALUES ( '32422', 'http://www.gutenberg.org/files/32422/32422-h.zip', 'text/html; charset=iso-8859-1application/zip' );
INSERT INTO files ( gid, file, mime ) VALUES ( '32422', 'http://www.gutenberg.org/files/32422/32422-h/32422-h.htm', 'text/html; charset=iso-8859-1' );
INSERT INTO files ( gid, file, mime ) VALUES ( '32422', 'http://www.gutenberg.org/files/32422/32422.txt', 'text/plain; charset=us-ascii' );
INSERT INTO files ( gid, file, mime ) VALUES ( '32422', 'http://www.gutenberg.org/files/32422/32422.zip', 'application/ziptext/plain; charset=us-ascii' );
INSERT INTO titles ( gid, title, author, language, rights ) VALUES ( '32522', 'Mr. Spaceship', 'Dick, Philip K.', 'en', 'Public domain in the USA.' );
INSERT INTO classifications ( gid, classification ) VALUES ( '32522', 'PS' );
INSERT INTO subjects ( gid, subject ) VALUES ( '32522', 'Science fiction' );
INSERT INTO subjects ( gid, subject ) VALUES ( '32522', 'War stories' );
INSERT INTO subjects ( gid, subject ) VALUES ( '32522', 'Space ships -- Fiction' );
INSERT INTO files ( gid, file, mime ) VALUES ( '32522', 'http://www.gutenberg.org/cache/epub/32522/pg32522.cover.medium.jpg', 'image/jpeg' );
INSERT INTO files ( gid, file, mime ) VALUES ( '32522', 'http://www.gutenberg.org/cache/epub/32522/pg32522.cover.small.jpg', 'image/jpeg' );
INSERT INTO files ( gid, file, mime ) VALUES ( '32522', 'http://www.gutenberg.org/ebooks/32522.epub.images', 'application/epub+zip' );
INSERT INTO files ( gid, file, mime ) VALUES ( '32522', 'http://www.gutenberg.org/ebooks/32522.epub.noimages', 'application/epub+zip' );
INSERT INTO files ( gid, file, mime ) VALUES ( '32522', 'http://www.gutenberg.org/ebooks/32522.kindle.images', 'application/x-mobipocket-ebook' );
INSERT INTO files ( gid, file, mime ) VALUES ( '32522', 'http://www.gutenberg.org/ebooks/32522.kindle.noimages', 'application/x-mobipocket-ebook' );
INSERT INTO files ( gid, file, mime ) VALUES ( '32522', 'http://www.gutenberg.org/ebooks/32522.rdf', 'application/rdf+xml' );
INSERT INTO files ( gid, file, mime ) VALUES ( '32522', 'http://www.gutenberg.org/ebooks/32522.txt.utf-8', 'text/plain' );
INSERT INTO files ( gid, file, mime ) VALUES ( '32522', 'http://www.gutenberg.org/files/32522/32522-h.zip', 'application/ziptext/html; charset=utf-8' );
INSERT INTO files ( gid, file, mime ) VALUES ( '32522', 'http://www.gutenberg.org/files/32522/32522-h/32522-h.htm', 'text/html; charset=utf-8' );
INSERT INTO files ( gid, file, mime ) VALUES ( '32522', 'http://www.gutenberg.org/files/32522/32522.txt', 'text/plain; charset=us-ascii' );
INSERT INTO files ( gid, file, mime ) VALUES ( '32522', 'http://www.gutenberg.org/files/32522/32522.zip', 'text/plain; charset=us-asciiapplication/zip' );
INSERT INTO titles ( gid, title, author, language, rights ) VALUES ( '32622', 'St. Nicholas Magazine for Boys and Girls, Vol. 13, May 1886, No. 7. An Illustrated Magazine for Young Folks', 'Various', 'en', 'Public domain in the USA.' );
INSERT INTO classifications ( gid, classification ) VALUES ( '32622', 'PZ' );
INSERT INTO subjects ( gid, subject ) VALUES ( '32622', 'Children''s literature -- Periodicals' );
INSERT INTO subjects ( gid, subject ) VALUES ( '32622', 'Children''s periodicals, American' );
INSERT INTO files ( gid, file, mime ) VALUES ( '32622', 'http://www.gutenberg.org/ebooks/32622.epub.images', 'application/epub+zip' );
INSERT INTO files ( gid, file, mime ) VALUES ( '32622', 'http://www.gutenberg.org/ebooks/32622.epub.noimages', 'application/epub+zip' );
INSERT INTO files ( gid, file, mime ) VALUES ( '32622', 'http://www.gutenberg.org/ebooks/32622.kindle.images', 'application/x-mobipocket-ebook' );
INSERT INTO files ( gid, file, mime ) VALUES ( '32622', 'http://www.gutenberg.org/ebooks/32622.kindle.noimages', 'application/x-mobipocket-ebook' );
INSERT INTO files ( gid, file, mime ) VALUES ( '32622', 'http://www.gutenberg.org/ebooks/32622.rdf', 'application/rdf+xml' );
INSERT INTO files ( gid, file, mime ) VALUES ( '32622', 'http://www.gutenberg.org/ebooks/32622.txt.utf-8', 'text/plain' );
INSERT INTO files ( gid, file, mime ) VALUES ( '32622', 'http://www.gutenberg.org/files/32622/32622-8.txt', 'text/plain; charset=iso-8859-1' );
INSERT INTO files ( gid, file, mime ) VALUES ( '32622', 'http://www.gutenberg.org/files/32622/32622-8.zip', 'text/plain; charset=iso-8859-1application/zip' );
INSERT INTO files ( gid, file, mime ) VALUES ( '32622', 'http://www.gutenberg.org/files/32622/32622-h.zip', 'text/html; charset=iso-8859-1application/zip' );
INSERT INTO files ( gid, file, mime ) VALUES ( '32622', 'http://www.gutenberg.org/files/32622/32622-h/32622-h.htm', 'text/html; charset=iso-8859-1' );
INSERT INTO files ( gid, file, mime ) VALUES ( '32622', 'http://www.gutenberg.org/files/32622/32622.txt', 'text/plain; charset=us-ascii' );
INSERT INTO files ( gid, file, mime ) VALUES ( '32622', 'http://www.gutenberg.org/files/32622/32622.zip', 'application/ziptext/plain; charset=us-ascii' );
INSERT INTO titles ( gid, title, author, language, rights ) VALUES ( '32822', 'Daughter of the Night', 'Shaver, Richard S.', 'en', 'Public domain in the USA.' );
INSERT INTO classifications ( gid, classification ) VALUES ( '32822', 'PS' );
INSERT INTO subjects ( gid, subject ) VALUES ( '32822', 'Magic -- Fiction' );
INSERT INTO subjects ( gid, subject ) VALUES ( '32822', 'Fantasy fiction' );
INSERT INTO files ( gid, file, mime ) VALUES ( '32822', 'http://www.gutenberg.org/cache/epub/32822/pg32822.cover.medium.jpg', 'image/jpeg' );
INSERT INTO files ( gid, file, mime ) VALUES ( '32822', 'http://www.gutenberg.org/cache/epub/32822/pg32822.cover.small.jpg', 'image/jpeg' );
INSERT INTO files ( gid, file, mime ) VALUES ( '32822', 'http://www.gutenberg.org/ebooks/32822.epub.images', 'application/epub+zip' );
INSERT INTO files ( gid, file, mime ) VALUES ( '32822', 'http://www.gutenberg.org/ebooks/32822.epub.noimages', 'application/epub+zip' );
INSERT INTO files ( gid, file, mime ) VALUES ( '32822', 'http://www.gutenberg.org/ebooks/32822.kindle.images', 'application/x-mobipocket-ebook' );
INSERT INTO files ( gid, file, mime ) VALUES ( '32822', 'http://www.gutenberg.org/ebooks/32822.kindle.noimages', 'application/x-mobipocket-ebook' );
INSERT INTO files ( gid, file, mime ) VALUES ( '32822', 'http://www.gutenberg.org/ebooks/32822.rdf', 'application/rdf+xml' );
INSERT INTO files ( gid, file, mime ) VALUES ( '32822', 'http://www.gutenberg.org/ebooks/32822.txt.utf-8', 'text/plain' );
INSERT INTO files ( gid, file, mime ) VALUES ( '32822', 'http://www.gutenberg.org/files/32822/32822-h.zip', 'application/ziptext/html; charset=iso-8859-1' );
INSERT INTO files ( gid, file, mime ) VALUES ( '32822', 'http://www.gutenberg.org/files/32822/32822-h/32822-h.htm', 'text/html; charset=iso-8859-1' );
INSERT INTO files ( gid, file, mime ) VALUES ( '32822', 'http://www.gutenberg.org/files/32822/32822.txt', 'text/plain; charset=us-ascii' );
INSERT INTO files ( gid, file, mime ) VALUES ( '32822', 'http://www.gutenberg.org/files/32822/32822.zip', 'text/plain; charset=us-asciiapplication/zip' );
INSERT INTO titles ( gid, title, author, language, rights ) VALUES ( '32722', 'Jewish Theology, Systematically and Historically Considered', 'Kohler, Kaufmann', 'en', 'Public domain in the USA.' );
INSERT INTO classifications ( gid, classification ) VALUES ( '32722', 'BM' );
INSERT INTO subjects ( gid, subject ) VALUES ( '32722', 'Judaism -- Doctrines' );
INSERT INTO files ( gid, file, mime ) VALUES ( '32722', 'http://www.gutenberg.org/ebooks/32722.epub.images', 'application/epub+zip' );
INSERT INTO files ( gid, file, mime ) VALUES ( '32722', 'http://www.gutenberg.org/ebooks/32722.epub.noimages', 'application/epub+zip' );
INSERT INTO files ( gid, file, mime ) VALUES ( '32722', 'http://www.gutenberg.org/ebooks/32722.kindle.images', 'application/x-mobipocket-ebook' );
INSERT INTO files ( gid, file, mime ) VALUES ( '32722', 'http://www.gutenberg.org/ebooks/32722.kindle.noimages', 'application/x-mobipocket-ebook' );
INSERT INTO files ( gid, file, mime ) VALUES ( '32722', 'http://www.gutenberg.org/ebooks/32722.rdf', 'application/rdf+xml' );
INSERT INTO files ( gid, file, mime ) VALUES ( '32722', 'http://www.gutenberg.org/files/32722/32722-0.txt', 'text/plain; charset=utf-8' );
INSERT INTO files ( gid, file, mime ) VALUES ( '32722', 'http://www.gutenberg.org/files/32722/32722-0.zip', 'text/plain; charset=utf-8application/zip' );
INSERT INTO files ( gid, file, mime ) VALUES ( '32722', 'http://www.gutenberg.org/files/32722/32722-8.txt', 'text/plain; charset=iso-8859-1' );
INSERT INTO files ( gid, file, mime ) VALUES ( '32722', 'http://www.gutenberg.org/files/32722/32722-8.zip', 'application/ziptext/plain; charset=iso-8859-1' );
INSERT INTO files ( gid, file, mime ) VALUES ( '32722', 'http://www.gutenberg.org/files/32722/32722-h.zip', 'application/ziptext/html; charset=utf-8' );
INSERT INTO files ( gid, file, mime ) VALUES ( '32722', 'http://www.gutenberg.org/files/32722/32722-h/32722-h.html', 'text/html; charset=utf-8' );
INSERT INTO files ( gid, file, mime ) VALUES ( '32722', 'http://www.gutenberg.org/files/32722/32722-pdf.pdf', 'application/pdf' );
INSERT INTO files ( gid, file, mime ) VALUES ( '32722', 'http://www.gutenberg.org/files/32722/32722-pdf.zip', 'application/pdfapplication/zip' );
INSERT INTO files ( gid, file, mime ) VALUES ( '32722', 'http://www.gutenberg.org/files/32722/32722-tei.zip', 'application/zipapplication/octet-stream' );
INSERT INTO files ( gid, file, mime ) VALUES ( '32722', 'http://www.gutenberg.org/files/32722/32722-tei/32722-tei.tei', 'application/prs.tei' );
INSERT INTO files ( gid, file, mime ) VALUES ( '32722', 'http://www.gutenberg.org/files/32722/32722.txt', 'text/plain; charset=us-ascii' );
INSERT INTO files ( gid, file, mime ) VALUES ( '32722', 'http://www.gutenberg.org/files/32722/32722.zip', 'text/plain; charset=us-asciiapplication/zip' );
INSERT INTO titles ( gid, title, author, language, rights ) VALUES ( '32922', 'A Veldt Official: A Novel of Circumstance', 'Mitford, Bertram', 'en', 'Public domain in the USA.' );
INSERT INTO classifications ( gid, classification ) VALUES ( '32922', 'PR' );
INSERT INTO subjects ( gid, subject ) VALUES ( '32922', 'South Africa -- Fiction' );
INSERT INTO subjects ( gid, subject ) VALUES ( '32922', 'Shipwrecks -- Fiction' );
INSERT INTO files ( gid, file, mime ) VALUES ( '32922', 'http://www.gutenberg.org/ebooks/32922.epub.images', 'application/epub+zip' );
INSERT INTO files ( gid, file, mime ) VALUES ( '32922', 'http://www.gutenberg.org/ebooks/32922.epub.noimages', 'application/epub+zip' );
INSERT INTO files ( gid, file, mime ) VALUES ( '32922', 'http://www.gutenberg.org/ebooks/32922.kindle.images', 'application/x-mobipocket-ebook' );
INSERT INTO files ( gid, file, mime ) VALUES ( '32922', 'http://www.gutenberg.org/ebooks/32922.kindle.noimages', 'application/x-mobipocket-ebook' );
INSERT INTO files ( gid, file, mime ) VALUES ( '32922', 'http://www.gutenberg.org/ebooks/32922.rdf', 'application/rdf+xml' );
INSERT INTO files ( gid, file, mime ) VALUES ( '32922', 'http://www.gutenberg.org/ebooks/32922.txt.utf-8', 'text/plain' );
INSERT INTO files ( gid, file, mime ) VALUES ( '32922', 'http://www.gutenberg.org/files/32922/32922-h.zip', 'text/html; charset=iso-8859-1application/zip' );
INSERT INTO files ( gid, file, mime ) VALUES ( '32922', 'http://www.gutenberg.org/files/32922/32922-h/32922-h.htm', 'text/html; charset=iso-8859-1' );
INSERT INTO files ( gid, file, mime ) VALUES ( '32922', 'http://www.gutenberg.org/files/32922/32922.txt', 'text/plain; charset=us-ascii' );
INSERT INTO files ( gid, file, mime ) VALUES ( '32922', 'http://www.gutenberg.org/files/32922/32922.zip', 'text/plain; charset=us-asciiapplication/zip' );
INSERT INTO titles ( gid, title, author, language, rights ) VALUES ( '33022', 'Villani''s Chronicle Being Selections from the First Nine Books of the Croniche Fiorentine of Giovanni Villani', 'Villani, Giovanni', 'en', 'Public domain in the USA.' );
INSERT INTO classifications ( gid, classification ) VALUES ( '33022', 'DG' );
INSERT INTO subjects ( gid, subject ) VALUES ( '33022', 'Florence (Italy) -- History' );
INSERT INTO files ( gid, file, mime ) VALUES ( '33022', 'http://www.gutenberg.org/ebooks/33022.epub.images', 'application/epub+zip' );
INSERT INTO files ( gid, file, mime ) VALUES ( '33022', 'http://www.gutenberg.org/ebooks/33022.epub.noimages', 'application/epub+zip' );
INSERT INTO files ( gid, file, mime ) VALUES ( '33022', 'http://www.gutenberg.org/ebooks/33022.kindle.images', 'application/x-mobipocket-ebook' );
INSERT INTO files ( gid, file, mime ) VALUES ( '33022', 'http://www.gutenberg.org/ebooks/33022.kindle.noimages', 'application/x-mobipocket-ebook' );
INSERT INTO files ( gid, file, mime ) VALUES ( '33022', 'http://www.gutenberg.org/ebooks/33022.rdf', 'application/rdf+xml' );
INSERT INTO files ( gid, file, mime ) VALUES ( '33022', 'http://www.gutenberg.org/ebooks/33022.txt.utf-8', 'text/plain' );
INSERT INTO files ( gid, file, mime ) VALUES ( '33022', 'http://www.gutenberg.org/files/33022/33022-8.txt', 'text/plain; charset=iso-8859-1' );
INSERT INTO files ( gid, file, mime ) VALUES ( '33022', 'http://www.gutenberg.org/files/33022/33022-8.zip', 'application/ziptext/plain; charset=iso-8859-1' );
INSERT INTO files ( gid, file, mime ) VALUES ( '33022', 'http://www.gutenberg.org/files/33022/33022-h.zip', 'application/ziptext/html; charset=iso-8859-1' );
INSERT INTO files ( gid, file, mime ) VALUES ( '33022', 'http://www.gutenberg.org/files/33022/33022-h/33022-h.htm', 'text/html; charset=iso-8859-1' );
INSERT INTO files ( gid, file, mime ) VALUES ( '33022', 'http://www.gutenberg.org/files/33022/33022.txt', 'text/plain; charset=us-ascii' );
INSERT INTO files ( gid, file, mime ) VALUES ( '33022', 'http://www.gutenberg.org/files/33022/33022.zip', 'application/ziptext/plain; charset=us-ascii' );
INSERT INTO titles ( gid, title, author, language, rights ) VALUES ( '33122', 'An Impromptu Ascent of Mont Blanc', 'Le Mesurier, W. H.', 'en', 'Public domain in the USA.' );
INSERT INTO classifications ( gid, classification ) VALUES ( '33122', 'DQ' );
INSERT INTO subjects ( gid, subject ) VALUES ( '33122', 'Mountaineering' );
INSERT INTO subjects ( gid, subject ) VALUES ( '33122', 'Blanc, Mont (France and Italy)' );
INSERT INTO files ( gid, file, mime ) VALUES ( '33122', 'http://www.gutenberg.org/ebooks/33122.epub.images', 'application/epub+zip' );
INSERT INTO files ( gid, file, mime ) VALUES ( '33122', 'http://www.gutenberg.org/ebooks/33122.epub.noimages', 'application/epub+zip' );
INSERT INTO files ( gid, file, mime ) VALUES ( '33122', 'http://www.gutenberg.org/ebooks/33122.kindle.images', 'application/x-mobipocket-ebook' );
INSERT INTO files ( gid, file, mime ) VALUES ( '33122', 'http://www.gutenberg.org/ebooks/33122.kindle.noimages', 'application/x-mobipocket-ebook' );
INSERT INTO files ( gid, file, mime ) VALUES ( '33122', 'http://www.gutenberg.org/ebooks/33122.rdf', 'application/rdf+xml' );
INSERT INTO files ( gid, file, mime ) VALUES ( '33122', 'http://www.gutenberg.org/ebooks/33122.txt.utf-8', 'text/plain' );
INSERT INTO files ( gid, file, mime ) VALUES ( '33122', 'http://www.gutenberg.org/files/33122/33122-8.txt', 'text/plain; charset=iso-8859-1' );
INSERT INTO files ( gid, file, mime ) VALUES ( '33122', 'http://www.gutenberg.org/files/33122/33122-8.zip', 'application/ziptext/plain; charset=iso-8859-1' );
INSERT INTO files ( gid, file, mime ) VALUES ( '33122', 'http://www.gutenberg.org/files/33122/33122-h.zip', 'text/html; charset=iso-8859-1application/zip' );
INSERT INTO files ( gid, file, mime ) VALUES ( '33122', 'http://www.gutenberg.org/files/33122/33122-h/33122-h.htm', 'text/html; charset=iso-8859-1' );
INSERT INTO files ( gid, file, mime ) VALUES ( '33122', 'http://www.gutenberg.org/files/33122/33122.txt', 'text/plain; charset=us-ascii' );
INSERT INTO files ( gid, file, mime ) VALUES ( '33122', 'http://www.gutenberg.org/files/33122/33122.zip', 'text/plain; charset=us-asciiapplication/zip' );
INSERT INTO titles ( gid, title, author, language, rights ) VALUES ( '33222', 'The Irish at the Front', 'MacDonagh, Michael', 'en', 'Public domain in the USA.' );
INSERT INTO subjects ( gid, subject ) VALUES ( '33222', 'World War, 1914-1918 -- Regimental histories' );
INSERT INTO subjects ( gid, subject ) VALUES ( '33222', 'Great Britain. Army' );
INSERT INTO subjects ( gid, subject ) VALUES ( '33222', 'D501' );
INSERT INTO subjects ( gid, subject ) VALUES ( '33222', 'World War, 1914-1918 -- Campaigns' );
INSERT INTO files ( gid, file, mime ) VALUES ( '33222', 'http://www.gutenberg.org/ebooks/33222.epub.images', 'application/epub+zip' );
INSERT INTO files ( gid, file, mime ) VALUES ( '33222', 'http://www.gutenberg.org/ebooks/33222.epub.noimages', 'application/epub+zip' );
INSERT INTO files ( gid, file, mime ) VALUES ( '33222', 'http://www.gutenberg.org/ebooks/33222.kindle.images', 'application/x-mobipocket-ebook' );
INSERT INTO files ( gid, file, mime ) VALUES ( '33222', 'http://www.gutenberg.org/ebooks/33222.kindle.noimages', 'application/x-mobipocket-ebook' );
INSERT INTO files ( gid, file, mime ) VALUES ( '33222', 'http://www.gutenberg.org/ebooks/33222.rdf', 'application/rdf+xml' );
INSERT INTO files ( gid, file, mime ) VALUES ( '33222', 'http://www.gutenberg.org/ebooks/33222.txt.utf-8', 'text/plain' );
INSERT INTO files ( gid, file, mime ) VALUES ( '33222', 'http://www.gutenberg.org/files/33222/33222-8.txt', 'text/plain; charset=iso-8859-1' );
INSERT INTO files ( gid, file, mime ) VALUES ( '33222', 'http://www.gutenberg.org/files/33222/33222-8.zip', 'text/plain; charset=iso-8859-1application/zip' );
INSERT INTO files ( gid, file, mime ) VALUES ( '33222', 'http://www.gutenberg.org/files/33222/33222-h.zip', 'text/html; charset=iso-8859-1application/zip' );
INSERT INTO files ( gid, file, mime ) VALUES ( '33222', 'http://www.gutenberg.org/files/33222/33222-h/33222-h.htm', 'text/html; charset=iso-8859-1' );
INSERT INTO files ( gid, file, mime ) VALUES ( '33222', 'http://www.gutenberg.org/files/33222/33222.txt', 'text/plain; charset=us-ascii' );
INSERT INTO files ( gid, file, mime ) VALUES ( '33222', 'http://www.gutenberg.org/files/33222/33222.zip', 'text/plain; charset=us-asciiapplication/zip' );
INSERT INTO titles ( gid, title, author, language, rights ) VALUES ( '3322', 'East Lynne', 'Wood, Henry, Mrs.', 'en', 'Public domain in the USA.' );
INSERT INTO classifications ( gid, classification ) VALUES ( '3322', 'PR' );
INSERT INTO subjects ( gid, subject ) VALUES ( '3322', 'Seduction -- Fiction' );
INSERT INTO subjects ( gid, subject ) VALUES ( '3322', 'France -- Fiction' );
INSERT INTO subjects ( gid, subject ) VALUES ( '3322', 'Illegitimate children -- Fiction' );
INSERT INTO subjects ( gid, subject ) VALUES ( '3322', 'Runaway wives -- Fiction' );
INSERT INTO subjects ( gid, subject ) VALUES ( '3322', 'Governesses -- Fiction' );
INSERT INTO subjects ( gid, subject ) VALUES ( '3322', 'England -- Fiction' );
INSERT INTO subjects ( gid, subject ) VALUES ( '3322', 'Domestic fiction' );
INSERT INTO subjects ( gid, subject ) VALUES ( '3322', 'Accident victims -- Fiction' );
INSERT INTO subjects ( gid, subject ) VALUES ( '3322', 'Psychological fiction' );
INSERT INTO files ( gid, file, mime ) VALUES ( '3322', 'http://www.gutenberg.org/ebooks/3322.epub.images', 'application/epub+zip' );
INSERT INTO files ( gid, file, mime ) VALUES ( '3322', 'http://www.gutenberg.org/ebooks/3322.epub.noimages', 'application/epub+zip' );
INSERT INTO files ( gid, file, mime ) VALUES ( '3322', 'http://www.gutenberg.org/ebooks/3322.kindle.images', 'application/x-mobipocket-ebook' );
INSERT INTO files ( gid, file, mime ) VALUES ( '3322', 'http://www.gutenberg.org/ebooks/3322.kindle.noimages', 'application/x-mobipocket-ebook' );
INSERT INTO files ( gid, file, mime ) VALUES ( '3322', 'http://www.gutenberg.org/ebooks/3322.rdf', 'application/rdf+xml' );
INSERT INTO files ( gid, file, mime ) VALUES ( '3322', 'http://www.gutenberg.org/files/3322/3322-0.txt', 'text/plain; charset=utf-8' );
INSERT INTO files ( gid, file, mime ) VALUES ( '3322', 'http://www.gutenberg.org/files/3322/3322-0.zip', 'application/ziptext/plain; charset=utf-8' );
INSERT INTO files ( gid, file, mime ) VALUES ( '3322', 'http://www.gutenberg.org/files/3322/3322-h.zip', 'application/ziptext/html; charset=utf-8' );
INSERT INTO files ( gid, file, mime ) VALUES ( '3322', 'http://www.gutenberg.org/files/3322/3322-h/3322-h.htm', 'text/html; charset=utf-8' );
INSERT INTO files ( gid, file, mime ) VALUES ( '3322', 'http://www.gutenberg.org/files/3322/3322.txt', 'text/plain; charset=us-ascii' );
INSERT INTO files ( gid, file, mime ) VALUES ( '3322', 'http://www.gutenberg.org/files/3322/3322.zip', 'application/ziptext/plain; charset=us-ascii' );
INSERT INTO titles ( gid, title, author, language, rights ) VALUES ( '33322', 'Observations on the Present State of the Affairs of the River Plate', 'Baines, Thomas', 'en', 'Public domain in the USA.' );
INSERT INTO subjects ( gid, subject ) VALUES ( '33322', 'Uruguay -- Foreign relations -- Argentina' );
INSERT INTO subjects ( gid, subject ) VALUES ( '33322', 'F2801' );
INSERT INTO subjects ( gid, subject ) VALUES ( '33322', 'Argentina' );
INSERT INTO subjects ( gid, subject ) VALUES ( '33322', 'International relations' );
INSERT INTO subjects ( gid, subject ) VALUES ( '33322', 'Uruguay' );
INSERT INTO subjects ( gid, subject ) VALUES ( '33322', 'Argentina -- Foreign relations -- Uruguay' );
INSERT INTO files ( gid, file, mime ) VALUES ( '33322', 'http://www.gutenberg.org/ebooks/33322.epub.images', 'application/epub+zip' );
INSERT INTO files ( gid, file, mime ) VALUES ( '33322', 'http://www.gutenberg.org/ebooks/33322.epub.noimages', 'application/epub+zip' );
INSERT INTO files ( gid, file, mime ) VALUES ( '33322', 'http://www.gutenberg.org/ebooks/33322.kindle.images', 'application/x-mobipocket-ebook' );
INSERT INTO files ( gid, file, mime ) VALUES ( '33322', 'http://www.gutenberg.org/ebooks/33322.kindle.noimages', 'application/x-mobipocket-ebook' );
INSERT INTO files ( gid, file, mime ) VALUES ( '33322', 'http://www.gutenberg.org/ebooks/33322.rdf', 'application/rdf+xml' );
INSERT INTO files ( gid, file, mime ) VALUES ( '33322', 'http://www.gutenberg.org/ebooks/33322.txt.utf-8', 'text/plain' );
INSERT INTO files ( gid, file, mime ) VALUES ( '33322', 'http://www.gutenberg.org/files/33322/33322-8.txt', 'text/plain; charset=iso-8859-1' );
INSERT INTO files ( gid, file, mime ) VALUES ( '33322', 'http://www.gutenberg.org/files/33322/33322-8.zip', 'application/ziptext/plain; charset=iso-8859-1' );
INSERT INTO files ( gid, file, mime ) VALUES ( '33322', 'http://www.gutenberg.org/files/33322/33322-h.zip', 'text/html; charset=iso-8859-1application/zip' );
INSERT INTO files ( gid, file, mime ) VALUES ( '33322', 'http://www.gutenberg.org/files/33322/33322-h/33322-h.htm', 'text/html; charset=iso-8859-1' );
INSERT INTO files ( gid, file, mime ) VALUES ( '33322', 'http://www.gutenberg.org/files/33322/33322.txt', 'text/plain; charset=us-ascii' );
INSERT INTO files ( gid, file, mime ) VALUES ( '33322', 'http://www.gutenberg.org/files/33322/33322.zip', 'text/plain; charset=us-asciiapplication/zip' );
INSERT INTO titles ( gid, title, author, language, rights ) VALUES ( '33422', 'Les diables noirs: drame en quatre actes', 'Sardou, Victorien', 'fr', 'Public domain in the USA.' );
INSERT INTO classifications ( gid, classification ) VALUES ( '33422', 'PQ' );
INSERT INTO subjects ( gid, subject ) VALUES ( '33422', 'French drama -- 19th century' );
INSERT INTO files ( gid, file, mime ) VALUES ( '33422', 'http://www.gutenberg.org/ebooks/33422.epub.images', 'application/epub+zip' );
INSERT INTO files ( gid, file, mime ) VALUES ( '33422', 'http://www.gutenberg.org/ebooks/33422.epub.noimages', 'application/epub+zip' );
INSERT INTO files ( gid, file, mime ) VALUES ( '33422', 'http://www.gutenberg.org/ebooks/33422.kindle.images', 'application/x-mobipocket-ebook' );
INSERT INTO files ( gid, file, mime ) VALUES ( '33422', 'http://www.gutenberg.org/ebooks/33422.kindle.noimages', 'application/x-mobipocket-ebook' );
INSERT INTO files ( gid, file, mime ) VALUES ( '33422', 'http://www.gutenberg.org/ebooks/33422.rdf', 'application/rdf+xml' );
INSERT INTO files ( gid, file, mime ) VALUES ( '33422', 'http://www.gutenberg.org/files/33422/33422-0.txt', 'text/plain; charset=utf-8' );
INSERT INTO files ( gid, file, mime ) VALUES ( '33422', 'http://www.gutenberg.org/files/33422/33422-0.zip', 'text/plain; charset=utf-8application/zip' );
INSERT INTO files ( gid, file, mime ) VALUES ( '33422', 'http://www.gutenberg.org/files/33422/33422-8.txt', 'text/plain; charset=iso-8859-1' );
INSERT INTO files ( gid, file, mime ) VALUES ( '33422', 'http://www.gutenberg.org/files/33422/33422-8.zip', 'text/plain; charset=iso-8859-1application/zip' );
INSERT INTO files ( gid, file, mime ) VALUES ( '33422', 'http://www.gutenberg.org/files/33422/33422-h.zip', 'text/html; charset=iso-8859-1application/zip' );
INSERT INTO files ( gid, file, mime ) VALUES ( '33422', 'http://www.gutenberg.org/files/33422/33422-h/33422-h.htm', 'text/html; charset=iso-8859-1' );
INSERT INTO titles ( gid, title, author, language, rights ) VALUES ( '33522', 'Little Frankie and His Cousin', 'Leslie, Madeline', 'en', 'Public domain in the USA.' );
INSERT INTO classifications ( gid, classification ) VALUES ( '33522', 'PZ' );
INSERT INTO subjects ( gid, subject ) VALUES ( '33522', 'Children -- Conduct of life -- Juvenile fiction' );
INSERT INTO subjects ( gid, subject ) VALUES ( '33522', 'Truthfulness and falsehood -- Juvenile fiction' );
INSERT INTO subjects ( gid, subject ) VALUES ( '33522', 'Conduct of life -- Juvenile fiction' );
INSERT INTO subjects ( gid, subject ) VALUES ( '33522', 'Obedience -- Juvenile fiction' );
INSERT INTO subjects ( gid, subject ) VALUES ( '33522', 'Cousins -- Juvenile fiction' );
INSERT INTO subjects ( gid, subject ) VALUES ( '33522', 'Families -- Juvenile fiction' );
INSERT INTO subjects ( gid, subject ) VALUES ( '33522', 'Temper -- Juvenile fiction' );
INSERT INTO subjects ( gid, subject ) VALUES ( '33522', 'Christian life -- Juvenile fiction' );
INSERT INTO files ( gid, file, mime ) VALUES ( '33522', 'http://www.gutenberg.org/cache/epub/33522/pg33522.cover.medium.jpg', 'image/jpeg' );
INSERT INTO files ( gid, file, mime ) VALUES ( '33522', 'http://www.gutenberg.org/cache/epub/33522/pg33522.cover.small.jpg', 'image/jpeg' );
INSERT INTO files ( gid, file, mime ) VALUES ( '33522', 'http://www.gutenberg.org/ebooks/33522.epub.images', 'application/epub+zip' );
INSERT INTO files ( gid, file, mime ) VALUES ( '33522', 'http://www.gutenberg.org/ebooks/33522.epub.noimages', 'application/epub+zip' );
INSERT INTO files ( gid, file, mime ) VALUES ( '33522', 'http://www.gutenberg.org/ebooks/33522.kindle.images', 'application/x-mobipocket-ebook' );
INSERT INTO files ( gid, file, mime ) VALUES ( '33522', 'http://www.gutenberg.org/ebooks/33522.kindle.noimages', 'application/x-mobipocket-ebook' );
INSERT INTO files ( gid, file, mime ) VALUES ( '33522', 'http://www.gutenberg.org/ebooks/33522.rdf', 'application/rdf+xml' );
INSERT INTO files ( gid, file, mime ) VALUES ( '33522', 'http://www.gutenberg.org/ebooks/33522.txt.utf-8', 'text/plain' );
INSERT INTO files ( gid, file, mime ) VALUES ( '33522', 'http://www.gutenberg.org/files/33522/33522-h.zip', 'application/ziptext/html; charset=iso-8859-1' );
INSERT INTO files ( gid, file, mime ) VALUES ( '33522', 'http://www.gutenberg.org/files/33522/33522-h/33522-h.htm', 'text/html; charset=iso-8859-1' );
INSERT INTO files ( gid, file, mime ) VALUES ( '33522', 'http://www.gutenberg.org/files/33522/33522.txt', 'text/plain; charset=us-ascii' );
INSERT INTO files ( gid, file, mime ) VALUES ( '33522', 'http://www.gutenberg.org/files/33522/33522.zip', 'application/ziptext/plain; charset=us-ascii' );
INSERT INTO titles ( gid, title, author, language, rights ) VALUES ( '33622', 'The Day of Wrath: A Story of 1914', 'Tracy, Louis', 'en', 'Public domain in the USA.' );
INSERT INTO classifications ( gid, classification ) VALUES ( '33622', 'PR' );
INSERT INTO subjects ( gid, subject ) VALUES ( '33622', 'World War, 1914-1918 -- Fiction' );
INSERT INTO files ( gid, file, mime ) VALUES ( '33622', 'http://www.gutenberg.org/cache/epub/33622/pg33622.cover.medium.jpg', 'image/jpeg' );
INSERT INTO files ( gid, file, mime ) VALUES ( '33622', 'http://www.gutenberg.org/cache/epub/33622/pg33622.cover.small.jpg', 'image/jpeg' );
INSERT INTO files ( gid, file, mime ) VALUES ( '33622', 'http://www.gutenberg.org/ebooks/33622.epub.images', 'application/epub+zip' );
INSERT INTO files ( gid, file, mime ) VALUES ( '33622', 'http://www.gutenberg.org/ebooks/33622.epub.noimages', 'application/epub+zip' );
INSERT INTO files ( gid, file, mime ) VALUES ( '33622', 'http://www.gutenberg.org/ebooks/33622.kindle.images', 'application/x-mobipocket-ebook' );
INSERT INTO files ( gid, file, mime ) VALUES ( '33622', 'http://www.gutenberg.org/ebooks/33622.kindle.noimages', 'application/x-mobipocket-ebook' );
INSERT INTO files ( gid, file, mime ) VALUES ( '33622', 'http://www.gutenberg.org/ebooks/33622.rdf', 'application/rdf+xml' );
INSERT INTO files ( gid, file, mime ) VALUES ( '33622', 'http://www.gutenberg.org/ebooks/33622.txt.utf-8', 'text/plain' );
INSERT INTO files ( gid, file, mime ) VALUES ( '33622', 'http://www.gutenberg.org/files/33622/33622-8.txt', 'text/plain; charset=iso-8859-1' );
INSERT INTO files ( gid, file, mime ) VALUES ( '33622', 'http://www.gutenberg.org/files/33622/33622-8.zip', 'text/plain; charset=iso-8859-1application/zip' );
INSERT INTO files ( gid, file, mime ) VALUES ( '33622', 'http://www.gutenberg.org/files/33622/33622-h.zip', 'text/html; charset=iso-8859-1application/zip' );
INSERT INTO files ( gid, file, mime ) VALUES ( '33622', 'http://www.gutenberg.org/files/33622/33622-h/33622-h.htm', 'text/html; charset=iso-8859-1' );
INSERT INTO files ( gid, file, mime ) VALUES ( '33622', 'http://www.gutenberg.org/files/33622/33622.txt', 'text/plain; charset=us-ascii' );
INSERT INTO files ( gid, file, mime ) VALUES ( '33622', 'http://www.gutenberg.org/files/33622/33622.zip', 'text/plain; charset=us-asciiapplication/zip' );
INSERT INTO titles ( gid, title, author, language, rights ) VALUES ( '33722', 'Donalblane of Darien', 'Oxley, J. Macdonald (James Macdonald)', 'en', 'Public domain in the USA.' );
INSERT INTO classifications ( gid, classification ) VALUES ( '33722', 'PZ' );
INSERT INTO subjects ( gid, subject ) VALUES ( '33722', 'Boys -- Juvenile fiction' );
INSERT INTO subjects ( gid, subject ) VALUES ( '33722', 'Adventure stories' );
INSERT INTO files ( gid, file, mime ) VALUES ( '33722', 'http://www.gutenberg.org/cache/epub/33722/pg33722.cover.medium.jpg', 'image/jpeg' );
INSERT INTO files ( gid, file, mime ) VALUES ( '33722', 'http://www.gutenberg.org/cache/epub/33722/pg33722.cover.small.jpg', 'image/jpeg' );
INSERT INTO files ( gid, file, mime ) VALUES ( '33722', 'http://www.gutenberg.org/ebooks/33722.epub.images', 'application/epub+zip' );
INSERT INTO files ( gid, file, mime ) VALUES ( '33722', 'http://www.gutenberg.org/ebooks/33722.epub.noimages', 'application/epub+zip' );
INSERT INTO files ( gid, file, mime ) VALUES ( '33722', 'http://www.gutenberg.org/ebooks/33722.kindle.images', 'application/x-mobipocket-ebook' );
INSERT INTO files ( gid, file, mime ) VALUES ( '33722', 'http://www.gutenberg.org/ebooks/33722.kindle.noimages', 'application/x-mobipocket-ebook' );
INSERT INTO files ( gid, file, mime ) VALUES ( '33722', 'http://www.gutenberg.org/ebooks/33722.rdf', 'application/rdf+xml' );
INSERT INTO files ( gid, file, mime ) VALUES ( '33722', 'http://www.gutenberg.org/ebooks/33722.txt.utf-8', 'text/plain' );
INSERT INTO files ( gid, file, mime ) VALUES ( '33722', 'http://www.gutenberg.org/files/33722/33722-8.txt', 'text/plain; charset=iso-8859-1' );
INSERT INTO files ( gid, file, mime ) VALUES ( '33722', 'http://www.gutenberg.org/files/33722/33722-8.zip', 'text/plain; charset=iso-8859-1application/zip' );
INSERT INTO files ( gid, file, mime ) VALUES ( '33722', 'http://www.gutenberg.org/files/33722/33722-h.zip', 'application/ziptext/html; charset=iso-8859-1' );
INSERT INTO files ( gid, file, mime ) VALUES ( '33722', 'http://www.gutenberg.org/files/33722/33722-h/33722-h.htm', 'text/html; charset=iso-8859-1' );
INSERT INTO files ( gid, file, mime ) VALUES ( '33722', 'http://www.gutenberg.org/files/33722/33722.txt', 'text/plain; charset=us-ascii' );
INSERT INTO files ( gid, file, mime ) VALUES ( '33722', 'http://www.gutenberg.org/files/33722/33722.zip', 'application/ziptext/plain; charset=us-ascii' );
INSERT INTO titles ( gid, title, author, language, rights ) VALUES ( '33822', 'Geschiedenis van het tijdperk van 25-jarigen vrede: 1849-1874', 'Andriessen, P. J. (Pieter Jacob)', 'nl', 'Public domain in the USA.' );
INSERT INTO classifications ( gid, classification ) VALUES ( '33822', 'DJ' );
INSERT INTO subjects ( gid, subject ) VALUES ( '33822', 'Netherlands -- History -- 19th century' );
INSERT INTO files ( gid, file, mime ) VALUES ( '33822', 'http://www.gutenberg.org/ebooks/33822.epub.noimages', 'application/epub+zip' );
INSERT INTO files ( gid, file, mime ) VALUES ( '33822', 'http://www.gutenberg.org/ebooks/33822.kindle.noimages', 'application/x-mobipocket-ebook' );
INSERT INTO files ( gid, file, mime ) VALUES ( '33822', 'http://www.gutenberg.org/ebooks/33822.rdf', 'application/rdf+xml' );
INSERT INTO files ( gid, file, mime ) VALUES ( '33822', 'http://www.gutenberg.org/ebooks/33822.txt.utf-8', 'text/plain' );
INSERT INTO files ( gid, file, mime ) VALUES ( '33822', 'http://www.gutenberg.org/files/33822/33822-8.txt', 'text/plain; charset=iso-8859-1' );
INSERT INTO files ( gid, file, mime ) VALUES ( '33822', 'http://www.gutenberg.org/files/33822/33822-8.zip', 'text/plain; charset=iso-8859-1application/zip' );
INSERT INTO files ( gid, file, mime ) VALUES ( '33822', 'http://www.gutenberg.org/files/33822/33822-h.zip', 'application/ziptext/html; charset=iso-8859-1' );
INSERT INTO files ( gid, file, mime ) VALUES ( '33822', 'http://www.gutenberg.org/files/33822/33822-h/33822-h.htm', 'text/html; charset=iso-8859-1' );
INSERT INTO titles ( gid, title, author, language, rights ) VALUES ( '33922', 'True Detective Stories from the Archives of the Pinkertons', 'Moffett, Cleveland', 'en', 'Public domain in the USA.' );
INSERT INTO classifications ( gid, classification ) VALUES ( '33922', 'PS' );
INSERT INTO subjects ( gid, subject ) VALUES ( '33922', 'Criminals -- United States' );
INSERT INTO subjects ( gid, subject ) VALUES ( '33922', 'Crime -- United States' );
INSERT INTO subjects ( gid, subject ) VALUES ( '33922', 'Detective and mystery stories, American' );
INSERT INTO files ( gid, file, mime ) VALUES ( '33922', 'http://www.gutenberg.org/cache/epub/33922/pg33922.cover.medium.jpg', 'image/jpeg' );
INSERT INTO files ( gid, file, mime ) VALUES ( '33922', 'http://www.gutenberg.org/cache/epub/33922/pg33922.cover.small.jpg', 'image/jpeg' );
INSERT INTO files ( gid, file, mime ) VALUES ( '33922', 'http://www.gutenberg.org/ebooks/33922.epub.images', 'application/epub+zip' );
INSERT INTO files ( gid, file, mime ) VALUES ( '33922', 'http://www.gutenberg.org/ebooks/33922.epub.noimages', 'application/epub+zip' );
INSERT INTO files ( gid, file, mime ) VALUES ( '33922', 'http://www.gutenberg.org/ebooks/33922.kindle.images', 'application/x-mobipocket-ebook' );
INSERT INTO files ( gid, file, mime ) VALUES ( '33922', 'http://www.gutenberg.org/ebooks/33922.kindle.noimages', 'application/x-mobipocket-ebook' );
INSERT INTO files ( gid, file, mime ) VALUES ( '33922', 'http://www.gutenberg.org/ebooks/33922.rdf', 'application/rdf+xml' );
INSERT INTO files ( gid, file, mime ) VALUES ( '33922', 'http://www.gutenberg.org/ebooks/33922.txt.utf-8', 'text/plain' );
INSERT INTO files ( gid, file, mime ) VALUES ( '33922', 'http://www.gutenberg.org/files/33922/33922-8.txt', 'text/plain; charset=iso-8859-1' );
INSERT INTO files ( gid, file, mime ) VALUES ( '33922', 'http://www.gutenberg.org/files/33922/33922-8.zip', 'application/ziptext/plain; charset=iso-8859-1' );
INSERT INTO files ( gid, file, mime ) VALUES ( '33922', 'http://www.gutenberg.org/files/33922/33922-h.zip', 'text/html; charset=iso-8859-1application/zip' );
INSERT INTO files ( gid, file, mime ) VALUES ( '33922', 'http://www.gutenberg.org/files/33922/33922-h/33922-h.htm', 'text/html; charset=iso-8859-1' );
INSERT INTO files ( gid, file, mime ) VALUES ( '33922', 'http://www.gutenberg.org/files/33922/33922.txt', 'text/plain; charset=us-ascii' );
INSERT INTO files ( gid, file, mime ) VALUES ( '33922', 'http://www.gutenberg.org/files/33922/33922.zip', 'text/plain; charset=us-asciiapplication/zip' );
INSERT INTO titles ( gid, title, author, language, rights ) VALUES ( '34022', 'An Essay in Aid of a Grammar of Assent', 'Newman, John Henry', 'en', 'Public domain in the USA.' );
INSERT INTO classifications ( gid, classification ) VALUES ( '34022', 'BR' );
INSERT INTO subjects ( gid, subject ) VALUES ( '34022', 'Faith' );
INSERT INTO subjects ( gid, subject ) VALUES ( '34022', 'Theism' );
INSERT INTO files ( gid, file, mime ) VALUES ( '34022', 'http://www.gutenberg.org/ebooks/34022.epub.images', 'application/epub+zip' );
INSERT INTO files ( gid, file, mime ) VALUES ( '34022', 'http://www.gutenberg.org/ebooks/34022.epub.noimages', 'application/epub+zip' );
INSERT INTO files ( gid, file, mime ) VALUES ( '34022', 'http://www.gutenberg.org/ebooks/34022.kindle.images', 'application/x-mobipocket-ebook' );
INSERT INTO files ( gid, file, mime ) VALUES ( '34022', 'http://www.gutenberg.org/ebooks/34022.kindle.noimages', 'application/x-mobipocket-ebook' );
INSERT INTO files ( gid, file, mime ) VALUES ( '34022', 'http://www.gutenberg.org/ebooks/34022.rdf', 'application/rdf+xml' );
INSERT INTO files ( gid, file, mime ) VALUES ( '34022', 'http://www.gutenberg.org/files/34022/34022-0.txt', 'text/plain; charset=utf-8' );
INSERT INTO files ( gid, file, mime ) VALUES ( '34022', 'http://www.gutenberg.org/files/34022/34022-0.zip', 'application/ziptext/plain; charset=utf-8' );
INSERT INTO files ( gid, file, mime ) VALUES ( '34022', 'http://www.gutenberg.org/files/34022/34022-8.txt', 'text/plain; charset=iso-8859-1' );
INSERT INTO files ( gid, file, mime ) VALUES ( '34022', 'http://www.gutenberg.org/files/34022/34022-8.zip', 'text/plain; charset=iso-8859-1application/zip' );
INSERT INTO files ( gid, file, mime ) VALUES ( '34022', 'http://www.gutenberg.org/files/34022/34022-h.zip', 'text/html; charset=utf-8application/zip' );
INSERT INTO files ( gid, file, mime ) VALUES ( '34022', 'http://www.gutenberg.org/files/34022/34022-h/34022-h.html', 'text/html; charset=utf-8' );
INSERT INTO files ( gid, file, mime ) VALUES ( '34022', 'http://www.gutenberg.org/files/34022/34022-pdf.pdf', 'application/pdf' );
INSERT INTO files ( gid, file, mime ) VALUES ( '34022', 'http://www.gutenberg.org/files/34022/34022-pdf.zip', 'application/pdfapplication/zip' );
INSERT INTO files ( gid, file, mime ) VALUES ( '34022', 'http://www.gutenberg.org/files/34022/34022-tei.zip', 'application/zipapplication/octet-stream' );
INSERT INTO files ( gid, file, mime ) VALUES ( '34022', 'http://www.gutenberg.org/files/34022/34022-tei/34022-tei.tei', 'application/prs.tei' );
INSERT INTO files ( gid, file, mime ) VALUES ( '34022', 'http://www.gutenberg.org/files/34022/34022.txt', 'text/plain; charset=us-ascii' );
INSERT INTO files ( gid, file, mime ) VALUES ( '34022', 'http://www.gutenberg.org/files/34022/34022.zip', 'text/plain; charset=us-asciiapplication/zip' );
INSERT INTO titles ( gid, title, author, language, rights ) VALUES ( '34122', 'Roman Society from Nero to Marcus Aurelius', 'Dill, Samuel', 'en', 'Public domain in the USA.' );
INSERT INTO classifications ( gid, classification ) VALUES ( '34122', 'DG' );
INSERT INTO subjects ( gid, subject ) VALUES ( '34122', 'Rome -- Social life and customs' );
INSERT INTO subjects ( gid, subject ) VALUES ( '34122', 'Rome -- Religion' );
INSERT INTO files ( gid, file, mime ) VALUES ( '34122', 'http://www.gutenberg.org/ebooks/34122.epub.images', 'application/epub+zip' );
INSERT INTO files ( gid, file, mime ) VALUES ( '34122', 'http://www.gutenberg.org/ebooks/34122.epub.noimages', 'application/epub+zip' );
INSERT INTO files ( gid, file, mime ) VALUES ( '34122', 'http://www.gutenberg.org/ebooks/34122.kindle.images', 'application/x-mobipocket-ebook' );
INSERT INTO files ( gid, file, mime ) VALUES ( '34122', 'http://www.gutenberg.org/ebooks/34122.kindle.noimages', 'application/x-mobipocket-ebook' );
INSERT INTO files ( gid, file, mime ) VALUES ( '34122', 'http://www.gutenberg.org/ebooks/34122.rdf', 'application/rdf+xml' );
INSERT INTO files ( gid, file, mime ) VALUES ( '34122', 'http://www.gutenberg.org/files/34122/34122-0.txt', 'text/plain; charset=utf-8' );
INSERT INTO files ( gid, file, mime ) VALUES ( '34122', 'http://www.gutenberg.org/files/34122/34122-0.zip', 'text/plain; charset=utf-8application/zip' );
INSERT INTO files ( gid, file, mime ) VALUES ( '34122', 'http://www.gutenberg.org/files/34122/34122-8.txt', 'text/plain; charset=iso-8859-1' );
INSERT INTO files ( gid, file, mime ) VALUES ( '34122', 'http://www.gutenberg.org/files/34122/34122-8.zip', 'text/plain; charset=iso-8859-1application/zip' );
INSERT INTO files ( gid, file, mime ) VALUES ( '34122', 'http://www.gutenberg.org/files/34122/34122-h.zip', 'application/ziptext/html; charset=utf-8' );
INSERT INTO files ( gid, file, mime ) VALUES ( '34122', 'http://www.gutenberg.org/files/34122/34122-h/34122-h.html', 'text/html; charset=utf-8' );
INSERT INTO files ( gid, file, mime ) VALUES ( '34122', 'http://www.gutenberg.org/files/34122/34122-pdf.pdf', 'application/pdf' );
INSERT INTO files ( gid, file, mime ) VALUES ( '34122', 'http://www.gutenberg.org/files/34122/34122-pdf.zip', 'application/zipapplication/pdf' );
INSERT INTO files ( gid, file, mime ) VALUES ( '34122', 'http://www.gutenberg.org/files/34122/34122-tei.zip', 'application/zipapplication/octet-stream' );
INSERT INTO files ( gid, file, mime ) VALUES ( '34122', 'http://www.gutenberg.org/files/34122/34122-tei/34122-tei.tei', 'application/prs.tei' );
INSERT INTO files ( gid, file, mime ) VALUES ( '34122', 'http://www.gutenberg.org/files/34122/34122.txt', 'text/plain; charset=us-ascii' );
INSERT INTO files ( gid, file, mime ) VALUES ( '34122', 'http://www.gutenberg.org/files/34122/34122.zip', 'application/ziptext/plain; charset=us-ascii' );
INSERT INTO titles ( gid, title, author, language, rights ) VALUES ( '34222', 'Das Unheimliche', 'Freud, Sigmund', 'de', 'Public domain in the USA.' );
INSERT INTO classifications ( gid, classification ) VALUES ( '34222', 'BF' );
INSERT INTO subjects ( gid, subject ) VALUES ( '34222', 'Psychoanalysis' );
INSERT INTO subjects ( gid, subject ) VALUES ( '34222', 'Uncanny, The (Psychoanalysis)' );
INSERT INTO files ( gid, file, mime ) VALUES ( '34222', 'http://www.gutenberg.org/ebooks/34222.epub.images', 'application/epub+zip' );
INSERT INTO files ( gid, file, mime ) VALUES ( '34222', 'http://www.gutenberg.org/ebooks/34222.epub.noimages', 'application/epub+zip' );
INSERT INTO files ( gid, file, mime ) VALUES ( '34222', 'http://www.gutenberg.org/ebooks/34222.kindle.images', 'application/x-mobipocket-ebook' );
INSERT INTO files ( gid, file, mime ) VALUES ( '34222', 'http://www.gutenberg.org/ebooks/34222.kindle.noimages', 'application/x-mobipocket-ebook' );
INSERT INTO files ( gid, file, mime ) VALUES ( '34222', 'http://www.gutenberg.org/ebooks/34222.rdf', 'application/rdf+xml' );
INSERT INTO files ( gid, file, mime ) VALUES ( '34222', 'http://www.gutenberg.org/files/34222/34222-0.txt', 'text/plain; charset=utf-8' );
INSERT INTO files ( gid, file, mime ) VALUES ( '34222', 'http://www.gutenberg.org/files/34222/34222-0.zip', 'application/ziptext/plain; charset=utf-8' );
INSERT INTO files ( gid, file, mime ) VALUES ( '34222', 'http://www.gutenberg.org/files/34222/34222-8.txt', 'text/plain; charset=iso-8859-1' );
INSERT INTO files ( gid, file, mime ) VALUES ( '34222', 'http://www.gutenberg.org/files/34222/34222-8.zip', 'application/ziptext/plain; charset=iso-8859-1' );
INSERT INTO files ( gid, file, mime ) VALUES ( '34222', 'http://www.gutenberg.org/files/34222/34222-h.zip', 'text/html; charset=iso-8859-1application/zip' );
INSERT INTO files ( gid, file, mime ) VALUES ( '34222', 'http://www.gutenberg.org/files/34222/34222-h/34222-h.htm', 'text/html; charset=iso-8859-1' );
INSERT INTO files ( gid, file, mime ) VALUES ( '34222', 'http://www.gutenberg.org/files/34222/34222-page-images.zip', 'application/zipapplication/octet-stream' );
INSERT INTO titles ( gid, title, author, language, rights ) VALUES ( '3422', 'The Life of the Fly; With Which are Interspersed Some Chapters of Autobiography', 'Fabre, Jean-Henri', 'en', 'Public domain in the USA.' );
INSERT INTO classifications ( gid, classification ) VALUES ( '3422', 'QL' );
INSERT INTO subjects ( gid, subject ) VALUES ( '3422', 'Flies' );
INSERT INTO subjects ( gid, subject ) VALUES ( '3422', 'Diptera' );
INSERT INTO files ( gid, file, mime ) VALUES ( '3422', 'http://www.gutenberg.org/ebooks/3422.epub.images', 'application/epub+zip' );
INSERT INTO files ( gid, file, mime ) VALUES ( '3422', 'http://www.gutenberg.org/ebooks/3422.epub.noimages', 'application/epub+zip' );
INSERT INTO files ( gid, file, mime ) VALUES ( '3422', 'http://www.gutenberg.org/ebooks/3422.kindle.images', 'application/x-mobipocket-ebook' );
INSERT INTO files ( gid, file, mime ) VALUES ( '3422', 'http://www.gutenberg.org/ebooks/3422.kindle.noimages', 'application/x-mobipocket-ebook' );
INSERT INTO files ( gid, file, mime ) VALUES ( '3422', 'http://www.gutenberg.org/ebooks/3422.rdf', 'application/rdf+xml' );
INSERT INTO files ( gid, file, mime ) VALUES ( '3422', 'http://www.gutenberg.org/ebooks/3422.txt.utf-8', 'text/plain' );
INSERT INTO files ( gid, file, mime ) VALUES ( '3422', 'http://www.gutenberg.org/files/3422/3422-h.zip', 'application/ziptext/html; charset=us-ascii' );
INSERT INTO files ( gid, file, mime ) VALUES ( '3422', 'http://www.gutenberg.org/files/3422/3422-h/3422-h.htm', 'text/html; charset=us-ascii' );
INSERT INTO files ( gid, file, mime ) VALUES ( '3422', 'http://www.gutenberg.org/files/3422/3422.txt', 'text/plain; charset=us-ascii' );
INSERT INTO files ( gid, file, mime ) VALUES ( '3422', 'http://www.gutenberg.org/files/3422/3422.zip', 'text/plain; charset=us-asciiapplication/zip' );
INSERT INTO titles ( gid, title, author, language, rights ) VALUES ( '34322', 'The Moghul', 'Hoover, Thomas', 'en', 'Copyrighted. Read the copyright notice inside this book for details.' );
INSERT INTO classifications ( gid, classification ) VALUES ( '34322', 'PS' );
INSERT INTO subjects ( gid, subject ) VALUES ( '34322', 'East India Company -- Fiction' );
INSERT INTO subjects ( gid, subject ) VALUES ( '34322', 'Historical fiction' );
INSERT INTO subjects ( gid, subject ) VALUES ( '34322', 'India -- History -- 1526-1765 -- Fiction' );
INSERT INTO files ( gid, file, mime ) VALUES ( '34322', 'http://www.gutenberg.org/ebooks/34322.epub.images', 'application/epub+zip' );
INSERT INTO files ( gid, file, mime ) VALUES ( '34322', 'http://www.gutenberg.org/ebooks/34322.epub.noimages', 'application/epub+zip' );
INSERT INTO files ( gid, file, mime ) VALUES ( '34322', 'http://www.gutenberg.org/ebooks/34322.kindle.images', 'application/x-mobipocket-ebook' );
INSERT INTO files ( gid, file, mime ) VALUES ( '34322', 'http://www.gutenberg.org/ebooks/34322.kindle.noimages', 'application/x-mobipocket-ebook' );
INSERT INTO files ( gid, file, mime ) VALUES ( '34322', 'http://www.gutenberg.org/ebooks/34322.rdf', 'application/rdf+xml' );
INSERT INTO files ( gid, file, mime ) VALUES ( '34322', 'http://www.gutenberg.org/ebooks/34322.txt.utf-8', 'text/plain' );
INSERT INTO files ( gid, file, mime ) VALUES ( '34322', 'http://www.gutenberg.org/files/34322/34322-8.txt', 'text/plain; charset=iso-8859-1' );
INSERT INTO files ( gid, file, mime ) VALUES ( '34322', 'http://www.gutenberg.org/files/34322/34322-8.zip', 'application/ziptext/plain; charset=iso-8859-1' );
INSERT INTO files ( gid, file, mime ) VALUES ( '34322', 'http://www.gutenberg.org/files/34322/34322-doc.doc', 'application/msword' );
INSERT INTO files ( gid, file, mime ) VALUES ( '34322', 'http://www.gutenberg.org/files/34322/34322-doc.zip', 'application/zipapplication/msword' );
INSERT INTO files ( gid, file, mime ) VALUES ( '34322', 'http://www.gutenberg.org/files/34322/34322-h.zip', 'application/ziptext/html; charset=utf-8' );
INSERT INTO files ( gid, file, mime ) VALUES ( '34322', 'http://www.gutenberg.org/files/34322/34322-h/34322-h.htm', 'text/html; charset=utf-8' );
INSERT INTO files ( gid, file, mime ) VALUES ( '34322', 'http://www.gutenberg.org/files/34322/34322-pdf.pdf', 'application/pdf' );
INSERT INTO files ( gid, file, mime ) VALUES ( '34322', 'http://www.gutenberg.org/files/34322/34322-pdf.zip', 'application/pdfapplication/zip' );
INSERT INTO files ( gid, file, mime ) VALUES ( '34322', 'http://www.gutenberg.org/files/34322/34322.txt', 'text/plain; charset=us-ascii' );
INSERT INTO files ( gid, file, mime ) VALUES ( '34322', 'http://www.gutenberg.org/files/34322/34322.zip', 'text/plain; charset=us-asciiapplication/zip' );
INSERT INTO titles ( gid, title, author, language, rights ) VALUES ( '34522', 'The Secret of the League: The Story of a Social War', 'Bramah, Ernest', 'en', 'Public domain in the USA.' );
INSERT INTO classifications ( gid, classification ) VALUES ( '34522', 'PR' );
INSERT INTO subjects ( gid, subject ) VALUES ( '34522', 'Social classes -- Fiction' );
INSERT INTO subjects ( gid, subject ) VALUES ( '34522', 'Great Britain -- Politics and government -- Fiction' );
INSERT INTO subjects ( gid, subject ) VALUES ( '34522', 'Dystopias -- Fiction' );
INSERT INTO files ( gid, file, mime ) VALUES ( '34522', 'http://www.gutenberg.org/ebooks/34522.epub.images', 'application/epub+zip' );
INSERT INTO files ( gid, file, mime ) VALUES ( '34522', 'http://www.gutenberg.org/ebooks/34522.epub.noimages', 'application/epub+zip' );
INSERT INTO files ( gid, file, mime ) VALUES ( '34522', 'http://www.gutenberg.org/ebooks/34522.kindle.images', 'application/x-mobipocket-ebook' );
INSERT INTO files ( gid, file, mime ) VALUES ( '34522', 'http://www.gutenberg.org/ebooks/34522.kindle.noimages', 'application/x-mobipocket-ebook' );
INSERT INTO files ( gid, file, mime ) VALUES ( '34522', 'http://www.gutenberg.org/ebooks/34522.rdf', 'application/rdf+xml' );
INSERT INTO files ( gid, file, mime ) VALUES ( '34522', 'http://www.gutenberg.org/ebooks/34522.txt.utf-8', 'text/plain' );
INSERT INTO files ( gid, file, mime ) VALUES ( '34522', 'http://www.gutenberg.org/files/34522/34522-8.txt', 'text/plain; charset=iso-8859-1' );
INSERT INTO files ( gid, file, mime ) VALUES ( '34522', 'http://www.gutenberg.org/files/34522/34522-8.zip', 'text/plain; charset=iso-8859-1application/zip' );
INSERT INTO files ( gid, file, mime ) VALUES ( '34522', 'http://www.gutenberg.org/files/34522/34522-h.zip', 'text/html; charset=iso-8859-1application/zip' );
INSERT INTO files ( gid, file, mime ) VALUES ( '34522', 'http://www.gutenberg.org/files/34522/34522-h/34522-h.htm', 'text/html; charset=iso-8859-1' );
INSERT INTO files ( gid, file, mime ) VALUES ( '34522', 'http://www.gutenberg.org/files/34522/34522.txt', 'text/plain; charset=us-ascii' );
INSERT INTO files ( gid, file, mime ) VALUES ( '34522', 'http://www.gutenberg.org/files/34522/34522.zip', 'text/plain; charset=us-asciiapplication/zip' );
INSERT INTO titles ( gid, title, author, language, rights ) VALUES ( '34422', 'Lautrec; ou, Quinze ans de mœurs Parisiennes, 1885-1900', 'Coquiot, Gustave', 'fr', 'Public domain in the USA.' );
INSERT INTO classifications ( gid, classification ) VALUES ( '34422', 'N' );
INSERT INTO classifications ( gid, classification ) VALUES ( '34422', 'PQ' );
INSERT INTO subjects ( gid, subject ) VALUES ( '34422', 'Toulouse-Lautrec, Henri de, 1864-1901' );
INSERT INTO files ( gid, file, mime ) VALUES ( '34422', 'http://www.gutenberg.org/ebooks/34422.epub.images', 'application/epub+zip' );
INSERT INTO files ( gid, file, mime ) VALUES ( '34422', 'http://www.gutenberg.org/ebooks/34422.epub.noimages', 'application/epub+zip' );
INSERT INTO files ( gid, file, mime ) VALUES ( '34422', 'http://www.gutenberg.org/ebooks/34422.kindle.images', 'application/x-mobipocket-ebook' );
INSERT INTO files ( gid, file, mime ) VALUES ( '34422', 'http://www.gutenberg.org/ebooks/34422.kindle.noimages', 'application/x-mobipocket-ebook' );
INSERT INTO files ( gid, file, mime ) VALUES ( '34422', 'http://www.gutenberg.org/ebooks/34422.rdf', 'application/rdf+xml' );
INSERT INTO files ( gid, file, mime ) VALUES ( '34422', 'http://www.gutenberg.org/ebooks/34422.txt.utf-8', 'text/plain' );
INSERT INTO files ( gid, file, mime ) VALUES ( '34422', 'http://www.gutenberg.org/files/34422/34422-8.txt', 'text/plain; charset=iso-8859-1' );
INSERT INTO files ( gid, file, mime ) VALUES ( '34422', 'http://www.gutenberg.org/files/34422/34422-8.zip', 'text/plain; charset=iso-8859-1application/zip' );
INSERT INTO files ( gid, file, mime ) VALUES ( '34422', 'http://www.gutenberg.org/files/34422/34422-h.zip', 'application/ziptext/html; charset=iso-8859-1' );
INSERT INTO files ( gid, file, mime ) VALUES ( '34422', 'http://www.gutenberg.org/files/34422/34422-h/34422-h.htm', 'text/html; charset=iso-8859-1' );
INSERT INTO titles ( gid, title, author, language, rights ) VALUES ( '34722', 'Parsifal: Kertomus Graalin ritarista', 'Kilpi, Volter', 'fi', 'Public domain in the USA.' );
INSERT INTO classifications ( gid, classification ) VALUES ( '34722', 'PH' );
INSERT INTO subjects ( gid, subject ) VALUES ( '34722', 'Perceval (Legendary character) -- Romances -- Adaptations' );
INSERT INTO files ( gid, file, mime ) VALUES ( '34722', 'http://www.gutenberg.org/ebooks/34722.epub.images', 'application/epub+zip' );
INSERT INTO files ( gid, file, mime ) VALUES ( '34722', 'http://www.gutenberg.org/ebooks/34722.epub.noimages', 'application/epub+zip' );
INSERT INTO files ( gid, file, mime ) VALUES ( '34722', 'http://www.gutenberg.org/ebooks/34722.html.images', 'text/html' );
INSERT INTO files ( gid, file, mime ) VALUES ( '34722', 'http://www.gutenberg.org/ebooks/34722.html.noimages', 'text/html' );
INSERT INTO files ( gid, file, mime ) VALUES ( '34722', 'http://www.gutenberg.org/ebooks/34722.kindle.images', 'application/x-mobipocket-ebook' );
INSERT INTO files ( gid, file, mime ) VALUES ( '34722', 'http://www.gutenberg.org/ebooks/34722.kindle.noimages', 'application/x-mobipocket-ebook' );
INSERT INTO files ( gid, file, mime ) VALUES ( '34722', 'http://www.gutenberg.org/ebooks/34722.rdf', 'application/rdf+xml' );
INSERT INTO files ( gid, file, mime ) VALUES ( '34722', 'http://www.gutenberg.org/ebooks/34722.txt.utf-8', 'text/plain' );
INSERT INTO files ( gid, file, mime ) VALUES ( '34722', 'http://www.gutenberg.org/files/34722/34722-8.txt', 'text/plain; charset=iso-8859-1' );
INSERT INTO files ( gid, file, mime ) VALUES ( '34722', 'http://www.gutenberg.org/files/34722/34722-8.zip', 'application/ziptext/plain; charset=iso-8859-1' );
INSERT INTO titles ( gid, title, author, language, rights ) VALUES ( '34622', 'A Bibliotheca Nacional de Lisboa Suas deficiencias e remedios d''essas deficiencias', 'Cunha, Xavier da', 'pt', 'Public domain in the USA.' );
INSERT INTO classifications ( gid, classification ) VALUES ( '34622', 'Z' );
INSERT INTO subjects ( gid, subject ) VALUES ( '34622', 'Biblioteca Nacional de Lisboa' );
INSERT INTO files ( gid, file, mime ) VALUES ( '34622', 'http://www.gutenberg.org/ebooks/34622.epub.images', 'application/epub+zip' );
INSERT INTO files ( gid, file, mime ) VALUES ( '34622', 'http://www.gutenberg.org/ebooks/34622.epub.noimages', 'application/epub+zip' );
INSERT INTO files ( gid, file, mime ) VALUES ( '34622', 'http://www.gutenberg.org/ebooks/34622.kindle.images', 'application/x-mobipocket-ebook' );
INSERT INTO files ( gid, file, mime ) VALUES ( '34622', 'http://www.gutenberg.org/ebooks/34622.kindle.noimages', 'application/x-mobipocket-ebook' );
INSERT INTO files ( gid, file, mime ) VALUES ( '34622', 'http://www.gutenberg.org/ebooks/34622.rdf', 'application/rdf+xml' );
INSERT INTO files ( gid, file, mime ) VALUES ( '34622', 'http://www.gutenberg.org/ebooks/34622.txt.utf-8', 'text/plain' );
INSERT INTO files ( gid, file, mime ) VALUES ( '34622', 'http://www.gutenberg.org/files/34622/34622-8.txt', 'text/plain; charset=iso-8859-1' );
INSERT INTO files ( gid, file, mime ) VALUES ( '34622', 'http://www.gutenberg.org/files/34622/34622-8.zip', 'text/plain; charset=iso-8859-1application/zip' );
INSERT INTO files ( gid, file, mime ) VALUES ( '34622', 'http://www.gutenberg.org/files/34622/34622-h.zip', 'application/ziptext/html; charset=iso-8859-1' );
INSERT INTO files ( gid, file, mime ) VALUES ( '34622', 'http://www.gutenberg.org/files/34622/34622-h/34622-h.htm', 'text/html; charset=iso-8859-1' );
INSERT INTO titles ( gid, title, author, language, rights ) VALUES ( '34822', 'The Century Cook Book', 'Ronald, Mary', 'en', 'Public domain in the USA.' );
INSERT INTO classifications ( gid, classification ) VALUES ( '34822', 'TX' );
INSERT INTO subjects ( gid, subject ) VALUES ( '34822', 'Cooking, American' );
INSERT INTO files ( gid, file, mime ) VALUES ( '34822', 'http://www.gutenberg.org/cache/epub/34822/pg34822.cover.medium.jpg', 'image/jpeg' );
INSERT INTO files ( gid, file, mime ) VALUES ( '34822', 'http://www.gutenberg.org/cache/epub/34822/pg34822.cover.small.jpg', 'image/jpeg' );
INSERT INTO files ( gid, file, mime ) VALUES ( '34822', 'http://www.gutenberg.org/ebooks/34822.epub.images', 'application/epub+zip' );
INSERT INTO files ( gid, file, mime ) VALUES ( '34822', 'http://www.gutenberg.org/ebooks/34822.epub.noimages', 'application/epub+zip' );
INSERT INTO files ( gid, file, mime ) VALUES ( '34822', 'http://www.gutenberg.org/ebooks/34822.kindle.images', 'application/x-mobipocket-ebook' );
INSERT INTO files ( gid, file, mime ) VALUES ( '34822', 'http://www.gutenberg.org/ebooks/34822.kindle.noimages', 'application/x-mobipocket-ebook' );
INSERT INTO files ( gid, file, mime ) VALUES ( '34822', 'http://www.gutenberg.org/ebooks/34822.rdf', 'application/rdf+xml' );
INSERT INTO files ( gid, file, mime ) VALUES ( '34822', 'http://www.gutenberg.org/ebooks/34822.txt.utf-8', 'text/plain' );
INSERT INTO files ( gid, file, mime ) VALUES ( '34822', 'http://www.gutenberg.org/files/34822/34822-8.txt', 'text/plain; charset=iso-8859-1' );
INSERT INTO files ( gid, file, mime ) VALUES ( '34822', 'http://www.gutenberg.org/files/34822/34822-8.zip', 'text/plain; charset=iso-8859-1application/zip' );
INSERT INTO files ( gid, file, mime ) VALUES ( '34822', 'http://www.gutenberg.org/files/34822/34822-h.zip', 'application/ziptext/html; charset=utf-8' );
INSERT INTO files ( gid, file, mime ) VALUES ( '34822', 'http://www.gutenberg.org/files/34822/34822-h/34822-h.htm', 'text/html; charset=utf-8' );
INSERT INTO files ( gid, file, mime ) VALUES ( '34822', 'http://www.gutenberg.org/files/34822/34822.txt', 'text/plain; charset=us-ascii' );
INSERT INTO files ( gid, file, mime ) VALUES ( '34822', 'http://www.gutenberg.org/files/34822/34822.zip', 'application/ziptext/plain; charset=us-ascii' );
INSERT INTO titles ( gid, title, author, language, rights ) VALUES ( '34922', 'A History of Pendennis, Volume 1 His fortunes and misfortunes, his friends and his greatest enemy', 'Thackeray, William Makepeace', 'en', 'Public domain in the USA.' );
INSERT INTO classifications ( gid, classification ) VALUES ( '34922', 'PR' );
INSERT INTO subjects ( gid, subject ) VALUES ( '34922', 'Great Britain -- History -- Victoria, 1837-1901 -- Fiction' );
INSERT INTO subjects ( gid, subject ) VALUES ( '34922', 'Bildungsromans' );
INSERT INTO subjects ( gid, subject ) VALUES ( '34922', 'Young men -- Fiction' );
INSERT INTO subjects ( gid, subject ) VALUES ( '34922', 'Humorous stories' );
INSERT INTO subjects ( gid, subject ) VALUES ( '34922', 'Autobiographical fiction' );
INSERT INTO files ( gid, file, mime ) VALUES ( '34922', 'http://www.gutenberg.org/ebooks/34922.epub.images', 'application/epub+zip' );
INSERT INTO files ( gid, file, mime ) VALUES ( '34922', 'http://www.gutenberg.org/ebooks/34922.epub.noimages', 'application/epub+zip' );
INSERT INTO files ( gid, file, mime ) VALUES ( '34922', 'http://www.gutenberg.org/ebooks/34922.kindle.images', 'application/x-mobipocket-ebook' );
INSERT INTO files ( gid, file, mime ) VALUES ( '34922', 'http://www.gutenberg.org/ebooks/34922.kindle.noimages', 'application/x-mobipocket-ebook' );
INSERT INTO files ( gid, file, mime ) VALUES ( '34922', 'http://www.gutenberg.org/ebooks/34922.rdf', 'application/rdf+xml' );
INSERT INTO files ( gid, file, mime ) VALUES ( '34922', 'http://www.gutenberg.org/ebooks/34922.txt.utf-8', 'text/plain' );
INSERT INTO files ( gid, file, mime ) VALUES ( '34922', 'http://www.gutenberg.org/files/34922/34922-8.txt', 'text/plain; charset=iso-8859-1' );
INSERT INTO files ( gid, file, mime ) VALUES ( '34922', 'http://www.gutenberg.org/files/34922/34922-8.zip', 'text/plain; charset=iso-8859-1application/zip' );
INSERT INTO files ( gid, file, mime ) VALUES ( '34922', 'http://www.gutenberg.org/files/34922/34922-h.zip', 'application/ziptext/html; charset=iso-8859-1' );
INSERT INTO files ( gid, file, mime ) VALUES ( '34922', 'http://www.gutenberg.org/files/34922/34922-h/34922-h.htm', 'text/html; charset=iso-8859-1' );
INSERT INTO files ( gid, file, mime ) VALUES ( '34922', 'http://www.gutenberg.org/files/34922/34922.txt', 'text/plain; charset=us-ascii' );
INSERT INTO files ( gid, file, mime ) VALUES ( '34922', 'http://www.gutenberg.org/files/34922/34922.zip', 'text/plain; charset=us-asciiapplication/zip' );
INSERT INTO titles ( gid, title, author, language, rights ) VALUES ( '35122', 'Portrait and Biography of Parson Brownlow, The Tennessee Patriot', 'Brownlow, William Gannaway', 'en', 'Public domain in the USA.' );
INSERT INTO subjects ( gid, subject ) VALUES ( '35122', 'Tennessee, East -- History -- Civil War, 1861-1865' );
INSERT INTO subjects ( gid, subject ) VALUES ( '35122', 'Brownlow, William Gannaway, 1805-1877' );
INSERT INTO subjects ( gid, subject ) VALUES ( '35122', 'E300' );
INSERT INTO files ( gid, file, mime ) VALUES ( '35122', 'http://www.gutenberg.org/ebooks/35122.epub.images', 'application/epub+zip' );
INSERT INTO files ( gid, file, mime ) VALUES ( '35122', 'http://www.gutenberg.org/ebooks/35122.epub.noimages', 'application/epub+zip' );
INSERT INTO files ( gid, file, mime ) VALUES ( '35122', 'http://www.gutenberg.org/ebooks/35122.kindle.images', 'application/x-mobipocket-ebook' );
INSERT INTO files ( gid, file, mime ) VALUES ( '35122', 'http://www.gutenberg.org/ebooks/35122.kindle.noimages', 'application/x-mobipocket-ebook' );
INSERT INTO files ( gid, file, mime ) VALUES ( '35122', 'http://www.gutenberg.org/ebooks/35122.rdf', 'application/rdf+xml' );
INSERT INTO files ( gid, file, mime ) VALUES ( '35122', 'http://www.gutenberg.org/ebooks/35122.txt.utf-8', 'text/plain' );
INSERT INTO files ( gid, file, mime ) VALUES ( '35122', 'http://www.gutenberg.org/files/35122/35122-h.zip', 'application/ziptext/html; charset=iso-8859-1' );
INSERT INTO files ( gid, file, mime ) VALUES ( '35122', 'http://www.gutenberg.org/files/35122/35122-h/35122-h.htm', 'text/html; charset=iso-8859-1' );
INSERT INTO files ( gid, file, mime ) VALUES ( '35122', 'http://www.gutenberg.org/files/35122/35122.txt', 'text/plain; charset=us-ascii' );
INSERT INTO files ( gid, file, mime ) VALUES ( '35122', 'http://www.gutenberg.org/files/35122/35122.zip', 'application/ziptext/plain; charset=us-ascii' );
INSERT INTO titles ( gid, title, author, language, rights ) VALUES ( '35022', 'The Diamond Pin', 'Wells, Carolyn', 'en', 'Public domain in the USA.' );
INSERT INTO classifications ( gid, classification ) VALUES ( '35022', 'PS' );
INSERT INTO subjects ( gid, subject ) VALUES ( '35022', 'Detective and mystery stories' );
INSERT INTO subjects ( gid, subject ) VALUES ( '35022', 'Fiction' );
INSERT INTO files ( gid, file, mime ) VALUES ( '35022', 'http://www.gutenberg.org/ebooks/35022.epub.images', 'application/epub+zip' );
INSERT INTO files ( gid, file, mime ) VALUES ( '35022', 'http://www.gutenberg.org/ebooks/35022.epub.noimages', 'application/epub+zip' );
INSERT INTO files ( gid, file, mime ) VALUES ( '35022', 'http://www.gutenberg.org/ebooks/35022.kindle.images', 'application/x-mobipocket-ebook' );
INSERT INTO files ( gid, file, mime ) VALUES ( '35022', 'http://www.gutenberg.org/ebooks/35022.kindle.noimages', 'application/x-mobipocket-ebook' );
INSERT INTO files ( gid, file, mime ) VALUES ( '35022', 'http://www.gutenberg.org/ebooks/35022.rdf', 'application/rdf+xml' );
INSERT INTO files ( gid, file, mime ) VALUES ( '35022', 'http://www.gutenberg.org/ebooks/35022.txt.utf-8', 'text/plain' );
INSERT INTO files ( gid, file, mime ) VALUES ( '35022', 'http://www.gutenberg.org/files/35022/35022-8.txt', 'text/plain; charset=iso-8859-1' );
INSERT INTO files ( gid, file, mime ) VALUES ( '35022', 'http://www.gutenberg.org/files/35022/35022-8.zip', 'text/plain; charset=iso-8859-1application/zip' );
INSERT INTO files ( gid, file, mime ) VALUES ( '35022', 'http://www.gutenberg.org/files/35022/35022-h.zip', 'text/html; charset=iso-8859-1application/zip' );
INSERT INTO files ( gid, file, mime ) VALUES ( '35022', 'http://www.gutenberg.org/files/35022/35022-h/35022-h.htm', 'text/html; charset=iso-8859-1' );
INSERT INTO files ( gid, file, mime ) VALUES ( '35022', 'http://www.gutenberg.org/files/35022/35022.txt', 'text/plain; charset=us-ascii' );
INSERT INTO files ( gid, file, mime ) VALUES ( '35022', 'http://www.gutenberg.org/files/35022/35022.zip', 'text/plain; charset=us-asciiapplication/zip' );
INSERT INTO titles ( gid, title, author, language, rights ) VALUES ( '3522', 'Human Genome Project, Chromosome Number 22', 'Human Genome Project', 'en', 'Public domain in the USA.' );
INSERT INTO classifications ( gid, classification ) VALUES ( '3522', 'QH' );
INSERT INTO classifications ( gid, classification ) VALUES ( '3522', 'QP' );
INSERT INTO subjects ( gid, subject ) VALUES ( '3522', 'Human genetics' );
INSERT INTO subjects ( gid, subject ) VALUES ( '3522', 'Human gene mapping' );
INSERT INTO subjects ( gid, subject ) VALUES ( '3522', 'Nucleotide sequence' );
INSERT INTO subjects ( gid, subject ) VALUES ( '3522', 'Human Genome Project' );
INSERT INTO files ( gid, file, mime ) VALUES ( '3522', 'http://www.gutenberg.org/ebooks/3522.rdf', 'application/rdf+xml' );
INSERT INTO files ( gid, file, mime ) VALUES ( '3522', 'http://www.gutenberg.org/files/3522/3522.zip', 'application/ziptext/plain; charset=us-ascii' );
INSERT INTO titles ( gid, title, author, language, rights ) VALUES ( '35222', 'White Slavery in the Barbary States', 'Sumner, Charles', 'en', 'Public domain in the USA.' );
INSERT INTO classifications ( gid, classification ) VALUES ( '35222', 'HT' );
INSERT INTO subjects ( gid, subject ) VALUES ( '35222', 'Slavery -- Africa, North' );
INSERT INTO files ( gid, file, mime ) VALUES ( '35222', 'http://www.gutenberg.org/ebooks/35222.epub.images', 'application/epub+zip' );
INSERT INTO files ( gid, file, mime ) VALUES ( '35222', 'http://www.gutenberg.org/ebooks/35222.epub.noimages', 'application/epub+zip' );
INSERT INTO files ( gid, file, mime ) VALUES ( '35222', 'http://www.gutenberg.org/ebooks/35222.kindle.images', 'application/x-mobipocket-ebook' );
INSERT INTO files ( gid, file, mime ) VALUES ( '35222', 'http://www.gutenberg.org/ebooks/35222.kindle.noimages', 'application/x-mobipocket-ebook' );
INSERT INTO files ( gid, file, mime ) VALUES ( '35222', 'http://www.gutenberg.org/ebooks/35222.rdf', 'application/rdf+xml' );
INSERT INTO files ( gid, file, mime ) VALUES ( '35222', 'http://www.gutenberg.org/ebooks/35222.txt.utf-8', 'text/plain' );
INSERT INTO files ( gid, file, mime ) VALUES ( '35222', 'http://www.gutenberg.org/files/35222/35222-8.txt', 'text/plain; charset=iso-8859-1' );
INSERT INTO files ( gid, file, mime ) VALUES ( '35222', 'http://www.gutenberg.org/files/35222/35222-8.zip', 'application/ziptext/plain; charset=iso-8859-1' );
INSERT INTO files ( gid, file, mime ) VALUES ( '35222', 'http://www.gutenberg.org/files/35222/35222-h.zip', 'text/html; charset=iso-8859-1application/zip' );
INSERT INTO files ( gid, file, mime ) VALUES ( '35222', 'http://www.gutenberg.org/files/35222/35222-h/35222-h.htm', 'text/html; charset=iso-8859-1' );
INSERT INTO files ( gid, file, mime ) VALUES ( '35222', 'http://www.gutenberg.org/files/35222/35222.txt', 'text/plain; charset=us-ascii' );
INSERT INTO files ( gid, file, mime ) VALUES ( '35222', 'http://www.gutenberg.org/files/35222/35222.zip', 'application/ziptext/plain; charset=us-ascii' );
INSERT INTO titles ( gid, title, author, language, rights ) VALUES ( '35322', 'The Thistle and the Cedar of Lebanon', 'Risk Allah, Habeeb', 'en', 'Public domain in the USA.' );
INSERT INTO classifications ( gid, classification ) VALUES ( '35322', 'DS' );
INSERT INTO subjects ( gid, subject ) VALUES ( '35322', 'Risk Allah, Habeeb -- Travel -- Europe' );
INSERT INTO subjects ( gid, subject ) VALUES ( '35322', 'Syria -- Description and travel' );
INSERT INTO subjects ( gid, subject ) VALUES ( '35322', 'Europe -- Description and travel' );
INSERT INTO subjects ( gid, subject ) VALUES ( '35322', 'Risk Allah, Habeeb -- Travel -- Syria' );
INSERT INTO files ( gid, file, mime ) VALUES ( '35322', 'http://www.gutenberg.org/ebooks/35322.epub.images', 'application/epub+zip' );
INSERT INTO files ( gid, file, mime ) VALUES ( '35322', 'http://www.gutenberg.org/ebooks/35322.epub.noimages', 'application/epub+zip' );
INSERT INTO files ( gid, file, mime ) VALUES ( '35322', 'http://www.gutenberg.org/ebooks/35322.kindle.images', 'application/x-mobipocket-ebook' );
INSERT INTO files ( gid, file, mime ) VALUES ( '35322', 'http://www.gutenberg.org/ebooks/35322.kindle.noimages', 'application/x-mobipocket-ebook' );
INSERT INTO files ( gid, file, mime ) VALUES ( '35322', 'http://www.gutenberg.org/ebooks/35322.rdf', 'application/rdf+xml' );
INSERT INTO files ( gid, file, mime ) VALUES ( '35322', 'http://www.gutenberg.org/files/35322.txt', 'text/plain; charset=us-ascii' );
INSERT INTO files ( gid, file, mime ) VALUES ( '35322', 'http://www.gutenberg.org/files/35322/35322-0.txt', 'text/plain; charset=utf-8' );
INSERT INTO files ( gid, file, mime ) VALUES ( '35322', 'http://www.gutenberg.org/files/35322/35322-0.zip', 'text/plain; charset=utf-8application/zip' );
INSERT INTO files ( gid, file, mime ) VALUES ( '35322', 'http://www.gutenberg.org/files/35322/35322-h.zip', 'application/ziptext/html' );
INSERT INTO files ( gid, file, mime ) VALUES ( '35322', 'http://www.gutenberg.org/files/35322/35322-h/35322-h.htm', 'text/html' );
INSERT INTO titles ( gid, title, author, language, rights ) VALUES ( '35422', 'The Two Goats and the Sick Monkey', 'Anonymous', 'en', 'Public domain in the USA.' );
INSERT INTO classifications ( gid, classification ) VALUES ( '35422', 'PZ' );
INSERT INTO subjects ( gid, subject ) VALUES ( '35422', 'Animals -- Juvenile literature' );
INSERT INTO subjects ( gid, subject ) VALUES ( '35422', 'Natural history -- Juvenile literature' );
INSERT INTO files ( gid, file, mime ) VALUES ( '35422', 'http://www.gutenberg.org/cache/epub/35422/pg35422.cover.medium.jpg', 'image/jpeg' );
INSERT INTO files ( gid, file, mime ) VALUES ( '35422', 'http://www.gutenberg.org/cache/epub/35422/pg35422.cover.small.jpg', 'image/jpeg' );
INSERT INTO files ( gid, file, mime ) VALUES ( '35422', 'http://www.gutenberg.org/ebooks/35422.epub.images', 'application/epub+zip' );
INSERT INTO files ( gid, file, mime ) VALUES ( '35422', 'http://www.gutenberg.org/ebooks/35422.epub.noimages', 'application/epub+zip' );
INSERT INTO files ( gid, file, mime ) VALUES ( '35422', 'http://www.gutenberg.org/ebooks/35422.kindle.images', 'application/x-mobipocket-ebook' );
INSERT INTO files ( gid, file, mime ) VALUES ( '35422', 'http://www.gutenberg.org/ebooks/35422.kindle.noimages', 'application/x-mobipocket-ebook' );
INSERT INTO files ( gid, file, mime ) VALUES ( '35422', 'http://www.gutenberg.org/ebooks/35422.rdf', 'application/rdf+xml' );
INSERT INTO files ( gid, file, mime ) VALUES ( '35422', 'http://www.gutenberg.org/ebooks/35422.txt.utf-8', 'text/plain' );
INSERT INTO files ( gid, file, mime ) VALUES ( '35422', 'http://www.gutenberg.org/files/35422/35422-h.zip', 'application/ziptext/html; charset=iso-8859-1' );
INSERT INTO files ( gid, file, mime ) VALUES ( '35422', 'http://www.gutenberg.org/files/35422/35422-h/35422-h.htm', 'text/html; charset=iso-8859-1' );
INSERT INTO files ( gid, file, mime ) VALUES ( '35422', 'http://www.gutenberg.org/files/35422/35422.txt', 'text/plain; charset=us-ascii' );
INSERT INTO files ( gid, file, mime ) VALUES ( '35422', 'http://www.gutenberg.org/files/35422/35422.zip', 'application/ziptext/plain; charset=us-ascii' );
INSERT INTO titles ( gid, title, author, language, rights ) VALUES ( '35522', 'Perhe Giljellä: Kuvaus neljänneltä vuosikymmeneltä', 'Lie, Jonas', 'fi', 'Public domain in the USA.' );
INSERT INTO classifications ( gid, classification ) VALUES ( '35522', 'PT' );
INSERT INTO subjects ( gid, subject ) VALUES ( '35522', 'Women -- Social conditions -- Fiction' );
INSERT INTO subjects ( gid, subject ) VALUES ( '35522', 'Families -- Fiction' );
INSERT INTO subjects ( gid, subject ) VALUES ( '35522', 'Domestic fiction' );
INSERT INTO subjects ( gid, subject ) VALUES ( '35522', 'Norway -- Fiction' );
INSERT INTO files ( gid, file, mime ) VALUES ( '35522', 'http://www.gutenberg.org/ebooks/35522.epub.images', 'application/epub+zip' );
INSERT INTO files ( gid, file, mime ) VALUES ( '35522', 'http://www.gutenberg.org/ebooks/35522.epub.noimages', 'application/epub+zip' );
INSERT INTO files ( gid, file, mime ) VALUES ( '35522', 'http://www.gutenberg.org/ebooks/35522.html.images', 'text/html' );
INSERT INTO files ( gid, file, mime ) VALUES ( '35522', 'http://www.gutenberg.org/ebooks/35522.html.noimages', 'text/html' );
INSERT INTO files ( gid, file, mime ) VALUES ( '35522', 'http://www.gutenberg.org/ebooks/35522.kindle.images', 'application/x-mobipocket-ebook' );
INSERT INTO files ( gid, file, mime ) VALUES ( '35522', 'http://www.gutenberg.org/ebooks/35522.kindle.noimages', 'application/x-mobipocket-ebook' );
INSERT INTO files ( gid, file, mime ) VALUES ( '35522', 'http://www.gutenberg.org/ebooks/35522.rdf', 'application/rdf+xml' );
INSERT INTO files ( gid, file, mime ) VALUES ( '35522', 'http://www.gutenberg.org/ebooks/35522.txt.utf-8', 'text/plain' );
INSERT INTO files ( gid, file, mime ) VALUES ( '35522', 'http://www.gutenberg.org/files/35522/35522-8.txt', 'text/plain; charset=iso-8859-1' );
INSERT INTO files ( gid, file, mime ) VALUES ( '35522', 'http://www.gutenberg.org/files/35522/35522-8.zip', 'application/ziptext/plain; charset=iso-8859-1' );
INSERT INTO titles ( gid, title, author, language, rights ) VALUES ( '35622', 'A Philosophical Dictionary, Volume 02', 'Voltaire', 'en', 'Public domain in the USA.' );
INSERT INTO classifications ( gid, classification ) VALUES ( '35622', 'B' );
INSERT INTO subjects ( gid, subject ) VALUES ( '35622', 'Criticism (Philosophy)' );
INSERT INTO subjects ( gid, subject ) VALUES ( '35622', 'Philosophy -- Dictionaries' );
INSERT INTO files ( gid, file, mime ) VALUES ( '35622', 'http://www.gutenberg.org/ebooks/35622.epub.images', 'application/epub+zip' );
INSERT INTO files ( gid, file, mime ) VALUES ( '35622', 'http://www.gutenberg.org/ebooks/35622.epub.noimages', 'application/epub+zip' );
INSERT INTO files ( gid, file, mime ) VALUES ( '35622', 'http://www.gutenberg.org/ebooks/35622.kindle.images', 'application/x-mobipocket-ebook' );
INSERT INTO files ( gid, file, mime ) VALUES ( '35622', 'http://www.gutenberg.org/ebooks/35622.kindle.noimages', 'application/x-mobipocket-ebook' );
INSERT INTO files ( gid, file, mime ) VALUES ( '35622', 'http://www.gutenberg.org/ebooks/35622.rdf', 'application/rdf+xml' );
INSERT INTO files ( gid, file, mime ) VALUES ( '35622', 'http://www.gutenberg.org/files/35622/35622-0.txt', 'text/plain; charset=utf-8' );
INSERT INTO files ( gid, file, mime ) VALUES ( '35622', 'http://www.gutenberg.org/files/35622/35622-0.zip', 'text/plain; charset=utf-8application/zip' );
INSERT INTO files ( gid, file, mime ) VALUES ( '35622', 'http://www.gutenberg.org/files/35622/35622-8.txt', 'text/plain; charset=iso-8859-1' );
INSERT INTO files ( gid, file, mime ) VALUES ( '35622', 'http://www.gutenberg.org/files/35622/35622-8.zip', 'text/plain; charset=iso-8859-1application/zip' );
INSERT INTO files ( gid, file, mime ) VALUES ( '35622', 'http://www.gutenberg.org/files/35622/35622-h.zip', 'application/ziptext/html; charset=iso-8859-1' );
INSERT INTO files ( gid, file, mime ) VALUES ( '35622', 'http://www.gutenberg.org/files/35622/35622-h/35622-h.htm', 'text/html; charset=iso-8859-1' );
INSERT INTO files ( gid, file, mime ) VALUES ( '35622', 'http://www.gutenberg.org/files/35622/35622.txt', 'text/plain; charset=us-ascii' );
INSERT INTO files ( gid, file, mime ) VALUES ( '35622', 'http://www.gutenberg.org/files/35622/35622.zip', 'application/ziptext/plain; charset=us-ascii' );
INSERT INTO titles ( gid, title, author, language, rights ) VALUES ( '35722', 'Ontology, or the Theory of Being', 'Coffey, P. (Peter)', 'en', 'Public domain in the USA.' );
INSERT INTO classifications ( gid, classification ) VALUES ( '35722', 'BD' );
INSERT INTO subjects ( gid, subject ) VALUES ( '35722', 'Ontology' );
INSERT INTO files ( gid, file, mime ) VALUES ( '35722', 'http://www.gutenberg.org/ebooks/35722.epub.images', 'application/epub+zip' );
INSERT INTO files ( gid, file, mime ) VALUES ( '35722', 'http://www.gutenberg.org/ebooks/35722.epub.noimages', 'application/epub+zip' );
INSERT INTO files ( gid, file, mime ) VALUES ( '35722', 'http://www.gutenberg.org/ebooks/35722.kindle.images', 'application/x-mobipocket-ebook' );
INSERT INTO files ( gid, file, mime ) VALUES ( '35722', 'http://www.gutenberg.org/ebooks/35722.kindle.noimages', 'application/x-mobipocket-ebook' );
INSERT INTO files ( gid, file, mime ) VALUES ( '35722', 'http://www.gutenberg.org/ebooks/35722.rdf', 'application/rdf+xml' );
INSERT INTO files ( gid, file, mime ) VALUES ( '35722', 'http://www.gutenberg.org/files/35722/35722-0.txt', 'text/plain; charset=utf-8' );
INSERT INTO files ( gid, file, mime ) VALUES ( '35722', 'http://www.gutenberg.org/files/35722/35722-0.zip', 'application/ziptext/plain; charset=utf-8' );
INSERT INTO files ( gid, file, mime ) VALUES ( '35722', 'http://www.gutenberg.org/files/35722/35722-8.txt', 'text/plain; charset=iso-8859-1' );
INSERT INTO files ( gid, file, mime ) VALUES ( '35722', 'http://www.gutenberg.org/files/35722/35722-8.zip', 'text/plain; charset=iso-8859-1application/zip' );
INSERT INTO files ( gid, file, mime ) VALUES ( '35722', 'http://www.gutenberg.org/files/35722/35722-h.zip', 'text/html; charset=utf-8application/zip' );
INSERT INTO files ( gid, file, mime ) VALUES ( '35722', 'http://www.gutenberg.org/files/35722/35722-h/35722-h.html', 'text/html; charset=utf-8' );
INSERT INTO files ( gid, file, mime ) VALUES ( '35722', 'http://www.gutenberg.org/files/35722/35722-pdf.pdf', 'application/pdf' );
INSERT INTO files ( gid, file, mime ) VALUES ( '35722', 'http://www.gutenberg.org/files/35722/35722-pdf.zip', 'application/zipapplication/pdf' );
INSERT INTO files ( gid, file, mime ) VALUES ( '35722', 'http://www.gutenberg.org/files/35722/35722-tei.zip', 'application/octet-streamapplication/zip' );
INSERT INTO files ( gid, file, mime ) VALUES ( '35722', 'http://www.gutenberg.org/files/35722/35722-tei/35722-tei.tei', 'application/prs.tei' );
INSERT INTO files ( gid, file, mime ) VALUES ( '35722', 'http://www.gutenberg.org/files/35722/35722.txt', 'text/plain; charset=us-ascii' );
INSERT INTO files ( gid, file, mime ) VALUES ( '35722', 'http://www.gutenberg.org/files/35722/35722.zip', 'application/ziptext/plain; charset=us-ascii' );
INSERT INTO titles ( gid, title, author, language, rights ) VALUES ( '35822', 'That Little Girl of Miss Eliza''s: A Story for Young People', 'Baird, Jean K. (Jean Katherine)', 'en', 'Public domain in the USA.' );
INSERT INTO classifications ( gid, classification ) VALUES ( '35822', 'PZ' );
INSERT INTO subjects ( gid, subject ) VALUES ( '35822', 'Villages -- Juvenile fiction' );
INSERT INTO subjects ( gid, subject ) VALUES ( '35822', 'Foundlings -- Juvenile fiction' );
INSERT INTO subjects ( gid, subject ) VALUES ( '35822', 'Mystery fiction' );
INSERT INTO subjects ( gid, subject ) VALUES ( '35822', 'Conduct of life -- Juvenile fiction' );
INSERT INTO files ( gid, file, mime ) VALUES ( '35822', 'http://www.gutenberg.org/cache/epub/35822/pg35822.cover.medium.jpg', 'image/jpeg' );
INSERT INTO files ( gid, file, mime ) VALUES ( '35822', 'http://www.gutenberg.org/cache/epub/35822/pg35822.cover.small.jpg', 'image/jpeg' );
INSERT INTO files ( gid, file, mime ) VALUES ( '35822', 'http://www.gutenberg.org/ebooks/35822.epub.images', 'application/epub+zip' );
INSERT INTO files ( gid, file, mime ) VALUES ( '35822', 'http://www.gutenberg.org/ebooks/35822.epub.noimages', 'application/epub+zip' );
INSERT INTO files ( gid, file, mime ) VALUES ( '35822', 'http://www.gutenberg.org/ebooks/35822.kindle.images', 'application/x-mobipocket-ebook' );
INSERT INTO files ( gid, file, mime ) VALUES ( '35822', 'http://www.gutenberg.org/ebooks/35822.kindle.noimages', 'application/x-mobipocket-ebook' );
INSERT INTO files ( gid, file, mime ) VALUES ( '35822', 'http://www.gutenberg.org/ebooks/35822.pdf.noimages', 'application/pdf' );
INSERT INTO files ( gid, file, mime ) VALUES ( '35822', 'http://www.gutenberg.org/ebooks/35822.rdf', 'application/rdf+xml' );
INSERT INTO files ( gid, file, mime ) VALUES ( '35822', 'http://www.gutenberg.org/ebooks/35822.rst.gen', 'text/x-rst' );
INSERT INTO files ( gid, file, mime ) VALUES ( '35822', 'http://www.gutenberg.org/files/35822/35822-0.txt', 'text/plain; charset=utf-8' );
INSERT INTO files ( gid, file, mime ) VALUES ( '35822', 'http://www.gutenberg.org/files/35822/35822-0.zip', 'text/plain; charset=utf-8application/zip' );
INSERT INTO files ( gid, file, mime ) VALUES ( '35822', 'http://www.gutenberg.org/files/35822/35822-8.txt', 'text/plain; charset=iso-8859-1' );
INSERT INTO files ( gid, file, mime ) VALUES ( '35822', 'http://www.gutenberg.org/files/35822/35822-8.zip', 'text/plain; charset=iso-8859-1application/zip' );
INSERT INTO files ( gid, file, mime ) VALUES ( '35822', 'http://www.gutenberg.org/files/35822/35822-h.zip', 'text/html; charset=utf-8application/zip' );
INSERT INTO files ( gid, file, mime ) VALUES ( '35822', 'http://www.gutenberg.org/files/35822/35822-h/35822-h.html', 'text/html; charset=utf-8' );
INSERT INTO files ( gid, file, mime ) VALUES ( '35822', 'http://www.gutenberg.org/files/35822/35822-rst.zip', 'application/ziptext/x-rst' );
INSERT INTO files ( gid, file, mime ) VALUES ( '35822', 'http://www.gutenberg.org/files/35822/35822-rst/35822-rst.rst', 'text/x-rst' );
INSERT INTO files ( gid, file, mime ) VALUES ( '35822', 'http://www.gutenberg.org/files/35822/35822.txt', 'text/plain; charset=us-ascii' );
INSERT INTO files ( gid, file, mime ) VALUES ( '35822', 'http://www.gutenberg.org/files/35822/35822.zip', 'text/plain; charset=us-asciiapplication/zip' );
INSERT INTO titles ( gid, title, author, language, rights ) VALUES ( '35922', 'Victorian Ode for Jubilee Day, 1897', 'Thompson, Francis', 'en', 'Public domain in the USA.' );
INSERT INTO classifications ( gid, classification ) VALUES ( '35922', 'PR' );
INSERT INTO subjects ( gid, subject ) VALUES ( '35922', 'Victoria, Queen of Great Britain, 1819-1901 -- Anniversaries, etc. -- Poetry' );
INSERT INTO files ( gid, file, mime ) VALUES ( '35922', 'http://www.gutenberg.org/ebooks/35922.epub.images', 'application/epub+zip' );
INSERT INTO files ( gid, file, mime ) VALUES ( '35922', 'http://www.gutenberg.org/ebooks/35922.epub.noimages', 'application/epub+zip' );
INSERT INTO files ( gid, file, mime ) VALUES ( '35922', 'http://www.gutenberg.org/ebooks/35922.kindle.images', 'application/x-mobipocket-ebook' );
INSERT INTO files ( gid, file, mime ) VALUES ( '35922', 'http://www.gutenberg.org/ebooks/35922.kindle.noimages', 'application/x-mobipocket-ebook' );
INSERT INTO files ( gid, file, mime ) VALUES ( '35922', 'http://www.gutenberg.org/ebooks/35922.rdf', 'application/rdf+xml' );
INSERT INTO files ( gid, file, mime ) VALUES ( '35922', 'http://www.gutenberg.org/ebooks/35922.txt.utf-8', 'text/plain' );
INSERT INTO files ( gid, file, mime ) VALUES ( '35922', 'http://www.gutenberg.org/files/35922/35922-8.txt', 'text/plain; charset=iso-8859-1' );
INSERT INTO files ( gid, file, mime ) VALUES ( '35922', 'http://www.gutenberg.org/files/35922/35922-8.zip', 'text/plain; charset=iso-8859-1application/zip' );
INSERT INTO files ( gid, file, mime ) VALUES ( '35922', 'http://www.gutenberg.org/files/35922/35922-h.zip', 'application/ziptext/html; charset=iso-8859-1' );
INSERT INTO files ( gid, file, mime ) VALUES ( '35922', 'http://www.gutenberg.org/files/35922/35922-h/35922-h.htm', 'text/html; charset=iso-8859-1' );
INSERT INTO files ( gid, file, mime ) VALUES ( '35922', 'http://www.gutenberg.org/files/35922/35922.txt', 'text/plain; charset=us-ascii' );
INSERT INTO files ( gid, file, mime ) VALUES ( '35922', 'http://www.gutenberg.org/files/35922/35922.zip', 'text/plain; charset=us-asciiapplication/zip' );
INSERT INTO titles ( gid, title, author, language, rights ) VALUES ( '36022', 'Slave Narratives: A Folk History of Slavery in the United States From Interviews with Former Slaves: Volume XIV, South Carolina Narratives, Part 3', 'United States. Work Projects Administration', 'en', 'Public domain in the USA.' );
INSERT INTO subjects ( gid, subject ) VALUES ( '36022', 'African Americans -- South Carolina -- Biography' );
INSERT INTO subjects ( gid, subject ) VALUES ( '36022', 'Slave narratives -- South Carolina' );
INSERT INTO subjects ( gid, subject ) VALUES ( '36022', 'E300' );
INSERT INTO subjects ( gid, subject ) VALUES ( '36022', 'Slavery -- South Carolina' );
INSERT INTO subjects ( gid, subject ) VALUES ( '36022', 'Slaves -- South Carolina -- Social conditions' );
INSERT INTO subjects ( gid, subject ) VALUES ( '36022', 'Slaves -- South Carolina -- Biography' );
INSERT INTO files ( gid, file, mime ) VALUES ( '36022', 'http://www.gutenberg.org/ebooks/36022.epub.images', 'application/epub+zip' );
INSERT INTO files ( gid, file, mime ) VALUES ( '36022', 'http://www.gutenberg.org/ebooks/36022.epub.noimages', 'application/epub+zip' );
INSERT INTO files ( gid, file, mime ) VALUES ( '36022', 'http://www.gutenberg.org/ebooks/36022.kindle.images', 'application/x-mobipocket-ebook' );
INSERT INTO files ( gid, file, mime ) VALUES ( '36022', 'http://www.gutenberg.org/ebooks/36022.kindle.noimages', 'application/x-mobipocket-ebook' );
INSERT INTO files ( gid, file, mime ) VALUES ( '36022', 'http://www.gutenberg.org/ebooks/36022.rdf', 'application/rdf+xml' );
INSERT INTO files ( gid, file, mime ) VALUES ( '36022', 'http://www.gutenberg.org/ebooks/36022.rst.gen', 'text/x-rst' );
INSERT INTO files ( gid, file, mime ) VALUES ( '36022', 'http://www.gutenberg.org/files/36022/36022-0.txt', 'text/plain; charset=utf-8' );
INSERT INTO files ( gid, file, mime ) VALUES ( '36022', 'http://www.gutenberg.org/files/36022/36022-0.zip', 'text/plain; charset=utf-8application/zip' );
INSERT INTO files ( gid, file, mime ) VALUES ( '36022', 'http://www.gutenberg.org/files/36022/36022-8.txt', 'text/plain; charset=iso-8859-1' );
INSERT INTO files ( gid, file, mime ) VALUES ( '36022', 'http://www.gutenberg.org/files/36022/36022-8.zip', 'application/ziptext/plain; charset=iso-8859-1' );
INSERT INTO files ( gid, file, mime ) VALUES ( '36022', 'http://www.gutenberg.org/files/36022/36022-h.zip', 'application/ziptext/html; charset=utf-8' );
INSERT INTO files ( gid, file, mime ) VALUES ( '36022', 'http://www.gutenberg.org/files/36022/36022-h/36022-h.html', 'text/html; charset=utf-8' );
INSERT INTO files ( gid, file, mime ) VALUES ( '36022', 'http://www.gutenberg.org/files/36022/36022-rst.zip', 'application/ziptext/x-rst' );
INSERT INTO files ( gid, file, mime ) VALUES ( '36022', 'http://www.gutenberg.org/files/36022/36022-rst/36022-rst.rst', 'text/x-rst' );
INSERT INTO files ( gid, file, mime ) VALUES ( '36022', 'http://www.gutenberg.org/files/36022/36022.txt', 'text/plain; charset=us-ascii' );
INSERT INTO files ( gid, file, mime ) VALUES ( '36022', 'http://www.gutenberg.org/files/36022/36022.zip', 'application/ziptext/plain; charset=us-ascii' );
INSERT INTO titles ( gid, title, author, language, rights ) VALUES ( '36122', 'The Winning of the Golden Spurs', 'Westerman, Percy F. (Percy Francis)', 'en', 'Public domain in the USA.' );
INSERT INTO classifications ( gid, classification ) VALUES ( '36122', 'PZ' );
INSERT INTO subjects ( gid, subject ) VALUES ( '36122', 'Adventure stories' );
INSERT INTO subjects ( gid, subject ) VALUES ( '36122', 'Great Britain -- History -- Edward III, 1327-1377 -- Juvenile fiction' );
INSERT INTO files ( gid, file, mime ) VALUES ( '36122', 'http://www.gutenberg.org/cache/epub/36122/pg36122.cover.medium.jpg', 'image/jpeg' );
INSERT INTO files ( gid, file, mime ) VALUES ( '36122', 'http://www.gutenberg.org/cache/epub/36122/pg36122.cover.small.jpg', 'image/jpeg' );
INSERT INTO files ( gid, file, mime ) VALUES ( '36122', 'http://www.gutenberg.org/ebooks/36122.epub.images', 'application/epub+zip' );
INSERT INTO files ( gid, file, mime ) VALUES ( '36122', 'http://www.gutenberg.org/ebooks/36122.epub.noimages', 'application/epub+zip' );
INSERT INTO files ( gid, file, mime ) VALUES ( '36122', 'http://www.gutenberg.org/ebooks/36122.kindle.images', 'application/x-mobipocket-ebook' );
INSERT INTO files ( gid, file, mime ) VALUES ( '36122', 'http://www.gutenberg.org/ebooks/36122.kindle.noimages', 'application/x-mobipocket-ebook' );
INSERT INTO files ( gid, file, mime ) VALUES ( '36122', 'http://www.gutenberg.org/ebooks/36122.rdf', 'application/rdf+xml' );
INSERT INTO files ( gid, file, mime ) VALUES ( '36122', 'http://www.gutenberg.org/ebooks/36122.txt.utf-8', 'text/plain' );
INSERT INTO files ( gid, file, mime ) VALUES ( '36122', 'http://www.gutenberg.org/files/36122/36122-8.txt', 'text/plain; charset=iso-8859-1' );
INSERT INTO files ( gid, file, mime ) VALUES ( '36122', 'http://www.gutenberg.org/files/36122/36122-8.zip', 'application/ziptext/plain; charset=iso-8859-1' );
INSERT INTO files ( gid, file, mime ) VALUES ( '36122', 'http://www.gutenberg.org/files/36122/36122-h.zip', 'application/ziptext/html; charset=iso-8859-1' );
INSERT INTO files ( gid, file, mime ) VALUES ( '36122', 'http://www.gutenberg.org/files/36122/36122-h/36122-h.htm', 'text/html; charset=iso-8859-1' );
INSERT INTO files ( gid, file, mime ) VALUES ( '36122', 'http://www.gutenberg.org/files/36122/36122.txt', 'text/plain; charset=us-ascii' );
INSERT INTO files ( gid, file, mime ) VALUES ( '36122', 'http://www.gutenberg.org/files/36122/36122.zip', 'application/ziptext/plain; charset=us-ascii' );
INSERT INTO titles ( gid, title, author, language, rights ) VALUES ( '36222', 'Essays in the Study of Folk-Songs (1886)', 'Martinengo-Cesaresco, Evelyn Lilian Hazeldine Carrington, contessa', 'en', 'Public domain in the USA.' );
INSERT INTO classifications ( gid, classification ) VALUES ( '36222', 'PN' );
INSERT INTO subjects ( gid, subject ) VALUES ( '36222', 'Folk songs -- History and criticism' );
INSERT INTO files ( gid, file, mime ) VALUES ( '36222', 'http://www.gutenberg.org/ebooks/36222.epub.images', 'application/epub+zip' );
INSERT INTO files ( gid, file, mime ) VALUES ( '36222', 'http://www.gutenberg.org/ebooks/36222.epub.noimages', 'application/epub+zip' );
INSERT INTO files ( gid, file, mime ) VALUES ( '36222', 'http://www.gutenberg.org/ebooks/36222.kindle.images', 'application/x-mobipocket-ebook' );
INSERT INTO files ( gid, file, mime ) VALUES ( '36222', 'http://www.gutenberg.org/ebooks/36222.kindle.noimages', 'application/x-mobipocket-ebook' );
INSERT INTO files ( gid, file, mime ) VALUES ( '36222', 'http://www.gutenberg.org/ebooks/36222.rdf', 'application/rdf+xml' );
INSERT INTO files ( gid, file, mime ) VALUES ( '36222', 'http://www.gutenberg.org/ebooks/36222.txt.utf-8', 'text/plain' );
INSERT INTO files ( gid, file, mime ) VALUES ( '36222', 'http://www.gutenberg.org/files/36222/36222-8.txt', 'text/plain; charset=iso-8859-1' );
INSERT INTO files ( gid, file, mime ) VALUES ( '36222', 'http://www.gutenberg.org/files/36222/36222-8.zip', 'application/ziptext/plain; charset=iso-8859-1' );
INSERT INTO files ( gid, file, mime ) VALUES ( '36222', 'http://www.gutenberg.org/files/36222/36222-h.zip', 'application/ziptext/html; charset=iso-8859-1' );
INSERT INTO files ( gid, file, mime ) VALUES ( '36222', 'http://www.gutenberg.org/files/36222/36222-h/36222-h.htm', 'text/html; charset=iso-8859-1' );
INSERT INTO files ( gid, file, mime ) VALUES ( '36222', 'http://www.gutenberg.org/files/36222/36222.txt', 'text/plain; charset=us-ascii' );
INSERT INTO files ( gid, file, mime ) VALUES ( '36222', 'http://www.gutenberg.org/files/36222/36222.zip', 'text/plain; charset=us-asciiapplication/zip' );
INSERT INTO titles ( gid, title, author, language, rights ) VALUES ( '3622', 'The Duke''s Children', 'Trollope, Anthony', 'en', 'Public domain in the USA.' );
INSERT INTO classifications ( gid, classification ) VALUES ( '3622', 'PR' );
INSERT INTO subjects ( gid, subject ) VALUES ( '3622', 'Domestic fiction' );
INSERT INTO subjects ( gid, subject ) VALUES ( '3622', 'Conflict of generations -- Fiction' );
INSERT INTO subjects ( gid, subject ) VALUES ( '3622', 'Palliser, Plantagenet (Fictitious character) -- Fiction' );
INSERT INTO subjects ( gid, subject ) VALUES ( '3622', 'Political fiction' );
INSERT INTO subjects ( gid, subject ) VALUES ( '3622', 'Widowers -- Fiction' );
INSERT INTO subjects ( gid, subject ) VALUES ( '3622', 'Nobility -- Fiction' );
INSERT INTO subjects ( gid, subject ) VALUES ( '3622', 'London (England) -- Fiction' );
INSERT INTO subjects ( gid, subject ) VALUES ( '3622', 'Parent and adult child -- Fiction' );
INSERT INTO subjects ( gid, subject ) VALUES ( '3622', 'Prime ministers -- Family relationships -- Fiction' );
INSERT INTO files ( gid, file, mime ) VALUES ( '3622', 'http://www.gutenberg.org/ebooks/3622.epub.images', 'application/epub+zip' );
INSERT INTO files ( gid, file, mime ) VALUES ( '3622', 'http://www.gutenberg.org/ebooks/3622.epub.noimages', 'application/epub+zip' );
INSERT INTO files ( gid, file, mime ) VALUES ( '3622', 'http://www.gutenberg.org/ebooks/3622.kindle.images', 'application/x-mobipocket-ebook' );
INSERT INTO files ( gid, file, mime ) VALUES ( '3622', 'http://www.gutenberg.org/ebooks/3622.kindle.noimages', 'application/x-mobipocket-ebook' );
INSERT INTO files ( gid, file, mime ) VALUES ( '3622', 'http://www.gutenberg.org/ebooks/3622.rdf', 'application/rdf+xml' );
INSERT INTO files ( gid, file, mime ) VALUES ( '3622', 'http://www.gutenberg.org/ebooks/3622.txt.utf-8', 'text/plain' );
INSERT INTO files ( gid, file, mime ) VALUES ( '3622', 'http://www.gutenberg.org/files/3622/3622-8.txt', 'text/plain; charset=iso-8859-1' );
INSERT INTO files ( gid, file, mime ) VALUES ( '3622', 'http://www.gutenberg.org/files/3622/3622-8.zip', 'application/ziptext/plain; charset=iso-8859-1' );
INSERT INTO files ( gid, file, mime ) VALUES ( '3622', 'http://www.gutenberg.org/files/3622/3622-h.zip', 'text/html; charset=iso-8859-1application/zip' );
INSERT INTO files ( gid, file, mime ) VALUES ( '3622', 'http://www.gutenberg.org/files/3622/3622-h/3622-h.htm', 'text/html; charset=iso-8859-1' );
INSERT INTO files ( gid, file, mime ) VALUES ( '3622', 'http://www.gutenberg.org/files/3622/3622.txt', 'text/plain; charset=us-ascii' );
INSERT INTO files ( gid, file, mime ) VALUES ( '3622', 'http://www.gutenberg.org/files/3622/3622.zip', 'application/ziptext/plain; charset=us-ascii' );
INSERT INTO titles ( gid, title, author, language, rights ) VALUES ( '36422', 'Lodges in the Wilderness', 'Scully, W. C. (William Charles)', 'en', 'Public domain in the USA.' );
INSERT INTO classifications ( gid, classification ) VALUES ( '36422', 'DT' );
INSERT INTO subjects ( gid, subject ) VALUES ( '36422', 'Natural history -- South Africa' );
INSERT INTO subjects ( gid, subject ) VALUES ( '36422', 'South Africa -- Description and travel' );
INSERT INTO files ( gid, file, mime ) VALUES ( '36422', 'http://www.gutenberg.org/ebooks/36422.epub.images', 'application/epub+zip' );
INSERT INTO files ( gid, file, mime ) VALUES ( '36422', 'http://www.gutenberg.org/ebooks/36422.epub.noimages', 'application/epub+zip' );
INSERT INTO files ( gid, file, mime ) VALUES ( '36422', 'http://www.gutenberg.org/ebooks/36422.kindle.images', 'application/x-mobipocket-ebook' );
INSERT INTO files ( gid, file, mime ) VALUES ( '36422', 'http://www.gutenberg.org/ebooks/36422.kindle.noimages', 'application/x-mobipocket-ebook' );
INSERT INTO files ( gid, file, mime ) VALUES ( '36422', 'http://www.gutenberg.org/ebooks/36422.rdf', 'application/rdf+xml' );
INSERT INTO files ( gid, file, mime ) VALUES ( '36422', 'http://www.gutenberg.org/ebooks/36422.txt.utf-8', 'text/plain' );
INSERT INTO files ( gid, file, mime ) VALUES ( '36422', 'http://www.gutenberg.org/files/36422/36422-h.zip', 'text/html; charset=utf-8application/zip' );
INSERT INTO files ( gid, file, mime ) VALUES ( '36422', 'http://www.gutenberg.org/files/36422/36422-h/36422-h.htm', 'text/html; charset=utf-8' );
INSERT INTO files ( gid, file, mime ) VALUES ( '36422', 'http://www.gutenberg.org/files/36422/36422.txt', 'text/plain; charset=us-ascii' );
INSERT INTO files ( gid, file, mime ) VALUES ( '36422', 'http://www.gutenberg.org/files/36422/36422.zip', 'application/ziptext/plain; charset=us-ascii' );
INSERT INTO titles ( gid, title, author, language, rights ) VALUES ( '36322', 'The Battleship Boys at Sea; Or, Two Apprentices in Uncle Sam''s Navy', 'Patchin, Frank Gee', 'en', 'Public domain in the USA.' );
INSERT INTO classifications ( gid, classification ) VALUES ( '36322', 'PZ' );
INSERT INTO subjects ( gid, subject ) VALUES ( '36322', 'Battleships -- Juvenile fiction' );
INSERT INTO subjects ( gid, subject ) VALUES ( '36322', 'United States. Navy -- Juvenile fiction' );
INSERT INTO files ( gid, file, mime ) VALUES ( '36322', 'http://www.gutenberg.org/ebooks/36322.epub.images', 'application/epub+zip' );
INSERT INTO files ( gid, file, mime ) VALUES ( '36322', 'http://www.gutenberg.org/ebooks/36322.epub.noimages', 'application/epub+zip' );
INSERT INTO files ( gid, file, mime ) VALUES ( '36322', 'http://www.gutenberg.org/ebooks/36322.kindle.images', 'application/x-mobipocket-ebook' );
INSERT INTO files ( gid, file, mime ) VALUES ( '36322', 'http://www.gutenberg.org/ebooks/36322.kindle.noimages', 'application/x-mobipocket-ebook' );
INSERT INTO files ( gid, file, mime ) VALUES ( '36322', 'http://www.gutenberg.org/ebooks/36322.rdf', 'application/rdf+xml' );
INSERT INTO files ( gid, file, mime ) VALUES ( '36322', 'http://www.gutenberg.org/files/36322/36322-0.txt', 'text/plain; charset=utf-8' );
INSERT INTO files ( gid, file, mime ) VALUES ( '36322', 'http://www.gutenberg.org/files/36322/36322-0.zip', 'text/plain; charset=utf-8application/zip' );
INSERT INTO files ( gid, file, mime ) VALUES ( '36322', 'http://www.gutenberg.org/files/36322/36322-h.zip', 'text/html; charset=utf-8application/zip' );
INSERT INTO files ( gid, file, mime ) VALUES ( '36322', 'http://www.gutenberg.org/files/36322/36322-h/36322-h.htm', 'text/html; charset=utf-8' );
INSERT INTO files ( gid, file, mime ) VALUES ( '36322', 'http://www.gutenberg.org/files/36322/36322.txt', 'text/plain; charset=us-ascii' );
INSERT INTO files ( gid, file, mime ) VALUES ( '36322', 'http://www.gutenberg.org/files/36322/36322.zip', 'application/ziptext/plain; charset=us-ascii' );
INSERT INTO titles ( gid, title, author, language, rights ) VALUES ( '36522', 'The Trail of the Axe: A Story of Red Sand Valley', 'Cullum, Ridgwell', 'en', 'Public domain in the USA.' );
INSERT INTO classifications ( gid, classification ) VALUES ( '36522', 'PR' );
INSERT INTO subjects ( gid, subject ) VALUES ( '36522', 'Triangles (Interpersonal relations) -- Fiction' );
INSERT INTO subjects ( gid, subject ) VALUES ( '36522', 'Canada, Western -- Fiction' );
INSERT INTO subjects ( gid, subject ) VALUES ( '36522', 'Lumber trade -- Fiction' );
INSERT INTO files ( gid, file, mime ) VALUES ( '36522', 'http://www.gutenberg.org/ebooks/36522.epub.images', 'application/epub+zip' );
INSERT INTO files ( gid, file, mime ) VALUES ( '36522', 'http://www.gutenberg.org/ebooks/36522.epub.noimages', 'application/epub+zip' );
INSERT INTO files ( gid, file, mime ) VALUES ( '36522', 'http://www.gutenberg.org/ebooks/36522.kindle.images', 'application/x-mobipocket-ebook' );
INSERT INTO files ( gid, file, mime ) VALUES ( '36522', 'http://www.gutenberg.org/ebooks/36522.kindle.noimages', 'application/x-mobipocket-ebook' );
INSERT INTO files ( gid, file, mime ) VALUES ( '36522', 'http://www.gutenberg.org/ebooks/36522.rdf', 'application/rdf+xml' );
INSERT INTO files ( gid, file, mime ) VALUES ( '36522', 'http://www.gutenberg.org/ebooks/36522.txt.utf-8', 'text/plain' );
INSERT INTO files ( gid, file, mime ) VALUES ( '36522', 'http://www.gutenberg.org/files/36522/36522-8.txt', 'text/plain; charset=iso-8859-1' );
INSERT INTO files ( gid, file, mime ) VALUES ( '36522', 'http://www.gutenberg.org/files/36522/36522-8.zip', 'text/plain; charset=iso-8859-1application/zip' );
INSERT INTO files ( gid, file, mime ) VALUES ( '36522', 'http://www.gutenberg.org/files/36522/36522-h.zip', 'text/html; charset=iso-8859-1application/zip' );
INSERT INTO files ( gid, file, mime ) VALUES ( '36522', 'http://www.gutenberg.org/files/36522/36522-h/36522-h.htm', 'text/html; charset=iso-8859-1' );
INSERT INTO files ( gid, file, mime ) VALUES ( '36522', 'http://www.gutenberg.org/files/36522/36522.txt', 'text/plain; charset=us-ascii' );
INSERT INTO files ( gid, file, mime ) VALUES ( '36522', 'http://www.gutenberg.org/files/36522/36522.zip', 'text/plain; charset=us-asciiapplication/zip' );
INSERT INTO titles ( gid, title, author, language, rights ) VALUES ( '36622', 'Χαλιμά, Τόμος 2 Εξακολούθησις των ιστοριών', '', 'el', 'Public domain in the USA.' );
INSERT INTO classifications ( gid, classification ) VALUES ( '36622', 'PJ' );
INSERT INTO subjects ( gid, subject ) VALUES ( '36622', 'Tales -- Arab countries' );
INSERT INTO subjects ( gid, subject ) VALUES ( '36622', 'Fairy tales' );
INSERT INTO files ( gid, file, mime ) VALUES ( '36622', 'http://www.gutenberg.org/ebooks/36622.epub.images', 'application/epub+zip' );
INSERT INTO files ( gid, file, mime ) VALUES ( '36622', 'http://www.gutenberg.org/ebooks/36622.epub.noimages', 'application/epub+zip' );
INSERT INTO files ( gid, file, mime ) VALUES ( '36622', 'http://www.gutenberg.org/ebooks/36622.kindle.images', 'application/x-mobipocket-ebook' );
INSERT INTO files ( gid, file, mime ) VALUES ( '36622', 'http://www.gutenberg.org/ebooks/36622.kindle.noimages', 'application/x-mobipocket-ebook' );
INSERT INTO files ( gid, file, mime ) VALUES ( '36622', 'http://www.gutenberg.org/ebooks/36622.rdf', 'application/rdf+xml' );
INSERT INTO files ( gid, file, mime ) VALUES ( '36622', 'http://www.gutenberg.org/files/36622/36622-0.txt', 'text/plain; charset=utf-8' );
INSERT INTO files ( gid, file, mime ) VALUES ( '36622', 'http://www.gutenberg.org/files/36622/36622-0.zip', 'text/plain; charset=utf-8application/zip' );
INSERT INTO files ( gid, file, mime ) VALUES ( '36622', 'http://www.gutenberg.org/files/36622/36622-h.zip', 'application/ziptext/html; charset=utf-8' );
INSERT INTO files ( gid, file, mime ) VALUES ( '36622', 'http://www.gutenberg.org/files/36622/36622-h/36622-h.htm', 'text/html; charset=utf-8' );
INSERT INTO titles ( gid, title, author, language, rights ) VALUES ( '36722', 'The Revision Revised Three Articles Reprinted from the "Quarterly Review." I. The New Greek Text. II. The New English Version. III. Westcott and Hort''s New Textual Theory. To Which is Added a Reply to Bishop Ellicott''s Pamphlet in Defence of the Revisers and Their Greek Text of the New Testament: Including a Vindication of the Traditional Reading of 1 Timothy III. 16.', 'Burgon, John William', 'en', 'Public domain in the USA.' );
INSERT INTO classifications ( gid, classification ) VALUES ( '36722', 'BS' );
INSERT INTO subjects ( gid, subject ) VALUES ( '36722', 'Ellicott, C. J. (Charles John), 1819-1905' );
INSERT INTO subjects ( gid, subject ) VALUES ( '36722', 'Bible. New Testament -- English -- Versions -- Revised -- Criticism, interpretation, etc.' );
INSERT INTO subjects ( gid, subject ) VALUES ( '36722', 'Bible. New Testament -- English -- Versions -- Revised -- Controversial literature' );
INSERT INTO subjects ( gid, subject ) VALUES ( '36722', 'Bible. New Testament -- English -- Criticism, Textual' );
INSERT INTO files ( gid, file, mime ) VALUES ( '36722', 'http://www.gutenberg.org/ebooks/36722.epub.images', 'application/epub+zip' );
INSERT INTO files ( gid, file, mime ) VALUES ( '36722', 'http://www.gutenberg.org/ebooks/36722.epub.noimages', 'application/epub+zip' );
INSERT INTO files ( gid, file, mime ) VALUES ( '36722', 'http://www.gutenberg.org/ebooks/36722.kindle.images', 'application/x-mobipocket-ebook' );
INSERT INTO files ( gid, file, mime ) VALUES ( '36722', 'http://www.gutenberg.org/ebooks/36722.kindle.noimages', 'application/x-mobipocket-ebook' );
INSERT INTO files ( gid, file, mime ) VALUES ( '36722', 'http://www.gutenberg.org/ebooks/36722.rdf', 'application/rdf+xml' );
INSERT INTO files ( gid, file, mime ) VALUES ( '36722', 'http://www.gutenberg.org/files/36722/36722-0.txt', 'text/plain; charset=utf-8' );
INSERT INTO files ( gid, file, mime ) VALUES ( '36722', 'http://www.gutenberg.org/files/36722/36722-0.zip', 'text/plain; charset=utf-8application/zip' );
INSERT INTO files ( gid, file, mime ) VALUES ( '36722', 'http://www.gutenberg.org/files/36722/36722-8.txt', 'text/plain; charset=iso-8859-1' );
INSERT INTO files ( gid, file, mime ) VALUES ( '36722', 'http://www.gutenberg.org/files/36722/36722-8.zip', 'application/ziptext/plain; charset=iso-8859-1' );
INSERT INTO files ( gid, file, mime ) VALUES ( '36722', 'http://www.gutenberg.org/files/36722/36722-h.zip', 'text/html; charset=utf-8application/zip' );
INSERT INTO files ( gid, file, mime ) VALUES ( '36722', 'http://www.gutenberg.org/files/36722/36722-h/36722-h.html', 'text/html; charset=utf-8' );
INSERT INTO files ( gid, file, mime ) VALUES ( '36722', 'http://www.gutenberg.org/files/36722/36722-pdf.pdf', 'application/pdf' );
INSERT INTO files ( gid, file, mime ) VALUES ( '36722', 'http://www.gutenberg.org/files/36722/36722-pdf.zip', 'application/pdfapplication/zip' );
INSERT INTO files ( gid, file, mime ) VALUES ( '36722', 'http://www.gutenberg.org/files/36722/36722-tei.zip', 'application/octet-streamapplication/zip' );
INSERT INTO files ( gid, file, mime ) VALUES ( '36722', 'http://www.gutenberg.org/files/36722/36722-tei/36722-tei.tei', 'application/prs.tei' );
INSERT INTO files ( gid, file, mime ) VALUES ( '36722', 'http://www.gutenberg.org/files/36722/36722.txt', 'text/plain; charset=us-ascii' );
INSERT INTO files ( gid, file, mime ) VALUES ( '36722', 'http://www.gutenberg.org/files/36722/36722.zip', 'application/ziptext/plain; charset=us-ascii' );
INSERT INTO titles ( gid, title, author, language, rights ) VALUES ( '36822', 'Japan and the California Problem', 'Iyenaga, T. (Toyokichi)', 'en', 'Public domain in the USA.' );
INSERT INTO classifications ( gid, classification ) VALUES ( '36822', 'JV' );
INSERT INTO subjects ( gid, subject ) VALUES ( '36822', 'Japan -- Emigration and immigration' );
INSERT INTO subjects ( gid, subject ) VALUES ( '36822', 'Japanese -- California' );
INSERT INTO files ( gid, file, mime ) VALUES ( '36822', 'http://www.gutenberg.org/cache/epub/36822/pg36822.cover.medium.jpg', 'image/jpeg' );
INSERT INTO files ( gid, file, mime ) VALUES ( '36822', 'http://www.gutenberg.org/cache/epub/36822/pg36822.cover.small.jpg', 'image/jpeg' );
INSERT INTO files ( gid, file, mime ) VALUES ( '36822', 'http://www.gutenberg.org/ebooks/36822.epub.images', 'application/epub+zip' );
INSERT INTO files ( gid, file, mime ) VALUES ( '36822', 'http://www.gutenberg.org/ebooks/36822.epub.noimages', 'application/epub+zip' );
INSERT INTO files ( gid, file, mime ) VALUES ( '36822', 'http://www.gutenberg.org/ebooks/36822.kindle.images', 'application/x-mobipocket-ebook' );
INSERT INTO files ( gid, file, mime ) VALUES ( '36822', 'http://www.gutenberg.org/ebooks/36822.kindle.noimages', 'application/x-mobipocket-ebook' );
INSERT INTO files ( gid, file, mime ) VALUES ( '36822', 'http://www.gutenberg.org/ebooks/36822.rdf', 'application/rdf+xml' );
INSERT INTO files ( gid, file, mime ) VALUES ( '36822', 'http://www.gutenberg.org/ebooks/36822.txt.utf-8', 'text/plain' );
INSERT INTO files ( gid, file, mime ) VALUES ( '36822', 'http://www.gutenberg.org/files/36822/36822-8.txt', 'text/plain; charset=iso-8859-1' );
INSERT INTO files ( gid, file, mime ) VALUES ( '36822', 'http://www.gutenberg.org/files/36822/36822-8.zip', 'application/ziptext/plain; charset=iso-8859-1' );
INSERT INTO files ( gid, file, mime ) VALUES ( '36822', 'http://www.gutenberg.org/files/36822/36822-h.zip', 'text/html; charset=iso-8859-1application/zip' );
INSERT INTO files ( gid, file, mime ) VALUES ( '36822', 'http://www.gutenberg.org/files/36822/36822-h/36822-h.htm', 'text/html; charset=iso-8859-1' );
INSERT INTO files ( gid, file, mime ) VALUES ( '36822', 'http://www.gutenberg.org/files/36822/36822.txt', 'text/plain; charset=us-ascii' );
INSERT INTO files ( gid, file, mime ) VALUES ( '36822', 'http://www.gutenberg.org/files/36822/36822.zip', 'application/ziptext/plain; charset=us-ascii' );
INSERT INTO titles ( gid, title, author, language, rights ) VALUES ( '36922', 'Antarctic Penguins: A Study of Their Social Habits', 'Levick, G. Murray (George Murray)', 'en', 'Public domain in the USA.' );
INSERT INTO classifications ( gid, classification ) VALUES ( '36922', 'QL' );
INSERT INTO subjects ( gid, subject ) VALUES ( '36922', 'Penguins' );
INSERT INTO files ( gid, file, mime ) VALUES ( '36922', 'http://www.gutenberg.org/cache/epub/36922/pg36922.cover.medium.jpg', 'image/jpeg' );
INSERT INTO files ( gid, file, mime ) VALUES ( '36922', 'http://www.gutenberg.org/cache/epub/36922/pg36922.cover.small.jpg', 'image/jpeg' );
INSERT INTO files ( gid, file, mime ) VALUES ( '36922', 'http://www.gutenberg.org/ebooks/36922.epub.images', 'application/epub+zip' );
INSERT INTO files ( gid, file, mime ) VALUES ( '36922', 'http://www.gutenberg.org/ebooks/36922.epub.noimages', 'application/epub+zip' );
INSERT INTO files ( gid, file, mime ) VALUES ( '36922', 'http://www.gutenberg.org/ebooks/36922.kindle.images', 'application/x-mobipocket-ebook' );
INSERT INTO files ( gid, file, mime ) VALUES ( '36922', 'http://www.gutenberg.org/ebooks/36922.kindle.noimages', 'application/x-mobipocket-ebook' );
INSERT INTO files ( gid, file, mime ) VALUES ( '36922', 'http://www.gutenberg.org/ebooks/36922.rdf', 'application/rdf+xml' );
INSERT INTO files ( gid, file, mime ) VALUES ( '36922', 'http://www.gutenberg.org/ebooks/36922.txt.utf-8', 'text/plain' );
INSERT INTO files ( gid, file, mime ) VALUES ( '36922', 'http://www.gutenberg.org/files/36922/36922-8.txt', 'text/plain; charset=iso-8859-1' );
INSERT INTO files ( gid, file, mime ) VALUES ( '36922', 'http://www.gutenberg.org/files/36922/36922-8.zip', 'text/plain; charset=iso-8859-1application/zip' );
INSERT INTO files ( gid, file, mime ) VALUES ( '36922', 'http://www.gutenberg.org/files/36922/36922-h.zip', 'text/html; charset=utf-8application/zip' );
INSERT INTO files ( gid, file, mime ) VALUES ( '36922', 'http://www.gutenberg.org/files/36922/36922-h/36922-h.htm', 'text/html; charset=utf-8' );
INSERT INTO files ( gid, file, mime ) VALUES ( '36922', 'http://www.gutenberg.org/files/36922/36922.txt', 'text/plain; charset=us-ascii' );
INSERT INTO files ( gid, file, mime ) VALUES ( '36922', 'http://www.gutenberg.org/files/36922/36922.zip', 'application/ziptext/plain; charset=us-ascii' );
INSERT INTO titles ( gid, title, author, language, rights ) VALUES ( '37022', 'The Awful Australian', 'Desmond, Valerie', 'en', 'Public domain in the USA.' );
INSERT INTO classifications ( gid, classification ) VALUES ( '37022', 'DU' );
INSERT INTO subjects ( gid, subject ) VALUES ( '37022', 'Australia -- Social life and customs' );
INSERT INTO subjects ( gid, subject ) VALUES ( '37022', 'National characteristics, Australian' );
INSERT INTO files ( gid, file, mime ) VALUES ( '37022', 'http://www.gutenberg.org/ebooks/37022.epub.images', 'application/epub+zip' );
INSERT INTO files ( gid, file, mime ) VALUES ( '37022', 'http://www.gutenberg.org/ebooks/37022.epub.noimages', 'application/epub+zip' );
INSERT INTO files ( gid, file, mime ) VALUES ( '37022', 'http://www.gutenberg.org/ebooks/37022.kindle.images', 'application/x-mobipocket-ebook' );
INSERT INTO files ( gid, file, mime ) VALUES ( '37022', 'http://www.gutenberg.org/ebooks/37022.kindle.noimages', 'application/x-mobipocket-ebook' );
INSERT INTO files ( gid, file, mime ) VALUES ( '37022', 'http://www.gutenberg.org/ebooks/37022.rdf', 'application/rdf+xml' );
INSERT INTO files ( gid, file, mime ) VALUES ( '37022', 'http://www.gutenberg.org/ebooks/37022.txt.utf-8', 'text/plain' );
INSERT INTO files ( gid, file, mime ) VALUES ( '37022', 'http://www.gutenberg.org/files/37022/37022-8.txt', 'text/plain; charset=iso-8859-1' );
INSERT INTO files ( gid, file, mime ) VALUES ( '37022', 'http://www.gutenberg.org/files/37022/37022-8.zip', 'text/plain; charset=iso-8859-1application/zip' );
INSERT INTO files ( gid, file, mime ) VALUES ( '37022', 'http://www.gutenberg.org/files/37022/37022-h.zip', 'text/html; charset=iso-8859-1application/zip' );
INSERT INTO files ( gid, file, mime ) VALUES ( '37022', 'http://www.gutenberg.org/files/37022/37022-h/37022-h.htm', 'text/html; charset=iso-8859-1' );
INSERT INTO files ( gid, file, mime ) VALUES ( '37022', 'http://www.gutenberg.org/files/37022/37022.txt', 'text/plain; charset=us-ascii' );
INSERT INTO files ( gid, file, mime ) VALUES ( '37022', 'http://www.gutenberg.org/files/37022/37022.zip', 'text/plain; charset=us-asciiapplication/zip' );
INSERT INTO titles ( gid, title, author, language, rights ) VALUES ( '37222', 'Insanity: Its Causes and Prevention', 'Stearns, Henry Putnam', 'en', 'Public domain in the USA.' );
INSERT INTO classifications ( gid, classification ) VALUES ( '37222', 'RC' );
INSERT INTO subjects ( gid, subject ) VALUES ( '37222', 'Psychiatry -- Early works to 1900' );
INSERT INTO files ( gid, file, mime ) VALUES ( '37222', 'http://www.gutenberg.org/ebooks/37222.epub.images', 'application/epub+zip' );
INSERT INTO files ( gid, file, mime ) VALUES ( '37222', 'http://www.gutenberg.org/ebooks/37222.epub.noimages', 'application/epub+zip' );
INSERT INTO files ( gid, file, mime ) VALUES ( '37222', 'http://www.gutenberg.org/ebooks/37222.kindle.images', 'application/x-mobipocket-ebook' );
INSERT INTO files ( gid, file, mime ) VALUES ( '37222', 'http://www.gutenberg.org/ebooks/37222.kindle.noimages', 'application/x-mobipocket-ebook' );
INSERT INTO files ( gid, file, mime ) VALUES ( '37222', 'http://www.gutenberg.org/ebooks/37222.rdf', 'application/rdf+xml' );
INSERT INTO files ( gid, file, mime ) VALUES ( '37222', 'http://www.gutenberg.org/ebooks/37222.txt.utf-8', 'text/plain' );
INSERT INTO files ( gid, file, mime ) VALUES ( '37222', 'http://www.gutenberg.org/files/37222/37222-8.txt', 'text/plain; charset=iso-8859-1' );
INSERT INTO files ( gid, file, mime ) VALUES ( '37222', 'http://www.gutenberg.org/files/37222/37222-8.zip', 'text/plain; charset=iso-8859-1application/zip' );
INSERT INTO files ( gid, file, mime ) VALUES ( '37222', 'http://www.gutenberg.org/files/37222/37222-h.zip', 'application/ziptext/html; charset=iso-8859-1' );
INSERT INTO files ( gid, file, mime ) VALUES ( '37222', 'http://www.gutenberg.org/files/37222/37222-h/37222-h.htm', 'text/html; charset=iso-8859-1' );
INSERT INTO files ( gid, file, mime ) VALUES ( '37222', 'http://www.gutenberg.org/files/37222/37222.txt', 'text/plain; charset=us-ascii' );
INSERT INTO files ( gid, file, mime ) VALUES ( '37222', 'http://www.gutenberg.org/files/37222/37222.zip', 'application/ziptext/plain; charset=us-ascii' );
INSERT INTO titles ( gid, title, author, language, rights ) VALUES ( '37122', 'Hunting in Many Lands: The Book of the Boone and Crockett Club', '', 'en', 'Public domain in the USA.' );
INSERT INTO classifications ( gid, classification ) VALUES ( '37122', 'SK' );
INSERT INTO subjects ( gid, subject ) VALUES ( '37122', 'Hunting' );
INSERT INTO files ( gid, file, mime ) VALUES ( '37122', 'http://www.gutenberg.org/cache/epub/37122/pg37122.cover.medium.jpg', 'image/jpeg' );
INSERT INTO files ( gid, file, mime ) VALUES ( '37122', 'http://www.gutenberg.org/cache/epub/37122/pg37122.cover.small.jpg', 'image/jpeg' );
INSERT INTO files ( gid, file, mime ) VALUES ( '37122', 'http://www.gutenberg.org/ebooks/37122.epub.images', 'application/epub+zip' );
INSERT INTO files ( gid, file, mime ) VALUES ( '37122', 'http://www.gutenberg.org/ebooks/37122.epub.noimages', 'application/epub+zip' );
INSERT INTO files ( gid, file, mime ) VALUES ( '37122', 'http://www.gutenberg.org/ebooks/37122.kindle.images', 'application/x-mobipocket-ebook' );
INSERT INTO files ( gid, file, mime ) VALUES ( '37122', 'http://www.gutenberg.org/ebooks/37122.kindle.noimages', 'application/x-mobipocket-ebook' );
INSERT INTO files ( gid, file, mime ) VALUES ( '37122', 'http://www.gutenberg.org/ebooks/37122.rdf', 'application/rdf+xml' );
INSERT INTO files ( gid, file, mime ) VALUES ( '37122', 'http://www.gutenberg.org/ebooks/37122.txt.utf-8', 'text/plain' );
INSERT INTO files ( gid, file, mime ) VALUES ( '37122', 'http://www.gutenberg.org/files/37122/37122-8.txt', 'text/plain; charset=iso-8859-1' );
INSERT INTO files ( gid, file, mime ) VALUES ( '37122', 'http://www.gutenberg.org/files/37122/37122-8.zip', 'text/plain; charset=iso-8859-1application/zip' );
INSERT INTO files ( gid, file, mime ) VALUES ( '37122', 'http://www.gutenberg.org/files/37122/37122-h.zip', 'application/ziptext/html; charset=iso-8859-1' );
INSERT INTO files ( gid, file, mime ) VALUES ( '37122', 'http://www.gutenberg.org/files/37122/37122-h/37122-h.htm', 'text/html; charset=iso-8859-1' );
INSERT INTO files ( gid, file, mime ) VALUES ( '37122', 'http://www.gutenberg.org/files/37122/37122.txt', 'text/plain; charset=us-ascii' );
INSERT INTO files ( gid, file, mime ) VALUES ( '37122', 'http://www.gutenberg.org/files/37122/37122.zip', 'text/plain; charset=us-asciiapplication/zip' );
INSERT INTO titles ( gid, title, author, language, rights ) VALUES ( '3722', 'A Daughter of the Land', 'Stratton-Porter, Gene', 'en', 'Public domain in the USA.' );
INSERT INTO classifications ( gid, classification ) VALUES ( '3722', 'PZ' );
INSERT INTO classifications ( gid, classification ) VALUES ( '3722', 'PS' );
INSERT INTO subjects ( gid, subject ) VALUES ( '3722', 'Indiana -- Fiction' );
INSERT INTO subjects ( gid, subject ) VALUES ( '3722', 'Sex role -- Fiction' );
INSERT INTO subjects ( gid, subject ) VALUES ( '3722', 'Farm life -- Indiana -- Fiction' );
INSERT INTO files ( gid, file, mime ) VALUES ( '3722', 'http://www.gutenberg.org/ebooks/3722.epub.images', 'application/epub+zip' );
INSERT INTO files ( gid, file, mime ) VALUES ( '3722', 'http://www.gutenberg.org/ebooks/3722.epub.noimages', 'application/epub+zip' );
INSERT INTO files ( gid, file, mime ) VALUES ( '3722', 'http://www.gutenberg.org/ebooks/3722.kindle.images', 'application/x-mobipocket-ebook' );
INSERT INTO files ( gid, file, mime ) VALUES ( '3722', 'http://www.gutenberg.org/ebooks/3722.kindle.noimages', 'application/x-mobipocket-ebook' );
INSERT INTO files ( gid, file, mime ) VALUES ( '3722', 'http://www.gutenberg.org/ebooks/3722.rdf', 'application/rdf+xml' );
INSERT INTO files ( gid, file, mime ) VALUES ( '3722', 'http://www.gutenberg.org/ebooks/3722.txt.utf-8', 'text/plain' );
INSERT INTO files ( gid, file, mime ) VALUES ( '3722', 'http://www.gutenberg.org/files/3722/3722-h.zip', 'application/ziptext/html; charset=iso-8859-1' );
INSERT INTO files ( gid, file, mime ) VALUES ( '3722', 'http://www.gutenberg.org/files/3722/3722-h/3722-h.htm', 'text/html; charset=iso-8859-1' );
INSERT INTO files ( gid, file, mime ) VALUES ( '3722', 'http://www.gutenberg.org/files/3722/3722.txt', 'text/plain; charset=us-ascii' );
INSERT INTO files ( gid, file, mime ) VALUES ( '3722', 'http://www.gutenberg.org/files/3722/3722.zip', 'text/plain; charset=us-asciiapplication/zip' );
INSERT INTO titles ( gid, title, author, language, rights ) VALUES ( '37322', 'Music-Study in Germany, from the Home Correspondence of Amy Fay', 'Fay, Amy', 'en', 'Public domain in the USA.' );
INSERT INTO classifications ( gid, classification ) VALUES ( '37322', 'ML' );
INSERT INTO subjects ( gid, subject ) VALUES ( '37322', 'Music -- Germany' );
INSERT INTO subjects ( gid, subject ) VALUES ( '37322', 'Fay, Amy, 1844-1928' );
INSERT INTO subjects ( gid, subject ) VALUES ( '37322', 'Germany -- Social life and customs' );
INSERT INTO subjects ( gid, subject ) VALUES ( '37322', 'Pianists -- United States -- Correspondence' );
INSERT INTO subjects ( gid, subject ) VALUES ( '37322', 'Music -- Instruction and study -- Germany' );
INSERT INTO files ( gid, file, mime ) VALUES ( '37322', 'http://www.gutenberg.org/cache/epub/37322/pg37322.cover.medium.jpg', 'image/jpeg' );
INSERT INTO files ( gid, file, mime ) VALUES ( '37322', 'http://www.gutenberg.org/cache/epub/37322/pg37322.cover.small.jpg', 'image/jpeg' );
INSERT INTO files ( gid, file, mime ) VALUES ( '37322', 'http://www.gutenberg.org/ebooks/37322.epub.images', 'application/epub+zip' );
INSERT INTO files ( gid, file, mime ) VALUES ( '37322', 'http://www.gutenberg.org/ebooks/37322.epub.noimages', 'application/epub+zip' );
INSERT INTO files ( gid, file, mime ) VALUES ( '37322', 'http://www.gutenberg.org/ebooks/37322.kindle.images', 'application/x-mobipocket-ebook' );
INSERT INTO files ( gid, file, mime ) VALUES ( '37322', 'http://www.gutenberg.org/ebooks/37322.kindle.noimages', 'application/x-mobipocket-ebook' );
INSERT INTO files ( gid, file, mime ) VALUES ( '37322', 'http://www.gutenberg.org/ebooks/37322.rdf', 'application/rdf+xml' );
INSERT INTO files ( gid, file, mime ) VALUES ( '37322', 'http://www.gutenberg.org/files/37322/37322-0.txt', 'text/plain; charset=utf-8' );
INSERT INTO files ( gid, file, mime ) VALUES ( '37322', 'http://www.gutenberg.org/files/37322/37322-0.zip', 'text/plain; charset=utf-8application/zip' );
INSERT INTO files ( gid, file, mime ) VALUES ( '37322', 'http://www.gutenberg.org/files/37322/37322-8.txt', 'text/plain; charset=iso-8859-1' );
INSERT INTO files ( gid, file, mime ) VALUES ( '37322', 'http://www.gutenberg.org/files/37322/37322-8.zip', 'text/plain; charset=iso-8859-1application/zip' );
INSERT INTO files ( gid, file, mime ) VALUES ( '37322', 'http://www.gutenberg.org/files/37322/37322-h.zip', 'text/html; charset=iso-8859-1application/zip' );
INSERT INTO files ( gid, file, mime ) VALUES ( '37322', 'http://www.gutenberg.org/files/37322/37322-h/37322-h.htm', 'text/html; charset=iso-8859-1' );
INSERT INTO files ( gid, file, mime ) VALUES ( '37322', 'http://www.gutenberg.org/files/37322/37322.txt', 'text/plain; charset=us-ascii' );
INSERT INTO files ( gid, file, mime ) VALUES ( '37322', 'http://www.gutenberg.org/files/37322/37322.zip', 'application/ziptext/plain; charset=us-ascii' );
INSERT INTO titles ( gid, title, author, language, rights ) VALUES ( '37422', 'The Life and Death of Doctor Faustus Made into a Farce', 'Marlowe, Christopher', 'en', 'Public domain in the USA.' );
INSERT INTO classifications ( gid, classification ) VALUES ( '37422', 'PR' );
INSERT INTO subjects ( gid, subject ) VALUES ( '37422', 'Faust, -approximately 1540 -- Drama' );
INSERT INTO files ( gid, file, mime ) VALUES ( '37422', 'http://www.gutenberg.org/cache/epub/37422/pg37422.cover.medium.jpg', 'image/jpeg' );
INSERT INTO files ( gid, file, mime ) VALUES ( '37422', 'http://www.gutenberg.org/cache/epub/37422/pg37422.cover.small.jpg', 'image/jpeg' );
INSERT INTO files ( gid, file, mime ) VALUES ( '37422', 'http://www.gutenberg.org/ebooks/37422.epub.images', 'application/epub+zip' );
INSERT INTO files ( gid, file, mime ) VALUES ( '37422', 'http://www.gutenberg.org/ebooks/37422.epub.noimages', 'application/epub+zip' );
INSERT INTO files ( gid, file, mime ) VALUES ( '37422', 'http://www.gutenberg.org/ebooks/37422.kindle.images', 'application/x-mobipocket-ebook' );
INSERT INTO files ( gid, file, mime ) VALUES ( '37422', 'http://www.gutenberg.org/ebooks/37422.kindle.noimages', 'application/x-mobipocket-ebook' );
INSERT INTO files ( gid, file, mime ) VALUES ( '37422', 'http://www.gutenberg.org/ebooks/37422.rdf', 'application/rdf+xml' );
INSERT INTO files ( gid, file, mime ) VALUES ( '37422', 'http://www.gutenberg.org/ebooks/37422.txt.utf-8', 'text/plain' );
INSERT INTO files ( gid, file, mime ) VALUES ( '37422', 'http://www.gutenberg.org/files/37422/37422-8.txt', 'text/plain; charset=iso-8859-1' );
INSERT INTO files ( gid, file, mime ) VALUES ( '37422', 'http://www.gutenberg.org/files/37422/37422-8.zip', 'text/plain; charset=iso-8859-1application/zip' );
INSERT INTO files ( gid, file, mime ) VALUES ( '37422', 'http://www.gutenberg.org/files/37422/37422-h.zip', 'application/ziptext/html; charset=iso-8859-1' );
INSERT INTO files ( gid, file, mime ) VALUES ( '37422', 'http://www.gutenberg.org/files/37422/37422-h/37422-h.htm', 'text/html; charset=iso-8859-1' );
INSERT INTO files ( gid, file, mime ) VALUES ( '37422', 'http://www.gutenberg.org/files/37422/37422.txt', 'text/plain; charset=us-ascii' );
INSERT INTO files ( gid, file, mime ) VALUES ( '37422', 'http://www.gutenberg.org/files/37422/37422.zip', 'text/plain; charset=us-asciiapplication/zip' );
INSERT INTO titles ( gid, title, author, language, rights ) VALUES ( '37522', 'Kort verhaal van eene aanmerkelijke luchtreis en nieuwe planeetontdekking', 'Bilderdijk, Willem', 'nl', 'Public domain in the USA.' );
INSERT INTO classifications ( gid, classification ) VALUES ( '37522', 'PT' );
INSERT INTO subjects ( gid, subject ) VALUES ( '37522', 'Air travel -- Fiction' );
INSERT INTO subjects ( gid, subject ) VALUES ( '37522', 'Voyages, Imaginary -- Fiction' );
INSERT INTO subjects ( gid, subject ) VALUES ( '37522', 'Science fiction' );
INSERT INTO files ( gid, file, mime ) VALUES ( '37522', 'http://www.gutenberg.org/ebooks/37522.epub.images', 'application/epub+zip' );
INSERT INTO files ( gid, file, mime ) VALUES ( '37522', 'http://www.gutenberg.org/ebooks/37522.epub.noimages', 'application/epub+zip' );
INSERT INTO files ( gid, file, mime ) VALUES ( '37522', 'http://www.gutenberg.org/ebooks/37522.kindle.images', 'application/x-mobipocket-ebook' );
INSERT INTO files ( gid, file, mime ) VALUES ( '37522', 'http://www.gutenberg.org/ebooks/37522.kindle.noimages', 'application/x-mobipocket-ebook' );
INSERT INTO files ( gid, file, mime ) VALUES ( '37522', 'http://www.gutenberg.org/ebooks/37522.rdf', 'application/rdf+xml' );
INSERT INTO files ( gid, file, mime ) VALUES ( '37522', 'http://www.gutenberg.org/ebooks/37522.txt.utf-8', 'text/plain' );
INSERT INTO files ( gid, file, mime ) VALUES ( '37522', 'http://www.gutenberg.org/files/37522/37522-8.txt', 'text/plain; charset=iso-8859-1' );
INSERT INTO files ( gid, file, mime ) VALUES ( '37522', 'http://www.gutenberg.org/files/37522/37522-8.zip', 'text/plain; charset=iso-8859-1application/zip' );
INSERT INTO files ( gid, file, mime ) VALUES ( '37522', 'http://www.gutenberg.org/files/37522/37522-h.zip', 'text/html; charset=iso-8859-1application/zip' );
INSERT INTO files ( gid, file, mime ) VALUES ( '37522', 'http://www.gutenberg.org/files/37522/37522-h/37522-h.htm', 'text/html; charset=iso-8859-1' );
INSERT INTO titles ( gid, title, author, language, rights ) VALUES ( '37622', 'Iermola', 'Kraszewski, Józef Ignacy', 'en', 'Public domain in the USA.' );
INSERT INTO classifications ( gid, classification ) VALUES ( '37622', 'PG' );
INSERT INTO subjects ( gid, subject ) VALUES ( '37622', 'Polish fiction -- Translations into English' );
INSERT INTO files ( gid, file, mime ) VALUES ( '37622', 'http://www.gutenberg.org/ebooks/37622.epub.images', 'application/epub+zip' );
INSERT INTO files ( gid, file, mime ) VALUES ( '37622', 'http://www.gutenberg.org/ebooks/37622.epub.noimages', 'application/epub+zip' );
INSERT INTO files ( gid, file, mime ) VALUES ( '37622', 'http://www.gutenberg.org/ebooks/37622.kindle.images', 'application/x-mobipocket-ebook' );
INSERT INTO files ( gid, file, mime ) VALUES ( '37622', 'http://www.gutenberg.org/ebooks/37622.kindle.noimages', 'application/x-mobipocket-ebook' );
INSERT INTO files ( gid, file, mime ) VALUES ( '37622', 'http://www.gutenberg.org/ebooks/37622.rdf', 'application/rdf+xml' );
INSERT INTO files ( gid, file, mime ) VALUES ( '37622', 'http://www.gutenberg.org/ebooks/37622.txt.utf-8', 'text/plain' );
INSERT INTO files ( gid, file, mime ) VALUES ( '37622', 'http://www.gutenberg.org/files/37622/37622-8.txt', 'text/plain; charset=iso-8859-1' );
INSERT INTO files ( gid, file, mime ) VALUES ( '37622', 'http://www.gutenberg.org/files/37622/37622-8.zip', 'text/plain; charset=iso-8859-1application/zip' );
INSERT INTO files ( gid, file, mime ) VALUES ( '37622', 'http://www.gutenberg.org/files/37622/37622-h.zip', 'text/html; charset=iso-8859-1application/zip' );
INSERT INTO files ( gid, file, mime ) VALUES ( '37622', 'http://www.gutenberg.org/files/37622/37622-h/37622-h.htm', 'text/html; charset=iso-8859-1' );
INSERT INTO files ( gid, file, mime ) VALUES ( '37622', 'http://www.gutenberg.org/files/37622/37622.txt', 'text/plain; charset=us-ascii' );
INSERT INTO files ( gid, file, mime ) VALUES ( '37622', 'http://www.gutenberg.org/files/37622/37622.zip', 'text/plain; charset=us-asciiapplication/zip' );
INSERT INTO titles ( gid, title, author, language, rights ) VALUES ( '37722', 'The Hindoos as They Are A Description of the Manners, Customs and the Inner Life of Hindoo Society in Bengal', 'Sivachandra Vasu', 'en', 'Public domain in the USA.' );
INSERT INTO classifications ( gid, classification ) VALUES ( '37722', 'DS' );
INSERT INTO subjects ( gid, subject ) VALUES ( '37722', 'Hindus' );
INSERT INTO subjects ( gid, subject ) VALUES ( '37722', 'India -- Social life and customs' );
INSERT INTO subjects ( gid, subject ) VALUES ( '37722', 'Women -- India' );
INSERT INTO files ( gid, file, mime ) VALUES ( '37722', 'http://www.gutenberg.org/ebooks/37722.epub.images', 'application/epub+zip' );
INSERT INTO files ( gid, file, mime ) VALUES ( '37722', 'http://www.gutenberg.org/ebooks/37722.epub.noimages', 'application/epub+zip' );
INSERT INTO files ( gid, file, mime ) VALUES ( '37722', 'http://www.gutenberg.org/ebooks/37722.kindle.images', 'application/x-mobipocket-ebook' );
INSERT INTO files ( gid, file, mime ) VALUES ( '37722', 'http://www.gutenberg.org/ebooks/37722.kindle.noimages', 'application/x-mobipocket-ebook' );
INSERT INTO files ( gid, file, mime ) VALUES ( '37722', 'http://www.gutenberg.org/ebooks/37722.rdf', 'application/rdf+xml' );
INSERT INTO files ( gid, file, mime ) VALUES ( '37722', 'http://www.gutenberg.org/ebooks/37722.txt.utf-8', 'text/plain' );
INSERT INTO files ( gid, file, mime ) VALUES ( '37722', 'http://www.gutenberg.org/files/37722/37722-8.txt', 'text/plain; charset=iso-8859-1' );
INSERT INTO files ( gid, file, mime ) VALUES ( '37722', 'http://www.gutenberg.org/files/37722/37722-8.zip', 'text/plain; charset=iso-8859-1application/zip' );
INSERT INTO files ( gid, file, mime ) VALUES ( '37722', 'http://www.gutenberg.org/files/37722/37722-h.zip', 'application/ziptext/html; charset=iso-8859-1' );
INSERT INTO files ( gid, file, mime ) VALUES ( '37722', 'http://www.gutenberg.org/files/37722/37722-h/37722-h.htm', 'text/html; charset=iso-8859-1' );
INSERT INTO files ( gid, file, mime ) VALUES ( '37722', 'http://www.gutenberg.org/files/37722/37722.txt', 'text/plain; charset=us-ascii' );
INSERT INTO files ( gid, file, mime ) VALUES ( '37722', 'http://www.gutenberg.org/files/37722/37722.zip', 'application/ziptext/plain; charset=us-ascii' );
INSERT INTO titles ( gid, title, author, language, rights ) VALUES ( '37822', 'Amerika, sen löytö, valloitus ja kehitys', 'Hagman, Tyko', 'fi', 'Public domain in the USA.' );
INSERT INTO subjects ( gid, subject ) VALUES ( '37822', 'E151' );
INSERT INTO subjects ( gid, subject ) VALUES ( '37822', 'United States -- History' );
INSERT INTO files ( gid, file, mime ) VALUES ( '37822', 'http://www.gutenberg.org/ebooks/37822.epub.images', 'application/epub+zip' );
INSERT INTO files ( gid, file, mime ) VALUES ( '37822', 'http://www.gutenberg.org/ebooks/37822.epub.noimages', 'application/epub+zip' );
INSERT INTO files ( gid, file, mime ) VALUES ( '37822', 'http://www.gutenberg.org/ebooks/37822.kindle.images', 'application/x-mobipocket-ebook' );
INSERT INTO files ( gid, file, mime ) VALUES ( '37822', 'http://www.gutenberg.org/ebooks/37822.kindle.noimages', 'application/x-mobipocket-ebook' );
INSERT INTO files ( gid, file, mime ) VALUES ( '37822', 'http://www.gutenberg.org/ebooks/37822.rdf', 'application/rdf+xml' );
INSERT INTO files ( gid, file, mime ) VALUES ( '37822', 'http://www.gutenberg.org/ebooks/37822.txt.utf-8', 'text/plain' );
INSERT INTO files ( gid, file, mime ) VALUES ( '37822', 'http://www.gutenberg.org/files/37822/37822-8.txt', 'text/plain; charset=iso-8859-1' );
INSERT INTO files ( gid, file, mime ) VALUES ( '37822', 'http://www.gutenberg.org/files/37822/37822-8.zip', 'application/ziptext/plain; charset=iso-8859-1' );
INSERT INTO files ( gid, file, mime ) VALUES ( '37822', 'http://www.gutenberg.org/files/37822/37822-h.zip', 'text/html; charset=iso-8859-1application/zip' );
INSERT INTO files ( gid, file, mime ) VALUES ( '37822', 'http://www.gutenberg.org/files/37822/37822-h/37822-h.htm', 'text/html; charset=iso-8859-1' );
INSERT INTO titles ( gid, title, author, language, rights ) VALUES ( '37922', 'The Indians'' Last Fight; Or, The Dull Knife Raid', 'Collins, Dennis', 'en', 'Public domain in the USA.' );
INSERT INTO subjects ( gid, subject ) VALUES ( '37922', 'Dull Knife, approximately 1828-1879 or 1883' );
INSERT INTO subjects ( gid, subject ) VALUES ( '37922', 'Indians of North America -- Wars -- 1866-1895' );
INSERT INTO subjects ( gid, subject ) VALUES ( '37922', 'Frontier and pioneer life -- West (U.S.)' );
INSERT INTO subjects ( gid, subject ) VALUES ( '37922', 'Cheyenne Indians -- Kings and rulers -- Biography' );
INSERT INTO subjects ( gid, subject ) VALUES ( '37922', 'F590.3' );
INSERT INTO files ( gid, file, mime ) VALUES ( '37922', 'http://www.gutenberg.org/cache/epub/37922/pg37922.cover.medium.jpg', 'image/jpeg' );
INSERT INTO files ( gid, file, mime ) VALUES ( '37922', 'http://www.gutenberg.org/cache/epub/37922/pg37922.cover.small.jpg', 'image/jpeg' );
INSERT INTO files ( gid, file, mime ) VALUES ( '37922', 'http://www.gutenberg.org/ebooks/37922.epub.images', 'application/epub+zip' );
INSERT INTO files ( gid, file, mime ) VALUES ( '37922', 'http://www.gutenberg.org/ebooks/37922.epub.noimages', 'application/epub+zip' );
INSERT INTO files ( gid, file, mime ) VALUES ( '37922', 'http://www.gutenberg.org/ebooks/37922.kindle.images', 'application/x-mobipocket-ebook' );
INSERT INTO files ( gid, file, mime ) VALUES ( '37922', 'http://www.gutenberg.org/ebooks/37922.kindle.noimages', 'application/x-mobipocket-ebook' );
INSERT INTO files ( gid, file, mime ) VALUES ( '37922', 'http://www.gutenberg.org/ebooks/37922.rdf', 'application/rdf+xml' );
INSERT INTO files ( gid, file, mime ) VALUES ( '37922', 'http://www.gutenberg.org/ebooks/37922.txt.utf-8', 'text/plain' );
INSERT INTO files ( gid, file, mime ) VALUES ( '37922', 'http://www.gutenberg.org/files/37922/37922-h.zip', 'application/ziptext/html; charset=iso-8859-1' );
INSERT INTO files ( gid, file, mime ) VALUES ( '37922', 'http://www.gutenberg.org/files/37922/37922-h/37922-h.htm', 'text/html; charset=iso-8859-1' );
INSERT INTO files ( gid, file, mime ) VALUES ( '37922', 'http://www.gutenberg.org/files/37922/37922.txt', 'text/plain; charset=us-ascii' );
INSERT INTO files ( gid, file, mime ) VALUES ( '37922', 'http://www.gutenberg.org/files/37922/37922.zip', 'text/plain; charset=us-asciiapplication/zip' );
INSERT INTO titles ( gid, title, author, language, rights ) VALUES ( '38022', 'Nature and Culture', 'Rice, Harvey', 'en', 'Public domain in the USA.' );
INSERT INTO classifications ( gid, classification ) VALUES ( '38022', 'HN' );
INSERT INTO subjects ( gid, subject ) VALUES ( '38022', 'Social problems' );
INSERT INTO subjects ( gid, subject ) VALUES ( '38022', 'United States -- Social conditions -- 1865-1918' );
INSERT INTO files ( gid, file, mime ) VALUES ( '38022', 'http://www.gutenberg.org/ebooks/38022.epub.images', 'application/epub+zip' );
INSERT INTO files ( gid, file, mime ) VALUES ( '38022', 'http://www.gutenberg.org/ebooks/38022.epub.noimages', 'application/epub+zip' );
INSERT INTO files ( gid, file, mime ) VALUES ( '38022', 'http://www.gutenberg.org/ebooks/38022.kindle.images', 'application/x-mobipocket-ebook' );
INSERT INTO files ( gid, file, mime ) VALUES ( '38022', 'http://www.gutenberg.org/ebooks/38022.kindle.noimages', 'application/x-mobipocket-ebook' );
INSERT INTO files ( gid, file, mime ) VALUES ( '38022', 'http://www.gutenberg.org/ebooks/38022.rdf', 'application/rdf+xml' );
INSERT INTO files ( gid, file, mime ) VALUES ( '38022', 'http://www.gutenberg.org/ebooks/38022.txt.utf-8', 'text/plain' );
INSERT INTO files ( gid, file, mime ) VALUES ( '38022', 'http://www.gutenberg.org/files/38022/38022-8.txt', 'text/plain; charset=iso-8859-1' );
INSERT INTO files ( gid, file, mime ) VALUES ( '38022', 'http://www.gutenberg.org/files/38022/38022-8.zip', 'text/plain; charset=iso-8859-1application/zip' );
INSERT INTO files ( gid, file, mime ) VALUES ( '38022', 'http://www.gutenberg.org/files/38022/38022-h.zip', 'text/html; charset=iso-8859-1application/zip' );
INSERT INTO files ( gid, file, mime ) VALUES ( '38022', 'http://www.gutenberg.org/files/38022/38022-h/38022-h.htm', 'text/html; charset=iso-8859-1' );
INSERT INTO files ( gid, file, mime ) VALUES ( '38022', 'http://www.gutenberg.org/files/38022/38022.txt', 'text/plain; charset=us-ascii' );
INSERT INTO files ( gid, file, mime ) VALUES ( '38022', 'http://www.gutenberg.org/files/38022/38022.zip', 'application/ziptext/plain; charset=us-ascii' );
INSERT INTO titles ( gid, title, author, language, rights ) VALUES ( '38122', 'La fabrique de mariages, Vol. 2', 'Féval, Paul', 'fr', 'Public domain in the USA.' );
INSERT INTO classifications ( gid, classification ) VALUES ( '38122', 'PQ' );
INSERT INTO subjects ( gid, subject ) VALUES ( '38122', 'French fiction -- 19th century' );
INSERT INTO files ( gid, file, mime ) VALUES ( '38122', 'http://www.gutenberg.org/ebooks/38122.epub.images', 'application/epub+zip' );
INSERT INTO files ( gid, file, mime ) VALUES ( '38122', 'http://www.gutenberg.org/ebooks/38122.epub.noimages', 'application/epub+zip' );
INSERT INTO files ( gid, file, mime ) VALUES ( '38122', 'http://www.gutenberg.org/ebooks/38122.kindle.images', 'application/x-mobipocket-ebook' );
INSERT INTO files ( gid, file, mime ) VALUES ( '38122', 'http://www.gutenberg.org/ebooks/38122.kindle.noimages', 'application/x-mobipocket-ebook' );
INSERT INTO files ( gid, file, mime ) VALUES ( '38122', 'http://www.gutenberg.org/ebooks/38122.rdf', 'application/rdf+xml' );
INSERT INTO files ( gid, file, mime ) VALUES ( '38122', 'http://www.gutenberg.org/ebooks/38122.txt.utf-8', 'text/plain' );
INSERT INTO files ( gid, file, mime ) VALUES ( '38122', 'http://www.gutenberg.org/files/38122/38122-8.txt', 'text/plain; charset=iso-8859-1' );
INSERT INTO files ( gid, file, mime ) VALUES ( '38122', 'http://www.gutenberg.org/files/38122/38122-8.zip', 'application/ziptext/plain; charset=iso-8859-1' );
INSERT INTO files ( gid, file, mime ) VALUES ( '38122', 'http://www.gutenberg.org/files/38122/38122-h.zip', 'text/html; charset=iso-8859-1application/zip' );
INSERT INTO files ( gid, file, mime ) VALUES ( '38122', 'http://www.gutenberg.org/files/38122/38122-h/38122-h.htm', 'text/html; charset=iso-8859-1' );
INSERT INTO titles ( gid, title, author, language, rights ) VALUES ( '38222', 'The Quest of the ''Golden Hope'': A Seventeenth Century Story of Adventure', 'Westerman, Percy F. (Percy Francis)', 'en', 'Public domain in the USA.' );
INSERT INTO classifications ( gid, classification ) VALUES ( '38222', 'PZ' );
INSERT INTO subjects ( gid, subject ) VALUES ( '38222', 'Sea stories' );
INSERT INTO subjects ( gid, subject ) VALUES ( '38222', 'Adventure stories' );
INSERT INTO subjects ( gid, subject ) VALUES ( '38222', 'Great Britain -- History -- James II, 1685-1688 -- Juvenile fiction' );
INSERT INTO subjects ( gid, subject ) VALUES ( '38222', 'Pirates -- Juvenile fiction' );
INSERT INTO files ( gid, file, mime ) VALUES ( '38222', 'http://www.gutenberg.org/cache/epub/38222/pg38222.cover.medium.jpg', 'image/jpeg' );
INSERT INTO files ( gid, file, mime ) VALUES ( '38222', 'http://www.gutenberg.org/cache/epub/38222/pg38222.cover.small.jpg', 'image/jpeg' );
INSERT INTO files ( gid, file, mime ) VALUES ( '38222', 'http://www.gutenberg.org/ebooks/38222.epub.images', 'application/epub+zip' );
INSERT INTO files ( gid, file, mime ) VALUES ( '38222', 'http://www.gutenberg.org/ebooks/38222.epub.noimages', 'application/epub+zip' );
INSERT INTO files ( gid, file, mime ) VALUES ( '38222', 'http://www.gutenberg.org/ebooks/38222.kindle.images', 'application/x-mobipocket-ebook' );
INSERT INTO files ( gid, file, mime ) VALUES ( '38222', 'http://www.gutenberg.org/ebooks/38222.kindle.noimages', 'application/x-mobipocket-ebook' );
INSERT INTO files ( gid, file, mime ) VALUES ( '38222', 'http://www.gutenberg.org/ebooks/38222.rdf', 'application/rdf+xml' );
INSERT INTO files ( gid, file, mime ) VALUES ( '38222', 'http://www.gutenberg.org/ebooks/38222.txt.utf-8', 'text/plain' );
INSERT INTO files ( gid, file, mime ) VALUES ( '38222', 'http://www.gutenberg.org/files/38222/38222-8.txt', 'text/plain; charset=iso-8859-1' );
INSERT INTO files ( gid, file, mime ) VALUES ( '38222', 'http://www.gutenberg.org/files/38222/38222-8.zip', 'text/plain; charset=iso-8859-1application/zip' );
INSERT INTO files ( gid, file, mime ) VALUES ( '38222', 'http://www.gutenberg.org/files/38222/38222-h.zip', 'application/ziptext/html; charset=iso-8859-1' );
INSERT INTO files ( gid, file, mime ) VALUES ( '38222', 'http://www.gutenberg.org/files/38222/38222-h/38222-h.htm', 'text/html; charset=iso-8859-1' );
INSERT INTO files ( gid, file, mime ) VALUES ( '38222', 'http://www.gutenberg.org/files/38222/38222.txt', 'text/plain; charset=us-ascii' );
INSERT INTO files ( gid, file, mime ) VALUES ( '38222', 'http://www.gutenberg.org/files/38222/38222.zip', 'text/plain; charset=us-asciiapplication/zip' );
INSERT INTO titles ( gid, title, author, language, rights ) VALUES ( '3822', 'Balzac', 'Lawton, Frederick', 'en', 'Public domain in the USA.' );
INSERT INTO classifications ( gid, classification ) VALUES ( '3822', 'PQ' );
INSERT INTO subjects ( gid, subject ) VALUES ( '3822', 'Balzac, Honoré de, 1799-1850' );
INSERT INTO files ( gid, file, mime ) VALUES ( '3822', 'http://www.gutenberg.org/ebooks/3822.epub.images', 'application/epub+zip' );
INSERT INTO files ( gid, file, mime ) VALUES ( '3822', 'http://www.gutenberg.org/ebooks/3822.epub.noimages', 'application/epub+zip' );
INSERT INTO files ( gid, file, mime ) VALUES ( '3822', 'http://www.gutenberg.org/ebooks/3822.kindle.images', 'application/x-mobipocket-ebook' );
INSERT INTO files ( gid, file, mime ) VALUES ( '3822', 'http://www.gutenberg.org/ebooks/3822.kindle.noimages', 'application/x-mobipocket-ebook' );
INSERT INTO files ( gid, file, mime ) VALUES ( '3822', 'http://www.gutenberg.org/ebooks/3822.rdf', 'application/rdf+xml' );
INSERT INTO files ( gid, file, mime ) VALUES ( '3822', 'http://www.gutenberg.org/ebooks/3822.txt.utf-8', 'text/plain' );
INSERT INTO files ( gid, file, mime ) VALUES ( '3822', 'http://www.gutenberg.org/files/3822/3822-h.zip', 'text/html; charset=us-asciiapplication/zip' );
INSERT INTO files ( gid, file, mime ) VALUES ( '3822', 'http://www.gutenberg.org/files/3822/3822-h/3822-h.htm', 'text/html; charset=us-ascii' );
INSERT INTO files ( gid, file, mime ) VALUES ( '3822', 'http://www.gutenberg.org/files/3822/3822.txt', 'text/plain; charset=us-ascii' );
INSERT INTO files ( gid, file, mime ) VALUES ( '3822', 'http://www.gutenberg.org/files/3822/3822.zip', 'text/plain; charset=us-asciiapplication/zip' );
INSERT INTO titles ( gid, title, author, language, rights ) VALUES ( '38322', 'Häpeäpilkku', 'Anzengruber, Ludwig', 'fi', 'Public domain in the USA.' );
INSERT INTO classifications ( gid, classification ) VALUES ( '38322', 'PT' );
INSERT INTO subjects ( gid, subject ) VALUES ( '38322', 'Illegitimate children -- Fiction' );
INSERT INTO subjects ( gid, subject ) VALUES ( '38322', 'Austrian fiction -- Translations into Finnish' );
INSERT INTO files ( gid, file, mime ) VALUES ( '38322', 'http://www.gutenberg.org/ebooks/38322.epub.images', 'application/epub+zip' );
INSERT INTO files ( gid, file, mime ) VALUES ( '38322', 'http://www.gutenberg.org/ebooks/38322.epub.noimages', 'application/epub+zip' );
INSERT INTO files ( gid, file, mime ) VALUES ( '38322', 'http://www.gutenberg.org/ebooks/38322.html.images', 'text/html' );
INSERT INTO files ( gid, file, mime ) VALUES ( '38322', 'http://www.gutenberg.org/ebooks/38322.html.noimages', 'text/html' );
INSERT INTO files ( gid, file, mime ) VALUES ( '38322', 'http://www.gutenberg.org/ebooks/38322.kindle.images', 'application/x-mobipocket-ebook' );
INSERT INTO files ( gid, file, mime ) VALUES ( '38322', 'http://www.gutenberg.org/ebooks/38322.kindle.noimages', 'application/x-mobipocket-ebook' );
INSERT INTO files ( gid, file, mime ) VALUES ( '38322', 'http://www.gutenberg.org/ebooks/38322.rdf', 'application/rdf+xml' );
INSERT INTO files ( gid, file, mime ) VALUES ( '38322', 'http://www.gutenberg.org/ebooks/38322.txt.utf-8', 'text/plain' );
INSERT INTO files ( gid, file, mime ) VALUES ( '38322', 'http://www.gutenberg.org/files/38322/38322-8.txt', 'text/plain; charset=iso-8859-1' );
INSERT INTO files ( gid, file, mime ) VALUES ( '38322', 'http://www.gutenberg.org/files/38322/38322-8.zip', 'text/plain; charset=iso-8859-1application/zip' );
INSERT INTO titles ( gid, title, author, language, rights ) VALUES ( '38422', 'Oud en nieuw', 'Lagerlöf, Selma', 'nl', 'Public domain in the USA.' );
INSERT INTO classifications ( gid, classification ) VALUES ( '38422', 'PT' );
INSERT INTO subjects ( gid, subject ) VALUES ( '38422', 'Short stories' );
INSERT INTO subjects ( gid, subject ) VALUES ( '38422', 'Swedish fiction -- Translations into Dutch' );
INSERT INTO files ( gid, file, mime ) VALUES ( '38422', 'http://www.gutenberg.org/cache/epub/38422/pg38422.cover.medium.jpg', 'image/jpeg' );
INSERT INTO files ( gid, file, mime ) VALUES ( '38422', 'http://www.gutenberg.org/cache/epub/38422/pg38422.cover.small.jpg', 'image/jpeg' );
INSERT INTO files ( gid, file, mime ) VALUES ( '38422', 'http://www.gutenberg.org/ebooks/38422.epub.images', 'application/epub+zip' );
INSERT INTO files ( gid, file, mime ) VALUES ( '38422', 'http://www.gutenberg.org/ebooks/38422.epub.noimages', 'application/epub+zip' );
INSERT INTO files ( gid, file, mime ) VALUES ( '38422', 'http://www.gutenberg.org/ebooks/38422.kindle.images', 'application/x-mobipocket-ebook' );
INSERT INTO files ( gid, file, mime ) VALUES ( '38422', 'http://www.gutenberg.org/ebooks/38422.kindle.noimages', 'application/x-mobipocket-ebook' );
INSERT INTO files ( gid, file, mime ) VALUES ( '38422', 'http://www.gutenberg.org/ebooks/38422.rdf', 'application/rdf+xml' );
INSERT INTO files ( gid, file, mime ) VALUES ( '38422', 'http://www.gutenberg.org/files/38422/38422-0.txt', 'text/plain; charset=utf-8' );
INSERT INTO files ( gid, file, mime ) VALUES ( '38422', 'http://www.gutenberg.org/files/38422/38422-0.zip', 'text/plain; charset=utf-8application/zip' );
INSERT INTO files ( gid, file, mime ) VALUES ( '38422', 'http://www.gutenberg.org/files/38422/38422-8.txt', 'text/plain; charset=iso-8859-1' );
INSERT INTO files ( gid, file, mime ) VALUES ( '38422', 'http://www.gutenberg.org/files/38422/38422-8.txt.bin', 'application/octet-stream' );
INSERT INTO files ( gid, file, mime ) VALUES ( '38422', 'http://www.gutenberg.org/files/38422/38422-8.txt.bin.bak', 'application/octet-stream' );
INSERT INTO files ( gid, file, mime ) VALUES ( '38422', 'http://www.gutenberg.org/files/38422/38422-8.txt.bk1', 'application/octet-stream' );
INSERT INTO files ( gid, file, mime ) VALUES ( '38422', 'http://www.gutenberg.org/files/38422/38422-8.txt.bk2', 'application/octet-stream' );
INSERT INTO files ( gid, file, mime ) VALUES ( '38422', 'http://www.gutenberg.org/files/38422/38422-8.zip', 'application/ziptext/plain; charset=iso-8859-1' );
INSERT INTO files ( gid, file, mime ) VALUES ( '38422', 'http://www.gutenberg.org/files/38422/38422-h.zip', 'text/html; charset=iso-8859-1application/zip' );
INSERT INTO files ( gid, file, mime ) VALUES ( '38422', 'http://www.gutenberg.org/files/38422/38422-h/38422-h.htm', 'text/html; charset=iso-8859-1' );
INSERT INTO titles ( gid, title, author, language, rights ) VALUES ( '38522', 'Het leven der bijen', 'Maeterlinck, Maurice', 'nl', 'Public domain in the USA.' );
INSERT INTO classifications ( gid, classification ) VALUES ( '38522', 'QL' );
INSERT INTO subjects ( gid, subject ) VALUES ( '38522', 'Bees' );
INSERT INTO files ( gid, file, mime ) VALUES ( '38522', 'http://www.gutenberg.org/ebooks/38522.epub.images', 'application/epub+zip' );
INSERT INTO files ( gid, file, mime ) VALUES ( '38522', 'http://www.gutenberg.org/ebooks/38522.epub.noimages', 'application/epub+zip' );
INSERT INTO files ( gid, file, mime ) VALUES ( '38522', 'http://www.gutenberg.org/ebooks/38522.kindle.images', 'application/x-mobipocket-ebook' );
INSERT INTO files ( gid, file, mime ) VALUES ( '38522', 'http://www.gutenberg.org/ebooks/38522.kindle.noimages', 'application/x-mobipocket-ebook' );
INSERT INTO files ( gid, file, mime ) VALUES ( '38522', 'http://www.gutenberg.org/ebooks/38522.rdf', 'application/rdf+xml' );
INSERT INTO files ( gid, file, mime ) VALUES ( '38522', 'http://www.gutenberg.org/ebooks/38522.txt.utf-8', 'text/plain' );
INSERT INTO files ( gid, file, mime ) VALUES ( '38522', 'http://www.gutenberg.org/files/38522/38522-8.txt', 'text/plain; charset=iso-8859-1' );
INSERT INTO files ( gid, file, mime ) VALUES ( '38522', 'http://www.gutenberg.org/files/38522/38522-8.zip', 'text/plain; charset=iso-8859-1application/zip' );
INSERT INTO files ( gid, file, mime ) VALUES ( '38522', 'http://www.gutenberg.org/files/38522/38522-h.zip', 'text/html; charset=iso-8859-1application/zip' );
INSERT INTO files ( gid, file, mime ) VALUES ( '38522', 'http://www.gutenberg.org/files/38522/38522-h/38522-h.htm', 'text/html; charset=iso-8859-1' );
INSERT INTO titles ( gid, title, author, language, rights ) VALUES ( '38622', 'Encyclopaedia Britannica, 11th Edition, "Crocoite" to "Cuba" Volume 7, Slice 7', 'Various', 'en', 'Public domain in the USA.' );
INSERT INTO classifications ( gid, classification ) VALUES ( '38622', 'AE' );
INSERT INTO subjects ( gid, subject ) VALUES ( '38622', 'Encyclopedias and dictionaries' );
INSERT INTO files ( gid, file, mime ) VALUES ( '38622', 'http://www.gutenberg.org/ebooks/38622.epub.images', 'application/epub+zip' );
INSERT INTO files ( gid, file, mime ) VALUES ( '38622', 'http://www.gutenberg.org/ebooks/38622.epub.noimages', 'application/epub+zip' );
INSERT INTO files ( gid, file, mime ) VALUES ( '38622', 'http://www.gutenberg.org/ebooks/38622.kindle.images', 'application/x-mobipocket-ebook' );
INSERT INTO files ( gid, file, mime ) VALUES ( '38622', 'http://www.gutenberg.org/ebooks/38622.kindle.noimages', 'application/x-mobipocket-ebook' );
INSERT INTO files ( gid, file, mime ) VALUES ( '38622', 'http://www.gutenberg.org/ebooks/38622.rdf', 'application/rdf+xml' );
INSERT INTO files ( gid, file, mime ) VALUES ( '38622', 'http://www.gutenberg.org/ebooks/38622.txt.utf-8', 'text/plain' );
INSERT INTO files ( gid, file, mime ) VALUES ( '38622', 'http://www.gutenberg.org/files/38622/38622-8.txt', 'text/plain; charset=iso-8859-1' );
INSERT INTO files ( gid, file, mime ) VALUES ( '38622', 'http://www.gutenberg.org/files/38622/38622-8.zip', 'text/plain; charset=iso-8859-1application/zip' );
INSERT INTO files ( gid, file, mime ) VALUES ( '38622', 'http://www.gutenberg.org/files/38622/38622-h.zip', 'text/html; charset=iso-8859-1application/zip' );
INSERT INTO files ( gid, file, mime ) VALUES ( '38622', 'http://www.gutenberg.org/files/38622/38622-h/38622-h.htm', 'text/html; charset=iso-8859-1' );
INSERT INTO files ( gid, file, mime ) VALUES ( '38622', 'http://www.gutenberg.org/files/38622/38622.txt', 'text/plain; charset=us-ascii' );
INSERT INTO files ( gid, file, mime ) VALUES ( '38622', 'http://www.gutenberg.org/files/38622/38622.zip', 'application/ziptext/plain; charset=us-ascii' );
INSERT INTO titles ( gid, title, author, language, rights ) VALUES ( '38722', 'The Tides and Kindred Phenomena in the Solar System The Substance of Lectures Delivered in 1897 at the Lowell Institute, Boston, Massachusetts', 'Darwin, George Howard, Sir', 'en', 'Public domain in the USA.' );
INSERT INTO classifications ( gid, classification ) VALUES ( '38722', 'QB' );
INSERT INTO subjects ( gid, subject ) VALUES ( '38722', 'Tides' );
INSERT INTO subjects ( gid, subject ) VALUES ( '38722', 'Nebular hypothesis' );
INSERT INTO files ( gid, file, mime ) VALUES ( '38722', 'http://www.gutenberg.org/ebooks/38722.rdf', 'application/rdf+xml' );
INSERT INTO files ( gid, file, mime ) VALUES ( '38722', 'http://www.gutenberg.org/files/38722/38722-pdf.pdf', 'application/pdf' );
INSERT INTO files ( gid, file, mime ) VALUES ( '38722', 'http://www.gutenberg.org/files/38722/38722-pdf.zip', 'application/zipapplication/pdf' );
INSERT INTO files ( gid, file, mime ) VALUES ( '38722', 'http://www.gutenberg.org/files/38722/38722-t.zip', 'application/prs.texapplication/zip' );
INSERT INTO files ( gid, file, mime ) VALUES ( '38722', 'http://www.gutenberg.org/files/38722/38722-t/38722-t.tex', 'application/prs.tex' );
INSERT INTO titles ( gid, title, author, language, rights ) VALUES ( '38822', 'The Genius of Scotland; or, Sketches of Scottish Scenery, Literature and Religion', 'Turnbull, Robert', 'en', 'Public domain in the USA.' );
INSERT INTO classifications ( gid, classification ) VALUES ( '38822', 'DA' );
INSERT INTO subjects ( gid, subject ) VALUES ( '38822', 'Scotland -- Description and travel' );
INSERT INTO files ( gid, file, mime ) VALUES ( '38822', 'http://www.gutenberg.org/ebooks/38822.epub.images', 'application/epub+zip' );
INSERT INTO files ( gid, file, mime ) VALUES ( '38822', 'http://www.gutenberg.org/ebooks/38822.epub.noimages', 'application/epub+zip' );
INSERT INTO files ( gid, file, mime ) VALUES ( '38822', 'http://www.gutenberg.org/ebooks/38822.kindle.images', 'application/x-mobipocket-ebook' );
INSERT INTO files ( gid, file, mime ) VALUES ( '38822', 'http://www.gutenberg.org/ebooks/38822.kindle.noimages', 'application/x-mobipocket-ebook' );
INSERT INTO files ( gid, file, mime ) VALUES ( '38822', 'http://www.gutenberg.org/ebooks/38822.rdf', 'application/rdf+xml' );
INSERT INTO files ( gid, file, mime ) VALUES ( '38822', 'http://www.gutenberg.org/ebooks/38822.txt.utf-8', 'text/plain' );
INSERT INTO files ( gid, file, mime ) VALUES ( '38822', 'http://www.gutenberg.org/files/38822/38822-8.txt', 'text/plain; charset=iso-8859-1' );
INSERT INTO files ( gid, file, mime ) VALUES ( '38822', 'http://www.gutenberg.org/files/38822/38822-8.zip', 'text/plain; charset=iso-8859-1application/zip' );
INSERT INTO files ( gid, file, mime ) VALUES ( '38822', 'http://www.gutenberg.org/files/38822/38822-h.zip', 'text/html; charset=iso-8859-1application/zip' );
INSERT INTO files ( gid, file, mime ) VALUES ( '38822', 'http://www.gutenberg.org/files/38822/38822-h/38822-h.htm', 'text/html; charset=iso-8859-1' );
INSERT INTO files ( gid, file, mime ) VALUES ( '38822', 'http://www.gutenberg.org/files/38822/38822.txt', 'text/plain; charset=us-ascii' );
INSERT INTO files ( gid, file, mime ) VALUES ( '38822', 'http://www.gutenberg.org/files/38822/38822.zip', 'text/plain; charset=us-asciiapplication/zip' );
INSERT INTO titles ( gid, title, author, language, rights ) VALUES ( '38922', 'Pine Needles', 'Warner, Susan', 'en', 'Public domain in the USA.' );
INSERT INTO classifications ( gid, classification ) VALUES ( '38922', 'PZ' );
INSERT INTO subjects ( gid, subject ) VALUES ( '38922', 'Families -- Juvenile fiction' );
INSERT INTO subjects ( gid, subject ) VALUES ( '38922', 'Church history -- Primitive and early church, ca. 30-600 -- Juvenile fiction' );
INSERT INTO files ( gid, file, mime ) VALUES ( '38922', 'http://www.gutenberg.org/cache/epub/38922/pg38922.cover.medium.jpg', 'image/jpeg' );
INSERT INTO files ( gid, file, mime ) VALUES ( '38922', 'http://www.gutenberg.org/cache/epub/38922/pg38922.cover.small.jpg', 'image/jpeg' );
INSERT INTO files ( gid, file, mime ) VALUES ( '38922', 'http://www.gutenberg.org/ebooks/38922.epub.images', 'application/epub+zip' );
INSERT INTO files ( gid, file, mime ) VALUES ( '38922', 'http://www.gutenberg.org/ebooks/38922.epub.noimages', 'application/epub+zip' );
INSERT INTO files ( gid, file, mime ) VALUES ( '38922', 'http://www.gutenberg.org/ebooks/38922.kindle.images', 'application/x-mobipocket-ebook' );
INSERT INTO files ( gid, file, mime ) VALUES ( '38922', 'http://www.gutenberg.org/ebooks/38922.kindle.noimages', 'application/x-mobipocket-ebook' );
INSERT INTO files ( gid, file, mime ) VALUES ( '38922', 'http://www.gutenberg.org/ebooks/38922.rdf', 'application/rdf+xml' );
INSERT INTO files ( gid, file, mime ) VALUES ( '38922', 'http://www.gutenberg.org/ebooks/38922.txt.utf-8', 'text/plain' );
INSERT INTO files ( gid, file, mime ) VALUES ( '38922', 'http://www.gutenberg.org/files/38922/38922-8.txt', 'text/plain; charset=iso-8859-1' );
INSERT INTO files ( gid, file, mime ) VALUES ( '38922', 'http://www.gutenberg.org/files/38922/38922-8.zip', 'text/plain; charset=iso-8859-1application/zip' );
INSERT INTO files ( gid, file, mime ) VALUES ( '38922', 'http://www.gutenberg.org/files/38922/38922-h.zip', 'text/html; charset=iso-8859-1application/zip' );
INSERT INTO files ( gid, file, mime ) VALUES ( '38922', 'http://www.gutenberg.org/files/38922/38922-h/38922-h.htm', 'text/html; charset=iso-8859-1' );
INSERT INTO files ( gid, file, mime ) VALUES ( '38922', 'http://www.gutenberg.org/files/38922/38922.txt', 'text/plain; charset=us-ascii' );
INSERT INTO files ( gid, file, mime ) VALUES ( '38922', 'http://www.gutenberg.org/files/38922/38922.zip', 'text/plain; charset=us-asciiapplication/zip' );
INSERT INTO titles ( gid, title, author, language, rights ) VALUES ( '39022', 'The Dramatization of Bible Stories An experiment in the religious education of children', 'Lobingier, Elizabeth Miller', 'en', 'Public domain in the USA.' );
INSERT INTO classifications ( gid, classification ) VALUES ( '39022', 'BV' );
INSERT INTO subjects ( gid, subject ) VALUES ( '39022', 'Drama in education' );
INSERT INTO subjects ( gid, subject ) VALUES ( '39022', 'Children''s plays' );
INSERT INTO subjects ( gid, subject ) VALUES ( '39022', 'Religious education' );
INSERT INTO files ( gid, file, mime ) VALUES ( '39022', 'http://www.gutenberg.org/ebooks/39022.epub.images', 'application/epub+zip' );
INSERT INTO files ( gid, file, mime ) VALUES ( '39022', 'http://www.gutenberg.org/ebooks/39022.epub.noimages', 'application/epub+zip' );
INSERT INTO files ( gid, file, mime ) VALUES ( '39022', 'http://www.gutenberg.org/ebooks/39022.kindle.images', 'application/x-mobipocket-ebook' );
INSERT INTO files ( gid, file, mime ) VALUES ( '39022', 'http://www.gutenberg.org/ebooks/39022.kindle.noimages', 'application/x-mobipocket-ebook' );
INSERT INTO files ( gid, file, mime ) VALUES ( '39022', 'http://www.gutenberg.org/ebooks/39022.rdf', 'application/rdf+xml' );
INSERT INTO files ( gid, file, mime ) VALUES ( '39022', 'http://www.gutenberg.org/ebooks/39022.txt.utf-8', 'text/plain' );
INSERT INTO files ( gid, file, mime ) VALUES ( '39022', 'http://www.gutenberg.org/files/39022/39022-8.txt', 'text/plain; charset=iso-8859-1' );
INSERT INTO files ( gid, file, mime ) VALUES ( '39022', 'http://www.gutenberg.org/files/39022/39022-8.zip', 'text/plain; charset=iso-8859-1application/zip' );
INSERT INTO files ( gid, file, mime ) VALUES ( '39022', 'http://www.gutenberg.org/files/39022/39022-h.zip', 'text/html; charset=iso-8859-1application/zip' );
INSERT INTO files ( gid, file, mime ) VALUES ( '39022', 'http://www.gutenberg.org/files/39022/39022-h/39022-h.htm', 'text/html; charset=iso-8859-1' );
INSERT INTO files ( gid, file, mime ) VALUES ( '39022', 'http://www.gutenberg.org/files/39022/39022.txt', 'text/plain; charset=us-ascii' );
INSERT INTO files ( gid, file, mime ) VALUES ( '39022', 'http://www.gutenberg.org/files/39022/39022.zip', 'application/ziptext/plain; charset=us-ascii' );
INSERT INTO titles ( gid, title, author, language, rights ) VALUES ( '39122', 'Memoirs of a Midget', '', 'en', 'Public domain in the USA.' );
INSERT INTO classifications ( gid, classification ) VALUES ( '39122', 'PR' );
INSERT INTO subjects ( gid, subject ) VALUES ( '39122', 'Circus performers -- Fiction' );
INSERT INTO subjects ( gid, subject ) VALUES ( '39122', 'Short people -- Fiction' );
INSERT INTO subjects ( gid, subject ) VALUES ( '39122', 'Difference (Psychology) -- Fiction' );
INSERT INTO subjects ( gid, subject ) VALUES ( '39122', 'Psychological fiction' );
INSERT INTO subjects ( gid, subject ) VALUES ( '39122', 'Bildungsromans' );
INSERT INTO subjects ( gid, subject ) VALUES ( '39122', 'Dwarfs -- Fiction' );
INSERT INTO subjects ( gid, subject ) VALUES ( '39122', 'Young women -- Fiction' );
INSERT INTO files ( gid, file, mime ) VALUES ( '39122', 'http://www.gutenberg.org/cache/epub/39122/pg39122.cover.medium.jpg', 'image/jpeg' );
INSERT INTO files ( gid, file, mime ) VALUES ( '39122', 'http://www.gutenberg.org/cache/epub/39122/pg39122.cover.small.jpg', 'image/jpeg' );
INSERT INTO files ( gid, file, mime ) VALUES ( '39122', 'http://www.gutenberg.org/ebooks/39122.epub.images', 'application/epub+zip' );
INSERT INTO files ( gid, file, mime ) VALUES ( '39122', 'http://www.gutenberg.org/ebooks/39122.epub.noimages', 'application/epub+zip' );
INSERT INTO files ( gid, file, mime ) VALUES ( '39122', 'http://www.gutenberg.org/ebooks/39122.kindle.images', 'application/x-mobipocket-ebook' );
INSERT INTO files ( gid, file, mime ) VALUES ( '39122', 'http://www.gutenberg.org/ebooks/39122.kindle.noimages', 'application/x-mobipocket-ebook' );
INSERT INTO files ( gid, file, mime ) VALUES ( '39122', 'http://www.gutenberg.org/ebooks/39122.rdf', 'application/rdf+xml' );
INSERT INTO files ( gid, file, mime ) VALUES ( '39122', 'http://www.gutenberg.org/ebooks/39122.txt.utf-8', 'text/plain' );
INSERT INTO files ( gid, file, mime ) VALUES ( '39122', 'http://www.gutenberg.org/files/39122/39122-8.txt', 'text/plain; charset=iso-8859-1' );
INSERT INTO files ( gid, file, mime ) VALUES ( '39122', 'http://www.gutenberg.org/files/39122/39122-8.zip', 'text/plain; charset=iso-8859-1application/zip' );
INSERT INTO files ( gid, file, mime ) VALUES ( '39122', 'http://www.gutenberg.org/files/39122/39122-h.zip', 'application/ziptext/html; charset=iso-8859-1' );
INSERT INTO files ( gid, file, mime ) VALUES ( '39122', 'http://www.gutenberg.org/files/39122/39122-h/39122-h.htm', 'text/html; charset=iso-8859-1' );
INSERT INTO files ( gid, file, mime ) VALUES ( '39122', 'http://www.gutenberg.org/files/39122/39122.txt', 'text/plain; charset=us-ascii' );
INSERT INTO files ( gid, file, mime ) VALUES ( '39122', 'http://www.gutenberg.org/files/39122/39122.zip', 'application/ziptext/plain; charset=us-ascii' );
INSERT INTO titles ( gid, title, author, language, rights ) VALUES ( '39222', 'An Annotated Check List of the Mammals of Michoacán, México', 'Villa Ramírez, Bernardo', 'en', 'Public domain in the USA.' );
INSERT INTO classifications ( gid, classification ) VALUES ( '39222', 'QH' );
INSERT INTO subjects ( gid, subject ) VALUES ( '39222', 'Mammals -- Mexico -- Michoacán de Ocampo' );
INSERT INTO files ( gid, file, mime ) VALUES ( '39222', 'http://www.gutenberg.org/cache/epub/39222/pg39222.cover.medium.jpg', 'image/jpeg' );
INSERT INTO files ( gid, file, mime ) VALUES ( '39222', 'http://www.gutenberg.org/cache/epub/39222/pg39222.cover.small.jpg', 'image/jpeg' );
INSERT INTO files ( gid, file, mime ) VALUES ( '39222', 'http://www.gutenberg.org/ebooks/39222.epub.images', 'application/epub+zip' );
INSERT INTO files ( gid, file, mime ) VALUES ( '39222', 'http://www.gutenberg.org/ebooks/39222.epub.noimages', 'application/epub+zip' );
INSERT INTO files ( gid, file, mime ) VALUES ( '39222', 'http://www.gutenberg.org/ebooks/39222.kindle.images', 'application/x-mobipocket-ebook' );
INSERT INTO files ( gid, file, mime ) VALUES ( '39222', 'http://www.gutenberg.org/ebooks/39222.kindle.noimages', 'application/x-mobipocket-ebook' );
INSERT INTO files ( gid, file, mime ) VALUES ( '39222', 'http://www.gutenberg.org/ebooks/39222.rdf', 'application/rdf+xml' );
INSERT INTO files ( gid, file, mime ) VALUES ( '39222', 'http://www.gutenberg.org/files/39222/39222-0.txt', 'text/plain; charset=utf-8' );
INSERT INTO files ( gid, file, mime ) VALUES ( '39222', 'http://www.gutenberg.org/files/39222/39222-0.zip', 'text/plain; charset=utf-8application/zip' );
INSERT INTO files ( gid, file, mime ) VALUES ( '39222', 'http://www.gutenberg.org/files/39222/39222-8.txt', 'text/plain; charset=iso-8859-1' );
INSERT INTO files ( gid, file, mime ) VALUES ( '39222', 'http://www.gutenberg.org/files/39222/39222-8.zip', 'application/ziptext/plain; charset=iso-8859-1' );
INSERT INTO files ( gid, file, mime ) VALUES ( '39222', 'http://www.gutenberg.org/files/39222/39222-h.zip', 'application/ziptext/html; charset=iso-8859-1' );
INSERT INTO files ( gid, file, mime ) VALUES ( '39222', 'http://www.gutenberg.org/files/39222/39222-h/39222-h.htm', 'text/html; charset=iso-8859-1' );
INSERT INTO files ( gid, file, mime ) VALUES ( '39222', 'http://www.gutenberg.org/files/39222/39222.txt', 'text/plain; charset=us-ascii' );
INSERT INTO files ( gid, file, mime ) VALUES ( '39222', 'http://www.gutenberg.org/files/39222/39222.zip', 'application/ziptext/plain; charset=us-ascii' );
INSERT INTO titles ( gid, title, author, language, rights ) VALUES ( '3922', 'The Red Lily — Complete', 'France, Anatole', 'en', 'Public domain in the USA.' );
INSERT INTO classifications ( gid, classification ) VALUES ( '3922', 'PQ' );
INSERT INTO subjects ( gid, subject ) VALUES ( '3922', 'France -- Fiction' );
INSERT INTO subjects ( gid, subject ) VALUES ( '3922', 'Italy -- Fiction' );
INSERT INTO subjects ( gid, subject ) VALUES ( '3922', 'French fiction -- Translations into English' );
INSERT INTO subjects ( gid, subject ) VALUES ( '3922', 'Man-woman relationships -- Fiction' );
INSERT INTO files ( gid, file, mime ) VALUES ( '3922', 'http://www.gutenberg.org/ebooks/3922.epub.images', 'application/epub+zip' );
INSERT INTO files ( gid, file, mime ) VALUES ( '3922', 'http://www.gutenberg.org/ebooks/3922.epub.noimages', 'application/epub+zip' );
INSERT INTO files ( gid, file, mime ) VALUES ( '3922', 'http://www.gutenberg.org/ebooks/3922.kindle.images', 'application/x-mobipocket-ebook' );
INSERT INTO files ( gid, file, mime ) VALUES ( '3922', 'http://www.gutenberg.org/ebooks/3922.kindle.noimages', 'application/x-mobipocket-ebook' );
INSERT INTO files ( gid, file, mime ) VALUES ( '3922', 'http://www.gutenberg.org/ebooks/3922.rdf', 'application/rdf+xml' );
INSERT INTO files ( gid, file, mime ) VALUES ( '3922', 'http://www.gutenberg.org/files/3922/3922-0.txt', 'text/plain; charset=utf-8' );
INSERT INTO files ( gid, file, mime ) VALUES ( '3922', 'http://www.gutenberg.org/files/3922/3922-0.zip', 'text/plain; charset=utf-8application/zip' );
INSERT INTO files ( gid, file, mime ) VALUES ( '3922', 'http://www.gutenberg.org/files/3922/3922-h.zip', 'text/html; charset=utf-8application/zip' );
INSERT INTO files ( gid, file, mime ) VALUES ( '3922', 'http://www.gutenberg.org/files/3922/3922-h/3922-h.htm', 'text/html; charset=utf-8' );
INSERT INTO files ( gid, file, mime ) VALUES ( '3922', 'http://www.gutenberg.org/files/3922/3922.txt', 'text/plain; charset=us-ascii' );
INSERT INTO files ( gid, file, mime ) VALUES ( '3922', 'http://www.gutenberg.org/files/3922/3922.zip', 'application/ziptext/plain; charset=us-ascii' );
INSERT INTO titles ( gid, title, author, language, rights ) VALUES ( '39322', 'Australian Pictures, Drawn with Pen and Pencil', 'Willoughby, Howard', 'en', 'Public domain in the USA.' );
INSERT INTO classifications ( gid, classification ) VALUES ( '39322', 'DU' );
INSERT INTO subjects ( gid, subject ) VALUES ( '39322', 'Natural history -- Australia' );
INSERT INTO subjects ( gid, subject ) VALUES ( '39322', 'Australia -- Description and travel' );
INSERT INTO files ( gid, file, mime ) VALUES ( '39322', 'http://www.gutenberg.org/ebooks/39322.epub.images', 'application/epub+zip' );
INSERT INTO files ( gid, file, mime ) VALUES ( '39322', 'http://www.gutenberg.org/ebooks/39322.epub.noimages', 'application/epub+zip' );
INSERT INTO files ( gid, file, mime ) VALUES ( '39322', 'http://www.gutenberg.org/ebooks/39322.kindle.images', 'application/x-mobipocket-ebook' );
INSERT INTO files ( gid, file, mime ) VALUES ( '39322', 'http://www.gutenberg.org/ebooks/39322.kindle.noimages', 'application/x-mobipocket-ebook' );
INSERT INTO files ( gid, file, mime ) VALUES ( '39322', 'http://www.gutenberg.org/ebooks/39322.rdf', 'application/rdf+xml' );
INSERT INTO files ( gid, file, mime ) VALUES ( '39322', 'http://www.gutenberg.org/ebooks/39322.txt.utf-8', 'text/plain' );
INSERT INTO files ( gid, file, mime ) VALUES ( '39322', 'http://www.gutenberg.org/files/39322/39322-8.txt', 'text/plain; charset=iso-8859-1' );
INSERT INTO files ( gid, file, mime ) VALUES ( '39322', 'http://www.gutenberg.org/files/39322/39322-8.zip', 'application/ziptext/plain; charset=iso-8859-1' );
INSERT INTO files ( gid, file, mime ) VALUES ( '39322', 'http://www.gutenberg.org/files/39322/39322-h.zip', 'application/ziptext/html; charset=iso-8859-1' );
INSERT INTO files ( gid, file, mime ) VALUES ( '39322', 'http://www.gutenberg.org/files/39322/39322-h/39322-h.htm', 'text/html; charset=iso-8859-1' );
INSERT INTO files ( gid, file, mime ) VALUES ( '39322', 'http://www.gutenberg.org/files/39322/39322.txt', 'text/plain; charset=us-ascii' );
INSERT INTO files ( gid, file, mime ) VALUES ( '39322', 'http://www.gutenberg.org/files/39322/39322.zip', 'application/ziptext/plain; charset=us-ascii' );
INSERT INTO titles ( gid, title, author, language, rights ) VALUES ( '39422', 'The Vanity Girl', 'MacKenzie, Compton', 'en', 'Public domain in the USA.' );
INSERT INTO classifications ( gid, classification ) VALUES ( '39422', 'PR' );
INSERT INTO subjects ( gid, subject ) VALUES ( '39422', 'England -- Social life and customs -- 20th century -- Fiction' );
INSERT INTO subjects ( gid, subject ) VALUES ( '39422', 'Social classes -- England -- Fiction' );
INSERT INTO files ( gid, file, mime ) VALUES ( '39422', 'http://www.gutenberg.org/cache/epub/39422/pg39422.cover.medium.jpg', 'image/jpeg' );
INSERT INTO files ( gid, file, mime ) VALUES ( '39422', 'http://www.gutenberg.org/cache/epub/39422/pg39422.cover.small.jpg', 'image/jpeg' );
INSERT INTO files ( gid, file, mime ) VALUES ( '39422', 'http://www.gutenberg.org/ebooks/39422.epub.images', 'application/epub+zip' );
INSERT INTO files ( gid, file, mime ) VALUES ( '39422', 'http://www.gutenberg.org/ebooks/39422.epub.noimages', 'application/epub+zip' );
INSERT INTO files ( gid, file, mime ) VALUES ( '39422', 'http://www.gutenberg.org/ebooks/39422.kindle.images', 'application/x-mobipocket-ebook' );
INSERT INTO files ( gid, file, mime ) VALUES ( '39422', 'http://www.gutenberg.org/ebooks/39422.kindle.noimages', 'application/x-mobipocket-ebook' );
INSERT INTO files ( gid, file, mime ) VALUES ( '39422', 'http://www.gutenberg.org/ebooks/39422.rdf', 'application/rdf+xml' );
INSERT INTO files ( gid, file, mime ) VALUES ( '39422', 'http://www.gutenberg.org/ebooks/39422.txt.utf-8', 'text/plain' );
INSERT INTO files ( gid, file, mime ) VALUES ( '39422', 'http://www.gutenberg.org/files/39422/39422-8.txt', 'text/plain; charset=iso-8859-1' );
INSERT INTO files ( gid, file, mime ) VALUES ( '39422', 'http://www.gutenberg.org/files/39422/39422-8.zip', 'text/plain; charset=iso-8859-1application/zip' );
INSERT INTO files ( gid, file, mime ) VALUES ( '39422', 'http://www.gutenberg.org/files/39422/39422-h.zip', 'application/ziptext/html; charset=iso-8859-1' );
INSERT INTO files ( gid, file, mime ) VALUES ( '39422', 'http://www.gutenberg.org/files/39422/39422-h/39422-h.htm', 'text/html; charset=iso-8859-1' );
INSERT INTO files ( gid, file, mime ) VALUES ( '39422', 'http://www.gutenberg.org/files/39422/39422.txt', 'text/plain; charset=us-ascii' );
INSERT INTO files ( gid, file, mime ) VALUES ( '39422', 'http://www.gutenberg.org/files/39422/39422.zip', 'text/plain; charset=us-asciiapplication/zip' );
INSERT INTO titles ( gid, title, author, language, rights ) VALUES ( '39522', 'The Rulers of the Mediterranean', 'Davis, Richard Harding', 'en', 'Public domain in the USA.' );
INSERT INTO classifications ( gid, classification ) VALUES ( '39522', 'D' );
INSERT INTO subjects ( gid, subject ) VALUES ( '39522', 'Mediterranean Region -- Description and travel' );
INSERT INTO files ( gid, file, mime ) VALUES ( '39522', 'http://www.gutenberg.org/cache/epub/39522/pg39522.cover.medium.jpg', 'image/jpeg' );
INSERT INTO files ( gid, file, mime ) VALUES ( '39522', 'http://www.gutenberg.org/cache/epub/39522/pg39522.cover.small.jpg', 'image/jpeg' );
INSERT INTO files ( gid, file, mime ) VALUES ( '39522', 'http://www.gutenberg.org/ebooks/39522.epub.images', 'application/epub+zip' );
INSERT INTO files ( gid, file, mime ) VALUES ( '39522', 'http://www.gutenberg.org/ebooks/39522.epub.noimages', 'application/epub+zip' );
INSERT INTO files ( gid, file, mime ) VALUES ( '39522', 'http://www.gutenberg.org/ebooks/39522.kindle.images', 'application/x-mobipocket-ebook' );
INSERT INTO files ( gid, file, mime ) VALUES ( '39522', 'http://www.gutenberg.org/ebooks/39522.kindle.noimages', 'application/x-mobipocket-ebook' );
INSERT INTO files ( gid, file, mime ) VALUES ( '39522', 'http://www.gutenberg.org/ebooks/39522.rdf', 'application/rdf+xml' );
INSERT INTO files ( gid, file, mime ) VALUES ( '39522', 'http://www.gutenberg.org/ebooks/39522.txt.utf-8', 'text/plain' );
INSERT INTO files ( gid, file, mime ) VALUES ( '39522', 'http://www.gutenberg.org/files/39522/39522-8.txt', 'text/plain; charset=iso-8859-1' );
INSERT INTO files ( gid, file, mime ) VALUES ( '39522', 'http://www.gutenberg.org/files/39522/39522-8.zip', 'application/ziptext/plain; charset=iso-8859-1' );
INSERT INTO files ( gid, file, mime ) VALUES ( '39522', 'http://www.gutenberg.org/files/39522/39522-h.zip', 'text/html; charset=iso-8859-1application/zip' );
INSERT INTO files ( gid, file, mime ) VALUES ( '39522', 'http://www.gutenberg.org/files/39522/39522-h/39522-h.htm', 'text/html; charset=iso-8859-1' );
INSERT INTO files ( gid, file, mime ) VALUES ( '39522', 'http://www.gutenberg.org/files/39522/39522.txt', 'text/plain; charset=us-ascii' );
INSERT INTO files ( gid, file, mime ) VALUES ( '39522', 'http://www.gutenberg.org/files/39522/39522.zip', 'text/plain; charset=us-asciiapplication/zip' );
INSERT INTO titles ( gid, title, author, language, rights ) VALUES ( '39622', 'The Church In Politics—Americans Beware!', 'Mangasarian, M. M. (Mangasar Mugurditch)', 'en', 'Public domain in the USA.' );
INSERT INTO classifications ( gid, classification ) VALUES ( '39622', 'BV' );
INSERT INTO subjects ( gid, subject ) VALUES ( '39622', 'Church and state' );
INSERT INTO files ( gid, file, mime ) VALUES ( '39622', 'http://www.gutenberg.org/ebooks/39622.epub.images', 'application/epub+zip' );
INSERT INTO files ( gid, file, mime ) VALUES ( '39622', 'http://www.gutenberg.org/ebooks/39622.epub.noimages', 'application/epub+zip' );
INSERT INTO files ( gid, file, mime ) VALUES ( '39622', 'http://www.gutenberg.org/ebooks/39622.kindle.images', 'application/x-mobipocket-ebook' );
INSERT INTO files ( gid, file, mime ) VALUES ( '39622', 'http://www.gutenberg.org/ebooks/39622.kindle.noimages', 'application/x-mobipocket-ebook' );
INSERT INTO files ( gid, file, mime ) VALUES ( '39622', 'http://www.gutenberg.org/ebooks/39622.rdf', 'application/rdf+xml' );
INSERT INTO files ( gid, file, mime ) VALUES ( '39622', 'http://www.gutenberg.org/ebooks/39622.txt.utf-8', 'text/plain' );
INSERT INTO files ( gid, file, mime ) VALUES ( '39622', 'http://www.gutenberg.org/files/39622/39622-8.txt', 'text/plain; charset=iso-8859-1' );
INSERT INTO files ( gid, file, mime ) VALUES ( '39622', 'http://www.gutenberg.org/files/39622/39622-8.zip', 'application/ziptext/plain; charset=iso-8859-1' );
INSERT INTO files ( gid, file, mime ) VALUES ( '39622', 'http://www.gutenberg.org/files/39622/39622-h.zip', 'text/html; charset=iso-8859-1application/zip' );
INSERT INTO files ( gid, file, mime ) VALUES ( '39622', 'http://www.gutenberg.org/files/39622/39622-h/39622-h.htm', 'text/html; charset=iso-8859-1' );
INSERT INTO files ( gid, file, mime ) VALUES ( '39622', 'http://www.gutenberg.org/files/39622/39622.txt', 'text/plain; charset=us-ascii' );
INSERT INTO files ( gid, file, mime ) VALUES ( '39622', 'http://www.gutenberg.org/files/39622/39622.zip', 'application/ziptext/plain; charset=us-ascii' );
INSERT INTO titles ( gid, title, author, language, rights ) VALUES ( '39722', 'Samlede Værker, Tredie Bind', 'Aakjær, Jeppe', 'da', 'Public domain in the USA.' );
INSERT INTO classifications ( gid, classification ) VALUES ( '39722', 'PT' );
INSERT INTO subjects ( gid, subject ) VALUES ( '39722', 'Danish drama' );
INSERT INTO files ( gid, file, mime ) VALUES ( '39722', 'http://www.gutenberg.org/ebooks/39722.epub.images', 'application/epub+zip' );
INSERT INTO files ( gid, file, mime ) VALUES ( '39722', 'http://www.gutenberg.org/ebooks/39722.epub.noimages', 'application/epub+zip' );
INSERT INTO files ( gid, file, mime ) VALUES ( '39722', 'http://www.gutenberg.org/ebooks/39722.kindle.images', 'application/x-mobipocket-ebook' );
INSERT INTO files ( gid, file, mime ) VALUES ( '39722', 'http://www.gutenberg.org/ebooks/39722.kindle.noimages', 'application/x-mobipocket-ebook' );
INSERT INTO files ( gid, file, mime ) VALUES ( '39722', 'http://www.gutenberg.org/ebooks/39722.rdf', 'application/rdf+xml' );
INSERT INTO files ( gid, file, mime ) VALUES ( '39722', 'http://www.gutenberg.org/ebooks/39722.txt.utf-8', 'text/plain' );
INSERT INTO files ( gid, file, mime ) VALUES ( '39722', 'http://www.gutenberg.org/files/39722/39722-8.txt', 'text/plain; charset=iso-8859-1' );
INSERT INTO files ( gid, file, mime ) VALUES ( '39722', 'http://www.gutenberg.org/files/39722/39722-8.zip', 'text/plain; charset=iso-8859-1application/zip' );
INSERT INTO files ( gid, file, mime ) VALUES ( '39722', 'http://www.gutenberg.org/files/39722/39722-h.zip', 'text/html; charset=iso-8859-1application/zip' );
INSERT INTO files ( gid, file, mime ) VALUES ( '39722', 'http://www.gutenberg.org/files/39722/39722-h/39722-h.htm', 'text/html; charset=iso-8859-1' );
INSERT INTO titles ( gid, title, author, language, rights ) VALUES ( '39822', 'Tics and Their Treatment', 'Meige, Henry', 'en', 'Public domain in the USA.' );
INSERT INTO classifications ( gid, classification ) VALUES ( '39822', 'RC' );
INSERT INTO subjects ( gid, subject ) VALUES ( '39822', 'Tic disorders' );
INSERT INTO files ( gid, file, mime ) VALUES ( '39822', 'http://www.gutenberg.org/cache/epub/39822/pg39822.cover.medium.jpg', 'image/jpeg' );
INSERT INTO files ( gid, file, mime ) VALUES ( '39822', 'http://www.gutenberg.org/cache/epub/39822/pg39822.cover.small.jpg', 'image/jpeg' );
INSERT INTO files ( gid, file, mime ) VALUES ( '39822', 'http://www.gutenberg.org/ebooks/39822.epub.images', 'application/epub+zip' );
INSERT INTO files ( gid, file, mime ) VALUES ( '39822', 'http://www.gutenberg.org/ebooks/39822.epub.noimages', 'application/epub+zip' );
INSERT INTO files ( gid, file, mime ) VALUES ( '39822', 'http://www.gutenberg.org/ebooks/39822.kindle.images', 'application/x-mobipocket-ebook' );
INSERT INTO files ( gid, file, mime ) VALUES ( '39822', 'http://www.gutenberg.org/ebooks/39822.kindle.noimages', 'application/x-mobipocket-ebook' );
INSERT INTO files ( gid, file, mime ) VALUES ( '39822', 'http://www.gutenberg.org/ebooks/39822.rdf', 'application/rdf+xml' );
INSERT INTO files ( gid, file, mime ) VALUES ( '39822', 'http://www.gutenberg.org/files/39822/39822-0.txt', 'text/plain; charset=utf-8' );
INSERT INTO files ( gid, file, mime ) VALUES ( '39822', 'http://www.gutenberg.org/files/39822/39822-0.zip', 'application/ziptext/plain; charset=utf-8' );
INSERT INTO files ( gid, file, mime ) VALUES ( '39822', 'http://www.gutenberg.org/files/39822/39822-8.txt', 'text/plain; charset=iso-8859-1' );
INSERT INTO files ( gid, file, mime ) VALUES ( '39822', 'http://www.gutenberg.org/files/39822/39822-8.zip', 'application/ziptext/plain; charset=iso-8859-1' );
INSERT INTO files ( gid, file, mime ) VALUES ( '39822', 'http://www.gutenberg.org/files/39822/39822-h.zip', 'application/ziptext/html; charset=utf-8' );
INSERT INTO files ( gid, file, mime ) VALUES ( '39822', 'http://www.gutenberg.org/files/39822/39822-h/39822-h.htm', 'text/html; charset=utf-8' );
INSERT INTO titles ( gid, title, author, language, rights ) VALUES ( '39922', 'Juggernaut: A Veiled Record', 'Eggleston, George Cary', 'en', 'Public domain in the USA.' );
INSERT INTO classifications ( gid, classification ) VALUES ( '39922', 'PS' );
INSERT INTO subjects ( gid, subject ) VALUES ( '39922', 'United States -- Social life and customs -- 19th century -- Fiction' );
INSERT INTO subjects ( gid, subject ) VALUES ( '39922', 'Man-woman relationships -- Fiction' );
INSERT INTO subjects ( gid, subject ) VALUES ( '39922', 'Political fiction' );
INSERT INTO subjects ( gid, subject ) VALUES ( '39922', 'Marriage -- Fiction' );
INSERT INTO files ( gid, file, mime ) VALUES ( '39922', 'http://www.gutenberg.org/cache/epub/39922/pg39922.cover.medium.jpg', 'image/jpeg' );
INSERT INTO files ( gid, file, mime ) VALUES ( '39922', 'http://www.gutenberg.org/cache/epub/39922/pg39922.cover.small.jpg', 'image/jpeg' );
INSERT INTO files ( gid, file, mime ) VALUES ( '39922', 'http://www.gutenberg.org/ebooks/39922.epub.images', 'application/epub+zip' );
INSERT INTO files ( gid, file, mime ) VALUES ( '39922', 'http://www.gutenberg.org/ebooks/39922.epub.noimages', 'application/epub+zip' );
INSERT INTO files ( gid, file, mime ) VALUES ( '39922', 'http://www.gutenberg.org/ebooks/39922.kindle.images', 'application/x-mobipocket-ebook' );
INSERT INTO files ( gid, file, mime ) VALUES ( '39922', 'http://www.gutenberg.org/ebooks/39922.kindle.noimages', 'application/x-mobipocket-ebook' );
INSERT INTO files ( gid, file, mime ) VALUES ( '39922', 'http://www.gutenberg.org/ebooks/39922.rdf', 'application/rdf+xml' );
INSERT INTO files ( gid, file, mime ) VALUES ( '39922', 'http://www.gutenberg.org/ebooks/39922.txt.utf-8', 'text/plain' );
INSERT INTO files ( gid, file, mime ) VALUES ( '39922', 'http://www.gutenberg.org/files/39922/39922-8.txt', 'text/plain; charset=iso-8859-1' );
INSERT INTO files ( gid, file, mime ) VALUES ( '39922', 'http://www.gutenberg.org/files/39922/39922-8.zip', 'application/ziptext/plain; charset=iso-8859-1' );
INSERT INTO files ( gid, file, mime ) VALUES ( '39922', 'http://www.gutenberg.org/files/39922/39922-h.zip', 'text/html; charset=iso-8859-1application/zip' );
INSERT INTO files ( gid, file, mime ) VALUES ( '39922', 'http://www.gutenberg.org/files/39922/39922-h/39922-h.htm', 'text/html; charset=iso-8859-1' );
INSERT INTO files ( gid, file, mime ) VALUES ( '39922', 'http://www.gutenberg.org/files/39922/39922.txt', 'text/plain; charset=us-ascii' );
INSERT INTO files ( gid, file, mime ) VALUES ( '39922', 'http://www.gutenberg.org/files/39922/39922.zip', 'application/ziptext/plain; charset=us-ascii' );
INSERT INTO titles ( gid, title, author, language, rights ) VALUES ( '40022', 'The History of Chivalry; Or, Knighthood and Its Times, Volume 2 (of 2)', 'Mills, Charles', 'en', 'Public domain in the USA.' );
INSERT INTO classifications ( gid, classification ) VALUES ( '40022', 'CR' );
INSERT INTO subjects ( gid, subject ) VALUES ( '40022', 'Chivalry' );
INSERT INTO files ( gid, file, mime ) VALUES ( '40022', 'http://www.gutenberg.org/cache/epub/40022/pg40022.cover.medium.jpg', 'image/jpeg' );
INSERT INTO files ( gid, file, mime ) VALUES ( '40022', 'http://www.gutenberg.org/cache/epub/40022/pg40022.cover.small.jpg', 'image/jpeg' );
INSERT INTO files ( gid, file, mime ) VALUES ( '40022', 'http://www.gutenberg.org/ebooks/40022.epub.images', 'application/epub+zip' );
INSERT INTO files ( gid, file, mime ) VALUES ( '40022', 'http://www.gutenberg.org/ebooks/40022.epub.noimages', 'application/epub+zip' );
INSERT INTO files ( gid, file, mime ) VALUES ( '40022', 'http://www.gutenberg.org/ebooks/40022.kindle.images', 'application/x-mobipocket-ebook' );
INSERT INTO files ( gid, file, mime ) VALUES ( '40022', 'http://www.gutenberg.org/ebooks/40022.kindle.noimages', 'application/x-mobipocket-ebook' );
INSERT INTO files ( gid, file, mime ) VALUES ( '40022', 'http://www.gutenberg.org/ebooks/40022.rdf', 'application/rdf+xml' );
INSERT INTO files ( gid, file, mime ) VALUES ( '40022', 'http://www.gutenberg.org/ebooks/40022.txt.utf-8', 'text/plain' );
INSERT INTO files ( gid, file, mime ) VALUES ( '40022', 'http://www.gutenberg.org/files/40022/40022-8.txt', 'text/plain; charset=iso-8859-1' );
INSERT INTO files ( gid, file, mime ) VALUES ( '40022', 'http://www.gutenberg.org/files/40022/40022-8.zip', 'application/ziptext/plain; charset=iso-8859-1' );
INSERT INTO files ( gid, file, mime ) VALUES ( '40022', 'http://www.gutenberg.org/files/40022/40022-h.zip', 'text/html; charset=iso-8859-1application/zip' );
INSERT INTO files ( gid, file, mime ) VALUES ( '40022', 'http://www.gutenberg.org/files/40022/40022-h/40022-h.htm', 'text/html; charset=iso-8859-1' );
INSERT INTO files ( gid, file, mime ) VALUES ( '40022', 'http://www.gutenberg.org/files/40022/40022.txt', 'text/plain; charset=us-ascii' );
INSERT INTO files ( gid, file, mime ) VALUES ( '40022', 'http://www.gutenberg.org/files/40022/40022.zip', 'text/plain; charset=us-asciiapplication/zip' );
INSERT INTO titles ( gid, title, author, language, rights ) VALUES ( '40122', 'Glimpses into the Abyss', 'Higgs, Mary', 'en', 'Public domain in the USA.' );
INSERT INTO classifications ( gid, classification ) VALUES ( '40122', 'HV' );
INSERT INTO subjects ( gid, subject ) VALUES ( '40122', 'Poor -- Great Britain' );
INSERT INTO subjects ( gid, subject ) VALUES ( '40122', 'Vagrancy -- Great Britain' );
INSERT INTO subjects ( gid, subject ) VALUES ( '40122', 'Women -- Employment -- Great Britain' );
INSERT INTO subjects ( gid, subject ) VALUES ( '40122', 'Lodging-houses -- Great Britain' );
INSERT INTO subjects ( gid, subject ) VALUES ( '40122', 'Prostitution -- Great Britain' );
INSERT INTO files ( gid, file, mime ) VALUES ( '40122', 'http://www.gutenberg.org/ebooks/40122.epub.images', 'application/epub+zip' );
INSERT INTO files ( gid, file, mime ) VALUES ( '40122', 'http://www.gutenberg.org/ebooks/40122.epub.noimages', 'application/epub+zip' );
INSERT INTO files ( gid, file, mime ) VALUES ( '40122', 'http://www.gutenberg.org/ebooks/40122.kindle.images', 'application/x-mobipocket-ebook' );
INSERT INTO files ( gid, file, mime ) VALUES ( '40122', 'http://www.gutenberg.org/ebooks/40122.kindle.noimages', 'application/x-mobipocket-ebook' );
INSERT INTO files ( gid, file, mime ) VALUES ( '40122', 'http://www.gutenberg.org/ebooks/40122.rdf', 'application/rdf+xml' );
INSERT INTO files ( gid, file, mime ) VALUES ( '40122', 'http://www.gutenberg.org/ebooks/40122.txt.utf-8', 'text/plain' );
INSERT INTO files ( gid, file, mime ) VALUES ( '40122', 'http://www.gutenberg.org/files/40122/40122-8.txt', 'text/plain; charset=iso-8859-1' );
INSERT INTO files ( gid, file, mime ) VALUES ( '40122', 'http://www.gutenberg.org/files/40122/40122-8.zip', 'text/plain; charset=iso-8859-1application/zip' );
INSERT INTO files ( gid, file, mime ) VALUES ( '40122', 'http://www.gutenberg.org/files/40122/40122-h.zip', 'text/html; charset=iso-8859-1application/zip' );
INSERT INTO files ( gid, file, mime ) VALUES ( '40122', 'http://www.gutenberg.org/files/40122/40122-h/40122-h.htm', 'text/html; charset=iso-8859-1' );
INSERT INTO files ( gid, file, mime ) VALUES ( '40122', 'http://www.gutenberg.org/files/40122/40122.txt', 'text/plain; charset=us-ascii' );
INSERT INTO files ( gid, file, mime ) VALUES ( '40122', 'http://www.gutenberg.org/files/40122/40122.zip', 'application/ziptext/plain; charset=us-ascii' );
INSERT INTO titles ( gid, title, author, language, rights ) VALUES ( '4022', 'Coral Reefs; Volcanic Islands; South American Geology — Complete', 'Darwin, Charles', 'en', 'Public domain in the USA.' );
INSERT INTO classifications ( gid, classification ) VALUES ( '4022', 'QE' );
INSERT INTO subjects ( gid, subject ) VALUES ( '4022', 'Islands' );
INSERT INTO subjects ( gid, subject ) VALUES ( '4022', 'Coral reefs and islands' );
INSERT INTO subjects ( gid, subject ) VALUES ( '4022', 'Beagle Expedition (1831-1836)' );
INSERT INTO subjects ( gid, subject ) VALUES ( '4022', 'Volcanoes' );
INSERT INTO subjects ( gid, subject ) VALUES ( '4022', 'Geology -- South America' );
INSERT INTO files ( gid, file, mime ) VALUES ( '4022', 'http://www.gutenberg.org/ebooks/4022.epub.images', 'application/epub+zip' );
INSERT INTO files ( gid, file, mime ) VALUES ( '4022', 'http://www.gutenberg.org/ebooks/4022.epub.noimages', 'application/epub+zip' );
INSERT INTO files ( gid, file, mime ) VALUES ( '4022', 'http://www.gutenberg.org/ebooks/4022.kindle.images', 'application/x-mobipocket-ebook' );
INSERT INTO files ( gid, file, mime ) VALUES ( '4022', 'http://www.gutenberg.org/ebooks/4022.kindle.noimages', 'application/x-mobipocket-ebook' );
INSERT INTO files ( gid, file, mime ) VALUES ( '4022', 'http://www.gutenberg.org/ebooks/4022.rdf', 'application/rdf+xml' );
INSERT INTO files ( gid, file, mime ) VALUES ( '4022', 'http://www.gutenberg.org/files/4022/4022-h.zip', 'text/htmlapplication/zip' );
INSERT INTO files ( gid, file, mime ) VALUES ( '4022', 'http://www.gutenberg.org/files/4022/4022-h/4022-h.htm', 'text/html' );
INSERT INTO titles ( gid, title, author, language, rights ) VALUES ( '40222', 'Klagen eines Knaben', 'Ehrenstein, Carl', 'de', 'Public domain in the USA.' );
INSERT INTO classifications ( gid, classification ) VALUES ( '40222', 'PT' );
INSERT INTO subjects ( gid, subject ) VALUES ( '40222', 'Austrian literature' );
INSERT INTO subjects ( gid, subject ) VALUES ( '40222', 'Short stories' );
INSERT INTO files ( gid, file, mime ) VALUES ( '40222', 'http://www.gutenberg.org/ebooks/40222.epub.images', 'application/epub+zip' );
INSERT INTO files ( gid, file, mime ) VALUES ( '40222', 'http://www.gutenberg.org/ebooks/40222.epub.noimages', 'application/epub+zip' );
INSERT INTO files ( gid, file, mime ) VALUES ( '40222', 'http://www.gutenberg.org/ebooks/40222.kindle.images', 'application/x-mobipocket-ebook' );
INSERT INTO files ( gid, file, mime ) VALUES ( '40222', 'http://www.gutenberg.org/ebooks/40222.kindle.noimages', 'application/x-mobipocket-ebook' );
INSERT INTO files ( gid, file, mime ) VALUES ( '40222', 'http://www.gutenberg.org/ebooks/40222.rdf', 'application/rdf+xml' );
INSERT INTO files ( gid, file, mime ) VALUES ( '40222', 'http://www.gutenberg.org/ebooks/40222.txt.utf-8', 'text/plain' );
INSERT INTO files ( gid, file, mime ) VALUES ( '40222', 'http://www.gutenberg.org/files/40222/40222-8.txt', 'text/plain; charset=iso-8859-1' );
INSERT INTO files ( gid, file, mime ) VALUES ( '40222', 'http://www.gutenberg.org/files/40222/40222-8.zip', 'application/ziptext/plain; charset=iso-8859-1' );
INSERT INTO files ( gid, file, mime ) VALUES ( '40222', 'http://www.gutenberg.org/files/40222/40222-h.zip', 'text/html; charset=iso-8859-1application/zip' );
INSERT INTO files ( gid, file, mime ) VALUES ( '40222', 'http://www.gutenberg.org/files/40222/40222-h/40222-h.htm', 'text/html; charset=iso-8859-1' );
INSERT INTO titles ( gid, title, author, language, rights ) VALUES ( '40322', 'Modern Illustration', 'Pennell, Joseph', 'en', 'Public domain in the USA.' );
INSERT INTO classifications ( gid, classification ) VALUES ( '40322', 'NC' );
INSERT INTO subjects ( gid, subject ) VALUES ( '40322', 'Illustration of books' );
INSERT INTO files ( gid, file, mime ) VALUES ( '40322', 'http://www.gutenberg.org/ebooks/40322.epub.images', 'application/epub+zip' );
INSERT INTO files ( gid, file, mime ) VALUES ( '40322', 'http://www.gutenberg.org/ebooks/40322.epub.noimages', 'application/epub+zip' );
INSERT INTO files ( gid, file, mime ) VALUES ( '40322', 'http://www.gutenberg.org/ebooks/40322.kindle.images', 'application/x-mobipocket-ebook' );
INSERT INTO files ( gid, file, mime ) VALUES ( '40322', 'http://www.gutenberg.org/ebooks/40322.kindle.noimages', 'application/x-mobipocket-ebook' );
INSERT INTO files ( gid, file, mime ) VALUES ( '40322', 'http://www.gutenberg.org/ebooks/40322.rdf', 'application/rdf+xml' );
INSERT INTO files ( gid, file, mime ) VALUES ( '40322', 'http://www.gutenberg.org/ebooks/40322.txt.utf-8', 'text/plain' );
INSERT INTO files ( gid, file, mime ) VALUES ( '40322', 'http://www.gutenberg.org/files/40322/40322-8.txt', 'text/plain; charset=iso-8859-1' );
INSERT INTO files ( gid, file, mime ) VALUES ( '40322', 'http://www.gutenberg.org/files/40322/40322-8.zip', 'text/plain; charset=iso-8859-1application/zip' );
INSERT INTO files ( gid, file, mime ) VALUES ( '40322', 'http://www.gutenberg.org/files/40322/40322-h.zip', 'application/ziptext/html; charset=iso-8859-1' );
INSERT INTO files ( gid, file, mime ) VALUES ( '40322', 'http://www.gutenberg.org/files/40322/40322-h/40322-h.htm', 'text/html; charset=iso-8859-1' );
INSERT INTO titles ( gid, title, author, language, rights ) VALUES ( '40422', 'Voyages loin de ma chambre t.2', 'Dondel Du Faouëdic, Noémie', 'fr', 'Public domain in the USA.' );
INSERT INTO classifications ( gid, classification ) VALUES ( '40422', 'G' );
INSERT INTO subjects ( gid, subject ) VALUES ( '40422', 'Voyages and travels' );
INSERT INTO files ( gid, file, mime ) VALUES ( '40422', 'http://www.gutenberg.org/cache/epub/40422/pg40422.cover.medium.jpg', 'image/jpeg' );
INSERT INTO files ( gid, file, mime ) VALUES ( '40422', 'http://www.gutenberg.org/cache/epub/40422/pg40422.cover.small.jpg', 'image/jpeg' );
INSERT INTO files ( gid, file, mime ) VALUES ( '40422', 'http://www.gutenberg.org/ebooks/40422.epub.images', 'application/epub+zip' );
INSERT INTO files ( gid, file, mime ) VALUES ( '40422', 'http://www.gutenberg.org/ebooks/40422.epub.noimages', 'application/epub+zip' );
INSERT INTO files ( gid, file, mime ) VALUES ( '40422', 'http://www.gutenberg.org/ebooks/40422.kindle.images', 'application/x-mobipocket-ebook' );
INSERT INTO files ( gid, file, mime ) VALUES ( '40422', 'http://www.gutenberg.org/ebooks/40422.kindle.noimages', 'application/x-mobipocket-ebook' );
INSERT INTO files ( gid, file, mime ) VALUES ( '40422', 'http://www.gutenberg.org/ebooks/40422.rdf', 'application/rdf+xml' );
INSERT INTO files ( gid, file, mime ) VALUES ( '40422', 'http://www.gutenberg.org/files/40422/40422-0.txt', 'text/plain; charset=utf-8' );
INSERT INTO files ( gid, file, mime ) VALUES ( '40422', 'http://www.gutenberg.org/files/40422/40422-0.zip', 'application/ziptext/plain; charset=utf-8' );
INSERT INTO files ( gid, file, mime ) VALUES ( '40422', 'http://www.gutenberg.org/files/40422/40422-8.txt', 'text/plain; charset=iso-8859-1' );
INSERT INTO files ( gid, file, mime ) VALUES ( '40422', 'http://www.gutenberg.org/files/40422/40422-8.zip', 'application/ziptext/plain; charset=iso-8859-1' );
INSERT INTO files ( gid, file, mime ) VALUES ( '40422', 'http://www.gutenberg.org/files/40422/40422-h.zip', 'application/ziptext/html; charset=utf-8' );
INSERT INTO files ( gid, file, mime ) VALUES ( '40422', 'http://www.gutenberg.org/files/40422/40422-h/40422-h.htm', 'text/html; charset=utf-8' );
INSERT INTO titles ( gid, title, author, language, rights ) VALUES ( '40522', 'Yorkshire Family Romance', 'Ross, Frederick', 'en', 'Public domain in the USA.' );
INSERT INTO classifications ( gid, classification ) VALUES ( '40522', 'DA' );
INSERT INTO subjects ( gid, subject ) VALUES ( '40522', 'Yorkshire (England) -- Social life and customs' );
INSERT INTO files ( gid, file, mime ) VALUES ( '40522', 'http://www.gutenberg.org/cache/epub/40522/pg40522.cover.medium.jpg', 'image/jpeg' );
INSERT INTO files ( gid, file, mime ) VALUES ( '40522', 'http://www.gutenberg.org/cache/epub/40522/pg40522.cover.small.jpg', 'image/jpeg' );
INSERT INTO files ( gid, file, mime ) VALUES ( '40522', 'http://www.gutenberg.org/ebooks/40522.epub.images', 'application/epub+zip' );
INSERT INTO files ( gid, file, mime ) VALUES ( '40522', 'http://www.gutenberg.org/ebooks/40522.epub.noimages', 'application/epub+zip' );
INSERT INTO files ( gid, file, mime ) VALUES ( '40522', 'http://www.gutenberg.org/ebooks/40522.kindle.images', 'application/x-mobipocket-ebook' );
INSERT INTO files ( gid, file, mime ) VALUES ( '40522', 'http://www.gutenberg.org/ebooks/40522.kindle.noimages', 'application/x-mobipocket-ebook' );
INSERT INTO files ( gid, file, mime ) VALUES ( '40522', 'http://www.gutenberg.org/ebooks/40522.rdf', 'application/rdf+xml' );
INSERT INTO files ( gid, file, mime ) VALUES ( '40522', 'http://www.gutenberg.org/ebooks/40522.txt.utf-8', 'text/plain' );
INSERT INTO files ( gid, file, mime ) VALUES ( '40522', 'http://www.gutenberg.org/files/40522/40522-8.txt', 'text/plain; charset=iso-8859-1' );
INSERT INTO files ( gid, file, mime ) VALUES ( '40522', 'http://www.gutenberg.org/files/40522/40522-8.zip', 'application/ziptext/plain; charset=iso-8859-1' );
INSERT INTO files ( gid, file, mime ) VALUES ( '40522', 'http://www.gutenberg.org/files/40522/40522-h.zip', 'text/html; charset=iso-8859-1application/zip' );
INSERT INTO files ( gid, file, mime ) VALUES ( '40522', 'http://www.gutenberg.org/files/40522/40522-h/40522-h.htm', 'text/html; charset=iso-8859-1' );
INSERT INTO files ( gid, file, mime ) VALUES ( '40522', 'http://www.gutenberg.org/files/40522/40522.txt', 'text/plain; charset=us-ascii' );
INSERT INTO files ( gid, file, mime ) VALUES ( '40522', 'http://www.gutenberg.org/files/40522/40522.zip', 'text/plain; charset=us-asciiapplication/zip' );
INSERT INTO titles ( gid, title, author, language, rights ) VALUES ( '40622', 'Stories from Virgil', 'Church, Alfred John', 'en', 'Public domain in the USA.' );
INSERT INTO classifications ( gid, classification ) VALUES ( '40622', 'PA' );
INSERT INTO classifications ( gid, classification ) VALUES ( '40622', 'AC' );
INSERT INTO subjects ( gid, subject ) VALUES ( '40622', 'Virgil -- Adaptations' );
INSERT INTO subjects ( gid, subject ) VALUES ( '40622', 'Latin poetry -- Adaptations' );
INSERT INTO files ( gid, file, mime ) VALUES ( '40622', 'http://www.gutenberg.org/cache/epub/40622/pg40622.cover.medium.jpg', 'image/jpeg' );
INSERT INTO files ( gid, file, mime ) VALUES ( '40622', 'http://www.gutenberg.org/cache/epub/40622/pg40622.cover.small.jpg', 'image/jpeg' );
INSERT INTO files ( gid, file, mime ) VALUES ( '40622', 'http://www.gutenberg.org/ebooks/40622.epub.images', 'application/epub+zip' );
INSERT INTO files ( gid, file, mime ) VALUES ( '40622', 'http://www.gutenberg.org/ebooks/40622.epub.noimages', 'application/epub+zip' );
INSERT INTO files ( gid, file, mime ) VALUES ( '40622', 'http://www.gutenberg.org/ebooks/40622.kindle.images', 'application/x-mobipocket-ebook' );
INSERT INTO files ( gid, file, mime ) VALUES ( '40622', 'http://www.gutenberg.org/ebooks/40622.kindle.noimages', 'application/x-mobipocket-ebook' );
INSERT INTO files ( gid, file, mime ) VALUES ( '40622', 'http://www.gutenberg.org/ebooks/40622.rdf', 'application/rdf+xml' );
INSERT INTO files ( gid, file, mime ) VALUES ( '40622', 'http://www.gutenberg.org/files/40622/40622-0.txt', 'text/plain; charset=utf-8' );
INSERT INTO files ( gid, file, mime ) VALUES ( '40622', 'http://www.gutenberg.org/files/40622/40622-0.zip', 'text/plain; charset=utf-8application/zip' );
INSERT INTO files ( gid, file, mime ) VALUES ( '40622', 'http://www.gutenberg.org/files/40622/40622-8.txt', 'text/plain; charset=iso-8859-1' );
INSERT INTO files ( gid, file, mime ) VALUES ( '40622', 'http://www.gutenberg.org/files/40622/40622-8.zip', 'application/ziptext/plain; charset=iso-8859-1' );
INSERT INTO files ( gid, file, mime ) VALUES ( '40622', 'http://www.gutenberg.org/files/40622/40622-h.zip', 'application/ziptext/html; charset=iso-8859-1' );
INSERT INTO files ( gid, file, mime ) VALUES ( '40622', 'http://www.gutenberg.org/files/40622/40622-h/40622-h.htm', 'text/html; charset=iso-8859-1' );
INSERT INTO files ( gid, file, mime ) VALUES ( '40622', 'http://www.gutenberg.org/files/40622/40622.txt', 'text/plain; charset=us-ascii' );
INSERT INTO files ( gid, file, mime ) VALUES ( '40622', 'http://www.gutenberg.org/files/40622/40622.zip', 'text/plain; charset=us-asciiapplication/zip' );
INSERT INTO titles ( gid, title, author, language, rights ) VALUES ( '40722', 'Dan Carter and the Great Carved Face', 'Wirt, Mildred A. (Mildred Augustine)', 'en', 'Public domain in the USA.' );
INSERT INTO classifications ( gid, classification ) VALUES ( '40722', 'PZ' );
INSERT INTO subjects ( gid, subject ) VALUES ( '40722', 'Cub Scouts -- Juvenile fiction' );
INSERT INTO subjects ( gid, subject ) VALUES ( '40722', 'Mystery and detective stories' );
INSERT INTO subjects ( gid, subject ) VALUES ( '40722', 'Caves -- Juvenile fiction' );
INSERT INTO files ( gid, file, mime ) VALUES ( '40722', 'http://www.gutenberg.org/cache/epub/40722/pg40722.cover.medium.jpg', 'image/jpeg' );
INSERT INTO files ( gid, file, mime ) VALUES ( '40722', 'http://www.gutenberg.org/cache/epub/40722/pg40722.cover.small.jpg', 'image/jpeg' );
INSERT INTO files ( gid, file, mime ) VALUES ( '40722', 'http://www.gutenberg.org/ebooks/40722.epub.images', 'application/epub+zip' );
INSERT INTO files ( gid, file, mime ) VALUES ( '40722', 'http://www.gutenberg.org/ebooks/40722.epub.noimages', 'application/epub+zip' );
INSERT INTO files ( gid, file, mime ) VALUES ( '40722', 'http://www.gutenberg.org/ebooks/40722.kindle.images', 'application/x-mobipocket-ebook' );
INSERT INTO files ( gid, file, mime ) VALUES ( '40722', 'http://www.gutenberg.org/ebooks/40722.kindle.noimages', 'application/x-mobipocket-ebook' );
INSERT INTO files ( gid, file, mime ) VALUES ( '40722', 'http://www.gutenberg.org/ebooks/40722.rdf', 'application/rdf+xml' );
INSERT INTO files ( gid, file, mime ) VALUES ( '40722', 'http://www.gutenberg.org/files/40722/40722-0.txt', 'text/plain; charset=utf-8' );
INSERT INTO files ( gid, file, mime ) VALUES ( '40722', 'http://www.gutenberg.org/files/40722/40722-0.zip', 'application/ziptext/plain; charset=utf-8' );
INSERT INTO files ( gid, file, mime ) VALUES ( '40722', 'http://www.gutenberg.org/files/40722/40722-h.zip', 'text/html; charset=utf-8application/zip' );
INSERT INTO files ( gid, file, mime ) VALUES ( '40722', 'http://www.gutenberg.org/files/40722/40722-h/40722-h.htm', 'text/html; charset=utf-8' );
INSERT INTO files ( gid, file, mime ) VALUES ( '40722', 'http://www.gutenberg.org/files/40722/40722.txt', 'text/plain; charset=us-ascii' );
INSERT INTO files ( gid, file, mime ) VALUES ( '40722', 'http://www.gutenberg.org/files/40722/40722.zip', 'application/ziptext/plain; charset=us-ascii' );
INSERT INTO titles ( gid, title, author, language, rights ) VALUES ( '40822', 'The Greatest English Classic A Study of the King James Version of the Bible and Its Influence on Life and Literature', 'McAfee, Cleland Boyd', 'en', 'Public domain in the USA.' );
INSERT INTO classifications ( gid, classification ) VALUES ( '40822', 'BS' );
INSERT INTO subjects ( gid, subject ) VALUES ( '40822', 'Bible and literature' );
INSERT INTO subjects ( gid, subject ) VALUES ( '40822', 'Bible. English -- Versions -- Authorized' );
INSERT INTO subjects ( gid, subject ) VALUES ( '40822', 'Bible -- Influence' );
INSERT INTO subjects ( gid, subject ) VALUES ( '40822', 'Bible -- History' );
INSERT INTO files ( gid, file, mime ) VALUES ( '40822', 'http://www.gutenberg.org/cache/epub/40822/pg40822.cover.medium.jpg', 'image/jpeg' );
INSERT INTO files ( gid, file, mime ) VALUES ( '40822', 'http://www.gutenberg.org/cache/epub/40822/pg40822.cover.small.jpg', 'image/jpeg' );
INSERT INTO files ( gid, file, mime ) VALUES ( '40822', 'http://www.gutenberg.org/ebooks/40822.epub.images', 'application/epub+zip' );
INSERT INTO files ( gid, file, mime ) VALUES ( '40822', 'http://www.gutenberg.org/ebooks/40822.epub.noimages', 'application/epub+zip' );
INSERT INTO files ( gid, file, mime ) VALUES ( '40822', 'http://www.gutenberg.org/ebooks/40822.kindle.images', 'application/x-mobipocket-ebook' );
INSERT INTO files ( gid, file, mime ) VALUES ( '40822', 'http://www.gutenberg.org/ebooks/40822.kindle.noimages', 'application/x-mobipocket-ebook' );
INSERT INTO files ( gid, file, mime ) VALUES ( '40822', 'http://www.gutenberg.org/ebooks/40822.rdf', 'application/rdf+xml' );
INSERT INTO files ( gid, file, mime ) VALUES ( '40822', 'http://www.gutenberg.org/ebooks/40822.txt.utf-8', 'text/plain' );
INSERT INTO files ( gid, file, mime ) VALUES ( '40822', 'http://www.gutenberg.org/files/40822/40822-8.txt', 'text/plain; charset=iso-8859-1' );
INSERT INTO files ( gid, file, mime ) VALUES ( '40822', 'http://www.gutenberg.org/files/40822/40822-8.zip', 'application/ziptext/plain; charset=iso-8859-1' );
INSERT INTO files ( gid, file, mime ) VALUES ( '40822', 'http://www.gutenberg.org/files/40822/40822-h.zip', 'application/ziptext/html; charset=iso-8859-1' );
INSERT INTO files ( gid, file, mime ) VALUES ( '40822', 'http://www.gutenberg.org/files/40822/40822-h/40822-h.htm', 'text/html; charset=iso-8859-1' );
INSERT INTO files ( gid, file, mime ) VALUES ( '40822', 'http://www.gutenberg.org/files/40822/40822.txt', 'text/plain; charset=us-ascii' );
INSERT INTO files ( gid, file, mime ) VALUES ( '40822', 'http://www.gutenberg.org/files/40822/40822.zip', 'text/plain; charset=us-asciiapplication/zip' );
INSERT INTO titles ( gid, title, author, language, rights ) VALUES ( '40922', 'Pietro Ghisleri', 'Crawford, F. Marion (Francis Marion)', 'en', 'Public domain in the USA.' );
INSERT INTO classifications ( gid, classification ) VALUES ( '40922', 'PS' );
INSERT INTO subjects ( gid, subject ) VALUES ( '40922', 'Rome (Italy) -- Social life and customs -- 19th century -- Fiction' );
INSERT INTO subjects ( gid, subject ) VALUES ( '40922', 'Jealousy -- Fiction' );
INSERT INTO subjects ( gid, subject ) VALUES ( '40922', 'Stepsisters -- Fiction' );
INSERT INTO files ( gid, file, mime ) VALUES ( '40922', 'http://www.gutenberg.org/cache/epub/40922/pg40922.cover.medium.jpg', 'image/jpeg' );
INSERT INTO files ( gid, file, mime ) VALUES ( '40922', 'http://www.gutenberg.org/cache/epub/40922/pg40922.cover.small.jpg', 'image/jpeg' );
INSERT INTO files ( gid, file, mime ) VALUES ( '40922', 'http://www.gutenberg.org/ebooks/40922.epub.images', 'application/epub+zip' );
INSERT INTO files ( gid, file, mime ) VALUES ( '40922', 'http://www.gutenberg.org/ebooks/40922.epub.noimages', 'application/epub+zip' );
INSERT INTO files ( gid, file, mime ) VALUES ( '40922', 'http://www.gutenberg.org/ebooks/40922.kindle.images', 'application/x-mobipocket-ebook' );
INSERT INTO files ( gid, file, mime ) VALUES ( '40922', 'http://www.gutenberg.org/ebooks/40922.kindle.noimages', 'application/x-mobipocket-ebook' );
INSERT INTO files ( gid, file, mime ) VALUES ( '40922', 'http://www.gutenberg.org/ebooks/40922.rdf', 'application/rdf+xml' );
INSERT INTO files ( gid, file, mime ) VALUES ( '40922', 'http://www.gutenberg.org/ebooks/40922.txt.utf-8', 'text/plain' );
INSERT INTO files ( gid, file, mime ) VALUES ( '40922', 'http://www.gutenberg.org/files/40922/40922-8.txt', 'text/plain; charset=iso-8859-1' );
INSERT INTO files ( gid, file, mime ) VALUES ( '40922', 'http://www.gutenberg.org/files/40922/40922-8.zip', 'application/ziptext/plain; charset=iso-8859-1' );
INSERT INTO files ( gid, file, mime ) VALUES ( '40922', 'http://www.gutenberg.org/files/40922/40922-h.zip', 'application/ziptext/html; charset=iso-8859-1' );
INSERT INTO files ( gid, file, mime ) VALUES ( '40922', 'http://www.gutenberg.org/files/40922/40922-h/40922-h.htm', 'text/html; charset=iso-8859-1' );
INSERT INTO files ( gid, file, mime ) VALUES ( '40922', 'http://www.gutenberg.org/files/40922/40922.txt', 'text/plain; charset=us-ascii' );
INSERT INTO files ( gid, file, mime ) VALUES ( '40922', 'http://www.gutenberg.org/files/40922/40922.zip', 'application/ziptext/plain; charset=us-ascii' );
INSERT INTO titles ( gid, title, author, language, rights ) VALUES ( '41022', 'Clara Vaughan, Volume 3 (of 3)', 'Blackmore, R. D. (Richard Doddridge)', 'en', 'Public domain in the USA.' );
INSERT INTO classifications ( gid, classification ) VALUES ( '41022', 'PR' );
INSERT INTO subjects ( gid, subject ) VALUES ( '41022', 'Mystery fiction' );
INSERT INTO subjects ( gid, subject ) VALUES ( '41022', 'Murder victims'' families -- Fiction' );
INSERT INTO files ( gid, file, mime ) VALUES ( '41022', 'http://www.gutenberg.org/cache/epub/41022/pg41022.cover.medium.jpg', 'image/jpeg' );
INSERT INTO files ( gid, file, mime ) VALUES ( '41022', 'http://www.gutenberg.org/cache/epub/41022/pg41022.cover.small.jpg', 'image/jpeg' );
INSERT INTO files ( gid, file, mime ) VALUES ( '41022', 'http://www.gutenberg.org/ebooks/41022.epub.images', 'application/epub+zip' );
INSERT INTO files ( gid, file, mime ) VALUES ( '41022', 'http://www.gutenberg.org/ebooks/41022.epub.noimages', 'application/epub+zip' );
INSERT INTO files ( gid, file, mime ) VALUES ( '41022', 'http://www.gutenberg.org/ebooks/41022.kindle.images', 'application/x-mobipocket-ebook' );
INSERT INTO files ( gid, file, mime ) VALUES ( '41022', 'http://www.gutenberg.org/ebooks/41022.kindle.noimages', 'application/x-mobipocket-ebook' );
INSERT INTO files ( gid, file, mime ) VALUES ( '41022', 'http://www.gutenberg.org/ebooks/41022.pdf.noimages', 'application/pdf' );
INSERT INTO files ( gid, file, mime ) VALUES ( '41022', 'http://www.gutenberg.org/ebooks/41022.rdf', 'application/rdf+xml' );
INSERT INTO files ( gid, file, mime ) VALUES ( '41022', 'http://www.gutenberg.org/ebooks/41022.rst.gen', 'text/x-rst' );
INSERT INTO files ( gid, file, mime ) VALUES ( '41022', 'http://www.gutenberg.org/files/41022/41022-0.txt', 'text/plain; charset=utf-8' );
INSERT INTO files ( gid, file, mime ) VALUES ( '41022', 'http://www.gutenberg.org/files/41022/41022-0.zip', 'text/plain; charset=utf-8application/zip' );
INSERT INTO files ( gid, file, mime ) VALUES ( '41022', 'http://www.gutenberg.org/files/41022/41022-8.txt', 'text/plain; charset=iso-8859-1' );
INSERT INTO files ( gid, file, mime ) VALUES ( '41022', 'http://www.gutenberg.org/files/41022/41022-8.zip', 'application/ziptext/plain; charset=iso-8859-1' );
INSERT INTO files ( gid, file, mime ) VALUES ( '41022', 'http://www.gutenberg.org/files/41022/41022-h.zip', 'application/ziptext/html; charset=utf-8' );
INSERT INTO files ( gid, file, mime ) VALUES ( '41022', 'http://www.gutenberg.org/files/41022/41022-h/41022-h.html', 'text/html; charset=utf-8' );
INSERT INTO files ( gid, file, mime ) VALUES ( '41022', 'http://www.gutenberg.org/files/41022/41022-rst.zip', 'text/x-rstapplication/zip' );
INSERT INTO files ( gid, file, mime ) VALUES ( '41022', 'http://www.gutenberg.org/files/41022/41022-rst/41022-rst.rst', 'text/x-rst' );
INSERT INTO files ( gid, file, mime ) VALUES ( '41022', 'http://www.gutenberg.org/files/41022/41022.txt', 'text/plain; charset=us-ascii' );
INSERT INTO files ( gid, file, mime ) VALUES ( '41022', 'http://www.gutenberg.org/files/41022/41022.zip', 'application/ziptext/plain; charset=us-ascii' );
INSERT INTO titles ( gid, title, author, language, rights ) VALUES ( '41122', 'Rayton: A Backwoods Mystery', 'Goodridge Roberts, Theodore', 'en', 'Public domain in the USA.' );
INSERT INTO classifications ( gid, classification ) VALUES ( '41122', 'PS' );
INSERT INTO subjects ( gid, subject ) VALUES ( '41122', 'Fiction' );
INSERT INTO files ( gid, file, mime ) VALUES ( '41122', 'http://www.gutenberg.org/cache/epub/41122/pg41122.cover.medium.jpg', 'image/jpeg' );
INSERT INTO files ( gid, file, mime ) VALUES ( '41122', 'http://www.gutenberg.org/cache/epub/41122/pg41122.cover.small.jpg', 'image/jpeg' );
INSERT INTO files ( gid, file, mime ) VALUES ( '41122', 'http://www.gutenberg.org/ebooks/41122.epub.images', 'application/epub+zip' );
INSERT INTO files ( gid, file, mime ) VALUES ( '41122', 'http://www.gutenberg.org/ebooks/41122.epub.noimages', 'application/epub+zip' );
INSERT INTO files ( gid, file, mime ) VALUES ( '41122', 'http://www.gutenberg.org/ebooks/41122.kindle.images', 'application/x-mobipocket-ebook' );
INSERT INTO files ( gid, file, mime ) VALUES ( '41122', 'http://www.gutenberg.org/ebooks/41122.kindle.noimages', 'application/x-mobipocket-ebook' );
INSERT INTO files ( gid, file, mime ) VALUES ( '41122', 'http://www.gutenberg.org/ebooks/41122.rdf', 'application/rdf+xml' );
INSERT INTO files ( gid, file, mime ) VALUES ( '41122', 'http://www.gutenberg.org/ebooks/41122.txt.utf-8', 'text/plain' );
INSERT INTO files ( gid, file, mime ) VALUES ( '41122', 'http://www.gutenberg.org/files/41122/41122-8.txt', 'text/plain; charset=iso-8859-1' );
INSERT INTO files ( gid, file, mime ) VALUES ( '41122', 'http://www.gutenberg.org/files/41122/41122-8.zip', 'text/plain; charset=iso-8859-1application/zip' );
INSERT INTO files ( gid, file, mime ) VALUES ( '41122', 'http://www.gutenberg.org/files/41122/41122-h.zip', 'text/html; charset=iso-8859-1application/zip' );
INSERT INTO files ( gid, file, mime ) VALUES ( '41122', 'http://www.gutenberg.org/files/41122/41122-h/41122-h.htm', 'text/html; charset=iso-8859-1' );
INSERT INTO files ( gid, file, mime ) VALUES ( '41122', 'http://www.gutenberg.org/files/41122/41122.txt', 'text/plain; charset=us-ascii' );
INSERT INTO files ( gid, file, mime ) VALUES ( '41122', 'http://www.gutenberg.org/files/41122/41122.zip', 'text/plain; charset=us-asciiapplication/zip' );
INSERT INTO titles ( gid, title, author, language, rights ) VALUES ( '41222', 'Captain Paul', 'Dumas, Alexandre', 'en', 'Public domain in the USA.' );
INSERT INTO classifications ( gid, classification ) VALUES ( '41222', 'PQ' );
INSERT INTO subjects ( gid, subject ) VALUES ( '41222', 'Jones, John Paul, 1747-1792 -- Fiction' );
INSERT INTO files ( gid, file, mime ) VALUES ( '41222', 'http://www.gutenberg.org/ebooks/41222.epub.images', 'application/epub+zip' );
INSERT INTO files ( gid, file, mime ) VALUES ( '41222', 'http://www.gutenberg.org/ebooks/41222.epub.noimages', 'application/epub+zip' );
INSERT INTO files ( gid, file, mime ) VALUES ( '41222', 'http://www.gutenberg.org/ebooks/41222.kindle.images', 'application/x-mobipocket-ebook' );
INSERT INTO files ( gid, file, mime ) VALUES ( '41222', 'http://www.gutenberg.org/ebooks/41222.kindle.noimages', 'application/x-mobipocket-ebook' );
INSERT INTO files ( gid, file, mime ) VALUES ( '41222', 'http://www.gutenberg.org/ebooks/41222.rdf', 'application/rdf+xml' );
INSERT INTO files ( gid, file, mime ) VALUES ( '41222', 'http://www.gutenberg.org/files/41222/41222-0.txt', 'text/plain; charset=utf-8' );
INSERT INTO files ( gid, file, mime ) VALUES ( '41222', 'http://www.gutenberg.org/files/41222/41222-0.zip', 'application/ziptext/plain; charset=utf-8' );
INSERT INTO files ( gid, file, mime ) VALUES ( '41222', 'http://www.gutenberg.org/files/41222/41222-8.txt', 'text/plain; charset=iso-8859-1' );
INSERT INTO files ( gid, file, mime ) VALUES ( '41222', 'http://www.gutenberg.org/files/41222/41222-8.zip', 'text/plain; charset=iso-8859-1application/zip' );
INSERT INTO files ( gid, file, mime ) VALUES ( '41222', 'http://www.gutenberg.org/files/41222/41222-h.zip', 'application/ziptext/html; charset=utf-8' );
INSERT INTO files ( gid, file, mime ) VALUES ( '41222', 'http://www.gutenberg.org/files/41222/41222-h/41222-h.htm', 'text/html; charset=utf-8' );
INSERT INTO files ( gid, file, mime ) VALUES ( '41222', 'http://www.gutenberg.org/files/41222/41222.txt', 'text/plain; charset=us-ascii' );
INSERT INTO files ( gid, file, mime ) VALUES ( '41222', 'http://www.gutenberg.org/files/41222/41222.zip', 'text/plain; charset=us-asciiapplication/zip' );
INSERT INTO titles ( gid, title, author, language, rights ) VALUES ( '4122', 'Diary of Samuel Pepys — Volume 06: June/July 1660', 'Pepys, Samuel', 'en', 'Public domain in the USA.' );
INSERT INTO classifications ( gid, classification ) VALUES ( '4122', 'DA' );
INSERT INTO subjects ( gid, subject ) VALUES ( '4122', 'Great Britain -- History -- Charles II, 1660-1685 -- Sources' );
INSERT INTO subjects ( gid, subject ) VALUES ( '4122', 'Great Britain -- Social life and customs -- 17th century -- Sources' );
INSERT INTO subjects ( gid, subject ) VALUES ( '4122', 'Diarists -- Great Britain -- Diaries' );
INSERT INTO subjects ( gid, subject ) VALUES ( '4122', 'Pepys, Samuel, 1633-1703 -- Diaries' );
INSERT INTO subjects ( gid, subject ) VALUES ( '4122', 'Cabinet officers -- Great Britain -- Diaries' );
INSERT INTO files ( gid, file, mime ) VALUES ( '4122', 'http://www.gutenberg.org/ebooks/4122.epub.images', 'application/epub+zip' );
INSERT INTO files ( gid, file, mime ) VALUES ( '4122', 'http://www.gutenberg.org/ebooks/4122.epub.noimages', 'application/epub+zip' );
INSERT INTO files ( gid, file, mime ) VALUES ( '4122', 'http://www.gutenberg.org/ebooks/4122.html.images', 'text/html' );
INSERT INTO files ( gid, file, mime ) VALUES ( '4122', 'http://www.gutenberg.org/ebooks/4122.html.noimages', 'text/html' );
INSERT INTO files ( gid, file, mime ) VALUES ( '4122', 'http://www.gutenberg.org/ebooks/4122.kindle.images', 'application/x-mobipocket-ebook' );
INSERT INTO files ( gid, file, mime ) VALUES ( '4122', 'http://www.gutenberg.org/ebooks/4122.kindle.noimages', 'application/x-mobipocket-ebook' );
INSERT INTO files ( gid, file, mime ) VALUES ( '4122', 'http://www.gutenberg.org/ebooks/4122.rdf', 'application/rdf+xml' );
INSERT INTO files ( gid, file, mime ) VALUES ( '4122', 'http://www.gutenberg.org/ebooks/4122.txt.utf-8', 'text/plain' );
INSERT INTO files ( gid, file, mime ) VALUES ( '4122', 'http://www.gutenberg.org/files/4122/4122.txt', 'text/plain; charset=us-ascii' );
INSERT INTO files ( gid, file, mime ) VALUES ( '4122', 'http://www.gutenberg.org/files/4122/4122.zip', 'text/plain; charset=us-asciiapplication/zip' );
INSERT INTO titles ( gid, title, author, language, rights ) VALUES ( '41322', 'Histoire de ma Vie, Livre 2 (Vol. 5 - 9)', 'Sand, George', 'fr', 'Public domain in the USA.' );
INSERT INTO classifications ( gid, classification ) VALUES ( '41322', 'PQ' );
INSERT INTO subjects ( gid, subject ) VALUES ( '41322', 'Women novelists, French -- 19th century -- Biography' );
INSERT INTO subjects ( gid, subject ) VALUES ( '41322', 'Sand, George, 1804-1876' );
INSERT INTO files ( gid, file, mime ) VALUES ( '41322', 'http://www.gutenberg.org/cache/epub/41322/pg41322.cover.medium.jpg', 'image/jpeg' );
INSERT INTO files ( gid, file, mime ) VALUES ( '41322', 'http://www.gutenberg.org/cache/epub/41322/pg41322.cover.small.jpg', 'image/jpeg' );
INSERT INTO files ( gid, file, mime ) VALUES ( '41322', 'http://www.gutenberg.org/ebooks/41322.epub.images', 'application/epub+zip' );
INSERT INTO files ( gid, file, mime ) VALUES ( '41322', 'http://www.gutenberg.org/ebooks/41322.epub.noimages', 'application/epub+zip' );
INSERT INTO files ( gid, file, mime ) VALUES ( '41322', 'http://www.gutenberg.org/ebooks/41322.kindle.images', 'application/x-mobipocket-ebook' );
INSERT INTO files ( gid, file, mime ) VALUES ( '41322', 'http://www.gutenberg.org/ebooks/41322.kindle.noimages', 'application/x-mobipocket-ebook' );
INSERT INTO files ( gid, file, mime ) VALUES ( '41322', 'http://www.gutenberg.org/ebooks/41322.rdf', 'application/rdf+xml' );
INSERT INTO files ( gid, file, mime ) VALUES ( '41322', 'http://www.gutenberg.org/files/41322/41322-0.txt', 'text/plain; charset=utf-8' );
INSERT INTO files ( gid, file, mime ) VALUES ( '41322', 'http://www.gutenberg.org/files/41322/41322-0.zip', 'application/ziptext/plain; charset=utf-8' );
INSERT INTO files ( gid, file, mime ) VALUES ( '41322', 'http://www.gutenberg.org/files/41322/41322-8.txt', 'text/plain; charset=iso-8859-1' );
INSERT INTO files ( gid, file, mime ) VALUES ( '41322', 'http://www.gutenberg.org/files/41322/41322-8.zip', 'text/plain; charset=iso-8859-1application/zip' );
INSERT INTO files ( gid, file, mime ) VALUES ( '41322', 'http://www.gutenberg.org/files/41322/41322-h.zip', 'text/html; charset=iso-8859-1application/zip' );
INSERT INTO files ( gid, file, mime ) VALUES ( '41322', 'http://www.gutenberg.org/files/41322/41322-h/41322-h.htm', 'text/html; charset=iso-8859-1' );
INSERT INTO titles ( gid, title, author, language, rights ) VALUES ( '41422', 'Barbara Lynn: A Tale of the Dales and Fells.', 'Jenkinson, Emily J.', 'en', 'Public domain in the USA.' );
INSERT INTO classifications ( gid, classification ) VALUES ( '41422', 'PR' );
INSERT INTO subjects ( gid, subject ) VALUES ( '41422', 'Westmorland (England) -- Fiction' );
INSERT INTO files ( gid, file, mime ) VALUES ( '41422', 'http://www.gutenberg.org/ebooks/41422.epub.images', 'application/epub+zip' );
INSERT INTO files ( gid, file, mime ) VALUES ( '41422', 'http://www.gutenberg.org/ebooks/41422.epub.noimages', 'application/epub+zip' );
INSERT INTO files ( gid, file, mime ) VALUES ( '41422', 'http://www.gutenberg.org/ebooks/41422.kindle.images', 'application/x-mobipocket-ebook' );
INSERT INTO files ( gid, file, mime ) VALUES ( '41422', 'http://www.gutenberg.org/ebooks/41422.kindle.noimages', 'application/x-mobipocket-ebook' );
INSERT INTO files ( gid, file, mime ) VALUES ( '41422', 'http://www.gutenberg.org/ebooks/41422.rdf', 'application/rdf+xml' );
INSERT INTO files ( gid, file, mime ) VALUES ( '41422', 'http://www.gutenberg.org/ebooks/41422.txt.utf-8', 'text/plain' );
INSERT INTO files ( gid, file, mime ) VALUES ( '41422', 'http://www.gutenberg.org/files/41422/41422-h.zip', 'application/ziptext/html; charset=iso-8859-1' );
INSERT INTO files ( gid, file, mime ) VALUES ( '41422', 'http://www.gutenberg.org/files/41422/41422-h/41422-h.htm', 'text/html; charset=iso-8859-1' );
INSERT INTO files ( gid, file, mime ) VALUES ( '41422', 'http://www.gutenberg.org/files/41422/41422.txt', 'text/plain; charset=us-ascii' );
INSERT INTO files ( gid, file, mime ) VALUES ( '41422', 'http://www.gutenberg.org/files/41422/41422.zip', 'application/ziptext/plain; charset=us-ascii' );
INSERT INTO titles ( gid, title, author, language, rights ) VALUES ( '41522', 'Die Weltensegler. Drei Jahre auf dem Mars.', 'Daiber, Albert', 'de', 'Public domain in the USA.' );
INSERT INTO classifications ( gid, classification ) VALUES ( '41522', 'PT' );
INSERT INTO subjects ( gid, subject ) VALUES ( '41522', 'Science fiction' );
INSERT INTO subjects ( gid, subject ) VALUES ( '41522', 'Mars (Planet) -- Fiction' );
INSERT INTO subjects ( gid, subject ) VALUES ( '41522', 'Interplanetary voyages -- Fiction' );
INSERT INTO files ( gid, file, mime ) VALUES ( '41522', 'http://www.gutenberg.org/cache/epub/41522/pg41522.cover.medium.jpg', 'image/jpeg' );
INSERT INTO files ( gid, file, mime ) VALUES ( '41522', 'http://www.gutenberg.org/cache/epub/41522/pg41522.cover.small.jpg', 'image/jpeg' );
INSERT INTO files ( gid, file, mime ) VALUES ( '41522', 'http://www.gutenberg.org/ebooks/41522.epub.images', 'application/epub+zip' );
INSERT INTO files ( gid, file, mime ) VALUES ( '41522', 'http://www.gutenberg.org/ebooks/41522.epub.noimages', 'application/epub+zip' );
INSERT INTO files ( gid, file, mime ) VALUES ( '41522', 'http://www.gutenberg.org/ebooks/41522.kindle.images', 'application/x-mobipocket-ebook' );
INSERT INTO files ( gid, file, mime ) VALUES ( '41522', 'http://www.gutenberg.org/ebooks/41522.kindle.noimages', 'application/x-mobipocket-ebook' );
INSERT INTO files ( gid, file, mime ) VALUES ( '41522', 'http://www.gutenberg.org/ebooks/41522.rdf', 'application/rdf+xml' );
INSERT INTO files ( gid, file, mime ) VALUES ( '41522', 'http://www.gutenberg.org/ebooks/41522.txt.utf-8', 'text/plain' );
INSERT INTO files ( gid, file, mime ) VALUES ( '41522', 'http://www.gutenberg.org/files/41522/41522-8.txt', 'text/plain; charset=iso-8859-1' );
INSERT INTO files ( gid, file, mime ) VALUES ( '41522', 'http://www.gutenberg.org/files/41522/41522-8.zip', 'text/plain; charset=iso-8859-1application/zip' );
INSERT INTO files ( gid, file, mime ) VALUES ( '41522', 'http://www.gutenberg.org/files/41522/41522-h.zip', 'text/html; charset=iso-8859-1application/zip' );
INSERT INTO files ( gid, file, mime ) VALUES ( '41522', 'http://www.gutenberg.org/files/41522/41522-h/41522-h.htm', 'text/html; charset=iso-8859-1' );
INSERT INTO titles ( gid, title, author, language, rights ) VALUES ( '41622', 'Futuria Fantasia, Summer 1939', 'Bradbury, Ray', 'en', 'Public domain in the USA.' );
INSERT INTO classifications ( gid, classification ) VALUES ( '41622', 'AP' );
INSERT INTO classifications ( gid, classification ) VALUES ( '41622', 'PS' );
INSERT INTO subjects ( gid, subject ) VALUES ( '41622', 'Zines' );
INSERT INTO subjects ( gid, subject ) VALUES ( '41622', 'Science fiction -- Periodicals' );
INSERT INTO files ( gid, file, mime ) VALUES ( '41622', 'http://www.gutenberg.org/cache/epub/41622/pg41622.cover.medium.jpg', 'image/jpeg' );
INSERT INTO files ( gid, file, mime ) VALUES ( '41622', 'http://www.gutenberg.org/cache/epub/41622/pg41622.cover.small.jpg', 'image/jpeg' );
INSERT INTO files ( gid, file, mime ) VALUES ( '41622', 'http://www.gutenberg.org/ebooks/41622.epub.images', 'application/epub+zip' );
INSERT INTO files ( gid, file, mime ) VALUES ( '41622', 'http://www.gutenberg.org/ebooks/41622.epub.noimages', 'application/epub+zip' );
INSERT INTO files ( gid, file, mime ) VALUES ( '41622', 'http://www.gutenberg.org/ebooks/41622.kindle.images', 'application/x-mobipocket-ebook' );
INSERT INTO files ( gid, file, mime ) VALUES ( '41622', 'http://www.gutenberg.org/ebooks/41622.kindle.noimages', 'application/x-mobipocket-ebook' );
INSERT INTO files ( gid, file, mime ) VALUES ( '41622', 'http://www.gutenberg.org/ebooks/41622.rdf', 'application/rdf+xml' );
INSERT INTO files ( gid, file, mime ) VALUES ( '41622', 'http://www.gutenberg.org/ebooks/41622.txt.utf-8', 'text/plain' );
INSERT INTO files ( gid, file, mime ) VALUES ( '41622', 'http://www.gutenberg.org/files/41622/41622-h.zip', 'text/html; charset=iso-8859-1application/zip' );
INSERT INTO files ( gid, file, mime ) VALUES ( '41622', 'http://www.gutenberg.org/files/41622/41622-h/41622-h.htm', 'text/html; charset=iso-8859-1' );
INSERT INTO files ( gid, file, mime ) VALUES ( '41622', 'http://www.gutenberg.org/files/41622/41622.txt', 'text/plain; charset=us-ascii' );
INSERT INTO files ( gid, file, mime ) VALUES ( '41622', 'http://www.gutenberg.org/files/41622/41622.zip', 'text/plain; charset=us-asciiapplication/zip' );
INSERT INTO titles ( gid, title, author, language, rights ) VALUES ( '41722', 'The Spell of Japan', 'Anderson, Isabel', 'en', 'Public domain in the USA.' );
INSERT INTO classifications ( gid, classification ) VALUES ( '41722', 'DS' );
INSERT INTO subjects ( gid, subject ) VALUES ( '41722', 'Japan' );
INSERT INTO files ( gid, file, mime ) VALUES ( '41722', 'http://www.gutenberg.org/cache/epub/41722/pg41722.cover.medium.jpg', 'image/jpeg' );
INSERT INTO files ( gid, file, mime ) VALUES ( '41722', 'http://www.gutenberg.org/cache/epub/41722/pg41722.cover.small.jpg', 'image/jpeg' );
INSERT INTO files ( gid, file, mime ) VALUES ( '41722', 'http://www.gutenberg.org/ebooks/41722.epub.images', 'application/epub+zip' );
INSERT INTO files ( gid, file, mime ) VALUES ( '41722', 'http://www.gutenberg.org/ebooks/41722.epub.noimages', 'application/epub+zip' );
INSERT INTO files ( gid, file, mime ) VALUES ( '41722', 'http://www.gutenberg.org/ebooks/41722.kindle.images', 'application/x-mobipocket-ebook' );
INSERT INTO files ( gid, file, mime ) VALUES ( '41722', 'http://www.gutenberg.org/ebooks/41722.kindle.noimages', 'application/x-mobipocket-ebook' );
INSERT INTO files ( gid, file, mime ) VALUES ( '41722', 'http://www.gutenberg.org/ebooks/41722.rdf', 'application/rdf+xml' );
INSERT INTO files ( gid, file, mime ) VALUES ( '41722', 'http://www.gutenberg.org/ebooks/41722.txt.utf-8', 'text/plain' );
INSERT INTO files ( gid, file, mime ) VALUES ( '41722', 'http://www.gutenberg.org/files/41722/41722-8.txt', 'text/plain; charset=iso-8859-1' );
INSERT INTO files ( gid, file, mime ) VALUES ( '41722', 'http://www.gutenberg.org/files/41722/41722-8.zip', 'application/ziptext/plain; charset=iso-8859-1' );
INSERT INTO files ( gid, file, mime ) VALUES ( '41722', 'http://www.gutenberg.org/files/41722/41722-h.zip', 'text/html; charset=iso-8859-1application/zip' );
INSERT INTO files ( gid, file, mime ) VALUES ( '41722', 'http://www.gutenberg.org/files/41722/41722-h/41722-h.htm', 'text/html; charset=iso-8859-1' );
INSERT INTO files ( gid, file, mime ) VALUES ( '41722', 'http://www.gutenberg.org/files/41722/41722.txt', 'text/plain; charset=us-ascii' );
INSERT INTO files ( gid, file, mime ) VALUES ( '41722', 'http://www.gutenberg.org/files/41722/41722.zip', 'application/ziptext/plain; charset=us-ascii' );
INSERT INTO titles ( gid, title, author, language, rights ) VALUES ( '41822', 'Phroso: A Romance', 'Hope, Anthony', 'en', 'Public domain in the USA.' );
INSERT INTO classifications ( gid, classification ) VALUES ( '41822', 'PR' );
INSERT INTO subjects ( gid, subject ) VALUES ( '41822', 'British -- Foreign countries -- Fiction' );
INSERT INTO subjects ( gid, subject ) VALUES ( '41822', 'Love stories' );
INSERT INTO subjects ( gid, subject ) VALUES ( '41822', 'Adventure stories' );
INSERT INTO subjects ( gid, subject ) VALUES ( '41822', 'Islands -- Fiction' );
INSERT INTO files ( gid, file, mime ) VALUES ( '41822', 'http://www.gutenberg.org/cache/epub/41822/pg41822.cover.medium.jpg', 'image/jpeg' );
INSERT INTO files ( gid, file, mime ) VALUES ( '41822', 'http://www.gutenberg.org/cache/epub/41822/pg41822.cover.small.jpg', 'image/jpeg' );
INSERT INTO files ( gid, file, mime ) VALUES ( '41822', 'http://www.gutenberg.org/ebooks/41822.epub.images', 'application/epub+zip' );
INSERT INTO files ( gid, file, mime ) VALUES ( '41822', 'http://www.gutenberg.org/ebooks/41822.epub.noimages', 'application/epub+zip' );
INSERT INTO files ( gid, file, mime ) VALUES ( '41822', 'http://www.gutenberg.org/ebooks/41822.kindle.images', 'application/x-mobipocket-ebook' );
INSERT INTO files ( gid, file, mime ) VALUES ( '41822', 'http://www.gutenberg.org/ebooks/41822.kindle.noimages', 'application/x-mobipocket-ebook' );
INSERT INTO files ( gid, file, mime ) VALUES ( '41822', 'http://www.gutenberg.org/ebooks/41822.rdf', 'application/rdf+xml' );
INSERT INTO files ( gid, file, mime ) VALUES ( '41822', 'http://www.gutenberg.org/files/41822/41822-0.txt', 'text/plain; charset=utf-8' );
INSERT INTO files ( gid, file, mime ) VALUES ( '41822', 'http://www.gutenberg.org/files/41822/41822-0.zip', 'text/plain; charset=utf-8application/zip' );
INSERT INTO files ( gid, file, mime ) VALUES ( '41822', 'http://www.gutenberg.org/files/41822/41822-8.txt', 'text/plain; charset=iso-8859-1' );
INSERT INTO files ( gid, file, mime ) VALUES ( '41822', 'http://www.gutenberg.org/files/41822/41822-8.zip', 'application/ziptext/plain; charset=iso-8859-1' );
INSERT INTO files ( gid, file, mime ) VALUES ( '41822', 'http://www.gutenberg.org/files/41822/41822-h.zip', 'application/ziptext/html; charset=utf-8' );
INSERT INTO files ( gid, file, mime ) VALUES ( '41822', 'http://www.gutenberg.org/files/41822/41822-h/41822-h.htm', 'text/html; charset=utf-8' );
INSERT INTO files ( gid, file, mime ) VALUES ( '41822', 'http://www.gutenberg.org/files/41822/41822.txt', 'text/plain; charset=us-ascii' );
INSERT INTO files ( gid, file, mime ) VALUES ( '41822', 'http://www.gutenberg.org/files/41822/41822.zip', 'application/ziptext/plain; charset=us-ascii' );
INSERT INTO titles ( gid, title, author, language, rights ) VALUES ( '41922', 'The Bedroom and Boudoir', 'Barker, Lady (Mary Anne)', 'en', 'Public domain in the USA.' );
INSERT INTO classifications ( gid, classification ) VALUES ( '41922', 'NK' );
INSERT INTO subjects ( gid, subject ) VALUES ( '41922', 'Interior decoration' );
INSERT INTO files ( gid, file, mime ) VALUES ( '41922', 'http://www.gutenberg.org/ebooks/41922.epub.images', 'application/epub+zip' );
INSERT INTO files ( gid, file, mime ) VALUES ( '41922', 'http://www.gutenberg.org/ebooks/41922.epub.noimages', 'application/epub+zip' );
INSERT INTO files ( gid, file, mime ) VALUES ( '41922', 'http://www.gutenberg.org/ebooks/41922.kindle.images', 'application/x-mobipocket-ebook' );
INSERT INTO files ( gid, file, mime ) VALUES ( '41922', 'http://www.gutenberg.org/ebooks/41922.kindle.noimages', 'application/x-mobipocket-ebook' );
INSERT INTO files ( gid, file, mime ) VALUES ( '41922', 'http://www.gutenberg.org/ebooks/41922.rdf', 'application/rdf+xml' );
INSERT INTO files ( gid, file, mime ) VALUES ( '41922', 'http://www.gutenberg.org/ebooks/41922.txt.utf-8', 'text/plain' );
INSERT INTO files ( gid, file, mime ) VALUES ( '41922', 'http://www.gutenberg.org/files/41922/41922-8.txt', 'text/plain; charset=iso-8859-1' );
INSERT INTO files ( gid, file, mime ) VALUES ( '41922', 'http://www.gutenberg.org/files/41922/41922-8.zip', 'application/ziptext/plain; charset=iso-8859-1' );
INSERT INTO files ( gid, file, mime ) VALUES ( '41922', 'http://www.gutenberg.org/files/41922/41922-h.zip', 'text/html; charset=iso-8859-1application/zip' );
INSERT INTO files ( gid, file, mime ) VALUES ( '41922', 'http://www.gutenberg.org/files/41922/41922-h/41922-h.htm', 'text/html; charset=iso-8859-1' );
INSERT INTO files ( gid, file, mime ) VALUES ( '41922', 'http://www.gutenberg.org/files/41922/41922.txt', 'text/plain; charset=us-ascii' );
INSERT INTO files ( gid, file, mime ) VALUES ( '41922', 'http://www.gutenberg.org/files/41922/41922.zip', 'application/ziptext/plain; charset=us-ascii' );
INSERT INTO titles ( gid, title, author, language, rights ) VALUES ( '42022', 'Jeppe on the Hill; Or, The Transformed Peasant: A Comedy in Five Acts', 'Holberg, Ludvig', 'en', 'Public domain in the USA.' );
INSERT INTO classifications ( gid, classification ) VALUES ( '42022', 'PT' );
INSERT INTO subjects ( gid, subject ) VALUES ( '42022', 'Comedies' );
INSERT INTO subjects ( gid, subject ) VALUES ( '42022', 'Danish drama -- Translations into English' );
INSERT INTO files ( gid, file, mime ) VALUES ( '42022', 'http://www.gutenberg.org/cache/epub/42022/pg42022.cover.medium.jpg', 'image/jpeg' );
INSERT INTO files ( gid, file, mime ) VALUES ( '42022', 'http://www.gutenberg.org/cache/epub/42022/pg42022.cover.small.jpg', 'image/jpeg' );
INSERT INTO files ( gid, file, mime ) VALUES ( '42022', 'http://www.gutenberg.org/ebooks/42022.epub.images', 'application/epub+zip' );
INSERT INTO files ( gid, file, mime ) VALUES ( '42022', 'http://www.gutenberg.org/ebooks/42022.epub.noimages', 'application/epub+zip' );
INSERT INTO files ( gid, file, mime ) VALUES ( '42022', 'http://www.gutenberg.org/ebooks/42022.kindle.images', 'application/x-mobipocket-ebook' );
INSERT INTO files ( gid, file, mime ) VALUES ( '42022', 'http://www.gutenberg.org/ebooks/42022.kindle.noimages', 'application/x-mobipocket-ebook' );
INSERT INTO files ( gid, file, mime ) VALUES ( '42022', 'http://www.gutenberg.org/ebooks/42022.rdf', 'application/rdf+xml' );
INSERT INTO files ( gid, file, mime ) VALUES ( '42022', 'http://www.gutenberg.org/ebooks/42022.txt.utf-8', 'text/plain' );
INSERT INTO files ( gid, file, mime ) VALUES ( '42022', 'http://www.gutenberg.org/files/42022/42022-h.zip', 'application/ziptext/html; charset=iso-8859-1' );
INSERT INTO files ( gid, file, mime ) VALUES ( '42022', 'http://www.gutenberg.org/files/42022/42022-h/42022-h.htm', 'text/html; charset=iso-8859-1' );
INSERT INTO files ( gid, file, mime ) VALUES ( '42022', 'http://www.gutenberg.org/files/42022/42022.txt', 'text/plain; charset=us-ascii' );
INSERT INTO files ( gid, file, mime ) VALUES ( '42022', 'http://www.gutenberg.org/files/42022/42022.zip', 'application/ziptext/plain; charset=us-ascii' );
INSERT INTO titles ( gid, title, author, language, rights ) VALUES ( '42122', 'Atchoo! Sneezes from a Hilarious Vaudevillian', 'Niblo, George', 'en', 'Public domain in the USA.' );
INSERT INTO classifications ( gid, classification ) VALUES ( '42122', 'PS' );
INSERT INTO subjects ( gid, subject ) VALUES ( '42122', 'American wit and humor' );
INSERT INTO files ( gid, file, mime ) VALUES ( '42122', 'http://www.gutenberg.org/ebooks/42122.epub.images', 'application/epub+zip' );
INSERT INTO files ( gid, file, mime ) VALUES ( '42122', 'http://www.gutenberg.org/ebooks/42122.epub.noimages', 'application/epub+zip' );
INSERT INTO files ( gid, file, mime ) VALUES ( '42122', 'http://www.gutenberg.org/ebooks/42122.kindle.images', 'application/x-mobipocket-ebook' );
INSERT INTO files ( gid, file, mime ) VALUES ( '42122', 'http://www.gutenberg.org/ebooks/42122.kindle.noimages', 'application/x-mobipocket-ebook' );
INSERT INTO files ( gid, file, mime ) VALUES ( '42122', 'http://www.gutenberg.org/ebooks/42122.rdf', 'application/rdf+xml' );
INSERT INTO files ( gid, file, mime ) VALUES ( '42122', 'http://www.gutenberg.org/ebooks/42122.txt.utf-8', 'text/plain' );
INSERT INTO files ( gid, file, mime ) VALUES ( '42122', 'http://www.gutenberg.org/files/42122/42122-h.zip', 'application/ziptext/html' );
INSERT INTO files ( gid, file, mime ) VALUES ( '42122', 'http://www.gutenberg.org/files/42122/42122-h/42122-h.htm', 'text/html' );
INSERT INTO files ( gid, file, mime ) VALUES ( '42122', 'http://www.gutenberg.org/files/42122/42122.txt', 'text/plain; charset=us-ascii' );
INSERT INTO files ( gid, file, mime ) VALUES ( '42122', 'http://www.gutenberg.org/files/42122/42122.zip', 'text/plain; charset=us-asciiapplication/zip' );
INSERT INTO titles ( gid, title, author, language, rights ) VALUES ( '4222', 'Laperouse', 'Scott, Ernest, Sir', 'en', 'Public domain in the USA.' );
INSERT INTO classifications ( gid, classification ) VALUES ( '4222', 'G' );
INSERT INTO subjects ( gid, subject ) VALUES ( '4222', 'Pacific Ocean -- Discovery and exploration -- French' );
INSERT INTO subjects ( gid, subject ) VALUES ( '4222', 'La Pérouse, Jean-François de Galaup, comte de 1741-1788' );
INSERT INTO subjects ( gid, subject ) VALUES ( '4222', 'Explorers -- France -- Biography' );
INSERT INTO files ( gid, file, mime ) VALUES ( '4222', 'http://www.gutenberg.org/ebooks/4222.epub.images', 'application/epub+zip' );
INSERT INTO files ( gid, file, mime ) VALUES ( '4222', 'http://www.gutenberg.org/ebooks/4222.epub.noimages', 'application/epub+zip' );
INSERT INTO files ( gid, file, mime ) VALUES ( '4222', 'http://www.gutenberg.org/ebooks/4222.kindle.images', 'application/x-mobipocket-ebook' );
INSERT INTO files ( gid, file, mime ) VALUES ( '4222', 'http://www.gutenberg.org/ebooks/4222.kindle.noimages', 'application/x-mobipocket-ebook' );
INSERT INTO files ( gid, file, mime ) VALUES ( '4222', 'http://www.gutenberg.org/ebooks/4222.rdf', 'application/rdf+xml' );
INSERT INTO files ( gid, file, mime ) VALUES ( '4222', 'http://www.gutenberg.org/ebooks/4222.txt.utf-8', 'text/plain' );
INSERT INTO files ( gid, file, mime ) VALUES ( '4222', 'http://www.gutenberg.org/files/4222/4222-h.zip', 'text/html; charset=iso-8859-1application/zip' );
INSERT INTO files ( gid, file, mime ) VALUES ( '4222', 'http://www.gutenberg.org/files/4222/4222-h/4222-h.htm', 'text/html; charset=iso-8859-1' );
INSERT INTO files ( gid, file, mime ) VALUES ( '4222', 'http://www.gutenberg.org/files/4222/4222.txt', 'text/plain; charset=us-ascii' );
INSERT INTO files ( gid, file, mime ) VALUES ( '4222', 'http://www.gutenberg.org/files/4222/4222.zip', 'application/ziptext/plain; charset=us-ascii' );
INSERT INTO titles ( gid, title, author, language, rights ) VALUES ( '42222', 'Double Harness', 'Hope, Anthony', 'en', 'Public domain in the USA.' );
INSERT INTO classifications ( gid, classification ) VALUES ( '42222', 'PR' );
INSERT INTO subjects ( gid, subject ) VALUES ( '42222', 'England -- Social life and customs -- Fiction' );
INSERT INTO subjects ( gid, subject ) VALUES ( '42222', 'Marriage -- Fiction' );
INSERT INTO files ( gid, file, mime ) VALUES ( '42222', 'http://www.gutenberg.org/cache/epub/42222/pg42222.cover.medium.jpg', 'image/jpeg' );
INSERT INTO files ( gid, file, mime ) VALUES ( '42222', 'http://www.gutenberg.org/cache/epub/42222/pg42222.cover.small.jpg', 'image/jpeg' );
INSERT INTO files ( gid, file, mime ) VALUES ( '42222', 'http://www.gutenberg.org/ebooks/42222.epub.images', 'application/epub+zip' );
INSERT INTO files ( gid, file, mime ) VALUES ( '42222', 'http://www.gutenberg.org/ebooks/42222.epub.noimages', 'application/epub+zip' );
INSERT INTO files ( gid, file, mime ) VALUES ( '42222', 'http://www.gutenberg.org/ebooks/42222.kindle.images', 'application/x-mobipocket-ebook' );
INSERT INTO files ( gid, file, mime ) VALUES ( '42222', 'http://www.gutenberg.org/ebooks/42222.kindle.noimages', 'application/x-mobipocket-ebook' );
INSERT INTO files ( gid, file, mime ) VALUES ( '42222', 'http://www.gutenberg.org/ebooks/42222.rdf', 'application/rdf+xml' );
INSERT INTO files ( gid, file, mime ) VALUES ( '42222', 'http://www.gutenberg.org/files/42222/42222-0.txt', 'text/plain; charset=utf-8' );
INSERT INTO files ( gid, file, mime ) VALUES ( '42222', 'http://www.gutenberg.org/files/42222/42222-0.zip', 'application/ziptext/plain; charset=utf-8' );
INSERT INTO files ( gid, file, mime ) VALUES ( '42222', 'http://www.gutenberg.org/files/42222/42222-8.txt', 'text/plain; charset=iso-8859-1' );
INSERT INTO files ( gid, file, mime ) VALUES ( '42222', 'http://www.gutenberg.org/files/42222/42222-8.zip', 'application/ziptext/plain; charset=iso-8859-1' );
INSERT INTO files ( gid, file, mime ) VALUES ( '42222', 'http://www.gutenberg.org/files/42222/42222-h.zip', 'text/html; charset=iso-8859-1application/zip' );
INSERT INTO files ( gid, file, mime ) VALUES ( '42222', 'http://www.gutenberg.org/files/42222/42222-h/42222-h.htm', 'text/html; charset=iso-8859-1' );
INSERT INTO files ( gid, file, mime ) VALUES ( '42222', 'http://www.gutenberg.org/files/42222/42222.txt', 'text/plain; charset=us-ascii' );
INSERT INTO files ( gid, file, mime ) VALUES ( '42222', 'http://www.gutenberg.org/files/42222/42222.zip', 'application/ziptext/plain; charset=us-ascii' );
INSERT INTO titles ( gid, title, author, language, rights ) VALUES ( '422', 'The Romany Rye', 'Borrow, George', 'en', 'Public domain in the USA.' );
INSERT INTO classifications ( gid, classification ) VALUES ( '422', 'PR' );
INSERT INTO subjects ( gid, subject ) VALUES ( '422', 'England -- Fiction' );
INSERT INTO subjects ( gid, subject ) VALUES ( '422', 'Romanies -- Fiction' );
INSERT INTO subjects ( gid, subject ) VALUES ( '422', 'Adventure stories' );
INSERT INTO files ( gid, file, mime ) VALUES ( '422', 'http://www.gutenberg.org/ebooks/422.epub.images', 'application/epub+zip' );
INSERT INTO files ( gid, file, mime ) VALUES ( '422', 'http://www.gutenberg.org/ebooks/422.epub.noimages', 'application/epub+zip' );
INSERT INTO files ( gid, file, mime ) VALUES ( '422', 'http://www.gutenberg.org/ebooks/422.kindle.images', 'application/x-mobipocket-ebook' );
INSERT INTO files ( gid, file, mime ) VALUES ( '422', 'http://www.gutenberg.org/ebooks/422.kindle.noimages', 'application/x-mobipocket-ebook' );
INSERT INTO files ( gid, file, mime ) VALUES ( '422', 'http://www.gutenberg.org/ebooks/422.rdf', 'application/rdf+xml' );
INSERT INTO files ( gid, file, mime ) VALUES ( '422', 'http://www.gutenberg.org/ebooks/422.txt.utf-8', 'text/plain' );
INSERT INTO files ( gid, file, mime ) VALUES ( '422', 'http://www.gutenberg.org/files/422/422-h.zip', 'text/htmlapplication/zip' );
INSERT INTO files ( gid, file, mime ) VALUES ( '422', 'http://www.gutenberg.org/files/422/422-h/422-h.htm', 'text/html' );
INSERT INTO files ( gid, file, mime ) VALUES ( '422', 'http://www.gutenberg.org/files/422/422.txt', 'text/plain; charset=us-ascii' );
INSERT INTO files ( gid, file, mime ) VALUES ( '422', 'http://www.gutenberg.org/files/422/422.zip', 'application/ziptext/plain; charset=us-ascii' );
INSERT INTO titles ( gid, title, author, language, rights ) VALUES ( '42322', 'Flagg''s The Far West, 1836-1837, part 1', 'Flagg, Edmund', 'en', 'Public domain in the USA.' );
INSERT INTO subjects ( gid, subject ) VALUES ( '42322', 'F590.3' );
INSERT INTO subjects ( gid, subject ) VALUES ( '42322', 'Missouri -- Description and travel' );
INSERT INTO subjects ( gid, subject ) VALUES ( '42322', 'Illinois -- Description and travel' );
INSERT INTO subjects ( gid, subject ) VALUES ( '42322', 'Mississippi River Valley -- Description and travel' );
INSERT INTO files ( gid, file, mime ) VALUES ( '42322', 'http://www.gutenberg.org/cache/epub/42322/pg42322.cover.medium.jpg', 'image/jpeg' );
INSERT INTO files ( gid, file, mime ) VALUES ( '42322', 'http://www.gutenberg.org/cache/epub/42322/pg42322.cover.small.jpg', 'image/jpeg' );
INSERT INTO files ( gid, file, mime ) VALUES ( '42322', 'http://www.gutenberg.org/ebooks/42322.epub.images', 'application/epub+zip' );
INSERT INTO files ( gid, file, mime ) VALUES ( '42322', 'http://www.gutenberg.org/ebooks/42322.epub.noimages', 'application/epub+zip' );
INSERT INTO files ( gid, file, mime ) VALUES ( '42322', 'http://www.gutenberg.org/ebooks/42322.kindle.images', 'application/x-mobipocket-ebook' );
INSERT INTO files ( gid, file, mime ) VALUES ( '42322', 'http://www.gutenberg.org/ebooks/42322.kindle.noimages', 'application/x-mobipocket-ebook' );
INSERT INTO files ( gid, file, mime ) VALUES ( '42322', 'http://www.gutenberg.org/ebooks/42322.rdf', 'application/rdf+xml' );
INSERT INTO files ( gid, file, mime ) VALUES ( '42322', 'http://www.gutenberg.org/ebooks/42322.txt.utf-8', 'text/plain' );
INSERT INTO files ( gid, file, mime ) VALUES ( '42322', 'http://www.gutenberg.org/files/42322/42322-8.txt', 'text/plain; charset=iso-8859-1' );
INSERT INTO files ( gid, file, mime ) VALUES ( '42322', 'http://www.gutenberg.org/files/42322/42322-8.zip', 'application/ziptext/plain; charset=iso-8859-1' );
INSERT INTO files ( gid, file, mime ) VALUES ( '42322', 'http://www.gutenberg.org/files/42322/42322-h.zip', 'text/html; charset=iso-8859-1application/zip' );
INSERT INTO files ( gid, file, mime ) VALUES ( '42322', 'http://www.gutenberg.org/files/42322/42322-h/42322-h.htm', 'text/html; charset=iso-8859-1' );
INSERT INTO files ( gid, file, mime ) VALUES ( '42322', 'http://www.gutenberg.org/files/42322/42322.txt', 'text/plain; charset=us-ascii' );
INSERT INTO files ( gid, file, mime ) VALUES ( '42322', 'http://www.gutenberg.org/files/42322/42322.zip', 'text/plain; charset=us-asciiapplication/zip' );
INSERT INTO titles ( gid, title, author, language, rights ) VALUES ( '42422', 'The Passing of the Storm, and Other Poems', 'King, Alfred Castner', 'en', 'Public domain in the USA.' );
INSERT INTO classifications ( gid, classification ) VALUES ( '42422', 'PS' );
INSERT INTO subjects ( gid, subject ) VALUES ( '42422', 'Poetry' );
INSERT INTO files ( gid, file, mime ) VALUES ( '42422', 'http://www.gutenberg.org/cache/epub/42422/pg42422.cover.medium.jpg', 'image/jpeg' );
INSERT INTO files ( gid, file, mime ) VALUES ( '42422', 'http://www.gutenberg.org/cache/epub/42422/pg42422.cover.small.jpg', 'image/jpeg' );
INSERT INTO files ( gid, file, mime ) VALUES ( '42422', 'http://www.gutenberg.org/ebooks/42422.epub.images', 'application/epub+zip' );
INSERT INTO files ( gid, file, mime ) VALUES ( '42422', 'http://www.gutenberg.org/ebooks/42422.epub.noimages', 'application/epub+zip' );
INSERT INTO files ( gid, file, mime ) VALUES ( '42422', 'http://www.gutenberg.org/ebooks/42422.kindle.images', 'application/x-mobipocket-ebook' );
INSERT INTO files ( gid, file, mime ) VALUES ( '42422', 'http://www.gutenberg.org/ebooks/42422.kindle.noimages', 'application/x-mobipocket-ebook' );
INSERT INTO files ( gid, file, mime ) VALUES ( '42422', 'http://www.gutenberg.org/ebooks/42422.rdf', 'application/rdf+xml' );
INSERT INTO files ( gid, file, mime ) VALUES ( '42422', 'http://www.gutenberg.org/ebooks/42422.txt.utf-8', 'text/plain' );
INSERT INTO files ( gid, file, mime ) VALUES ( '42422', 'http://www.gutenberg.org/files/42422/42422-8.txt', 'text/plain; charset=iso-8859-1' );
INSERT INTO files ( gid, file, mime ) VALUES ( '42422', 'http://www.gutenberg.org/files/42422/42422-8.zip', 'application/ziptext/plain; charset=iso-8859-1' );
INSERT INTO files ( gid, file, mime ) VALUES ( '42422', 'http://www.gutenberg.org/files/42422/42422-h.zip', 'text/html; charset=iso-8859-1application/zip' );
INSERT INTO files ( gid, file, mime ) VALUES ( '42422', 'http://www.gutenberg.org/files/42422/42422-h/42422-h.htm', 'text/html; charset=iso-8859-1' );
INSERT INTO files ( gid, file, mime ) VALUES ( '42422', 'http://www.gutenberg.org/files/42422/42422.txt', 'text/plain; charset=us-ascii' );
INSERT INTO files ( gid, file, mime ) VALUES ( '42422', 'http://www.gutenberg.org/files/42422/42422.zip', 'text/plain; charset=us-asciiapplication/zip' );
INSERT INTO titles ( gid, title, author, language, rights ) VALUES ( '42522', 'Extracts from the Diary and Correspondence of the Late Amos Lawrence; with a brief account of some incidents of his life', 'Lawrence, Amos', 'en', 'Public domain in the USA.' );
INSERT INTO subjects ( gid, subject ) VALUES ( '42522', 'Lawrence, Amos, 1786-1852 -- Correspondence' );
INSERT INTO subjects ( gid, subject ) VALUES ( '42522', 'Boston (Mass.) -- Biography' );
INSERT INTO subjects ( gid, subject ) VALUES ( '42522', 'Philanthropists -- Massachusetts -- Boston -- Biography' );
INSERT INTO subjects ( gid, subject ) VALUES ( '42522', 'Lawrence, Amos, 1786-1852 -- Diaries' );
INSERT INTO subjects ( gid, subject ) VALUES ( '42522', 'F001' );
INSERT INTO subjects ( gid, subject ) VALUES ( '42522', 'Merchants -- Massachusetts -- Boston -- Biography' );
INSERT INTO files ( gid, file, mime ) VALUES ( '42522', 'http://www.gutenberg.org/cache/epub/42522/pg42522.cover.medium.jpg', 'image/jpeg' );
INSERT INTO files ( gid, file, mime ) VALUES ( '42522', 'http://www.gutenberg.org/cache/epub/42522/pg42522.cover.small.jpg', 'image/jpeg' );
INSERT INTO files ( gid, file, mime ) VALUES ( '42522', 'http://www.gutenberg.org/ebooks/42522.epub.images', 'application/epub+zip' );
INSERT INTO files ( gid, file, mime ) VALUES ( '42522', 'http://www.gutenberg.org/ebooks/42522.epub.noimages', 'application/epub+zip' );
INSERT INTO files ( gid, file, mime ) VALUES ( '42522', 'http://www.gutenberg.org/ebooks/42522.kindle.images', 'application/x-mobipocket-ebook' );
INSERT INTO files ( gid, file, mime ) VALUES ( '42522', 'http://www.gutenberg.org/ebooks/42522.kindle.noimages', 'application/x-mobipocket-ebook' );
INSERT INTO files ( gid, file, mime ) VALUES ( '42522', 'http://www.gutenberg.org/ebooks/42522.rdf', 'application/rdf+xml' );
INSERT INTO files ( gid, file, mime ) VALUES ( '42522', 'http://www.gutenberg.org/ebooks/42522.txt.utf-8', 'text/plain' );
INSERT INTO files ( gid, file, mime ) VALUES ( '42522', 'http://www.gutenberg.org/files/42522/42522-8.txt', 'text/plain; charset=iso-8859-1' );
INSERT INTO files ( gid, file, mime ) VALUES ( '42522', 'http://www.gutenberg.org/files/42522/42522-8.zip', 'application/ziptext/plain; charset=iso-8859-1' );
INSERT INTO files ( gid, file, mime ) VALUES ( '42522', 'http://www.gutenberg.org/files/42522/42522-h.zip', 'text/html; charset=iso-8859-1application/zip' );
INSERT INTO files ( gid, file, mime ) VALUES ( '42522', 'http://www.gutenberg.org/files/42522/42522-h/42522-h.htm', 'text/html; charset=iso-8859-1' );
INSERT INTO files ( gid, file, mime ) VALUES ( '42522', 'http://www.gutenberg.org/files/42522/42522.txt', 'text/plain; charset=us-ascii' );
INSERT INTO files ( gid, file, mime ) VALUES ( '42522', 'http://www.gutenberg.org/files/42522/42522.zip', 'text/plain; charset=us-asciiapplication/zip' );
INSERT INTO titles ( gid, title, author, language, rights ) VALUES ( '42622', 'The Book of Christmas Descriptive of the Customs, Ceremonies, Traditions, Superstitions, Fun, Feeling, and Festivities of the Christmas Season', 'Hervey, Thomas K.', 'en', 'Public domain in the USA.' );
INSERT INTO classifications ( gid, classification ) VALUES ( '42622', 'GT' );
INSERT INTO subjects ( gid, subject ) VALUES ( '42622', 'Christmas' );
INSERT INTO files ( gid, file, mime ) VALUES ( '42622', 'http://www.gutenberg.org/cache/epub/42622/pg42622.cover.medium.jpg', 'image/jpeg' );
INSERT INTO files ( gid, file, mime ) VALUES ( '42622', 'http://www.gutenberg.org/cache/epub/42622/pg42622.cover.small.jpg', 'image/jpeg' );
INSERT INTO files ( gid, file, mime ) VALUES ( '42622', 'http://www.gutenberg.org/ebooks/42622.epub.images', 'application/epub+zip' );
INSERT INTO files ( gid, file, mime ) VALUES ( '42622', 'http://www.gutenberg.org/ebooks/42622.epub.noimages', 'application/epub+zip' );
INSERT INTO files ( gid, file, mime ) VALUES ( '42622', 'http://www.gutenberg.org/ebooks/42622.kindle.images', 'application/x-mobipocket-ebook' );
INSERT INTO files ( gid, file, mime ) VALUES ( '42622', 'http://www.gutenberg.org/ebooks/42622.kindle.noimages', 'application/x-mobipocket-ebook' );
INSERT INTO files ( gid, file, mime ) VALUES ( '42622', 'http://www.gutenberg.org/ebooks/42622.rdf', 'application/rdf+xml' );
INSERT INTO files ( gid, file, mime ) VALUES ( '42622', 'http://www.gutenberg.org/files/42622/42622-0.txt', 'text/plain; charset=utf-8' );
INSERT INTO files ( gid, file, mime ) VALUES ( '42622', 'http://www.gutenberg.org/files/42622/42622-0.zip', 'text/plain; charset=utf-8application/zip' );
INSERT INTO files ( gid, file, mime ) VALUES ( '42622', 'http://www.gutenberg.org/files/42622/42622-8.txt', 'text/plain; charset=iso-8859-1' );
INSERT INTO files ( gid, file, mime ) VALUES ( '42622', 'http://www.gutenberg.org/files/42622/42622-8.zip', 'text/plain; charset=iso-8859-1application/zip' );
INSERT INTO files ( gid, file, mime ) VALUES ( '42622', 'http://www.gutenberg.org/files/42622/42622-h.zip', 'application/ziptext/html; charset=iso-8859-1' );
INSERT INTO files ( gid, file, mime ) VALUES ( '42622', 'http://www.gutenberg.org/files/42622/42622-h/42622-h.htm', 'text/html; charset=iso-8859-1' );
INSERT INTO files ( gid, file, mime ) VALUES ( '42622', 'http://www.gutenberg.org/files/42622/42622.txt', 'text/plain; charset=us-ascii' );
INSERT INTO files ( gid, file, mime ) VALUES ( '42622', 'http://www.gutenberg.org/files/42622/42622.zip', 'text/plain; charset=us-asciiapplication/zip' );
INSERT INTO titles ( gid, title, author, language, rights ) VALUES ( '42722', 'Historic Paris', 'Wolff, Jetta Sophia', 'en', 'Public domain in the USA.' );
INSERT INTO classifications ( gid, classification ) VALUES ( '42722', 'DC' );
INSERT INTO subjects ( gid, subject ) VALUES ( '42722', 'Paris (France) -- Description and travel' );
INSERT INTO subjects ( gid, subject ) VALUES ( '42722', 'Paris (France) -- History' );
INSERT INTO files ( gid, file, mime ) VALUES ( '42722', 'http://www.gutenberg.org/cache/epub/42722/pg42722.cover.medium.jpg', 'image/jpeg' );
INSERT INTO files ( gid, file, mime ) VALUES ( '42722', 'http://www.gutenberg.org/cache/epub/42722/pg42722.cover.small.jpg', 'image/jpeg' );
INSERT INTO files ( gid, file, mime ) VALUES ( '42722', 'http://www.gutenberg.org/ebooks/42722.epub.images', 'application/epub+zip' );
INSERT INTO files ( gid, file, mime ) VALUES ( '42722', 'http://www.gutenberg.org/ebooks/42722.epub.noimages', 'application/epub+zip' );
INSERT INTO files ( gid, file, mime ) VALUES ( '42722', 'http://www.gutenberg.org/ebooks/42722.kindle.images', 'application/x-mobipocket-ebook' );
INSERT INTO files ( gid, file, mime ) VALUES ( '42722', 'http://www.gutenberg.org/ebooks/42722.kindle.noimages', 'application/x-mobipocket-ebook' );
INSERT INTO files ( gid, file, mime ) VALUES ( '42722', 'http://www.gutenberg.org/ebooks/42722.rdf', 'application/rdf+xml' );
INSERT INTO files ( gid, file, mime ) VALUES ( '42722', 'http://www.gutenberg.org/files/42722/42722-0.txt', 'text/plain; charset=utf-8' );
INSERT INTO files ( gid, file, mime ) VALUES ( '42722', 'http://www.gutenberg.org/files/42722/42722-0.zip', 'text/plain; charset=utf-8application/zip' );
INSERT INTO files ( gid, file, mime ) VALUES ( '42722', 'http://www.gutenberg.org/files/42722/42722-8.txt', 'text/plain; charset=iso-8859-1' );
INSERT INTO files ( gid, file, mime ) VALUES ( '42722', 'http://www.gutenberg.org/files/42722/42722-8.zip', 'text/plain; charset=iso-8859-1application/zip' );
INSERT INTO files ( gid, file, mime ) VALUES ( '42722', 'http://www.gutenberg.org/files/42722/42722-h.zip', 'application/ziptext/html; charset=utf-8' );
INSERT INTO files ( gid, file, mime ) VALUES ( '42722', 'http://www.gutenberg.org/files/42722/42722-h/42722-h.htm', 'text/html; charset=utf-8' );
INSERT INTO titles ( gid, title, author, language, rights ) VALUES ( '42822', 'Semiramis: A Tale of Battle and of Love', 'Peple, Edward', 'en', 'Public domain in the USA.' );
INSERT INTO classifications ( gid, classification ) VALUES ( '42822', 'PS' );
INSERT INTO subjects ( gid, subject ) VALUES ( '42822', 'Semiramis, Queen, consort of Shamshi-Adad V, King of Assyria, active 9th century B.C. -- Fiction' );
INSERT INTO files ( gid, file, mime ) VALUES ( '42822', 'http://www.gutenberg.org/cache/epub/42822/pg42822.cover.medium.jpg', 'image/jpeg' );
INSERT INTO files ( gid, file, mime ) VALUES ( '42822', 'http://www.gutenberg.org/cache/epub/42822/pg42822.cover.small.jpg', 'image/jpeg' );
INSERT INTO files ( gid, file, mime ) VALUES ( '42822', 'http://www.gutenberg.org/ebooks/42822.epub.images', 'application/epub+zip' );
INSERT INTO files ( gid, file, mime ) VALUES ( '42822', 'http://www.gutenberg.org/ebooks/42822.epub.noimages', 'application/epub+zip' );
INSERT INTO files ( gid, file, mime ) VALUES ( '42822', 'http://www.gutenberg.org/ebooks/42822.kindle.images', 'application/x-mobipocket-ebook' );
INSERT INTO files ( gid, file, mime ) VALUES ( '42822', 'http://www.gutenberg.org/ebooks/42822.kindle.noimages', 'application/x-mobipocket-ebook' );
INSERT INTO files ( gid, file, mime ) VALUES ( '42822', 'http://www.gutenberg.org/ebooks/42822.rdf', 'application/rdf+xml' );
INSERT INTO files ( gid, file, mime ) VALUES ( '42822', 'http://www.gutenberg.org/ebooks/42822.rst.gen', 'text/x-rst' );
INSERT INTO files ( gid, file, mime ) VALUES ( '42822', 'http://www.gutenberg.org/files/42822/42822-0.txt', 'text/plain; charset=utf-8' );
INSERT INTO files ( gid, file, mime ) VALUES ( '42822', 'http://www.gutenberg.org/files/42822/42822-0.zip', 'text/plain; charset=utf-8application/zip' );
INSERT INTO files ( gid, file, mime ) VALUES ( '42822', 'http://www.gutenberg.org/files/42822/42822-8.txt', 'text/plain; charset=iso-8859-1' );
INSERT INTO files ( gid, file, mime ) VALUES ( '42822', 'http://www.gutenberg.org/files/42822/42822-8.zip', 'text/plain; charset=iso-8859-1application/zip' );
INSERT INTO files ( gid, file, mime ) VALUES ( '42822', 'http://www.gutenberg.org/files/42822/42822-h.zip', 'text/html; charset=utf-8application/zip' );
INSERT INTO files ( gid, file, mime ) VALUES ( '42822', 'http://www.gutenberg.org/files/42822/42822-h/42822-h.html', 'text/html; charset=utf-8' );
INSERT INTO files ( gid, file, mime ) VALUES ( '42822', 'http://www.gutenberg.org/files/42822/42822-rst.zip', 'text/x-rstapplication/zip' );
INSERT INTO files ( gid, file, mime ) VALUES ( '42822', 'http://www.gutenberg.org/files/42822/42822-rst/42822-rst.rst', 'text/x-rst' );
INSERT INTO files ( gid, file, mime ) VALUES ( '42822', 'http://www.gutenberg.org/files/42822/42822.txt', 'text/plain; charset=us-ascii' );
INSERT INTO files ( gid, file, mime ) VALUES ( '42822', 'http://www.gutenberg.org/files/42822/42822.zip', 'application/ziptext/plain; charset=us-ascii' );
INSERT INTO titles ( gid, title, author, language, rights ) VALUES ( '42922', 'Notes and Queries, Index to Ninth Volume, January-June 1854 A Medium of Inter-communication for Literary Men, Artists, Antiquaries, Genealogists, etc.', 'Various', 'en', 'Public domain in the USA.' );
INSERT INTO classifications ( gid, classification ) VALUES ( '42922', 'AG' );
INSERT INTO subjects ( gid, subject ) VALUES ( '42922', 'Questions and answers -- Periodicals' );
INSERT INTO files ( gid, file, mime ) VALUES ( '42922', 'http://www.gutenberg.org/ebooks/42922.epub.images', 'application/epub+zip' );
INSERT INTO files ( gid, file, mime ) VALUES ( '42922', 'http://www.gutenberg.org/ebooks/42922.epub.noimages', 'application/epub+zip' );
INSERT INTO files ( gid, file, mime ) VALUES ( '42922', 'http://www.gutenberg.org/ebooks/42922.kindle.images', 'application/x-mobipocket-ebook' );
INSERT INTO files ( gid, file, mime ) VALUES ( '42922', 'http://www.gutenberg.org/ebooks/42922.kindle.noimages', 'application/x-mobipocket-ebook' );
INSERT INTO files ( gid, file, mime ) VALUES ( '42922', 'http://www.gutenberg.org/ebooks/42922.rdf', 'application/rdf+xml' );
INSERT INTO files ( gid, file, mime ) VALUES ( '42922', 'http://www.gutenberg.org/ebooks/42922.txt.utf-8', 'text/plain' );
INSERT INTO files ( gid, file, mime ) VALUES ( '42922', 'http://www.gutenberg.org/files/42922/42922-8.txt', 'text/plain; charset=iso-8859-1' );
INSERT INTO files ( gid, file, mime ) VALUES ( '42922', 'http://www.gutenberg.org/files/42922/42922-8.zip', 'application/ziptext/plain; charset=iso-8859-1' );
INSERT INTO files ( gid, file, mime ) VALUES ( '42922', 'http://www.gutenberg.org/files/42922/42922-h.zip', 'text/html; charset=iso-8859-1application/zip' );
INSERT INTO files ( gid, file, mime ) VALUES ( '42922', 'http://www.gutenberg.org/files/42922/42922-h/42922-h.htm', 'text/html; charset=iso-8859-1' );
INSERT INTO files ( gid, file, mime ) VALUES ( '42922', 'http://www.gutenberg.org/files/42922/42922.txt', 'text/plain; charset=us-ascii' );
INSERT INTO files ( gid, file, mime ) VALUES ( '42922', 'http://www.gutenberg.org/files/42922/42922.zip', 'application/ziptext/plain; charset=us-ascii' );
INSERT INTO titles ( gid, title, author, language, rights ) VALUES ( '43022', 'La lotta politica in Italia, Volume 1 (of 3) Origini della lotta attuale (476-1887); Quinta edizione', 'Oriani, Alfredo', 'it', 'Public domain in the USA.' );
INSERT INTO classifications ( gid, classification ) VALUES ( '43022', 'DG' );
INSERT INTO subjects ( gid, subject ) VALUES ( '43022', 'Italy -- Politics and government' );
INSERT INTO files ( gid, file, mime ) VALUES ( '43022', 'http://www.gutenberg.org/cache/epub/43022/pg43022.cover.medium.jpg', 'image/jpeg' );
INSERT INTO files ( gid, file, mime ) VALUES ( '43022', 'http://www.gutenberg.org/cache/epub/43022/pg43022.cover.small.jpg', 'image/jpeg' );
INSERT INTO files ( gid, file, mime ) VALUES ( '43022', 'http://www.gutenberg.org/ebooks/43022.epub.images', 'application/epub+zip' );
INSERT INTO files ( gid, file, mime ) VALUES ( '43022', 'http://www.gutenberg.org/ebooks/43022.epub.noimages', 'application/epub+zip' );
INSERT INTO files ( gid, file, mime ) VALUES ( '43022', 'http://www.gutenberg.org/ebooks/43022.kindle.images', 'application/x-mobipocket-ebook' );
INSERT INTO files ( gid, file, mime ) VALUES ( '43022', 'http://www.gutenberg.org/ebooks/43022.kindle.noimages', 'application/x-mobipocket-ebook' );
INSERT INTO files ( gid, file, mime ) VALUES ( '43022', 'http://www.gutenberg.org/ebooks/43022.rdf', 'application/rdf+xml' );
INSERT INTO files ( gid, file, mime ) VALUES ( '43022', 'http://www.gutenberg.org/ebooks/43022.txt.utf-8', 'text/plain' );
INSERT INTO files ( gid, file, mime ) VALUES ( '43022', 'http://www.gutenberg.org/files/43022/43022-8.txt', 'text/plain; charset=iso-8859-1' );
INSERT INTO files ( gid, file, mime ) VALUES ( '43022', 'http://www.gutenberg.org/files/43022/43022-8.zip', 'text/plain; charset=iso-8859-1application/zip' );
INSERT INTO files ( gid, file, mime ) VALUES ( '43022', 'http://www.gutenberg.org/files/43022/43022-h.zip', 'text/htmlapplication/zip' );
INSERT INTO files ( gid, file, mime ) VALUES ( '43022', 'http://www.gutenberg.org/files/43022/43022-h/43022-h.htm', 'text/html' );
INSERT INTO titles ( gid, title, author, language, rights ) VALUES ( '43122', 'Silverthorns', 'Molesworth, Mrs.', 'en', 'Public domain in the USA.' );
INSERT INTO classifications ( gid, classification ) VALUES ( '43122', 'PZ' );
INSERT INTO subjects ( gid, subject ) VALUES ( '43122', 'Students -- Juvenile fiction' );
INSERT INTO subjects ( gid, subject ) VALUES ( '43122', 'Friendship -- Juvenile fiction' );
INSERT INTO subjects ( gid, subject ) VALUES ( '43122', 'Brothers and sisters -- Juvenile fiction' );
INSERT INTO subjects ( gid, subject ) VALUES ( '43122', 'Aunts -- Juvenile fiction' );
INSERT INTO subjects ( gid, subject ) VALUES ( '43122', 'Conduct of life -- Juvenile fiction' );
INSERT INTO subjects ( gid, subject ) VALUES ( '43122', 'Inheritance and succession -- Juvenile fiction' );
INSERT INTO subjects ( gid, subject ) VALUES ( '43122', 'Social classes -- Juvenile fiction' );
INSERT INTO subjects ( gid, subject ) VALUES ( '43122', 'Kindness -- Juvenile fiction' );
INSERT INTO subjects ( gid, subject ) VALUES ( '43122', 'Family -- Juvenile fiction' );
INSERT INTO subjects ( gid, subject ) VALUES ( '43122', 'Children -- Conduct of life -- Juvenile fiction' );
INSERT INTO files ( gid, file, mime ) VALUES ( '43122', 'http://www.gutenberg.org/ebooks/43122.epub.images', 'application/epub+zip' );
INSERT INTO files ( gid, file, mime ) VALUES ( '43122', 'http://www.gutenberg.org/ebooks/43122.epub.noimages', 'application/epub+zip' );
INSERT INTO files ( gid, file, mime ) VALUES ( '43122', 'http://www.gutenberg.org/ebooks/43122.kindle.images', 'application/x-mobipocket-ebook' );
INSERT INTO files ( gid, file, mime ) VALUES ( '43122', 'http://www.gutenberg.org/ebooks/43122.kindle.noimages', 'application/x-mobipocket-ebook' );
INSERT INTO files ( gid, file, mime ) VALUES ( '43122', 'http://www.gutenberg.org/ebooks/43122.rdf', 'application/rdf+xml' );
INSERT INTO files ( gid, file, mime ) VALUES ( '43122', 'http://www.gutenberg.org/ebooks/43122.txt.utf-8', 'text/plain' );
INSERT INTO files ( gid, file, mime ) VALUES ( '43122', 'http://www.gutenberg.org/files/43122/43122-h.zip', 'text/html; charset=utf-8application/zip' );
INSERT INTO files ( gid, file, mime ) VALUES ( '43122', 'http://www.gutenberg.org/files/43122/43122-h/43122-h.htm', 'text/html; charset=utf-8' );
INSERT INTO files ( gid, file, mime ) VALUES ( '43122', 'http://www.gutenberg.org/files/43122/43122.txt', 'text/plain; charset=us-ascii' );
INSERT INTO files ( gid, file, mime ) VALUES ( '43122', 'http://www.gutenberg.org/files/43122/43122.zip', 'application/ziptext/plain; charset=us-ascii' );
INSERT INTO titles ( gid, title, author, language, rights ) VALUES ( '4322', 'My Three Days in Gilead', 'Hoenshel, Elmer U. (Elmer Ulysses)', 'en', 'Public domain in the USA.' );
INSERT INTO classifications ( gid, classification ) VALUES ( '4322', 'DS' );
INSERT INTO subjects ( gid, subject ) VALUES ( '4322', 'Palestine -- Description and travel' );
INSERT INTO files ( gid, file, mime ) VALUES ( '4322', 'http://www.gutenberg.org/ebooks/4322.epub.images', 'application/epub+zip' );
INSERT INTO files ( gid, file, mime ) VALUES ( '4322', 'http://www.gutenberg.org/ebooks/4322.epub.noimages', 'application/epub+zip' );
INSERT INTO files ( gid, file, mime ) VALUES ( '4322', 'http://www.gutenberg.org/ebooks/4322.kindle.images', 'application/x-mobipocket-ebook' );
INSERT INTO files ( gid, file, mime ) VALUES ( '4322', 'http://www.gutenberg.org/ebooks/4322.kindle.noimages', 'application/x-mobipocket-ebook' );
INSERT INTO files ( gid, file, mime ) VALUES ( '4322', 'http://www.gutenberg.org/ebooks/4322.rdf', 'application/rdf+xml' );
INSERT INTO files ( gid, file, mime ) VALUES ( '4322', 'http://www.gutenberg.org/ebooks/4322.txt.utf-8', 'text/plain' );
INSERT INTO files ( gid, file, mime ) VALUES ( '4322', 'http://www.gutenberg.org/files/4322/4322-h.zip', 'application/ziptext/html; charset=iso-8859-1' );
INSERT INTO files ( gid, file, mime ) VALUES ( '4322', 'http://www.gutenberg.org/files/4322/4322-h/4322-h.htm', 'text/html; charset=iso-8859-1' );
INSERT INTO files ( gid, file, mime ) VALUES ( '4322', 'http://www.gutenberg.org/files/4322/4322.txt', 'text/plain; charset=us-ascii' );
INSERT INTO files ( gid, file, mime ) VALUES ( '4322', 'http://www.gutenberg.org/files/4322/4322.zip', 'text/plain; charset=us-asciiapplication/zip' );
INSERT INTO titles ( gid, title, author, language, rights ) VALUES ( '43222', 'The Lyon in Mourning, Vol. 1 or a collection of speeches, letters, journals, etc. relative to the affairs of Prince Charles Edward Stuart', 'Forbes, Robert', 'en', 'Public domain in the USA.' );
INSERT INTO classifications ( gid, classification ) VALUES ( '43222', 'DA' );
INSERT INTO subjects ( gid, subject ) VALUES ( '43222', 'Jacobite Rebellion, 1745-1746 -- Sources' );
INSERT INTO subjects ( gid, subject ) VALUES ( '43222', 'Charles Edward, Prince, grandson of James II, King of England, 1720-1788' );
INSERT INTO files ( gid, file, mime ) VALUES ( '43222', 'http://www.gutenberg.org/cache/epub/43222/pg43222.cover.medium.jpg', 'image/jpeg' );
INSERT INTO files ( gid, file, mime ) VALUES ( '43222', 'http://www.gutenberg.org/cache/epub/43222/pg43222.cover.small.jpg', 'image/jpeg' );
INSERT INTO files ( gid, file, mime ) VALUES ( '43222', 'http://www.gutenberg.org/ebooks/43222.epub.images', 'application/epub+zip' );
INSERT INTO files ( gid, file, mime ) VALUES ( '43222', 'http://www.gutenberg.org/ebooks/43222.epub.noimages', 'application/epub+zip' );
INSERT INTO files ( gid, file, mime ) VALUES ( '43222', 'http://www.gutenberg.org/ebooks/43222.kindle.images', 'application/x-mobipocket-ebook' );
INSERT INTO files ( gid, file, mime ) VALUES ( '43222', 'http://www.gutenberg.org/ebooks/43222.kindle.noimages', 'application/x-mobipocket-ebook' );
INSERT INTO files ( gid, file, mime ) VALUES ( '43222', 'http://www.gutenberg.org/ebooks/43222.rdf', 'application/rdf+xml' );
INSERT INTO files ( gid, file, mime ) VALUES ( '43222', 'http://www.gutenberg.org/files/43222/43222-0.txt', 'text/plain; charset=utf-8' );
INSERT INTO files ( gid, file, mime ) VALUES ( '43222', 'http://www.gutenberg.org/files/43222/43222-0.zip', 'application/ziptext/plain; charset=utf-8' );
INSERT INTO files ( gid, file, mime ) VALUES ( '43222', 'http://www.gutenberg.org/files/43222/43222-8.txt', 'text/plain; charset=iso-8859-1' );
INSERT INTO files ( gid, file, mime ) VALUES ( '43222', 'http://www.gutenberg.org/files/43222/43222-8.zip', 'text/plain; charset=iso-8859-1application/zip' );
INSERT INTO files ( gid, file, mime ) VALUES ( '43222', 'http://www.gutenberg.org/files/43222/43222-h.zip', 'application/ziptext/html; charset=iso-8859-1' );
INSERT INTO files ( gid, file, mime ) VALUES ( '43222', 'http://www.gutenberg.org/files/43222/43222-h/43222-h.htm', 'text/html; charset=iso-8859-1' );
INSERT INTO files ( gid, file, mime ) VALUES ( '43222', 'http://www.gutenberg.org/files/43222/43222.txt', 'text/plain; charset=us-ascii' );
INSERT INTO files ( gid, file, mime ) VALUES ( '43222', 'http://www.gutenberg.org/files/43222/43222.zip', 'application/ziptext/plain; charset=us-ascii' );
INSERT INTO titles ( gid, title, author, language, rights ) VALUES ( '43322', 'Kotona: Kuvaelma Itä-Suomesta', 'Ahrenberg, Jacob', 'fi', 'Public domain in the USA.' );
INSERT INTO classifications ( gid, classification ) VALUES ( '43322', 'PT' );
INSERT INTO subjects ( gid, subject ) VALUES ( '43322', 'Fiction' );
INSERT INTO files ( gid, file, mime ) VALUES ( '43322', 'http://www.gutenberg.org/ebooks/43322.epub.images', 'application/epub+zip' );
INSERT INTO files ( gid, file, mime ) VALUES ( '43322', 'http://www.gutenberg.org/ebooks/43322.epub.noimages', 'application/epub+zip' );
INSERT INTO files ( gid, file, mime ) VALUES ( '43322', 'http://www.gutenberg.org/ebooks/43322.html.images', 'text/html' );
INSERT INTO files ( gid, file, mime ) VALUES ( '43322', 'http://www.gutenberg.org/ebooks/43322.html.noimages', 'text/html' );
INSERT INTO files ( gid, file, mime ) VALUES ( '43322', 'http://www.gutenberg.org/ebooks/43322.kindle.images', 'application/x-mobipocket-ebook' );
INSERT INTO files ( gid, file, mime ) VALUES ( '43322', 'http://www.gutenberg.org/ebooks/43322.kindle.noimages', 'application/x-mobipocket-ebook' );
INSERT INTO files ( gid, file, mime ) VALUES ( '43322', 'http://www.gutenberg.org/ebooks/43322.rdf', 'application/rdf+xml' );
INSERT INTO files ( gid, file, mime ) VALUES ( '43322', 'http://www.gutenberg.org/ebooks/43322.txt.utf-8', 'text/plain' );
INSERT INTO files ( gid, file, mime ) VALUES ( '43322', 'http://www.gutenberg.org/files/43322/43322-8.txt', 'text/plain; charset=iso-8859-1' );
INSERT INTO files ( gid, file, mime ) VALUES ( '43322', 'http://www.gutenberg.org/files/43322/43322-8.zip', 'application/ziptext/plain; charset=iso-8859-1' );
INSERT INTO titles ( gid, title, author, language, rights ) VALUES ( '43422', 'A Syllabus of Hispanic-American History', 'Pierson, William Whatley, Jr.', 'en', 'Public domain in the USA.' );
INSERT INTO subjects ( gid, subject ) VALUES ( '43422', 'F1401' );
INSERT INTO subjects ( gid, subject ) VALUES ( '43422', 'Latin America -- History -- Outlines, syllabi, etc.' );
INSERT INTO files ( gid, file, mime ) VALUES ( '43422', 'http://www.gutenberg.org/cache/epub/43422/pg43422.cover.medium.jpg', 'image/jpeg' );
INSERT INTO files ( gid, file, mime ) VALUES ( '43422', 'http://www.gutenberg.org/cache/epub/43422/pg43422.cover.small.jpg', 'image/jpeg' );
INSERT INTO files ( gid, file, mime ) VALUES ( '43422', 'http://www.gutenberg.org/ebooks/43422.epub.images', 'application/epub+zip' );
INSERT INTO files ( gid, file, mime ) VALUES ( '43422', 'http://www.gutenberg.org/ebooks/43422.epub.noimages', 'application/epub+zip' );
INSERT INTO files ( gid, file, mime ) VALUES ( '43422', 'http://www.gutenberg.org/ebooks/43422.kindle.images', 'application/x-mobipocket-ebook' );
INSERT INTO files ( gid, file, mime ) VALUES ( '43422', 'http://www.gutenberg.org/ebooks/43422.kindle.noimages', 'application/x-mobipocket-ebook' );
INSERT INTO files ( gid, file, mime ) VALUES ( '43422', 'http://www.gutenberg.org/ebooks/43422.rdf', 'application/rdf+xml' );
INSERT INTO files ( gid, file, mime ) VALUES ( '43422', 'http://www.gutenberg.org/ebooks/43422.txt.utf-8', 'text/plain' );
INSERT INTO files ( gid, file, mime ) VALUES ( '43422', 'http://www.gutenberg.org/files/43422/43422-8.txt', 'text/plain; charset=iso-8859-1' );
INSERT INTO files ( gid, file, mime ) VALUES ( '43422', 'http://www.gutenberg.org/files/43422/43422-8.zip', 'text/plain; charset=iso-8859-1application/zip' );
INSERT INTO files ( gid, file, mime ) VALUES ( '43422', 'http://www.gutenberg.org/files/43422/43422-h.zip', 'application/ziptext/html; charset=iso-8859-1' );
INSERT INTO files ( gid, file, mime ) VALUES ( '43422', 'http://www.gutenberg.org/files/43422/43422-h/43422-h.htm', 'text/html; charset=iso-8859-1' );
INSERT INTO files ( gid, file, mime ) VALUES ( '43422', 'http://www.gutenberg.org/files/43422/43422.txt', 'text/plain; charset=us-ascii' );
INSERT INTO files ( gid, file, mime ) VALUES ( '43422', 'http://www.gutenberg.org/files/43422/43422.zip', 'application/ziptext/plain; charset=us-ascii' );
INSERT INTO titles ( gid, title, author, language, rights ) VALUES ( '43522', 'The Kaiser''s Memoirs', 'William II, German Emperor', 'en', 'Public domain in the USA.' );
INSERT INTO classifications ( gid, classification ) VALUES ( '43522', 'DD' );
INSERT INTO subjects ( gid, subject ) VALUES ( '43522', 'William II, German Emperor, 1859-1941' );
INSERT INTO subjects ( gid, subject ) VALUES ( '43522', 'World War, 1914-1918' );
INSERT INTO subjects ( gid, subject ) VALUES ( '43522', 'Germany -- Politics and government -- 1888-1918' );
INSERT INTO files ( gid, file, mime ) VALUES ( '43522', 'http://www.gutenberg.org/cache/epub/43522/pg43522.cover.medium.jpg', 'image/jpeg' );
INSERT INTO files ( gid, file, mime ) VALUES ( '43522', 'http://www.gutenberg.org/cache/epub/43522/pg43522.cover.small.jpg', 'image/jpeg' );
INSERT INTO files ( gid, file, mime ) VALUES ( '43522', 'http://www.gutenberg.org/ebooks/43522.epub.images', 'application/epub+zip' );
INSERT INTO files ( gid, file, mime ) VALUES ( '43522', 'http://www.gutenberg.org/ebooks/43522.epub.noimages', 'application/epub+zip' );
INSERT INTO files ( gid, file, mime ) VALUES ( '43522', 'http://www.gutenberg.org/ebooks/43522.kindle.images', 'application/x-mobipocket-ebook' );
INSERT INTO files ( gid, file, mime ) VALUES ( '43522', 'http://www.gutenberg.org/ebooks/43522.kindle.noimages', 'application/x-mobipocket-ebook' );
INSERT INTO files ( gid, file, mime ) VALUES ( '43522', 'http://www.gutenberg.org/ebooks/43522.rdf', 'application/rdf+xml' );
INSERT INTO files ( gid, file, mime ) VALUES ( '43522', 'http://www.gutenberg.org/ebooks/43522.txt.utf-8', 'text/plain' );
INSERT INTO files ( gid, file, mime ) VALUES ( '43522', 'http://www.gutenberg.org/files/43522/43522-8.txt', 'text/plain; charset=iso-8859-1' );
INSERT INTO files ( gid, file, mime ) VALUES ( '43522', 'http://www.gutenberg.org/files/43522/43522-8.zip', 'text/plain; charset=iso-8859-1application/zip' );
INSERT INTO files ( gid, file, mime ) VALUES ( '43522', 'http://www.gutenberg.org/files/43522/43522-h.zip', 'text/htmlapplication/zip' );
INSERT INTO files ( gid, file, mime ) VALUES ( '43522', 'http://www.gutenberg.org/files/43522/43522-h/43522-h.htm', 'text/html' );
INSERT INTO files ( gid, file, mime ) VALUES ( '43522', 'http://www.gutenberg.org/files/43522/43522.txt', 'text/plain; charset=us-ascii' );
INSERT INTO files ( gid, file, mime ) VALUES ( '43522', 'http://www.gutenberg.org/files/43522/43522.zip', 'application/ziptext/plain; charset=us-ascii' );
INSERT INTO titles ( gid, title, author, language, rights ) VALUES ( '43622', 'The Beaver, Vol. 1, No. 04, January 1921', '', 'en', 'Public domain in the USA.' );
INSERT INTO subjects ( gid, subject ) VALUES ( '43622', 'Canada -- History -- Periodicals' );
INSERT INTO subjects ( gid, subject ) VALUES ( '43622', 'F1001' );
INSERT INTO subjects ( gid, subject ) VALUES ( '43622', 'Hudson''s Bay Company -- Periodicals' );
INSERT INTO subjects ( gid, subject ) VALUES ( '43622', 'Canada, Northern -- History -- Periodicals' );
INSERT INTO files ( gid, file, mime ) VALUES ( '43622', 'http://www.gutenberg.org/cache/epub/43622/pg43622.cover.medium.jpg', 'image/jpeg' );
INSERT INTO files ( gid, file, mime ) VALUES ( '43622', 'http://www.gutenberg.org/cache/epub/43622/pg43622.cover.small.jpg', 'image/jpeg' );
INSERT INTO files ( gid, file, mime ) VALUES ( '43622', 'http://www.gutenberg.org/ebooks/43622.epub.images', 'application/epub+zip' );
INSERT INTO files ( gid, file, mime ) VALUES ( '43622', 'http://www.gutenberg.org/ebooks/43622.epub.noimages', 'application/epub+zip' );
INSERT INTO files ( gid, file, mime ) VALUES ( '43622', 'http://www.gutenberg.org/ebooks/43622.kindle.images', 'application/x-mobipocket-ebook' );
INSERT INTO files ( gid, file, mime ) VALUES ( '43622', 'http://www.gutenberg.org/ebooks/43622.kindle.noimages', 'application/x-mobipocket-ebook' );
INSERT INTO files ( gid, file, mime ) VALUES ( '43622', 'http://www.gutenberg.org/ebooks/43622.rdf', 'application/rdf+xml' );
INSERT INTO files ( gid, file, mime ) VALUES ( '43622', 'http://www.gutenberg.org/ebooks/43622.txt.utf-8', 'text/plain' );
INSERT INTO files ( gid, file, mime ) VALUES ( '43622', 'http://www.gutenberg.org/files/43622/43622-8.txt', 'text/plain; charset=iso-8859-1' );
INSERT INTO files ( gid, file, mime ) VALUES ( '43622', 'http://www.gutenberg.org/files/43622/43622-8.zip', 'application/ziptext/plain; charset=iso-8859-1' );
INSERT INTO files ( gid, file, mime ) VALUES ( '43622', 'http://www.gutenberg.org/files/43622/43622-h.zip', 'application/ziptext/html; charset=iso-8859-1' );
INSERT INTO files ( gid, file, mime ) VALUES ( '43622', 'http://www.gutenberg.org/files/43622/43622-h/43622-h.htm', 'text/html; charset=iso-8859-1' );
INSERT INTO files ( gid, file, mime ) VALUES ( '43622', 'http://www.gutenberg.org/files/43622/43622.txt', 'text/plain; charset=us-ascii' );
INSERT INTO files ( gid, file, mime ) VALUES ( '43622', 'http://www.gutenberg.org/files/43622/43622.zip', 'text/plain; charset=us-asciiapplication/zip' );
INSERT INTO titles ( gid, title, author, language, rights ) VALUES ( '43722', 'Blackwood''s Edinburgh Magazine, Vol. 66 No.406, August 1849', 'Various', 'en', 'Public domain in the USA.' );
INSERT INTO classifications ( gid, classification ) VALUES ( '43722', 'AP' );
INSERT INTO subjects ( gid, subject ) VALUES ( '43722', 'Scotland -- Periodicals' );
INSERT INTO subjects ( gid, subject ) VALUES ( '43722', 'England -- Periodicals' );
INSERT INTO files ( gid, file, mime ) VALUES ( '43722', 'http://www.gutenberg.org/cache/epub/43722/pg43722.cover.medium.jpg', 'image/jpeg' );
INSERT INTO files ( gid, file, mime ) VALUES ( '43722', 'http://www.gutenberg.org/cache/epub/43722/pg43722.cover.small.jpg', 'image/jpeg' );
INSERT INTO files ( gid, file, mime ) VALUES ( '43722', 'http://www.gutenberg.org/ebooks/43722.epub.images', 'application/epub+zip' );
INSERT INTO files ( gid, file, mime ) VALUES ( '43722', 'http://www.gutenberg.org/ebooks/43722.epub.noimages', 'application/epub+zip' );
INSERT INTO files ( gid, file, mime ) VALUES ( '43722', 'http://www.gutenberg.org/ebooks/43722.kindle.images', 'application/x-mobipocket-ebook' );
INSERT INTO files ( gid, file, mime ) VALUES ( '43722', 'http://www.gutenberg.org/ebooks/43722.kindle.noimages', 'application/x-mobipocket-ebook' );
INSERT INTO files ( gid, file, mime ) VALUES ( '43722', 'http://www.gutenberg.org/ebooks/43722.rdf', 'application/rdf+xml' );
INSERT INTO files ( gid, file, mime ) VALUES ( '43722', 'http://www.gutenberg.org/ebooks/43722.txt.utf-8', 'text/plain' );
INSERT INTO files ( gid, file, mime ) VALUES ( '43722', 'http://www.gutenberg.org/files/43722/43722-8.txt', 'text/plain; charset=iso-8859-1' );
INSERT INTO files ( gid, file, mime ) VALUES ( '43722', 'http://www.gutenberg.org/files/43722/43722-8.zip', 'text/plain; charset=iso-8859-1application/zip' );
INSERT INTO files ( gid, file, mime ) VALUES ( '43722', 'http://www.gutenberg.org/files/43722/43722-h.zip', 'application/ziptext/html; charset=iso-8859-1' );
INSERT INTO files ( gid, file, mime ) VALUES ( '43722', 'http://www.gutenberg.org/files/43722/43722-h/43722-h.htm', 'text/html; charset=iso-8859-1' );
INSERT INTO files ( gid, file, mime ) VALUES ( '43722', 'http://www.gutenberg.org/files/43722/43722.txt', 'text/plain; charset=us-ascii' );
INSERT INTO files ( gid, file, mime ) VALUES ( '43722', 'http://www.gutenberg.org/files/43722/43722.zip', 'text/plain; charset=us-asciiapplication/zip' );
INSERT INTO titles ( gid, title, author, language, rights ) VALUES ( '43822', 'L''oeuvre du divin Arétin, deuxième partie Essai de bibliographie arétinesque par Guillaume Apollinaire', 'Aretino, Pietro', 'fr', 'Public domain in the USA.' );
INSERT INTO classifications ( gid, classification ) VALUES ( '43822', 'PQ' );
INSERT INTO subjects ( gid, subject ) VALUES ( '43822', 'Erotic literature' );
INSERT INTO files ( gid, file, mime ) VALUES ( '43822', 'http://www.gutenberg.org/cache/epub/43822/pg43822.cover.medium.jpg', 'image/jpeg' );
INSERT INTO files ( gid, file, mime ) VALUES ( '43822', 'http://www.gutenberg.org/cache/epub/43822/pg43822.cover.small.jpg', 'image/jpeg' );
INSERT INTO files ( gid, file, mime ) VALUES ( '43822', 'http://www.gutenberg.org/ebooks/43822.epub.images', 'application/epub+zip' );
INSERT INTO files ( gid, file, mime ) VALUES ( '43822', 'http://www.gutenberg.org/ebooks/43822.epub.noimages', 'application/epub+zip' );
INSERT INTO files ( gid, file, mime ) VALUES ( '43822', 'http://www.gutenberg.org/ebooks/43822.kindle.images', 'application/x-mobipocket-ebook' );
INSERT INTO files ( gid, file, mime ) VALUES ( '43822', 'http://www.gutenberg.org/ebooks/43822.kindle.noimages', 'application/x-mobipocket-ebook' );
INSERT INTO files ( gid, file, mime ) VALUES ( '43822', 'http://www.gutenberg.org/ebooks/43822.rdf', 'application/rdf+xml' );
INSERT INTO files ( gid, file, mime ) VALUES ( '43822', 'http://www.gutenberg.org/ebooks/43822.txt.utf-8', 'text/plain' );
INSERT INTO files ( gid, file, mime ) VALUES ( '43822', 'http://www.gutenberg.org/files/43822/43822-8.txt', 'text/plain; charset=iso-8859-1' );
INSERT INTO files ( gid, file, mime ) VALUES ( '43822', 'http://www.gutenberg.org/files/43822/43822-8.zip', 'application/ziptext/plain; charset=iso-8859-1' );
INSERT INTO files ( gid, file, mime ) VALUES ( '43822', 'http://www.gutenberg.org/files/43822/43822-h.zip', 'text/html; charset=iso-8859-1application/zip' );
INSERT INTO files ( gid, file, mime ) VALUES ( '43822', 'http://www.gutenberg.org/files/43822/43822-h/43822-h.htm', 'text/html; charset=iso-8859-1' );
INSERT INTO titles ( gid, title, author, language, rights ) VALUES ( '43922', 'Original Photographs Taken on the Battlefields during the Civil War of the United States', 'Miller, Francis Trevelyan', 'en', 'Public domain in the USA.' );
INSERT INTO subjects ( gid, subject ) VALUES ( '43922', 'E456' );
INSERT INTO subjects ( gid, subject ) VALUES ( '43922', 'United States -- History -- Civil War, 1861-1865 -- Pictorial works' );
INSERT INTO subjects ( gid, subject ) VALUES ( '43922', 'United States -- History -- Civil War, 1861-1865 -- Campaigns' );
INSERT INTO files ( gid, file, mime ) VALUES ( '43922', 'http://www.gutenberg.org/cache/epub/43922/pg43922.cover.medium.jpg', 'image/jpeg' );
INSERT INTO files ( gid, file, mime ) VALUES ( '43922', 'http://www.gutenberg.org/cache/epub/43922/pg43922.cover.small.jpg', 'image/jpeg' );
INSERT INTO files ( gid, file, mime ) VALUES ( '43922', 'http://www.gutenberg.org/ebooks/43922.epub.images', 'application/epub+zip' );
INSERT INTO files ( gid, file, mime ) VALUES ( '43922', 'http://www.gutenberg.org/ebooks/43922.epub.noimages', 'application/epub+zip' );
INSERT INTO files ( gid, file, mime ) VALUES ( '43922', 'http://www.gutenberg.org/ebooks/43922.kindle.images', 'application/x-mobipocket-ebook' );
INSERT INTO files ( gid, file, mime ) VALUES ( '43922', 'http://www.gutenberg.org/ebooks/43922.kindle.noimages', 'application/x-mobipocket-ebook' );
INSERT INTO files ( gid, file, mime ) VALUES ( '43922', 'http://www.gutenberg.org/ebooks/43922.rdf', 'application/rdf+xml' );
INSERT INTO files ( gid, file, mime ) VALUES ( '43922', 'http://www.gutenberg.org/ebooks/43922.txt.utf-8', 'text/plain' );
INSERT INTO files ( gid, file, mime ) VALUES ( '43922', 'http://www.gutenberg.org/files/43922/43922-8.txt', 'text/plain; charset=iso-8859-1' );
INSERT INTO files ( gid, file, mime ) VALUES ( '43922', 'http://www.gutenberg.org/files/43922/43922-8.zip', 'text/plain; charset=iso-8859-1application/zip' );
INSERT INTO files ( gid, file, mime ) VALUES ( '43922', 'http://www.gutenberg.org/files/43922/43922-h.zip', 'text/html; charset=iso-8859-1application/zip' );
INSERT INTO files ( gid, file, mime ) VALUES ( '43922', 'http://www.gutenberg.org/files/43922/43922-h/43922-h.htm', 'text/html; charset=iso-8859-1' );
INSERT INTO files ( gid, file, mime ) VALUES ( '43922', 'http://www.gutenberg.org/files/43922/43922.txt', 'text/plain; charset=us-ascii' );
INSERT INTO files ( gid, file, mime ) VALUES ( '43922', 'http://www.gutenberg.org/files/43922/43922.zip', 'text/plain; charset=us-asciiapplication/zip' );
END TRANSACTION;
