INSERT INTO files ( gid, file, mime ) VALUES ( '37511', 'http://www.gutenberg.org/ebooks/37511.txt.utf-8', 'text/plain' );
INSERT INTO files ( gid, file, mime ) VALUES ( '37511', 'http://www.gutenberg.org/files/37511/37511-h.zip', 'application/ziptext/html; charset=iso-8859-1' );
INSERT INTO files ( gid, file, mime ) VALUES ( '37511', 'http://www.gutenberg.org/files/37511/37511-h/37511-h.htm', 'text/html; charset=iso-8859-1' );
INSERT INTO files ( gid, file, mime ) VALUES ( '37511', 'http://www.gutenberg.org/files/37511/37511.txt', 'text/plain; charset=us-ascii' );
INSERT INTO files ( gid, file, mime ) VALUES ( '37511', 'http://www.gutenberg.org/files/37511/37511.zip', 'text/plain; charset=us-asciiapplication/zip' );
INSERT INTO titles ( gid, title, author, language, rights ) VALUES ( '37611', 'Christ in the Storm No. 26', 'Mortimer, Favell Lee', 'en', 'Public domain in the USA.' );
INSERT INTO classifications ( gid, classification ) VALUES ( '37611', 'BS' );
INSERT INTO subjects ( gid, subject ) VALUES ( '37611', 'Jesus Christ -- Miracles -- Juvenile literature' );
INSERT INTO subjects ( gid, subject ) VALUES ( '37611', 'Bible stories, English -- Gospels -- Juvenile literature' );
INSERT INTO files ( gid, file, mime ) VALUES ( '37611', 'http://www.gutenberg.org/ebooks/37611.epub.images', 'application/epub+zip' );
INSERT INTO files ( gid, file, mime ) VALUES ( '37611', 'http://www.gutenberg.org/ebooks/37611.epub.noimages', 'application/epub+zip' );
INSERT INTO files ( gid, file, mime ) VALUES ( '37611', 'http://www.gutenberg.org/ebooks/37611.kindle.images', 'application/x-mobipocket-ebook' );
INSERT INTO files ( gid, file, mime ) VALUES ( '37611', 'http://www.gutenberg.org/ebooks/37611.kindle.noimages', 'application/x-mobipocket-ebook' );
INSERT INTO files ( gid, file, mime ) VALUES ( '37611', 'http://www.gutenberg.org/ebooks/37611.rdf', 'application/rdf+xml' );
INSERT INTO files ( gid, file, mime ) VALUES ( '37611', 'http://www.gutenberg.org/ebooks/37611.txt.utf-8', 'text/plain' );
INSERT INTO files ( gid, file, mime ) VALUES ( '37611', 'http://www.gutenberg.org/files/37611/37611-h.zip', 'text/html; charset=iso-8859-1application/zip' );
INSERT INTO files ( gid, file, mime ) VALUES ( '37611', 'http://www.gutenberg.org/files/37611/37611-h/37611-h.htm', 'text/html; charset=iso-8859-1' );
INSERT INTO files ( gid, file, mime ) VALUES ( '37611', 'http://www.gutenberg.org/files/37611/37611.txt', 'text/plain; charset=us-ascii' );
INSERT INTO files ( gid, file, mime ) VALUES ( '37611', 'http://www.gutenberg.org/files/37611/37611.zip', 'application/ziptext/plain; charset=us-ascii' );
INSERT INTO titles ( gid, title, author, language, rights ) VALUES ( '37711', 'Astronomical Lore in Chaucer', 'Grimm, Florence M. (Florence Marie)', 'en', 'Public domain in the USA.' );
INSERT INTO classifications ( gid, classification ) VALUES ( '37711', 'PR' );
INSERT INTO subjects ( gid, subject ) VALUES ( '37711', 'Astronomy, Medieval, in literature' );
INSERT INTO subjects ( gid, subject ) VALUES ( '37711', 'Chaucer, Geoffrey, -1400 -- Knowledge -- Astronomy' );
INSERT INTO files ( gid, file, mime ) VALUES ( '37711', 'http://www.gutenberg.org/ebooks/37711.epub.images', 'application/epub+zip' );
INSERT INTO files ( gid, file, mime ) VALUES ( '37711', 'http://www.gutenberg.org/ebooks/37711.epub.noimages', 'application/epub+zip' );
INSERT INTO files ( gid, file, mime ) VALUES ( '37711', 'http://www.gutenberg.org/ebooks/37711.kindle.images', 'application/x-mobipocket-ebook' );
INSERT INTO files ( gid, file, mime ) VALUES ( '37711', 'http://www.gutenberg.org/ebooks/37711.kindle.noimages', 'application/x-mobipocket-ebook' );
INSERT INTO files ( gid, file, mime ) VALUES ( '37711', 'http://www.gutenberg.org/ebooks/37711.rdf', 'application/rdf+xml' );
INSERT INTO files ( gid, file, mime ) VALUES ( '37711', 'http://www.gutenberg.org/ebooks/37711.txt.utf-8', 'text/plain' );
INSERT INTO files ( gid, file, mime ) VALUES ( '37711', 'http://www.gutenberg.org/files/37711/37711-8.txt', 'text/plain; charset=iso-8859-1' );
INSERT INTO files ( gid, file, mime ) VALUES ( '37711', 'http://www.gutenberg.org/files/37711/37711-8.zip', 'application/ziptext/plain; charset=iso-8859-1' );
INSERT INTO files ( gid, file, mime ) VALUES ( '37711', 'http://www.gutenberg.org/files/37711/37711-h.zip', 'text/html; charset=iso-8859-1application/zip' );
INSERT INTO files ( gid, file, mime ) VALUES ( '37711', 'http://www.gutenberg.org/files/37711/37711-h/37711-h.htm', 'text/html; charset=iso-8859-1' );
INSERT INTO files ( gid, file, mime ) VALUES ( '37711', 'http://www.gutenberg.org/files/37711/37711.txt', 'text/plain; charset=us-ascii' );
INSERT INTO files ( gid, file, mime ) VALUES ( '37711', 'http://www.gutenberg.org/files/37711/37711.zip', 'application/ziptext/plain; charset=us-ascii' );
INSERT INTO titles ( gid, title, author, language, rights ) VALUES ( '37811', 'Rambles with John Burroughs', 'De Loach, R. J. H. (Robert John Henderson)', 'en', 'Public domain in the USA.' );
INSERT INTO classifications ( gid, classification ) VALUES ( '37811', 'PS' );
INSERT INTO subjects ( gid, subject ) VALUES ( '37811', 'Burroughs, John, 1837-1921' );
INSERT INTO files ( gid, file, mime ) VALUES ( '37811', 'http://www.gutenberg.org/cache/epub/37811/pg37811.cover.medium.jpg', 'image/jpeg' );
INSERT INTO files ( gid, file, mime ) VALUES ( '37811', 'http://www.gutenberg.org/cache/epub/37811/pg37811.cover.small.jpg', 'image/jpeg' );
INSERT INTO files ( gid, file, mime ) VALUES ( '37811', 'http://www.gutenberg.org/ebooks/37811.epub.images', 'application/epub+zip' );
INSERT INTO files ( gid, file, mime ) VALUES ( '37811', 'http://www.gutenberg.org/ebooks/37811.epub.noimages', 'application/epub+zip' );
INSERT INTO files ( gid, file, mime ) VALUES ( '37811', 'http://www.gutenberg.org/ebooks/37811.kindle.images', 'application/x-mobipocket-ebook' );
INSERT INTO files ( gid, file, mime ) VALUES ( '37811', 'http://www.gutenberg.org/ebooks/37811.kindle.noimages', 'application/x-mobipocket-ebook' );
INSERT INTO files ( gid, file, mime ) VALUES ( '37811', 'http://www.gutenberg.org/ebooks/37811.rdf', 'application/rdf+xml' );
INSERT INTO files ( gid, file, mime ) VALUES ( '37811', 'http://www.gutenberg.org/ebooks/37811.txt.utf-8', 'text/plain' );
INSERT INTO files ( gid, file, mime ) VALUES ( '37811', 'http://www.gutenberg.org/files/37811/37811-8.txt', 'text/plain; charset=iso-8859-1' );
INSERT INTO files ( gid, file, mime ) VALUES ( '37811', 'http://www.gutenberg.org/files/37811/37811-8.zip', 'application/ziptext/plain; charset=iso-8859-1' );
INSERT INTO files ( gid, file, mime ) VALUES ( '37811', 'http://www.gutenberg.org/files/37811/37811-h.zip', 'text/html; charset=iso-8859-1application/zip' );
INSERT INTO files ( gid, file, mime ) VALUES ( '37811', 'http://www.gutenberg.org/files/37811/37811-h/37811-h.htm', 'text/html; charset=iso-8859-1' );
INSERT INTO files ( gid, file, mime ) VALUES ( '37811', 'http://www.gutenberg.org/files/37811/37811.txt', 'text/plain; charset=us-ascii' );
INSERT INTO files ( gid, file, mime ) VALUES ( '37811', 'http://www.gutenberg.org/files/37811/37811.zip', 'text/plain; charset=us-asciiapplication/zip' );
INSERT INTO titles ( gid, title, author, language, rights ) VALUES ( '37911', 'The Motor Girls at Lookout Beach; Or, In Quest of the Runaways', 'Penrose, Margaret', 'en', 'Public domain in the USA.' );
INSERT INTO classifications ( gid, classification ) VALUES ( '37911', 'PZ' );
INSERT INTO subjects ( gid, subject ) VALUES ( '37911', 'Runaway children -- Juvenile fiction' );
INSERT INTO subjects ( gid, subject ) VALUES ( '37911', 'Girls -- Societies and clubs -- Juvenile fiction' );
INSERT INTO subjects ( gid, subject ) VALUES ( '37911', 'Automobile travel -- Juvenile fiction' );
INSERT INTO files ( gid, file, mime ) VALUES ( '37911', 'http://www.gutenberg.org/ebooks/37911.epub.images', 'application/epub+zip' );
INSERT INTO files ( gid, file, mime ) VALUES ( '37911', 'http://www.gutenberg.org/ebooks/37911.epub.noimages', 'application/epub+zip' );
INSERT INTO files ( gid, file, mime ) VALUES ( '37911', 'http://www.gutenberg.org/ebooks/37911.kindle.images', 'application/x-mobipocket-ebook' );
INSERT INTO files ( gid, file, mime ) VALUES ( '37911', 'http://www.gutenberg.org/ebooks/37911.kindle.noimages', 'application/x-mobipocket-ebook' );
INSERT INTO files ( gid, file, mime ) VALUES ( '37911', 'http://www.gutenberg.org/ebooks/37911.rdf', 'application/rdf+xml' );
INSERT INTO files ( gid, file, mime ) VALUES ( '37911', 'http://www.gutenberg.org/ebooks/37911.txt.utf-8', 'text/plain' );
INSERT INTO files ( gid, file, mime ) VALUES ( '37911', 'http://www.gutenberg.org/files/37911/37911-h.zip', 'application/ziptext/html; charset=utf-8' );
INSERT INTO files ( gid, file, mime ) VALUES ( '37911', 'http://www.gutenberg.org/files/37911/37911-h/37911-h.htm', 'text/html; charset=utf-8' );
INSERT INTO files ( gid, file, mime ) VALUES ( '37911', 'http://www.gutenberg.org/files/37911/37911.txt', 'text/plain; charset=us-ascii' );
INSERT INTO files ( gid, file, mime ) VALUES ( '37911', 'http://www.gutenberg.org/files/37911/37911.zip', 'text/plain; charset=us-asciiapplication/zip' );
INSERT INTO titles ( gid, title, author, language, rights ) VALUES ( '38011', 'The Epic of Hades, in Three Books', 'Morris, Lewis', 'en', 'Public domain in the USA.' );
INSERT INTO classifications ( gid, classification ) VALUES ( '38011', 'PR' );
INSERT INTO subjects ( gid, subject ) VALUES ( '38011', 'Gods, Greek -- Poetry' );
INSERT INTO subjects ( gid, subject ) VALUES ( '38011', 'Mythology, Greek -- Poetry' );
INSERT INTO files ( gid, file, mime ) VALUES ( '38011', 'http://www.gutenberg.org/ebooks/38011.epub.images', 'application/epub+zip' );
INSERT INTO files ( gid, file, mime ) VALUES ( '38011', 'http://www.gutenberg.org/ebooks/38011.epub.noimages', 'application/epub+zip' );
INSERT INTO files ( gid, file, mime ) VALUES ( '38011', 'http://www.gutenberg.org/ebooks/38011.kindle.images', 'application/x-mobipocket-ebook' );
INSERT INTO files ( gid, file, mime ) VALUES ( '38011', 'http://www.gutenberg.org/ebooks/38011.kindle.noimages', 'application/x-mobipocket-ebook' );
INSERT INTO files ( gid, file, mime ) VALUES ( '38011', 'http://www.gutenberg.org/ebooks/38011.rdf', 'application/rdf+xml' );
INSERT INTO files ( gid, file, mime ) VALUES ( '38011', 'http://www.gutenberg.org/ebooks/38011.txt.utf-8', 'text/plain' );
INSERT INTO files ( gid, file, mime ) VALUES ( '38011', 'http://www.gutenberg.org/files/38011/38011-8.txt', 'text/plain; charset=iso-8859-1' );
INSERT INTO files ( gid, file, mime ) VALUES ( '38011', 'http://www.gutenberg.org/files/38011/38011-8.zip', 'text/plain; charset=iso-8859-1application/zip' );
INSERT INTO files ( gid, file, mime ) VALUES ( '38011', 'http://www.gutenberg.org/files/38011/38011-h.zip', 'text/html; charset=iso-8859-1application/zip' );
INSERT INTO files ( gid, file, mime ) VALUES ( '38011', 'http://www.gutenberg.org/files/38011/38011-h/38011-h.htm', 'text/html; charset=iso-8859-1' );
INSERT INTO files ( gid, file, mime ) VALUES ( '38011', 'http://www.gutenberg.org/files/38011/38011.txt', 'text/plain; charset=us-ascii' );
INSERT INTO files ( gid, file, mime ) VALUES ( '38011', 'http://www.gutenberg.org/files/38011/38011.zip', 'application/ziptext/plain; charset=us-ascii' );
INSERT INTO titles ( gid, title, author, language, rights ) VALUES ( '38111', 'English Society', 'Du Maurier, George', 'en', 'Public domain in the USA.' );
INSERT INTO classifications ( gid, classification ) VALUES ( '38111', 'NC' );
INSERT INTO subjects ( gid, subject ) VALUES ( '38111', 'England -- Social life and customs -- Illustrations' );
INSERT INTO subjects ( gid, subject ) VALUES ( '38111', 'England -- Social life and customs -- Pictorial works' );
INSERT INTO subjects ( gid, subject ) VALUES ( '38111', 'English wit and humor, Pictorial' );
INSERT INTO files ( gid, file, mime ) VALUES ( '38111', 'http://www.gutenberg.org/cache/epub/38111/pg38111.cover.medium.jpg', 'image/jpeg' );
INSERT INTO files ( gid, file, mime ) VALUES ( '38111', 'http://www.gutenberg.org/cache/epub/38111/pg38111.cover.small.jpg', 'image/jpeg' );
INSERT INTO files ( gid, file, mime ) VALUES ( '38111', 'http://www.gutenberg.org/ebooks/38111.epub.images', 'application/epub+zip' );
INSERT INTO files ( gid, file, mime ) VALUES ( '38111', 'http://www.gutenberg.org/ebooks/38111.epub.noimages', 'application/epub+zip' );
INSERT INTO files ( gid, file, mime ) VALUES ( '38111', 'http://www.gutenberg.org/ebooks/38111.kindle.images', 'application/x-mobipocket-ebook' );
INSERT INTO files ( gid, file, mime ) VALUES ( '38111', 'http://www.gutenberg.org/ebooks/38111.kindle.noimages', 'application/x-mobipocket-ebook' );
INSERT INTO files ( gid, file, mime ) VALUES ( '38111', 'http://www.gutenberg.org/ebooks/38111.rdf', 'application/rdf+xml' );
INSERT INTO files ( gid, file, mime ) VALUES ( '38111', 'http://www.gutenberg.org/ebooks/38111.txt.utf-8', 'text/plain' );
INSERT INTO files ( gid, file, mime ) VALUES ( '38111', 'http://www.gutenberg.org/files/38111/38111-8.txt', 'text/plain; charset=iso-8859-1' );
INSERT INTO files ( gid, file, mime ) VALUES ( '38111', 'http://www.gutenberg.org/files/38111/38111-8.zip', 'text/plain; charset=iso-8859-1application/zip' );
INSERT INTO files ( gid, file, mime ) VALUES ( '38111', 'http://www.gutenberg.org/files/38111/38111-h.zip', 'text/html; charset=iso-8859-1application/zip' );
INSERT INTO files ( gid, file, mime ) VALUES ( '38111', 'http://www.gutenberg.org/files/38111/38111-h/38111-h.htm', 'text/html; charset=iso-8859-1' );
INSERT INTO files ( gid, file, mime ) VALUES ( '38111', 'http://www.gutenberg.org/files/38111/38111.txt', 'text/plain; charset=us-ascii' );
INSERT INTO files ( gid, file, mime ) VALUES ( '38111', 'http://www.gutenberg.org/files/38111/38111.zip', 'application/ziptext/plain; charset=us-ascii' );
INSERT INTO titles ( gid, title, author, language, rights ) VALUES ( '3811', 'The Star of Gettysburg: A Story of Southern High Tide', 'Altsheler, Joseph A. (Joseph Alexander)', 'en', 'Public domain in the USA.' );
INSERT INTO classifications ( gid, classification ) VALUES ( '3811', 'PZ' );
INSERT INTO subjects ( gid, subject ) VALUES ( '3811', 'United States -- History -- Civil War, 1861-1865 -- Juvenile fiction' );
INSERT INTO files ( gid, file, mime ) VALUES ( '3811', 'http://www.gutenberg.org/ebooks/3811.epub.images', 'application/epub+zip' );
INSERT INTO files ( gid, file, mime ) VALUES ( '3811', 'http://www.gutenberg.org/ebooks/3811.epub.noimages', 'application/epub+zip' );
INSERT INTO files ( gid, file, mime ) VALUES ( '3811', 'http://www.gutenberg.org/ebooks/3811.kindle.images', 'application/x-mobipocket-ebook' );
INSERT INTO files ( gid, file, mime ) VALUES ( '3811', 'http://www.gutenberg.org/ebooks/3811.kindle.noimages', 'application/x-mobipocket-ebook' );
INSERT INTO files ( gid, file, mime ) VALUES ( '3811', 'http://www.gutenberg.org/ebooks/3811.rdf', 'application/rdf+xml' );
INSERT INTO files ( gid, file, mime ) VALUES ( '3811', 'http://www.gutenberg.org/ebooks/3811.txt.utf-8', 'text/plain' );
INSERT INTO files ( gid, file, mime ) VALUES ( '3811', 'http://www.gutenberg.org/files/3811/3811-h.zip', 'application/ziptext/html; charset=iso-8859-1' );
INSERT INTO files ( gid, file, mime ) VALUES ( '3811', 'http://www.gutenberg.org/files/3811/3811-h/3811-h.htm', 'text/html; charset=iso-8859-1' );
INSERT INTO files ( gid, file, mime ) VALUES ( '3811', 'http://www.gutenberg.org/files/3811/3811.txt', 'text/plain; charset=us-ascii' );
INSERT INTO files ( gid, file, mime ) VALUES ( '3811', 'http://www.gutenberg.org/files/3811/3811.zip', 'text/plain; charset=us-asciiapplication/zip' );
INSERT INTO titles ( gid, title, author, language, rights ) VALUES ( '38211', 'De H. Nikolaas in het folklore', 'Schrijnen, Jos.', 'nl', 'Public domain in the USA.' );
INSERT INTO classifications ( gid, classification ) VALUES ( '38211', 'GT' );
INSERT INTO subjects ( gid, subject ) VALUES ( '38211', 'Santa Claus -- Netherlands' );
INSERT INTO subjects ( gid, subject ) VALUES ( '38211', 'Folklore -- Netherlands' );
INSERT INTO files ( gid, file, mime ) VALUES ( '38211', 'http://www.gutenberg.org/ebooks/38211.epub.images', 'application/epub+zip' );
INSERT INTO files ( gid, file, mime ) VALUES ( '38211', 'http://www.gutenberg.org/ebooks/38211.epub.noimages', 'application/epub+zip' );
INSERT INTO files ( gid, file, mime ) VALUES ( '38211', 'http://www.gutenberg.org/ebooks/38211.kindle.images', 'application/x-mobipocket-ebook' );
INSERT INTO files ( gid, file, mime ) VALUES ( '38211', 'http://www.gutenberg.org/ebooks/38211.kindle.noimages', 'application/x-mobipocket-ebook' );
INSERT INTO files ( gid, file, mime ) VALUES ( '38211', 'http://www.gutenberg.org/ebooks/38211.rdf', 'application/rdf+xml' );
INSERT INTO files ( gid, file, mime ) VALUES ( '38211', 'http://www.gutenberg.org/files/38211/38211-0.txt', 'text/plain; charset=utf-8' );
INSERT INTO files ( gid, file, mime ) VALUES ( '38211', 'http://www.gutenberg.org/files/38211/38211-0.zip', 'text/plain; charset=utf-8application/zip' );
INSERT INTO files ( gid, file, mime ) VALUES ( '38211', 'http://www.gutenberg.org/files/38211/38211-8.txt', 'text/plain; charset=iso-8859-1' );
INSERT INTO files ( gid, file, mime ) VALUES ( '38211', 'http://www.gutenberg.org/files/38211/38211-8.zip', 'application/ziptext/plain; charset=iso-8859-1' );
INSERT INTO files ( gid, file, mime ) VALUES ( '38211', 'http://www.gutenberg.org/files/38211/38211-h.zip', 'text/html; charset=iso-8859-1application/zip' );
INSERT INTO files ( gid, file, mime ) VALUES ( '38211', 'http://www.gutenberg.org/files/38211/38211-h/38211-h.htm', 'text/html; charset=iso-8859-1' );
INSERT INTO titles ( gid, title, author, language, rights ) VALUES ( '38311', 'What Will People Say? A Novel', 'Hughes, Rupert', 'en', 'Public domain in the USA.' );
INSERT INTO classifications ( gid, classification ) VALUES ( '38311', 'PS' );
INSERT INTO subjects ( gid, subject ) VALUES ( '38311', 'Man-woman relationships -- Fiction' );
INSERT INTO subjects ( gid, subject ) VALUES ( '38311', 'New York (N.Y.) -- Social life and customs -- 20th century -- Fiction' );
INSERT INTO subjects ( gid, subject ) VALUES ( '38311', 'Triangles (Interpersonal relations) -- Fiction' );
INSERT INTO files ( gid, file, mime ) VALUES ( '38311', 'http://www.gutenberg.org/cache/epub/38311/pg38311.cover.medium.jpg', 'image/jpeg' );
INSERT INTO files ( gid, file, mime ) VALUES ( '38311', 'http://www.gutenberg.org/cache/epub/38311/pg38311.cover.small.jpg', 'image/jpeg' );
INSERT INTO files ( gid, file, mime ) VALUES ( '38311', 'http://www.gutenberg.org/ebooks/38311.epub.images', 'application/epub+zip' );
INSERT INTO files ( gid, file, mime ) VALUES ( '38311', 'http://www.gutenberg.org/ebooks/38311.epub.noimages', 'application/epub+zip' );
INSERT INTO files ( gid, file, mime ) VALUES ( '38311', 'http://www.gutenberg.org/ebooks/38311.kindle.images', 'application/x-mobipocket-ebook' );
INSERT INTO files ( gid, file, mime ) VALUES ( '38311', 'http://www.gutenberg.org/ebooks/38311.kindle.noimages', 'application/x-mobipocket-ebook' );
INSERT INTO files ( gid, file, mime ) VALUES ( '38311', 'http://www.gutenberg.org/ebooks/38311.rdf', 'application/rdf+xml' );
INSERT INTO files ( gid, file, mime ) VALUES ( '38311', 'http://www.gutenberg.org/ebooks/38311.txt.utf-8', 'text/plain' );
INSERT INTO files ( gid, file, mime ) VALUES ( '38311', 'http://www.gutenberg.org/files/38311/38311-8.txt', 'text/plain; charset=iso-8859-1' );
INSERT INTO files ( gid, file, mime ) VALUES ( '38311', 'http://www.gutenberg.org/files/38311/38311-8.zip', 'application/ziptext/plain; charset=iso-8859-1' );
INSERT INTO files ( gid, file, mime ) VALUES ( '38311', 'http://www.gutenberg.org/files/38311/38311-h.zip', 'application/ziptext/html; charset=iso-8859-1' );
INSERT INTO files ( gid, file, mime ) VALUES ( '38311', 'http://www.gutenberg.org/files/38311/38311-h/38311-h.htm', 'text/html; charset=iso-8859-1' );
INSERT INTO files ( gid, file, mime ) VALUES ( '38311', 'http://www.gutenberg.org/files/38311/38311.txt', 'text/plain; charset=us-ascii' );
INSERT INTO files ( gid, file, mime ) VALUES ( '38311', 'http://www.gutenberg.org/files/38311/38311.zip', 'text/plain; charset=us-asciiapplication/zip' );
INSERT INTO titles ( gid, title, author, language, rights ) VALUES ( '38411', 'Froth: A Novel', 'Palacio Valdés, Armando', 'en', 'Public domain in the USA.' );
INSERT INTO classifications ( gid, classification ) VALUES ( '38411', 'PQ' );
INSERT INTO subjects ( gid, subject ) VALUES ( '38411', 'Spanish fiction -- Translations into English' );
INSERT INTO subjects ( gid, subject ) VALUES ( '38411', 'Madrid (Spain) -- Social life and customs -- Fiction' );
INSERT INTO subjects ( gid, subject ) VALUES ( '38411', 'Satire' );
INSERT INTO files ( gid, file, mime ) VALUES ( '38411', 'http://www.gutenberg.org/ebooks/38411.epub.images', 'application/epub+zip' );
INSERT INTO files ( gid, file, mime ) VALUES ( '38411', 'http://www.gutenberg.org/ebooks/38411.epub.noimages', 'application/epub+zip' );
INSERT INTO files ( gid, file, mime ) VALUES ( '38411', 'http://www.gutenberg.org/ebooks/38411.kindle.images', 'application/x-mobipocket-ebook' );
INSERT INTO files ( gid, file, mime ) VALUES ( '38411', 'http://www.gutenberg.org/ebooks/38411.kindle.noimages', 'application/x-mobipocket-ebook' );
INSERT INTO files ( gid, file, mime ) VALUES ( '38411', 'http://www.gutenberg.org/ebooks/38411.rdf', 'application/rdf+xml' );
INSERT INTO files ( gid, file, mime ) VALUES ( '38411', 'http://www.gutenberg.org/ebooks/38411.txt.utf-8', 'text/plain' );
INSERT INTO files ( gid, file, mime ) VALUES ( '38411', 'http://www.gutenberg.org/files/38411/38411-8.txt', 'text/plain; charset=iso-8859-1' );
INSERT INTO files ( gid, file, mime ) VALUES ( '38411', 'http://www.gutenberg.org/files/38411/38411-8.zip', 'text/plain; charset=iso-8859-1application/zip' );
INSERT INTO files ( gid, file, mime ) VALUES ( '38411', 'http://www.gutenberg.org/files/38411/38411-h.zip', 'text/html; charset=iso-8859-1application/zip' );
INSERT INTO files ( gid, file, mime ) VALUES ( '38411', 'http://www.gutenberg.org/files/38411/38411-h/38411-h.htm', 'text/html; charset=iso-8859-1' );
INSERT INTO files ( gid, file, mime ) VALUES ( '38411', 'http://www.gutenberg.org/files/38411/38411.txt', 'text/plain; charset=us-ascii' );
INSERT INTO files ( gid, file, mime ) VALUES ( '38411', 'http://www.gutenberg.org/files/38411/38411.zip', 'application/ziptext/plain; charset=us-ascii' );
INSERT INTO titles ( gid, title, author, language, rights ) VALUES ( '38511', 'The Sufistic Quatrains of Omar Khayyam', 'Omar Khayyam', 'en', 'Public domain in the USA.' );
INSERT INTO classifications ( gid, classification ) VALUES ( '38511', 'PK' );
INSERT INTO subjects ( gid, subject ) VALUES ( '38511', 'Sufi poetry' );
INSERT INTO subjects ( gid, subject ) VALUES ( '38511', 'FitzGerald, Edward, 1809-1883' );
INSERT INTO files ( gid, file, mime ) VALUES ( '38511', 'http://www.gutenberg.org/cache/epub/38511/pg38511.cover.medium.jpg', 'image/jpeg' );
INSERT INTO files ( gid, file, mime ) VALUES ( '38511', 'http://www.gutenberg.org/cache/epub/38511/pg38511.cover.small.jpg', 'image/jpeg' );
INSERT INTO files ( gid, file, mime ) VALUES ( '38511', 'http://www.gutenberg.org/ebooks/38511.epub.images', 'application/epub+zip' );
INSERT INTO files ( gid, file, mime ) VALUES ( '38511', 'http://www.gutenberg.org/ebooks/38511.epub.noimages', 'application/epub+zip' );
INSERT INTO files ( gid, file, mime ) VALUES ( '38511', 'http://www.gutenberg.org/ebooks/38511.kindle.images', 'application/x-mobipocket-ebook' );
INSERT INTO files ( gid, file, mime ) VALUES ( '38511', 'http://www.gutenberg.org/ebooks/38511.kindle.noimages', 'application/x-mobipocket-ebook' );
INSERT INTO files ( gid, file, mime ) VALUES ( '38511', 'http://www.gutenberg.org/ebooks/38511.rdf', 'application/rdf+xml' );
INSERT INTO files ( gid, file, mime ) VALUES ( '38511', 'http://www.gutenberg.org/files/38511/38511-0.txt', 'text/plain; charset=utf-8' );
INSERT INTO files ( gid, file, mime ) VALUES ( '38511', 'http://www.gutenberg.org/files/38511/38511-0.zip', 'application/ziptext/plain; charset=utf-8' );
INSERT INTO files ( gid, file, mime ) VALUES ( '38511', 'http://www.gutenberg.org/files/38511/38511-8.txt', 'text/plain; charset=iso-8859-1' );
INSERT INTO files ( gid, file, mime ) VALUES ( '38511', 'http://www.gutenberg.org/files/38511/38511-8.zip', 'text/plain; charset=iso-8859-1application/zip' );
INSERT INTO files ( gid, file, mime ) VALUES ( '38511', 'http://www.gutenberg.org/files/38511/38511-h.zip', 'text/html; charset=iso-8859-1application/zip' );
INSERT INTO files ( gid, file, mime ) VALUES ( '38511', 'http://www.gutenberg.org/files/38511/38511-h/38511-h.htm', 'text/html; charset=iso-8859-1' );
INSERT INTO files ( gid, file, mime ) VALUES ( '38511', 'http://www.gutenberg.org/files/38511/38511.txt', 'text/plain; charset=us-ascii' );
INSERT INTO files ( gid, file, mime ) VALUES ( '38511', 'http://www.gutenberg.org/files/38511/38511.zip', 'text/plain; charset=us-asciiapplication/zip' );
INSERT INTO titles ( gid, title, author, language, rights ) VALUES ( '38711', 'Tragedy', 'Thorndike, Ashley Horace', 'en', 'Public domain in the USA.' );
INSERT INTO classifications ( gid, classification ) VALUES ( '38711', 'PR' );
INSERT INTO subjects ( gid, subject ) VALUES ( '38711', 'English drama (Tragedy) -- History and criticism' );
INSERT INTO files ( gid, file, mime ) VALUES ( '38711', 'http://www.gutenberg.org/ebooks/38711.epub.images', 'application/epub+zip' );
INSERT INTO files ( gid, file, mime ) VALUES ( '38711', 'http://www.gutenberg.org/ebooks/38711.epub.noimages', 'application/epub+zip' );
INSERT INTO files ( gid, file, mime ) VALUES ( '38711', 'http://www.gutenberg.org/ebooks/38711.kindle.images', 'application/x-mobipocket-ebook' );
INSERT INTO files ( gid, file, mime ) VALUES ( '38711', 'http://www.gutenberg.org/ebooks/38711.kindle.noimages', 'application/x-mobipocket-ebook' );
INSERT INTO files ( gid, file, mime ) VALUES ( '38711', 'http://www.gutenberg.org/ebooks/38711.rdf', 'application/rdf+xml' );
INSERT INTO files ( gid, file, mime ) VALUES ( '38711', 'http://www.gutenberg.org/ebooks/38711.txt.utf-8', 'text/plain' );
INSERT INTO files ( gid, file, mime ) VALUES ( '38711', 'http://www.gutenberg.org/files/38711/38711-8.txt', 'text/plain; charset=iso-8859-1' );
INSERT INTO files ( gid, file, mime ) VALUES ( '38711', 'http://www.gutenberg.org/files/38711/38711-8.zip', 'application/ziptext/plain; charset=iso-8859-1' );
INSERT INTO files ( gid, file, mime ) VALUES ( '38711', 'http://www.gutenberg.org/files/38711/38711-h.zip', 'text/html; charset=iso-8859-1application/zip' );
INSERT INTO files ( gid, file, mime ) VALUES ( '38711', 'http://www.gutenberg.org/files/38711/38711-h/38711-h.htm', 'text/html; charset=iso-8859-1' );
INSERT INTO files ( gid, file, mime ) VALUES ( '38711', 'http://www.gutenberg.org/files/38711/38711.txt', 'text/plain; charset=us-ascii' );
INSERT INTO files ( gid, file, mime ) VALUES ( '38711', 'http://www.gutenberg.org/files/38711/38711.zip', 'application/ziptext/plain; charset=us-ascii' );
INSERT INTO titles ( gid, title, author, language, rights ) VALUES ( '38611', 'The Brighton Road: The Classic Highway to the South', 'Harper, Charles G. (Charles George)', 'en', 'Public domain in the USA.' );
INSERT INTO classifications ( gid, classification ) VALUES ( '38611', 'DA' );
INSERT INTO subjects ( gid, subject ) VALUES ( '38611', 'England -- Social life and customs' );
INSERT INTO subjects ( gid, subject ) VALUES ( '38611', 'Brighton Road (London, England)' );
INSERT INTO subjects ( gid, subject ) VALUES ( '38611', 'England -- Description and travel' );
INSERT INTO files ( gid, file, mime ) VALUES ( '38611', 'http://www.gutenberg.org/cache/epub/38611/pg38611.cover.medium.jpg', 'image/jpeg' );
INSERT INTO files ( gid, file, mime ) VALUES ( '38611', 'http://www.gutenberg.org/cache/epub/38611/pg38611.cover.small.jpg', 'image/jpeg' );
INSERT INTO files ( gid, file, mime ) VALUES ( '38611', 'http://www.gutenberg.org/ebooks/38611.epub.images', 'application/epub+zip' );
INSERT INTO files ( gid, file, mime ) VALUES ( '38611', 'http://www.gutenberg.org/ebooks/38611.epub.noimages', 'application/epub+zip' );
INSERT INTO files ( gid, file, mime ) VALUES ( '38611', 'http://www.gutenberg.org/ebooks/38611.kindle.images', 'application/x-mobipocket-ebook' );
INSERT INTO files ( gid, file, mime ) VALUES ( '38611', 'http://www.gutenberg.org/ebooks/38611.kindle.noimages', 'application/x-mobipocket-ebook' );
INSERT INTO files ( gid, file, mime ) VALUES ( '38611', 'http://www.gutenberg.org/ebooks/38611.rdf', 'application/rdf+xml' );
INSERT INTO files ( gid, file, mime ) VALUES ( '38611', 'http://www.gutenberg.org/ebooks/38611.txt.utf-8', 'text/plain' );
INSERT INTO files ( gid, file, mime ) VALUES ( '38611', 'http://www.gutenberg.org/files/38611/38611-8.txt', 'text/plain; charset=iso-8859-1' );
INSERT INTO files ( gid, file, mime ) VALUES ( '38611', 'http://www.gutenberg.org/files/38611/38611-8.zip', 'text/plain; charset=iso-8859-1application/zip' );
INSERT INTO files ( gid, file, mime ) VALUES ( '38611', 'http://www.gutenberg.org/files/38611/38611-h.zip', 'text/html; charset=iso-8859-1application/zip' );
INSERT INTO files ( gid, file, mime ) VALUES ( '38611', 'http://www.gutenberg.org/files/38611/38611-h/38611-h.htm', 'text/html; charset=iso-8859-1' );
INSERT INTO files ( gid, file, mime ) VALUES ( '38611', 'http://www.gutenberg.org/files/38611/38611.txt', 'text/plain; charset=us-ascii' );
INSERT INTO files ( gid, file, mime ) VALUES ( '38611', 'http://www.gutenberg.org/files/38611/38611.zip', 'text/plain; charset=us-asciiapplication/zip' );
INSERT INTO titles ( gid, title, author, language, rights ) VALUES ( '38811', 'The Works of Robert G. Ingersoll, Vol. 11 (of 12) Dresden Edition—Miscellany', 'Ingersoll, Robert Green', 'en', 'Public domain in the USA.' );
INSERT INTO classifications ( gid, classification ) VALUES ( '38811', 'BL' );
INSERT INTO subjects ( gid, subject ) VALUES ( '38811', 'Free thought' );
INSERT INTO files ( gid, file, mime ) VALUES ( '38811', 'http://www.gutenberg.org/cache/epub/38811/pg38811.cover.medium.jpg', 'image/jpeg' );
INSERT INTO files ( gid, file, mime ) VALUES ( '38811', 'http://www.gutenberg.org/cache/epub/38811/pg38811.cover.small.jpg', 'image/jpeg' );
INSERT INTO files ( gid, file, mime ) VALUES ( '38811', 'http://www.gutenberg.org/ebooks/38811.epub.images', 'application/epub+zip' );
INSERT INTO files ( gid, file, mime ) VALUES ( '38811', 'http://www.gutenberg.org/ebooks/38811.epub.noimages', 'application/epub+zip' );
INSERT INTO files ( gid, file, mime ) VALUES ( '38811', 'http://www.gutenberg.org/ebooks/38811.kindle.images', 'application/x-mobipocket-ebook' );
INSERT INTO files ( gid, file, mime ) VALUES ( '38811', 'http://www.gutenberg.org/ebooks/38811.kindle.noimages', 'application/x-mobipocket-ebook' );
INSERT INTO files ( gid, file, mime ) VALUES ( '38811', 'http://www.gutenberg.org/ebooks/38811.rdf', 'application/rdf+xml' );
INSERT INTO files ( gid, file, mime ) VALUES ( '38811', 'http://www.gutenberg.org/ebooks/38811.txt.utf-8', 'text/plain' );
INSERT INTO files ( gid, file, mime ) VALUES ( '38811', 'http://www.gutenberg.org/files/38811/38811-8.txt', 'text/plain; charset=iso-8859-1' );
INSERT INTO files ( gid, file, mime ) VALUES ( '38811', 'http://www.gutenberg.org/files/38811/38811-8.zip', 'application/ziptext/plain; charset=iso-8859-1' );
INSERT INTO files ( gid, file, mime ) VALUES ( '38811', 'http://www.gutenberg.org/files/38811/38811-h.zip', 'text/html; charset=us-asciiapplication/zip' );
INSERT INTO files ( gid, file, mime ) VALUES ( '38811', 'http://www.gutenberg.org/files/38811/38811-h/38811-h.htm', 'text/html; charset=us-ascii' );
INSERT INTO files ( gid, file, mime ) VALUES ( '38811', 'http://www.gutenberg.org/files/38811/38811.txt', 'text/plain; charset=us-ascii' );
INSERT INTO files ( gid, file, mime ) VALUES ( '38811', 'http://www.gutenberg.org/files/38811/38811.zip', 'text/plain; charset=us-asciiapplication/zip' );
INSERT INTO titles ( gid, title, author, language, rights ) VALUES ( '38911', 'For the Cause', 'Weyman, Stanley John', 'en', 'Public domain in the USA.' );
INSERT INTO classifications ( gid, classification ) VALUES ( '38911', 'PR' );
INSERT INTO subjects ( gid, subject ) VALUES ( '38911', 'Clergy -- England -- Fiction' );
INSERT INTO subjects ( gid, subject ) VALUES ( '38911', 'England -- Social life and customs -- 19th century -- Fiction' );
INSERT INTO subjects ( gid, subject ) VALUES ( '38911', 'France -- History -- Henry IV, 1589-1610 -- Fiction' );
INSERT INTO subjects ( gid, subject ) VALUES ( '38911', 'Short stories, English' );
INSERT INTO files ( gid, file, mime ) VALUES ( '38911', 'http://www.gutenberg.org/ebooks/38911.epub.images', 'application/epub+zip' );
INSERT INTO files ( gid, file, mime ) VALUES ( '38911', 'http://www.gutenberg.org/ebooks/38911.epub.noimages', 'application/epub+zip' );
INSERT INTO files ( gid, file, mime ) VALUES ( '38911', 'http://www.gutenberg.org/ebooks/38911.kindle.images', 'application/x-mobipocket-ebook' );
INSERT INTO files ( gid, file, mime ) VALUES ( '38911', 'http://www.gutenberg.org/ebooks/38911.kindle.noimages', 'application/x-mobipocket-ebook' );
INSERT INTO files ( gid, file, mime ) VALUES ( '38911', 'http://www.gutenberg.org/ebooks/38911.rdf', 'application/rdf+xml' );
INSERT INTO files ( gid, file, mime ) VALUES ( '38911', 'http://www.gutenberg.org/ebooks/38911.txt.utf-8', 'text/plain' );
INSERT INTO files ( gid, file, mime ) VALUES ( '38911', 'http://www.gutenberg.org/files/38911/38911-8.txt', 'text/plain; charset=iso-8859-1' );
INSERT INTO files ( gid, file, mime ) VALUES ( '38911', 'http://www.gutenberg.org/files/38911/38911-8.zip', 'application/ziptext/plain; charset=iso-8859-1' );
INSERT INTO files ( gid, file, mime ) VALUES ( '38911', 'http://www.gutenberg.org/files/38911/38911-h.zip', 'text/html; charset=iso-8859-1application/zip' );
INSERT INTO files ( gid, file, mime ) VALUES ( '38911', 'http://www.gutenberg.org/files/38911/38911-h/38911-h.htm', 'text/html; charset=iso-8859-1' );
INSERT INTO files ( gid, file, mime ) VALUES ( '38911', 'http://www.gutenberg.org/files/38911/38911.txt', 'text/plain; charset=us-ascii' );
INSERT INTO files ( gid, file, mime ) VALUES ( '38911', 'http://www.gutenberg.org/files/38911/38911.zip', 'application/ziptext/plain; charset=us-ascii' );
INSERT INTO titles ( gid, title, author, language, rights ) VALUES ( '39011', 'Disease in Plants', 'Ward, H. Marshall (Harry Marshall)', 'en', 'Public domain in the USA.' );
INSERT INTO classifications ( gid, classification ) VALUES ( '39011', 'SB' );
INSERT INTO subjects ( gid, subject ) VALUES ( '39011', 'Plant diseases' );
INSERT INTO files ( gid, file, mime ) VALUES ( '39011', 'http://www.gutenberg.org/ebooks/39011.epub.images', 'application/epub+zip' );
INSERT INTO files ( gid, file, mime ) VALUES ( '39011', 'http://www.gutenberg.org/ebooks/39011.epub.noimages', 'application/epub+zip' );
INSERT INTO files ( gid, file, mime ) VALUES ( '39011', 'http://www.gutenberg.org/ebooks/39011.kindle.images', 'application/x-mobipocket-ebook' );
INSERT INTO files ( gid, file, mime ) VALUES ( '39011', 'http://www.gutenberg.org/ebooks/39011.kindle.noimages', 'application/x-mobipocket-ebook' );
INSERT INTO files ( gid, file, mime ) VALUES ( '39011', 'http://www.gutenberg.org/ebooks/39011.rdf', 'application/rdf+xml' );
INSERT INTO files ( gid, file, mime ) VALUES ( '39011', 'http://www.gutenberg.org/ebooks/39011.txt.utf-8', 'text/plain' );
INSERT INTO files ( gid, file, mime ) VALUES ( '39011', 'http://www.gutenberg.org/files/39011/39011-8.txt', 'text/plain; charset=iso-8859-1' );
INSERT INTO files ( gid, file, mime ) VALUES ( '39011', 'http://www.gutenberg.org/files/39011/39011-8.zip', 'application/ziptext/plain; charset=iso-8859-1' );
INSERT INTO files ( gid, file, mime ) VALUES ( '39011', 'http://www.gutenberg.org/files/39011/39011-h.zip', 'application/ziptext/html; charset=utf-8' );
INSERT INTO files ( gid, file, mime ) VALUES ( '39011', 'http://www.gutenberg.org/files/39011/39011-h/39011-h.htm', 'text/html; charset=utf-8' );
INSERT INTO files ( gid, file, mime ) VALUES ( '39011', 'http://www.gutenberg.org/files/39011/39011.txt', 'text/plain; charset=us-ascii' );
INSERT INTO files ( gid, file, mime ) VALUES ( '39011', 'http://www.gutenberg.org/files/39011/39011.zip', 'application/ziptext/plain; charset=us-ascii' );
INSERT INTO titles ( gid, title, author, language, rights ) VALUES ( '39111', 'Miser Farebrother: A Novel (vol. 1 of 3)', 'Farjeon, B. L. (Benjamin Leopold)', 'en', 'Public domain in the USA.' );
INSERT INTO classifications ( gid, classification ) VALUES ( '39111', 'PR' );
INSERT INTO subjects ( gid, subject ) VALUES ( '39111', 'Fiction' );
INSERT INTO files ( gid, file, mime ) VALUES ( '39111', 'http://www.gutenberg.org/cache/epub/39111/pg39111.cover.medium.jpg', 'image/jpeg' );
INSERT INTO files ( gid, file, mime ) VALUES ( '39111', 'http://www.gutenberg.org/cache/epub/39111/pg39111.cover.small.jpg', 'image/jpeg' );
INSERT INTO files ( gid, file, mime ) VALUES ( '39111', 'http://www.gutenberg.org/ebooks/39111.epub.images', 'application/epub+zip' );
INSERT INTO files ( gid, file, mime ) VALUES ( '39111', 'http://www.gutenberg.org/ebooks/39111.epub.noimages', 'application/epub+zip' );
INSERT INTO files ( gid, file, mime ) VALUES ( '39111', 'http://www.gutenberg.org/ebooks/39111.kindle.images', 'application/x-mobipocket-ebook' );
INSERT INTO files ( gid, file, mime ) VALUES ( '39111', 'http://www.gutenberg.org/ebooks/39111.kindle.noimages', 'application/x-mobipocket-ebook' );
INSERT INTO files ( gid, file, mime ) VALUES ( '39111', 'http://www.gutenberg.org/ebooks/39111.rdf', 'application/rdf+xml' );
INSERT INTO files ( gid, file, mime ) VALUES ( '39111', 'http://www.gutenberg.org/ebooks/39111.txt.utf-8', 'text/plain' );
INSERT INTO files ( gid, file, mime ) VALUES ( '39111', 'http://www.gutenberg.org/files/39111/39111-h.zip', 'application/ziptext/html; charset=utf-8' );
INSERT INTO files ( gid, file, mime ) VALUES ( '39111', 'http://www.gutenberg.org/files/39111/39111-h/39111-h.htm', 'text/html; charset=utf-8' );
INSERT INTO files ( gid, file, mime ) VALUES ( '39111', 'http://www.gutenberg.org/files/39111/39111.txt', 'text/plain; charset=us-ascii' );
INSERT INTO files ( gid, file, mime ) VALUES ( '39111', 'http://www.gutenberg.org/files/39111/39111.zip', 'text/plain; charset=us-asciiapplication/zip' );
INSERT INTO titles ( gid, title, author, language, rights ) VALUES ( '3911', 'The Confessions of Jean Jacques Rousseau — Volume 11', 'Rousseau, Jean-Jacques', 'en', 'Public domain in the USA.' );
INSERT INTO classifications ( gid, classification ) VALUES ( '3911', 'PQ' );
INSERT INTO subjects ( gid, subject ) VALUES ( '3911', 'Authors, French -- 18th century -- Biography' );
INSERT INTO subjects ( gid, subject ) VALUES ( '3911', 'Rousseau, Jean-Jacques, 1712-1778' );
INSERT INTO files ( gid, file, mime ) VALUES ( '3911', 'http://www.gutenberg.org/ebooks/3911.epub.images', 'application/epub+zip' );
INSERT INTO files ( gid, file, mime ) VALUES ( '3911', 'http://www.gutenberg.org/ebooks/3911.epub.noimages', 'application/epub+zip' );
INSERT INTO files ( gid, file, mime ) VALUES ( '3911', 'http://www.gutenberg.org/ebooks/3911.html.images', 'text/html' );
INSERT INTO files ( gid, file, mime ) VALUES ( '3911', 'http://www.gutenberg.org/ebooks/3911.html.noimages', 'text/html' );
INSERT INTO files ( gid, file, mime ) VALUES ( '3911', 'http://www.gutenberg.org/ebooks/3911.kindle.images', 'application/x-mobipocket-ebook' );
INSERT INTO files ( gid, file, mime ) VALUES ( '3911', 'http://www.gutenberg.org/ebooks/3911.kindle.noimages', 'application/x-mobipocket-ebook' );
INSERT INTO files ( gid, file, mime ) VALUES ( '3911', 'http://www.gutenberg.org/ebooks/3911.rdf', 'application/rdf+xml' );
INSERT INTO files ( gid, file, mime ) VALUES ( '3911', 'http://www.gutenberg.org/ebooks/3911.txt.utf-8', 'text/plain' );
INSERT INTO files ( gid, file, mime ) VALUES ( '3911', 'http://www.gutenberg.org/files/3911/3911.txt', 'text/plain; charset=us-ascii' );
INSERT INTO files ( gid, file, mime ) VALUES ( '3911', 'http://www.gutenberg.org/files/3911/3911.zip', 'application/ziptext/plain; charset=us-ascii' );
INSERT INTO titles ( gid, title, author, language, rights ) VALUES ( '39211', 'Piano Playing, with Piano Questions Answered', 'Hofmann, Josef', 'en', 'Public domain in the USA.' );
INSERT INTO classifications ( gid, classification ) VALUES ( '39211', 'MT' );
INSERT INTO subjects ( gid, subject ) VALUES ( '39211', 'Piano -- Instruction and study' );
INSERT INTO files ( gid, file, mime ) VALUES ( '39211', 'http://www.gutenberg.org/ebooks/39211.epub.images', 'application/epub+zip' );
INSERT INTO files ( gid, file, mime ) VALUES ( '39211', 'http://www.gutenberg.org/ebooks/39211.epub.noimages', 'application/epub+zip' );
INSERT INTO files ( gid, file, mime ) VALUES ( '39211', 'http://www.gutenberg.org/ebooks/39211.kindle.images', 'application/x-mobipocket-ebook' );
INSERT INTO files ( gid, file, mime ) VALUES ( '39211', 'http://www.gutenberg.org/ebooks/39211.kindle.noimages', 'application/x-mobipocket-ebook' );
INSERT INTO files ( gid, file, mime ) VALUES ( '39211', 'http://www.gutenberg.org/ebooks/39211.rdf', 'application/rdf+xml' );
INSERT INTO files ( gid, file, mime ) VALUES ( '39211', 'http://www.gutenberg.org/ebooks/39211.txt.utf-8', 'text/plain' );
INSERT INTO files ( gid, file, mime ) VALUES ( '39211', 'http://www.gutenberg.org/files/39211/39211-8.txt', 'text/plain; charset=iso-8859-1' );
INSERT INTO files ( gid, file, mime ) VALUES ( '39211', 'http://www.gutenberg.org/files/39211/39211-8.zip', 'application/ziptext/plain; charset=iso-8859-1' );
INSERT INTO files ( gid, file, mime ) VALUES ( '39211', 'http://www.gutenberg.org/files/39211/39211-h.zip', 'text/html; charset=iso-8859-1application/zip' );
INSERT INTO files ( gid, file, mime ) VALUES ( '39211', 'http://www.gutenberg.org/files/39211/39211-h/39211-h.htm', 'text/html; charset=iso-8859-1' );
INSERT INTO files ( gid, file, mime ) VALUES ( '39211', 'http://www.gutenberg.org/files/39211/39211.txt', 'text/plain; charset=us-ascii' );
INSERT INTO files ( gid, file, mime ) VALUES ( '39211', 'http://www.gutenberg.org/files/39211/39211.zip', 'application/ziptext/plain; charset=us-ascii' );
INSERT INTO titles ( gid, title, author, language, rights ) VALUES ( '39311', 'Les mystères du peuple, Tome V Histoire d''une famille de prolétaires à travers les âges', 'Sue, Eugène', 'fr', 'Public domain in the USA.' );
INSERT INTO classifications ( gid, classification ) VALUES ( '39311', 'PQ' );
INSERT INTO subjects ( gid, subject ) VALUES ( '39311', 'France -- History -- Fiction' );
INSERT INTO files ( gid, file, mime ) VALUES ( '39311', 'http://www.gutenberg.org/ebooks/39311.epub.images', 'application/epub+zip' );
INSERT INTO files ( gid, file, mime ) VALUES ( '39311', 'http://www.gutenberg.org/ebooks/39311.epub.noimages', 'application/epub+zip' );
INSERT INTO files ( gid, file, mime ) VALUES ( '39311', 'http://www.gutenberg.org/ebooks/39311.kindle.images', 'application/x-mobipocket-ebook' );
INSERT INTO files ( gid, file, mime ) VALUES ( '39311', 'http://www.gutenberg.org/ebooks/39311.kindle.noimages', 'application/x-mobipocket-ebook' );
INSERT INTO files ( gid, file, mime ) VALUES ( '39311', 'http://www.gutenberg.org/ebooks/39311.rdf', 'application/rdf+xml' );
INSERT INTO files ( gid, file, mime ) VALUES ( '39311', 'http://www.gutenberg.org/ebooks/39311.txt.utf-8', 'text/plain' );
INSERT INTO files ( gid, file, mime ) VALUES ( '39311', 'http://www.gutenberg.org/files/39311/39311-8.txt', 'text/plain; charset=iso-8859-1' );
INSERT INTO files ( gid, file, mime ) VALUES ( '39311', 'http://www.gutenberg.org/files/39311/39311-8.zip', 'application/ziptext/plain; charset=iso-8859-1' );
INSERT INTO files ( gid, file, mime ) VALUES ( '39311', 'http://www.gutenberg.org/files/39311/39311-h.zip', 'application/ziptext/html; charset=iso-8859-1' );
INSERT INTO files ( gid, file, mime ) VALUES ( '39311', 'http://www.gutenberg.org/files/39311/39311-h/39311-h.htm', 'text/html; charset=iso-8859-1' );
INSERT INTO titles ( gid, title, author, language, rights ) VALUES ( '39411', 'Henry of Guise; or, The States of Blois (Vol. 1 of 3)', 'James, G. P. R. (George Payne Rainsford)', 'en', 'Public domain in the USA.' );
INSERT INTO classifications ( gid, classification ) VALUES ( '39411', 'PR' );
INSERT INTO subjects ( gid, subject ) VALUES ( '39411', 'Guise, Henri, duc de, 1550-1588 -- Fiction' );
INSERT INTO files ( gid, file, mime ) VALUES ( '39411', 'http://www.gutenberg.org/ebooks/39411.epub.images', 'application/epub+zip' );
INSERT INTO files ( gid, file, mime ) VALUES ( '39411', 'http://www.gutenberg.org/ebooks/39411.epub.noimages', 'application/epub+zip' );
INSERT INTO files ( gid, file, mime ) VALUES ( '39411', 'http://www.gutenberg.org/ebooks/39411.kindle.images', 'application/x-mobipocket-ebook' );
INSERT INTO files ( gid, file, mime ) VALUES ( '39411', 'http://www.gutenberg.org/ebooks/39411.kindle.noimages', 'application/x-mobipocket-ebook' );
INSERT INTO files ( gid, file, mime ) VALUES ( '39411', 'http://www.gutenberg.org/ebooks/39411.rdf', 'application/rdf+xml' );
INSERT INTO files ( gid, file, mime ) VALUES ( '39411', 'http://www.gutenberg.org/ebooks/39411.txt.utf-8', 'text/plain' );
INSERT INTO files ( gid, file, mime ) VALUES ( '39411', 'http://www.gutenberg.org/files/39411/39411-8.txt', 'text/plain; charset=iso-8859-1' );
INSERT INTO files ( gid, file, mime ) VALUES ( '39411', 'http://www.gutenberg.org/files/39411/39411-8.zip', 'application/ziptext/plain; charset=iso-8859-1' );
INSERT INTO files ( gid, file, mime ) VALUES ( '39411', 'http://www.gutenberg.org/files/39411/39411-h.zip', 'application/ziptext/html; charset=iso-8859-1' );
INSERT INTO files ( gid, file, mime ) VALUES ( '39411', 'http://www.gutenberg.org/files/39411/39411-h/39411-h.htm', 'text/html; charset=iso-8859-1' );
INSERT INTO files ( gid, file, mime ) VALUES ( '39411', 'http://www.gutenberg.org/files/39411/39411.txt', 'text/plain; charset=us-ascii' );
INSERT INTO files ( gid, file, mime ) VALUES ( '39411', 'http://www.gutenberg.org/files/39411/39411.zip', 'application/ziptext/plain; charset=us-ascii' );
INSERT INTO titles ( gid, title, author, language, rights ) VALUES ( '39511', 'The Psychological Origin and the Nature of Religion', 'Leuba, James H. (James Henry)', 'en', 'Public domain in the USA.' );
INSERT INTO classifications ( gid, classification ) VALUES ( '39511', 'BL' );
INSERT INTO subjects ( gid, subject ) VALUES ( '39511', 'Psychology, Religious' );
INSERT INTO subjects ( gid, subject ) VALUES ( '39511', 'Magic' );
INSERT INTO files ( gid, file, mime ) VALUES ( '39511', 'http://www.gutenberg.org/ebooks/39511.epub.images', 'application/epub+zip' );
INSERT INTO files ( gid, file, mime ) VALUES ( '39511', 'http://www.gutenberg.org/ebooks/39511.epub.noimages', 'application/epub+zip' );
INSERT INTO files ( gid, file, mime ) VALUES ( '39511', 'http://www.gutenberg.org/ebooks/39511.kindle.images', 'application/x-mobipocket-ebook' );
INSERT INTO files ( gid, file, mime ) VALUES ( '39511', 'http://www.gutenberg.org/ebooks/39511.kindle.noimages', 'application/x-mobipocket-ebook' );
INSERT INTO files ( gid, file, mime ) VALUES ( '39511', 'http://www.gutenberg.org/ebooks/39511.rdf', 'application/rdf+xml' );
INSERT INTO files ( gid, file, mime ) VALUES ( '39511', 'http://www.gutenberg.org/ebooks/39511.txt.utf-8', 'text/plain' );
INSERT INTO files ( gid, file, mime ) VALUES ( '39511', 'http://www.gutenberg.org/files/39511/39511-8.txt', 'text/plain; charset=iso-8859-1' );
INSERT INTO files ( gid, file, mime ) VALUES ( '39511', 'http://www.gutenberg.org/files/39511/39511-8.zip', 'application/ziptext/plain; charset=iso-8859-1' );
INSERT INTO files ( gid, file, mime ) VALUES ( '39511', 'http://www.gutenberg.org/files/39511/39511-h.zip', 'application/ziptext/html; charset=iso-8859-1' );
INSERT INTO files ( gid, file, mime ) VALUES ( '39511', 'http://www.gutenberg.org/files/39511/39511-h/39511-h.htm', 'text/html; charset=iso-8859-1' );
INSERT INTO files ( gid, file, mime ) VALUES ( '39511', 'http://www.gutenberg.org/files/39511/39511.txt', 'text/plain; charset=us-ascii' );
INSERT INTO files ( gid, file, mime ) VALUES ( '39511', 'http://www.gutenberg.org/files/39511/39511.zip', 'application/ziptext/plain; charset=us-ascii' );
INSERT INTO titles ( gid, title, author, language, rights ) VALUES ( '39611', 'Mortomley''s Estate: A Novel. Vol. 1 (of 3)', 'Riddell, J. H., Mrs.', 'en', 'Public domain in the USA.' );
INSERT INTO classifications ( gid, classification ) VALUES ( '39611', 'PR' );
INSERT INTO subjects ( gid, subject ) VALUES ( '39611', 'England -- Fiction' );
INSERT INTO subjects ( gid, subject ) VALUES ( '39611', 'Bankruptcy -- Fiction' );
INSERT INTO files ( gid, file, mime ) VALUES ( '39611', 'http://www.gutenberg.org/ebooks/39611.epub.images', 'application/epub+zip' );
INSERT INTO files ( gid, file, mime ) VALUES ( '39611', 'http://www.gutenberg.org/ebooks/39611.epub.noimages', 'application/epub+zip' );
INSERT INTO files ( gid, file, mime ) VALUES ( '39611', 'http://www.gutenberg.org/ebooks/39611.kindle.images', 'application/x-mobipocket-ebook' );
INSERT INTO files ( gid, file, mime ) VALUES ( '39611', 'http://www.gutenberg.org/ebooks/39611.kindle.noimages', 'application/x-mobipocket-ebook' );
INSERT INTO files ( gid, file, mime ) VALUES ( '39611', 'http://www.gutenberg.org/ebooks/39611.rdf', 'application/rdf+xml' );
INSERT INTO files ( gid, file, mime ) VALUES ( '39611', 'http://www.gutenberg.org/ebooks/39611.txt.utf-8', 'text/plain' );
INSERT INTO files ( gid, file, mime ) VALUES ( '39611', 'http://www.gutenberg.org/files/39611/39611-8.txt', 'text/plain; charset=iso-8859-1' );
INSERT INTO files ( gid, file, mime ) VALUES ( '39611', 'http://www.gutenberg.org/files/39611/39611-8.zip', 'text/plain; charset=iso-8859-1application/zip' );
INSERT INTO files ( gid, file, mime ) VALUES ( '39611', 'http://www.gutenberg.org/files/39611/39611-h.zip', 'text/html; charset=iso-8859-1application/zip' );
INSERT INTO files ( gid, file, mime ) VALUES ( '39611', 'http://www.gutenberg.org/files/39611/39611-h/39611-h.htm', 'text/html; charset=iso-8859-1' );
INSERT INTO files ( gid, file, mime ) VALUES ( '39611', 'http://www.gutenberg.org/files/39611/39611.txt', 'text/plain; charset=us-ascii' );
INSERT INTO files ( gid, file, mime ) VALUES ( '39611', 'http://www.gutenberg.org/files/39611/39611.zip', 'text/plain; charset=us-asciiapplication/zip' );
INSERT INTO titles ( gid, title, author, language, rights ) VALUES ( '39711', 'Constitutional History of England, Henry VII to George II. Volume 1 of 3', 'Hallam, Henry', 'en', 'Public domain in the USA.' );
INSERT INTO classifications ( gid, classification ) VALUES ( '39711', 'JN' );
INSERT INTO subjects ( gid, subject ) VALUES ( '39711', 'Constitutional history -- Great Britain' );
INSERT INTO files ( gid, file, mime ) VALUES ( '39711', 'http://www.gutenberg.org/cache/epub/39711/pg39711.cover.medium.jpg', 'image/jpeg' );
INSERT INTO files ( gid, file, mime ) VALUES ( '39711', 'http://www.gutenberg.org/cache/epub/39711/pg39711.cover.small.jpg', 'image/jpeg' );
INSERT INTO files ( gid, file, mime ) VALUES ( '39711', 'http://www.gutenberg.org/ebooks/39711.epub.images', 'application/epub+zip' );
INSERT INTO files ( gid, file, mime ) VALUES ( '39711', 'http://www.gutenberg.org/ebooks/39711.epub.noimages', 'application/epub+zip' );
INSERT INTO files ( gid, file, mime ) VALUES ( '39711', 'http://www.gutenberg.org/ebooks/39711.kindle.images', 'application/x-mobipocket-ebook' );
INSERT INTO files ( gid, file, mime ) VALUES ( '39711', 'http://www.gutenberg.org/ebooks/39711.kindle.noimages', 'application/x-mobipocket-ebook' );
INSERT INTO files ( gid, file, mime ) VALUES ( '39711', 'http://www.gutenberg.org/ebooks/39711.rdf', 'application/rdf+xml' );
INSERT INTO files ( gid, file, mime ) VALUES ( '39711', 'http://www.gutenberg.org/ebooks/39711.txt.utf-8', 'text/plain' );
INSERT INTO files ( gid, file, mime ) VALUES ( '39711', 'http://www.gutenberg.org/files/39711/39711-8.txt', 'text/plain; charset=iso-8859-1' );
INSERT INTO files ( gid, file, mime ) VALUES ( '39711', 'http://www.gutenberg.org/files/39711/39711-8.zip', 'text/plain; charset=iso-8859-1application/zip' );
INSERT INTO files ( gid, file, mime ) VALUES ( '39711', 'http://www.gutenberg.org/files/39711/39711-h.zip', 'text/html; charset=iso-8859-1application/zip' );
INSERT INTO files ( gid, file, mime ) VALUES ( '39711', 'http://www.gutenberg.org/files/39711/39711-h/39711-h.htm', 'text/html; charset=iso-8859-1' );
INSERT INTO files ( gid, file, mime ) VALUES ( '39711', 'http://www.gutenberg.org/files/39711/39711.txt', 'text/plain; charset=us-ascii' );
INSERT INTO files ( gid, file, mime ) VALUES ( '39711', 'http://www.gutenberg.org/files/39711/39711.zip', 'text/plain; charset=us-asciiapplication/zip' );
INSERT INTO titles ( gid, title, author, language, rights ) VALUES ( '39811', 'Leçons d''histoire, prononcées à l''École normale; en l''an III de la République Française; Histoire de Samuel, inventeur du sacre des rois; État physique de la Corse.', 'Volney, C.-F. (Constantin-François)', 'fr', 'Public domain in the USA.' );
INSERT INTO classifications ( gid, classification ) VALUES ( '39811', 'D' );
INSERT INTO subjects ( gid, subject ) VALUES ( '39811', 'History' );
INSERT INTO subjects ( gid, subject ) VALUES ( '39811', 'History -- Study and teaching' );
INSERT INTO subjects ( gid, subject ) VALUES ( '39811', 'History -- Study and teaching -- France -- History -- 18th century' );
INSERT INTO subjects ( gid, subject ) VALUES ( '39811', 'École normale de l''an III (France)' );
INSERT INTO subjects ( gid, subject ) VALUES ( '39811', 'History -- Philosophy' );
INSERT INTO files ( gid, file, mime ) VALUES ( '39811', 'http://www.gutenberg.org/cache/epub/39811/pg39811.cover.medium.jpg', 'image/jpeg' );
INSERT INTO files ( gid, file, mime ) VALUES ( '39811', 'http://www.gutenberg.org/cache/epub/39811/pg39811.cover.small.jpg', 'image/jpeg' );
INSERT INTO files ( gid, file, mime ) VALUES ( '39811', 'http://www.gutenberg.org/ebooks/39811.epub.images', 'application/epub+zip' );
INSERT INTO files ( gid, file, mime ) VALUES ( '39811', 'http://www.gutenberg.org/ebooks/39811.epub.noimages', 'application/epub+zip' );
INSERT INTO files ( gid, file, mime ) VALUES ( '39811', 'http://www.gutenberg.org/ebooks/39811.kindle.images', 'application/x-mobipocket-ebook' );
INSERT INTO files ( gid, file, mime ) VALUES ( '39811', 'http://www.gutenberg.org/ebooks/39811.kindle.noimages', 'application/x-mobipocket-ebook' );
INSERT INTO files ( gid, file, mime ) VALUES ( '39811', 'http://www.gutenberg.org/ebooks/39811.rdf', 'application/rdf+xml' );
INSERT INTO files ( gid, file, mime ) VALUES ( '39811', 'http://www.gutenberg.org/files/39811/39811-0.txt', 'text/plain; charset=utf-8' );
INSERT INTO files ( gid, file, mime ) VALUES ( '39811', 'http://www.gutenberg.org/files/39811/39811-0.zip', 'text/plain; charset=utf-8application/zip' );
INSERT INTO files ( gid, file, mime ) VALUES ( '39811', 'http://www.gutenberg.org/files/39811/39811-8.txt', 'text/plain; charset=iso-8859-1' );
INSERT INTO files ( gid, file, mime ) VALUES ( '39811', 'http://www.gutenberg.org/files/39811/39811-8.zip', 'text/plain; charset=iso-8859-1application/zip' );
INSERT INTO files ( gid, file, mime ) VALUES ( '39811', 'http://www.gutenberg.org/files/39811/39811-h.zip', 'text/html; charset=utf-8application/zip' );
INSERT INTO files ( gid, file, mime ) VALUES ( '39811', 'http://www.gutenberg.org/files/39811/39811-h/39811-h.htm', 'text/html; charset=utf-8' );
INSERT INTO titles ( gid, title, author, language, rights ) VALUES ( '39911', 'The Army Mule, and Other War Sketches', 'Castle, Henry A. (Henry Anson)', 'en', 'Public domain in the USA.' );
INSERT INTO subjects ( gid, subject ) VALUES ( '39911', 'E456' );
INSERT INTO subjects ( gid, subject ) VALUES ( '39911', 'United States. Army -- Military life' );
INSERT INTO subjects ( gid, subject ) VALUES ( '39911', 'United States -- History -- Civil War, 1861-1865' );
INSERT INTO files ( gid, file, mime ) VALUES ( '39911', 'http://www.gutenberg.org/cache/epub/39911/pg39911.cover.medium.jpg', 'image/jpeg' );
INSERT INTO files ( gid, file, mime ) VALUES ( '39911', 'http://www.gutenberg.org/cache/epub/39911/pg39911.cover.small.jpg', 'image/jpeg' );
INSERT INTO files ( gid, file, mime ) VALUES ( '39911', 'http://www.gutenberg.org/ebooks/39911.epub.images', 'application/epub+zip' );
INSERT INTO files ( gid, file, mime ) VALUES ( '39911', 'http://www.gutenberg.org/ebooks/39911.epub.noimages', 'application/epub+zip' );
INSERT INTO files ( gid, file, mime ) VALUES ( '39911', 'http://www.gutenberg.org/ebooks/39911.kindle.images', 'application/x-mobipocket-ebook' );
INSERT INTO files ( gid, file, mime ) VALUES ( '39911', 'http://www.gutenberg.org/ebooks/39911.kindle.noimages', 'application/x-mobipocket-ebook' );
INSERT INTO files ( gid, file, mime ) VALUES ( '39911', 'http://www.gutenberg.org/ebooks/39911.rdf', 'application/rdf+xml' );
INSERT INTO files ( gid, file, mime ) VALUES ( '39911', 'http://www.gutenberg.org/ebooks/39911.txt.utf-8', 'text/plain' );
INSERT INTO files ( gid, file, mime ) VALUES ( '39911', 'http://www.gutenberg.org/files/39911/39911-8.txt', 'text/plain; charset=iso-8859-1' );
INSERT INTO files ( gid, file, mime ) VALUES ( '39911', 'http://www.gutenberg.org/files/39911/39911-8.zip', 'text/plain; charset=iso-8859-1application/zip' );
INSERT INTO files ( gid, file, mime ) VALUES ( '39911', 'http://www.gutenberg.org/files/39911/39911-h.zip', 'text/html; charset=iso-8859-1application/zip' );
INSERT INTO files ( gid, file, mime ) VALUES ( '39911', 'http://www.gutenberg.org/files/39911/39911-h/39911-h.htm', 'text/html; charset=iso-8859-1' );
INSERT INTO files ( gid, file, mime ) VALUES ( '39911', 'http://www.gutenberg.org/files/39911/39911.txt', 'text/plain; charset=us-ascii' );
INSERT INTO files ( gid, file, mime ) VALUES ( '39911', 'http://www.gutenberg.org/files/39911/39911.zip', 'text/plain; charset=us-asciiapplication/zip' );
INSERT INTO titles ( gid, title, author, language, rights ) VALUES ( '40011', 'L''Illustration, No. 0044, 30 Décembre 1843', 'Various', 'fr', 'Public domain in the USA.' );
INSERT INTO classifications ( gid, classification ) VALUES ( '40011', 'AP' );
INSERT INTO subjects ( gid, subject ) VALUES ( '40011', 'Illustrated periodicals -- France' );
INSERT INTO files ( gid, file, mime ) VALUES ( '40011', 'http://www.gutenberg.org/ebooks/40011.epub.images', 'application/epub+zip' );
INSERT INTO files ( gid, file, mime ) VALUES ( '40011', 'http://www.gutenberg.org/ebooks/40011.epub.noimages', 'application/epub+zip' );
INSERT INTO files ( gid, file, mime ) VALUES ( '40011', 'http://www.gutenberg.org/ebooks/40011.kindle.images', 'application/x-mobipocket-ebook' );
INSERT INTO files ( gid, file, mime ) VALUES ( '40011', 'http://www.gutenberg.org/ebooks/40011.kindle.noimages', 'application/x-mobipocket-ebook' );
INSERT INTO files ( gid, file, mime ) VALUES ( '40011', 'http://www.gutenberg.org/ebooks/40011.rdf', 'application/rdf+xml' );
INSERT INTO files ( gid, file, mime ) VALUES ( '40011', 'http://www.gutenberg.org/ebooks/40011.txt.utf-8', 'text/plain' );
INSERT INTO files ( gid, file, mime ) VALUES ( '40011', 'http://www.gutenberg.org/files/40011/40011-8.txt', 'text/plain; charset=iso-8859-1' );
INSERT INTO files ( gid, file, mime ) VALUES ( '40011', 'http://www.gutenberg.org/files/40011/40011-8.zip', 'text/plain; charset=iso-8859-1application/zip' );
INSERT INTO files ( gid, file, mime ) VALUES ( '40011', 'http://www.gutenberg.org/files/40011/40011-h.zip', 'application/ziptext/html; charset=iso-8859-1' );
INSERT INTO files ( gid, file, mime ) VALUES ( '40011', 'http://www.gutenberg.org/files/40011/40011-h/40011-h.htm', 'text/html; charset=iso-8859-1' );
INSERT INTO titles ( gid, title, author, language, rights ) VALUES ( '40111', 'In Silk Attire: A Novel', 'Black, William', 'en', 'Public domain in the USA.' );
INSERT INTO classifications ( gid, classification ) VALUES ( '40111', 'PR' );
INSERT INTO subjects ( gid, subject ) VALUES ( '40111', 'Fiction' );
INSERT INTO files ( gid, file, mime ) VALUES ( '40111', 'http://www.gutenberg.org/ebooks/40111.epub.images', 'application/epub+zip' );
INSERT INTO files ( gid, file, mime ) VALUES ( '40111', 'http://www.gutenberg.org/ebooks/40111.epub.noimages', 'application/epub+zip' );
INSERT INTO files ( gid, file, mime ) VALUES ( '40111', 'http://www.gutenberg.org/ebooks/40111.kindle.images', 'application/x-mobipocket-ebook' );
INSERT INTO files ( gid, file, mime ) VALUES ( '40111', 'http://www.gutenberg.org/ebooks/40111.kindle.noimages', 'application/x-mobipocket-ebook' );
INSERT INTO files ( gid, file, mime ) VALUES ( '40111', 'http://www.gutenberg.org/ebooks/40111.pdf.noimages', 'application/pdf' );
INSERT INTO files ( gid, file, mime ) VALUES ( '40111', 'http://www.gutenberg.org/ebooks/40111.rdf', 'application/rdf+xml' );
INSERT INTO files ( gid, file, mime ) VALUES ( '40111', 'http://www.gutenberg.org/ebooks/40111.rst.gen', 'text/x-rst' );
INSERT INTO files ( gid, file, mime ) VALUES ( '40111', 'http://www.gutenberg.org/files/40111/40111-0.txt', 'text/plain; charset=utf-8' );
INSERT INTO files ( gid, file, mime ) VALUES ( '40111', 'http://www.gutenberg.org/files/40111/40111-0.zip', 'application/ziptext/plain; charset=utf-8' );
INSERT INTO files ( gid, file, mime ) VALUES ( '40111', 'http://www.gutenberg.org/files/40111/40111-8.txt', 'text/plain; charset=iso-8859-1' );
INSERT INTO files ( gid, file, mime ) VALUES ( '40111', 'http://www.gutenberg.org/files/40111/40111-8.zip', 'text/plain; charset=iso-8859-1application/zip' );
INSERT INTO files ( gid, file, mime ) VALUES ( '40111', 'http://www.gutenberg.org/files/40111/40111-h.zip', 'text/html; charset=utf-8application/zip' );
INSERT INTO files ( gid, file, mime ) VALUES ( '40111', 'http://www.gutenberg.org/files/40111/40111-h/40111-h.html', 'text/html; charset=utf-8' );
INSERT INTO files ( gid, file, mime ) VALUES ( '40111', 'http://www.gutenberg.org/files/40111/40111-rst.zip', 'text/x-rstapplication/zip' );
INSERT INTO files ( gid, file, mime ) VALUES ( '40111', 'http://www.gutenberg.org/files/40111/40111-rst/40111-rst.rst', 'text/x-rst' );
INSERT INTO files ( gid, file, mime ) VALUES ( '40111', 'http://www.gutenberg.org/files/40111/40111.txt', 'text/plain; charset=us-ascii' );
INSERT INTO files ( gid, file, mime ) VALUES ( '40111', 'http://www.gutenberg.org/files/40111/40111.zip', 'application/ziptext/plain; charset=us-ascii' );
INSERT INTO titles ( gid, title, author, language, rights ) VALUES ( '4011', 'Epicoene; Or, The Silent Woman', 'Jonson, Ben', 'en', 'Public domain in the USA.' );
INSERT INTO classifications ( gid, classification ) VALUES ( '4011', 'PR' );
INSERT INTO subjects ( gid, subject ) VALUES ( '4011', 'Inheritance and succession -- Drama' );
INSERT INTO subjects ( gid, subject ) VALUES ( '4011', 'Married women -- Drama' );
INSERT INTO subjects ( gid, subject ) VALUES ( '4011', 'English drama (Comedy)' );
INSERT INTO subjects ( gid, subject ) VALUES ( '4011', 'Nephews -- Drama' );
INSERT INTO subjects ( gid, subject ) VALUES ( '4011', 'English drama -- 17th century' );
INSERT INTO subjects ( gid, subject ) VALUES ( '4011', 'Uncles -- Drama' );
INSERT INTO subjects ( gid, subject ) VALUES ( '4011', 'Comedies' );
INSERT INTO files ( gid, file, mime ) VALUES ( '4011', 'http://www.gutenberg.org/ebooks/4011.epub.images', 'application/epub+zip' );
INSERT INTO files ( gid, file, mime ) VALUES ( '4011', 'http://www.gutenberg.org/ebooks/4011.epub.noimages', 'application/epub+zip' );
INSERT INTO files ( gid, file, mime ) VALUES ( '4011', 'http://www.gutenberg.org/ebooks/4011.kindle.images', 'application/x-mobipocket-ebook' );
INSERT INTO files ( gid, file, mime ) VALUES ( '4011', 'http://www.gutenberg.org/ebooks/4011.kindle.noimages', 'application/x-mobipocket-ebook' );
INSERT INTO files ( gid, file, mime ) VALUES ( '4011', 'http://www.gutenberg.org/ebooks/4011.rdf', 'application/rdf+xml' );
INSERT INTO files ( gid, file, mime ) VALUES ( '4011', 'http://www.gutenberg.org/ebooks/4011.txt.utf-8', 'text/plain' );
INSERT INTO files ( gid, file, mime ) VALUES ( '4011', 'http://www.gutenberg.org/files/4011/4011-h.zip', 'text/html; charset=us-asciiapplication/zip' );
INSERT INTO files ( gid, file, mime ) VALUES ( '4011', 'http://www.gutenberg.org/files/4011/4011-h/4011-h.htm', 'text/html; charset=us-ascii' );
INSERT INTO files ( gid, file, mime ) VALUES ( '4011', 'http://www.gutenberg.org/files/4011/4011.txt', 'text/plain; charset=us-ascii' );
INSERT INTO files ( gid, file, mime ) VALUES ( '4011', 'http://www.gutenberg.org/files/4011/4011.zip', 'text/plain; charset=us-asciiapplication/zip' );
INSERT INTO titles ( gid, title, author, language, rights ) VALUES ( '40211', 'Church Reform The Only Means to That End, Stated in a Letter to Sir Robert Peel, Bart., First Lord of the Treasury', 'Carlile, Richard', 'en', 'Public domain in the USA.' );
INSERT INTO classifications ( gid, classification ) VALUES ( '40211', 'BL' );
INSERT INTO classifications ( gid, classification ) VALUES ( '40211', 'DA' );
INSERT INTO subjects ( gid, subject ) VALUES ( '40211', 'Rationalism' );
INSERT INTO subjects ( gid, subject ) VALUES ( '40211', 'Church and state -- Church of England' );
INSERT INTO subjects ( gid, subject ) VALUES ( '40211', 'Bible -- Criticism, interpretation, etc.' );
INSERT INTO files ( gid, file, mime ) VALUES ( '40211', 'http://www.gutenberg.org/ebooks/40211.epub.images', 'application/epub+zip' );
INSERT INTO files ( gid, file, mime ) VALUES ( '40211', 'http://www.gutenberg.org/ebooks/40211.epub.noimages', 'application/epub+zip' );
INSERT INTO files ( gid, file, mime ) VALUES ( '40211', 'http://www.gutenberg.org/ebooks/40211.kindle.images', 'application/x-mobipocket-ebook' );
INSERT INTO files ( gid, file, mime ) VALUES ( '40211', 'http://www.gutenberg.org/ebooks/40211.kindle.noimages', 'application/x-mobipocket-ebook' );
INSERT INTO files ( gid, file, mime ) VALUES ( '40211', 'http://www.gutenberg.org/ebooks/40211.rdf', 'application/rdf+xml' );
INSERT INTO files ( gid, file, mime ) VALUES ( '40211', 'http://www.gutenberg.org/ebooks/40211.txt.utf-8', 'text/plain' );
INSERT INTO files ( gid, file, mime ) VALUES ( '40211', 'http://www.gutenberg.org/files/40211/40211-8.txt', 'text/plain; charset=iso-8859-1' );
INSERT INTO files ( gid, file, mime ) VALUES ( '40211', 'http://www.gutenberg.org/files/40211/40211-8.zip', 'application/ziptext/plain; charset=iso-8859-1' );
INSERT INTO files ( gid, file, mime ) VALUES ( '40211', 'http://www.gutenberg.org/files/40211/40211-h.zip', 'application/ziptext/html; charset=iso-8859-1' );
INSERT INTO files ( gid, file, mime ) VALUES ( '40211', 'http://www.gutenberg.org/files/40211/40211-h/40211-h.htm', 'text/html; charset=iso-8859-1' );
INSERT INTO files ( gid, file, mime ) VALUES ( '40211', 'http://www.gutenberg.org/files/40211/40211.txt', 'text/plain; charset=us-ascii' );
INSERT INTO files ( gid, file, mime ) VALUES ( '40211', 'http://www.gutenberg.org/files/40211/40211.zip', 'application/ziptext/plain; charset=us-ascii' );
INSERT INTO titles ( gid, title, author, language, rights ) VALUES ( '40311', 'China and Pottery Marks', 'Unknown', 'en', 'Public domain in the USA.' );
INSERT INTO classifications ( gid, classification ) VALUES ( '40311', 'NK' );
INSERT INTO subjects ( gid, subject ) VALUES ( '40311', 'Pottery -- Marks' );
INSERT INTO files ( gid, file, mime ) VALUES ( '40311', 'http://www.gutenberg.org/cache/epub/40311/pg40311.cover.medium.jpg', 'image/jpeg' );
INSERT INTO files ( gid, file, mime ) VALUES ( '40311', 'http://www.gutenberg.org/cache/epub/40311/pg40311.cover.small.jpg', 'image/jpeg' );
INSERT INTO files ( gid, file, mime ) VALUES ( '40311', 'http://www.gutenberg.org/ebooks/40311.epub.images', 'application/epub+zip' );
INSERT INTO files ( gid, file, mime ) VALUES ( '40311', 'http://www.gutenberg.org/ebooks/40311.epub.noimages', 'application/epub+zip' );
INSERT INTO files ( gid, file, mime ) VALUES ( '40311', 'http://www.gutenberg.org/ebooks/40311.kindle.images', 'application/x-mobipocket-ebook' );
INSERT INTO files ( gid, file, mime ) VALUES ( '40311', 'http://www.gutenberg.org/ebooks/40311.kindle.noimages', 'application/x-mobipocket-ebook' );
INSERT INTO files ( gid, file, mime ) VALUES ( '40311', 'http://www.gutenberg.org/ebooks/40311.rdf', 'application/rdf+xml' );
INSERT INTO files ( gid, file, mime ) VALUES ( '40311', 'http://www.gutenberg.org/ebooks/40311.txt.utf-8', 'text/plain' );
INSERT INTO files ( gid, file, mime ) VALUES ( '40311', 'http://www.gutenberg.org/files/40311/40311-8.txt', 'text/plain; charset=iso-8859-1' );
INSERT INTO files ( gid, file, mime ) VALUES ( '40311', 'http://www.gutenberg.org/files/40311/40311-8.zip', 'application/ziptext/plain; charset=iso-8859-1' );
INSERT INTO files ( gid, file, mime ) VALUES ( '40311', 'http://www.gutenberg.org/files/40311/40311-h.zip', 'application/ziptext/html; charset=iso-8859-1' );
INSERT INTO files ( gid, file, mime ) VALUES ( '40311', 'http://www.gutenberg.org/files/40311/40311-h/40311-h.htm', 'text/html; charset=iso-8859-1' );
INSERT INTO files ( gid, file, mime ) VALUES ( '40311', 'http://www.gutenberg.org/files/40311/40311.txt', 'text/plain; charset=us-ascii' );
INSERT INTO files ( gid, file, mime ) VALUES ( '40311', 'http://www.gutenberg.org/files/40311/40311.zip', 'text/plain; charset=us-asciiapplication/zip' );
INSERT INTO titles ( gid, title, author, language, rights ) VALUES ( '40411', 'The Potter''s Craft: A Practical Guide for the Studio and Workshop', 'Binns, Charles Fergus', 'en', 'Public domain in the USA.' );
INSERT INTO classifications ( gid, classification ) VALUES ( '40411', 'TP' );
INSERT INTO subjects ( gid, subject ) VALUES ( '40411', 'Pottery' );
INSERT INTO files ( gid, file, mime ) VALUES ( '40411', 'http://www.gutenberg.org/ebooks/40411.epub.images', 'application/epub+zip' );
INSERT INTO files ( gid, file, mime ) VALUES ( '40411', 'http://www.gutenberg.org/ebooks/40411.epub.noimages', 'application/epub+zip' );
INSERT INTO files ( gid, file, mime ) VALUES ( '40411', 'http://www.gutenberg.org/ebooks/40411.kindle.images', 'application/x-mobipocket-ebook' );
INSERT INTO files ( gid, file, mime ) VALUES ( '40411', 'http://www.gutenberg.org/ebooks/40411.kindle.noimages', 'application/x-mobipocket-ebook' );
INSERT INTO files ( gid, file, mime ) VALUES ( '40411', 'http://www.gutenberg.org/ebooks/40411.rdf', 'application/rdf+xml' );
INSERT INTO files ( gid, file, mime ) VALUES ( '40411', 'http://www.gutenberg.org/ebooks/40411.txt.utf-8', 'text/plain' );
INSERT INTO files ( gid, file, mime ) VALUES ( '40411', 'http://www.gutenberg.org/files/40411/40411-8.txt', 'text/plain; charset=iso-8859-1' );
INSERT INTO files ( gid, file, mime ) VALUES ( '40411', 'http://www.gutenberg.org/files/40411/40411-8.zip', 'text/plain; charset=iso-8859-1application/zip' );
INSERT INTO files ( gid, file, mime ) VALUES ( '40411', 'http://www.gutenberg.org/files/40411/40411-h.zip', 'application/ziptext/html; charset=iso-8859-1' );
INSERT INTO files ( gid, file, mime ) VALUES ( '40411', 'http://www.gutenberg.org/files/40411/40411-h/40411-h.htm', 'text/html; charset=iso-8859-1' );
INSERT INTO files ( gid, file, mime ) VALUES ( '40411', 'http://www.gutenberg.org/files/40411/40411.txt', 'text/plain; charset=us-ascii' );
INSERT INTO files ( gid, file, mime ) VALUES ( '40411', 'http://www.gutenberg.org/files/40411/40411.zip', 'application/ziptext/plain; charset=us-ascii' );
INSERT INTO titles ( gid, title, author, language, rights ) VALUES ( '40511', 'Commander Lawless V.C. Being the Further Adventures of Frank H. Lawless, Until Recently a Lieutenant in His Majesty''s Navy', 'Bennett, Rolf', 'en', 'Public domain in the USA.' );
INSERT INTO classifications ( gid, classification ) VALUES ( '40511', 'PR' );
INSERT INTO subjects ( gid, subject ) VALUES ( '40511', 'World War, 1914-1918 -- Fiction' );
INSERT INTO files ( gid, file, mime ) VALUES ( '40511', 'http://www.gutenberg.org/ebooks/40511.epub.images', 'application/epub+zip' );
INSERT INTO files ( gid, file, mime ) VALUES ( '40511', 'http://www.gutenberg.org/ebooks/40511.epub.noimages', 'application/epub+zip' );
INSERT INTO files ( gid, file, mime ) VALUES ( '40511', 'http://www.gutenberg.org/ebooks/40511.kindle.images', 'application/x-mobipocket-ebook' );
INSERT INTO files ( gid, file, mime ) VALUES ( '40511', 'http://www.gutenberg.org/ebooks/40511.kindle.noimages', 'application/x-mobipocket-ebook' );
INSERT INTO files ( gid, file, mime ) VALUES ( '40511', 'http://www.gutenberg.org/ebooks/40511.rdf', 'application/rdf+xml' );
INSERT INTO files ( gid, file, mime ) VALUES ( '40511', 'http://www.gutenberg.org/ebooks/40511.txt.utf-8', 'text/plain' );
INSERT INTO files ( gid, file, mime ) VALUES ( '40511', 'http://www.gutenberg.org/files/40511/40511-8.txt', 'text/plain; charset=iso-8859-1' );
INSERT INTO files ( gid, file, mime ) VALUES ( '40511', 'http://www.gutenberg.org/files/40511/40511-8.zip', 'text/plain; charset=iso-8859-1application/zip' );
INSERT INTO files ( gid, file, mime ) VALUES ( '40511', 'http://www.gutenberg.org/files/40511/40511-h.zip', 'application/ziptext/html; charset=iso-8859-1' );
INSERT INTO files ( gid, file, mime ) VALUES ( '40511', 'http://www.gutenberg.org/files/40511/40511-h/40511-h.htm', 'text/html; charset=iso-8859-1' );
INSERT INTO files ( gid, file, mime ) VALUES ( '40511', 'http://www.gutenberg.org/files/40511/40511.txt', 'text/plain; charset=us-ascii' );
INSERT INTO files ( gid, file, mime ) VALUES ( '40511', 'http://www.gutenberg.org/files/40511/40511.zip', 'text/plain; charset=us-asciiapplication/zip' );
INSERT INTO titles ( gid, title, author, language, rights ) VALUES ( '40711', 'The Harmsworth Magazine, Vol. 1, 1898-1899, No. 6', 'Various', 'en', 'Public domain in the USA.' );
INSERT INTO classifications ( gid, classification ) VALUES ( '40711', 'AP' );
INSERT INTO subjects ( gid, subject ) VALUES ( '40711', 'London (England) -- Periodicals' );
INSERT INTO files ( gid, file, mime ) VALUES ( '40711', 'http://www.gutenberg.org/ebooks/40711.epub.images', 'application/epub+zip' );
INSERT INTO files ( gid, file, mime ) VALUES ( '40711', 'http://www.gutenberg.org/ebooks/40711.epub.noimages', 'application/epub+zip' );
INSERT INTO files ( gid, file, mime ) VALUES ( '40711', 'http://www.gutenberg.org/ebooks/40711.kindle.images', 'application/x-mobipocket-ebook' );
INSERT INTO files ( gid, file, mime ) VALUES ( '40711', 'http://www.gutenberg.org/ebooks/40711.kindle.noimages', 'application/x-mobipocket-ebook' );
INSERT INTO files ( gid, file, mime ) VALUES ( '40711', 'http://www.gutenberg.org/ebooks/40711.rdf', 'application/rdf+xml' );
INSERT INTO files ( gid, file, mime ) VALUES ( '40711', 'http://www.gutenberg.org/ebooks/40711.txt.utf-8', 'text/plain' );
INSERT INTO files ( gid, file, mime ) VALUES ( '40711', 'http://www.gutenberg.org/files/40711/40711-8.txt', 'text/plain; charset=iso-8859-1' );
INSERT INTO files ( gid, file, mime ) VALUES ( '40711', 'http://www.gutenberg.org/files/40711/40711-8.zip', 'text/plain; charset=iso-8859-1application/zip' );
INSERT INTO files ( gid, file, mime ) VALUES ( '40711', 'http://www.gutenberg.org/files/40711/40711-h.zip', 'text/html; charset=iso-8859-1application/zip' );
INSERT INTO files ( gid, file, mime ) VALUES ( '40711', 'http://www.gutenberg.org/files/40711/40711-h/40711-h.htm', 'text/html; charset=iso-8859-1' );
INSERT INTO files ( gid, file, mime ) VALUES ( '40711', 'http://www.gutenberg.org/files/40711/40711.txt', 'text/plain; charset=us-ascii' );
INSERT INTO files ( gid, file, mime ) VALUES ( '40711', 'http://www.gutenberg.org/files/40711/40711.zip', 'application/ziptext/plain; charset=us-ascii' );
INSERT INTO titles ( gid, title, author, language, rights ) VALUES ( '40611', 'Prince Charlie', 'Delannoy, Burford', 'en', 'Public domain in the USA.' );
INSERT INTO classifications ( gid, classification ) VALUES ( '40611', 'PR' );
INSERT INTO subjects ( gid, subject ) VALUES ( '40611', 'Fiction' );
INSERT INTO files ( gid, file, mime ) VALUES ( '40611', 'http://www.gutenberg.org/cache/epub/40611/pg40611.cover.medium.jpg', 'image/jpeg' );
INSERT INTO files ( gid, file, mime ) VALUES ( '40611', 'http://www.gutenberg.org/cache/epub/40611/pg40611.cover.small.jpg', 'image/jpeg' );
INSERT INTO files ( gid, file, mime ) VALUES ( '40611', 'http://www.gutenberg.org/ebooks/40611.epub.images', 'application/epub+zip' );
INSERT INTO files ( gid, file, mime ) VALUES ( '40611', 'http://www.gutenberg.org/ebooks/40611.epub.noimages', 'application/epub+zip' );
INSERT INTO files ( gid, file, mime ) VALUES ( '40611', 'http://www.gutenberg.org/ebooks/40611.kindle.images', 'application/x-mobipocket-ebook' );
INSERT INTO files ( gid, file, mime ) VALUES ( '40611', 'http://www.gutenberg.org/ebooks/40611.kindle.noimages', 'application/x-mobipocket-ebook' );
INSERT INTO files ( gid, file, mime ) VALUES ( '40611', 'http://www.gutenberg.org/ebooks/40611.rdf', 'application/rdf+xml' );
INSERT INTO files ( gid, file, mime ) VALUES ( '40611', 'http://www.gutenberg.org/ebooks/40611.txt.utf-8', 'text/plain' );
INSERT INTO files ( gid, file, mime ) VALUES ( '40611', 'http://www.gutenberg.org/files/40611/40611-8.txt', 'text/plain; charset=iso-8859-1' );
INSERT INTO files ( gid, file, mime ) VALUES ( '40611', 'http://www.gutenberg.org/files/40611/40611-8.zip', 'text/plain; charset=iso-8859-1application/zip' );
INSERT INTO files ( gid, file, mime ) VALUES ( '40611', 'http://www.gutenberg.org/files/40611/40611-h.zip', 'application/ziptext/html; charset=iso-8859-1' );
INSERT INTO files ( gid, file, mime ) VALUES ( '40611', 'http://www.gutenberg.org/files/40611/40611-h/40611-h.htm', 'text/html; charset=iso-8859-1' );
INSERT INTO files ( gid, file, mime ) VALUES ( '40611', 'http://www.gutenberg.org/files/40611/40611.txt', 'text/plain; charset=us-ascii' );
INSERT INTO files ( gid, file, mime ) VALUES ( '40611', 'http://www.gutenberg.org/files/40611/40611.zip', 'text/plain; charset=us-asciiapplication/zip' );
INSERT INTO titles ( gid, title, author, language, rights ) VALUES ( '40811', 'Expositor''s Bible: The Gospel of Matthew', 'Gibson, John Monro', 'en', 'Public domain in the USA.' );
INSERT INTO classifications ( gid, classification ) VALUES ( '40811', 'BS' );
INSERT INTO subjects ( gid, subject ) VALUES ( '40811', 'Bible. Matthew -- Criticism, interpretation, etc.' );
INSERT INTO files ( gid, file, mime ) VALUES ( '40811', 'http://www.gutenberg.org/ebooks/40811.epub.images', 'application/epub+zip' );
INSERT INTO files ( gid, file, mime ) VALUES ( '40811', 'http://www.gutenberg.org/ebooks/40811.epub.noimages', 'application/epub+zip' );
INSERT INTO files ( gid, file, mime ) VALUES ( '40811', 'http://www.gutenberg.org/ebooks/40811.kindle.images', 'application/x-mobipocket-ebook' );
INSERT INTO files ( gid, file, mime ) VALUES ( '40811', 'http://www.gutenberg.org/ebooks/40811.kindle.noimages', 'application/x-mobipocket-ebook' );
INSERT INTO files ( gid, file, mime ) VALUES ( '40811', 'http://www.gutenberg.org/ebooks/40811.rdf', 'application/rdf+xml' );
INSERT INTO files ( gid, file, mime ) VALUES ( '40811', 'http://www.gutenberg.org/files/40811/40811-0.txt', 'text/plain; charset=utf-8' );
INSERT INTO files ( gid, file, mime ) VALUES ( '40811', 'http://www.gutenberg.org/files/40811/40811-0.zip', 'application/ziptext/plain; charset=utf-8' );
INSERT INTO files ( gid, file, mime ) VALUES ( '40811', 'http://www.gutenberg.org/files/40811/40811-8.txt', 'text/plain; charset=iso-8859-1' );
INSERT INTO files ( gid, file, mime ) VALUES ( '40811', 'http://www.gutenberg.org/files/40811/40811-8.zip', 'application/ziptext/plain; charset=iso-8859-1' );
INSERT INTO files ( gid, file, mime ) VALUES ( '40811', 'http://www.gutenberg.org/files/40811/40811-h.zip', 'text/html; charset=iso-8859-1application/zip' );
INSERT INTO files ( gid, file, mime ) VALUES ( '40811', 'http://www.gutenberg.org/files/40811/40811-h/40811-h.htm', 'text/html; charset=iso-8859-1' );
INSERT INTO files ( gid, file, mime ) VALUES ( '40811', 'http://www.gutenberg.org/files/40811/40811.txt', 'text/plain; charset=us-ascii' );
INSERT INTO files ( gid, file, mime ) VALUES ( '40811', 'http://www.gutenberg.org/files/40811/40811.zip', 'text/plain; charset=us-asciiapplication/zip' );
INSERT INTO titles ( gid, title, author, language, rights ) VALUES ( '40911', 'The Ether of Space', 'Lodge, Oliver, Sir', 'en', 'Public domain in the USA.' );
INSERT INTO classifications ( gid, classification ) VALUES ( '40911', 'QC' );
INSERT INTO subjects ( gid, subject ) VALUES ( '40911', 'Ether (Space)' );
INSERT INTO files ( gid, file, mime ) VALUES ( '40911', 'http://www.gutenberg.org/ebooks/40911.epub.images', 'application/epub+zip' );
INSERT INTO files ( gid, file, mime ) VALUES ( '40911', 'http://www.gutenberg.org/ebooks/40911.epub.noimages', 'application/epub+zip' );
INSERT INTO files ( gid, file, mime ) VALUES ( '40911', 'http://www.gutenberg.org/ebooks/40911.kindle.images', 'application/x-mobipocket-ebook' );
INSERT INTO files ( gid, file, mime ) VALUES ( '40911', 'http://www.gutenberg.org/ebooks/40911.kindle.noimages', 'application/x-mobipocket-ebook' );
INSERT INTO files ( gid, file, mime ) VALUES ( '40911', 'http://www.gutenberg.org/ebooks/40911.rdf', 'application/rdf+xml' );
INSERT INTO files ( gid, file, mime ) VALUES ( '40911', 'http://www.gutenberg.org/files/40911/40911-0.txt', 'text/plain; charset=utf-8' );
INSERT INTO files ( gid, file, mime ) VALUES ( '40911', 'http://www.gutenberg.org/files/40911/40911-0.zip', 'application/ziptext/plain; charset=utf-8' );
INSERT INTO files ( gid, file, mime ) VALUES ( '40911', 'http://www.gutenberg.org/files/40911/40911-h.zip', 'text/html; charset=iso-8859-1application/zip' );
INSERT INTO files ( gid, file, mime ) VALUES ( '40911', 'http://www.gutenberg.org/files/40911/40911-h/40911-h.htm', 'text/html; charset=iso-8859-1' );
INSERT INTO titles ( gid, title, author, language, rights ) VALUES ( '41111', 'The Wonder Book of Knowledge The Marvels of Modern Industry and Invention, the Interesting Stories of Common Things, the Mysterious Processes of Nature Simply Explained', '', 'en', 'Public domain in the USA.' );
INSERT INTO classifications ( gid, classification ) VALUES ( '41111', 'T' );
INSERT INTO subjects ( gid, subject ) VALUES ( '41111', 'Industrial arts -- History' );
INSERT INTO files ( gid, file, mime ) VALUES ( '41111', 'http://www.gutenberg.org/cache/epub/41111/pg41111.cover.medium.jpg', 'image/jpeg' );
INSERT INTO files ( gid, file, mime ) VALUES ( '41111', 'http://www.gutenberg.org/cache/epub/41111/pg41111.cover.small.jpg', 'image/jpeg' );
INSERT INTO files ( gid, file, mime ) VALUES ( '41111', 'http://www.gutenberg.org/ebooks/41111.epub.images', 'application/epub+zip' );
INSERT INTO files ( gid, file, mime ) VALUES ( '41111', 'http://www.gutenberg.org/ebooks/41111.epub.noimages', 'application/epub+zip' );
INSERT INTO files ( gid, file, mime ) VALUES ( '41111', 'http://www.gutenberg.org/ebooks/41111.kindle.images', 'application/x-mobipocket-ebook' );
INSERT INTO files ( gid, file, mime ) VALUES ( '41111', 'http://www.gutenberg.org/ebooks/41111.kindle.noimages', 'application/x-mobipocket-ebook' );
INSERT INTO files ( gid, file, mime ) VALUES ( '41111', 'http://www.gutenberg.org/ebooks/41111.rdf', 'application/rdf+xml' );
INSERT INTO files ( gid, file, mime ) VALUES ( '41111', 'http://www.gutenberg.org/files/41111/41111-0.txt', 'text/plain; charset=utf-8' );
INSERT INTO files ( gid, file, mime ) VALUES ( '41111', 'http://www.gutenberg.org/files/41111/41111-0.zip', 'text/plain; charset=utf-8application/zip' );
INSERT INTO files ( gid, file, mime ) VALUES ( '41111', 'http://www.gutenberg.org/files/41111/41111-h.zip', 'application/ziptext/html; charset=iso-8859-1' );
INSERT INTO files ( gid, file, mime ) VALUES ( '41111', 'http://www.gutenberg.org/files/41111/41111-h/41111-h.htm', 'text/html; charset=iso-8859-1' );
INSERT INTO titles ( gid, title, author, language, rights ) VALUES ( '41011', 'Pony Tracks', 'Remington, Frederic', 'en', 'Public domain in the USA.' );
INSERT INTO subjects ( gid, subject ) VALUES ( '41011', 'Remington, Frederic, 1861-1909' );
INSERT INTO subjects ( gid, subject ) VALUES ( '41011', 'Frontier and pioneer life -- West (U.S.)' );
INSERT INTO subjects ( gid, subject ) VALUES ( '41011', 'Indians of North America -- Wars -- 1866-1895' );
INSERT INTO subjects ( gid, subject ) VALUES ( '41011', 'West (U.S.) -- Description and travel' );
INSERT INTO subjects ( gid, subject ) VALUES ( '41011', 'Chihuahua (Mexico : State) -- Description and travel' );
INSERT INTO subjects ( gid, subject ) VALUES ( '41011', 'F590.3' );
INSERT INTO files ( gid, file, mime ) VALUES ( '41011', 'http://www.gutenberg.org/cache/epub/41011/pg41011.cover.medium.jpg', 'image/jpeg' );
INSERT INTO files ( gid, file, mime ) VALUES ( '41011', 'http://www.gutenberg.org/cache/epub/41011/pg41011.cover.small.jpg', 'image/jpeg' );
INSERT INTO files ( gid, file, mime ) VALUES ( '41011', 'http://www.gutenberg.org/ebooks/41011.epub.images', 'application/epub+zip' );
INSERT INTO files ( gid, file, mime ) VALUES ( '41011', 'http://www.gutenberg.org/ebooks/41011.epub.noimages', 'application/epub+zip' );
INSERT INTO files ( gid, file, mime ) VALUES ( '41011', 'http://www.gutenberg.org/ebooks/41011.kindle.images', 'application/x-mobipocket-ebook' );
INSERT INTO files ( gid, file, mime ) VALUES ( '41011', 'http://www.gutenberg.org/ebooks/41011.kindle.noimages', 'application/x-mobipocket-ebook' );
INSERT INTO files ( gid, file, mime ) VALUES ( '41011', 'http://www.gutenberg.org/ebooks/41011.rdf', 'application/rdf+xml' );
INSERT INTO files ( gid, file, mime ) VALUES ( '41011', 'http://www.gutenberg.org/files/41011/41011-0.txt', 'text/plain; charset=utf-8' );
INSERT INTO files ( gid, file, mime ) VALUES ( '41011', 'http://www.gutenberg.org/files/41011/41011-0.zip', 'application/ziptext/plain; charset=utf-8' );
INSERT INTO files ( gid, file, mime ) VALUES ( '41011', 'http://www.gutenberg.org/files/41011/41011-8.txt', 'text/plain; charset=iso-8859-1' );
INSERT INTO files ( gid, file, mime ) VALUES ( '41011', 'http://www.gutenberg.org/files/41011/41011-8.zip', 'application/ziptext/plain; charset=iso-8859-1' );
INSERT INTO files ( gid, file, mime ) VALUES ( '41011', 'http://www.gutenberg.org/files/41011/41011-h.zip', 'text/html; charset=iso-8859-1application/zip' );
INSERT INTO files ( gid, file, mime ) VALUES ( '41011', 'http://www.gutenberg.org/files/41011/41011-h/41011-h.htm', 'text/html; charset=iso-8859-1' );
INSERT INTO files ( gid, file, mime ) VALUES ( '41011', 'http://www.gutenberg.org/files/41011/41011.txt', 'text/plain; charset=us-ascii' );
INSERT INTO files ( gid, file, mime ) VALUES ( '41011', 'http://www.gutenberg.org/files/41011/41011.zip', 'application/ziptext/plain; charset=us-ascii' );
INSERT INTO titles ( gid, title, author, language, rights ) VALUES ( '4111', 'Christopher Columbus and the New World of His Discovery — Volume 4', 'Young, Filson', 'en', 'Public domain in the USA.' );
INSERT INTO subjects ( gid, subject ) VALUES ( '4111', 'America -- Discovery and exploration' );
INSERT INTO subjects ( gid, subject ) VALUES ( '4111', 'Columbus, Christopher' );
INSERT INTO subjects ( gid, subject ) VALUES ( '4111', 'E011' );
INSERT INTO files ( gid, file, mime ) VALUES ( '4111', 'http://www.gutenberg.org/ebooks/4111.epub.images', 'application/epub+zip' );
INSERT INTO files ( gid, file, mime ) VALUES ( '4111', 'http://www.gutenberg.org/ebooks/4111.epub.noimages', 'application/epub+zip' );
INSERT INTO files ( gid, file, mime ) VALUES ( '4111', 'http://www.gutenberg.org/ebooks/4111.html.images', 'text/html' );
INSERT INTO files ( gid, file, mime ) VALUES ( '4111', 'http://www.gutenberg.org/ebooks/4111.html.noimages', 'text/html' );
INSERT INTO files ( gid, file, mime ) VALUES ( '4111', 'http://www.gutenberg.org/ebooks/4111.kindle.images', 'application/x-mobipocket-ebook' );
INSERT INTO files ( gid, file, mime ) VALUES ( '4111', 'http://www.gutenberg.org/ebooks/4111.kindle.noimages', 'application/x-mobipocket-ebook' );
INSERT INTO files ( gid, file, mime ) VALUES ( '4111', 'http://www.gutenberg.org/ebooks/4111.rdf', 'application/rdf+xml' );
INSERT INTO files ( gid, file, mime ) VALUES ( '4111', 'http://www.gutenberg.org/ebooks/4111.txt.utf-8', 'text/plain' );
INSERT INTO files ( gid, file, mime ) VALUES ( '4111', 'http://www.gutenberg.org/files/4111/4111.txt', 'text/plain; charset=us-ascii' );
INSERT INTO files ( gid, file, mime ) VALUES ( '4111', 'http://www.gutenberg.org/files/4111/4111.zip', 'application/ziptext/plain; charset=us-ascii' );
INSERT INTO titles ( gid, title, author, language, rights ) VALUES ( '411', 'The King''s Jackal', 'Davis, Richard Harding', 'en', 'Public domain in the USA.' );
INSERT INTO classifications ( gid, classification ) VALUES ( '411', 'PS' );
INSERT INTO subjects ( gid, subject ) VALUES ( '411', 'Kings and rulers -- Fiction' );
INSERT INTO files ( gid, file, mime ) VALUES ( '411', 'http://www.gutenberg.org/ebooks/411.epub.images', 'application/epub+zip' );
INSERT INTO files ( gid, file, mime ) VALUES ( '411', 'http://www.gutenberg.org/ebooks/411.epub.noimages', 'application/epub+zip' );
INSERT INTO files ( gid, file, mime ) VALUES ( '411', 'http://www.gutenberg.org/ebooks/411.kindle.images', 'application/x-mobipocket-ebook' );
INSERT INTO files ( gid, file, mime ) VALUES ( '411', 'http://www.gutenberg.org/ebooks/411.kindle.noimages', 'application/x-mobipocket-ebook' );
INSERT INTO files ( gid, file, mime ) VALUES ( '411', 'http://www.gutenberg.org/ebooks/411.rdf', 'application/rdf+xml' );
INSERT INTO files ( gid, file, mime ) VALUES ( '411', 'http://www.gutenberg.org/ebooks/411.txt.utf-8', 'text/plain' );
INSERT INTO files ( gid, file, mime ) VALUES ( '411', 'http://www.gutenberg.org/files/411/411-h.zip', 'application/ziptext/html; charset=iso-8859-1' );
INSERT INTO files ( gid, file, mime ) VALUES ( '411', 'http://www.gutenberg.org/files/411/411-h/411-h.htm', 'text/html; charset=iso-8859-1' );
INSERT INTO files ( gid, file, mime ) VALUES ( '411', 'http://www.gutenberg.org/files/411/411.txt', 'text/plain; charset=us-ascii' );
INSERT INTO files ( gid, file, mime ) VALUES ( '411', 'http://www.gutenberg.org/files/411/411.zip', 'application/ziptext/plain; charset=us-ascii' );
INSERT INTO titles ( gid, title, author, language, rights ) VALUES ( '41211', 'La Comédie humaine - Volume 01', 'Balzac, Honoré de', 'fr', 'Public domain in the USA.' );
INSERT INTO classifications ( gid, classification ) VALUES ( '41211', 'PQ' );
INSERT INTO subjects ( gid, subject ) VALUES ( '41211', 'French literature' );
INSERT INTO files ( gid, file, mime ) VALUES ( '41211', 'http://www.gutenberg.org/cache/epub/41211/pg41211.cover.medium.jpg', 'image/jpeg' );
INSERT INTO files ( gid, file, mime ) VALUES ( '41211', 'http://www.gutenberg.org/cache/epub/41211/pg41211.cover.small.jpg', 'image/jpeg' );
INSERT INTO files ( gid, file, mime ) VALUES ( '41211', 'http://www.gutenberg.org/ebooks/41211.epub.images', 'application/epub+zip' );
INSERT INTO files ( gid, file, mime ) VALUES ( '41211', 'http://www.gutenberg.org/ebooks/41211.epub.noimages', 'application/epub+zip' );
INSERT INTO files ( gid, file, mime ) VALUES ( '41211', 'http://www.gutenberg.org/ebooks/41211.kindle.images', 'application/x-mobipocket-ebook' );
INSERT INTO files ( gid, file, mime ) VALUES ( '41211', 'http://www.gutenberg.org/ebooks/41211.kindle.noimages', 'application/x-mobipocket-ebook' );
INSERT INTO files ( gid, file, mime ) VALUES ( '41211', 'http://www.gutenberg.org/ebooks/41211.rdf', 'application/rdf+xml' );
INSERT INTO files ( gid, file, mime ) VALUES ( '41211', 'http://www.gutenberg.org/ebooks/41211.txt.utf-8', 'text/plain' );
INSERT INTO files ( gid, file, mime ) VALUES ( '41211', 'http://www.gutenberg.org/files/41211/41211-8.txt', 'text/plain; charset=iso-8859-1' );
INSERT INTO files ( gid, file, mime ) VALUES ( '41211', 'http://www.gutenberg.org/files/41211/41211-8.zip', 'text/plain; charset=iso-8859-1application/zip' );
INSERT INTO files ( gid, file, mime ) VALUES ( '41211', 'http://www.gutenberg.org/files/41211/41211-h.zip', 'application/ziptext/html; charset=iso-8859-1' );
INSERT INTO files ( gid, file, mime ) VALUES ( '41211', 'http://www.gutenberg.org/files/41211/41211-h/41211-h.htm', 'text/html; charset=iso-8859-1' );
INSERT INTO titles ( gid, title, author, language, rights ) VALUES ( '41311', 'Five Plays', 'Dunsany, Lord', 'en', 'Public domain in the USA.' );
INSERT INTO classifications ( gid, classification ) VALUES ( '41311', 'PR' );
INSERT INTO subjects ( gid, subject ) VALUES ( '41311', 'English drama' );
INSERT INTO files ( gid, file, mime ) VALUES ( '41311', 'http://www.gutenberg.org/cache/epub/41311/pg41311.cover.medium.jpg', 'image/jpeg' );
INSERT INTO files ( gid, file, mime ) VALUES ( '41311', 'http://www.gutenberg.org/cache/epub/41311/pg41311.cover.small.jpg', 'image/jpeg' );
INSERT INTO files ( gid, file, mime ) VALUES ( '41311', 'http://www.gutenberg.org/ebooks/41311.epub.images', 'application/epub+zip' );
INSERT INTO files ( gid, file, mime ) VALUES ( '41311', 'http://www.gutenberg.org/ebooks/41311.epub.noimages', 'application/epub+zip' );
INSERT INTO files ( gid, file, mime ) VALUES ( '41311', 'http://www.gutenberg.org/ebooks/41311.kindle.images', 'application/x-mobipocket-ebook' );
INSERT INTO files ( gid, file, mime ) VALUES ( '41311', 'http://www.gutenberg.org/ebooks/41311.kindle.noimages', 'application/x-mobipocket-ebook' );
INSERT INTO files ( gid, file, mime ) VALUES ( '41311', 'http://www.gutenberg.org/ebooks/41311.rdf', 'application/rdf+xml' );
INSERT INTO files ( gid, file, mime ) VALUES ( '41311', 'http://www.gutenberg.org/ebooks/41311.txt.utf-8', 'text/plain' );
INSERT INTO files ( gid, file, mime ) VALUES ( '41311', 'http://www.gutenberg.org/files/41311/41311-8.txt', 'text/plain; charset=iso-8859-1' );
INSERT INTO files ( gid, file, mime ) VALUES ( '41311', 'http://www.gutenberg.org/files/41311/41311-8.zip', 'application/ziptext/plain; charset=iso-8859-1' );
INSERT INTO files ( gid, file, mime ) VALUES ( '41311', 'http://www.gutenberg.org/files/41311/41311-h.zip', 'application/ziptext/html; charset=utf-8' );
INSERT INTO files ( gid, file, mime ) VALUES ( '41311', 'http://www.gutenberg.org/files/41311/41311-h/41311-h.htm', 'text/html; charset=utf-8' );
INSERT INTO files ( gid, file, mime ) VALUES ( '41311', 'http://www.gutenberg.org/files/41311/41311.txt', 'text/plain; charset=us-ascii' );
INSERT INTO files ( gid, file, mime ) VALUES ( '41311', 'http://www.gutenberg.org/files/41311/41311.zip', 'text/plain; charset=us-asciiapplication/zip' );
INSERT INTO titles ( gid, title, author, language, rights ) VALUES ( '41411', 'Harper''s New Monthly Magazine, Vol. III, No. XVII, October 1851', 'Various', 'en', 'Public domain in the USA.' );
INSERT INTO classifications ( gid, classification ) VALUES ( '41411', 'AP' );
INSERT INTO subjects ( gid, subject ) VALUES ( '41411', 'Civilization -- Periodicals' );
INSERT INTO subjects ( gid, subject ) VALUES ( '41411', 'American literature -- Periodicals' );
INSERT INTO subjects ( gid, subject ) VALUES ( '41411', 'Culture -- Periodicals' );
INSERT INTO files ( gid, file, mime ) VALUES ( '41411', 'http://www.gutenberg.org/ebooks/41411.epub.images', 'application/epub+zip' );
INSERT INTO files ( gid, file, mime ) VALUES ( '41411', 'http://www.gutenberg.org/ebooks/41411.epub.noimages', 'application/epub+zip' );
INSERT INTO files ( gid, file, mime ) VALUES ( '41411', 'http://www.gutenberg.org/ebooks/41411.kindle.images', 'application/x-mobipocket-ebook' );
INSERT INTO files ( gid, file, mime ) VALUES ( '41411', 'http://www.gutenberg.org/ebooks/41411.kindle.noimages', 'application/x-mobipocket-ebook' );
INSERT INTO files ( gid, file, mime ) VALUES ( '41411', 'http://www.gutenberg.org/ebooks/41411.rdf', 'application/rdf+xml' );
INSERT INTO files ( gid, file, mime ) VALUES ( '41411', 'http://www.gutenberg.org/ebooks/41411.txt.utf-8', 'text/plain' );
INSERT INTO files ( gid, file, mime ) VALUES ( '41411', 'http://www.gutenberg.org/files/41411/41411-8.txt', 'text/plain; charset=iso-8859-1' );
INSERT INTO files ( gid, file, mime ) VALUES ( '41411', 'http://www.gutenberg.org/files/41411/41411-8.zip', 'application/ziptext/plain; charset=iso-8859-1' );
INSERT INTO files ( gid, file, mime ) VALUES ( '41411', 'http://www.gutenberg.org/files/41411/41411-h.zip', 'application/ziptext/html; charset=iso-8859-1' );
INSERT INTO files ( gid, file, mime ) VALUES ( '41411', 'http://www.gutenberg.org/files/41411/41411-h/41411-h.htm', 'text/html; charset=iso-8859-1' );
INSERT INTO files ( gid, file, mime ) VALUES ( '41411', 'http://www.gutenberg.org/files/41411/41411.txt', 'text/plain; charset=us-ascii' );
INSERT INTO files ( gid, file, mime ) VALUES ( '41411', 'http://www.gutenberg.org/files/41411/41411.zip', 'application/ziptext/plain; charset=us-ascii' );
INSERT INTO titles ( gid, title, author, language, rights ) VALUES ( '41511', 'Mafeking: A Diary of a Siege', 'Baillie, Frederick David', 'en', 'Public domain in the USA.' );
INSERT INTO classifications ( gid, classification ) VALUES ( '41511', 'DT' );
INSERT INTO subjects ( gid, subject ) VALUES ( '41511', 'Mafikeng (South Africa) -- History -- Siege, 1899-1900' );
INSERT INTO subjects ( gid, subject ) VALUES ( '41511', 'South African War, 1899-1902' );
INSERT INTO files ( gid, file, mime ) VALUES ( '41511', 'http://www.gutenberg.org/cache/epub/41511/pg41511.cover.medium.jpg', 'image/jpeg' );
INSERT INTO files ( gid, file, mime ) VALUES ( '41511', 'http://www.gutenberg.org/cache/epub/41511/pg41511.cover.small.jpg', 'image/jpeg' );
INSERT INTO files ( gid, file, mime ) VALUES ( '41511', 'http://www.gutenberg.org/ebooks/41511.epub.images', 'application/epub+zip' );
INSERT INTO files ( gid, file, mime ) VALUES ( '41511', 'http://www.gutenberg.org/ebooks/41511.epub.noimages', 'application/epub+zip' );
INSERT INTO files ( gid, file, mime ) VALUES ( '41511', 'http://www.gutenberg.org/ebooks/41511.kindle.images', 'application/x-mobipocket-ebook' );
INSERT INTO files ( gid, file, mime ) VALUES ( '41511', 'http://www.gutenberg.org/ebooks/41511.kindle.noimages', 'application/x-mobipocket-ebook' );
INSERT INTO files ( gid, file, mime ) VALUES ( '41511', 'http://www.gutenberg.org/ebooks/41511.pdf.images', 'application/pdf' );
INSERT INTO files ( gid, file, mime ) VALUES ( '41511', 'http://www.gutenberg.org/ebooks/41511.pdf.noimages', 'application/pdf' );
INSERT INTO files ( gid, file, mime ) VALUES ( '41511', 'http://www.gutenberg.org/ebooks/41511.rdf', 'application/rdf+xml' );
INSERT INTO files ( gid, file, mime ) VALUES ( '41511', 'http://www.gutenberg.org/ebooks/41511.rst.gen', 'text/x-rst' );
INSERT INTO files ( gid, file, mime ) VALUES ( '41511', 'http://www.gutenberg.org/files/41511/41511-0.txt', 'text/plain; charset=utf-8' );
INSERT INTO files ( gid, file, mime ) VALUES ( '41511', 'http://www.gutenberg.org/files/41511/41511-0.zip', 'application/ziptext/plain; charset=utf-8' );
INSERT INTO files ( gid, file, mime ) VALUES ( '41511', 'http://www.gutenberg.org/files/41511/41511-8.txt', 'text/plain; charset=iso-8859-1' );
INSERT INTO files ( gid, file, mime ) VALUES ( '41511', 'http://www.gutenberg.org/files/41511/41511-8.zip', 'text/plain; charset=iso-8859-1application/zip' );
INSERT INTO files ( gid, file, mime ) VALUES ( '41511', 'http://www.gutenberg.org/files/41511/41511-h.zip', 'text/html; charset=utf-8application/zip' );
INSERT INTO files ( gid, file, mime ) VALUES ( '41511', 'http://www.gutenberg.org/files/41511/41511-h/41511-h.html', 'text/html; charset=utf-8' );
INSERT INTO files ( gid, file, mime ) VALUES ( '41511', 'http://www.gutenberg.org/files/41511/41511-rst.zip', 'application/ziptext/x-rst' );
INSERT INTO files ( gid, file, mime ) VALUES ( '41511', 'http://www.gutenberg.org/files/41511/41511-rst/41511-rst.rst', 'text/x-rst' );
INSERT INTO files ( gid, file, mime ) VALUES ( '41511', 'http://www.gutenberg.org/files/41511/41511.txt', 'text/plain; charset=us-ascii' );
INSERT INTO files ( gid, file, mime ) VALUES ( '41511', 'http://www.gutenberg.org/files/41511/41511.zip', 'application/ziptext/plain; charset=us-ascii' );
INSERT INTO titles ( gid, title, author, language, rights ) VALUES ( '41611', 'Gatherings from Spain', 'Ford, Richard', 'en', 'Public domain in the USA.' );
INSERT INTO classifications ( gid, classification ) VALUES ( '41611', 'DP' );
INSERT INTO subjects ( gid, subject ) VALUES ( '41611', 'Spain -- Description and travel' );
INSERT INTO files ( gid, file, mime ) VALUES ( '41611', 'http://www.gutenberg.org/cache/epub/41611/pg41611.cover.medium.jpg', 'image/jpeg' );
INSERT INTO files ( gid, file, mime ) VALUES ( '41611', 'http://www.gutenberg.org/cache/epub/41611/pg41611.cover.small.jpg', 'image/jpeg' );
INSERT INTO files ( gid, file, mime ) VALUES ( '41611', 'http://www.gutenberg.org/ebooks/41611.epub.images', 'application/epub+zip' );
INSERT INTO files ( gid, file, mime ) VALUES ( '41611', 'http://www.gutenberg.org/ebooks/41611.epub.noimages', 'application/epub+zip' );
INSERT INTO files ( gid, file, mime ) VALUES ( '41611', 'http://www.gutenberg.org/ebooks/41611.kindle.images', 'application/x-mobipocket-ebook' );
INSERT INTO files ( gid, file, mime ) VALUES ( '41611', 'http://www.gutenberg.org/ebooks/41611.kindle.noimages', 'application/x-mobipocket-ebook' );
INSERT INTO files ( gid, file, mime ) VALUES ( '41611', 'http://www.gutenberg.org/ebooks/41611.rdf', 'application/rdf+xml' );
INSERT INTO files ( gid, file, mime ) VALUES ( '41611', 'http://www.gutenberg.org/files/41611/41611-0.txt', 'text/plain; charset=utf-8' );
INSERT INTO files ( gid, file, mime ) VALUES ( '41611', 'http://www.gutenberg.org/files/41611/41611-0.zip', 'text/plain; charset=utf-8application/zip' );
INSERT INTO files ( gid, file, mime ) VALUES ( '41611', 'http://www.gutenberg.org/files/41611/41611-8.txt', 'text/plain; charset=iso-8859-1' );
INSERT INTO files ( gid, file, mime ) VALUES ( '41611', 'http://www.gutenberg.org/files/41611/41611-8.zip', 'application/ziptext/plain; charset=iso-8859-1' );
INSERT INTO files ( gid, file, mime ) VALUES ( '41611', 'http://www.gutenberg.org/files/41611/41611-h/41611-h.htm', 'text/html; charset=utf-8' );
INSERT INTO titles ( gid, title, author, language, rights ) VALUES ( '41711', 'A Woman Martyr', 'Diehl, Alice M. (Alice Mangold)', 'en', 'Public domain in the USA.' );
INSERT INTO classifications ( gid, classification ) VALUES ( '41711', 'PR' );
INSERT INTO subjects ( gid, subject ) VALUES ( '41711', 'Murder -- Fiction' );
INSERT INTO subjects ( gid, subject ) VALUES ( '41711', 'England -- Fiction' );
INSERT INTO subjects ( gid, subject ) VALUES ( '41711', 'Man-woman relationships -- Fiction' );
INSERT INTO files ( gid, file, mime ) VALUES ( '41711', 'http://www.gutenberg.org/cache/epub/41711/pg41711.cover.medium.jpg', 'image/jpeg' );
INSERT INTO files ( gid, file, mime ) VALUES ( '41711', 'http://www.gutenberg.org/cache/epub/41711/pg41711.cover.small.jpg', 'image/jpeg' );
INSERT INTO files ( gid, file, mime ) VALUES ( '41711', 'http://www.gutenberg.org/ebooks/41711.epub.images', 'application/epub+zip' );
INSERT INTO files ( gid, file, mime ) VALUES ( '41711', 'http://www.gutenberg.org/ebooks/41711.epub.noimages', 'application/epub+zip' );
INSERT INTO files ( gid, file, mime ) VALUES ( '41711', 'http://www.gutenberg.org/ebooks/41711.kindle.images', 'application/x-mobipocket-ebook' );
INSERT INTO files ( gid, file, mime ) VALUES ( '41711', 'http://www.gutenberg.org/ebooks/41711.kindle.noimages', 'application/x-mobipocket-ebook' );
INSERT INTO files ( gid, file, mime ) VALUES ( '41711', 'http://www.gutenberg.org/ebooks/41711.pdf.images', 'application/pdf' );
INSERT INTO files ( gid, file, mime ) VALUES ( '41711', 'http://www.gutenberg.org/ebooks/41711.pdf.noimages', 'application/pdf' );
INSERT INTO files ( gid, file, mime ) VALUES ( '41711', 'http://www.gutenberg.org/ebooks/41711.rdf', 'application/rdf+xml' );
INSERT INTO files ( gid, file, mime ) VALUES ( '41711', 'http://www.gutenberg.org/ebooks/41711.rst.gen', 'text/x-rst' );
INSERT INTO files ( gid, file, mime ) VALUES ( '41711', 'http://www.gutenberg.org/files/41711/41711-0.txt', 'text/plain; charset=utf-8' );
INSERT INTO files ( gid, file, mime ) VALUES ( '41711', 'http://www.gutenberg.org/files/41711/41711-0.zip', 'text/plain; charset=utf-8application/zip' );
INSERT INTO files ( gid, file, mime ) VALUES ( '41711', 'http://www.gutenberg.org/files/41711/41711-8.txt', 'text/plain; charset=iso-8859-1' );
INSERT INTO files ( gid, file, mime ) VALUES ( '41711', 'http://www.gutenberg.org/files/41711/41711-8.zip', 'application/ziptext/plain; charset=iso-8859-1' );
INSERT INTO files ( gid, file, mime ) VALUES ( '41711', 'http://www.gutenberg.org/files/41711/41711-h.zip', 'application/ziptext/html; charset=utf-8' );
INSERT INTO files ( gid, file, mime ) VALUES ( '41711', 'http://www.gutenberg.org/files/41711/41711-h/41711-h.html', 'text/html; charset=utf-8' );
INSERT INTO files ( gid, file, mime ) VALUES ( '41711', 'http://www.gutenberg.org/files/41711/41711-rst.zip', 'application/ziptext/x-rst' );
INSERT INTO files ( gid, file, mime ) VALUES ( '41711', 'http://www.gutenberg.org/files/41711/41711-rst/41711-rst.rst', 'text/x-rst' );
INSERT INTO files ( gid, file, mime ) VALUES ( '41711', 'http://www.gutenberg.org/files/41711/41711.txt', 'text/plain; charset=us-ascii' );
INSERT INTO files ( gid, file, mime ) VALUES ( '41711', 'http://www.gutenberg.org/files/41711/41711.zip', 'text/plain; charset=us-asciiapplication/zip' );
INSERT INTO titles ( gid, title, author, language, rights ) VALUES ( '41811', 'Life of Thomas à Becket', 'Milman, Henry Hart', 'en', 'Public domain in the USA.' );
INSERT INTO classifications ( gid, classification ) VALUES ( '41811', 'DA' );
INSERT INTO subjects ( gid, subject ) VALUES ( '41811', 'Thomas, à Becket, Saint, 1118?-1170' );
INSERT INTO files ( gid, file, mime ) VALUES ( '41811', 'http://www.gutenberg.org/cache/epub/41811/pg41811.cover.medium.jpg', 'image/jpeg' );
INSERT INTO files ( gid, file, mime ) VALUES ( '41811', 'http://www.gutenberg.org/cache/epub/41811/pg41811.cover.small.jpg', 'image/jpeg' );
INSERT INTO files ( gid, file, mime ) VALUES ( '41811', 'http://www.gutenberg.org/ebooks/41811.epub.images', 'application/epub+zip' );
INSERT INTO files ( gid, file, mime ) VALUES ( '41811', 'http://www.gutenberg.org/ebooks/41811.epub.noimages', 'application/epub+zip' );
INSERT INTO files ( gid, file, mime ) VALUES ( '41811', 'http://www.gutenberg.org/ebooks/41811.kindle.images', 'application/x-mobipocket-ebook' );
INSERT INTO files ( gid, file, mime ) VALUES ( '41811', 'http://www.gutenberg.org/ebooks/41811.kindle.noimages', 'application/x-mobipocket-ebook' );
INSERT INTO files ( gid, file, mime ) VALUES ( '41811', 'http://www.gutenberg.org/ebooks/41811.rdf', 'application/rdf+xml' );
INSERT INTO files ( gid, file, mime ) VALUES ( '41811', 'http://www.gutenberg.org/ebooks/41811.txt.utf-8', 'text/plain' );
INSERT INTO files ( gid, file, mime ) VALUES ( '41811', 'http://www.gutenberg.org/files/41811/41811-8.txt', 'text/plain; charset=iso-8859-1' );
INSERT INTO files ( gid, file, mime ) VALUES ( '41811', 'http://www.gutenberg.org/files/41811/41811-8.zip', 'application/ziptext/plain; charset=iso-8859-1' );
INSERT INTO files ( gid, file, mime ) VALUES ( '41811', 'http://www.gutenberg.org/files/41811/41811-h.zip', 'application/ziptext/html; charset=iso-8859-1' );
INSERT INTO files ( gid, file, mime ) VALUES ( '41811', 'http://www.gutenberg.org/files/41811/41811-h/41811-h.htm', 'text/html; charset=iso-8859-1' );
INSERT INTO files ( gid, file, mime ) VALUES ( '41811', 'http://www.gutenberg.org/files/41811/41811.txt', 'text/plain; charset=us-ascii' );
INSERT INTO files ( gid, file, mime ) VALUES ( '41811', 'http://www.gutenberg.org/files/41811/41811.zip', 'application/ziptext/plain; charset=us-ascii' );
INSERT INTO titles ( gid, title, author, language, rights ) VALUES ( '41911', 'The Australian Army Medical Corps in Egypt An Illustrated and Detailed Account of the Early Organisation and Work of the Australian Medical Units in Egypt in 1914-1915', 'Deane, P. E. (Percival Edgar)', 'en', 'Public domain in the USA.' );
INSERT INTO subjects ( gid, subject ) VALUES ( '41911', 'World War, 1914-1918 -- Campaigns -- Egypt' );
INSERT INTO subjects ( gid, subject ) VALUES ( '41911', 'Medicine, Military -- History' );
INSERT INTO subjects ( gid, subject ) VALUES ( '41911', 'D501' );
INSERT INTO subjects ( gid, subject ) VALUES ( '41911', 'Australia. Australian Army. Medical Corps' );
INSERT INTO files ( gid, file, mime ) VALUES ( '41911', 'http://www.gutenberg.org/cache/epub/41911/pg41911.cover.medium.jpg', 'image/jpeg' );
INSERT INTO files ( gid, file, mime ) VALUES ( '41911', 'http://www.gutenberg.org/cache/epub/41911/pg41911.cover.small.jpg', 'image/jpeg' );
INSERT INTO files ( gid, file, mime ) VALUES ( '41911', 'http://www.gutenberg.org/ebooks/41911.epub.images', 'application/epub+zip' );
INSERT INTO files ( gid, file, mime ) VALUES ( '41911', 'http://www.gutenberg.org/ebooks/41911.epub.noimages', 'application/epub+zip' );
INSERT INTO files ( gid, file, mime ) VALUES ( '41911', 'http://www.gutenberg.org/ebooks/41911.kindle.images', 'application/x-mobipocket-ebook' );
INSERT INTO files ( gid, file, mime ) VALUES ( '41911', 'http://www.gutenberg.org/ebooks/41911.kindle.noimages', 'application/x-mobipocket-ebook' );
INSERT INTO files ( gid, file, mime ) VALUES ( '41911', 'http://www.gutenberg.org/ebooks/41911.rdf', 'application/rdf+xml' );
INSERT INTO files ( gid, file, mime ) VALUES ( '41911', 'http://www.gutenberg.org/ebooks/41911.txt.utf-8', 'text/plain' );
INSERT INTO files ( gid, file, mime ) VALUES ( '41911', 'http://www.gutenberg.org/files/41911/41911-8.txt', 'text/plain; charset=iso-8859-1' );
INSERT INTO files ( gid, file, mime ) VALUES ( '41911', 'http://www.gutenberg.org/files/41911/41911-8.zip', 'application/ziptext/plain; charset=iso-8859-1' );
INSERT INTO files ( gid, file, mime ) VALUES ( '41911', 'http://www.gutenberg.org/files/41911/41911-h.zip', 'text/html; charset=iso-8859-1application/zip' );
INSERT INTO files ( gid, file, mime ) VALUES ( '41911', 'http://www.gutenberg.org/files/41911/41911-h/41911-h.htm', 'text/html; charset=iso-8859-1' );
INSERT INTO files ( gid, file, mime ) VALUES ( '41911', 'http://www.gutenberg.org/files/41911/41911.txt', 'text/plain; charset=us-ascii' );
INSERT INTO files ( gid, file, mime ) VALUES ( '41911', 'http://www.gutenberg.org/files/41911/41911.zip', 'application/ziptext/plain; charset=us-ascii' );
INSERT INTO titles ( gid, title, author, language, rights ) VALUES ( '42011', 'Pabo, the Priest: A Novel', 'Baring-Gould, S. (Sabine)', 'en', 'Public domain in the USA.' );
INSERT INTO classifications ( gid, classification ) VALUES ( '42011', 'PR' );
INSERT INTO subjects ( gid, subject ) VALUES ( '42011', 'Wales -- Fiction' );
INSERT INTO subjects ( gid, subject ) VALUES ( '42011', 'Priests -- Fiction' );
INSERT INTO subjects ( gid, subject ) VALUES ( '42011', 'Great Britain -- History -- Henry I, 1100-1135 -- Fiction' );
INSERT INTO files ( gid, file, mime ) VALUES ( '42011', 'http://www.gutenberg.org/cache/epub/42011/pg42011.cover.medium.jpg', 'image/jpeg' );
INSERT INTO files ( gid, file, mime ) VALUES ( '42011', 'http://www.gutenberg.org/cache/epub/42011/pg42011.cover.small.jpg', 'image/jpeg' );
INSERT INTO files ( gid, file, mime ) VALUES ( '42011', 'http://www.gutenberg.org/ebooks/42011.epub.images', 'application/epub+zip' );
INSERT INTO files ( gid, file, mime ) VALUES ( '42011', 'http://www.gutenberg.org/ebooks/42011.epub.noimages', 'application/epub+zip' );
INSERT INTO files ( gid, file, mime ) VALUES ( '42011', 'http://www.gutenberg.org/ebooks/42011.kindle.images', 'application/x-mobipocket-ebook' );
INSERT INTO files ( gid, file, mime ) VALUES ( '42011', 'http://www.gutenberg.org/ebooks/42011.kindle.noimages', 'application/x-mobipocket-ebook' );
INSERT INTO files ( gid, file, mime ) VALUES ( '42011', 'http://www.gutenberg.org/ebooks/42011.rdf', 'application/rdf+xml' );
INSERT INTO files ( gid, file, mime ) VALUES ( '42011', 'http://www.gutenberg.org/ebooks/42011.txt.utf-8', 'text/plain' );
INSERT INTO files ( gid, file, mime ) VALUES ( '42011', 'http://www.gutenberg.org/files/42011/42011-8.txt', 'text/plain; charset=iso-8859-1' );
INSERT INTO files ( gid, file, mime ) VALUES ( '42011', 'http://www.gutenberg.org/files/42011/42011-8.zip', 'application/ziptext/plain; charset=iso-8859-1' );
INSERT INTO files ( gid, file, mime ) VALUES ( '42011', 'http://www.gutenberg.org/files/42011/42011-h.zip', 'application/ziptext/html; charset=iso-8859-1' );
INSERT INTO files ( gid, file, mime ) VALUES ( '42011', 'http://www.gutenberg.org/files/42011/42011-h/42011-h.htm', 'text/html; charset=iso-8859-1' );
INSERT INTO files ( gid, file, mime ) VALUES ( '42011', 'http://www.gutenberg.org/files/42011/42011.txt', 'text/plain; charset=us-ascii' );
INSERT INTO files ( gid, file, mime ) VALUES ( '42011', 'http://www.gutenberg.org/files/42011/42011.zip', 'application/ziptext/plain; charset=us-ascii' );
INSERT INTO titles ( gid, title, author, language, rights ) VALUES ( '4211', 'The Treasure', 'Norris, Kathleen Thompson', 'en', 'Public domain in the USA.' );
INSERT INTO classifications ( gid, classification ) VALUES ( '4211', 'PS' );
INSERT INTO subjects ( gid, subject ) VALUES ( '4211', 'American fiction -- 20th century' );
INSERT INTO files ( gid, file, mime ) VALUES ( '4211', 'http://www.gutenberg.org/ebooks/4211.epub.images', 'application/epub+zip' );
INSERT INTO files ( gid, file, mime ) VALUES ( '4211', 'http://www.gutenberg.org/ebooks/4211.epub.noimages', 'application/epub+zip' );
INSERT INTO files ( gid, file, mime ) VALUES ( '4211', 'http://www.gutenberg.org/ebooks/4211.kindle.images', 'application/x-mobipocket-ebook' );
INSERT INTO files ( gid, file, mime ) VALUES ( '4211', 'http://www.gutenberg.org/ebooks/4211.kindle.noimages', 'application/x-mobipocket-ebook' );
INSERT INTO files ( gid, file, mime ) VALUES ( '4211', 'http://www.gutenberg.org/ebooks/4211.rdf', 'application/rdf+xml' );
INSERT INTO files ( gid, file, mime ) VALUES ( '4211', 'http://www.gutenberg.org/ebooks/4211.txt.utf-8', 'text/plain' );
INSERT INTO files ( gid, file, mime ) VALUES ( '4211', 'http://www.gutenberg.org/files/4211/4211-h.zip', 'application/ziptext/html; charset=iso-8859-1' );
INSERT INTO files ( gid, file, mime ) VALUES ( '4211', 'http://www.gutenberg.org/files/4211/4211-h/4211-h.htm', 'text/html; charset=iso-8859-1' );
INSERT INTO files ( gid, file, mime ) VALUES ( '4211', 'http://www.gutenberg.org/files/4211/4211.txt', 'text/plain; charset=us-ascii' );
INSERT INTO files ( gid, file, mime ) VALUES ( '4211', 'http://www.gutenberg.org/files/4211/4211.zip', 'application/ziptext/plain; charset=us-ascii' );
INSERT INTO titles ( gid, title, author, language, rights ) VALUES ( '42111', 'And Then the Town Took Off', 'Wilson, Richard', 'en', 'Public domain in the USA.' );
INSERT INTO classifications ( gid, classification ) VALUES ( '42111', 'PS' );
INSERT INTO subjects ( gid, subject ) VALUES ( '42111', 'Science fiction' );
INSERT INTO subjects ( gid, subject ) VALUES ( '42111', 'Human-alien encounters -- Fiction' );
INSERT INTO subjects ( gid, subject ) VALUES ( '42111', 'Ohio -- Fiction' );
INSERT INTO subjects ( gid, subject ) VALUES ( '42111', 'Extraterrestrial beings -- Fiction' );
INSERT INTO files ( gid, file, mime ) VALUES ( '42111', 'http://www.gutenberg.org/cache/epub/42111/pg42111.cover.medium.jpg', 'image/jpeg' );
INSERT INTO files ( gid, file, mime ) VALUES ( '42111', 'http://www.gutenberg.org/cache/epub/42111/pg42111.cover.small.jpg', 'image/jpeg' );
INSERT INTO files ( gid, file, mime ) VALUES ( '42111', 'http://www.gutenberg.org/ebooks/42111.epub.images', 'application/epub+zip' );
INSERT INTO files ( gid, file, mime ) VALUES ( '42111', 'http://www.gutenberg.org/ebooks/42111.epub.noimages', 'application/epub+zip' );
INSERT INTO files ( gid, file, mime ) VALUES ( '42111', 'http://www.gutenberg.org/ebooks/42111.kindle.images', 'application/x-mobipocket-ebook' );
INSERT INTO files ( gid, file, mime ) VALUES ( '42111', 'http://www.gutenberg.org/ebooks/42111.kindle.noimages', 'application/x-mobipocket-ebook' );
INSERT INTO files ( gid, file, mime ) VALUES ( '42111', 'http://www.gutenberg.org/ebooks/42111.rdf', 'application/rdf+xml' );
INSERT INTO files ( gid, file, mime ) VALUES ( '42111', 'http://www.gutenberg.org/ebooks/42111.txt.utf-8', 'text/plain' );
INSERT INTO files ( gid, file, mime ) VALUES ( '42111', 'http://www.gutenberg.org/files/42111/42111-8.txt', 'text/plain; charset=iso-8859-1' );
INSERT INTO files ( gid, file, mime ) VALUES ( '42111', 'http://www.gutenberg.org/files/42111/42111-8.zip', 'text/plain; charset=iso-8859-1application/zip' );
INSERT INTO files ( gid, file, mime ) VALUES ( '42111', 'http://www.gutenberg.org/files/42111/42111-h.zip', 'text/html; charset=iso-8859-1application/zip' );
INSERT INTO files ( gid, file, mime ) VALUES ( '42111', 'http://www.gutenberg.org/files/42111/42111-h/42111-h.htm', 'text/html; charset=iso-8859-1' );
INSERT INTO files ( gid, file, mime ) VALUES ( '42111', 'http://www.gutenberg.org/files/42111/42111.txt', 'text/plain; charset=us-ascii' );
INSERT INTO files ( gid, file, mime ) VALUES ( '42111', 'http://www.gutenberg.org/files/42111/42111.zip', 'text/plain; charset=us-asciiapplication/zip' );
INSERT INTO titles ( gid, title, author, language, rights ) VALUES ( '42311', 'Eine Stunde hinter Mitternacht', 'Hesse, Hermann', 'de', 'Public domain in the USA.' );
INSERT INTO classifications ( gid, classification ) VALUES ( '42311', 'PT' );
INSERT INTO subjects ( gid, subject ) VALUES ( '42311', 'German literature' );
INSERT INTO files ( gid, file, mime ) VALUES ( '42311', 'http://www.gutenberg.org/ebooks/42311.epub.images', 'application/epub+zip' );
INSERT INTO files ( gid, file, mime ) VALUES ( '42311', 'http://www.gutenberg.org/ebooks/42311.epub.noimages', 'application/epub+zip' );
INSERT INTO files ( gid, file, mime ) VALUES ( '42311', 'http://www.gutenberg.org/ebooks/42311.kindle.images', 'application/x-mobipocket-ebook' );
INSERT INTO files ( gid, file, mime ) VALUES ( '42311', 'http://www.gutenberg.org/ebooks/42311.kindle.noimages', 'application/x-mobipocket-ebook' );
INSERT INTO files ( gid, file, mime ) VALUES ( '42311', 'http://www.gutenberg.org/ebooks/42311.rdf', 'application/rdf+xml' );
INSERT INTO files ( gid, file, mime ) VALUES ( '42311', 'http://www.gutenberg.org/ebooks/42311.txt.utf-8', 'text/plain' );
INSERT INTO files ( gid, file, mime ) VALUES ( '42311', 'http://www.gutenberg.org/files/42311/42311-8.txt', 'text/plain; charset=iso-8859-1' );
INSERT INTO files ( gid, file, mime ) VALUES ( '42311', 'http://www.gutenberg.org/files/42311/42311-8.zip', 'text/plain; charset=iso-8859-1application/zip' );
INSERT INTO files ( gid, file, mime ) VALUES ( '42311', 'http://www.gutenberg.org/files/42311/42311-h.zip', 'application/ziptext/html; charset=iso-8859-1' );
INSERT INTO files ( gid, file, mime ) VALUES ( '42311', 'http://www.gutenberg.org/files/42311/42311-h/42311-h.htm', 'text/html; charset=iso-8859-1' );
INSERT INTO titles ( gid, title, author, language, rights ) VALUES ( '42211', 'Histoire Sainte; ou, Histoire des Israélites Depuis La Création, Jusqu''a La Dernière Destruction De Jérusalem', 'Loeb, Henri', 'fr', 'Public domain in the USA.' );
INSERT INTO classifications ( gid, classification ) VALUES ( '42211', 'BM' );
INSERT INTO classifications ( gid, classification ) VALUES ( '42211', 'DS' );
INSERT INTO subjects ( gid, subject ) VALUES ( '42211', 'Judaism' );
INSERT INTO subjects ( gid, subject ) VALUES ( '42211', 'Jews -- History -- To 70 A.D.' );
INSERT INTO files ( gid, file, mime ) VALUES ( '42211', 'http://www.gutenberg.org/cache/epub/42211/pg42211.cover.medium.jpg', 'image/jpeg' );
INSERT INTO files ( gid, file, mime ) VALUES ( '42211', 'http://www.gutenberg.org/cache/epub/42211/pg42211.cover.small.jpg', 'image/jpeg' );
INSERT INTO files ( gid, file, mime ) VALUES ( '42211', 'http://www.gutenberg.org/ebooks/42211.epub.images', 'application/epub+zip' );
INSERT INTO files ( gid, file, mime ) VALUES ( '42211', 'http://www.gutenberg.org/ebooks/42211.epub.noimages', 'application/epub+zip' );
INSERT INTO files ( gid, file, mime ) VALUES ( '42211', 'http://www.gutenberg.org/ebooks/42211.kindle.images', 'application/x-mobipocket-ebook' );
INSERT INTO files ( gid, file, mime ) VALUES ( '42211', 'http://www.gutenberg.org/ebooks/42211.kindle.noimages', 'application/x-mobipocket-ebook' );
INSERT INTO files ( gid, file, mime ) VALUES ( '42211', 'http://www.gutenberg.org/ebooks/42211.pdf.images', 'application/pdf' );
INSERT INTO files ( gid, file, mime ) VALUES ( '42211', 'http://www.gutenberg.org/ebooks/42211.pdf.noimages', 'application/pdf' );
INSERT INTO files ( gid, file, mime ) VALUES ( '42211', 'http://www.gutenberg.org/ebooks/42211.rdf', 'application/rdf+xml' );
INSERT INTO files ( gid, file, mime ) VALUES ( '42211', 'http://www.gutenberg.org/ebooks/42211.rst.gen', 'text/x-rst' );
INSERT INTO files ( gid, file, mime ) VALUES ( '42211', 'http://www.gutenberg.org/files/42211/42211-0.txt', 'text/plain; charset=utf-8' );
INSERT INTO files ( gid, file, mime ) VALUES ( '42211', 'http://www.gutenberg.org/files/42211/42211-0.zip', 'application/ziptext/plain; charset=utf-8' );
INSERT INTO files ( gid, file, mime ) VALUES ( '42211', 'http://www.gutenberg.org/files/42211/42211-8.txt', 'text/plain; charset=iso-8859-1' );
INSERT INTO files ( gid, file, mime ) VALUES ( '42211', 'http://www.gutenberg.org/files/42211/42211-8.zip', 'application/ziptext/plain; charset=iso-8859-1' );
INSERT INTO files ( gid, file, mime ) VALUES ( '42211', 'http://www.gutenberg.org/files/42211/42211-h.zip', 'application/ziptext/html; charset=utf-8' );
INSERT INTO files ( gid, file, mime ) VALUES ( '42211', 'http://www.gutenberg.org/files/42211/42211-h/42211-h.html', 'text/html; charset=utf-8' );
INSERT INTO files ( gid, file, mime ) VALUES ( '42211', 'http://www.gutenberg.org/files/42211/42211-rst.zip', 'application/ziptext/x-rst' );
INSERT INTO files ( gid, file, mime ) VALUES ( '42211', 'http://www.gutenberg.org/files/42211/42211-rst/42211-rst.rst', 'text/x-rst' );
INSERT INTO files ( gid, file, mime ) VALUES ( '42211', 'http://www.gutenberg.org/files/42211/42211.txt', 'text/plain; charset=us-ascii' );
INSERT INTO files ( gid, file, mime ) VALUES ( '42211', 'http://www.gutenberg.org/files/42211/42211.zip', 'application/ziptext/plain; charset=us-ascii' );
INSERT INTO titles ( gid, title, author, language, rights ) VALUES ( '42411', 'Il destino: romanzo', 'Guerrazzi, Francesco Domenico', 'it', 'Public domain in the USA.' );
INSERT INTO classifications ( gid, classification ) VALUES ( '42411', 'PQ' );
INSERT INTO subjects ( gid, subject ) VALUES ( '42411', 'Italian fiction' );
INSERT INTO files ( gid, file, mime ) VALUES ( '42411', 'http://www.gutenberg.org/cache/epub/42411/pg42411.cover.medium.jpg', 'image/jpeg' );
INSERT INTO files ( gid, file, mime ) VALUES ( '42411', 'http://www.gutenberg.org/cache/epub/42411/pg42411.cover.small.jpg', 'image/jpeg' );
INSERT INTO files ( gid, file, mime ) VALUES ( '42411', 'http://www.gutenberg.org/ebooks/42411.epub.images', 'application/epub+zip' );
INSERT INTO files ( gid, file, mime ) VALUES ( '42411', 'http://www.gutenberg.org/ebooks/42411.epub.noimages', 'application/epub+zip' );
INSERT INTO files ( gid, file, mime ) VALUES ( '42411', 'http://www.gutenberg.org/ebooks/42411.kindle.images', 'application/x-mobipocket-ebook' );
INSERT INTO files ( gid, file, mime ) VALUES ( '42411', 'http://www.gutenberg.org/ebooks/42411.kindle.noimages', 'application/x-mobipocket-ebook' );
INSERT INTO files ( gid, file, mime ) VALUES ( '42411', 'http://www.gutenberg.org/ebooks/42411.rdf', 'application/rdf+xml' );
INSERT INTO files ( gid, file, mime ) VALUES ( '42411', 'http://www.gutenberg.org/files/42411/42411-0.txt', 'text/plain; charset=utf-8' );
INSERT INTO files ( gid, file, mime ) VALUES ( '42411', 'http://www.gutenberg.org/files/42411/42411-0.zip', 'application/ziptext/plain; charset=utf-8' );
INSERT INTO files ( gid, file, mime ) VALUES ( '42411', 'http://www.gutenberg.org/files/42411/42411-h.zip', 'text/html; charset=utf-8application/zip' );
INSERT INTO files ( gid, file, mime ) VALUES ( '42411', 'http://www.gutenberg.org/files/42411/42411-h/42411-h.htm', 'text/html; charset=utf-8' );
INSERT INTO titles ( gid, title, author, language, rights ) VALUES ( '42511', 'Οι χαιρετισμοί της Ηλιογέννητης', 'Palamas, Kostes', 'el', 'Public domain in the USA.' );
INSERT INTO classifications ( gid, classification ) VALUES ( '42511', 'PA' );
INSERT INTO subjects ( gid, subject ) VALUES ( '42511', 'Greek poetry, Modern' );
INSERT INTO files ( gid, file, mime ) VALUES ( '42511', 'http://www.gutenberg.org/cache/epub/42511/pg42511.cover.medium.jpg', 'image/jpeg' );
INSERT INTO files ( gid, file, mime ) VALUES ( '42511', 'http://www.gutenberg.org/cache/epub/42511/pg42511.cover.small.jpg', 'image/jpeg' );
INSERT INTO files ( gid, file, mime ) VALUES ( '42511', 'http://www.gutenberg.org/ebooks/42511.epub.images', 'application/epub+zip' );
INSERT INTO files ( gid, file, mime ) VALUES ( '42511', 'http://www.gutenberg.org/ebooks/42511.epub.noimages', 'application/epub+zip' );
INSERT INTO files ( gid, file, mime ) VALUES ( '42511', 'http://www.gutenberg.org/ebooks/42511.kindle.images', 'application/x-mobipocket-ebook' );
INSERT INTO files ( gid, file, mime ) VALUES ( '42511', 'http://www.gutenberg.org/ebooks/42511.kindle.noimages', 'application/x-mobipocket-ebook' );
INSERT INTO files ( gid, file, mime ) VALUES ( '42511', 'http://www.gutenberg.org/ebooks/42511.rdf', 'application/rdf+xml' );
INSERT INTO files ( gid, file, mime ) VALUES ( '42511', 'http://www.gutenberg.org/files/42511/42511-0.txt', 'text/plain; charset=utf-8' );
INSERT INTO files ( gid, file, mime ) VALUES ( '42511', 'http://www.gutenberg.org/files/42511/42511-0.zip', 'text/plain; charset=utf-8application/zip' );
INSERT INTO files ( gid, file, mime ) VALUES ( '42511', 'http://www.gutenberg.org/files/42511/42511-h.zip', 'application/ziptext/html; charset=utf-8' );
INSERT INTO files ( gid, file, mime ) VALUES ( '42511', 'http://www.gutenberg.org/files/42511/42511-h/42511-h.htm', 'text/html; charset=utf-8' );
INSERT INTO titles ( gid, title, author, language, rights ) VALUES ( '42611', 'In to the Yukon', 'Edwards, William Seymour', 'en', 'Public domain in the USA.' );
INSERT INTO subjects ( gid, subject ) VALUES ( '42611', 'Klondike River Valley (Yukon) -- Gold discoveries' );
INSERT INTO subjects ( gid, subject ) VALUES ( '42611', 'F850.5' );
INSERT INTO subjects ( gid, subject ) VALUES ( '42611', 'Yukon -- Description and travel' );
INSERT INTO subjects ( gid, subject ) VALUES ( '42611', 'Pacific Coast (North America) -- Description and travel' );
INSERT INTO subjects ( gid, subject ) VALUES ( '42611', 'Overland journeys to the Pacific' );
INSERT INTO files ( gid, file, mime ) VALUES ( '42611', 'http://www.gutenberg.org/cache/epub/42611/pg42611.cover.medium.jpg', 'image/jpeg' );
INSERT INTO files ( gid, file, mime ) VALUES ( '42611', 'http://www.gutenberg.org/cache/epub/42611/pg42611.cover.small.jpg', 'image/jpeg' );
INSERT INTO files ( gid, file, mime ) VALUES ( '42611', 'http://www.gutenberg.org/ebooks/42611.epub.images', 'application/epub+zip' );
INSERT INTO files ( gid, file, mime ) VALUES ( '42611', 'http://www.gutenberg.org/ebooks/42611.epub.noimages', 'application/epub+zip' );
INSERT INTO files ( gid, file, mime ) VALUES ( '42611', 'http://www.gutenberg.org/ebooks/42611.kindle.images', 'application/x-mobipocket-ebook' );
INSERT INTO files ( gid, file, mime ) VALUES ( '42611', 'http://www.gutenberg.org/ebooks/42611.kindle.noimages', 'application/x-mobipocket-ebook' );
INSERT INTO files ( gid, file, mime ) VALUES ( '42611', 'http://www.gutenberg.org/ebooks/42611.rdf', 'application/rdf+xml' );
INSERT INTO files ( gid, file, mime ) VALUES ( '42611', 'http://www.gutenberg.org/ebooks/42611.txt.utf-8', 'text/plain' );
INSERT INTO files ( gid, file, mime ) VALUES ( '42611', 'http://www.gutenberg.org/files/42611/42611-8.txt', 'text/plain; charset=iso-8859-1' );
INSERT INTO files ( gid, file, mime ) VALUES ( '42611', 'http://www.gutenberg.org/files/42611/42611-8.zip', 'text/plain; charset=iso-8859-1application/zip' );
INSERT INTO files ( gid, file, mime ) VALUES ( '42611', 'http://www.gutenberg.org/files/42611/42611-h.zip', 'text/html; charset=iso-8859-1application/zip' );
INSERT INTO files ( gid, file, mime ) VALUES ( '42611', 'http://www.gutenberg.org/files/42611/42611-h/42611-h.htm', 'text/html; charset=iso-8859-1' );
INSERT INTO files ( gid, file, mime ) VALUES ( '42611', 'http://www.gutenberg.org/files/42611/42611.txt', 'text/plain; charset=us-ascii' );
INSERT INTO files ( gid, file, mime ) VALUES ( '42611', 'http://www.gutenberg.org/files/42611/42611.zip', 'text/plain; charset=us-asciiapplication/zip' );
INSERT INTO titles ( gid, title, author, language, rights ) VALUES ( '42711', 'Vieilles chansons pour les petits enfants avec accompagnements de Ch. M. Widor', '', 'fr', 'Public domain in the USA.' );
INSERT INTO classifications ( gid, classification ) VALUES ( '42711', 'M' );
INSERT INTO subjects ( gid, subject ) VALUES ( '42711', 'Children''s songs' );
INSERT INTO files ( gid, file, mime ) VALUES ( '42711', 'http://www.gutenberg.org/cache/epub/42711/pg42711.cover.medium.jpg', 'image/jpeg' );
INSERT INTO files ( gid, file, mime ) VALUES ( '42711', 'http://www.gutenberg.org/cache/epub/42711/pg42711.cover.small.jpg', 'image/jpeg' );
INSERT INTO files ( gid, file, mime ) VALUES ( '42711', 'http://www.gutenberg.org/ebooks/42711.epub.images', 'application/epub+zip' );
INSERT INTO files ( gid, file, mime ) VALUES ( '42711', 'http://www.gutenberg.org/ebooks/42711.epub.noimages', 'application/epub+zip' );
INSERT INTO files ( gid, file, mime ) VALUES ( '42711', 'http://www.gutenberg.org/ebooks/42711.kindle.images', 'application/x-mobipocket-ebook' );
INSERT INTO files ( gid, file, mime ) VALUES ( '42711', 'http://www.gutenberg.org/ebooks/42711.kindle.noimages', 'application/x-mobipocket-ebook' );
INSERT INTO files ( gid, file, mime ) VALUES ( '42711', 'http://www.gutenberg.org/ebooks/42711.rdf', 'application/rdf+xml' );
INSERT INTO files ( gid, file, mime ) VALUES ( '42711', 'http://www.gutenberg.org/files/42711/42711-0.txt', 'text/plain; charset=utf-8' );
INSERT INTO files ( gid, file, mime ) VALUES ( '42711', 'http://www.gutenberg.org/files/42711/42711-0.zip', 'text/plain; charset=utf-8application/zip' );
INSERT INTO files ( gid, file, mime ) VALUES ( '42711', 'http://www.gutenberg.org/files/42711/42711-8.txt', 'text/plain; charset=iso-8859-1' );
INSERT INTO files ( gid, file, mime ) VALUES ( '42711', 'http://www.gutenberg.org/files/42711/42711-8.zip', 'application/ziptext/plain; charset=iso-8859-1' );
INSERT INTO files ( gid, file, mime ) VALUES ( '42711', 'http://www.gutenberg.org/files/42711/42711-h.zip', 'text/html; charset=iso-8859-1application/zip' );
INSERT INTO files ( gid, file, mime ) VALUES ( '42711', 'http://www.gutenberg.org/files/42711/42711-h/42711-h.htm', 'text/html; charset=iso-8859-1' );
INSERT INTO titles ( gid, title, author, language, rights ) VALUES ( '42811', 'Japanese Colour-Prints and Their Designers', 'Gookin, Frederick W.', 'en', 'Public domain in the USA.' );
INSERT INTO classifications ( gid, classification ) VALUES ( '42811', 'NE' );
INSERT INTO subjects ( gid, subject ) VALUES ( '42811', 'Color prints, Japanese -- Exhibitions' );
INSERT INTO subjects ( gid, subject ) VALUES ( '42811', 'Color prints, Japanese' );
INSERT INTO subjects ( gid, subject ) VALUES ( '42811', 'Artists -- Japan' );
INSERT INTO files ( gid, file, mime ) VALUES ( '42811', 'http://www.gutenberg.org/ebooks/42811.epub.images', 'application/epub+zip' );
INSERT INTO files ( gid, file, mime ) VALUES ( '42811', 'http://www.gutenberg.org/ebooks/42811.epub.noimages', 'application/epub+zip' );
INSERT INTO files ( gid, file, mime ) VALUES ( '42811', 'http://www.gutenberg.org/ebooks/42811.kindle.images', 'application/x-mobipocket-ebook' );
INSERT INTO files ( gid, file, mime ) VALUES ( '42811', 'http://www.gutenberg.org/ebooks/42811.kindle.noimages', 'application/x-mobipocket-ebook' );
INSERT INTO files ( gid, file, mime ) VALUES ( '42811', 'http://www.gutenberg.org/ebooks/42811.rdf', 'application/rdf+xml' );
INSERT INTO files ( gid, file, mime ) VALUES ( '42811', 'http://www.gutenberg.org/files/42811/42811-0.txt', 'text/plain; charset=utf-8' );
INSERT INTO files ( gid, file, mime ) VALUES ( '42811', 'http://www.gutenberg.org/files/42811/42811-0.zip', 'application/ziptext/plain; charset=utf-8' );
INSERT INTO files ( gid, file, mime ) VALUES ( '42811', 'http://www.gutenberg.org/files/42811/42811-8.txt', 'text/plain; charset=iso-8859-1' );
INSERT INTO files ( gid, file, mime ) VALUES ( '42811', 'http://www.gutenberg.org/files/42811/42811-8.zip', 'application/ziptext/plain; charset=iso-8859-1' );
INSERT INTO files ( gid, file, mime ) VALUES ( '42811', 'http://www.gutenberg.org/files/42811/42811-final.zip', 'application/octet-streamapplication/zip' );
INSERT INTO files ( gid, file, mime ) VALUES ( '42811', 'http://www.gutenberg.org/files/42811/42811-h.zip', 'text/html; charset=utf-8application/zip' );
INSERT INTO files ( gid, file, mime ) VALUES ( '42811', 'http://www.gutenberg.org/files/42811/42811-h/42811-h.html', 'text/html; charset=utf-8' );
INSERT INTO files ( gid, file, mime ) VALUES ( '42811', 'http://www.gutenberg.org/files/42811/42811-pdf.pdf', 'application/pdf' );
INSERT INTO files ( gid, file, mime ) VALUES ( '42811', 'http://www.gutenberg.org/files/42811/42811-pdf.zip', 'application/zipapplication/octet-stream' );
INSERT INTO files ( gid, file, mime ) VALUES ( '42811', 'http://www.gutenberg.org/files/42811/42811-tei.zip', 'application/zipapplication/octet-stream' );
INSERT INTO files ( gid, file, mime ) VALUES ( '42811', 'http://www.gutenberg.org/files/42811/42811-tei/42811-tei.tei', 'application/prs.tei' );
INSERT INTO files ( gid, file, mime ) VALUES ( '42811', 'http://www.gutenberg.org/files/42811/42811.txt', 'text/plain; charset=us-ascii' );
INSERT INTO files ( gid, file, mime ) VALUES ( '42811', 'http://www.gutenberg.org/files/42811/42811.zip', 'application/ziptext/plain; charset=us-ascii' );
INSERT INTO titles ( gid, title, author, language, rights ) VALUES ( '43011', 'Roy Blakeley''s Silver Fox Patrol', 'Fitzhugh, Percy Keese', 'en', 'Public domain in the USA.' );
INSERT INTO classifications ( gid, classification ) VALUES ( '43011', 'PZ' );
INSERT INTO subjects ( gid, subject ) VALUES ( '43011', 'Thieves -- Juvenile fiction' );
INSERT INTO subjects ( gid, subject ) VALUES ( '43011', 'Boys -- Juvenile fiction' );
INSERT INTO subjects ( gid, subject ) VALUES ( '43011', 'Mystery fiction' );
INSERT INTO subjects ( gid, subject ) VALUES ( '43011', 'Boy Scouts -- Juvenile fiction' );
INSERT INTO subjects ( gid, subject ) VALUES ( '43011', 'Gold -- Juvenile fiction' );
INSERT INTO files ( gid, file, mime ) VALUES ( '43011', 'http://www.gutenberg.org/cache/epub/43011/pg43011.cover.medium.jpg', 'image/jpeg' );
INSERT INTO files ( gid, file, mime ) VALUES ( '43011', 'http://www.gutenberg.org/cache/epub/43011/pg43011.cover.small.jpg', 'image/jpeg' );
INSERT INTO files ( gid, file, mime ) VALUES ( '43011', 'http://www.gutenberg.org/ebooks/43011.epub.images', 'application/epub+zip' );
INSERT INTO files ( gid, file, mime ) VALUES ( '43011', 'http://www.gutenberg.org/ebooks/43011.epub.noimages', 'application/epub+zip' );
INSERT INTO files ( gid, file, mime ) VALUES ( '43011', 'http://www.gutenberg.org/ebooks/43011.kindle.images', 'application/x-mobipocket-ebook' );
INSERT INTO files ( gid, file, mime ) VALUES ( '43011', 'http://www.gutenberg.org/ebooks/43011.kindle.noimages', 'application/x-mobipocket-ebook' );
INSERT INTO files ( gid, file, mime ) VALUES ( '43011', 'http://www.gutenberg.org/ebooks/43011.rdf', 'application/rdf+xml' );
INSERT INTO files ( gid, file, mime ) VALUES ( '43011', 'http://www.gutenberg.org/files/43011/43011-0.txt', 'text/plain; charset=utf-8' );
INSERT INTO files ( gid, file, mime ) VALUES ( '43011', 'http://www.gutenberg.org/files/43011/43011-0.zip', 'application/ziptext/plain; charset=utf-8' );
INSERT INTO files ( gid, file, mime ) VALUES ( '43011', 'http://www.gutenberg.org/files/43011/43011-h.zip', 'text/htmlapplication/zip' );
INSERT INTO files ( gid, file, mime ) VALUES ( '43011', 'http://www.gutenberg.org/files/43011/43011-h/43011-h.htm', 'text/html' );
INSERT INTO files ( gid, file, mime ) VALUES ( '43011', 'http://www.gutenberg.org/files/43011/43011.txt', 'text/plain; charset=us-ascii' );
INSERT INTO files ( gid, file, mime ) VALUES ( '43011', 'http://www.gutenberg.org/files/43011/43011.zip', 'application/ziptext/plain; charset=us-ascii' );
INSERT INTO titles ( gid, title, author, language, rights ) VALUES ( '42911', 'Variations Chromatiques de Concert MP3, MIDI and PDF files', 'Bizet, Georges', 'en', 'Public domain in the USA.' );
INSERT INTO classifications ( gid, classification ) VALUES ( '42911', 'M' );
INSERT INTO subjects ( gid, subject ) VALUES ( '42911', 'Variations (Piano)' );
INSERT INTO files ( gid, file, mime ) VALUES ( '42911', 'http://www.gutenberg.org/ebooks/42911.epub.images', 'application/epub+zip' );
INSERT INTO files ( gid, file, mime ) VALUES ( '42911', 'http://www.gutenberg.org/ebooks/42911.epub.noimages', 'application/epub+zip' );
INSERT INTO files ( gid, file, mime ) VALUES ( '42911', 'http://www.gutenberg.org/ebooks/42911.html.images', 'text/html' );
INSERT INTO files ( gid, file, mime ) VALUES ( '42911', 'http://www.gutenberg.org/ebooks/42911.html.noimages', 'text/html' );
INSERT INTO files ( gid, file, mime ) VALUES ( '42911', 'http://www.gutenberg.org/ebooks/42911.kindle.images', 'application/x-mobipocket-ebook' );
INSERT INTO files ( gid, file, mime ) VALUES ( '42911', 'http://www.gutenberg.org/ebooks/42911.kindle.noimages', 'application/x-mobipocket-ebook' );
INSERT INTO files ( gid, file, mime ) VALUES ( '42911', 'http://www.gutenberg.org/ebooks/42911.rdf', 'application/rdf+xml' );
INSERT INTO files ( gid, file, mime ) VALUES ( '42911', 'http://www.gutenberg.org/ebooks/42911.txt.utf-8', 'text/plain' );
INSERT INTO files ( gid, file, mime ) VALUES ( '42911', 'http://www.gutenberg.org/files/42911/42911.txt', 'text/plain; charset=us-ascii' );
INSERT INTO files ( gid, file, mime ) VALUES ( '42911', 'http://www.gutenberg.org/files/42911/Bizet-Variations_Chromatiques_de_concert.zip', 'application/zipapplication/octet-stream' );
INSERT INTO files ( gid, file, mime ) VALUES ( '42911', 'http://www.gutenberg.org/files/42911/Bizet-Variations_Chromatiques_de_concert/Bizet-Variations_Chromatiques_de_concert_Theme.mid', 'audio/midi' );
INSERT INTO files ( gid, file, mime ) VALUES ( '42911', 'http://www.gutenberg.org/files/42911/Bizet-Variations_Chromatiques_de_concert/Bizet-Variations_Chromatiques_de_concert_Theme_A4.pdf', 'application/pdf' );
INSERT INTO files ( gid, file, mime ) VALUES ( '42911', 'http://www.gutenberg.org/files/42911/Bizet-Variations_Chromatiques_de_concert/Bizet-Variations_Chromatiques_de_concert_Theme_letter.pdf', 'application/pdf' );
INSERT INTO files ( gid, file, mime ) VALUES ( '42911', 'http://www.gutenberg.org/files/42911/Bizet-Variations_Chromatiques_de_concert/Bizet-Variations_Chromatiques_de_concert_var_01.mid', 'audio/midi' );
INSERT INTO files ( gid, file, mime ) VALUES ( '42911', 'http://www.gutenberg.org/files/42911/Bizet-Variations_Chromatiques_de_concert/Bizet-Variations_Chromatiques_de_concert_var_01_A4.pdf', 'application/pdf' );
INSERT INTO files ( gid, file, mime ) VALUES ( '42911', 'http://www.gutenberg.org/files/42911/Bizet-Variations_Chromatiques_de_concert/Bizet-Variations_Chromatiques_de_concert_var_01_letter.pdf', 'application/pdf' );
INSERT INTO files ( gid, file, mime ) VALUES ( '42911', 'http://www.gutenberg.org/files/42911/Bizet-Variations_Chromatiques_de_concert/Bizet-Variations_Chromatiques_de_concert_var_02.mid', 'audio/midi' );
INSERT INTO files ( gid, file, mime ) VALUES ( '42911', 'http://www.gutenberg.org/files/42911/Bizet-Variations_Chromatiques_de_concert/Bizet-Variations_Chromatiques_de_concert_var_02_A4.pdf', 'application/pdf' );
INSERT INTO files ( gid, file, mime ) VALUES ( '42911', 'http://www.gutenberg.org/files/42911/Bizet-Variations_Chromatiques_de_concert/Bizet-Variations_Chromatiques_de_concert_var_02_letter.pdf', 'application/pdf' );
INSERT INTO files ( gid, file, mime ) VALUES ( '42911', 'http://www.gutenberg.org/files/42911/Bizet-Variations_Chromatiques_de_concert/Bizet-Variations_Chromatiques_de_concert_var_03.mid', 'audio/midi' );
INSERT INTO files ( gid, file, mime ) VALUES ( '42911', 'http://www.gutenberg.org/files/42911/Bizet-Variations_Chromatiques_de_concert/Bizet-Variations_Chromatiques_de_concert_var_03_A4.pdf', 'application/pdf' );
INSERT INTO files ( gid, file, mime ) VALUES ( '42911', 'http://www.gutenberg.org/files/42911/Bizet-Variations_Chromatiques_de_concert/Bizet-Variations_Chromatiques_de_concert_var_03_letter.pdf', 'application/pdf' );
INSERT INTO files ( gid, file, mime ) VALUES ( '42911', 'http://www.gutenberg.org/files/42911/Bizet-Variations_Chromatiques_de_concert/Bizet-Variations_Chromatiques_de_concert_var_04.mid', 'audio/midi' );
INSERT INTO files ( gid, file, mime ) VALUES ( '42911', 'http://www.gutenberg.org/files/42911/Bizet-Variations_Chromatiques_de_concert/Bizet-Variations_Chromatiques_de_concert_var_04_A4.pdf', 'application/pdf' );
INSERT INTO files ( gid, file, mime ) VALUES ( '42911', 'http://www.gutenberg.org/files/42911/Bizet-Variations_Chromatiques_de_concert/Bizet-Variations_Chromatiques_de_concert_var_04_letter.pdf', 'application/pdf' );
INSERT INTO files ( gid, file, mime ) VALUES ( '42911', 'http://www.gutenberg.org/files/42911/Bizet-Variations_Chromatiques_de_concert/Bizet-Variations_Chromatiques_de_concert_var_05.mid', 'audio/midi' );
INSERT INTO files ( gid, file, mime ) VALUES ( '42911', 'http://www.gutenberg.org/files/42911/Bizet-Variations_Chromatiques_de_concert/Bizet-Variations_Chromatiques_de_concert_var_05_A4.pdf', 'application/pdf' );
INSERT INTO files ( gid, file, mime ) VALUES ( '42911', 'http://www.gutenberg.org/files/42911/Bizet-Variations_Chromatiques_de_concert/Bizet-Variations_Chromatiques_de_concert_var_05_letter.pdf', 'application/pdf' );
INSERT INTO files ( gid, file, mime ) VALUES ( '42911', 'http://www.gutenberg.org/files/42911/Bizet-Variations_Chromatiques_de_concert/Bizet-Variations_Chromatiques_de_concert_var_06.mid', 'audio/midi' );
INSERT INTO files ( gid, file, mime ) VALUES ( '42911', 'http://www.gutenberg.org/files/42911/Bizet-Variations_Chromatiques_de_concert/Bizet-Variations_Chromatiques_de_concert_var_06_A4.pdf', 'application/pdf' );
INSERT INTO files ( gid, file, mime ) VALUES ( '42911', 'http://www.gutenberg.org/files/42911/Bizet-Variations_Chromatiques_de_concert/Bizet-Variations_Chromatiques_de_concert_var_06_letter.pdf', 'application/pdf' );
INSERT INTO files ( gid, file, mime ) VALUES ( '42911', 'http://www.gutenberg.org/files/42911/Bizet-Variations_Chromatiques_de_concert/Bizet-Variations_Chromatiques_de_concert_var_07.mid', 'audio/midi' );
INSERT INTO files ( gid, file, mime ) VALUES ( '42911', 'http://www.gutenberg.org/files/42911/Bizet-Variations_Chromatiques_de_concert/Bizet-Variations_Chromatiques_de_concert_var_07_A4.pdf', 'application/pdf' );
INSERT INTO files ( gid, file, mime ) VALUES ( '42911', 'http://www.gutenberg.org/files/42911/Bizet-Variations_Chromatiques_de_concert/Bizet-Variations_Chromatiques_de_concert_var_07_letter.pdf', 'application/pdf' );
INSERT INTO files ( gid, file, mime ) VALUES ( '42911', 'http://www.gutenberg.org/files/42911/Bizet-Variations_Chromatiques_de_concert/Bizet-Variations_Chromatiques_de_concert_var_08.mid', 'audio/midi' );
INSERT INTO files ( gid, file, mime ) VALUES ( '42911', 'http://www.gutenberg.org/files/42911/Bizet-Variations_Chromatiques_de_concert/Bizet-Variations_Chromatiques_de_concert_var_08_A4.pdf', 'application/pdf' );
INSERT INTO files ( gid, file, mime ) VALUES ( '42911', 'http://www.gutenberg.org/files/42911/Bizet-Variations_Chromatiques_de_concert/Bizet-Variations_Chromatiques_de_concert_var_08_letter.pdf', 'application/pdf' );
INSERT INTO files ( gid, file, mime ) VALUES ( '42911', 'http://www.gutenberg.org/files/42911/Bizet-Variations_Chromatiques_de_concert/Bizet-Variations_Chromatiques_de_concert_var_09.mid', 'audio/midi' );
INSERT INTO files ( gid, file, mime ) VALUES ( '42911', 'http://www.gutenberg.org/files/42911/Bizet-Variations_Chromatiques_de_concert/Bizet-Variations_Chromatiques_de_concert_var_09_A4.pdf', 'application/pdf' );
INSERT INTO files ( gid, file, mime ) VALUES ( '42911', 'http://www.gutenberg.org/files/42911/Bizet-Variations_Chromatiques_de_concert/Bizet-Variations_Chromatiques_de_concert_var_09_letter.pdf', 'application/pdf' );
INSERT INTO files ( gid, file, mime ) VALUES ( '42911', 'http://www.gutenberg.org/files/42911/Bizet-Variations_Chromatiques_de_concert/Bizet-Variations_Chromatiques_de_concert_var_10.mid', 'audio/midi' );
INSERT INTO files ( gid, file, mime ) VALUES ( '42911', 'http://www.gutenberg.org/files/42911/Bizet-Variations_Chromatiques_de_concert/Bizet-Variations_Chromatiques_de_concert_var_10_A4.pdf', 'application/pdf' );
INSERT INTO files ( gid, file, mime ) VALUES ( '42911', 'http://www.gutenberg.org/files/42911/Bizet-Variations_Chromatiques_de_concert/Bizet-Variations_Chromatiques_de_concert_var_10_letter.pdf', 'application/pdf' );
INSERT INTO files ( gid, file, mime ) VALUES ( '42911', 'http://www.gutenberg.org/files/42911/Bizet-Variations_Chromatiques_de_concert/Bizet-Variations_Chromatiques_de_concert_var_11.mid', 'audio/midi' );
INSERT INTO files ( gid, file, mime ) VALUES ( '42911', 'http://www.gutenberg.org/files/42911/Bizet-Variations_Chromatiques_de_concert/Bizet-Variations_Chromatiques_de_concert_var_11_A4.pdf', 'application/pdf' );
INSERT INTO files ( gid, file, mime ) VALUES ( '42911', 'http://www.gutenberg.org/files/42911/Bizet-Variations_Chromatiques_de_concert/Bizet-Variations_Chromatiques_de_concert_var_11_letter.pdf', 'application/pdf' );
INSERT INTO files ( gid, file, mime ) VALUES ( '42911', 'http://www.gutenberg.org/files/42911/Bizet-Variations_Chromatiques_de_concert/Bizet-Variations_Chromatiques_de_concert_var_12.mid', 'audio/midi' );
INSERT INTO files ( gid, file, mime ) VALUES ( '42911', 'http://www.gutenberg.org/files/42911/Bizet-Variations_Chromatiques_de_concert/Bizet-Variations_Chromatiques_de_concert_var_12_A4.pdf', 'application/pdf' );
INSERT INTO files ( gid, file, mime ) VALUES ( '42911', 'http://www.gutenberg.org/files/42911/Bizet-Variations_Chromatiques_de_concert/Bizet-Variations_Chromatiques_de_concert_var_12_letter.pdf', 'application/pdf' );
INSERT INTO files ( gid, file, mime ) VALUES ( '42911', 'http://www.gutenberg.org/files/42911/Bizet-Variations_Chromatiques_de_concert/Bizet-Variations_Chromatiques_de_concert_var_13.mid', 'audio/midi' );
INSERT INTO files ( gid, file, mime ) VALUES ( '42911', 'http://www.gutenberg.org/files/42911/Bizet-Variations_Chromatiques_de_concert/Bizet-Variations_Chromatiques_de_concert_var_13_A4.pdf', 'application/pdf' );
INSERT INTO files ( gid, file, mime ) VALUES ( '42911', 'http://www.gutenberg.org/files/42911/Bizet-Variations_Chromatiques_de_concert/Bizet-Variations_Chromatiques_de_concert_var_13_letter.pdf', 'application/pdf' );
INSERT INTO files ( gid, file, mime ) VALUES ( '42911', 'http://www.gutenberg.org/files/42911/Bizet-Variations_Chromatiques_de_concert/Bizet-Variations_Chromatiques_de_concert_var_14.mid', 'audio/midi' );
INSERT INTO files ( gid, file, mime ) VALUES ( '42911', 'http://www.gutenberg.org/files/42911/Bizet-Variations_Chromatiques_de_concert/Bizet-Variations_Chromatiques_de_concert_var_14_A4.pdf', 'application/pdf' );
INSERT INTO files ( gid, file, mime ) VALUES ( '42911', 'http://www.gutenberg.org/files/42911/Bizet-Variations_Chromatiques_de_concert/Bizet-Variations_Chromatiques_de_concert_var_14_letter.pdf', 'application/pdf' );
INSERT INTO files ( gid, file, mime ) VALUES ( '42911', 'http://www.gutenberg.org/files/42911/Bizet-Variations_Chromatiques_de_concert/Bizet-Variations_Chromatiques_de_concert_var_Coda.mid', 'audio/midi' );
INSERT INTO files ( gid, file, mime ) VALUES ( '42911', 'http://www.gutenberg.org/files/42911/Bizet-Variations_Chromatiques_de_concert/Bizet-Variations_Chromatiques_de_concert_var_Coda_A4.pdf', 'application/pdf' );
INSERT INTO files ( gid, file, mime ) VALUES ( '42911', 'http://www.gutenberg.org/files/42911/Bizet-Variations_Chromatiques_de_concert/Bizet-Variations_Chromatiques_de_concert_var_Coda_letter.pdf', 'application/pdf' );
INSERT INTO files ( gid, file, mime ) VALUES ( '42911', 'http://www.gutenberg.org/files/42911/Bizet-Variations_Chromatiques_de_concert_mp3.zip', 'application/zipapplication/octet-stream' );
INSERT INTO files ( gid, file, mime ) VALUES ( '42911', 'http://www.gutenberg.org/files/42911/Bizet-Variations_Chromatiques_de_concert_mp3/Bizet-Variations_Chromatiques_de_concert_Theme.mp3', 'audio/mpeg' );
INSERT INTO files ( gid, file, mime ) VALUES ( '42911', 'http://www.gutenberg.org/files/42911/Bizet-Variations_Chromatiques_de_concert_mp3/Bizet-Variations_Chromatiques_de_concert_var_01.mp3', 'audio/mpeg' );
INSERT INTO files ( gid, file, mime ) VALUES ( '42911', 'http://www.gutenberg.org/files/42911/Bizet-Variations_Chromatiques_de_concert_mp3/Bizet-Variations_Chromatiques_de_concert_var_02.mp3', 'audio/mpeg' );
INSERT INTO files ( gid, file, mime ) VALUES ( '42911', 'http://www.gutenberg.org/files/42911/Bizet-Variations_Chromatiques_de_concert_mp3/Bizet-Variations_Chromatiques_de_concert_var_03.mp3', 'audio/mpeg' );
INSERT INTO files ( gid, file, mime ) VALUES ( '42911', 'http://www.gutenberg.org/files/42911/Bizet-Variations_Chromatiques_de_concert_mp3/Bizet-Variations_Chromatiques_de_concert_var_04.mp3', 'audio/mpeg' );
INSERT INTO files ( gid, file, mime ) VALUES ( '42911', 'http://www.gutenberg.org/files/42911/Bizet-Variations_Chromatiques_de_concert_mp3/Bizet-Variations_Chromatiques_de_concert_var_05.mp3', 'audio/mpeg' );
INSERT INTO files ( gid, file, mime ) VALUES ( '42911', 'http://www.gutenberg.org/files/42911/Bizet-Variations_Chromatiques_de_concert_mp3/Bizet-Variations_Chromatiques_de_concert_var_06.mp3', 'audio/mpeg' );
INSERT INTO files ( gid, file, mime ) VALUES ( '42911', 'http://www.gutenberg.org/files/42911/Bizet-Variations_Chromatiques_de_concert_mp3/Bizet-Variations_Chromatiques_de_concert_var_07.mp3', 'audio/mpeg' );
INSERT INTO files ( gid, file, mime ) VALUES ( '42911', 'http://www.gutenberg.org/files/42911/Bizet-Variations_Chromatiques_de_concert_mp3/Bizet-Variations_Chromatiques_de_concert_var_08.mp3', 'audio/mpeg' );
INSERT INTO files ( gid, file, mime ) VALUES ( '42911', 'http://www.gutenberg.org/files/42911/Bizet-Variations_Chromatiques_de_concert_mp3/Bizet-Variations_Chromatiques_de_concert_var_09.mp3', 'audio/mpeg' );
INSERT INTO files ( gid, file, mime ) VALUES ( '42911', 'http://www.gutenberg.org/files/42911/Bizet-Variations_Chromatiques_de_concert_mp3/Bizet-Variations_Chromatiques_de_concert_var_10.mp3', 'audio/mpeg' );
INSERT INTO files ( gid, file, mime ) VALUES ( '42911', 'http://www.gutenberg.org/files/42911/Bizet-Variations_Chromatiques_de_concert_mp3/Bizet-Variations_Chromatiques_de_concert_var_11.mp3', 'audio/mpeg' );
INSERT INTO files ( gid, file, mime ) VALUES ( '42911', 'http://www.gutenberg.org/files/42911/Bizet-Variations_Chromatiques_de_concert_mp3/Bizet-Variations_Chromatiques_de_concert_var_12.mp3', 'audio/mpeg' );
INSERT INTO files ( gid, file, mime ) VALUES ( '42911', 'http://www.gutenberg.org/files/42911/Bizet-Variations_Chromatiques_de_concert_mp3/Bizet-Variations_Chromatiques_de_concert_var_13.mp3', 'audio/mpeg' );
INSERT INTO files ( gid, file, mime ) VALUES ( '42911', 'http://www.gutenberg.org/files/42911/Bizet-Variations_Chromatiques_de_concert_mp3/Bizet-Variations_Chromatiques_de_concert_var_14.mp3', 'audio/mpeg' );
INSERT INTO files ( gid, file, mime ) VALUES ( '42911', 'http://www.gutenberg.org/files/42911/Bizet-Variations_Chromatiques_de_concert_mp3/Bizet-Variations_Chromatiques_de_concert_var_Coda.mp3', 'audio/mpeg' );
INSERT INTO titles ( gid, title, author, language, rights ) VALUES ( '43111', 'The Personal History of David Copperfield', 'Dickens, Charles', 'en', 'Public domain in the USA.' );
INSERT INTO classifications ( gid, classification ) VALUES ( '43111', 'PR' );
INSERT INTO subjects ( gid, subject ) VALUES ( '43111', 'Stepfathers -- Fiction' );
INSERT INTO subjects ( gid, subject ) VALUES ( '43111', 'Child labor -- Fiction' );
INSERT INTO subjects ( gid, subject ) VALUES ( '43111', 'Orphans -- Fiction' );
INSERT INTO subjects ( gid, subject ) VALUES ( '43111', 'Boys -- Fiction' );
INSERT INTO subjects ( gid, subject ) VALUES ( '43111', 'Autobiographical fiction' );
INSERT INTO subjects ( gid, subject ) VALUES ( '43111', 'England -- Fiction' );
INSERT INTO subjects ( gid, subject ) VALUES ( '43111', 'Young men -- Fiction' );
INSERT INTO subjects ( gid, subject ) VALUES ( '43111', 'Bildungsromans' );
INSERT INTO files ( gid, file, mime ) VALUES ( '43111', 'http://www.gutenberg.org/cache/epub/43111/pg43111.cover.medium.jpg', 'image/jpeg' );
INSERT INTO files ( gid, file, mime ) VALUES ( '43111', 'http://www.gutenberg.org/cache/epub/43111/pg43111.cover.small.jpg', 'image/jpeg' );
INSERT INTO files ( gid, file, mime ) VALUES ( '43111', 'http://www.gutenberg.org/ebooks/43111.epub.images', 'application/epub+zip' );
INSERT INTO files ( gid, file, mime ) VALUES ( '43111', 'http://www.gutenberg.org/ebooks/43111.epub.noimages', 'application/epub+zip' );
INSERT INTO files ( gid, file, mime ) VALUES ( '43111', 'http://www.gutenberg.org/ebooks/43111.kindle.images', 'application/x-mobipocket-ebook' );
INSERT INTO files ( gid, file, mime ) VALUES ( '43111', 'http://www.gutenberg.org/ebooks/43111.kindle.noimages', 'application/x-mobipocket-ebook' );
INSERT INTO files ( gid, file, mime ) VALUES ( '43111', 'http://www.gutenberg.org/ebooks/43111.rdf', 'application/rdf+xml' );
INSERT INTO files ( gid, file, mime ) VALUES ( '43111', 'http://www.gutenberg.org/ebooks/43111.txt.utf-8', 'text/plain' );
INSERT INTO files ( gid, file, mime ) VALUES ( '43111', 'http://www.gutenberg.org/files/43111/43111-8.txt', 'text/plain; charset=iso-8859-1' );
INSERT INTO files ( gid, file, mime ) VALUES ( '43111', 'http://www.gutenberg.org/files/43111/43111-8.zip', 'application/ziptext/plain; charset=iso-8859-1' );
INSERT INTO files ( gid, file, mime ) VALUES ( '43111', 'http://www.gutenberg.org/files/43111/43111-h.zip', 'text/htmlapplication/zip' );
INSERT INTO files ( gid, file, mime ) VALUES ( '43111', 'http://www.gutenberg.org/files/43111/43111-h/43111-h.htm', 'text/html' );
INSERT INTO files ( gid, file, mime ) VALUES ( '43111', 'http://www.gutenberg.org/files/43111/43111.txt', 'text/plain; charset=us-ascii' );
INSERT INTO files ( gid, file, mime ) VALUES ( '43111', 'http://www.gutenberg.org/files/43111/43111.zip', 'text/plain; charset=us-asciiapplication/zip' );
INSERT INTO titles ( gid, title, author, language, rights ) VALUES ( '4311', 'The Emancipated', 'Gissing, George', 'en', 'Public domain in the USA.' );
INSERT INTO classifications ( gid, classification ) VALUES ( '4311', 'PR' );
INSERT INTO subjects ( gid, subject ) VALUES ( '4311', 'English fiction -- 19th century' );
INSERT INTO files ( gid, file, mime ) VALUES ( '4311', 'http://www.gutenberg.org/ebooks/4311.epub.images', 'application/epub+zip' );
INSERT INTO files ( gid, file, mime ) VALUES ( '4311', 'http://www.gutenberg.org/ebooks/4311.epub.noimages', 'application/epub+zip' );
INSERT INTO files ( gid, file, mime ) VALUES ( '4311', 'http://www.gutenberg.org/ebooks/4311.kindle.images', 'application/x-mobipocket-ebook' );
INSERT INTO files ( gid, file, mime ) VALUES ( '4311', 'http://www.gutenberg.org/ebooks/4311.kindle.noimages', 'application/x-mobipocket-ebook' );
INSERT INTO files ( gid, file, mime ) VALUES ( '4311', 'http://www.gutenberg.org/ebooks/4311.rdf', 'application/rdf+xml' );
INSERT INTO files ( gid, file, mime ) VALUES ( '4311', 'http://www.gutenberg.org/ebooks/4311.txt.utf-8', 'text/plain' );
INSERT INTO files ( gid, file, mime ) VALUES ( '4311', 'http://www.gutenberg.org/files/4311/4311-h.zip', 'application/ziptext/html; charset=iso-8859-1' );
INSERT INTO files ( gid, file, mime ) VALUES ( '4311', 'http://www.gutenberg.org/files/4311/4311-h/4311-h.htm', 'text/html; charset=iso-8859-1' );
INSERT INTO files ( gid, file, mime ) VALUES ( '4311', 'http://www.gutenberg.org/files/4311/4311.txt', 'text/plain; charset=us-ascii' );
INSERT INTO files ( gid, file, mime ) VALUES ( '4311', 'http://www.gutenberg.org/files/4311/4311.zip', 'text/plain; charset=us-asciiapplication/zip' );
INSERT INTO titles ( gid, title, author, language, rights ) VALUES ( '43211', 'English Economic History: Select Documents', '', 'en', 'Public domain in the USA.' );
INSERT INTO classifications ( gid, classification ) VALUES ( '43211', 'HC' );
INSERT INTO subjects ( gid, subject ) VALUES ( '43211', 'Great Britain -- Economic conditions' );
INSERT INTO subjects ( gid, subject ) VALUES ( '43211', 'Great Britain -- Social conditions' );
INSERT INTO files ( gid, file, mime ) VALUES ( '43211', 'http://www.gutenberg.org/ebooks/43211.epub.images', 'application/epub+zip' );
INSERT INTO files ( gid, file, mime ) VALUES ( '43211', 'http://www.gutenberg.org/ebooks/43211.epub.noimages', 'application/epub+zip' );
INSERT INTO files ( gid, file, mime ) VALUES ( '43211', 'http://www.gutenberg.org/ebooks/43211.kindle.images', 'application/x-mobipocket-ebook' );
INSERT INTO files ( gid, file, mime ) VALUES ( '43211', 'http://www.gutenberg.org/ebooks/43211.kindle.noimages', 'application/x-mobipocket-ebook' );
INSERT INTO files ( gid, file, mime ) VALUES ( '43211', 'http://www.gutenberg.org/ebooks/43211.rdf', 'application/rdf+xml' );
INSERT INTO files ( gid, file, mime ) VALUES ( '43211', 'http://www.gutenberg.org/ebooks/43211.txt.utf-8', 'text/plain' );
INSERT INTO files ( gid, file, mime ) VALUES ( '43211', 'http://www.gutenberg.org/files/43211/43211-8.txt', 'text/plain; charset=iso-8859-1' );
INSERT INTO files ( gid, file, mime ) VALUES ( '43211', 'http://www.gutenberg.org/files/43211/43211-8.zip', 'text/plain; charset=iso-8859-1application/zip' );
INSERT INTO files ( gid, file, mime ) VALUES ( '43211', 'http://www.gutenberg.org/files/43211/43211-h.zip', 'text/html; charset=iso-8859-1application/zip' );
INSERT INTO files ( gid, file, mime ) VALUES ( '43211', 'http://www.gutenberg.org/files/43211/43211-h/43211-h.htm', 'text/html; charset=iso-8859-1' );
INSERT INTO files ( gid, file, mime ) VALUES ( '43211', 'http://www.gutenberg.org/files/43211/43211.txt', 'text/plain; charset=us-ascii' );
INSERT INTO files ( gid, file, mime ) VALUES ( '43211', 'http://www.gutenberg.org/files/43211/43211.zip', 'application/ziptext/plain; charset=us-ascii' );
INSERT INTO titles ( gid, title, author, language, rights ) VALUES ( '43311', 'Histoire de France 1466-1483 (Volume 8/19)', 'Michelet, Jules', 'fr', 'Public domain in the USA.' );
INSERT INTO classifications ( gid, classification ) VALUES ( '43311', 'DC' );
INSERT INTO subjects ( gid, subject ) VALUES ( '43311', 'France -- History' );
INSERT INTO files ( gid, file, mime ) VALUES ( '43311', 'http://www.gutenberg.org/ebooks/43311.epub.images', 'application/epub+zip' );
INSERT INTO files ( gid, file, mime ) VALUES ( '43311', 'http://www.gutenberg.org/ebooks/43311.epub.noimages', 'application/epub+zip' );
INSERT INTO files ( gid, file, mime ) VALUES ( '43311', 'http://www.gutenberg.org/ebooks/43311.kindle.images', 'application/x-mobipocket-ebook' );
INSERT INTO files ( gid, file, mime ) VALUES ( '43311', 'http://www.gutenberg.org/ebooks/43311.kindle.noimages', 'application/x-mobipocket-ebook' );
INSERT INTO files ( gid, file, mime ) VALUES ( '43311', 'http://www.gutenberg.org/ebooks/43311.rdf', 'application/rdf+xml' );
INSERT INTO files ( gid, file, mime ) VALUES ( '43311', 'http://www.gutenberg.org/ebooks/43311.txt.utf-8', 'text/plain' );
INSERT INTO files ( gid, file, mime ) VALUES ( '43311', 'http://www.gutenberg.org/files/43311/43311-8.txt', 'text/plain; charset=iso-8859-1' );
INSERT INTO files ( gid, file, mime ) VALUES ( '43311', 'http://www.gutenberg.org/files/43311/43311-8.zip', 'application/ziptext/plain; charset=iso-8859-1' );
INSERT INTO files ( gid, file, mime ) VALUES ( '43311', 'http://www.gutenberg.org/files/43311/43311-h.zip', 'text/html; charset=iso-8859-1application/zip' );
INSERT INTO files ( gid, file, mime ) VALUES ( '43311', 'http://www.gutenberg.org/files/43311/43311-h/43311-h.htm', 'text/html; charset=iso-8859-1' );
INSERT INTO titles ( gid, title, author, language, rights ) VALUES ( '43411', 'Life of Mozart, Vol. 1 (of 3)', 'Jahn, Otto', 'en', 'Public domain in the USA.' );
INSERT INTO classifications ( gid, classification ) VALUES ( '43411', 'ML' );
INSERT INTO subjects ( gid, subject ) VALUES ( '43411', 'Mozart, Wolfgang Amadeus, 1756-1791' );
INSERT INTO files ( gid, file, mime ) VALUES ( '43411', 'http://www.gutenberg.org/cache/epub/43411/pg43411.cover.medium.jpg', 'image/jpeg' );
INSERT INTO files ( gid, file, mime ) VALUES ( '43411', 'http://www.gutenberg.org/cache/epub/43411/pg43411.cover.small.jpg', 'image/jpeg' );
INSERT INTO files ( gid, file, mime ) VALUES ( '43411', 'http://www.gutenberg.org/ebooks/43411.epub.noimages', 'application/epub+zip' );
INSERT INTO files ( gid, file, mime ) VALUES ( '43411', 'http://www.gutenberg.org/ebooks/43411.kindle.noimages', 'application/x-mobipocket-ebook' );
INSERT INTO files ( gid, file, mime ) VALUES ( '43411', 'http://www.gutenberg.org/ebooks/43411.rdf', 'application/rdf+xml' );
INSERT INTO files ( gid, file, mime ) VALUES ( '43411', 'http://www.gutenberg.org/ebooks/43411.txt.utf-8', 'text/plain' );
INSERT INTO files ( gid, file, mime ) VALUES ( '43411', 'http://www.gutenberg.org/files/43411/43411-8.txt', 'text/plain; charset=iso-8859-1' );
INSERT INTO files ( gid, file, mime ) VALUES ( '43411', 'http://www.gutenberg.org/files/43411/43411-8.zip', 'text/plain; charset=iso-8859-1application/zip' );
INSERT INTO files ( gid, file, mime ) VALUES ( '43411', 'http://www.gutenberg.org/files/43411/43411-h.zip', 'text/html; charset=iso-8859-1application/zip' );
INSERT INTO files ( gid, file, mime ) VALUES ( '43411', 'http://www.gutenberg.org/files/43411/43411-h/43411-h.htm', 'text/html; charset=iso-8859-1' );
INSERT INTO files ( gid, file, mime ) VALUES ( '43411', 'http://www.gutenberg.org/files/43411/43411.txt', 'text/plain; charset=us-ascii' );
INSERT INTO files ( gid, file, mime ) VALUES ( '43411', 'http://www.gutenberg.org/files/43411/43411.zip', 'text/plain; charset=us-asciiapplication/zip' );
INSERT INTO titles ( gid, title, author, language, rights ) VALUES ( '43511', 'I fantasmi: Dramma in quattro atti (Taken from Roberto Bracco Teatro, Vol. VII)', 'Bracco, Roberto', 'it', 'Public domain in the USA.' );
INSERT INTO classifications ( gid, classification ) VALUES ( '43511', 'PQ' );
INSERT INTO subjects ( gid, subject ) VALUES ( '43511', 'Italian drama' );
INSERT INTO files ( gid, file, mime ) VALUES ( '43511', 'http://www.gutenberg.org/cache/epub/43511/pg43511.cover.medium.jpg', 'image/jpeg' );
INSERT INTO files ( gid, file, mime ) VALUES ( '43511', 'http://www.gutenberg.org/cache/epub/43511/pg43511.cover.small.jpg', 'image/jpeg' );
INSERT INTO files ( gid, file, mime ) VALUES ( '43511', 'http://www.gutenberg.org/ebooks/43511.epub.images', 'application/epub+zip' );
INSERT INTO files ( gid, file, mime ) VALUES ( '43511', 'http://www.gutenberg.org/ebooks/43511.epub.noimages', 'application/epub+zip' );
INSERT INTO files ( gid, file, mime ) VALUES ( '43511', 'http://www.gutenberg.org/ebooks/43511.kindle.images', 'application/x-mobipocket-ebook' );
INSERT INTO files ( gid, file, mime ) VALUES ( '43511', 'http://www.gutenberg.org/ebooks/43511.kindle.noimages', 'application/x-mobipocket-ebook' );
INSERT INTO files ( gid, file, mime ) VALUES ( '43511', 'http://www.gutenberg.org/ebooks/43511.rdf', 'application/rdf+xml' );
INSERT INTO files ( gid, file, mime ) VALUES ( '43511', 'http://www.gutenberg.org/ebooks/43511.txt.utf-8', 'text/plain' );
INSERT INTO files ( gid, file, mime ) VALUES ( '43511', 'http://www.gutenberg.org/files/43511/43511-8.txt', 'text/plain; charset=iso-8859-1' );
INSERT INTO files ( gid, file, mime ) VALUES ( '43511', 'http://www.gutenberg.org/files/43511/43511-8.zip', 'application/ziptext/plain; charset=iso-8859-1' );
INSERT INTO files ( gid, file, mime ) VALUES ( '43511', 'http://www.gutenberg.org/files/43511/43511-h.zip', 'application/ziptext/html' );
INSERT INTO files ( gid, file, mime ) VALUES ( '43511', 'http://www.gutenberg.org/files/43511/43511-h/43511-h.htm', 'text/html' );
INSERT INTO titles ( gid, title, author, language, rights ) VALUES ( '43611', 'The Tables of the Law; & The Adoration of the Magi', 'Yeats, W. B. (William Butler)', 'en', 'Public domain in the USA.' );
INSERT INTO classifications ( gid, classification ) VALUES ( '43611', 'PR' );
INSERT INTO subjects ( gid, subject ) VALUES ( '43611', 'Loneliness -- Fiction' );
INSERT INTO subjects ( gid, subject ) VALUES ( '43611', 'Religion -- Fiction' );
INSERT INTO subjects ( gid, subject ) VALUES ( '43611', 'Mysticism -- Fiction' );
INSERT INTO subjects ( gid, subject ) VALUES ( '43611', 'Spiritual life -- Fiction' );
INSERT INTO files ( gid, file, mime ) VALUES ( '43611', 'http://www.gutenberg.org/cache/epub/43611/pg43611.cover.medium.jpg', 'image/jpeg' );
INSERT INTO files ( gid, file, mime ) VALUES ( '43611', 'http://www.gutenberg.org/cache/epub/43611/pg43611.cover.small.jpg', 'image/jpeg' );
INSERT INTO files ( gid, file, mime ) VALUES ( '43611', 'http://www.gutenberg.org/ebooks/43611.epub.images', 'application/epub+zip' );
INSERT INTO files ( gid, file, mime ) VALUES ( '43611', 'http://www.gutenberg.org/ebooks/43611.epub.noimages', 'application/epub+zip' );
INSERT INTO files ( gid, file, mime ) VALUES ( '43611', 'http://www.gutenberg.org/ebooks/43611.kindle.images', 'application/x-mobipocket-ebook' );
INSERT INTO files ( gid, file, mime ) VALUES ( '43611', 'http://www.gutenberg.org/ebooks/43611.kindle.noimages', 'application/x-mobipocket-ebook' );
INSERT INTO files ( gid, file, mime ) VALUES ( '43611', 'http://www.gutenberg.org/ebooks/43611.rdf', 'application/rdf+xml' );
INSERT INTO files ( gid, file, mime ) VALUES ( '43611', 'http://www.gutenberg.org/ebooks/43611.txt.utf-8', 'text/plain' );
INSERT INTO files ( gid, file, mime ) VALUES ( '43611', 'http://www.gutenberg.org/files/43611/43611-8.txt', 'text/plain; charset=iso-8859-1' );
INSERT INTO files ( gid, file, mime ) VALUES ( '43611', 'http://www.gutenberg.org/files/43611/43611-8.zip', 'application/ziptext/plain; charset=iso-8859-1' );
INSERT INTO files ( gid, file, mime ) VALUES ( '43611', 'http://www.gutenberg.org/files/43611/43611-h.zip', 'application/ziptext/html; charset=iso-8859-1' );
INSERT INTO files ( gid, file, mime ) VALUES ( '43611', 'http://www.gutenberg.org/files/43611/43611-h/43611-h.htm', 'text/html; charset=iso-8859-1' );
INSERT INTO files ( gid, file, mime ) VALUES ( '43611', 'http://www.gutenberg.org/files/43611/43611.txt', 'text/plain; charset=us-ascii' );
INSERT INTO files ( gid, file, mime ) VALUES ( '43611', 'http://www.gutenberg.org/files/43611/43611.zip', 'application/ziptext/plain; charset=us-ascii' );
INSERT INTO titles ( gid, title, author, language, rights ) VALUES ( '43711', 'A History of Chinese Literature', 'Giles, Herbert Allen', 'en', 'Public domain in the USA.' );
INSERT INTO classifications ( gid, classification ) VALUES ( '43711', 'PL' );
INSERT INTO subjects ( gid, subject ) VALUES ( '43711', 'Chinese literature -- History and criticism' );
INSERT INTO files ( gid, file, mime ) VALUES ( '43711', 'http://www.gutenberg.org/cache/epub/43711/pg43711.cover.medium.jpg', 'image/jpeg' );
INSERT INTO files ( gid, file, mime ) VALUES ( '43711', 'http://www.gutenberg.org/cache/epub/43711/pg43711.cover.small.jpg', 'image/jpeg' );
INSERT INTO files ( gid, file, mime ) VALUES ( '43711', 'http://www.gutenberg.org/ebooks/43711.epub.images', 'application/epub+zip' );
INSERT INTO files ( gid, file, mime ) VALUES ( '43711', 'http://www.gutenberg.org/ebooks/43711.epub.noimages', 'application/epub+zip' );
INSERT INTO files ( gid, file, mime ) VALUES ( '43711', 'http://www.gutenberg.org/ebooks/43711.kindle.images', 'application/x-mobipocket-ebook' );
INSERT INTO files ( gid, file, mime ) VALUES ( '43711', 'http://www.gutenberg.org/ebooks/43711.kindle.noimages', 'application/x-mobipocket-ebook' );
INSERT INTO files ( gid, file, mime ) VALUES ( '43711', 'http://www.gutenberg.org/ebooks/43711.rdf', 'application/rdf+xml' );
INSERT INTO files ( gid, file, mime ) VALUES ( '43711', 'http://www.gutenberg.org/files/43711/43711-0.txt', 'text/plain; charset=utf-8' );
INSERT INTO files ( gid, file, mime ) VALUES ( '43711', 'http://www.gutenberg.org/files/43711/43711-0.zip', 'application/ziptext/plain; charset=utf-8' );
INSERT INTO files ( gid, file, mime ) VALUES ( '43711', 'http://www.gutenberg.org/files/43711/43711-8.txt', 'text/plain; charset=iso-8859-1' );
INSERT INTO files ( gid, file, mime ) VALUES ( '43711', 'http://www.gutenberg.org/files/43711/43711-8.zip', 'text/plain; charset=iso-8859-1application/zip' );
INSERT INTO files ( gid, file, mime ) VALUES ( '43711', 'http://www.gutenberg.org/files/43711/43711-h.zip', 'text/html; charset=utf-8application/zip' );
INSERT INTO files ( gid, file, mime ) VALUES ( '43711', 'http://www.gutenberg.org/files/43711/43711-h/43711-h.htm', 'text/html; charset=utf-8' );
INSERT INTO files ( gid, file, mime ) VALUES ( '43711', 'http://www.gutenberg.org/files/43711/43711.txt', 'text/plain; charset=us-ascii' );
INSERT INTO files ( gid, file, mime ) VALUES ( '43711', 'http://www.gutenberg.org/files/43711/43711.zip', 'text/plain; charset=us-asciiapplication/zip' );
INSERT INTO titles ( gid, title, author, language, rights ) VALUES ( '43811', 'Merkland; or, Self Sacrifice', 'Oliphant, Mrs. (Margaret)', 'en', 'Public domain in the USA.' );
INSERT INTO classifications ( gid, classification ) VALUES ( '43811', 'PR' );
INSERT INTO subjects ( gid, subject ) VALUES ( '43811', 'Scotland -- Fiction' );
INSERT INTO files ( gid, file, mime ) VALUES ( '43811', 'http://www.gutenberg.org/cache/epub/43811/pg43811.cover.medium.jpg', 'image/jpeg' );
INSERT INTO files ( gid, file, mime ) VALUES ( '43811', 'http://www.gutenberg.org/cache/epub/43811/pg43811.cover.small.jpg', 'image/jpeg' );
INSERT INTO files ( gid, file, mime ) VALUES ( '43811', 'http://www.gutenberg.org/ebooks/43811.epub.images', 'application/epub+zip' );
INSERT INTO files ( gid, file, mime ) VALUES ( '43811', 'http://www.gutenberg.org/ebooks/43811.epub.noimages', 'application/epub+zip' );
INSERT INTO files ( gid, file, mime ) VALUES ( '43811', 'http://www.gutenberg.org/ebooks/43811.kindle.images', 'application/x-mobipocket-ebook' );
INSERT INTO files ( gid, file, mime ) VALUES ( '43811', 'http://www.gutenberg.org/ebooks/43811.kindle.noimages', 'application/x-mobipocket-ebook' );
INSERT INTO files ( gid, file, mime ) VALUES ( '43811', 'http://www.gutenberg.org/ebooks/43811.rdf', 'application/rdf+xml' );
INSERT INTO files ( gid, file, mime ) VALUES ( '43811', 'http://www.gutenberg.org/ebooks/43811.txt.utf-8', 'text/plain' );
INSERT INTO files ( gid, file, mime ) VALUES ( '43811', 'http://www.gutenberg.org/files/43811/43811-8.txt', 'text/plain; charset=iso-8859-1' );
INSERT INTO files ( gid, file, mime ) VALUES ( '43811', 'http://www.gutenberg.org/files/43811/43811-8.zip', 'text/plain; charset=iso-8859-1application/zip' );
INSERT INTO files ( gid, file, mime ) VALUES ( '43811', 'http://www.gutenberg.org/files/43811/43811-h.zip', 'text/html; charset=utf-8application/zip' );
INSERT INTO files ( gid, file, mime ) VALUES ( '43811', 'http://www.gutenberg.org/files/43811/43811-h/43811-h.htm', 'text/html; charset=utf-8' );
INSERT INTO files ( gid, file, mime ) VALUES ( '43811', 'http://www.gutenberg.org/files/43811/43811.txt', 'text/plain; charset=us-ascii' );
INSERT INTO files ( gid, file, mime ) VALUES ( '43811', 'http://www.gutenberg.org/files/43811/43811.zip', 'application/ziptext/plain; charset=us-ascii' );
INSERT INTO titles ( gid, title, author, language, rights ) VALUES ( '43911', 'A Dreadful Temptation; or, A Young Wife''s Ambition', 'Miller, Alex. McVeigh, Mrs.', 'en', 'Public domain in the USA.' );
INSERT INTO classifications ( gid, classification ) VALUES ( '43911', 'PS' );
INSERT INTO subjects ( gid, subject ) VALUES ( '43911', 'Revenge -- Fiction' );
INSERT INTO subjects ( gid, subject ) VALUES ( '43911', 'Man-woman relationships -- Fiction' );
INSERT INTO files ( gid, file, mime ) VALUES ( '43911', 'http://www.gutenberg.org/cache/epub/43911/pg43911.cover.medium.jpg', 'image/jpeg' );
INSERT INTO files ( gid, file, mime ) VALUES ( '43911', 'http://www.gutenberg.org/cache/epub/43911/pg43911.cover.small.jpg', 'image/jpeg' );
INSERT INTO files ( gid, file, mime ) VALUES ( '43911', 'http://www.gutenberg.org/ebooks/43911.epub.images', 'application/epub+zip' );
INSERT INTO files ( gid, file, mime ) VALUES ( '43911', 'http://www.gutenberg.org/ebooks/43911.epub.noimages', 'application/epub+zip' );
INSERT INTO files ( gid, file, mime ) VALUES ( '43911', 'http://www.gutenberg.org/ebooks/43911.kindle.images', 'application/x-mobipocket-ebook' );
INSERT INTO files ( gid, file, mime ) VALUES ( '43911', 'http://www.gutenberg.org/ebooks/43911.kindle.noimages', 'application/x-mobipocket-ebook' );
INSERT INTO files ( gid, file, mime ) VALUES ( '43911', 'http://www.gutenberg.org/ebooks/43911.rdf', 'application/rdf+xml' );
INSERT INTO files ( gid, file, mime ) VALUES ( '43911', 'http://www.gutenberg.org/ebooks/43911.txt.utf-8', 'text/plain' );
INSERT INTO files ( gid, file, mime ) VALUES ( '43911', 'http://www.gutenberg.org/files/43911/43911-8.txt', 'text/plain; charset=iso-8859-1' );
INSERT INTO files ( gid, file, mime ) VALUES ( '43911', 'http://www.gutenberg.org/files/43911/43911-8.zip', 'text/plain; charset=iso-8859-1application/zip' );
INSERT INTO files ( gid, file, mime ) VALUES ( '43911', 'http://www.gutenberg.org/files/43911/43911-h.zip', 'application/ziptext/html; charset=iso-8859-1' );
INSERT INTO files ( gid, file, mime ) VALUES ( '43911', 'http://www.gutenberg.org/files/43911/43911-h/43911-h.htm', 'text/html; charset=iso-8859-1' );
INSERT INTO files ( gid, file, mime ) VALUES ( '43911', 'http://www.gutenberg.org/files/43911/43911.txt', 'text/plain; charset=us-ascii' );
INSERT INTO files ( gid, file, mime ) VALUES ( '43911', 'http://www.gutenberg.org/files/43911/43911.zip', 'application/ziptext/plain; charset=us-ascii' );
INSERT INTO titles ( gid, title, author, language, rights ) VALUES ( '44022', 'On the Development and Distribution of Primitive Locks and Keys', 'Pitt-Rivers, Augustus Henry Lane-Fox', 'en', 'Public domain in the USA.' );
INSERT INTO classifications ( gid, classification ) VALUES ( '44022', 'TS' );
INSERT INTO subjects ( gid, subject ) VALUES ( '44022', 'Locks and keys' );
INSERT INTO files ( gid, file, mime ) VALUES ( '44022', 'http://www.gutenberg.org/cache/epub/44022/pg44022.cover.medium.jpg', 'image/jpeg' );
INSERT INTO files ( gid, file, mime ) VALUES ( '44022', 'http://www.gutenberg.org/cache/epub/44022/pg44022.cover.small.jpg', 'image/jpeg' );
INSERT INTO files ( gid, file, mime ) VALUES ( '44022', 'http://www.gutenberg.org/ebooks/44022.epub.images', 'application/epub+zip' );
INSERT INTO files ( gid, file, mime ) VALUES ( '44022', 'http://www.gutenberg.org/ebooks/44022.epub.noimages', 'application/epub+zip' );
INSERT INTO files ( gid, file, mime ) VALUES ( '44022', 'http://www.gutenberg.org/ebooks/44022.kindle.images', 'application/x-mobipocket-ebook' );
INSERT INTO files ( gid, file, mime ) VALUES ( '44022', 'http://www.gutenberg.org/ebooks/44022.kindle.noimages', 'application/x-mobipocket-ebook' );
INSERT INTO files ( gid, file, mime ) VALUES ( '44022', 'http://www.gutenberg.org/ebooks/44022.rdf', 'application/rdf+xml' );
INSERT INTO files ( gid, file, mime ) VALUES ( '44022', 'http://www.gutenberg.org/ebooks/44022.txt.utf-8', 'text/plain' );
INSERT INTO files ( gid, file, mime ) VALUES ( '44022', 'http://www.gutenberg.org/files/44022/44022-8.txt', 'text/plain; charset=iso-8859-1' );
INSERT INTO files ( gid, file, mime ) VALUES ( '44022', 'http://www.gutenberg.org/files/44022/44022-8.zip', 'text/plain; charset=iso-8859-1application/zip' );
INSERT INTO files ( gid, file, mime ) VALUES ( '44022', 'http://www.gutenberg.org/files/44022/44022-h.zip', 'text/html; charset=utf-8application/zip' );
INSERT INTO files ( gid, file, mime ) VALUES ( '44022', 'http://www.gutenberg.org/files/44022/44022-h/44022-h.htm', 'text/html; charset=utf-8' );
INSERT INTO files ( gid, file, mime ) VALUES ( '44022', 'http://www.gutenberg.org/files/44022/44022.txt', 'text/plain; charset=us-ascii' );
INSERT INTO files ( gid, file, mime ) VALUES ( '44022', 'http://www.gutenberg.org/files/44022/44022.zip', 'text/plain; charset=us-asciiapplication/zip' );
INSERT INTO titles ( gid, title, author, language, rights ) VALUES ( '44122', 'Silver Chimes in Syria: Glimpses of a Missionary''s Experiences', 'Nelson, William S.', 'en', 'Public domain in the USA.' );
INSERT INTO classifications ( gid, classification ) VALUES ( '44122', 'BV' );
INSERT INTO subjects ( gid, subject ) VALUES ( '44122', 'Missions -- Syria' );
INSERT INTO files ( gid, file, mime ) VALUES ( '44122', 'http://www.gutenberg.org/cache/epub/44122/pg44122.cover.medium.jpg', 'image/jpeg' );
INSERT INTO files ( gid, file, mime ) VALUES ( '44122', 'http://www.gutenberg.org/cache/epub/44122/pg44122.cover.small.jpg', 'image/jpeg' );
INSERT INTO files ( gid, file, mime ) VALUES ( '44122', 'http://www.gutenberg.org/ebooks/44122.epub.images', 'application/epub+zip' );
INSERT INTO files ( gid, file, mime ) VALUES ( '44122', 'http://www.gutenberg.org/ebooks/44122.epub.noimages', 'application/epub+zip' );
INSERT INTO files ( gid, file, mime ) VALUES ( '44122', 'http://www.gutenberg.org/ebooks/44122.kindle.images', 'application/x-mobipocket-ebook' );
INSERT INTO files ( gid, file, mime ) VALUES ( '44122', 'http://www.gutenberg.org/ebooks/44122.kindle.noimages', 'application/x-mobipocket-ebook' );
INSERT INTO files ( gid, file, mime ) VALUES ( '44122', 'http://www.gutenberg.org/ebooks/44122.rdf', 'application/rdf+xml' );
INSERT INTO files ( gid, file, mime ) VALUES ( '44122', 'http://www.gutenberg.org/ebooks/44122.txt.utf-8', 'text/plain' );
INSERT INTO files ( gid, file, mime ) VALUES ( '44122', 'http://www.gutenberg.org/files/44122/44122-8.txt', 'text/plain; charset=iso-8859-1' );
INSERT INTO files ( gid, file, mime ) VALUES ( '44122', 'http://www.gutenberg.org/files/44122/44122-8.zip', 'text/plain; charset=iso-8859-1application/zip' );
INSERT INTO files ( gid, file, mime ) VALUES ( '44122', 'http://www.gutenberg.org/files/44122/44122-h.zip', 'text/html; charset=iso-8859-1application/zip' );
INSERT INTO files ( gid, file, mime ) VALUES ( '44122', 'http://www.gutenberg.org/files/44122/44122-h/44122-h.htm', 'text/html; charset=iso-8859-1' );
INSERT INTO files ( gid, file, mime ) VALUES ( '44122', 'http://www.gutenberg.org/files/44122/44122.txt', 'text/plain; charset=us-ascii' );
INSERT INTO files ( gid, file, mime ) VALUES ( '44122', 'http://www.gutenberg.org/files/44122/44122.zip', 'text/plain; charset=us-asciiapplication/zip' );
INSERT INTO titles ( gid, title, author, language, rights ) VALUES ( '44222', 'Those Times and These', 'Cobb, Irvin S. (Irvin Shrewsbury)', 'en', 'Public domain in the USA.' );
INSERT INTO classifications ( gid, classification ) VALUES ( '44222', 'PS' );
INSERT INTO subjects ( gid, subject ) VALUES ( '44222', 'Short stories, American' );
INSERT INTO subjects ( gid, subject ) VALUES ( '44222', 'United States -- Social life and customs -- 20th century -- Fiction' );
INSERT INTO files ( gid, file, mime ) VALUES ( '44222', 'http://www.gutenberg.org/ebooks/44222.epub.images', 'application/epub+zip' );
INSERT INTO files ( gid, file, mime ) VALUES ( '44222', 'http://www.gutenberg.org/ebooks/44222.epub.noimages', 'application/epub+zip' );
INSERT INTO files ( gid, file, mime ) VALUES ( '44222', 'http://www.gutenberg.org/ebooks/44222.kindle.images', 'application/x-mobipocket-ebook' );
INSERT INTO files ( gid, file, mime ) VALUES ( '44222', 'http://www.gutenberg.org/ebooks/44222.kindle.noimages', 'application/x-mobipocket-ebook' );
INSERT INTO files ( gid, file, mime ) VALUES ( '44222', 'http://www.gutenberg.org/ebooks/44222.rdf', 'application/rdf+xml' );
INSERT INTO files ( gid, file, mime ) VALUES ( '44222', 'http://www.gutenberg.org/files/44222/44222-0.txt', 'text/plain; charset=utf-8' );
INSERT INTO files ( gid, file, mime ) VALUES ( '44222', 'http://www.gutenberg.org/files/44222/44222-0.zip', 'application/ziptext/plain; charset=utf-8' );
INSERT INTO files ( gid, file, mime ) VALUES ( '44222', 'http://www.gutenberg.org/files/44222/44222-8.txt', 'text/plain; charset=iso-8859-1' );
INSERT INTO files ( gid, file, mime ) VALUES ( '44222', 'http://www.gutenberg.org/files/44222/44222-8.zip', 'application/ziptext/plain; charset=iso-8859-1' );
INSERT INTO files ( gid, file, mime ) VALUES ( '44222', 'http://www.gutenberg.org/files/44222/44222-h.zip', 'text/html; charset=utf-8application/zip' );
INSERT INTO files ( gid, file, mime ) VALUES ( '44222', 'http://www.gutenberg.org/files/44222/44222-h/44222-h.htm', 'text/html; charset=utf-8' );
INSERT INTO files ( gid, file, mime ) VALUES ( '44222', 'http://www.gutenberg.org/files/44222/44222.txt', 'text/plain; charset=us-ascii' );
INSERT INTO files ( gid, file, mime ) VALUES ( '44222', 'http://www.gutenberg.org/files/44222/44222.zip', 'text/plain; charset=us-asciiapplication/zip' );
INSERT INTO titles ( gid, title, author, language, rights ) VALUES ( '4422', 'Rhoda Fleming — Volume 2', 'Meredith, George', 'en', 'Public domain in the USA.' );
INSERT INTO classifications ( gid, classification ) VALUES ( '4422', 'PR' );
INSERT INTO subjects ( gid, subject ) VALUES ( '4422', 'Farm life -- Fiction' );
INSERT INTO subjects ( gid, subject ) VALUES ( '4422', 'English fiction -- 19th century' );
INSERT INTO subjects ( gid, subject ) VALUES ( '4422', 'Middle class -- Fiction' );
INSERT INTO subjects ( gid, subject ) VALUES ( '4422', 'Great Britain -- Social life and customs -- 19th century -- Fiction' );
INSERT INTO files ( gid, file, mime ) VALUES ( '4422', 'http://www.gutenberg.org/ebooks/4422.epub.images', 'application/epub+zip' );
INSERT INTO files ( gid, file, mime ) VALUES ( '4422', 'http://www.gutenberg.org/ebooks/4422.epub.noimages', 'application/epub+zip' );
INSERT INTO files ( gid, file, mime ) VALUES ( '4422', 'http://www.gutenberg.org/ebooks/4422.html.images', 'text/html' );
INSERT INTO files ( gid, file, mime ) VALUES ( '4422', 'http://www.gutenberg.org/ebooks/4422.html.noimages', 'text/html' );
INSERT INTO files ( gid, file, mime ) VALUES ( '4422', 'http://www.gutenberg.org/ebooks/4422.kindle.images', 'application/x-mobipocket-ebook' );
INSERT INTO files ( gid, file, mime ) VALUES ( '4422', 'http://www.gutenberg.org/ebooks/4422.kindle.noimages', 'application/x-mobipocket-ebook' );
INSERT INTO files ( gid, file, mime ) VALUES ( '4422', 'http://www.gutenberg.org/ebooks/4422.rdf', 'application/rdf+xml' );
INSERT INTO files ( gid, file, mime ) VALUES ( '4422', 'http://www.gutenberg.org/ebooks/4422.txt.utf-8', 'text/plain' );
INSERT INTO files ( gid, file, mime ) VALUES ( '4422', 'http://www.gutenberg.org/files/4422/4422.txt', 'text/plain; charset=us-ascii' );
INSERT INTO files ( gid, file, mime ) VALUES ( '4422', 'http://www.gutenberg.org/files/4422/4422.zip', 'application/ziptext/plain; charset=us-ascii' );
INSERT INTO titles ( gid, title, author, language, rights ) VALUES ( '44422', 'Eccentricities of the Animal Creation.', 'Timbs, John', 'en', 'Public domain in the USA.' );
INSERT INTO classifications ( gid, classification ) VALUES ( '44422', 'QL' );
INSERT INTO subjects ( gid, subject ) VALUES ( '44422', 'Animal behavior' );
INSERT INTO subjects ( gid, subject ) VALUES ( '44422', 'Animals, Mythical' );
INSERT INTO subjects ( gid, subject ) VALUES ( '44422', 'Animals -- Anecdotes' );
INSERT INTO files ( gid, file, mime ) VALUES ( '44422', 'http://www.gutenberg.org/cache/epub/44422/pg44422.cover.medium.jpg', 'image/jpeg' );
INSERT INTO files ( gid, file, mime ) VALUES ( '44422', 'http://www.gutenberg.org/cache/epub/44422/pg44422.cover.small.jpg', 'image/jpeg' );
INSERT INTO files ( gid, file, mime ) VALUES ( '44422', 'http://www.gutenberg.org/ebooks/44422.epub.images', 'application/epub+zip' );
INSERT INTO files ( gid, file, mime ) VALUES ( '44422', 'http://www.gutenberg.org/ebooks/44422.epub.noimages', 'application/epub+zip' );
INSERT INTO files ( gid, file, mime ) VALUES ( '44422', 'http://www.gutenberg.org/ebooks/44422.kindle.images', 'application/x-mobipocket-ebook' );
INSERT INTO files ( gid, file, mime ) VALUES ( '44422', 'http://www.gutenberg.org/ebooks/44422.kindle.noimages', 'application/x-mobipocket-ebook' );
INSERT INTO files ( gid, file, mime ) VALUES ( '44422', 'http://www.gutenberg.org/ebooks/44422.rdf', 'application/rdf+xml' );
INSERT INTO files ( gid, file, mime ) VALUES ( '44422', 'http://www.gutenberg.org/ebooks/44422.txt.utf-8', 'text/plain' );
INSERT INTO files ( gid, file, mime ) VALUES ( '44422', 'http://www.gutenberg.org/files/44422/44422-8.txt', 'text/plain; charset=iso-8859-1' );
INSERT INTO files ( gid, file, mime ) VALUES ( '44422', 'http://www.gutenberg.org/files/44422/44422-8.zip', 'text/plain; charset=iso-8859-1application/zip' );
INSERT INTO files ( gid, file, mime ) VALUES ( '44422', 'http://www.gutenberg.org/files/44422/44422-h.zip', 'application/ziptext/html; charset=iso-8859-1' );
INSERT INTO files ( gid, file, mime ) VALUES ( '44422', 'http://www.gutenberg.org/files/44422/44422-h/44422-h.htm', 'text/html; charset=iso-8859-1' );
INSERT INTO files ( gid, file, mime ) VALUES ( '44422', 'http://www.gutenberg.org/files/44422/44422.txt', 'text/plain; charset=us-ascii' );
INSERT INTO files ( gid, file, mime ) VALUES ( '44422', 'http://www.gutenberg.org/files/44422/44422.zip', 'text/plain; charset=us-asciiapplication/zip' );
INSERT INTO titles ( gid, title, author, language, rights ) VALUES ( '44322', 'A Bird of Passage, and Other Stories', 'Harraden, Beatrice', 'en', 'Public domain in the USA.' );
INSERT INTO classifications ( gid, classification ) VALUES ( '44322', 'PR' );
INSERT INTO subjects ( gid, subject ) VALUES ( '44322', 'English fiction -- 19th century' );
INSERT INTO subjects ( gid, subject ) VALUES ( '44322', 'Short stories, English' );
INSERT INTO files ( gid, file, mime ) VALUES ( '44322', 'http://www.gutenberg.org/cache/epub/44322/pg44322.cover.medium.jpg', 'image/jpeg' );
INSERT INTO files ( gid, file, mime ) VALUES ( '44322', 'http://www.gutenberg.org/cache/epub/44322/pg44322.cover.small.jpg', 'image/jpeg' );
INSERT INTO files ( gid, file, mime ) VALUES ( '44322', 'http://www.gutenberg.org/ebooks/44322.epub.images', 'application/epub+zip' );
INSERT INTO files ( gid, file, mime ) VALUES ( '44322', 'http://www.gutenberg.org/ebooks/44322.epub.noimages', 'application/epub+zip' );
INSERT INTO files ( gid, file, mime ) VALUES ( '44322', 'http://www.gutenberg.org/ebooks/44322.kindle.images', 'application/x-mobipocket-ebook' );
INSERT INTO files ( gid, file, mime ) VALUES ( '44322', 'http://www.gutenberg.org/ebooks/44322.kindle.noimages', 'application/x-mobipocket-ebook' );
INSERT INTO files ( gid, file, mime ) VALUES ( '44322', 'http://www.gutenberg.org/ebooks/44322.rdf', 'application/rdf+xml' );
INSERT INTO files ( gid, file, mime ) VALUES ( '44322', 'http://www.gutenberg.org/ebooks/44322.rst.gen', 'text/x-rst' );
INSERT INTO files ( gid, file, mime ) VALUES ( '44322', 'http://www.gutenberg.org/files/44322/44322-0.txt', 'text/plain; charset=utf-8' );
INSERT INTO files ( gid, file, mime ) VALUES ( '44322', 'http://www.gutenberg.org/files/44322/44322-0.zip', 'application/ziptext/plain; charset=utf-8' );
INSERT INTO files ( gid, file, mime ) VALUES ( '44322', 'http://www.gutenberg.org/files/44322/44322-8.txt', 'text/plain; charset=iso-8859-1' );
INSERT INTO files ( gid, file, mime ) VALUES ( '44322', 'http://www.gutenberg.org/files/44322/44322-8.zip', 'text/plain; charset=iso-8859-1application/zip' );
INSERT INTO files ( gid, file, mime ) VALUES ( '44322', 'http://www.gutenberg.org/files/44322/44322-h.zip', 'text/html; charset=utf-8application/zip' );
INSERT INTO files ( gid, file, mime ) VALUES ( '44322', 'http://www.gutenberg.org/files/44322/44322-h/44322-h.html', 'text/html; charset=utf-8' );
INSERT INTO files ( gid, file, mime ) VALUES ( '44322', 'http://www.gutenberg.org/files/44322/44322-rst.zip', 'text/x-rstapplication/zip' );
INSERT INTO files ( gid, file, mime ) VALUES ( '44322', 'http://www.gutenberg.org/files/44322/44322-rst/44322-rst.rst', 'text/x-rst' );
INSERT INTO files ( gid, file, mime ) VALUES ( '44322', 'http://www.gutenberg.org/files/44322/44322.txt', 'text/plain; charset=us-ascii' );
INSERT INTO files ( gid, file, mime ) VALUES ( '44322', 'http://www.gutenberg.org/files/44322/44322.zip', 'text/plain; charset=us-asciiapplication/zip' );
INSERT INTO titles ( gid, title, author, language, rights ) VALUES ( '44522', 'Jack Sheppard: A Romance, Vol. 2 (of 3)', 'Ainsworth, William Harrison', 'en', 'Public domain in the USA.' );
INSERT INTO classifications ( gid, classification ) VALUES ( '44522', 'PR' );
INSERT INTO subjects ( gid, subject ) VALUES ( '44522', 'England -- Fiction' );
INSERT INTO subjects ( gid, subject ) VALUES ( '44522', 'Sheppard, Jack, 1702-1724 -- Fiction' );
INSERT INTO subjects ( gid, subject ) VALUES ( '44522', 'Thieves -- Fiction' );
INSERT INTO files ( gid, file, mime ) VALUES ( '44522', 'http://www.gutenberg.org/ebooks/44522.epub.images', 'application/epub+zip' );
INSERT INTO files ( gid, file, mime ) VALUES ( '44522', 'http://www.gutenberg.org/ebooks/44522.epub.noimages', 'application/epub+zip' );
INSERT INTO files ( gid, file, mime ) VALUES ( '44522', 'http://www.gutenberg.org/ebooks/44522.kindle.images', 'application/x-mobipocket-ebook' );
INSERT INTO files ( gid, file, mime ) VALUES ( '44522', 'http://www.gutenberg.org/ebooks/44522.kindle.noimages', 'application/x-mobipocket-ebook' );
INSERT INTO files ( gid, file, mime ) VALUES ( '44522', 'http://www.gutenberg.org/ebooks/44522.rdf', 'application/rdf+xml' );
INSERT INTO files ( gid, file, mime ) VALUES ( '44522', 'http://www.gutenberg.org/files/44522/44522-0.txt', 'text/plain; charset=utf-8' );
INSERT INTO files ( gid, file, mime ) VALUES ( '44522', 'http://www.gutenberg.org/files/44522/44522-0.zip', 'application/ziptext/plain; charset=utf-8' );
INSERT INTO files ( gid, file, mime ) VALUES ( '44522', 'http://www.gutenberg.org/files/44522/44522-8.txt', 'text/plain; charset=iso-8859-1' );
INSERT INTO files ( gid, file, mime ) VALUES ( '44522', 'http://www.gutenberg.org/files/44522/44522-8.zip', 'application/ziptext/plain; charset=iso-8859-1' );
INSERT INTO files ( gid, file, mime ) VALUES ( '44522', 'http://www.gutenberg.org/files/44522/44522-h.zip', 'application/ziptext/html; charset=utf-8' );
INSERT INTO files ( gid, file, mime ) VALUES ( '44522', 'http://www.gutenberg.org/files/44522/44522-h/44522-h.htm', 'text/html; charset=utf-8' );
INSERT INTO files ( gid, file, mime ) VALUES ( '44522', 'http://www.gutenberg.org/files/44522/44522.txt', 'text/plain; charset=us-ascii' );
INSERT INTO files ( gid, file, mime ) VALUES ( '44522', 'http://www.gutenberg.org/files/44522/44522.zip', 'application/ziptext/plain; charset=us-ascii' );
INSERT INTO titles ( gid, title, author, language, rights ) VALUES ( '44622', 'In the Days of Giants: A Book of Norse Tales', 'Brown, Abbie Farwell', 'en', 'Public domain in the USA.' );
INSERT INTO classifications ( gid, classification ) VALUES ( '44622', 'PZ' );
INSERT INTO subjects ( gid, subject ) VALUES ( '44622', 'Mythology, Norse -- Juvenile literature' );
INSERT INTO files ( gid, file, mime ) VALUES ( '44622', 'http://www.gutenberg.org/cache/epub/44622/pg44622.cover.medium.jpg', 'image/jpeg' );
INSERT INTO files ( gid, file, mime ) VALUES ( '44622', 'http://www.gutenberg.org/cache/epub/44622/pg44622.cover.small.jpg', 'image/jpeg' );
INSERT INTO files ( gid, file, mime ) VALUES ( '44622', 'http://www.gutenberg.org/ebooks/44622.epub.images', 'application/epub+zip' );
INSERT INTO files ( gid, file, mime ) VALUES ( '44622', 'http://www.gutenberg.org/ebooks/44622.epub.noimages', 'application/epub+zip' );
INSERT INTO files ( gid, file, mime ) VALUES ( '44622', 'http://www.gutenberg.org/ebooks/44622.kindle.images', 'application/x-mobipocket-ebook' );
INSERT INTO files ( gid, file, mime ) VALUES ( '44622', 'http://www.gutenberg.org/ebooks/44622.kindle.noimages', 'application/x-mobipocket-ebook' );
INSERT INTO files ( gid, file, mime ) VALUES ( '44622', 'http://www.gutenberg.org/ebooks/44622.rdf', 'application/rdf+xml' );
INSERT INTO files ( gid, file, mime ) VALUES ( '44622', 'http://www.gutenberg.org/files/44622/44622-0.txt', 'text/plain; charset=utf-8' );
INSERT INTO files ( gid, file, mime ) VALUES ( '44622', 'http://www.gutenberg.org/files/44622/44622-0.zip', 'application/ziptext/plain; charset=utf-8' );
INSERT INTO files ( gid, file, mime ) VALUES ( '44622', 'http://www.gutenberg.org/files/44622/44622-8.txt', 'text/plain; charset=iso-8859-1' );
INSERT INTO files ( gid, file, mime ) VALUES ( '44622', 'http://www.gutenberg.org/files/44622/44622-8.zip', 'text/plain; charset=iso-8859-1application/zip' );
INSERT INTO files ( gid, file, mime ) VALUES ( '44622', 'http://www.gutenberg.org/files/44622/44622-h.zip', 'text/html; charset=utf-8application/zip' );
INSERT INTO files ( gid, file, mime ) VALUES ( '44622', 'http://www.gutenberg.org/files/44622/44622-h/44622-h.htm', 'text/html; charset=utf-8' );
INSERT INTO files ( gid, file, mime ) VALUES ( '44622', 'http://www.gutenberg.org/files/44622/44622.txt', 'text/plain; charset=us-ascii' );
INSERT INTO files ( gid, file, mime ) VALUES ( '44622', 'http://www.gutenberg.org/files/44622/44622.zip', 'text/plain; charset=us-asciiapplication/zip' );
INSERT INTO titles ( gid, title, author, language, rights ) VALUES ( '44722', 'Ferdinand Lassalle: Eine Würdigung des Lehrers und Kämpfers', 'Bernstein, Eduard', 'de', 'Public domain in the USA.' );
INSERT INTO classifications ( gid, classification ) VALUES ( '44722', 'HX' );
INSERT INTO subjects ( gid, subject ) VALUES ( '44722', 'Lassalle, Ferdinand, 1825-1864' );
INSERT INTO files ( gid, file, mime ) VALUES ( '44722', 'http://www.gutenberg.org/cache/epub/44722/pg44722.cover.medium.jpg', 'image/jpeg' );
INSERT INTO files ( gid, file, mime ) VALUES ( '44722', 'http://www.gutenberg.org/cache/epub/44722/pg44722.cover.small.jpg', 'image/jpeg' );
INSERT INTO files ( gid, file, mime ) VALUES ( '44722', 'http://www.gutenberg.org/ebooks/44722.epub.images', 'application/epub+zip' );
INSERT INTO files ( gid, file, mime ) VALUES ( '44722', 'http://www.gutenberg.org/ebooks/44722.epub.noimages', 'application/epub+zip' );
INSERT INTO files ( gid, file, mime ) VALUES ( '44722', 'http://www.gutenberg.org/ebooks/44722.kindle.images', 'application/x-mobipocket-ebook' );
INSERT INTO files ( gid, file, mime ) VALUES ( '44722', 'http://www.gutenberg.org/ebooks/44722.kindle.noimages', 'application/x-mobipocket-ebook' );
INSERT INTO files ( gid, file, mime ) VALUES ( '44722', 'http://www.gutenberg.org/ebooks/44722.rdf', 'application/rdf+xml' );
INSERT INTO files ( gid, file, mime ) VALUES ( '44722', 'http://www.gutenberg.org/files/44722/44722-0.txt', 'text/plain; charset=utf-8' );
INSERT INTO files ( gid, file, mime ) VALUES ( '44722', 'http://www.gutenberg.org/files/44722/44722-0.zip', 'application/ziptext/plain; charset=utf-8' );
INSERT INTO files ( gid, file, mime ) VALUES ( '44722', 'http://www.gutenberg.org/files/44722/44722-8.txt', 'text/plain; charset=iso-8859-1' );
INSERT INTO files ( gid, file, mime ) VALUES ( '44722', 'http://www.gutenberg.org/files/44722/44722-8.zip', 'application/ziptext/plain; charset=iso-8859-1' );
INSERT INTO files ( gid, file, mime ) VALUES ( '44722', 'http://www.gutenberg.org/files/44722/44722-h.zip', 'application/ziptext/html; charset=iso-8859-1' );
INSERT INTO files ( gid, file, mime ) VALUES ( '44722', 'http://www.gutenberg.org/files/44722/44722-h/44722-h.htm', 'text/html; charset=iso-8859-1' );
INSERT INTO titles ( gid, title, author, language, rights ) VALUES ( '44822', '"Ask Mamma"; or, The Richest Commoner In England', 'Surtees, Robert Smith', 'en', 'Public domain in the USA.' );
INSERT INTO classifications ( gid, classification ) VALUES ( '44822', 'PR' );
INSERT INTO subjects ( gid, subject ) VALUES ( '44822', 'England -- Social life and customs -- 19th century -- Fiction' );
INSERT INTO subjects ( gid, subject ) VALUES ( '44822', 'Fox hunting -- Fiction' );
INSERT INTO files ( gid, file, mime ) VALUES ( '44822', 'http://www.gutenberg.org/cache/epub/44822/pg44822.cover.medium.jpg', 'image/jpeg' );
INSERT INTO files ( gid, file, mime ) VALUES ( '44822', 'http://www.gutenberg.org/cache/epub/44822/pg44822.cover.small.jpg', 'image/jpeg' );
INSERT INTO files ( gid, file, mime ) VALUES ( '44822', 'http://www.gutenberg.org/ebooks/44822.epub.images', 'application/epub+zip' );
INSERT INTO files ( gid, file, mime ) VALUES ( '44822', 'http://www.gutenberg.org/ebooks/44822.epub.noimages', 'application/epub+zip' );
INSERT INTO files ( gid, file, mime ) VALUES ( '44822', 'http://www.gutenberg.org/ebooks/44822.kindle.images', 'application/x-mobipocket-ebook' );
INSERT INTO files ( gid, file, mime ) VALUES ( '44822', 'http://www.gutenberg.org/ebooks/44822.kindle.noimages', 'application/x-mobipocket-ebook' );
INSERT INTO files ( gid, file, mime ) VALUES ( '44822', 'http://www.gutenberg.org/ebooks/44822.rdf', 'application/rdf+xml' );
INSERT INTO files ( gid, file, mime ) VALUES ( '44822', 'http://www.gutenberg.org/files/44822/44822-0.txt', 'text/plain; charset=utf-8' );
INSERT INTO files ( gid, file, mime ) VALUES ( '44822', 'http://www.gutenberg.org/files/44822/44822-0.zip', 'application/ziptext/plain; charset=utf-8' );
INSERT INTO files ( gid, file, mime ) VALUES ( '44822', 'http://www.gutenberg.org/files/44822/44822-8.txt', 'text/plain; charset=iso-8859-1' );
INSERT INTO files ( gid, file, mime ) VALUES ( '44822', 'http://www.gutenberg.org/files/44822/44822-8.zip', 'text/plain; charset=iso-8859-1application/zip' );
INSERT INTO files ( gid, file, mime ) VALUES ( '44822', 'http://www.gutenberg.org/files/44822/44822-h.zip', 'application/ziptext/html; charset=iso-8859-1' );
INSERT INTO files ( gid, file, mime ) VALUES ( '44822', 'http://www.gutenberg.org/files/44822/44822-h/44822-h.htm', 'text/html; charset=iso-8859-1' );
INSERT INTO files ( gid, file, mime ) VALUES ( '44822', 'http://www.gutenberg.org/files/44822/44822.txt', 'text/plain; charset=us-ascii' );
INSERT INTO files ( gid, file, mime ) VALUES ( '44822', 'http://www.gutenberg.org/files/44822/44822.zip', 'application/ziptext/plain; charset=us-ascii' );
INSERT INTO titles ( gid, title, author, language, rights ) VALUES ( '44922', 'The Last of the Flatboats A Story of the Mississippi and Its Interesting Family of Rivers', 'Eggleston, George Cary', 'en', 'Public domain in the USA.' );
INSERT INTO classifications ( gid, classification ) VALUES ( '44922', 'PZ' );
INSERT INTO subjects ( gid, subject ) VALUES ( '44922', 'Mississippi River -- Juvenile fiction' );
INSERT INTO files ( gid, file, mime ) VALUES ( '44922', 'http://www.gutenberg.org/cache/epub/44922/pg44922.cover.medium.jpg', 'image/jpeg' );
INSERT INTO files ( gid, file, mime ) VALUES ( '44922', 'http://www.gutenberg.org/cache/epub/44922/pg44922.cover.small.jpg', 'image/jpeg' );
INSERT INTO files ( gid, file, mime ) VALUES ( '44922', 'http://www.gutenberg.org/ebooks/44922.epub.images', 'application/epub+zip' );
INSERT INTO files ( gid, file, mime ) VALUES ( '44922', 'http://www.gutenberg.org/ebooks/44922.epub.noimages', 'application/epub+zip' );
INSERT INTO files ( gid, file, mime ) VALUES ( '44922', 'http://www.gutenberg.org/ebooks/44922.kindle.images', 'application/x-mobipocket-ebook' );
INSERT INTO files ( gid, file, mime ) VALUES ( '44922', 'http://www.gutenberg.org/ebooks/44922.kindle.noimages', 'application/x-mobipocket-ebook' );
INSERT INTO files ( gid, file, mime ) VALUES ( '44922', 'http://www.gutenberg.org/ebooks/44922.rdf', 'application/rdf+xml' );
INSERT INTO files ( gid, file, mime ) VALUES ( '44922', 'http://www.gutenberg.org/files/44922/44922-0.txt', 'text/plain; charset=utf-8' );
INSERT INTO files ( gid, file, mime ) VALUES ( '44922', 'http://www.gutenberg.org/files/44922/44922-0.zip', 'application/ziptext/plain; charset=utf-8' );
INSERT INTO files ( gid, file, mime ) VALUES ( '44922', 'http://www.gutenberg.org/files/44922/44922-8.txt', 'text/plain; charset=iso-8859-1' );
INSERT INTO files ( gid, file, mime ) VALUES ( '44922', 'http://www.gutenberg.org/files/44922/44922-8.zip', 'application/ziptext/plain; charset=iso-8859-1' );
INSERT INTO files ( gid, file, mime ) VALUES ( '44922', 'http://www.gutenberg.org/files/44922/44922-h.zip', 'text/html; charset=utf-8application/zip' );
INSERT INTO files ( gid, file, mime ) VALUES ( '44922', 'http://www.gutenberg.org/files/44922/44922-h/44922-h.htm', 'text/html; charset=utf-8' );
INSERT INTO files ( gid, file, mime ) VALUES ( '44922', 'http://www.gutenberg.org/files/44922/44922.txt', 'text/plain; charset=us-ascii' );
INSERT INTO files ( gid, file, mime ) VALUES ( '44922', 'http://www.gutenberg.org/files/44922/44922.zip', 'text/plain; charset=us-asciiapplication/zip' );
INSERT INTO titles ( gid, title, author, language, rights ) VALUES ( '45022', 'Bernard Brooks'' Adventures: The Experience of a Plucky Boy', 'Alger, Horatio, Jr.', 'en', 'Public domain in the USA.' );
INSERT INTO classifications ( gid, classification ) VALUES ( '45022', 'PZ' );
INSERT INTO subjects ( gid, subject ) VALUES ( '45022', 'Bildungsromans' );
INSERT INTO subjects ( gid, subject ) VALUES ( '45022', 'Inheritance and succession -- Juvenile fiction' );
INSERT INTO subjects ( gid, subject ) VALUES ( '45022', 'Guardian and ward -- Juvenile fiction' );
INSERT INTO subjects ( gid, subject ) VALUES ( '45022', 'Success -- Juvenile fiction' );
INSERT INTO subjects ( gid, subject ) VALUES ( '45022', 'Orphans -- Juvenile fiction' );
INSERT INTO subjects ( gid, subject ) VALUES ( '45022', 'Youth -- Conduct of life -- Juvenile fiction' );
INSERT INTO subjects ( gid, subject ) VALUES ( '45022', 'Conduct of life -- Juvenile fiction' );
INSERT INTO subjects ( gid, subject ) VALUES ( '45022', 'Runaway children -- Juvenile fiction' );
INSERT INTO files ( gid, file, mime ) VALUES ( '45022', 'http://www.gutenberg.org/cache/epub/45022/pg45022.cover.medium.jpg', 'image/jpeg' );
INSERT INTO files ( gid, file, mime ) VALUES ( '45022', 'http://www.gutenberg.org/cache/epub/45022/pg45022.cover.small.jpg', 'image/jpeg' );
INSERT INTO files ( gid, file, mime ) VALUES ( '45022', 'http://www.gutenberg.org/ebooks/45022.epub.images', 'application/epub+zip' );
INSERT INTO files ( gid, file, mime ) VALUES ( '45022', 'http://www.gutenberg.org/ebooks/45022.epub.noimages', 'application/epub+zip' );
INSERT INTO files ( gid, file, mime ) VALUES ( '45022', 'http://www.gutenberg.org/ebooks/45022.kindle.images', 'application/x-mobipocket-ebook' );
INSERT INTO files ( gid, file, mime ) VALUES ( '45022', 'http://www.gutenberg.org/ebooks/45022.kindle.noimages', 'application/x-mobipocket-ebook' );
INSERT INTO files ( gid, file, mime ) VALUES ( '45022', 'http://www.gutenberg.org/ebooks/45022.rdf', 'application/rdf+xml' );
INSERT INTO files ( gid, file, mime ) VALUES ( '45022', 'http://www.gutenberg.org/files/45022/45022-0.txt', 'text/plain; charset=utf-8' );
INSERT INTO files ( gid, file, mime ) VALUES ( '45022', 'http://www.gutenberg.org/files/45022/45022-0.zip', 'text/plain; charset=utf-8application/zip' );
INSERT INTO files ( gid, file, mime ) VALUES ( '45022', 'http://www.gutenberg.org/files/45022/45022-8.txt', 'text/plain; charset=iso-8859-1' );
INSERT INTO files ( gid, file, mime ) VALUES ( '45022', 'http://www.gutenberg.org/files/45022/45022-8.zip', 'text/plain; charset=iso-8859-1application/zip' );
INSERT INTO files ( gid, file, mime ) VALUES ( '45022', 'http://www.gutenberg.org/files/45022/45022-h.zip', 'text/html; charset=utf-8application/zip' );
INSERT INTO files ( gid, file, mime ) VALUES ( '45022', 'http://www.gutenberg.org/files/45022/45022-h/45022-h.htm', 'text/html; charset=utf-8' );
INSERT INTO files ( gid, file, mime ) VALUES ( '45022', 'http://www.gutenberg.org/files/45022/45022.txt', 'text/plain; charset=us-ascii' );
INSERT INTO files ( gid, file, mime ) VALUES ( '45022', 'http://www.gutenberg.org/files/45022/45022.zip', 'text/plain; charset=us-asciiapplication/zip' );
INSERT INTO titles ( gid, title, author, language, rights ) VALUES ( '45122', 'Thoughts on Life and Religion An Aftermath from the Writings of The Right Honourable Professor Max Müller', 'Müller, F. Max (Friedrich Max)', 'en', 'Public domain in the USA.' );
INSERT INTO classifications ( gid, classification ) VALUES ( '45122', 'BR' );
INSERT INTO subjects ( gid, subject ) VALUES ( '45122', 'Life' );
INSERT INTO subjects ( gid, subject ) VALUES ( '45122', 'Religion' );
INSERT INTO subjects ( gid, subject ) VALUES ( '45122', 'Philosophy' );
INSERT INTO subjects ( gid, subject ) VALUES ( '45122', 'Theology' );
INSERT INTO files ( gid, file, mime ) VALUES ( '45122', 'http://www.gutenberg.org/cache/epub/45122/pg45122.cover.medium.jpg', 'image/jpeg' );
INSERT INTO files ( gid, file, mime ) VALUES ( '45122', 'http://www.gutenberg.org/cache/epub/45122/pg45122.cover.small.jpg', 'image/jpeg' );
INSERT INTO files ( gid, file, mime ) VALUES ( '45122', 'http://www.gutenberg.org/ebooks/45122.epub.images', 'application/epub+zip' );
INSERT INTO files ( gid, file, mime ) VALUES ( '45122', 'http://www.gutenberg.org/ebooks/45122.epub.noimages', 'application/epub+zip' );
INSERT INTO files ( gid, file, mime ) VALUES ( '45122', 'http://www.gutenberg.org/ebooks/45122.kindle.images', 'application/x-mobipocket-ebook' );
INSERT INTO files ( gid, file, mime ) VALUES ( '45122', 'http://www.gutenberg.org/ebooks/45122.kindle.noimages', 'application/x-mobipocket-ebook' );
INSERT INTO files ( gid, file, mime ) VALUES ( '45122', 'http://www.gutenberg.org/ebooks/45122.rdf', 'application/rdf+xml' );
INSERT INTO files ( gid, file, mime ) VALUES ( '45122', 'http://www.gutenberg.org/ebooks/45122.txt.utf-8', 'text/plain' );
INSERT INTO files ( gid, file, mime ) VALUES ( '45122', 'http://www.gutenberg.org/files/45122/45122-8.txt', 'text/plain; charset=iso-8859-1' );
INSERT INTO files ( gid, file, mime ) VALUES ( '45122', 'http://www.gutenberg.org/files/45122/45122-8.zip', 'text/plain; charset=iso-8859-1application/zip' );
INSERT INTO files ( gid, file, mime ) VALUES ( '45122', 'http://www.gutenberg.org/files/45122/45122-h.zip', 'application/ziptext/html; charset=iso-8859-1' );
INSERT INTO files ( gid, file, mime ) VALUES ( '45122', 'http://www.gutenberg.org/files/45122/45122-h/45122-h.htm', 'text/html; charset=iso-8859-1' );
INSERT INTO files ( gid, file, mime ) VALUES ( '45122', 'http://www.gutenberg.org/files/45122/45122.txt', 'text/plain; charset=us-ascii' );
INSERT INTO files ( gid, file, mime ) VALUES ( '45122', 'http://www.gutenberg.org/files/45122/45122.zip', 'text/plain; charset=us-asciiapplication/zip' );
INSERT INTO titles ( gid, title, author, language, rights ) VALUES ( '45222', 'Storia della decadenza e rovina dell''impero romano, volume 08', 'Gibbon, Edward', 'it', 'Public domain in the USA.' );
INSERT INTO classifications ( gid, classification ) VALUES ( '45222', 'DG' );
INSERT INTO subjects ( gid, subject ) VALUES ( '45222', 'Byzantine Empire -- History -- To 527' );
INSERT INTO subjects ( gid, subject ) VALUES ( '45222', 'Rome -- History -- Empire, 30 B.C.-476 A.D.' );
INSERT INTO files ( gid, file, mime ) VALUES ( '45222', 'http://www.gutenberg.org/cache/epub/45222/pg45222.cover.medium.jpg', 'image/jpeg' );
INSERT INTO files ( gid, file, mime ) VALUES ( '45222', 'http://www.gutenberg.org/cache/epub/45222/pg45222.cover.small.jpg', 'image/jpeg' );
INSERT INTO files ( gid, file, mime ) VALUES ( '45222', 'http://www.gutenberg.org/ebooks/45222.epub.images', 'application/epub+zip' );
INSERT INTO files ( gid, file, mime ) VALUES ( '45222', 'http://www.gutenberg.org/ebooks/45222.epub.noimages', 'application/epub+zip' );
INSERT INTO files ( gid, file, mime ) VALUES ( '45222', 'http://www.gutenberg.org/ebooks/45222.kindle.images', 'application/x-mobipocket-ebook' );
INSERT INTO files ( gid, file, mime ) VALUES ( '45222', 'http://www.gutenberg.org/ebooks/45222.kindle.noimages', 'application/x-mobipocket-ebook' );
INSERT INTO files ( gid, file, mime ) VALUES ( '45222', 'http://www.gutenberg.org/ebooks/45222.rdf', 'application/rdf+xml' );
INSERT INTO files ( gid, file, mime ) VALUES ( '45222', 'http://www.gutenberg.org/files/45222/45222-0.txt', 'text/plain; charset=utf-8' );
INSERT INTO files ( gid, file, mime ) VALUES ( '45222', 'http://www.gutenberg.org/files/45222/45222-0.zip', 'application/ziptext/plain; charset=utf-8' );
INSERT INTO files ( gid, file, mime ) VALUES ( '45222', 'http://www.gutenberg.org/files/45222/45222-h.zip', 'text/html; charset=utf-8application/zip' );
INSERT INTO files ( gid, file, mime ) VALUES ( '45222', 'http://www.gutenberg.org/files/45222/45222-h/45222-h.htm', 'text/html; charset=utf-8' );
INSERT INTO titles ( gid, title, author, language, rights ) VALUES ( '4522', 'The Fight for the Republic in China', 'Putnam Weale, B. L. (Bertram Lenox)', 'en', 'Public domain in the USA.' );
INSERT INTO classifications ( gid, classification ) VALUES ( '4522', 'DS' );
INSERT INTO subjects ( gid, subject ) VALUES ( '4522', 'China -- History -- Republic, 1912-1949' );
INSERT INTO subjects ( gid, subject ) VALUES ( '4522', 'China -- Politics and government' );
INSERT INTO files ( gid, file, mime ) VALUES ( '4522', 'http://www.gutenberg.org/ebooks/4522.epub.images', 'application/epub+zip' );
INSERT INTO files ( gid, file, mime ) VALUES ( '4522', 'http://www.gutenberg.org/ebooks/4522.epub.noimages', 'application/epub+zip' );
INSERT INTO files ( gid, file, mime ) VALUES ( '4522', 'http://www.gutenberg.org/ebooks/4522.html.images', 'text/html' );
INSERT INTO files ( gid, file, mime ) VALUES ( '4522', 'http://www.gutenberg.org/ebooks/4522.html.noimages', 'text/html' );
INSERT INTO files ( gid, file, mime ) VALUES ( '4522', 'http://www.gutenberg.org/ebooks/4522.kindle.images', 'application/x-mobipocket-ebook' );
INSERT INTO files ( gid, file, mime ) VALUES ( '4522', 'http://www.gutenberg.org/ebooks/4522.kindle.noimages', 'application/x-mobipocket-ebook' );
INSERT INTO files ( gid, file, mime ) VALUES ( '4522', 'http://www.gutenberg.org/ebooks/4522.rdf', 'application/rdf+xml' );
INSERT INTO files ( gid, file, mime ) VALUES ( '4522', 'http://www.gutenberg.org/ebooks/4522.txt.utf-8', 'text/plain' );
INSERT INTO files ( gid, file, mime ) VALUES ( '4522', 'http://www.gutenberg.org/files/4522/4522.txt', 'text/plain; charset=us-ascii' );
INSERT INTO files ( gid, file, mime ) VALUES ( '4522', 'http://www.gutenberg.org/files/4522/4522.zip', 'application/octet-streamapplication/zip' );
INSERT INTO titles ( gid, title, author, language, rights ) VALUES ( '45322', 'From North Carolina to Southern California Without a Ticket and How I Did It Giving My Exciting Experiences as a "Hobo"', 'Peele, John (John R.)', 'en', 'Public domain in the USA.' );
INSERT INTO subjects ( gid, subject ) VALUES ( '45322', 'F206' );
INSERT INTO subjects ( gid, subject ) VALUES ( '45322', 'West (U.S.) -- Description and travel' );
INSERT INTO subjects ( gid, subject ) VALUES ( '45322', 'Southern States -- Description and travel' );
INSERT INTO subjects ( gid, subject ) VALUES ( '45322', 'Tramps' );
INSERT INTO files ( gid, file, mime ) VALUES ( '45322', 'http://www.gutenberg.org/cache/epub/45322/pg45322.cover.medium.jpg', 'image/jpeg' );
INSERT INTO files ( gid, file, mime ) VALUES ( '45322', 'http://www.gutenberg.org/cache/epub/45322/pg45322.cover.small.jpg', 'image/jpeg' );
INSERT INTO files ( gid, file, mime ) VALUES ( '45322', 'http://www.gutenberg.org/ebooks/45322.epub.images', 'application/epub+zip' );
INSERT INTO files ( gid, file, mime ) VALUES ( '45322', 'http://www.gutenberg.org/ebooks/45322.epub.noimages', 'application/epub+zip' );
INSERT INTO files ( gid, file, mime ) VALUES ( '45322', 'http://www.gutenberg.org/ebooks/45322.kindle.images', 'application/x-mobipocket-ebook' );
INSERT INTO files ( gid, file, mime ) VALUES ( '45322', 'http://www.gutenberg.org/ebooks/45322.kindle.noimages', 'application/x-mobipocket-ebook' );
INSERT INTO files ( gid, file, mime ) VALUES ( '45322', 'http://www.gutenberg.org/ebooks/45322.rdf', 'application/rdf+xml' );
INSERT INTO files ( gid, file, mime ) VALUES ( '45322', 'http://www.gutenberg.org/ebooks/45322.txt.utf-8', 'text/plain' );
INSERT INTO files ( gid, file, mime ) VALUES ( '45322', 'http://www.gutenberg.org/files/45322/45322-8.txt', 'text/plain; charset=iso-8859-1' );
INSERT INTO files ( gid, file, mime ) VALUES ( '45322', 'http://www.gutenberg.org/files/45322/45322-8.zip', 'application/ziptext/plain; charset=iso-8859-1' );
INSERT INTO files ( gid, file, mime ) VALUES ( '45322', 'http://www.gutenberg.org/files/45322/45322-h.zip', 'application/ziptext/html; charset=iso-8859-1' );
INSERT INTO files ( gid, file, mime ) VALUES ( '45322', 'http://www.gutenberg.org/files/45322/45322-h/45322-h.htm', 'text/html; charset=iso-8859-1' );
INSERT INTO files ( gid, file, mime ) VALUES ( '45322', 'http://www.gutenberg.org/files/45322/45322.txt', 'text/plain; charset=us-ascii' );
INSERT INTO files ( gid, file, mime ) VALUES ( '45322', 'http://www.gutenberg.org/files/45322/45322.zip', 'application/ziptext/plain; charset=us-ascii' );
INSERT INTO titles ( gid, title, author, language, rights ) VALUES ( '45522', 'The Gospel of Slavery: A Primer of Freedom', 'Thomas, Abel C. (Abel Charles)', 'en', 'Public domain in the USA.' );
INSERT INTO subjects ( gid, subject ) VALUES ( '45522', 'E300' );
INSERT INTO subjects ( gid, subject ) VALUES ( '45522', 'Slavery -- United States' );
INSERT INTO subjects ( gid, subject ) VALUES ( '45522', 'Alphabet books' );
INSERT INTO subjects ( gid, subject ) VALUES ( '45522', 'Slavery -- United States -- Poetry' );
INSERT INTO files ( gid, file, mime ) VALUES ( '45522', 'http://www.gutenberg.org/cache/epub/45522/pg45522.cover.medium.jpg', 'image/jpeg' );
INSERT INTO files ( gid, file, mime ) VALUES ( '45522', 'http://www.gutenberg.org/cache/epub/45522/pg45522.cover.small.jpg', 'image/jpeg' );
INSERT INTO files ( gid, file, mime ) VALUES ( '45522', 'http://www.gutenberg.org/ebooks/45522.epub.images', 'application/epub+zip' );
INSERT INTO files ( gid, file, mime ) VALUES ( '45522', 'http://www.gutenberg.org/ebooks/45522.epub.noimages', 'application/epub+zip' );
INSERT INTO files ( gid, file, mime ) VALUES ( '45522', 'http://www.gutenberg.org/ebooks/45522.kindle.images', 'application/x-mobipocket-ebook' );
INSERT INTO files ( gid, file, mime ) VALUES ( '45522', 'http://www.gutenberg.org/ebooks/45522.kindle.noimages', 'application/x-mobipocket-ebook' );
INSERT INTO files ( gid, file, mime ) VALUES ( '45522', 'http://www.gutenberg.org/ebooks/45522.rdf', 'application/rdf+xml' );
INSERT INTO files ( gid, file, mime ) VALUES ( '45522', 'http://www.gutenberg.org/ebooks/45522.txt.utf-8', 'text/plain' );
INSERT INTO files ( gid, file, mime ) VALUES ( '45522', 'http://www.gutenberg.org/files/45522/45522-h.zip', 'application/ziptext/html; charset=us-ascii' );
INSERT INTO files ( gid, file, mime ) VALUES ( '45522', 'http://www.gutenberg.org/files/45522/45522-h/45522-h.htm', 'text/html; charset=us-ascii' );
INSERT INTO files ( gid, file, mime ) VALUES ( '45522', 'http://www.gutenberg.org/files/45522/45522.txt', 'text/plain; charset=us-ascii' );
INSERT INTO files ( gid, file, mime ) VALUES ( '45522', 'http://www.gutenberg.org/files/45522/45522.zip', 'application/ziptext/plain; charset=us-ascii' );
INSERT INTO titles ( gid, title, author, language, rights ) VALUES ( '45422', 'The Quest of the Historical Jesus A Critical Study of its Progress from Reimarus to Wrede', 'Schweitzer, Albert', 'en', 'Public domain in the USA.' );
INSERT INTO classifications ( gid, classification ) VALUES ( '45422', 'BT' );
INSERT INTO subjects ( gid, subject ) VALUES ( '45422', 'Jesus Christ -- Historicity' );
INSERT INTO subjects ( gid, subject ) VALUES ( '45422', 'Jesus Christ -- Biography -- History and criticism' );
INSERT INTO files ( gid, file, mime ) VALUES ( '45422', 'http://www.gutenberg.org/cache/epub/45422/pg45422.cover.medium.jpg', 'image/jpeg' );
INSERT INTO files ( gid, file, mime ) VALUES ( '45422', 'http://www.gutenberg.org/cache/epub/45422/pg45422.cover.small.jpg', 'image/jpeg' );
INSERT INTO files ( gid, file, mime ) VALUES ( '45422', 'http://www.gutenberg.org/ebooks/45422.epub.images', 'application/epub+zip' );
INSERT INTO files ( gid, file, mime ) VALUES ( '45422', 'http://www.gutenberg.org/ebooks/45422.epub.noimages', 'application/epub+zip' );
INSERT INTO files ( gid, file, mime ) VALUES ( '45422', 'http://www.gutenberg.org/ebooks/45422.kindle.images', 'application/x-mobipocket-ebook' );
INSERT INTO files ( gid, file, mime ) VALUES ( '45422', 'http://www.gutenberg.org/ebooks/45422.kindle.noimages', 'application/x-mobipocket-ebook' );
INSERT INTO files ( gid, file, mime ) VALUES ( '45422', 'http://www.gutenberg.org/ebooks/45422.rdf', 'application/rdf+xml' );
INSERT INTO files ( gid, file, mime ) VALUES ( '45422', 'http://www.gutenberg.org/files/45422/45422-0.txt', 'text/plain; charset=utf-8' );
INSERT INTO files ( gid, file, mime ) VALUES ( '45422', 'http://www.gutenberg.org/files/45422/45422-0.zip', 'text/plain; charset=utf-8application/zip' );
INSERT INTO files ( gid, file, mime ) VALUES ( '45422', 'http://www.gutenberg.org/files/45422/45422-8.txt', 'text/plain; charset=iso-8859-1' );
INSERT INTO files ( gid, file, mime ) VALUES ( '45422', 'http://www.gutenberg.org/files/45422/45422-8.zip', 'text/plain; charset=iso-8859-1application/zip' );
INSERT INTO files ( gid, file, mime ) VALUES ( '45422', 'http://www.gutenberg.org/files/45422/45422-h.zip', 'application/ziptext/html; charset=utf-8' );
INSERT INTO files ( gid, file, mime ) VALUES ( '45422', 'http://www.gutenberg.org/files/45422/45422-h/45422-h.html', 'text/html; charset=utf-8' );
INSERT INTO files ( gid, file, mime ) VALUES ( '45422', 'http://www.gutenberg.org/files/45422/45422-pdf.pdf', 'application/pdf' );
INSERT INTO files ( gid, file, mime ) VALUES ( '45422', 'http://www.gutenberg.org/files/45422/45422-pdf.zip', 'application/zipapplication/octet-stream' );
INSERT INTO files ( gid, file, mime ) VALUES ( '45422', 'http://www.gutenberg.org/files/45422/45422-tei.zip', 'application/zipapplication/octet-stream' );
INSERT INTO files ( gid, file, mime ) VALUES ( '45422', 'http://www.gutenberg.org/files/45422/45422-tei/45422-tei.tei', 'application/prs.tei' );
INSERT INTO files ( gid, file, mime ) VALUES ( '45422', 'http://www.gutenberg.org/files/45422/45422.txt', 'text/plain; charset=us-ascii' );
INSERT INTO files ( gid, file, mime ) VALUES ( '45422', 'http://www.gutenberg.org/files/45422/45422.zip', 'text/plain; charset=us-asciiapplication/zip' );
INSERT INTO titles ( gid, title, author, language, rights ) VALUES ( '45622', 'The Curved Blades', 'Wells, Carolyn', 'en', 'Public domain in the USA.' );
INSERT INTO classifications ( gid, classification ) VALUES ( '45622', 'PS' );
INSERT INTO subjects ( gid, subject ) VALUES ( '45622', 'Fiction' );
INSERT INTO subjects ( gid, subject ) VALUES ( '45622', 'Detective and mystery stories' );
INSERT INTO files ( gid, file, mime ) VALUES ( '45622', 'http://www.gutenberg.org/cache/epub/45622/pg45622.cover.medium.jpg', 'image/jpeg' );
INSERT INTO files ( gid, file, mime ) VALUES ( '45622', 'http://www.gutenberg.org/cache/epub/45622/pg45622.cover.small.jpg', 'image/jpeg' );
INSERT INTO files ( gid, file, mime ) VALUES ( '45622', 'http://www.gutenberg.org/ebooks/45622.epub.images', 'application/epub+zip' );
INSERT INTO files ( gid, file, mime ) VALUES ( '45622', 'http://www.gutenberg.org/ebooks/45622.epub.noimages', 'application/epub+zip' );
INSERT INTO files ( gid, file, mime ) VALUES ( '45622', 'http://www.gutenberg.org/ebooks/45622.kindle.images', 'application/x-mobipocket-ebook' );
INSERT INTO files ( gid, file, mime ) VALUES ( '45622', 'http://www.gutenberg.org/ebooks/45622.kindle.noimages', 'application/x-mobipocket-ebook' );
INSERT INTO files ( gid, file, mime ) VALUES ( '45622', 'http://www.gutenberg.org/ebooks/45622.rdf', 'application/rdf+xml' );
INSERT INTO files ( gid, file, mime ) VALUES ( '45622', 'http://www.gutenberg.org/ebooks/45622.txt.utf-8', 'text/plain' );
INSERT INTO files ( gid, file, mime ) VALUES ( '45622', 'http://www.gutenberg.org/files/45622/45622-8.txt', 'text/plain; charset=iso-8859-1' );
INSERT INTO files ( gid, file, mime ) VALUES ( '45622', 'http://www.gutenberg.org/files/45622/45622-8.zip', 'application/ziptext/plain; charset=iso-8859-1' );
INSERT INTO files ( gid, file, mime ) VALUES ( '45622', 'http://www.gutenberg.org/files/45622/45622-h.zip', 'application/ziptext/html' );
INSERT INTO files ( gid, file, mime ) VALUES ( '45622', 'http://www.gutenberg.org/files/45622/45622-h/45622-h.htm', 'text/html' );
INSERT INTO files ( gid, file, mime ) VALUES ( '45622', 'http://www.gutenberg.org/files/45622/45622.txt', 'text/plain; charset=us-ascii' );
INSERT INTO files ( gid, file, mime ) VALUES ( '45622', 'http://www.gutenberg.org/files/45622/45622.zip', 'application/ziptext/plain; charset=us-ascii' );
INSERT INTO titles ( gid, title, author, language, rights ) VALUES ( '45722', 'L''Illustration, No. 2509, 28 Mars 1891', 'Various', 'fr', 'Public domain in the USA.' );
INSERT INTO classifications ( gid, classification ) VALUES ( '45722', 'AP' );
INSERT INTO subjects ( gid, subject ) VALUES ( '45722', 'Illustrated periodicals -- France' );
INSERT INTO files ( gid, file, mime ) VALUES ( '45722', 'http://www.gutenberg.org/cache/epub/45722/pg45722.cover.medium.jpg', 'image/jpeg' );
INSERT INTO files ( gid, file, mime ) VALUES ( '45722', 'http://www.gutenberg.org/cache/epub/45722/pg45722.cover.small.jpg', 'image/jpeg' );
INSERT INTO files ( gid, file, mime ) VALUES ( '45722', 'http://www.gutenberg.org/ebooks/45722.epub.images', 'application/epub+zip' );
INSERT INTO files ( gid, file, mime ) VALUES ( '45722', 'http://www.gutenberg.org/ebooks/45722.epub.noimages', 'application/epub+zip' );
INSERT INTO files ( gid, file, mime ) VALUES ( '45722', 'http://www.gutenberg.org/ebooks/45722.kindle.images', 'application/x-mobipocket-ebook' );
INSERT INTO files ( gid, file, mime ) VALUES ( '45722', 'http://www.gutenberg.org/ebooks/45722.kindle.noimages', 'application/x-mobipocket-ebook' );
INSERT INTO files ( gid, file, mime ) VALUES ( '45722', 'http://www.gutenberg.org/ebooks/45722.rdf', 'application/rdf+xml' );
INSERT INTO files ( gid, file, mime ) VALUES ( '45722', 'http://www.gutenberg.org/ebooks/45722.txt.utf-8', 'text/plain' );
INSERT INTO files ( gid, file, mime ) VALUES ( '45722', 'http://www.gutenberg.org/files/45722/45722-8.txt', 'text/plain; charset=iso-8859-1' );
INSERT INTO files ( gid, file, mime ) VALUES ( '45722', 'http://www.gutenberg.org/files/45722/45722-8.zip', 'text/plain; charset=iso-8859-1application/zip' );
INSERT INTO files ( gid, file, mime ) VALUES ( '45722', 'http://www.gutenberg.org/files/45722/45722-h.zip', 'text/html; charset=iso-8859-1application/zip' );
INSERT INTO files ( gid, file, mime ) VALUES ( '45722', 'http://www.gutenberg.org/files/45722/45722-h/45722-h.htm', 'text/html; charset=iso-8859-1' );
INSERT INTO titles ( gid, title, author, language, rights ) VALUES ( '45822', 'Balsamo, the Magician; or, The Memoirs of a Physician', 'Dumas, Alexandre', 'en', 'Public domain in the USA.' );
INSERT INTO classifications ( gid, classification ) VALUES ( '45822', 'PQ' );
INSERT INTO subjects ( gid, subject ) VALUES ( '45822', 'Marie Antoinette, Queen, consort of Louis XVI, King of France, 1755-1793 -- Fiction' );
INSERT INTO subjects ( gid, subject ) VALUES ( '45822', 'Cagliostro, Alessandro, conte di, 1743-1795 -- Fiction' );
INSERT INTO subjects ( gid, subject ) VALUES ( '45822', 'France -- History -- Louis XV, 1715-1774 -- Fiction' );
INSERT INTO subjects ( gid, subject ) VALUES ( '45822', 'Du Barry, Jeanne Bécu, comtesse, 1743-1793 -- Fiction' );
INSERT INTO files ( gid, file, mime ) VALUES ( '45822', 'http://www.gutenberg.org/cache/epub/45822/pg45822.cover.medium.jpg', 'image/jpeg' );
INSERT INTO files ( gid, file, mime ) VALUES ( '45822', 'http://www.gutenberg.org/cache/epub/45822/pg45822.cover.small.jpg', 'image/jpeg' );
INSERT INTO files ( gid, file, mime ) VALUES ( '45822', 'http://www.gutenberg.org/ebooks/45822.epub.images', 'application/epub+zip' );
INSERT INTO files ( gid, file, mime ) VALUES ( '45822', 'http://www.gutenberg.org/ebooks/45822.epub.noimages', 'application/epub+zip' );
INSERT INTO files ( gid, file, mime ) VALUES ( '45822', 'http://www.gutenberg.org/ebooks/45822.kindle.images', 'application/x-mobipocket-ebook' );
INSERT INTO files ( gid, file, mime ) VALUES ( '45822', 'http://www.gutenberg.org/ebooks/45822.kindle.noimages', 'application/x-mobipocket-ebook' );
INSERT INTO files ( gid, file, mime ) VALUES ( '45822', 'http://www.gutenberg.org/ebooks/45822.rdf', 'application/rdf+xml' );
INSERT INTO files ( gid, file, mime ) VALUES ( '45822', 'http://www.gutenberg.org/ebooks/45822.txt.utf-8', 'text/plain' );
INSERT INTO files ( gid, file, mime ) VALUES ( '45822', 'http://www.gutenberg.org/files/45822/45822-8.txt', 'text/plain; charset=iso-8859-1' );
INSERT INTO files ( gid, file, mime ) VALUES ( '45822', 'http://www.gutenberg.org/files/45822/45822-8.zip', 'text/plain; charset=iso-8859-1application/zip' );
INSERT INTO files ( gid, file, mime ) VALUES ( '45822', 'http://www.gutenberg.org/files/45822/45822-h.zip', 'application/ziptext/html; charset=iso-8859-1' );
INSERT INTO files ( gid, file, mime ) VALUES ( '45822', 'http://www.gutenberg.org/files/45822/45822-h/45822-h.htm', 'text/html; charset=iso-8859-1' );
INSERT INTO files ( gid, file, mime ) VALUES ( '45822', 'http://www.gutenberg.org/files/45822/45822.txt', 'text/plain; charset=us-ascii' );
INSERT INTO files ( gid, file, mime ) VALUES ( '45822', 'http://www.gutenberg.org/files/45822/45822.zip', 'text/plain; charset=us-asciiapplication/zip' );
INSERT INTO titles ( gid, title, author, language, rights ) VALUES ( '45922', 'The Voyage of the "Deutschland"', 'König, Paul', 'en', 'Public domain in the USA.' );
INSERT INTO subjects ( gid, subject ) VALUES ( '45922', 'World War, 1914-1918 -- Blockades' );
INSERT INTO subjects ( gid, subject ) VALUES ( '45922', 'D501' );
INSERT INTO subjects ( gid, subject ) VALUES ( '45922', 'König, Paul, 1867-' );
INSERT INTO subjects ( gid, subject ) VALUES ( '45922', 'Deutschland (Submarine)' );
INSERT INTO files ( gid, file, mime ) VALUES ( '45922', 'http://www.gutenberg.org/cache/epub/45922/pg45922.cover.medium.jpg', 'image/jpeg' );
INSERT INTO files ( gid, file, mime ) VALUES ( '45922', 'http://www.gutenberg.org/cache/epub/45922/pg45922.cover.small.jpg', 'image/jpeg' );
INSERT INTO files ( gid, file, mime ) VALUES ( '45922', 'http://www.gutenberg.org/ebooks/45922.epub.images', 'application/epub+zip' );
INSERT INTO files ( gid, file, mime ) VALUES ( '45922', 'http://www.gutenberg.org/ebooks/45922.epub.noimages', 'application/epub+zip' );
INSERT INTO files ( gid, file, mime ) VALUES ( '45922', 'http://www.gutenberg.org/ebooks/45922.kindle.images', 'application/x-mobipocket-ebook' );
INSERT INTO files ( gid, file, mime ) VALUES ( '45922', 'http://www.gutenberg.org/ebooks/45922.kindle.noimages', 'application/x-mobipocket-ebook' );
INSERT INTO files ( gid, file, mime ) VALUES ( '45922', 'http://www.gutenberg.org/ebooks/45922.rdf', 'application/rdf+xml' );
INSERT INTO files ( gid, file, mime ) VALUES ( '45922', 'http://www.gutenberg.org/ebooks/45922.txt.utf-8', 'text/plain' );
INSERT INTO files ( gid, file, mime ) VALUES ( '45922', 'http://www.gutenberg.org/files/45922/45922-8.txt', 'text/plain; charset=iso-8859-1' );
INSERT INTO files ( gid, file, mime ) VALUES ( '45922', 'http://www.gutenberg.org/files/45922/45922-8.zip', 'application/ziptext/plain; charset=iso-8859-1' );
INSERT INTO files ( gid, file, mime ) VALUES ( '45922', 'http://www.gutenberg.org/files/45922/45922-h.zip', 'text/htmlapplication/zip' );
INSERT INTO files ( gid, file, mime ) VALUES ( '45922', 'http://www.gutenberg.org/files/45922/45922-h/45922-h.htm', 'text/html' );
INSERT INTO files ( gid, file, mime ) VALUES ( '45922', 'http://www.gutenberg.org/files/45922/45922.txt', 'text/plain; charset=us-ascii' );
INSERT INTO files ( gid, file, mime ) VALUES ( '45922', 'http://www.gutenberg.org/files/45922/45922.zip', 'text/plain; charset=us-asciiapplication/zip' );
INSERT INTO titles ( gid, title, author, language, rights ) VALUES ( '46122', 'The Story of the Pullman Car', 'Husband, Joseph', 'en', 'Public domain in the USA.' );
INSERT INTO classifications ( gid, classification ) VALUES ( '46122', 'TF' );
INSERT INTO subjects ( gid, subject ) VALUES ( '46122', 'Pullman Company' );
INSERT INTO subjects ( gid, subject ) VALUES ( '46122', 'Pullman cars' );
INSERT INTO files ( gid, file, mime ) VALUES ( '46122', 'http://www.gutenberg.org/cache/epub/46122/pg46122.cover.medium.jpg', 'image/jpeg' );
INSERT INTO files ( gid, file, mime ) VALUES ( '46122', 'http://www.gutenberg.org/cache/epub/46122/pg46122.cover.small.jpg', 'image/jpeg' );
INSERT INTO files ( gid, file, mime ) VALUES ( '46122', 'http://www.gutenberg.org/ebooks/46122.epub.images', 'application/epub+zip' );
INSERT INTO files ( gid, file, mime ) VALUES ( '46122', 'http://www.gutenberg.org/ebooks/46122.epub.noimages', 'application/epub+zip' );
INSERT INTO files ( gid, file, mime ) VALUES ( '46122', 'http://www.gutenberg.org/ebooks/46122.kindle.images', 'application/x-mobipocket-ebook' );
INSERT INTO files ( gid, file, mime ) VALUES ( '46122', 'http://www.gutenberg.org/ebooks/46122.kindle.noimages', 'application/x-mobipocket-ebook' );
INSERT INTO files ( gid, file, mime ) VALUES ( '46122', 'http://www.gutenberg.org/ebooks/46122.rdf', 'application/rdf+xml' );
INSERT INTO files ( gid, file, mime ) VALUES ( '46122', 'http://www.gutenberg.org/ebooks/46122.txt.utf-8', 'text/plain' );
INSERT INTO files ( gid, file, mime ) VALUES ( '46122', 'http://www.gutenberg.org/files/46122/46122-8.txt', 'text/plain; charset=iso-8859-1' );
INSERT INTO files ( gid, file, mime ) VALUES ( '46122', 'http://www.gutenberg.org/files/46122/46122-8.zip', 'text/plain; charset=iso-8859-1application/zip' );
INSERT INTO files ( gid, file, mime ) VALUES ( '46122', 'http://www.gutenberg.org/files/46122/46122-h.zip', 'text/html; charset=iso-8859-1application/zip' );
INSERT INTO files ( gid, file, mime ) VALUES ( '46122', 'http://www.gutenberg.org/files/46122/46122-h/46122-h.htm', 'text/html; charset=iso-8859-1' );
INSERT INTO files ( gid, file, mime ) VALUES ( '46122', 'http://www.gutenberg.org/files/46122/46122.txt', 'text/plain; charset=us-ascii' );
INSERT INTO files ( gid, file, mime ) VALUES ( '46122', 'http://www.gutenberg.org/files/46122/46122.zip', 'text/plain; charset=us-asciiapplication/zip' );
INSERT INTO titles ( gid, title, author, language, rights ) VALUES ( '46022', 'Le livre de tous les ménages ou l''art de conserver pendant plusieurs années toutes les substances animales et végétales', 'Appert, Nicolas', 'fr', 'Public domain in the USA.' );
INSERT INTO classifications ( gid, classification ) VALUES ( '46022', 'TX' );
INSERT INTO subjects ( gid, subject ) VALUES ( '46022', 'Canning and preserving' );
INSERT INTO files ( gid, file, mime ) VALUES ( '46022', 'http://www.gutenberg.org/cache/epub/46022/pg46022.cover.medium.jpg', 'image/jpeg' );
INSERT INTO files ( gid, file, mime ) VALUES ( '46022', 'http://www.gutenberg.org/cache/epub/46022/pg46022.cover.small.jpg', 'image/jpeg' );
INSERT INTO files ( gid, file, mime ) VALUES ( '46022', 'http://www.gutenberg.org/ebooks/46022.epub.images', 'application/epub+zip' );
INSERT INTO files ( gid, file, mime ) VALUES ( '46022', 'http://www.gutenberg.org/ebooks/46022.epub.noimages', 'application/epub+zip' );
INSERT INTO files ( gid, file, mime ) VALUES ( '46022', 'http://www.gutenberg.org/ebooks/46022.kindle.images', 'application/x-mobipocket-ebook' );
INSERT INTO files ( gid, file, mime ) VALUES ( '46022', 'http://www.gutenberg.org/ebooks/46022.kindle.noimages', 'application/x-mobipocket-ebook' );
INSERT INTO files ( gid, file, mime ) VALUES ( '46022', 'http://www.gutenberg.org/ebooks/46022.rdf', 'application/rdf+xml' );
INSERT INTO files ( gid, file, mime ) VALUES ( '46022', 'http://www.gutenberg.org/files/46022/46022-0.txt', 'text/plain; charset=utf-8' );
INSERT INTO files ( gid, file, mime ) VALUES ( '46022', 'http://www.gutenberg.org/files/46022/46022-0.zip', 'text/plain; charset=utf-8application/zip' );
INSERT INTO files ( gid, file, mime ) VALUES ( '46022', 'http://www.gutenberg.org/files/46022/46022-8.txt', 'text/plain; charset=iso-8859-1' );
INSERT INTO files ( gid, file, mime ) VALUES ( '46022', 'http://www.gutenberg.org/files/46022/46022-8.zip', 'text/plain; charset=iso-8859-1application/zip' );
INSERT INTO files ( gid, file, mime ) VALUES ( '46022', 'http://www.gutenberg.org/files/46022/46022-h.zip', 'application/ziptext/html; charset=iso-8859-1' );
INSERT INTO files ( gid, file, mime ) VALUES ( '46022', 'http://www.gutenberg.org/files/46022/46022-h/46022-h.htm', 'text/html; charset=iso-8859-1' );
INSERT INTO titles ( gid, title, author, language, rights ) VALUES ( '46222', 'The Fantasy Fan September 1933 The Fan''s Own Magazine', 'Various', 'en', 'Public domain in the USA.' );
INSERT INTO classifications ( gid, classification ) VALUES ( '46222', 'PN' );
INSERT INTO subjects ( gid, subject ) VALUES ( '46222', 'Fantasy fiction -- History and criticism -- Periodicals' );
INSERT INTO subjects ( gid, subject ) VALUES ( '46222', 'Fantasy fiction -- Periodicals' );
INSERT INTO subjects ( gid, subject ) VALUES ( '46222', 'Fan magazines' );
INSERT INTO files ( gid, file, mime ) VALUES ( '46222', 'http://www.gutenberg.org/cache/epub/46222/pg46222.cover.medium.jpg', 'image/jpeg' );
INSERT INTO files ( gid, file, mime ) VALUES ( '46222', 'http://www.gutenberg.org/cache/epub/46222/pg46222.cover.small.jpg', 'image/jpeg' );
INSERT INTO files ( gid, file, mime ) VALUES ( '46222', 'http://www.gutenberg.org/ebooks/46222.epub.images', 'application/epub+zip' );
INSERT INTO files ( gid, file, mime ) VALUES ( '46222', 'http://www.gutenberg.org/ebooks/46222.epub.noimages', 'application/epub+zip' );
INSERT INTO files ( gid, file, mime ) VALUES ( '46222', 'http://www.gutenberg.org/ebooks/46222.kindle.images', 'application/x-mobipocket-ebook' );
INSERT INTO files ( gid, file, mime ) VALUES ( '46222', 'http://www.gutenberg.org/ebooks/46222.kindle.noimages', 'application/x-mobipocket-ebook' );
INSERT INTO files ( gid, file, mime ) VALUES ( '46222', 'http://www.gutenberg.org/ebooks/46222.rdf', 'application/rdf+xml' );
INSERT INTO files ( gid, file, mime ) VALUES ( '46222', 'http://www.gutenberg.org/ebooks/46222.txt.utf-8', 'text/plain' );
INSERT INTO files ( gid, file, mime ) VALUES ( '46222', 'http://www.gutenberg.org/files/46222/46222-h.zip', 'text/html; charset=utf-8application/zip' );
INSERT INTO files ( gid, file, mime ) VALUES ( '46222', 'http://www.gutenberg.org/files/46222/46222-h/46222-h.htm', 'text/html; charset=utf-8' );
INSERT INTO files ( gid, file, mime ) VALUES ( '46222', 'http://www.gutenberg.org/files/46222/46222.txt', 'text/plain; charset=us-ascii' );
INSERT INTO files ( gid, file, mime ) VALUES ( '46222', 'http://www.gutenberg.org/files/46222/46222.zip', 'text/plain; charset=us-asciiapplication/zip' );
INSERT INTO titles ( gid, title, author, language, rights ) VALUES ( '4622', 'Trials and Confessions of a Housekeeper', 'Arthur, T. S. (Timothy Shay)', 'en', 'Public domain in the USA.' );
INSERT INTO classifications ( gid, classification ) VALUES ( '4622', 'PS' );
INSERT INTO subjects ( gid, subject ) VALUES ( '4622', 'Housekeeping -- Fiction' );
INSERT INTO subjects ( gid, subject ) VALUES ( '4622', 'Housewives -- Fiction' );
INSERT INTO subjects ( gid, subject ) VALUES ( '4622', 'Home economics -- Fiction' );
INSERT INTO files ( gid, file, mime ) VALUES ( '4622', 'http://www.gutenberg.org/ebooks/4622.epub.images', 'application/epub+zip' );
INSERT INTO files ( gid, file, mime ) VALUES ( '4622', 'http://www.gutenberg.org/ebooks/4622.epub.noimages', 'application/epub+zip' );
INSERT INTO files ( gid, file, mime ) VALUES ( '4622', 'http://www.gutenberg.org/ebooks/4622.kindle.images', 'application/x-mobipocket-ebook' );
INSERT INTO files ( gid, file, mime ) VALUES ( '4622', 'http://www.gutenberg.org/ebooks/4622.kindle.noimages', 'application/x-mobipocket-ebook' );
INSERT INTO files ( gid, file, mime ) VALUES ( '4622', 'http://www.gutenberg.org/ebooks/4622.rdf', 'application/rdf+xml' );
INSERT INTO files ( gid, file, mime ) VALUES ( '4622', 'http://www.gutenberg.org/ebooks/4622.txt.utf-8', 'text/plain' );
INSERT INTO files ( gid, file, mime ) VALUES ( '4622', 'http://www.gutenberg.org/files/4622/4622-h.zip', 'application/ziptext/html; charset=iso-8859-1' );
INSERT INTO files ( gid, file, mime ) VALUES ( '4622', 'http://www.gutenberg.org/files/4622/4622-h/4622-h.htm', 'text/html; charset=iso-8859-1' );
INSERT INTO files ( gid, file, mime ) VALUES ( '4622', 'http://www.gutenberg.org/files/4622/4622.txt', 'text/plain; charset=us-ascii' );
INSERT INTO files ( gid, file, mime ) VALUES ( '4622', 'http://www.gutenberg.org/files/4622/4622.zip', 'text/plain; charset=us-asciiapplication/zip' );
INSERT INTO titles ( gid, title, author, language, rights ) VALUES ( '46322', 'Punch Cartoons of the Great War', 'Various', 'en', 'Public domain in the USA.' );
INSERT INTO subjects ( gid, subject ) VALUES ( '46322', 'World War, 1914-1918 -- Humor, caricatures, etc.' );
INSERT INTO subjects ( gid, subject ) VALUES ( '46322', 'D501' );
INSERT INTO files ( gid, file, mime ) VALUES ( '46322', 'http://www.gutenberg.org/cache/epub/46322/pg46322.cover.medium.jpg', 'image/jpeg' );
INSERT INTO files ( gid, file, mime ) VALUES ( '46322', 'http://www.gutenberg.org/cache/epub/46322/pg46322.cover.small.jpg', 'image/jpeg' );
INSERT INTO files ( gid, file, mime ) VALUES ( '46322', 'http://www.gutenberg.org/ebooks/46322.epub.images', 'application/epub+zip' );
INSERT INTO files ( gid, file, mime ) VALUES ( '46322', 'http://www.gutenberg.org/ebooks/46322.epub.noimages', 'application/epub+zip' );
INSERT INTO files ( gid, file, mime ) VALUES ( '46322', 'http://www.gutenberg.org/ebooks/46322.kindle.images', 'application/x-mobipocket-ebook' );
INSERT INTO files ( gid, file, mime ) VALUES ( '46322', 'http://www.gutenberg.org/ebooks/46322.kindle.noimages', 'application/x-mobipocket-ebook' );
INSERT INTO files ( gid, file, mime ) VALUES ( '46322', 'http://www.gutenberg.org/ebooks/46322.rdf', 'application/rdf+xml' );
INSERT INTO files ( gid, file, mime ) VALUES ( '46322', 'http://www.gutenberg.org/ebooks/46322.txt.utf-8', 'text/plain' );
INSERT INTO files ( gid, file, mime ) VALUES ( '46322', 'http://www.gutenberg.org/files/46322/46322-8.txt', 'text/plain; charset=iso-8859-1' );
INSERT INTO files ( gid, file, mime ) VALUES ( '46322', 'http://www.gutenberg.org/files/46322/46322-8.zip', 'application/ziptext/plain; charset=iso-8859-1' );
INSERT INTO files ( gid, file, mime ) VALUES ( '46322', 'http://www.gutenberg.org/files/46322/46322-h.zip', 'text/html; charset=iso-8859-1application/zip' );
INSERT INTO files ( gid, file, mime ) VALUES ( '46322', 'http://www.gutenberg.org/files/46322/46322-h/46322-h.htm', 'text/html; charset=iso-8859-1' );
INSERT INTO files ( gid, file, mime ) VALUES ( '46322', 'http://www.gutenberg.org/files/46322/46322.txt', 'text/plain; charset=us-ascii' );
INSERT INTO files ( gid, file, mime ) VALUES ( '46322', 'http://www.gutenberg.org/files/46322/46322.zip', 'application/ziptext/plain; charset=us-ascii' );
INSERT INTO titles ( gid, title, author, language, rights ) VALUES ( '46422', 'The Lenâpé and Their Legends With the complete text and symbols of the Walam olum, a new translation, and an inquiry into its authenticity', 'Brinton, Daniel G. (Daniel Garrison)', 'en', 'Public domain in the USA.' );
INSERT INTO subjects ( gid, subject ) VALUES ( '46422', 'Delaware Indians' );
INSERT INTO subjects ( gid, subject ) VALUES ( '46422', 'Picture-writing, Indian' );
INSERT INTO subjects ( gid, subject ) VALUES ( '46422', 'Delaware language -- Texts' );
INSERT INTO subjects ( gid, subject ) VALUES ( '46422', 'E011' );
INSERT INTO files ( gid, file, mime ) VALUES ( '46422', 'http://www.gutenberg.org/cache/epub/46422/pg46422.cover.medium.jpg', 'image/jpeg' );
INSERT INTO files ( gid, file, mime ) VALUES ( '46422', 'http://www.gutenberg.org/cache/epub/46422/pg46422.cover.small.jpg', 'image/jpeg' );
INSERT INTO files ( gid, file, mime ) VALUES ( '46422', 'http://www.gutenberg.org/ebooks/46422.epub.images', 'application/epub+zip' );
INSERT INTO files ( gid, file, mime ) VALUES ( '46422', 'http://www.gutenberg.org/ebooks/46422.epub.noimages', 'application/epub+zip' );
INSERT INTO files ( gid, file, mime ) VALUES ( '46422', 'http://www.gutenberg.org/ebooks/46422.kindle.images', 'application/x-mobipocket-ebook' );
INSERT INTO files ( gid, file, mime ) VALUES ( '46422', 'http://www.gutenberg.org/ebooks/46422.kindle.noimages', 'application/x-mobipocket-ebook' );
INSERT INTO files ( gid, file, mime ) VALUES ( '46422', 'http://www.gutenberg.org/ebooks/46422.rdf', 'application/rdf+xml' );
INSERT INTO files ( gid, file, mime ) VALUES ( '46422', 'http://www.gutenberg.org/files/46422/46422-0.txt', 'text/plain; charset=utf-8' );
INSERT INTO files ( gid, file, mime ) VALUES ( '46422', 'http://www.gutenberg.org/files/46422/46422-0.zip', 'application/ziptext/plain; charset=utf-8' );
INSERT INTO files ( gid, file, mime ) VALUES ( '46422', 'http://www.gutenberg.org/files/46422/46422-h.zip', 'text/html; charset=utf-8application/zip' );
INSERT INTO files ( gid, file, mime ) VALUES ( '46422', 'http://www.gutenberg.org/files/46422/46422-h/46422-h.htm', 'text/html; charset=utf-8' );
INSERT INTO titles ( gid, title, author, language, rights ) VALUES ( '46622', 'Sheppard Lee, Written by Himself. Vol. 2 (of 2)', 'Bird, Robert Montgomery', 'en', 'Public domain in the USA.' );
INSERT INTO classifications ( gid, classification ) VALUES ( '46622', 'PS' );
INSERT INTO subjects ( gid, subject ) VALUES ( '46622', 'American fiction -- 19th century' );
INSERT INTO subjects ( gid, subject ) VALUES ( '46622', 'Satire' );
INSERT INTO files ( gid, file, mime ) VALUES ( '46622', 'http://www.gutenberg.org/ebooks/46622.epub.images', 'application/epub+zip' );
INSERT INTO files ( gid, file, mime ) VALUES ( '46622', 'http://www.gutenberg.org/ebooks/46622.epub.noimages', 'application/epub+zip' );
INSERT INTO files ( gid, file, mime ) VALUES ( '46622', 'http://www.gutenberg.org/ebooks/46622.kindle.images', 'application/x-mobipocket-ebook' );
INSERT INTO files ( gid, file, mime ) VALUES ( '46622', 'http://www.gutenberg.org/ebooks/46622.kindle.noimages', 'application/x-mobipocket-ebook' );
INSERT INTO files ( gid, file, mime ) VALUES ( '46622', 'http://www.gutenberg.org/ebooks/46622.rdf', 'application/rdf+xml' );
INSERT INTO files ( gid, file, mime ) VALUES ( '46622', 'http://www.gutenberg.org/ebooks/46622.txt.utf-8', 'text/plain' );
INSERT INTO files ( gid, file, mime ) VALUES ( '46622', 'http://www.gutenberg.org/files/46622/46622-8.txt', 'text/plain; charset=iso-8859-1' );
INSERT INTO files ( gid, file, mime ) VALUES ( '46622', 'http://www.gutenberg.org/files/46622/46622-8.zip', 'text/plain; charset=iso-8859-1application/zip' );
INSERT INTO files ( gid, file, mime ) VALUES ( '46622', 'http://www.gutenberg.org/files/46622/46622-h.zip', 'application/ziptext/html; charset=iso-8859-1' );
INSERT INTO files ( gid, file, mime ) VALUES ( '46622', 'http://www.gutenberg.org/files/46622/46622-h/46622-h.htm', 'text/html; charset=iso-8859-1' );
INSERT INTO files ( gid, file, mime ) VALUES ( '46622', 'http://www.gutenberg.org/files/46622/46622.txt', 'text/plain; charset=us-ascii' );
INSERT INTO files ( gid, file, mime ) VALUES ( '46622', 'http://www.gutenberg.org/files/46622/46622.zip', 'text/plain; charset=us-asciiapplication/zip' );
INSERT INTO titles ( gid, title, author, language, rights ) VALUES ( '46522', 'The Alden Catalogue of Choice Books, May 30, 1889', 'Alden, John B. (John Berry)', 'en', 'Public domain in the USA.' );
INSERT INTO classifications ( gid, classification ) VALUES ( '46522', 'Z' );
INSERT INTO subjects ( gid, subject ) VALUES ( '46522', 'Publishers'' catalogs -- New York (State) -- New York' );
INSERT INTO files ( gid, file, mime ) VALUES ( '46522', 'http://www.gutenberg.org/cache/epub/46522/pg46522.cover.medium.jpg', 'image/jpeg' );
INSERT INTO files ( gid, file, mime ) VALUES ( '46522', 'http://www.gutenberg.org/cache/epub/46522/pg46522.cover.small.jpg', 'image/jpeg' );
INSERT INTO files ( gid, file, mime ) VALUES ( '46522', 'http://www.gutenberg.org/ebooks/46522.epub.images', 'application/epub+zip' );
INSERT INTO files ( gid, file, mime ) VALUES ( '46522', 'http://www.gutenberg.org/ebooks/46522.epub.noimages', 'application/epub+zip' );
INSERT INTO files ( gid, file, mime ) VALUES ( '46522', 'http://www.gutenberg.org/ebooks/46522.kindle.images', 'application/x-mobipocket-ebook' );
INSERT INTO files ( gid, file, mime ) VALUES ( '46522', 'http://www.gutenberg.org/ebooks/46522.kindle.noimages', 'application/x-mobipocket-ebook' );
INSERT INTO files ( gid, file, mime ) VALUES ( '46522', 'http://www.gutenberg.org/ebooks/46522.rdf', 'application/rdf+xml' );
INSERT INTO files ( gid, file, mime ) VALUES ( '46522', 'http://www.gutenberg.org/files/46522/46522-0.txt', 'text/plain; charset=utf-8' );
INSERT INTO files ( gid, file, mime ) VALUES ( '46522', 'http://www.gutenberg.org/files/46522/46522-0.zip', 'application/ziptext/plain; charset=utf-8' );
INSERT INTO files ( gid, file, mime ) VALUES ( '46522', 'http://www.gutenberg.org/files/46522/46522-8.txt', 'text/plain; charset=iso-8859-1' );
INSERT INTO files ( gid, file, mime ) VALUES ( '46522', 'http://www.gutenberg.org/files/46522/46522-8.zip', 'application/ziptext/plain; charset=iso-8859-1' );
INSERT INTO files ( gid, file, mime ) VALUES ( '46522', 'http://www.gutenberg.org/files/46522/46522-h.zip', 'application/ziptext/html; charset=utf-8' );
INSERT INTO files ( gid, file, mime ) VALUES ( '46522', 'http://www.gutenberg.org/files/46522/46522-h/46522-h.htm', 'text/html; charset=utf-8' );
INSERT INTO files ( gid, file, mime ) VALUES ( '46522', 'http://www.gutenberg.org/files/46522/46522.txt', 'text/plain; charset=us-ascii' );
INSERT INTO files ( gid, file, mime ) VALUES ( '46522', 'http://www.gutenberg.org/files/46522/46522.zip', 'text/plain; charset=us-asciiapplication/zip' );
INSERT INTO titles ( gid, title, author, language, rights ) VALUES ( '46722', 'Giovanni Boccaccio, a Biographical Study', 'Hutton, Edward', 'en', 'Public domain in the USA.' );
INSERT INTO classifications ( gid, classification ) VALUES ( '46722', 'PQ' );
INSERT INTO subjects ( gid, subject ) VALUES ( '46722', 'Boccaccio, Giovanni, 1313-1375' );
INSERT INTO files ( gid, file, mime ) VALUES ( '46722', 'http://www.gutenberg.org/cache/epub/46722/pg46722.cover.medium.jpg', 'image/jpeg' );
INSERT INTO files ( gid, file, mime ) VALUES ( '46722', 'http://www.gutenberg.org/cache/epub/46722/pg46722.cover.small.jpg', 'image/jpeg' );
INSERT INTO files ( gid, file, mime ) VALUES ( '46722', 'http://www.gutenberg.org/ebooks/46722.epub.images', 'application/epub+zip' );
INSERT INTO files ( gid, file, mime ) VALUES ( '46722', 'http://www.gutenberg.org/ebooks/46722.epub.noimages', 'application/epub+zip' );
INSERT INTO files ( gid, file, mime ) VALUES ( '46722', 'http://www.gutenberg.org/ebooks/46722.kindle.images', 'application/x-mobipocket-ebook' );
INSERT INTO files ( gid, file, mime ) VALUES ( '46722', 'http://www.gutenberg.org/ebooks/46722.kindle.noimages', 'application/x-mobipocket-ebook' );
INSERT INTO files ( gid, file, mime ) VALUES ( '46722', 'http://www.gutenberg.org/ebooks/46722.rdf', 'application/rdf+xml' );
INSERT INTO files ( gid, file, mime ) VALUES ( '46722', 'http://www.gutenberg.org/files/46722/46722-0.txt', 'text/plain; charset=utf-8' );
INSERT INTO files ( gid, file, mime ) VALUES ( '46722', 'http://www.gutenberg.org/files/46722/46722-0.zip', 'application/ziptext/plain; charset=utf-8' );
INSERT INTO files ( gid, file, mime ) VALUES ( '46722', 'http://www.gutenberg.org/files/46722/46722-8.txt', 'text/plain; charset=iso-8859-1' );
INSERT INTO files ( gid, file, mime ) VALUES ( '46722', 'http://www.gutenberg.org/files/46722/46722-8.zip', 'application/ziptext/plain; charset=iso-8859-1' );
INSERT INTO files ( gid, file, mime ) VALUES ( '46722', 'http://www.gutenberg.org/files/46722/46722-h.zip', 'application/ziptext/html; charset=utf-8' );
INSERT INTO files ( gid, file, mime ) VALUES ( '46722', 'http://www.gutenberg.org/files/46722/46722-h/46722-h.htm', 'text/html; charset=utf-8' );
INSERT INTO files ( gid, file, mime ) VALUES ( '46722', 'http://www.gutenberg.org/files/46722/46722.txt', 'text/plain; charset=us-ascii' );
INSERT INTO files ( gid, file, mime ) VALUES ( '46722', 'http://www.gutenberg.org/files/46722/46722.zip', 'application/ziptext/plain; charset=us-ascii' );
INSERT INTO titles ( gid, title, author, language, rights ) VALUES ( '46822', 'Souvenir Album of the Great European War With Pictorial Maps of the Battlegrounds', 'Anonymous', 'en', 'Public domain in the USA.' );
INSERT INTO subjects ( gid, subject ) VALUES ( '46822', 'D501' );
INSERT INTO subjects ( gid, subject ) VALUES ( '46822', 'World War, 1914-1918 -- Pictorial works' );
INSERT INTO files ( gid, file, mime ) VALUES ( '46822', 'http://www.gutenberg.org/cache/epub/46822/pg46822.cover.medium.jpg', 'image/jpeg' );
INSERT INTO files ( gid, file, mime ) VALUES ( '46822', 'http://www.gutenberg.org/cache/epub/46822/pg46822.cover.small.jpg', 'image/jpeg' );
INSERT INTO files ( gid, file, mime ) VALUES ( '46822', 'http://www.gutenberg.org/ebooks/46822.epub.images', 'application/epub+zip' );
INSERT INTO files ( gid, file, mime ) VALUES ( '46822', 'http://www.gutenberg.org/ebooks/46822.epub.noimages', 'application/epub+zip' );
INSERT INTO files ( gid, file, mime ) VALUES ( '46822', 'http://www.gutenberg.org/ebooks/46822.kindle.images', 'application/x-mobipocket-ebook' );
INSERT INTO files ( gid, file, mime ) VALUES ( '46822', 'http://www.gutenberg.org/ebooks/46822.kindle.noimages', 'application/x-mobipocket-ebook' );
INSERT INTO files ( gid, file, mime ) VALUES ( '46822', 'http://www.gutenberg.org/ebooks/46822.rdf', 'application/rdf+xml' );
INSERT INTO files ( gid, file, mime ) VALUES ( '46822', 'http://www.gutenberg.org/ebooks/46822.txt.utf-8', 'text/plain' );
INSERT INTO files ( gid, file, mime ) VALUES ( '46822', 'http://www.gutenberg.org/files/46822/46822-8.txt', 'text/plain; charset=iso-8859-1' );
INSERT INTO files ( gid, file, mime ) VALUES ( '46822', 'http://www.gutenberg.org/files/46822/46822-8.zip', 'application/ziptext/plain; charset=iso-8859-1' );
INSERT INTO files ( gid, file, mime ) VALUES ( '46822', 'http://www.gutenberg.org/files/46822/46822-h.zip', 'text/html; charset=iso-8859-1application/zip' );
INSERT INTO files ( gid, file, mime ) VALUES ( '46822', 'http://www.gutenberg.org/files/46822/46822-h/46822-h.htm', 'text/html; charset=iso-8859-1' );
INSERT INTO files ( gid, file, mime ) VALUES ( '46822', 'http://www.gutenberg.org/files/46822/46822.txt', 'text/plain; charset=us-ascii' );
INSERT INTO files ( gid, file, mime ) VALUES ( '46822', 'http://www.gutenberg.org/files/46822/46822.zip', 'text/plain; charset=us-asciiapplication/zip' );
INSERT INTO titles ( gid, title, author, language, rights ) VALUES ( '46922', 'Onnellinen prinssi: Ynnä muita kertomuksia', 'Wilde, Oscar', 'fi', 'Public domain in the USA.' );
INSERT INTO classifications ( gid, classification ) VALUES ( '46922', 'PZ' );
INSERT INTO classifications ( gid, classification ) VALUES ( '46922', 'PR' );
INSERT INTO subjects ( gid, subject ) VALUES ( '46922', 'Fairy tales' );
INSERT INTO subjects ( gid, subject ) VALUES ( '46922', 'Short stories, English' );
INSERT INTO subjects ( gid, subject ) VALUES ( '46922', 'Children''s stories, English' );
INSERT INTO files ( gid, file, mime ) VALUES ( '46922', 'http://www.gutenberg.org/ebooks/46922.epub.images', 'application/epub+zip' );
INSERT INTO files ( gid, file, mime ) VALUES ( '46922', 'http://www.gutenberg.org/ebooks/46922.epub.noimages', 'application/epub+zip' );
INSERT INTO files ( gid, file, mime ) VALUES ( '46922', 'http://www.gutenberg.org/ebooks/46922.html.images', 'text/html' );
INSERT INTO files ( gid, file, mime ) VALUES ( '46922', 'http://www.gutenberg.org/ebooks/46922.html.noimages', 'text/html' );
INSERT INTO files ( gid, file, mime ) VALUES ( '46922', 'http://www.gutenberg.org/ebooks/46922.kindle.images', 'application/x-mobipocket-ebook' );
INSERT INTO files ( gid, file, mime ) VALUES ( '46922', 'http://www.gutenberg.org/ebooks/46922.kindle.noimages', 'application/x-mobipocket-ebook' );
INSERT INTO files ( gid, file, mime ) VALUES ( '46922', 'http://www.gutenberg.org/ebooks/46922.rdf', 'application/rdf+xml' );
INSERT INTO files ( gid, file, mime ) VALUES ( '46922', 'http://www.gutenberg.org/ebooks/46922.txt.utf-8', 'text/plain' );
INSERT INTO files ( gid, file, mime ) VALUES ( '46922', 'http://www.gutenberg.org/files/46922/46922-8.txt', 'text/plain; charset=iso-8859-1' );
INSERT INTO files ( gid, file, mime ) VALUES ( '46922', 'http://www.gutenberg.org/files/46922/46922-8.zip', 'text/plain; charset=iso-8859-1application/zip' );
INSERT INTO titles ( gid, title, author, language, rights ) VALUES ( '47022', 'Essays on the Greek Romances', 'Haight, Elizabeth Hazelton', 'en', 'Public domain in the USA.' );
INSERT INTO classifications ( gid, classification ) VALUES ( '47022', 'PA' );
INSERT INTO subjects ( gid, subject ) VALUES ( '47022', 'Greek fiction -- History and criticism' );
INSERT INTO subjects ( gid, subject ) VALUES ( '47022', 'Apuleius. Metamorphoses' );
INSERT INTO files ( gid, file, mime ) VALUES ( '47022', 'http://www.gutenberg.org/cache/epub/47022/pg47022.cover.medium.jpg', 'image/jpeg' );
INSERT INTO files ( gid, file, mime ) VALUES ( '47022', 'http://www.gutenberg.org/cache/epub/47022/pg47022.cover.small.jpg', 'image/jpeg' );
INSERT INTO files ( gid, file, mime ) VALUES ( '47022', 'http://www.gutenberg.org/ebooks/47022.epub.images', 'application/epub+zip' );
INSERT INTO files ( gid, file, mime ) VALUES ( '47022', 'http://www.gutenberg.org/ebooks/47022.epub.noimages', 'application/epub+zip' );
INSERT INTO files ( gid, file, mime ) VALUES ( '47022', 'http://www.gutenberg.org/ebooks/47022.kindle.images', 'application/x-mobipocket-ebook' );
INSERT INTO files ( gid, file, mime ) VALUES ( '47022', 'http://www.gutenberg.org/ebooks/47022.kindle.noimages', 'application/x-mobipocket-ebook' );
INSERT INTO files ( gid, file, mime ) VALUES ( '47022', 'http://www.gutenberg.org/ebooks/47022.rdf', 'application/rdf+xml' );
INSERT INTO files ( gid, file, mime ) VALUES ( '47022', 'http://www.gutenberg.org/files/47022/47022-0.txt', 'text/plain; charset=utf-8' );
INSERT INTO files ( gid, file, mime ) VALUES ( '47022', 'http://www.gutenberg.org/files/47022/47022-0.zip', 'text/plain; charset=utf-8application/zip' );
INSERT INTO files ( gid, file, mime ) VALUES ( '47022', 'http://www.gutenberg.org/files/47022/47022-8.txt', 'text/plain; charset=iso-8859-1' );
INSERT INTO files ( gid, file, mime ) VALUES ( '47022', 'http://www.gutenberg.org/files/47022/47022-8.zip', 'application/ziptext/plain; charset=iso-8859-1' );
INSERT INTO files ( gid, file, mime ) VALUES ( '47022', 'http://www.gutenberg.org/files/47022/47022-h.zip', 'application/ziptext/html; charset=utf-8' );
INSERT INTO files ( gid, file, mime ) VALUES ( '47022', 'http://www.gutenberg.org/files/47022/47022-h/47022-h.htm', 'text/html; charset=utf-8' );
INSERT INTO files ( gid, file, mime ) VALUES ( '47022', 'http://www.gutenberg.org/files/47022/47022.txt', 'text/plain; charset=us-ascii' );
INSERT INTO files ( gid, file, mime ) VALUES ( '47022', 'http://www.gutenberg.org/files/47022/47022.zip', 'application/ziptext/plain; charset=us-ascii' );
INSERT INTO titles ( gid, title, author, language, rights ) VALUES ( '47122', 'Agnes Strickland''s Queens of England, Vol. 2. (of 3) Abridged and Fully Illustrated', 'Strickland, Agnes', 'en', 'Public domain in the USA.' );
INSERT INTO classifications ( gid, classification ) VALUES ( '47122', 'DA' );
INSERT INTO subjects ( gid, subject ) VALUES ( '47122', 'Queens -- Great Britain -- Biography' );
INSERT INTO files ( gid, file, mime ) VALUES ( '47122', 'http://www.gutenberg.org/ebooks/47122.epub.images', 'application/epub+zip' );
INSERT INTO files ( gid, file, mime ) VALUES ( '47122', 'http://www.gutenberg.org/ebooks/47122.epub.noimages', 'application/epub+zip' );
INSERT INTO files ( gid, file, mime ) VALUES ( '47122', 'http://www.gutenberg.org/ebooks/47122.kindle.images', 'application/x-mobipocket-ebook' );
INSERT INTO files ( gid, file, mime ) VALUES ( '47122', 'http://www.gutenberg.org/ebooks/47122.kindle.noimages', 'application/x-mobipocket-ebook' );
INSERT INTO files ( gid, file, mime ) VALUES ( '47122', 'http://www.gutenberg.org/ebooks/47122.rdf', 'application/rdf+xml' );
INSERT INTO files ( gid, file, mime ) VALUES ( '47122', 'http://www.gutenberg.org/ebooks/47122.txt.utf-8', 'text/plain' );
INSERT INTO files ( gid, file, mime ) VALUES ( '47122', 'http://www.gutenberg.org/files/47122/47122-8.txt', 'text/plain; charset=iso-8859-1' );
INSERT INTO files ( gid, file, mime ) VALUES ( '47122', 'http://www.gutenberg.org/files/47122/47122-8.zip', 'text/plain; charset=iso-8859-1application/zip' );
INSERT INTO files ( gid, file, mime ) VALUES ( '47122', 'http://www.gutenberg.org/files/47122/47122-h.zip', 'text/html; charset=iso-8859-1application/zip' );
INSERT INTO files ( gid, file, mime ) VALUES ( '47122', 'http://www.gutenberg.org/files/47122/47122-h/47122-h.htm', 'text/html; charset=iso-8859-1' );
INSERT INTO files ( gid, file, mime ) VALUES ( '47122', 'http://www.gutenberg.org/files/47122/47122.txt', 'text/plain; charset=us-ascii' );
INSERT INTO files ( gid, file, mime ) VALUES ( '47122', 'http://www.gutenberg.org/files/47122/47122.zip', 'application/ziptext/plain; charset=us-ascii' );
INSERT INTO titles ( gid, title, author, language, rights ) VALUES ( '47222', 'Quintus Claudius: A Romance of Imperial Rome. Volume 2', 'Eckstein, Ernst', 'en', 'Public domain in the USA.' );
INSERT INTO classifications ( gid, classification ) VALUES ( '47222', 'PT' );
INSERT INTO subjects ( gid, subject ) VALUES ( '47222', 'Rome -- History -- Flavians, 69-96 -- Fiction' );
INSERT INTO files ( gid, file, mime ) VALUES ( '47222', 'http://www.gutenberg.org/cache/epub/47222/pg47222.cover.medium.jpg', 'image/jpeg' );
INSERT INTO files ( gid, file, mime ) VALUES ( '47222', 'http://www.gutenberg.org/cache/epub/47222/pg47222.cover.small.jpg', 'image/jpeg' );
INSERT INTO files ( gid, file, mime ) VALUES ( '47222', 'http://www.gutenberg.org/ebooks/47222.epub.images', 'application/epub+zip' );
INSERT INTO files ( gid, file, mime ) VALUES ( '47222', 'http://www.gutenberg.org/ebooks/47222.epub.noimages', 'application/epub+zip' );
INSERT INTO files ( gid, file, mime ) VALUES ( '47222', 'http://www.gutenberg.org/ebooks/47222.kindle.images', 'application/x-mobipocket-ebook' );
INSERT INTO files ( gid, file, mime ) VALUES ( '47222', 'http://www.gutenberg.org/ebooks/47222.kindle.noimages', 'application/x-mobipocket-ebook' );
INSERT INTO files ( gid, file, mime ) VALUES ( '47222', 'http://www.gutenberg.org/ebooks/47222.rdf', 'application/rdf+xml' );
INSERT INTO files ( gid, file, mime ) VALUES ( '47222', 'http://www.gutenberg.org/files/47222/47222-0.txt', 'text/plain; charset=utf-8' );
INSERT INTO files ( gid, file, mime ) VALUES ( '47222', 'http://www.gutenberg.org/files/47222/47222-0.zip', 'application/ziptext/plain; charset=utf-8' );
INSERT INTO files ( gid, file, mime ) VALUES ( '47222', 'http://www.gutenberg.org/files/47222/47222-8.txt', 'text/plain; charset=iso-8859-1' );
INSERT INTO files ( gid, file, mime ) VALUES ( '47222', 'http://www.gutenberg.org/files/47222/47222-8.zip', 'text/plain; charset=iso-8859-1application/zip' );
INSERT INTO files ( gid, file, mime ) VALUES ( '47222', 'http://www.gutenberg.org/files/47222/47222-h.zip', 'application/ziptext/html; charset=utf-8' );
INSERT INTO files ( gid, file, mime ) VALUES ( '47222', 'http://www.gutenberg.org/files/47222/47222-h/47222-h.htm', 'text/html; charset=utf-8' );
INSERT INTO files ( gid, file, mime ) VALUES ( '47222', 'http://www.gutenberg.org/files/47222/47222.txt', 'text/plain; charset=us-ascii' );
INSERT INTO files ( gid, file, mime ) VALUES ( '47222', 'http://www.gutenberg.org/files/47222/47222.zip', 'application/ziptext/plain; charset=us-ascii' );
INSERT INTO titles ( gid, title, author, language, rights ) VALUES ( '4722', 'An Essay Towards a New Theory of Vision', 'Berkeley, George', 'en', 'Public domain in the USA.' );
INSERT INTO classifications ( gid, classification ) VALUES ( '4722', 'B' );
INSERT INTO subjects ( gid, subject ) VALUES ( '4722', 'Vision -- Early works to 1800' );
INSERT INTO files ( gid, file, mime ) VALUES ( '4722', 'http://www.gutenberg.org/ebooks/4722.epub.images', 'application/epub+zip' );
INSERT INTO files ( gid, file, mime ) VALUES ( '4722', 'http://www.gutenberg.org/ebooks/4722.epub.noimages', 'application/epub+zip' );
INSERT INTO files ( gid, file, mime ) VALUES ( '4722', 'http://www.gutenberg.org/ebooks/4722.kindle.images', 'application/x-mobipocket-ebook' );
INSERT INTO files ( gid, file, mime ) VALUES ( '4722', 'http://www.gutenberg.org/ebooks/4722.kindle.noimages', 'application/x-mobipocket-ebook' );
INSERT INTO files ( gid, file, mime ) VALUES ( '4722', 'http://www.gutenberg.org/ebooks/4722.rdf', 'application/rdf+xml' );
INSERT INTO files ( gid, file, mime ) VALUES ( '4722', 'http://www.gutenberg.org/ebooks/4722.txt.utf-8', 'text/plain' );
INSERT INTO files ( gid, file, mime ) VALUES ( '4722', 'http://www.gutenberg.org/files/4722/4722-h.zip', 'text/html; charset=iso-8859-1application/zip' );
INSERT INTO files ( gid, file, mime ) VALUES ( '4722', 'http://www.gutenberg.org/files/4722/4722-h/4722-h.htm', 'text/html; charset=iso-8859-1' );
INSERT INTO files ( gid, file, mime ) VALUES ( '4722', 'http://www.gutenberg.org/files/4722/4722.txt', 'text/plain; charset=us-ascii' );
INSERT INTO files ( gid, file, mime ) VALUES ( '4722', 'http://www.gutenberg.org/files/4722/4722.zip', 'text/plain; charset=us-asciiapplication/zip' );
INSERT INTO titles ( gid, title, author, language, rights ) VALUES ( '47322', 'Alfried Krupp: Ein Lebensbild', 'Frobenius, Herman', 'de', 'Public domain in the USA.' );
INSERT INTO classifications ( gid, classification ) VALUES ( '47322', 'DD' );
INSERT INTO subjects ( gid, subject ) VALUES ( '47322', 'Krupp, Alfred, 1812-1887' );
INSERT INTO files ( gid, file, mime ) VALUES ( '47322', 'http://www.gutenberg.org/cache/epub/47322/pg47322.cover.medium.jpg', 'image/jpeg' );
INSERT INTO files ( gid, file, mime ) VALUES ( '47322', 'http://www.gutenberg.org/cache/epub/47322/pg47322.cover.small.jpg', 'image/jpeg' );
INSERT INTO files ( gid, file, mime ) VALUES ( '47322', 'http://www.gutenberg.org/ebooks/47322.epub.images', 'application/epub+zip' );
INSERT INTO files ( gid, file, mime ) VALUES ( '47322', 'http://www.gutenberg.org/ebooks/47322.epub.noimages', 'application/epub+zip' );
INSERT INTO files ( gid, file, mime ) VALUES ( '47322', 'http://www.gutenberg.org/ebooks/47322.kindle.images', 'application/x-mobipocket-ebook' );
INSERT INTO files ( gid, file, mime ) VALUES ( '47322', 'http://www.gutenberg.org/ebooks/47322.kindle.noimages', 'application/x-mobipocket-ebook' );
INSERT INTO files ( gid, file, mime ) VALUES ( '47322', 'http://www.gutenberg.org/ebooks/47322.rdf', 'application/rdf+xml' );
INSERT INTO files ( gid, file, mime ) VALUES ( '47322', 'http://www.gutenberg.org/ebooks/47322.txt.utf-8', 'text/plain' );
INSERT INTO files ( gid, file, mime ) VALUES ( '47322', 'http://www.gutenberg.org/files/47322/47322-8.txt', 'text/plain; charset=iso-8859-1' );
INSERT INTO files ( gid, file, mime ) VALUES ( '47322', 'http://www.gutenberg.org/files/47322/47322-8.zip', 'application/ziptext/plain; charset=iso-8859-1' );
INSERT INTO files ( gid, file, mime ) VALUES ( '47322', 'http://www.gutenberg.org/files/47322/47322-h.zip', 'text/html; charset=iso-8859-1application/zip' );
INSERT INTO files ( gid, file, mime ) VALUES ( '47322', 'http://www.gutenberg.org/files/47322/47322-h/47322-h.htm', 'text/html; charset=iso-8859-1' );
INSERT INTO titles ( gid, title, author, language, rights ) VALUES ( '47422', 'A Defence of Virginia And Through Her, of the South, in Recent and Pending Contests Against the Sectional Party', 'Dabney, Robert Lewis', 'en', 'Public domain in the USA.' );
INSERT INTO subjects ( gid, subject ) VALUES ( '47422', 'Slavery -- Justification' );
INSERT INTO subjects ( gid, subject ) VALUES ( '47422', 'Slavery -- United States' );
INSERT INTO subjects ( gid, subject ) VALUES ( '47422', 'Slavery -- United States -- History' );
INSERT INTO subjects ( gid, subject ) VALUES ( '47422', 'E300' );
INSERT INTO subjects ( gid, subject ) VALUES ( '47422', 'Slavery -- Virginia' );
INSERT INTO files ( gid, file, mime ) VALUES ( '47422', 'http://www.gutenberg.org/cache/epub/47422/pg47422.cover.medium.jpg', 'image/jpeg' );
INSERT INTO files ( gid, file, mime ) VALUES ( '47422', 'http://www.gutenberg.org/cache/epub/47422/pg47422.cover.small.jpg', 'image/jpeg' );
INSERT INTO files ( gid, file, mime ) VALUES ( '47422', 'http://www.gutenberg.org/ebooks/47422.epub.images', 'application/epub+zip' );
INSERT INTO files ( gid, file, mime ) VALUES ( '47422', 'http://www.gutenberg.org/ebooks/47422.epub.noimages', 'application/epub+zip' );
INSERT INTO files ( gid, file, mime ) VALUES ( '47422', 'http://www.gutenberg.org/ebooks/47422.kindle.images', 'application/x-mobipocket-ebook' );
INSERT INTO files ( gid, file, mime ) VALUES ( '47422', 'http://www.gutenberg.org/ebooks/47422.kindle.noimages', 'application/x-mobipocket-ebook' );
INSERT INTO files ( gid, file, mime ) VALUES ( '47422', 'http://www.gutenberg.org/ebooks/47422.rdf', 'application/rdf+xml' );
INSERT INTO files ( gid, file, mime ) VALUES ( '47422', 'http://www.gutenberg.org/files/47422/47422-0.txt', 'text/plain; charset=utf-8' );
INSERT INTO files ( gid, file, mime ) VALUES ( '47422', 'http://www.gutenberg.org/files/47422/47422-0.zip', 'application/ziptext/plain; charset=utf-8' );
INSERT INTO files ( gid, file, mime ) VALUES ( '47422', 'http://www.gutenberg.org/files/47422/47422-h.zip', 'text/html; charset=iso-8859-1application/zip' );
INSERT INTO files ( gid, file, mime ) VALUES ( '47422', 'http://www.gutenberg.org/files/47422/47422-h/47422-h.htm', 'text/html; charset=iso-8859-1' );
INSERT INTO titles ( gid, title, author, language, rights ) VALUES ( '47522', 'Légendes démocratiques du Nord', 'Michelet, Jules', 'fr', 'Public domain in the USA.' );
INSERT INTO classifications ( gid, classification ) VALUES ( '47522', 'DK' );
INSERT INTO classifications ( gid, classification ) VALUES ( '47522', 'DR' );
INSERT INTO subjects ( gid, subject ) VALUES ( '47522', 'Europe, Eastern -- History' );
INSERT INTO subjects ( gid, subject ) VALUES ( '47522', 'Romania -- History' );
INSERT INTO subjects ( gid, subject ) VALUES ( '47522', 'Kościuszko, Tadeusz, 1746-1817' );
INSERT INTO subjects ( gid, subject ) VALUES ( '47522', 'Russia -- Politics and government' );
INSERT INTO subjects ( gid, subject ) VALUES ( '47522', 'Soviet Union -- Politics and government' );
INSERT INTO files ( gid, file, mime ) VALUES ( '47522', 'http://www.gutenberg.org/cache/epub/47522/pg47522.cover.medium.jpg', 'image/jpeg' );
INSERT INTO files ( gid, file, mime ) VALUES ( '47522', 'http://www.gutenberg.org/cache/epub/47522/pg47522.cover.small.jpg', 'image/jpeg' );
INSERT INTO files ( gid, file, mime ) VALUES ( '47522', 'http://www.gutenberg.org/ebooks/47522.epub.images', 'application/epub+zip' );
INSERT INTO files ( gid, file, mime ) VALUES ( '47522', 'http://www.gutenberg.org/ebooks/47522.epub.noimages', 'application/epub+zip' );
INSERT INTO files ( gid, file, mime ) VALUES ( '47522', 'http://www.gutenberg.org/ebooks/47522.kindle.images', 'application/x-mobipocket-ebook' );
INSERT INTO files ( gid, file, mime ) VALUES ( '47522', 'http://www.gutenberg.org/ebooks/47522.kindle.noimages', 'application/x-mobipocket-ebook' );
INSERT INTO files ( gid, file, mime ) VALUES ( '47522', 'http://www.gutenberg.org/ebooks/47522.rdf', 'application/rdf+xml' );
INSERT INTO files ( gid, file, mime ) VALUES ( '47522', 'http://www.gutenberg.org/files/47522/47522-0.txt', 'text/plain; charset=utf-8' );
INSERT INTO files ( gid, file, mime ) VALUES ( '47522', 'http://www.gutenberg.org/files/47522/47522-0.zip', 'application/ziptext/plain; charset=utf-8' );
INSERT INTO files ( gid, file, mime ) VALUES ( '47522', 'http://www.gutenberg.org/files/47522/47522-h.zip', 'text/html; charset=utf-8application/zip' );
INSERT INTO files ( gid, file, mime ) VALUES ( '47522', 'http://www.gutenberg.org/files/47522/47522-h/47522-h.htm', 'text/html; charset=utf-8' );
INSERT INTO titles ( gid, title, author, language, rights ) VALUES ( '47622', 'Naiskohtalo: Romaani', 'Salmela, Marja', 'fi', 'Public domain in the USA.' );
INSERT INTO classifications ( gid, classification ) VALUES ( '47622', 'PH' );
INSERT INTO subjects ( gid, subject ) VALUES ( '47622', 'Finnish fiction -- 20th century' );
INSERT INTO files ( gid, file, mime ) VALUES ( '47622', 'http://www.gutenberg.org/ebooks/47622.epub.images', 'application/epub+zip' );
INSERT INTO files ( gid, file, mime ) VALUES ( '47622', 'http://www.gutenberg.org/ebooks/47622.epub.noimages', 'application/epub+zip' );
INSERT INTO files ( gid, file, mime ) VALUES ( '47622', 'http://www.gutenberg.org/ebooks/47622.html.images', 'text/html' );
INSERT INTO files ( gid, file, mime ) VALUES ( '47622', 'http://www.gutenberg.org/ebooks/47622.html.noimages', 'text/html' );
INSERT INTO files ( gid, file, mime ) VALUES ( '47622', 'http://www.gutenberg.org/ebooks/47622.kindle.images', 'application/x-mobipocket-ebook' );
INSERT INTO files ( gid, file, mime ) VALUES ( '47622', 'http://www.gutenberg.org/ebooks/47622.kindle.noimages', 'application/x-mobipocket-ebook' );
INSERT INTO files ( gid, file, mime ) VALUES ( '47622', 'http://www.gutenberg.org/ebooks/47622.rdf', 'application/rdf+xml' );
INSERT INTO files ( gid, file, mime ) VALUES ( '47622', 'http://www.gutenberg.org/ebooks/47622.txt.utf-8', 'text/plain' );
INSERT INTO files ( gid, file, mime ) VALUES ( '47622', 'http://www.gutenberg.org/files/47622/47622-8.txt', 'text/plain; charset=iso-8859-1' );
INSERT INTO files ( gid, file, mime ) VALUES ( '47622', 'http://www.gutenberg.org/files/47622/47622-8.zip', 'text/plain; charset=iso-8859-1application/zip' );
INSERT INTO titles ( gid, title, author, language, rights ) VALUES ( '47722', 'Journal in France in 1845 and 1848 with Letters from Italy in 1847 Of Things and Persons Concerning the Church and Education', 'Allies, T. W. (Thomas William)', 'en', 'Public domain in the USA.' );
INSERT INTO classifications ( gid, classification ) VALUES ( '47722', 'BX' );
INSERT INTO subjects ( gid, subject ) VALUES ( '47722', 'Italy -- Church history -- 19th century' );
INSERT INTO subjects ( gid, subject ) VALUES ( '47722', 'France -- Church history -- 19th century' );
INSERT INTO files ( gid, file, mime ) VALUES ( '47722', 'http://www.gutenberg.org/cache/epub/47722/pg47722.cover.medium.jpg', 'image/jpeg' );
INSERT INTO files ( gid, file, mime ) VALUES ( '47722', 'http://www.gutenberg.org/cache/epub/47722/pg47722.cover.small.jpg', 'image/jpeg' );
INSERT INTO files ( gid, file, mime ) VALUES ( '47722', 'http://www.gutenberg.org/ebooks/47722.epub.images', 'application/epub+zip' );
INSERT INTO files ( gid, file, mime ) VALUES ( '47722', 'http://www.gutenberg.org/ebooks/47722.epub.noimages', 'application/epub+zip' );
INSERT INTO files ( gid, file, mime ) VALUES ( '47722', 'http://www.gutenberg.org/ebooks/47722.kindle.images', 'application/x-mobipocket-ebook' );
INSERT INTO files ( gid, file, mime ) VALUES ( '47722', 'http://www.gutenberg.org/ebooks/47722.kindle.noimages', 'application/x-mobipocket-ebook' );
INSERT INTO files ( gid, file, mime ) VALUES ( '47722', 'http://www.gutenberg.org/ebooks/47722.rdf', 'application/rdf+xml' );
INSERT INTO files ( gid, file, mime ) VALUES ( '47722', 'http://www.gutenberg.org/files/47722/47722-0.txt', 'text/plain; charset=utf-8' );
INSERT INTO files ( gid, file, mime ) VALUES ( '47722', 'http://www.gutenberg.org/files/47722/47722-0.zip', 'application/ziptext/plain; charset=utf-8' );
INSERT INTO files ( gid, file, mime ) VALUES ( '47722', 'http://www.gutenberg.org/files/47722/47722-h.zip', 'text/htmlapplication/zip' );
INSERT INTO files ( gid, file, mime ) VALUES ( '47722', 'http://www.gutenberg.org/files/47722/47722-h/47722-h.htm', 'text/html' );
INSERT INTO titles ( gid, title, author, language, rights ) VALUES ( '47822', 'The Gladiators. A Tale of Rome and Judæa', 'Whyte-Melville, G. J. (George John)', 'en', 'Public domain in the USA.' );
INSERT INTO classifications ( gid, classification ) VALUES ( '47822', 'PR' );
INSERT INTO subjects ( gid, subject ) VALUES ( '47822', 'Sieges -- Fiction' );
INSERT INTO subjects ( gid, subject ) VALUES ( '47822', 'Historical fiction' );
INSERT INTO subjects ( gid, subject ) VALUES ( '47822', 'Rome -- History -- Flavians, 69-96 -- Fiction' );
INSERT INTO subjects ( gid, subject ) VALUES ( '47822', 'Jerusalem -- History -- Siege, 70 A.D. -- Fiction' );
INSERT INTO files ( gid, file, mime ) VALUES ( '47822', 'http://www.gutenberg.org/cache/epub/47822/pg47822.cover.medium.jpg', 'image/jpeg' );
INSERT INTO files ( gid, file, mime ) VALUES ( '47822', 'http://www.gutenberg.org/cache/epub/47822/pg47822.cover.small.jpg', 'image/jpeg' );
INSERT INTO files ( gid, file, mime ) VALUES ( '47822', 'http://www.gutenberg.org/ebooks/47822.epub.images', 'application/epub+zip' );
INSERT INTO files ( gid, file, mime ) VALUES ( '47822', 'http://www.gutenberg.org/ebooks/47822.epub.noimages', 'application/epub+zip' );
INSERT INTO files ( gid, file, mime ) VALUES ( '47822', 'http://www.gutenberg.org/ebooks/47822.kindle.images', 'application/x-mobipocket-ebook' );
INSERT INTO files ( gid, file, mime ) VALUES ( '47822', 'http://www.gutenberg.org/ebooks/47822.kindle.noimages', 'application/x-mobipocket-ebook' );
INSERT INTO files ( gid, file, mime ) VALUES ( '47822', 'http://www.gutenberg.org/ebooks/47822.rdf', 'application/rdf+xml' );
INSERT INTO files ( gid, file, mime ) VALUES ( '47822', 'http://www.gutenberg.org/files/47822/47822-0.txt', 'text/plain; charset=utf-8' );
INSERT INTO files ( gid, file, mime ) VALUES ( '47822', 'http://www.gutenberg.org/files/47822/47822-0.zip', 'text/plain; charset=utf-8application/zip' );
INSERT INTO files ( gid, file, mime ) VALUES ( '47822', 'http://www.gutenberg.org/files/47822/47822-8.txt', 'text/plain; charset=iso-8859-1' );
INSERT INTO files ( gid, file, mime ) VALUES ( '47822', 'http://www.gutenberg.org/files/47822/47822-8.zip', 'text/plain; charset=iso-8859-1application/zip' );
INSERT INTO files ( gid, file, mime ) VALUES ( '47822', 'http://www.gutenberg.org/files/47822/47822-h.zip', 'text/html; charset=utf-8application/zip' );
INSERT INTO files ( gid, file, mime ) VALUES ( '47822', 'http://www.gutenberg.org/files/47822/47822-h/47822-h.html', 'text/html; charset=utf-8' );
INSERT INTO files ( gid, file, mime ) VALUES ( '47822', 'http://www.gutenberg.org/files/47822/47822-pdf.pdf', 'application/pdf' );
INSERT INTO files ( gid, file, mime ) VALUES ( '47822', 'http://www.gutenberg.org/files/47822/47822-pdf.zip', 'application/octet-streamapplication/zip' );
INSERT INTO files ( gid, file, mime ) VALUES ( '47822', 'http://www.gutenberg.org/files/47822/47822-tei.zip', 'application/octet-streamapplication/zip' );
INSERT INTO files ( gid, file, mime ) VALUES ( '47822', 'http://www.gutenberg.org/files/47822/47822-tei/47822-tei.tei', 'application/prs.tei' );
INSERT INTO files ( gid, file, mime ) VALUES ( '47822', 'http://www.gutenberg.org/files/47822/47822.txt', 'text/plain; charset=us-ascii' );
INSERT INTO files ( gid, file, mime ) VALUES ( '47822', 'http://www.gutenberg.org/files/47822/47822.zip', 'application/ziptext/plain; charset=us-ascii' );
INSERT INTO titles ( gid, title, author, language, rights ) VALUES ( '47922', 'The Brochure Series of Architectural Illustration, vol. 06, No. 12, December 1900 The Cathedrals of England', 'Various', 'en', 'Public domain in the USA.' );
INSERT INTO classifications ( gid, classification ) VALUES ( '47922', 'NA' );
INSERT INTO subjects ( gid, subject ) VALUES ( '47922', 'Architecture -- Periodicals' );
INSERT INTO files ( gid, file, mime ) VALUES ( '47922', 'http://www.gutenberg.org/cache/epub/47922/pg47922.cover.medium.jpg', 'image/jpeg' );
INSERT INTO files ( gid, file, mime ) VALUES ( '47922', 'http://www.gutenberg.org/cache/epub/47922/pg47922.cover.small.jpg', 'image/jpeg' );
INSERT INTO files ( gid, file, mime ) VALUES ( '47922', 'http://www.gutenberg.org/ebooks/47922.epub.images', 'application/epub+zip' );
INSERT INTO files ( gid, file, mime ) VALUES ( '47922', 'http://www.gutenberg.org/ebooks/47922.epub.noimages', 'application/epub+zip' );
INSERT INTO files ( gid, file, mime ) VALUES ( '47922', 'http://www.gutenberg.org/ebooks/47922.kindle.images', 'application/x-mobipocket-ebook' );
INSERT INTO files ( gid, file, mime ) VALUES ( '47922', 'http://www.gutenberg.org/ebooks/47922.kindle.noimages', 'application/x-mobipocket-ebook' );
INSERT INTO files ( gid, file, mime ) VALUES ( '47922', 'http://www.gutenberg.org/ebooks/47922.rdf', 'application/rdf+xml' );
INSERT INTO files ( gid, file, mime ) VALUES ( '47922', 'http://www.gutenberg.org/ebooks/47922.txt.utf-8', 'text/plain' );
INSERT INTO files ( gid, file, mime ) VALUES ( '47922', 'http://www.gutenberg.org/files/47922/47922-8.txt', 'text/plain; charset=iso-8859-1' );
INSERT INTO files ( gid, file, mime ) VALUES ( '47922', 'http://www.gutenberg.org/files/47922/47922-8.zip', 'application/ziptext/plain; charset=iso-8859-1' );
INSERT INTO files ( gid, file, mime ) VALUES ( '47922', 'http://www.gutenberg.org/files/47922/47922-h.zip', 'text/html; charset=iso-8859-1application/zip' );
INSERT INTO files ( gid, file, mime ) VALUES ( '47922', 'http://www.gutenberg.org/files/47922/47922-h/47922-h.htm', 'text/html; charset=iso-8859-1' );
INSERT INTO files ( gid, file, mime ) VALUES ( '47922', 'http://www.gutenberg.org/files/47922/47922.txt', 'text/plain; charset=us-ascii' );
INSERT INTO files ( gid, file, mime ) VALUES ( '47922', 'http://www.gutenberg.org/files/47922/47922.zip', 'application/ziptext/plain; charset=us-ascii' );
INSERT INTO titles ( gid, title, author, language, rights ) VALUES ( '48122', 'Journal of Entomology and Zoology, Vol. 09, No. 3, September 1917', 'Various', 'en', 'Public domain in the USA.' );
INSERT INTO classifications ( gid, classification ) VALUES ( '48122', 'QL' );
INSERT INTO subjects ( gid, subject ) VALUES ( '48122', 'Entomology -- Periodicals' );
INSERT INTO subjects ( gid, subject ) VALUES ( '48122', 'Entomology -- California -- Periodicals' );
INSERT INTO subjects ( gid, subject ) VALUES ( '48122', 'Zoology -- Periodicals' );
INSERT INTO subjects ( gid, subject ) VALUES ( '48122', 'Zoology -- California -- Periodicals' );
INSERT INTO files ( gid, file, mime ) VALUES ( '48122', 'http://www.gutenberg.org/cache/epub/48122/pg48122.cover.medium.jpg', 'image/jpeg' );
INSERT INTO files ( gid, file, mime ) VALUES ( '48122', 'http://www.gutenberg.org/cache/epub/48122/pg48122.cover.small.jpg', 'image/jpeg' );
INSERT INTO files ( gid, file, mime ) VALUES ( '48122', 'http://www.gutenberg.org/ebooks/48122.epub.images', 'application/epub+zip' );
INSERT INTO files ( gid, file, mime ) VALUES ( '48122', 'http://www.gutenberg.org/ebooks/48122.epub.noimages', 'application/epub+zip' );
INSERT INTO files ( gid, file, mime ) VALUES ( '48122', 'http://www.gutenberg.org/ebooks/48122.kindle.images', 'application/x-mobipocket-ebook' );
INSERT INTO files ( gid, file, mime ) VALUES ( '48122', 'http://www.gutenberg.org/ebooks/48122.kindle.noimages', 'application/x-mobipocket-ebook' );
INSERT INTO files ( gid, file, mime ) VALUES ( '48122', 'http://www.gutenberg.org/ebooks/48122.rdf', 'application/rdf+xml' );
INSERT INTO files ( gid, file, mime ) VALUES ( '48122', 'http://www.gutenberg.org/ebooks/48122.txt.utf-8', 'text/plain' );
INSERT INTO files ( gid, file, mime ) VALUES ( '48122', 'http://www.gutenberg.org/files/48122/48122-8.txt', 'text/plain; charset=iso-8859-1' );
INSERT INTO files ( gid, file, mime ) VALUES ( '48122', 'http://www.gutenberg.org/files/48122/48122-8.zip', 'text/plain; charset=iso-8859-1application/zip' );
INSERT INTO files ( gid, file, mime ) VALUES ( '48122', 'http://www.gutenberg.org/files/48122/48122-h.zip', 'text/html; charset=iso-8859-1application/zip' );
INSERT INTO files ( gid, file, mime ) VALUES ( '48122', 'http://www.gutenberg.org/files/48122/48122-h/48122-h.htm', 'text/html; charset=iso-8859-1' );
INSERT INTO titles ( gid, title, author, language, rights ) VALUES ( '48022', 'Aurora Floyd, Vol. 3 Fifth Edition', 'Braddon, M. E. (Mary Elizabeth)', 'en', 'Public domain in the USA.' );
INSERT INTO classifications ( gid, classification ) VALUES ( '48022', 'PR' );
INSERT INTO subjects ( gid, subject ) VALUES ( '48022', 'Domestic fiction' );
INSERT INTO subjects ( gid, subject ) VALUES ( '48022', 'England -- Fiction' );
INSERT INTO subjects ( gid, subject ) VALUES ( '48022', 'Bigamy -- Fiction' );
INSERT INTO subjects ( gid, subject ) VALUES ( '48022', 'Married women -- Fiction' );
INSERT INTO subjects ( gid, subject ) VALUES ( '48022', 'Extortion -- Fiction' );
INSERT INTO subjects ( gid, subject ) VALUES ( '48022', 'Young women -- Fiction' );
INSERT INTO files ( gid, file, mime ) VALUES ( '48022', 'http://www.gutenberg.org/cache/epub/48022/pg48022.cover.medium.jpg', 'image/jpeg' );
INSERT INTO files ( gid, file, mime ) VALUES ( '48022', 'http://www.gutenberg.org/cache/epub/48022/pg48022.cover.small.jpg', 'image/jpeg' );
INSERT INTO files ( gid, file, mime ) VALUES ( '48022', 'http://www.gutenberg.org/ebooks/48022.epub.images', 'application/epub+zip' );
INSERT INTO files ( gid, file, mime ) VALUES ( '48022', 'http://www.gutenberg.org/ebooks/48022.epub.noimages', 'application/epub+zip' );
INSERT INTO files ( gid, file, mime ) VALUES ( '48022', 'http://www.gutenberg.org/ebooks/48022.kindle.images', 'application/x-mobipocket-ebook' );
INSERT INTO files ( gid, file, mime ) VALUES ( '48022', 'http://www.gutenberg.org/ebooks/48022.kindle.noimages', 'application/x-mobipocket-ebook' );
INSERT INTO files ( gid, file, mime ) VALUES ( '48022', 'http://www.gutenberg.org/ebooks/48022.rdf', 'application/rdf+xml' );
INSERT INTO files ( gid, file, mime ) VALUES ( '48022', 'http://www.gutenberg.org/ebooks/48022.txt.utf-8', 'text/plain' );
INSERT INTO files ( gid, file, mime ) VALUES ( '48022', 'http://www.gutenberg.org/files/48022/48022-8.txt', 'text/plain; charset=iso-8859-1' );
INSERT INTO files ( gid, file, mime ) VALUES ( '48022', 'http://www.gutenberg.org/files/48022/48022-8.zip', 'application/ziptext/plain; charset=iso-8859-1' );
INSERT INTO files ( gid, file, mime ) VALUES ( '48022', 'http://www.gutenberg.org/files/48022/48022-h.zip', 'text/htmlapplication/zip' );
INSERT INTO files ( gid, file, mime ) VALUES ( '48022', 'http://www.gutenberg.org/files/48022/48022-h/48022-h.htm', 'text/html' );
INSERT INTO files ( gid, file, mime ) VALUES ( '48022', 'http://www.gutenberg.org/files/48022/48022.txt', 'text/plain; charset=us-ascii' );
INSERT INTO files ( gid, file, mime ) VALUES ( '48022', 'http://www.gutenberg.org/files/48022/48022.zip', 'text/plain; charset=us-asciiapplication/zip' );
INSERT INTO titles ( gid, title, author, language, rights ) VALUES ( '48222', 'Fir-Flower Tablets: Poems Translated from the Chinese', '', 'en', 'Public domain in the USA.' );
INSERT INTO classifications ( gid, classification ) VALUES ( '48222', 'PL' );
INSERT INTO subjects ( gid, subject ) VALUES ( '48222', 'Chinese poetry -- Translations into English' );
INSERT INTO files ( gid, file, mime ) VALUES ( '48222', 'http://www.gutenberg.org/cache/epub/48222/pg48222.cover.medium.jpg', 'image/jpeg' );
INSERT INTO files ( gid, file, mime ) VALUES ( '48222', 'http://www.gutenberg.org/cache/epub/48222/pg48222.cover.small.jpg', 'image/jpeg' );
INSERT INTO files ( gid, file, mime ) VALUES ( '48222', 'http://www.gutenberg.org/ebooks/48222.epub.images', 'application/epub+zip' );
INSERT INTO files ( gid, file, mime ) VALUES ( '48222', 'http://www.gutenberg.org/ebooks/48222.epub.noimages', 'application/epub+zip' );
INSERT INTO files ( gid, file, mime ) VALUES ( '48222', 'http://www.gutenberg.org/ebooks/48222.kindle.images', 'application/x-mobipocket-ebook' );
INSERT INTO files ( gid, file, mime ) VALUES ( '48222', 'http://www.gutenberg.org/ebooks/48222.kindle.noimages', 'application/x-mobipocket-ebook' );
INSERT INTO files ( gid, file, mime ) VALUES ( '48222', 'http://www.gutenberg.org/ebooks/48222.rdf', 'application/rdf+xml' );
INSERT INTO files ( gid, file, mime ) VALUES ( '48222', 'http://www.gutenberg.org/files/48222/48222-0.txt', 'text/plain; charset=utf-8' );
INSERT INTO files ( gid, file, mime ) VALUES ( '48222', 'http://www.gutenberg.org/files/48222/48222-0.zip', 'text/plain; charset=utf-8application/zip' );
INSERT INTO files ( gid, file, mime ) VALUES ( '48222', 'http://www.gutenberg.org/files/48222/48222-h.zip', 'text/html; charset=utf-8application/zip' );
INSERT INTO files ( gid, file, mime ) VALUES ( '48222', 'http://www.gutenberg.org/files/48222/48222-h/48222-h.htm', 'text/html; charset=utf-8' );
INSERT INTO titles ( gid, title, author, language, rights ) VALUES ( '4822', 'The Rise of the Dutch Republic — Volume 21: 1573-74', 'Motley, John Lothrop', 'en', 'Public domain in the USA.' );
INSERT INTO classifications ( gid, classification ) VALUES ( '4822', 'DH' );
INSERT INTO subjects ( gid, subject ) VALUES ( '4822', 'Netherlands -- Church history' );
INSERT INTO subjects ( gid, subject ) VALUES ( '4822', 'Netherlands -- History -- Eighty Years'' War, 1568-1648' );
INSERT INTO files ( gid, file, mime ) VALUES ( '4822', 'http://www.gutenberg.org/ebooks/4822.epub.images', 'application/epub+zip' );
INSERT INTO files ( gid, file, mime ) VALUES ( '4822', 'http://www.gutenberg.org/ebooks/4822.epub.noimages', 'application/epub+zip' );
INSERT INTO files ( gid, file, mime ) VALUES ( '4822', 'http://www.gutenberg.org/ebooks/4822.html.images', 'text/html' );
INSERT INTO files ( gid, file, mime ) VALUES ( '4822', 'http://www.gutenberg.org/ebooks/4822.html.noimages', 'text/html' );
INSERT INTO files ( gid, file, mime ) VALUES ( '4822', 'http://www.gutenberg.org/ebooks/4822.kindle.images', 'application/x-mobipocket-ebook' );
INSERT INTO files ( gid, file, mime ) VALUES ( '4822', 'http://www.gutenberg.org/ebooks/4822.kindle.noimages', 'application/x-mobipocket-ebook' );
INSERT INTO files ( gid, file, mime ) VALUES ( '4822', 'http://www.gutenberg.org/ebooks/4822.rdf', 'application/rdf+xml' );
INSERT INTO files ( gid, file, mime ) VALUES ( '4822', 'http://www.gutenberg.org/ebooks/4822.txt.utf-8', 'text/plain' );
INSERT INTO files ( gid, file, mime ) VALUES ( '4822', 'http://www.gutenberg.org/files/4822/4822.txt', 'text/plain; charset=us-ascii' );
INSERT INTO files ( gid, file, mime ) VALUES ( '4822', 'http://www.gutenberg.org/files/4822/4822.zip', 'text/plain; charset=us-asciiapplication/zip' );
INSERT INTO titles ( gid, title, author, language, rights ) VALUES ( '48322', 'Carl Scharnhorst. Abenteuer eines deutschen Knaben in Amerika.', 'Armand', 'de', 'Public domain in the USA.' );
INSERT INTO classifications ( gid, classification ) VALUES ( '48322', 'PT' );
INSERT INTO subjects ( gid, subject ) VALUES ( '48322', 'Frontier and pioneer life -- United States -- Fiction' );
INSERT INTO files ( gid, file, mime ) VALUES ( '48322', 'http://www.gutenberg.org/cache/epub/48322/pg48322.cover.medium.jpg', 'image/jpeg' );
INSERT INTO files ( gid, file, mime ) VALUES ( '48322', 'http://www.gutenberg.org/cache/epub/48322/pg48322.cover.small.jpg', 'image/jpeg' );
INSERT INTO files ( gid, file, mime ) VALUES ( '48322', 'http://www.gutenberg.org/ebooks/48322.epub.images', 'application/epub+zip' );
INSERT INTO files ( gid, file, mime ) VALUES ( '48322', 'http://www.gutenberg.org/ebooks/48322.epub.noimages', 'application/epub+zip' );
INSERT INTO files ( gid, file, mime ) VALUES ( '48322', 'http://www.gutenberg.org/ebooks/48322.kindle.images', 'application/x-mobipocket-ebook' );
INSERT INTO files ( gid, file, mime ) VALUES ( '48322', 'http://www.gutenberg.org/ebooks/48322.kindle.noimages', 'application/x-mobipocket-ebook' );
INSERT INTO files ( gid, file, mime ) VALUES ( '48322', 'http://www.gutenberg.org/ebooks/48322.rdf', 'application/rdf+xml' );
INSERT INTO files ( gid, file, mime ) VALUES ( '48322', 'http://www.gutenberg.org/ebooks/48322.txt.utf-8', 'text/plain' );
INSERT INTO files ( gid, file, mime ) VALUES ( '48322', 'http://www.gutenberg.org/files/48322/48322-8.txt', 'text/plain; charset=iso-8859-1' );
INSERT INTO files ( gid, file, mime ) VALUES ( '48322', 'http://www.gutenberg.org/files/48322/48322-8.zip', 'application/ziptext/plain; charset=iso-8859-1' );
INSERT INTO files ( gid, file, mime ) VALUES ( '48322', 'http://www.gutenberg.org/files/48322/48322-h.zip', 'application/ziptext/html; charset=iso-8859-1' );
INSERT INTO files ( gid, file, mime ) VALUES ( '48322', 'http://www.gutenberg.org/files/48322/48322-h/48322-h.htm', 'text/html; charset=iso-8859-1' );
INSERT INTO titles ( gid, title, author, language, rights ) VALUES ( '48422', 'Air Men o'' War', 'Cable, Boyd', 'en', 'Public domain in the USA.' );
INSERT INTO subjects ( gid, subject ) VALUES ( '48422', 'World War, 1914-1918 -- Aerial operations' );
INSERT INTO subjects ( gid, subject ) VALUES ( '48422', 'D501' );
INSERT INTO files ( gid, file, mime ) VALUES ( '48422', 'http://www.gutenberg.org/cache/epub/48422/pg48422.cover.medium.jpg', 'image/jpeg' );
INSERT INTO files ( gid, file, mime ) VALUES ( '48422', 'http://www.gutenberg.org/cache/epub/48422/pg48422.cover.small.jpg', 'image/jpeg' );
INSERT INTO files ( gid, file, mime ) VALUES ( '48422', 'http://www.gutenberg.org/ebooks/48422.epub.images', 'application/epub+zip' );
INSERT INTO files ( gid, file, mime ) VALUES ( '48422', 'http://www.gutenberg.org/ebooks/48422.epub.noimages', 'application/epub+zip' );
INSERT INTO files ( gid, file, mime ) VALUES ( '48422', 'http://www.gutenberg.org/ebooks/48422.kindle.images', 'application/x-mobipocket-ebook' );
INSERT INTO files ( gid, file, mime ) VALUES ( '48422', 'http://www.gutenberg.org/ebooks/48422.kindle.noimages', 'application/x-mobipocket-ebook' );
INSERT INTO files ( gid, file, mime ) VALUES ( '48422', 'http://www.gutenberg.org/ebooks/48422.rdf', 'application/rdf+xml' );
INSERT INTO files ( gid, file, mime ) VALUES ( '48422', 'http://www.gutenberg.org/files/48422/48422-0.txt', 'text/plain; charset=utf-8' );
INSERT INTO files ( gid, file, mime ) VALUES ( '48422', 'http://www.gutenberg.org/files/48422/48422-0.zip', 'text/plain; charset=utf-8application/zip' );
INSERT INTO files ( gid, file, mime ) VALUES ( '48422', 'http://www.gutenberg.org/files/48422/48422-h.zip', 'text/html; charset=iso-8859-1application/zip' );
INSERT INTO files ( gid, file, mime ) VALUES ( '48422', 'http://www.gutenberg.org/files/48422/48422-h/48422-h.htm', 'text/html; charset=iso-8859-1' );
INSERT INTO titles ( gid, title, author, language, rights ) VALUES ( '48522', 'Old Country Life', 'Baring-Gould, S. (Sabine)', 'en', 'Public domain in the USA.' );
INSERT INTO classifications ( gid, classification ) VALUES ( '48522', 'DA' );
INSERT INTO subjects ( gid, subject ) VALUES ( '48522', 'Gentry -- England' );
INSERT INTO subjects ( gid, subject ) VALUES ( '48522', 'Country life -- England' );
INSERT INTO subjects ( gid, subject ) VALUES ( '48522', 'England -- Social life and customs' );
INSERT INTO files ( gid, file, mime ) VALUES ( '48522', 'http://www.gutenberg.org/cache/epub/48522/pg48522.cover.medium.jpg', 'image/jpeg' );
INSERT INTO files ( gid, file, mime ) VALUES ( '48522', 'http://www.gutenberg.org/cache/epub/48522/pg48522.cover.small.jpg', 'image/jpeg' );
INSERT INTO files ( gid, file, mime ) VALUES ( '48522', 'http://www.gutenberg.org/ebooks/48522.epub.images', 'application/epub+zip' );
INSERT INTO files ( gid, file, mime ) VALUES ( '48522', 'http://www.gutenberg.org/ebooks/48522.epub.noimages', 'application/epub+zip' );
INSERT INTO files ( gid, file, mime ) VALUES ( '48522', 'http://www.gutenberg.org/ebooks/48522.kindle.images', 'application/x-mobipocket-ebook' );
INSERT INTO files ( gid, file, mime ) VALUES ( '48522', 'http://www.gutenberg.org/ebooks/48522.kindle.noimages', 'application/x-mobipocket-ebook' );
INSERT INTO files ( gid, file, mime ) VALUES ( '48522', 'http://www.gutenberg.org/ebooks/48522.rdf', 'application/rdf+xml' );
INSERT INTO files ( gid, file, mime ) VALUES ( '48522', 'http://www.gutenberg.org/ebooks/48522.txt.utf-8', 'text/plain' );
INSERT INTO files ( gid, file, mime ) VALUES ( '48522', 'http://www.gutenberg.org/files/48522/48522-8.txt', 'text/plain; charset=iso-8859-1' );
INSERT INTO files ( gid, file, mime ) VALUES ( '48522', 'http://www.gutenberg.org/files/48522/48522-8.zip', 'text/plain; charset=iso-8859-1application/zip' );
INSERT INTO files ( gid, file, mime ) VALUES ( '48522', 'http://www.gutenberg.org/files/48522/48522-h.zip', 'text/html; charset=utf-8application/zip' );
INSERT INTO files ( gid, file, mime ) VALUES ( '48522', 'http://www.gutenberg.org/files/48522/48522-h/48522-h.htm', 'text/html; charset=utf-8' );
INSERT INTO titles ( gid, title, author, language, rights ) VALUES ( '48622', 'Grettir the Outlaw: A Story of Iceland', 'Baring-Gould, S. (Sabine)', 'en', 'Public domain in the USA.' );
INSERT INTO classifications ( gid, classification ) VALUES ( '48622', 'PZ' );
INSERT INTO subjects ( gid, subject ) VALUES ( '48622', 'Adventure stories' );
INSERT INTO subjects ( gid, subject ) VALUES ( '48622', 'Outlaws -- Juvenile fiction' );
INSERT INTO subjects ( gid, subject ) VALUES ( '48622', 'Grettir Ásmundarson, 996-1031 -- Juvenile fiction' );
INSERT INTO subjects ( gid, subject ) VALUES ( '48622', 'Storytelling -- Juvenile fiction' );
INSERT INTO subjects ( gid, subject ) VALUES ( '48622', 'Sailing -- Juvenile fiction' );
INSERT INTO subjects ( gid, subject ) VALUES ( '48622', 'Swords -- Juvenile fiction' );
INSERT INTO subjects ( gid, subject ) VALUES ( '48622', 'Rivers -- Juvenile fiction' );
INSERT INTO subjects ( gid, subject ) VALUES ( '48622', 'Farmers -- Juvenile fiction' );
INSERT INTO subjects ( gid, subject ) VALUES ( '48622', 'Outdoor life -- Juvenile fiction' );
INSERT INTO subjects ( gid, subject ) VALUES ( '48622', 'Conduct of life -- Juvenile fiction' );
INSERT INTO subjects ( gid, subject ) VALUES ( '48622', 'Children -- Conduct of life -- Juvenile fiction' );
INSERT INTO subjects ( gid, subject ) VALUES ( '48622', 'Voyages and travels -- Juvenile fiction' );
INSERT INTO subjects ( gid, subject ) VALUES ( '48622', 'Natural history -- Juvenile fiction' );
INSERT INTO subjects ( gid, subject ) VALUES ( '48622', 'Sagas -- Adaptations' );
INSERT INTO files ( gid, file, mime ) VALUES ( '48622', 'http://www.gutenberg.org/cache/epub/48622/pg48622.cover.medium.jpg', 'image/jpeg' );
INSERT INTO files ( gid, file, mime ) VALUES ( '48622', 'http://www.gutenberg.org/cache/epub/48622/pg48622.cover.small.jpg', 'image/jpeg' );
INSERT INTO files ( gid, file, mime ) VALUES ( '48622', 'http://www.gutenberg.org/ebooks/48622.epub.images', 'application/epub+zip' );
INSERT INTO files ( gid, file, mime ) VALUES ( '48622', 'http://www.gutenberg.org/ebooks/48622.epub.noimages', 'application/epub+zip' );
INSERT INTO files ( gid, file, mime ) VALUES ( '48622', 'http://www.gutenberg.org/ebooks/48622.kindle.images', 'application/x-mobipocket-ebook' );
INSERT INTO files ( gid, file, mime ) VALUES ( '48622', 'http://www.gutenberg.org/ebooks/48622.kindle.noimages', 'application/x-mobipocket-ebook' );
INSERT INTO files ( gid, file, mime ) VALUES ( '48622', 'http://www.gutenberg.org/ebooks/48622.rdf', 'application/rdf+xml' );
INSERT INTO files ( gid, file, mime ) VALUES ( '48622', 'http://www.gutenberg.org/ebooks/48622.rst.gen', 'text/x-rst' );
INSERT INTO files ( gid, file, mime ) VALUES ( '48622', 'http://www.gutenberg.org/files/48622/48622-0.txt', 'text/plain; charset=utf-8' );
INSERT INTO files ( gid, file, mime ) VALUES ( '48622', 'http://www.gutenberg.org/files/48622/48622-0.zip', 'text/plain; charset=utf-8application/zip' );
INSERT INTO files ( gid, file, mime ) VALUES ( '48622', 'http://www.gutenberg.org/files/48622/48622-8.txt', 'text/plain; charset=iso-8859-1' );
INSERT INTO files ( gid, file, mime ) VALUES ( '48622', 'http://www.gutenberg.org/files/48622/48622-8.zip', 'application/ziptext/plain; charset=iso-8859-1' );
INSERT INTO files ( gid, file, mime ) VALUES ( '48622', 'http://www.gutenberg.org/files/48622/48622-h.zip', 'application/ziptext/html; charset=utf-8' );
INSERT INTO files ( gid, file, mime ) VALUES ( '48622', 'http://www.gutenberg.org/files/48622/48622-h/48622-h.html', 'text/html; charset=utf-8' );
INSERT INTO files ( gid, file, mime ) VALUES ( '48622', 'http://www.gutenberg.org/files/48622/48622-rst.zip', 'application/ziptext/x-rst' );
INSERT INTO files ( gid, file, mime ) VALUES ( '48622', 'http://www.gutenberg.org/files/48622/48622-rst/48622-rst.rst', 'text/x-rst' );
INSERT INTO files ( gid, file, mime ) VALUES ( '48622', 'http://www.gutenberg.org/files/48622/48622.txt', 'text/plain; charset=us-ascii' );
INSERT INTO files ( gid, file, mime ) VALUES ( '48622', 'http://www.gutenberg.org/files/48622/48622.zip', 'application/ziptext/plain; charset=us-ascii' );
INSERT INTO titles ( gid, title, author, language, rights ) VALUES ( '48722', 'Making Fermented Pickles', 'LeFevre, Edwin', 'en', 'Public domain in the USA.' );
INSERT INTO classifications ( gid, classification ) VALUES ( '48722', 'TX' );
INSERT INTO classifications ( gid, classification ) VALUES ( '48722', 'TP' );
INSERT INTO subjects ( gid, subject ) VALUES ( '48722', 'Pickles' );
INSERT INTO subjects ( gid, subject ) VALUES ( '48722', 'Canning and preserving' );
INSERT INTO files ( gid, file, mime ) VALUES ( '48722', 'http://www.gutenberg.org/cache/epub/48722/pg48722.cover.medium.jpg', 'image/jpeg' );
INSERT INTO files ( gid, file, mime ) VALUES ( '48722', 'http://www.gutenberg.org/cache/epub/48722/pg48722.cover.small.jpg', 'image/jpeg' );
INSERT INTO files ( gid, file, mime ) VALUES ( '48722', 'http://www.gutenberg.org/ebooks/48722.epub.images', 'application/epub+zip' );
INSERT INTO files ( gid, file, mime ) VALUES ( '48722', 'http://www.gutenberg.org/ebooks/48722.epub.noimages', 'application/epub+zip' );
INSERT INTO files ( gid, file, mime ) VALUES ( '48722', 'http://www.gutenberg.org/ebooks/48722.kindle.images', 'application/x-mobipocket-ebook' );
INSERT INTO files ( gid, file, mime ) VALUES ( '48722', 'http://www.gutenberg.org/ebooks/48722.kindle.noimages', 'application/x-mobipocket-ebook' );
INSERT INTO files ( gid, file, mime ) VALUES ( '48722', 'http://www.gutenberg.org/ebooks/48722.rdf', 'application/rdf+xml' );
INSERT INTO files ( gid, file, mime ) VALUES ( '48722', 'http://www.gutenberg.org/ebooks/48722.txt.utf-8', 'text/plain' );
INSERT INTO files ( gid, file, mime ) VALUES ( '48722', 'http://www.gutenberg.org/files/48722/48722-8.txt', 'text/plain; charset=iso-8859-1' );
INSERT INTO files ( gid, file, mime ) VALUES ( '48722', 'http://www.gutenberg.org/files/48722/48722-8.zip', 'application/ziptext/plain; charset=iso-8859-1' );
INSERT INTO files ( gid, file, mime ) VALUES ( '48722', 'http://www.gutenberg.org/files/48722/48722-h.zip', 'application/ziptext/html; charset=iso-8859-1' );
INSERT INTO files ( gid, file, mime ) VALUES ( '48722', 'http://www.gutenberg.org/files/48722/48722-h/48722-h.htm', 'text/html; charset=iso-8859-1' );
INSERT INTO titles ( gid, title, author, language, rights ) VALUES ( '48822', 'Three Years in the Service A Record of the Doings of the 11th Reg. Missouri Vols.', 'McCall, D.', 'en', 'Public domain in the USA.' );
INSERT INTO subjects ( gid, subject ) VALUES ( '48822', 'United States -- History -- Civil War, 1861-1865 -- Regimental histories' );
INSERT INTO subjects ( gid, subject ) VALUES ( '48822', 'United States -- History -- Civil War, 1861-1865 -- Personal narratives' );
INSERT INTO subjects ( gid, subject ) VALUES ( '48822', 'United States. Army. Missouri Infantry Regiment, 11th (1861-1866)' );
INSERT INTO subjects ( gid, subject ) VALUES ( '48822', 'E456' );
INSERT INTO subjects ( gid, subject ) VALUES ( '48822', 'Missouri -- History -- Civil War, 1861-1865 -- Regimental histories' );
INSERT INTO files ( gid, file, mime ) VALUES ( '48822', 'http://www.gutenberg.org/cache/epub/48822/pg48822.cover.medium.jpg', 'image/jpeg' );
INSERT INTO files ( gid, file, mime ) VALUES ( '48822', 'http://www.gutenberg.org/cache/epub/48822/pg48822.cover.small.jpg', 'image/jpeg' );
INSERT INTO files ( gid, file, mime ) VALUES ( '48822', 'http://www.gutenberg.org/ebooks/48822.epub.images', 'application/epub+zip' );
INSERT INTO files ( gid, file, mime ) VALUES ( '48822', 'http://www.gutenberg.org/ebooks/48822.epub.noimages', 'application/epub+zip' );
INSERT INTO files ( gid, file, mime ) VALUES ( '48822', 'http://www.gutenberg.org/ebooks/48822.kindle.images', 'application/x-mobipocket-ebook' );
INSERT INTO files ( gid, file, mime ) VALUES ( '48822', 'http://www.gutenberg.org/ebooks/48822.kindle.noimages', 'application/x-mobipocket-ebook' );
INSERT INTO files ( gid, file, mime ) VALUES ( '48822', 'http://www.gutenberg.org/ebooks/48822.rdf', 'application/rdf+xml' );
INSERT INTO files ( gid, file, mime ) VALUES ( '48822', 'http://www.gutenberg.org/ebooks/48822.txt.utf-8', 'text/plain' );
INSERT INTO files ( gid, file, mime ) VALUES ( '48822', 'http://www.gutenberg.org/files/48822/48822-h.zip', 'text/html; charset=us-asciiapplication/zip' );
INSERT INTO files ( gid, file, mime ) VALUES ( '48822', 'http://www.gutenberg.org/files/48822/48822-h/48822-h.htm', 'text/html; charset=us-ascii' );
INSERT INTO files ( gid, file, mime ) VALUES ( '48822', 'http://www.gutenberg.org/files/48822/48822.txt', 'text/plain; charset=us-ascii' );
INSERT INTO files ( gid, file, mime ) VALUES ( '48822', 'http://www.gutenberg.org/files/48822/48822.zip', 'application/ziptext/plain; charset=us-ascii' );
INSERT INTO titles ( gid, title, author, language, rights ) VALUES ( '48922', 'Isä ja poika: Tekele', 'Lassila, Maiju', 'fi', 'Public domain in the USA.' );
INSERT INTO classifications ( gid, classification ) VALUES ( '48922', 'PH' );
INSERT INTO subjects ( gid, subject ) VALUES ( '48922', 'Finnish fiction -- 20th century' );
INSERT INTO files ( gid, file, mime ) VALUES ( '48922', 'http://www.gutenberg.org/ebooks/48922.epub.images', 'application/epub+zip' );
INSERT INTO files ( gid, file, mime ) VALUES ( '48922', 'http://www.gutenberg.org/ebooks/48922.epub.noimages', 'application/epub+zip' );
INSERT INTO files ( gid, file, mime ) VALUES ( '48922', 'http://www.gutenberg.org/ebooks/48922.html.images', 'text/html' );
INSERT INTO files ( gid, file, mime ) VALUES ( '48922', 'http://www.gutenberg.org/ebooks/48922.html.noimages', 'text/html' );
INSERT INTO files ( gid, file, mime ) VALUES ( '48922', 'http://www.gutenberg.org/ebooks/48922.kindle.images', 'application/x-mobipocket-ebook' );
INSERT INTO files ( gid, file, mime ) VALUES ( '48922', 'http://www.gutenberg.org/ebooks/48922.kindle.noimages', 'application/x-mobipocket-ebook' );
INSERT INTO files ( gid, file, mime ) VALUES ( '48922', 'http://www.gutenberg.org/ebooks/48922.rdf', 'application/rdf+xml' );
INSERT INTO files ( gid, file, mime ) VALUES ( '48922', 'http://www.gutenberg.org/ebooks/48922.txt.utf-8', 'text/plain' );
INSERT INTO files ( gid, file, mime ) VALUES ( '48922', 'http://www.gutenberg.org/files/48922/48922-8.txt', 'text/plain; charset=iso-8859-1' );
INSERT INTO files ( gid, file, mime ) VALUES ( '48922', 'http://www.gutenberg.org/files/48922/48922-8.zip', 'text/plain; charset=iso-8859-1application/zip' );
INSERT INTO titles ( gid, title, author, language, rights ) VALUES ( '49022', 'A Year at the Shore', 'Gosse, Philip Henry', 'en', 'Public domain in the USA.' );
INSERT INTO classifications ( gid, classification ) VALUES ( '49022', 'QL' );
INSERT INTO subjects ( gid, subject ) VALUES ( '49022', 'Marine animals -- Great Britain' );
INSERT INTO files ( gid, file, mime ) VALUES ( '49022', 'http://www.gutenberg.org/cache/epub/49022/pg49022.cover.medium.jpg', 'image/jpeg' );
INSERT INTO files ( gid, file, mime ) VALUES ( '49022', 'http://www.gutenberg.org/cache/epub/49022/pg49022.cover.small.jpg', 'image/jpeg' );
INSERT INTO files ( gid, file, mime ) VALUES ( '49022', 'http://www.gutenberg.org/ebooks/49022.epub.images', 'application/epub+zip' );
INSERT INTO files ( gid, file, mime ) VALUES ( '49022', 'http://www.gutenberg.org/ebooks/49022.epub.noimages', 'application/epub+zip' );
INSERT INTO files ( gid, file, mime ) VALUES ( '49022', 'http://www.gutenberg.org/ebooks/49022.kindle.images', 'application/x-mobipocket-ebook' );
INSERT INTO files ( gid, file, mime ) VALUES ( '49022', 'http://www.gutenberg.org/ebooks/49022.kindle.noimages', 'application/x-mobipocket-ebook' );
INSERT INTO files ( gid, file, mime ) VALUES ( '49022', 'http://www.gutenberg.org/ebooks/49022.rdf', 'application/rdf+xml' );
INSERT INTO files ( gid, file, mime ) VALUES ( '49022', 'http://www.gutenberg.org/files/49022/49022-0.txt', 'text/plain; charset=utf-8' );
INSERT INTO files ( gid, file, mime ) VALUES ( '49022', 'http://www.gutenberg.org/files/49022/49022-0.zip', 'application/ziptext/plain; charset=utf-8' );
INSERT INTO files ( gid, file, mime ) VALUES ( '49022', 'http://www.gutenberg.org/files/49022/49022-h.zip', 'application/ziptext/html; charset=utf-8' );
INSERT INTO files ( gid, file, mime ) VALUES ( '49022', 'http://www.gutenberg.org/files/49022/49022-h/49022-h.htm', 'text/html; charset=utf-8' );
INSERT INTO titles ( gid, title, author, language, rights ) VALUES ( '49122', 'The Somme, Volume 1. The First Battle of the Somme (1916-1917) (Albert, Bapaume, Péronne)', '', 'en', 'Public domain in the USA.' );
INSERT INTO classifications ( gid, classification ) VALUES ( '49122', 'DC' );
INSERT INTO subjects ( gid, subject ) VALUES ( '49122', 'World War, 1914-1918 -- Battlefields -- Guidebooks' );
INSERT INTO subjects ( gid, subject ) VALUES ( '49122', 'D501' );
INSERT INTO subjects ( gid, subject ) VALUES ( '49122', 'Somme, 1st Battle of the, France, 1916' );
INSERT INTO files ( gid, file, mime ) VALUES ( '49122', 'http://www.gutenberg.org/cache/epub/49122/pg49122.cover.medium.jpg', 'image/jpeg' );
INSERT INTO files ( gid, file, mime ) VALUES ( '49122', 'http://www.gutenberg.org/cache/epub/49122/pg49122.cover.small.jpg', 'image/jpeg' );
INSERT INTO files ( gid, file, mime ) VALUES ( '49122', 'http://www.gutenberg.org/ebooks/49122.epub.images', 'application/epub+zip' );
INSERT INTO files ( gid, file, mime ) VALUES ( '49122', 'http://www.gutenberg.org/ebooks/49122.epub.noimages', 'application/epub+zip' );
INSERT INTO files ( gid, file, mime ) VALUES ( '49122', 'http://www.gutenberg.org/ebooks/49122.kindle.images', 'application/x-mobipocket-ebook' );
INSERT INTO files ( gid, file, mime ) VALUES ( '49122', 'http://www.gutenberg.org/ebooks/49122.kindle.noimages', 'application/x-mobipocket-ebook' );
INSERT INTO files ( gid, file, mime ) VALUES ( '49122', 'http://www.gutenberg.org/ebooks/49122.rdf', 'application/rdf+xml' );
INSERT INTO files ( gid, file, mime ) VALUES ( '49122', 'http://www.gutenberg.org/files/49122/49122-0.txt', 'text/plain; charset=utf-8' );
INSERT INTO files ( gid, file, mime ) VALUES ( '49122', 'http://www.gutenberg.org/files/49122/49122-0.zip', 'application/ziptext/plain; charset=utf-8' );
INSERT INTO files ( gid, file, mime ) VALUES ( '49122', 'http://www.gutenberg.org/files/49122/49122-h.zip', 'text/html; charset=us-asciiapplication/zip' );
INSERT INTO files ( gid, file, mime ) VALUES ( '49122', 'http://www.gutenberg.org/files/49122/49122-h/49122-h.htm', 'text/html; charset=us-ascii' );
INSERT INTO titles ( gid, title, author, language, rights ) VALUES ( '49222', 'John Silence, Physician Extraordinary', 'Blackwood, Algernon', 'en', 'Public domain in the USA.' );
INSERT INTO classifications ( gid, classification ) VALUES ( '49222', 'PR' );
INSERT INTO subjects ( gid, subject ) VALUES ( '49222', 'Detective and mystery stories, English' );
INSERT INTO subjects ( gid, subject ) VALUES ( '49222', 'Psychics -- Fiction' );
INSERT INTO subjects ( gid, subject ) VALUES ( '49222', 'Horror tales, English' );
INSERT INTO subjects ( gid, subject ) VALUES ( '49222', 'Ghost stories, English' );
INSERT INTO subjects ( gid, subject ) VALUES ( '49222', 'Paranormal fiction, English' );
INSERT INTO subjects ( gid, subject ) VALUES ( '49222', 'Silence, John (Fictitious character) -- Fiction' );
INSERT INTO files ( gid, file, mime ) VALUES ( '49222', 'http://www.gutenberg.org/cache/epub/49222/pg49222.cover.medium.jpg', 'image/jpeg' );
INSERT INTO files ( gid, file, mime ) VALUES ( '49222', 'http://www.gutenberg.org/cache/epub/49222/pg49222.cover.small.jpg', 'image/jpeg' );
INSERT INTO files ( gid, file, mime ) VALUES ( '49222', 'http://www.gutenberg.org/ebooks/49222.epub.images', 'application/epub+zip' );
INSERT INTO files ( gid, file, mime ) VALUES ( '49222', 'http://www.gutenberg.org/ebooks/49222.epub.noimages', 'application/epub+zip' );
INSERT INTO files ( gid, file, mime ) VALUES ( '49222', 'http://www.gutenberg.org/ebooks/49222.kindle.images', 'application/x-mobipocket-ebook' );
INSERT INTO files ( gid, file, mime ) VALUES ( '49222', 'http://www.gutenberg.org/ebooks/49222.kindle.noimages', 'application/x-mobipocket-ebook' );
INSERT INTO files ( gid, file, mime ) VALUES ( '49222', 'http://www.gutenberg.org/ebooks/49222.rdf', 'application/rdf+xml' );
INSERT INTO files ( gid, file, mime ) VALUES ( '49222', 'http://www.gutenberg.org/files/49222/49222-0.txt', 'text/plain; charset=utf-8' );
INSERT INTO files ( gid, file, mime ) VALUES ( '49222', 'http://www.gutenberg.org/files/49222/49222-0.zip', 'application/ziptext/plain; charset=utf-8' );
INSERT INTO files ( gid, file, mime ) VALUES ( '49222', 'http://www.gutenberg.org/files/49222/49222-h.zip', 'application/ziptext/html; charset=utf-8' );
INSERT INTO files ( gid, file, mime ) VALUES ( '49222', 'http://www.gutenberg.org/files/49222/49222-h/49222-h.htm', 'text/html; charset=utf-8' );
INSERT INTO titles ( gid, title, author, language, rights ) VALUES ( '4922', 'Bar-20 Days', 'Mulford, Clarence Edward', 'en', 'Public domain in the USA.' );
INSERT INTO classifications ( gid, classification ) VALUES ( '4922', 'PS' );
INSERT INTO subjects ( gid, subject ) VALUES ( '4922', 'Cassidy, Hopalong (Fictitious character) -- Fiction' );
INSERT INTO subjects ( gid, subject ) VALUES ( '4922', 'Western stories' );
INSERT INTO files ( gid, file, mime ) VALUES ( '4922', 'http://www.gutenberg.org/ebooks/4922.epub.images', 'application/epub+zip' );
INSERT INTO files ( gid, file, mime ) VALUES ( '4922', 'http://www.gutenberg.org/ebooks/4922.epub.noimages', 'application/epub+zip' );
INSERT INTO files ( gid, file, mime ) VALUES ( '4922', 'http://www.gutenberg.org/ebooks/4922.kindle.images', 'application/x-mobipocket-ebook' );
INSERT INTO files ( gid, file, mime ) VALUES ( '4922', 'http://www.gutenberg.org/ebooks/4922.kindle.noimages', 'application/x-mobipocket-ebook' );
INSERT INTO files ( gid, file, mime ) VALUES ( '4922', 'http://www.gutenberg.org/ebooks/4922.rdf', 'application/rdf+xml' );
INSERT INTO files ( gid, file, mime ) VALUES ( '4922', 'http://www.gutenberg.org/files/4922/4922-0.txt', 'text/plain; charset=utf-8' );
INSERT INTO files ( gid, file, mime ) VALUES ( '4922', 'http://www.gutenberg.org/files/4922/4922-0.zip', 'text/plain; charset=utf-8application/zip' );
INSERT INTO files ( gid, file, mime ) VALUES ( '4922', 'http://www.gutenberg.org/files/4922/4922-h.zip', 'text/html; charset=utf-8application/zip' );
INSERT INTO files ( gid, file, mime ) VALUES ( '4922', 'http://www.gutenberg.org/files/4922/4922-h/4922-h.htm', 'text/html; charset=utf-8' );
INSERT INTO files ( gid, file, mime ) VALUES ( '4922', 'http://www.gutenberg.org/files/4922/4922.txt', 'text/plain; charset=us-ascii' );
INSERT INTO files ( gid, file, mime ) VALUES ( '4922', 'http://www.gutenberg.org/files/4922/4922.zip', 'text/plain; charset=us-asciiapplication/zip' );
INSERT INTO titles ( gid, title, author, language, rights ) VALUES ( '49322', 'The Skirts of the Great City', 'D''Anvers, N.', 'en', 'Public domain in the USA.' );
INSERT INTO classifications ( gid, classification ) VALUES ( '49322', 'DA' );
INSERT INTO subjects ( gid, subject ) VALUES ( '49322', 'Suburbs -- England -- London' );
INSERT INTO files ( gid, file, mime ) VALUES ( '49322', 'http://www.gutenberg.org/cache/epub/49322/pg49322.cover.medium.jpg', 'image/jpeg' );
INSERT INTO files ( gid, file, mime ) VALUES ( '49322', 'http://www.gutenberg.org/cache/epub/49322/pg49322.cover.small.jpg', 'image/jpeg' );
INSERT INTO files ( gid, file, mime ) VALUES ( '49322', 'http://www.gutenberg.org/ebooks/49322.epub.images', 'application/epub+zip' );
INSERT INTO files ( gid, file, mime ) VALUES ( '49322', 'http://www.gutenberg.org/ebooks/49322.epub.noimages', 'application/epub+zip' );
INSERT INTO files ( gid, file, mime ) VALUES ( '49322', 'http://www.gutenberg.org/ebooks/49322.kindle.images', 'application/x-mobipocket-ebook' );
INSERT INTO files ( gid, file, mime ) VALUES ( '49322', 'http://www.gutenberg.org/ebooks/49322.kindle.noimages', 'application/x-mobipocket-ebook' );
INSERT INTO files ( gid, file, mime ) VALUES ( '49322', 'http://www.gutenberg.org/ebooks/49322.rdf', 'application/rdf+xml' );
INSERT INTO files ( gid, file, mime ) VALUES ( '49322', 'http://www.gutenberg.org/ebooks/49322.txt.utf-8', 'text/plain' );
INSERT INTO files ( gid, file, mime ) VALUES ( '49322', 'http://www.gutenberg.org/files/49322/49322-8.txt', 'text/plain; charset=iso-8859-1' );
INSERT INTO files ( gid, file, mime ) VALUES ( '49322', 'http://www.gutenberg.org/files/49322/49322-8.zip', 'application/ziptext/plain; charset=iso-8859-1' );
INSERT INTO files ( gid, file, mime ) VALUES ( '49322', 'http://www.gutenberg.org/files/49322/49322-h.zip', 'text/html; charset=iso-8859-1application/zip' );
INSERT INTO files ( gid, file, mime ) VALUES ( '49322', 'http://www.gutenberg.org/files/49322/49322-h/49322-h.htm', 'text/html; charset=iso-8859-1' );
INSERT INTO titles ( gid, title, author, language, rights ) VALUES ( '49522', 'Luonnosta ja elämästä: Satuja ja kertomuksia lapsille', 'Tolstoy, Leo, graf', 'fi', 'Public domain in the USA.' );
INSERT INTO classifications ( gid, classification ) VALUES ( '49522', 'PG' );
INSERT INTO subjects ( gid, subject ) VALUES ( '49522', 'Russian literature -- Translations into Finnish' );
INSERT INTO files ( gid, file, mime ) VALUES ( '49522', 'http://www.gutenberg.org/ebooks/49522.epub.images', 'application/epub+zip' );
INSERT INTO files ( gid, file, mime ) VALUES ( '49522', 'http://www.gutenberg.org/ebooks/49522.epub.noimages', 'application/epub+zip' );
INSERT INTO files ( gid, file, mime ) VALUES ( '49522', 'http://www.gutenberg.org/ebooks/49522.html.images', 'text/html' );
INSERT INTO files ( gid, file, mime ) VALUES ( '49522', 'http://www.gutenberg.org/ebooks/49522.html.noimages', 'text/html' );
INSERT INTO files ( gid, file, mime ) VALUES ( '49522', 'http://www.gutenberg.org/ebooks/49522.kindle.images', 'application/x-mobipocket-ebook' );
INSERT INTO files ( gid, file, mime ) VALUES ( '49522', 'http://www.gutenberg.org/ebooks/49522.kindle.noimages', 'application/x-mobipocket-ebook' );
INSERT INTO files ( gid, file, mime ) VALUES ( '49522', 'http://www.gutenberg.org/ebooks/49522.rdf', 'application/rdf+xml' );
INSERT INTO files ( gid, file, mime ) VALUES ( '49522', 'http://www.gutenberg.org/ebooks/49522.txt.utf-8', 'text/plain' );
INSERT INTO files ( gid, file, mime ) VALUES ( '49522', 'http://www.gutenberg.org/files/49522/49522-8.txt', 'text/plain; charset=iso-8859-1' );
INSERT INTO files ( gid, file, mime ) VALUES ( '49522', 'http://www.gutenberg.org/files/49522/49522-8.zip', 'text/plain; charset=iso-8859-1application/zip' );
INSERT INTO titles ( gid, title, author, language, rights ) VALUES ( '49422', 'A Select Collection of Old English Plays, Volume 13', 'Dodsley, Robert', 'en', 'Public domain in the USA.' );
INSERT INTO classifications ( gid, classification ) VALUES ( '49422', 'PR' );
INSERT INTO subjects ( gid, subject ) VALUES ( '49422', 'English drama' );
INSERT INTO files ( gid, file, mime ) VALUES ( '49422', 'http://www.gutenberg.org/cache/epub/49422/pg49422.cover.medium.jpg', 'image/jpeg' );
INSERT INTO files ( gid, file, mime ) VALUES ( '49422', 'http://www.gutenberg.org/cache/epub/49422/pg49422.cover.small.jpg', 'image/jpeg' );
INSERT INTO files ( gid, file, mime ) VALUES ( '49422', 'http://www.gutenberg.org/ebooks/49422.epub.images', 'application/epub+zip' );
INSERT INTO files ( gid, file, mime ) VALUES ( '49422', 'http://www.gutenberg.org/ebooks/49422.epub.noimages', 'application/epub+zip' );
INSERT INTO files ( gid, file, mime ) VALUES ( '49422', 'http://www.gutenberg.org/ebooks/49422.kindle.images', 'application/x-mobipocket-ebook' );
INSERT INTO files ( gid, file, mime ) VALUES ( '49422', 'http://www.gutenberg.org/ebooks/49422.kindle.noimages', 'application/x-mobipocket-ebook' );
INSERT INTO files ( gid, file, mime ) VALUES ( '49422', 'http://www.gutenberg.org/ebooks/49422.rdf', 'application/rdf+xml' );
INSERT INTO files ( gid, file, mime ) VALUES ( '49422', 'http://www.gutenberg.org/files/49422/49422-0.txt', 'text/plain; charset=utf-8' );
INSERT INTO files ( gid, file, mime ) VALUES ( '49422', 'http://www.gutenberg.org/files/49422/49422-0.zip', 'text/plain; charset=utf-8application/zip' );
INSERT INTO files ( gid, file, mime ) VALUES ( '49422', 'http://www.gutenberg.org/files/49422/49422-h.zip', 'application/ziptext/html; charset=us-ascii' );
INSERT INTO files ( gid, file, mime ) VALUES ( '49422', 'http://www.gutenberg.org/files/49422/49422-h/49422-h.htm', 'text/html; charset=us-ascii' );
INSERT INTO titles ( gid, title, author, language, rights ) VALUES ( '49622', 'Handbook of Birmingham Prepared for the Members of the British Association, 1886', 'British Association for the Advancement of Science', 'en', 'Public domain in the USA.' );
INSERT INTO classifications ( gid, classification ) VALUES ( '49622', 'DA' );
INSERT INTO subjects ( gid, subject ) VALUES ( '49622', 'Natural history -- England -- Birmingham' );
INSERT INTO subjects ( gid, subject ) VALUES ( '49622', 'Birmingham (England)' );
INSERT INTO files ( gid, file, mime ) VALUES ( '49622', 'http://www.gutenberg.org/cache/epub/49622/pg49622.cover.medium.jpg', 'image/jpeg' );
INSERT INTO files ( gid, file, mime ) VALUES ( '49622', 'http://www.gutenberg.org/cache/epub/49622/pg49622.cover.small.jpg', 'image/jpeg' );
INSERT INTO files ( gid, file, mime ) VALUES ( '49622', 'http://www.gutenberg.org/ebooks/49622.epub.images', 'application/epub+zip' );
INSERT INTO files ( gid, file, mime ) VALUES ( '49622', 'http://www.gutenberg.org/ebooks/49622.epub.noimages', 'application/epub+zip' );
INSERT INTO files ( gid, file, mime ) VALUES ( '49622', 'http://www.gutenberg.org/ebooks/49622.kindle.images', 'application/x-mobipocket-ebook' );
INSERT INTO files ( gid, file, mime ) VALUES ( '49622', 'http://www.gutenberg.org/ebooks/49622.kindle.noimages', 'application/x-mobipocket-ebook' );
INSERT INTO files ( gid, file, mime ) VALUES ( '49622', 'http://www.gutenberg.org/ebooks/49622.rdf', 'application/rdf+xml' );
INSERT INTO files ( gid, file, mime ) VALUES ( '49622', 'http://www.gutenberg.org/files/49622/49622-0.txt', 'text/plain; charset=utf-8' );
INSERT INTO files ( gid, file, mime ) VALUES ( '49622', 'http://www.gutenberg.org/files/49622/49622-0.zip', 'text/plain; charset=utf-8application/zip' );
INSERT INTO files ( gid, file, mime ) VALUES ( '49622', 'http://www.gutenberg.org/files/49622/49622-h.zip', 'application/ziptext/html; charset=utf-8' );
INSERT INTO files ( gid, file, mime ) VALUES ( '49622', 'http://www.gutenberg.org/files/49622/49622-h/49622-h.htm', 'text/html; charset=utf-8' );
INSERT INTO titles ( gid, title, author, language, rights ) VALUES ( '49722', 'Briefe aus Aulestad an seine Tochter Bergliot Ibsen', 'Bjørnson, Bjørnstjerne', 'de', 'Public domain in the USA.' );
INSERT INTO classifications ( gid, classification ) VALUES ( '49722', 'PT' );
INSERT INTO subjects ( gid, subject ) VALUES ( '49722', 'Authors, Norwegian -- 19th century -- Correspondence' );
INSERT INTO subjects ( gid, subject ) VALUES ( '49722', 'Bjørnson, Bjørnstjerne, 1832-1910 -- Correspondence' );
INSERT INTO files ( gid, file, mime ) VALUES ( '49722', 'http://www.gutenberg.org/cache/epub/49722/pg49722.cover.medium.jpg', 'image/jpeg' );
INSERT INTO files ( gid, file, mime ) VALUES ( '49722', 'http://www.gutenberg.org/cache/epub/49722/pg49722.cover.small.jpg', 'image/jpeg' );
INSERT INTO files ( gid, file, mime ) VALUES ( '49722', 'http://www.gutenberg.org/ebooks/49722.epub.images', 'application/epub+zip' );
INSERT INTO files ( gid, file, mime ) VALUES ( '49722', 'http://www.gutenberg.org/ebooks/49722.epub.noimages', 'application/epub+zip' );
INSERT INTO files ( gid, file, mime ) VALUES ( '49722', 'http://www.gutenberg.org/ebooks/49722.kindle.images', 'application/x-mobipocket-ebook' );
INSERT INTO files ( gid, file, mime ) VALUES ( '49722', 'http://www.gutenberg.org/ebooks/49722.kindle.noimages', 'application/x-mobipocket-ebook' );
INSERT INTO files ( gid, file, mime ) VALUES ( '49722', 'http://www.gutenberg.org/ebooks/49722.rdf', 'application/rdf+xml' );
INSERT INTO files ( gid, file, mime ) VALUES ( '49722', 'http://www.gutenberg.org/ebooks/49722.txt.utf-8', 'text/plain' );
INSERT INTO files ( gid, file, mime ) VALUES ( '49722', 'http://www.gutenberg.org/files/49722/49722-8.txt', 'text/plain; charset=iso-8859-1' );
INSERT INTO files ( gid, file, mime ) VALUES ( '49722', 'http://www.gutenberg.org/files/49722/49722-8.zip', 'application/ziptext/plain; charset=iso-8859-1' );
INSERT INTO files ( gid, file, mime ) VALUES ( '49722', 'http://www.gutenberg.org/files/49722/49722-h.zip', 'text/html; charset=iso-8859-1application/zip' );
INSERT INTO files ( gid, file, mime ) VALUES ( '49722', 'http://www.gutenberg.org/files/49722/49722-h/49722-h.htm', 'text/html; charset=iso-8859-1' );
INSERT INTO titles ( gid, title, author, language, rights ) VALUES ( '49822', 'He Knew Lincoln, and Other Billy Brown Stories', 'Tarbell, Ida M. (Ida Minerva)', 'en', 'Public domain in the USA.' );
INSERT INTO subjects ( gid, subject ) VALUES ( '49822', 'Lincoln, Abraham, 1809-1865 -- Anecdotes' );
INSERT INTO subjects ( gid, subject ) VALUES ( '49822', 'E456' );
INSERT INTO files ( gid, file, mime ) VALUES ( '49822', 'http://www.gutenberg.org/cache/epub/49822/pg49822.cover.medium.jpg', 'image/jpeg' );
INSERT INTO files ( gid, file, mime ) VALUES ( '49822', 'http://www.gutenberg.org/cache/epub/49822/pg49822.cover.small.jpg', 'image/jpeg' );
INSERT INTO files ( gid, file, mime ) VALUES ( '49822', 'http://www.gutenberg.org/ebooks/49822.epub.images', 'application/epub+zip' );
INSERT INTO files ( gid, file, mime ) VALUES ( '49822', 'http://www.gutenberg.org/ebooks/49822.epub.noimages', 'application/epub+zip' );
INSERT INTO files ( gid, file, mime ) VALUES ( '49822', 'http://www.gutenberg.org/ebooks/49822.kindle.images', 'application/x-mobipocket-ebook' );
INSERT INTO files ( gid, file, mime ) VALUES ( '49822', 'http://www.gutenberg.org/ebooks/49822.kindle.noimages', 'application/x-mobipocket-ebook' );
INSERT INTO files ( gid, file, mime ) VALUES ( '49822', 'http://www.gutenberg.org/ebooks/49822.rdf', 'application/rdf+xml' );
INSERT INTO files ( gid, file, mime ) VALUES ( '49822', 'http://www.gutenberg.org/files/49822/49822-0.txt', 'text/plain; charset=utf-8' );
INSERT INTO files ( gid, file, mime ) VALUES ( '49822', 'http://www.gutenberg.org/files/49822/49822-0.zip', 'text/plain; charset=utf-8application/zip' );
INSERT INTO files ( gid, file, mime ) VALUES ( '49822', 'http://www.gutenberg.org/files/49822/49822-h.zip', 'text/html; charset=utf-8application/zip' );
INSERT INTO files ( gid, file, mime ) VALUES ( '49822', 'http://www.gutenberg.org/files/49822/49822-h/49822-h.htm', 'text/html; charset=utf-8' );
INSERT INTO titles ( gid, title, author, language, rights ) VALUES ( '49922', 'The Mentor: Makers of American Art, Vol. 1, Num. 45, Serial No. 45', 'Thompson Willing, J.', 'en', 'Public domain in the USA.' );
INSERT INTO classifications ( gid, classification ) VALUES ( '49922', 'ND' );
INSERT INTO subjects ( gid, subject ) VALUES ( '49922', 'Painters -- United States' );
INSERT INTO subjects ( gid, subject ) VALUES ( '49922', 'Painting -- United States' );
INSERT INTO files ( gid, file, mime ) VALUES ( '49922', 'http://www.gutenberg.org/cache/epub/49922/pg49922.cover.medium.jpg', 'image/jpeg' );
INSERT INTO files ( gid, file, mime ) VALUES ( '49922', 'http://www.gutenberg.org/cache/epub/49922/pg49922.cover.small.jpg', 'image/jpeg' );
INSERT INTO files ( gid, file, mime ) VALUES ( '49922', 'http://www.gutenberg.org/ebooks/49922.epub.images', 'application/epub+zip' );
INSERT INTO files ( gid, file, mime ) VALUES ( '49922', 'http://www.gutenberg.org/ebooks/49922.epub.noimages', 'application/epub+zip' );
INSERT INTO files ( gid, file, mime ) VALUES ( '49922', 'http://www.gutenberg.org/ebooks/49922.kindle.images', 'application/x-mobipocket-ebook' );
INSERT INTO files ( gid, file, mime ) VALUES ( '49922', 'http://www.gutenberg.org/ebooks/49922.kindle.noimages', 'application/x-mobipocket-ebook' );
INSERT INTO files ( gid, file, mime ) VALUES ( '49922', 'http://www.gutenberg.org/ebooks/49922.rdf', 'application/rdf+xml' );
INSERT INTO files ( gid, file, mime ) VALUES ( '49922', 'http://www.gutenberg.org/files/49922/49922-0.txt', 'text/plain; charset=utf-8' );
INSERT INTO files ( gid, file, mime ) VALUES ( '49922', 'http://www.gutenberg.org/files/49922/49922-0.zip', 'text/plain; charset=utf-8application/zip' );
INSERT INTO files ( gid, file, mime ) VALUES ( '49922', 'http://www.gutenberg.org/files/49922/49922-h.zip', 'application/ziptext/html; charset=utf-8' );
INSERT INTO files ( gid, file, mime ) VALUES ( '49922', 'http://www.gutenberg.org/files/49922/49922-h/49922-h.htm', 'text/html; charset=utf-8' );
INSERT INTO titles ( gid, title, author, language, rights ) VALUES ( '50122', 'The Glorious Return: A Story of the Vaudois in 1689', 'Temple, Crona', 'en', 'Public domain in the USA.' );
INSERT INTO classifications ( gid, classification ) VALUES ( '50122', 'PR' );
INSERT INTO subjects ( gid, subject ) VALUES ( '50122', 'Waldenses -- Fiction' );
INSERT INTO files ( gid, file, mime ) VALUES ( '50122', 'http://www.gutenberg.org/cache/epub/50122/pg50122.cover.medium.jpg', 'image/jpeg' );
INSERT INTO files ( gid, file, mime ) VALUES ( '50122', 'http://www.gutenberg.org/cache/epub/50122/pg50122.cover.small.jpg', 'image/jpeg' );
INSERT INTO files ( gid, file, mime ) VALUES ( '50122', 'http://www.gutenberg.org/ebooks/50122.epub.images', 'application/epub+zip' );
INSERT INTO files ( gid, file, mime ) VALUES ( '50122', 'http://www.gutenberg.org/ebooks/50122.epub.noimages', 'application/epub+zip' );
INSERT INTO files ( gid, file, mime ) VALUES ( '50122', 'http://www.gutenberg.org/ebooks/50122.kindle.images', 'application/x-mobipocket-ebook' );
INSERT INTO files ( gid, file, mime ) VALUES ( '50122', 'http://www.gutenberg.org/ebooks/50122.kindle.noimages', 'application/x-mobipocket-ebook' );
INSERT INTO files ( gid, file, mime ) VALUES ( '50122', 'http://www.gutenberg.org/ebooks/50122.rdf', 'application/rdf+xml' );
INSERT INTO files ( gid, file, mime ) VALUES ( '50122', 'http://www.gutenberg.org/files/50122/50122-0.txt', 'text/plain; charset=utf-8' );
INSERT INTO files ( gid, file, mime ) VALUES ( '50122', 'http://www.gutenberg.org/files/50122/50122-0.zip', 'application/ziptext/plain; charset=utf-8' );
INSERT INTO files ( gid, file, mime ) VALUES ( '50122', 'http://www.gutenberg.org/files/50122/50122-h.zip', 'application/ziptext/html; charset=utf-8' );
INSERT INTO files ( gid, file, mime ) VALUES ( '50122', 'http://www.gutenberg.org/files/50122/50122-h/50122-h.htm', 'text/html; charset=utf-8' );
INSERT INTO titles ( gid, title, author, language, rights ) VALUES ( '50022', 'The Wailing Asteroid', 'Leinster, Murray', 'en', 'Public domain in the USA.' );
INSERT INTO classifications ( gid, classification ) VALUES ( '50022', 'PS' );
INSERT INTO subjects ( gid, subject ) VALUES ( '50022', 'Science fiction' );
INSERT INTO subjects ( gid, subject ) VALUES ( '50022', 'Asteroids -- Fiction' );
INSERT INTO files ( gid, file, mime ) VALUES ( '50022', 'http://www.gutenberg.org/cache/epub/50022/pg50022.cover.medium.jpg', 'image/jpeg' );
INSERT INTO files ( gid, file, mime ) VALUES ( '50022', 'http://www.gutenberg.org/cache/epub/50022/pg50022.cover.small.jpg', 'image/jpeg' );
INSERT INTO files ( gid, file, mime ) VALUES ( '50022', 'http://www.gutenberg.org/ebooks/50022.epub.images', 'application/epub+zip' );
INSERT INTO files ( gid, file, mime ) VALUES ( '50022', 'http://www.gutenberg.org/ebooks/50022.epub.noimages', 'application/epub+zip' );
INSERT INTO files ( gid, file, mime ) VALUES ( '50022', 'http://www.gutenberg.org/ebooks/50022.kindle.images', 'application/x-mobipocket-ebook' );
INSERT INTO files ( gid, file, mime ) VALUES ( '50022', 'http://www.gutenberg.org/ebooks/50022.kindle.noimages', 'application/x-mobipocket-ebook' );
INSERT INTO files ( gid, file, mime ) VALUES ( '50022', 'http://www.gutenberg.org/ebooks/50022.rdf', 'application/rdf+xml' );
INSERT INTO files ( gid, file, mime ) VALUES ( '50022', 'http://www.gutenberg.org/ebooks/50022.txt.utf-8', 'text/plain' );
INSERT INTO files ( gid, file, mime ) VALUES ( '50022', 'http://www.gutenberg.org/files/50022/50022-8.txt', 'text/plain; charset=iso-8859-1' );
INSERT INTO files ( gid, file, mime ) VALUES ( '50022', 'http://www.gutenberg.org/files/50022/50022-8.zip', 'application/ziptext/plain; charset=iso-8859-1' );
INSERT INTO files ( gid, file, mime ) VALUES ( '50022', 'http://www.gutenberg.org/files/50022/50022-h.zip', 'application/ziptext/html; charset=us-ascii' );
INSERT INTO files ( gid, file, mime ) VALUES ( '50022', 'http://www.gutenberg.org/files/50022/50022-h/50022-h.htm', 'text/html; charset=us-ascii' );
INSERT INTO titles ( gid, title, author, language, rights ) VALUES ( '50222', 'Veljekset: Talvinen tarina', 'Stevenson, Robert Louis', 'fi', 'Public domain in the USA.' );
INSERT INTO classifications ( gid, classification ) VALUES ( '50222', 'PR' );
INSERT INTO subjects ( gid, subject ) VALUES ( '50222', 'Revenge -- Fiction' );
INSERT INTO subjects ( gid, subject ) VALUES ( '50222', 'Absence and presumption of death -- Fiction' );
INSERT INTO subjects ( gid, subject ) VALUES ( '50222', 'Scotland -- History -- 18th century -- Fiction' );
INSERT INTO subjects ( gid, subject ) VALUES ( '50222', 'Psychological fiction' );
INSERT INTO subjects ( gid, subject ) VALUES ( '50222', 'Inheritance and succession -- Fiction' );
INSERT INTO subjects ( gid, subject ) VALUES ( '50222', 'Brothers -- Fiction' );
INSERT INTO subjects ( gid, subject ) VALUES ( '50222', 'Historical fiction' );
INSERT INTO files ( gid, file, mime ) VALUES ( '50222', 'http://www.gutenberg.org/ebooks/50222.epub.images', 'application/epub+zip' );
INSERT INTO files ( gid, file, mime ) VALUES ( '50222', 'http://www.gutenberg.org/ebooks/50222.epub.noimages', 'application/epub+zip' );
INSERT INTO files ( gid, file, mime ) VALUES ( '50222', 'http://www.gutenberg.org/ebooks/50222.html.images', 'text/html' );
INSERT INTO files ( gid, file, mime ) VALUES ( '50222', 'http://www.gutenberg.org/ebooks/50222.html.noimages', 'text/html' );
INSERT INTO files ( gid, file, mime ) VALUES ( '50222', 'http://www.gutenberg.org/ebooks/50222.kindle.images', 'application/x-mobipocket-ebook' );
INSERT INTO files ( gid, file, mime ) VALUES ( '50222', 'http://www.gutenberg.org/ebooks/50222.kindle.noimages', 'application/x-mobipocket-ebook' );
INSERT INTO files ( gid, file, mime ) VALUES ( '50222', 'http://www.gutenberg.org/ebooks/50222.rdf', 'application/rdf+xml' );
INSERT INTO files ( gid, file, mime ) VALUES ( '50222', 'http://www.gutenberg.org/ebooks/50222.txt.utf-8', 'text/plain' );
INSERT INTO files ( gid, file, mime ) VALUES ( '50222', 'http://www.gutenberg.org/files/50222/50222-8.txt', 'text/plain; charset=iso-8859-1' );
INSERT INTO files ( gid, file, mime ) VALUES ( '50222', 'http://www.gutenberg.org/files/50222/50222-8.zip', 'application/ziptext/plain; charset=iso-8859-1' );
INSERT INTO titles ( gid, title, author, language, rights ) VALUES ( '5022', 'State of the Union Addresses', 'Pierce, Franklin', 'en', 'Public domain in the USA.' );
INSERT INTO classifications ( gid, classification ) VALUES ( '5022', 'J' );
INSERT INTO subjects ( gid, subject ) VALUES ( '5022', 'United States -- Politics and government -- Sources' );
INSERT INTO subjects ( gid, subject ) VALUES ( '5022', 'Presidents -- United States -- Messages' );
INSERT INTO files ( gid, file, mime ) VALUES ( '5022', 'http://www.gutenberg.org/ebooks/5022.epub.images', 'application/epub+zip' );
INSERT INTO files ( gid, file, mime ) VALUES ( '5022', 'http://www.gutenberg.org/ebooks/5022.epub.noimages', 'application/epub+zip' );
INSERT INTO files ( gid, file, mime ) VALUES ( '5022', 'http://www.gutenberg.org/ebooks/5022.kindle.images', 'application/x-mobipocket-ebook' );
INSERT INTO files ( gid, file, mime ) VALUES ( '5022', 'http://www.gutenberg.org/ebooks/5022.kindle.noimages', 'application/x-mobipocket-ebook' );
INSERT INTO files ( gid, file, mime ) VALUES ( '5022', 'http://www.gutenberg.org/ebooks/5022.rdf', 'application/rdf+xml' );
INSERT INTO files ( gid, file, mime ) VALUES ( '5022', 'http://www.gutenberg.org/ebooks/5022.txt.utf-8', 'text/plain' );
INSERT INTO files ( gid, file, mime ) VALUES ( '5022', 'http://www.gutenberg.org/files/5022/5022-h.zip', 'application/ziptext/html; charset=iso-8859-1' );
INSERT INTO files ( gid, file, mime ) VALUES ( '5022', 'http://www.gutenberg.org/files/5022/5022-h/5022-h.htm', 'text/html; charset=iso-8859-1' );
INSERT INTO files ( gid, file, mime ) VALUES ( '5022', 'http://www.gutenberg.org/files/5022/5022.txt', 'text/plain; charset=us-ascii' );
INSERT INTO files ( gid, file, mime ) VALUES ( '5022', 'http://www.gutenberg.org/files/5022/5022.zip', 'text/plain; charset=us-asciiapplication/zip' );
INSERT INTO titles ( gid, title, author, language, rights ) VALUES ( '50322', 'Orville Southerland Cox, Pioneer of 1847', 'Sidwell, Adelia B. Cox', 'en', 'Public domain in the USA.' );
INSERT INTO subjects ( gid, subject ) VALUES ( '50322', 'Cox, Orville Southerland, 1814-1888' );
INSERT INTO subjects ( gid, subject ) VALUES ( '50322', 'Mormon pioneers -- Utah -- Manti -- Biography' );
INSERT INTO subjects ( gid, subject ) VALUES ( '50322', 'F786' );
INSERT INTO subjects ( gid, subject ) VALUES ( '50322', 'Manti (Utah) -- Biography' );
INSERT INTO subjects ( gid, subject ) VALUES ( '50322', 'Pioneers -- Utah -- Manti -- Biography' );
INSERT INTO files ( gid, file, mime ) VALUES ( '50322', 'http://www.gutenberg.org/cache/epub/50322/pg50322.cover.medium.jpg', 'image/jpeg' );
INSERT INTO files ( gid, file, mime ) VALUES ( '50322', 'http://www.gutenberg.org/cache/epub/50322/pg50322.cover.small.jpg', 'image/jpeg' );
INSERT INTO files ( gid, file, mime ) VALUES ( '50322', 'http://www.gutenberg.org/ebooks/50322.epub.images', 'application/epub+zip' );
INSERT INTO files ( gid, file, mime ) VALUES ( '50322', 'http://www.gutenberg.org/ebooks/50322.epub.noimages', 'application/epub+zip' );
INSERT INTO files ( gid, file, mime ) VALUES ( '50322', 'http://www.gutenberg.org/ebooks/50322.kindle.images', 'application/x-mobipocket-ebook' );
INSERT INTO files ( gid, file, mime ) VALUES ( '50322', 'http://www.gutenberg.org/ebooks/50322.kindle.noimages', 'application/x-mobipocket-ebook' );
INSERT INTO files ( gid, file, mime ) VALUES ( '50322', 'http://www.gutenberg.org/ebooks/50322.rdf', 'application/rdf+xml' );
INSERT INTO files ( gid, file, mime ) VALUES ( '50322', 'http://www.gutenberg.org/ebooks/50322.txt.utf-8', 'text/plain' );
INSERT INTO files ( gid, file, mime ) VALUES ( '50322', 'http://www.gutenberg.org/files/50322/50322-h.zip', 'application/ziptext/html; charset=iso-8859-1' );
INSERT INTO files ( gid, file, mime ) VALUES ( '50322', 'http://www.gutenberg.org/files/50322/50322-h/50322-h.htm', 'text/html; charset=iso-8859-1' );
INSERT INTO files ( gid, file, mime ) VALUES ( '50322', 'http://www.gutenberg.org/files/50322/50322.txt', 'text/plain; charset=us-ascii' );
INSERT INTO files ( gid, file, mime ) VALUES ( '50322', 'http://www.gutenberg.org/files/50322/50322.zip', 'application/ziptext/plain; charset=us-ascii' );
INSERT INTO titles ( gid, title, author, language, rights ) VALUES ( '50422', 'History of the Thirty-sixth Regiment Massachusetts Volunteers. 1862-1865', 'Hodgkins, William H. (William Henry)', 'en', 'Public domain in the USA.' );
INSERT INTO subjects ( gid, subject ) VALUES ( '50422', 'E456' );
INSERT INTO subjects ( gid, subject ) VALUES ( '50422', 'United States. Army. Massachusetts Infantry Regiment, 36th (1862-1865)' );
INSERT INTO subjects ( gid, subject ) VALUES ( '50422', 'United States -- History -- Civil War, 1861-1865 -- Regimental histories' );
INSERT INTO files ( gid, file, mime ) VALUES ( '50422', 'http://www.gutenberg.org/cache/epub/50422/pg50422.cover.medium.jpg', 'image/jpeg' );
INSERT INTO files ( gid, file, mime ) VALUES ( '50422', 'http://www.gutenberg.org/cache/epub/50422/pg50422.cover.small.jpg', 'image/jpeg' );
INSERT INTO files ( gid, file, mime ) VALUES ( '50422', 'http://www.gutenberg.org/ebooks/50422.epub.images', 'application/epub+zip' );
INSERT INTO files ( gid, file, mime ) VALUES ( '50422', 'http://www.gutenberg.org/ebooks/50422.epub.noimages', 'application/epub+zip' );
INSERT INTO files ( gid, file, mime ) VALUES ( '50422', 'http://www.gutenberg.org/ebooks/50422.kindle.images', 'application/x-mobipocket-ebook' );
INSERT INTO files ( gid, file, mime ) VALUES ( '50422', 'http://www.gutenberg.org/ebooks/50422.kindle.noimages', 'application/x-mobipocket-ebook' );
INSERT INTO files ( gid, file, mime ) VALUES ( '50422', 'http://www.gutenberg.org/ebooks/50422.rdf', 'application/rdf+xml' );
INSERT INTO files ( gid, file, mime ) VALUES ( '50422', 'http://www.gutenberg.org/files/50422/50422-0.txt', 'text/plain; charset=utf-8' );
INSERT INTO files ( gid, file, mime ) VALUES ( '50422', 'http://www.gutenberg.org/files/50422/50422-0.zip', 'application/ziptext/plain; charset=utf-8' );
INSERT INTO files ( gid, file, mime ) VALUES ( '50422', 'http://www.gutenberg.org/files/50422/50422-h.zip', 'application/ziptext/html; charset=utf-8' );
INSERT INTO files ( gid, file, mime ) VALUES ( '50422', 'http://www.gutenberg.org/files/50422/50422-h/50422-h.htm', 'text/html; charset=utf-8' );
INSERT INTO titles ( gid, title, author, language, rights ) VALUES ( '50522', 'Der Alptraum in seiner Beziehung zu gewissen Formen des mittelalterlichen Aberglaubens Schriften zur angewandten Seelenkunde. Vierzehntes Heft', 'Jones, Ernest', 'de', 'Public domain in the USA.' );
INSERT INTO classifications ( gid, classification ) VALUES ( '50522', 'BF' );
INSERT INTO subjects ( gid, subject ) VALUES ( '50522', 'Dreams' );
INSERT INTO subjects ( gid, subject ) VALUES ( '50522', 'Psychoanalysis' );
INSERT INTO files ( gid, file, mime ) VALUES ( '50522', 'http://www.gutenberg.org/cache/epub/50522/pg50522.cover.medium.jpg', 'image/jpeg' );
INSERT INTO files ( gid, file, mime ) VALUES ( '50522', 'http://www.gutenberg.org/cache/epub/50522/pg50522.cover.small.jpg', 'image/jpeg' );
INSERT INTO files ( gid, file, mime ) VALUES ( '50522', 'http://www.gutenberg.org/ebooks/50522.epub.images', 'application/epub+zip' );
INSERT INTO files ( gid, file, mime ) VALUES ( '50522', 'http://www.gutenberg.org/ebooks/50522.epub.noimages', 'application/epub+zip' );
INSERT INTO files ( gid, file, mime ) VALUES ( '50522', 'http://www.gutenberg.org/ebooks/50522.kindle.images', 'application/x-mobipocket-ebook' );
INSERT INTO files ( gid, file, mime ) VALUES ( '50522', 'http://www.gutenberg.org/ebooks/50522.kindle.noimages', 'application/x-mobipocket-ebook' );
INSERT INTO files ( gid, file, mime ) VALUES ( '50522', 'http://www.gutenberg.org/ebooks/50522.rdf', 'application/rdf+xml' );
INSERT INTO files ( gid, file, mime ) VALUES ( '50522', 'http://www.gutenberg.org/ebooks/50522.txt.utf-8', 'text/plain' );
INSERT INTO files ( gid, file, mime ) VALUES ( '50522', 'http://www.gutenberg.org/files/50522/50522-8.txt', 'text/plain; charset=iso-8859-1' );
INSERT INTO files ( gid, file, mime ) VALUES ( '50522', 'http://www.gutenberg.org/files/50522/50522-8.zip', 'text/plain; charset=iso-8859-1application/zip' );
INSERT INTO files ( gid, file, mime ) VALUES ( '50522', 'http://www.gutenberg.org/files/50522/50522-h.zip', 'text/html; charset=iso-8859-1application/zip' );
INSERT INTO files ( gid, file, mime ) VALUES ( '50522', 'http://www.gutenberg.org/files/50522/50522-h/50522-h.htm', 'text/html; charset=iso-8859-1' );
INSERT INTO titles ( gid, title, author, language, rights ) VALUES ( '50622', 'The Silver Menace', 'Leinster, Murray', 'en', 'Public domain in the USA.' );
INSERT INTO classifications ( gid, classification ) VALUES ( '50622', 'PS' );
INSERT INTO subjects ( gid, subject ) VALUES ( '50622', 'Science fiction' );
INSERT INTO files ( gid, file, mime ) VALUES ( '50622', 'http://www.gutenberg.org/cache/epub/50622/pg50622.cover.medium.jpg', 'image/jpeg' );
INSERT INTO files ( gid, file, mime ) VALUES ( '50622', 'http://www.gutenberg.org/cache/epub/50622/pg50622.cover.small.jpg', 'image/jpeg' );
INSERT INTO files ( gid, file, mime ) VALUES ( '50622', 'http://www.gutenberg.org/ebooks/50622.epub.images', 'application/epub+zip' );
INSERT INTO files ( gid, file, mime ) VALUES ( '50622', 'http://www.gutenberg.org/ebooks/50622.epub.noimages', 'application/epub+zip' );
INSERT INTO files ( gid, file, mime ) VALUES ( '50622', 'http://www.gutenberg.org/ebooks/50622.kindle.images', 'application/x-mobipocket-ebook' );
INSERT INTO files ( gid, file, mime ) VALUES ( '50622', 'http://www.gutenberg.org/ebooks/50622.kindle.noimages', 'application/x-mobipocket-ebook' );
INSERT INTO files ( gid, file, mime ) VALUES ( '50622', 'http://www.gutenberg.org/ebooks/50622.rdf', 'application/rdf+xml' );
INSERT INTO files ( gid, file, mime ) VALUES ( '50622', 'http://www.gutenberg.org/ebooks/50622.txt.utf-8', 'text/plain' );
INSERT INTO files ( gid, file, mime ) VALUES ( '50622', 'http://www.gutenberg.org/files/50622/50622-8.txt', 'text/plain; charset=iso-8859-1' );
INSERT INTO files ( gid, file, mime ) VALUES ( '50622', 'http://www.gutenberg.org/files/50622/50622-8.zip', 'text/plain; charset=iso-8859-1application/zip' );
INSERT INTO files ( gid, file, mime ) VALUES ( '50622', 'http://www.gutenberg.org/files/50622/50622-h.zip', 'text/html; charset=us-asciiapplication/zip' );
INSERT INTO files ( gid, file, mime ) VALUES ( '50622', 'http://www.gutenberg.org/files/50622/50622-h/50622-h.htm', 'text/html; charset=us-ascii' );
INSERT INTO titles ( gid, title, author, language, rights ) VALUES ( '50722', 'Aasian erämaissa: Kuvauksia matkoilta Keski-Aasiassa ja Kiinassa', 'Hedin, Sven Anders', 'fi', 'Public domain in the USA.' );
INSERT INTO classifications ( gid, classification ) VALUES ( '50722', 'DS' );
INSERT INTO subjects ( gid, subject ) VALUES ( '50722', 'Asia, Central -- Description and travel' );
INSERT INTO files ( gid, file, mime ) VALUES ( '50722', 'http://www.gutenberg.org/ebooks/50722.epub.images', 'application/epub+zip' );
INSERT INTO files ( gid, file, mime ) VALUES ( '50722', 'http://www.gutenberg.org/ebooks/50722.epub.noimages', 'application/epub+zip' );
INSERT INTO files ( gid, file, mime ) VALUES ( '50722', 'http://www.gutenberg.org/ebooks/50722.html.images', 'text/html' );
INSERT INTO files ( gid, file, mime ) VALUES ( '50722', 'http://www.gutenberg.org/ebooks/50722.html.noimages', 'text/html' );
INSERT INTO files ( gid, file, mime ) VALUES ( '50722', 'http://www.gutenberg.org/ebooks/50722.kindle.images', 'application/x-mobipocket-ebook' );
INSERT INTO files ( gid, file, mime ) VALUES ( '50722', 'http://www.gutenberg.org/ebooks/50722.kindle.noimages', 'application/x-mobipocket-ebook' );
INSERT INTO files ( gid, file, mime ) VALUES ( '50722', 'http://www.gutenberg.org/ebooks/50722.rdf', 'application/rdf+xml' );
INSERT INTO files ( gid, file, mime ) VALUES ( '50722', 'http://www.gutenberg.org/ebooks/50722.txt.utf-8', 'text/plain' );
INSERT INTO files ( gid, file, mime ) VALUES ( '50722', 'http://www.gutenberg.org/files/50722/50722-8.txt', 'text/plain; charset=iso-8859-1' );
INSERT INTO files ( gid, file, mime ) VALUES ( '50722', 'http://www.gutenberg.org/files/50722/50722-8.zip', 'application/ziptext/plain; charset=iso-8859-1' );
INSERT INTO titles ( gid, title, author, language, rights ) VALUES ( '50822', 'Mammals of the Southwest Mountains and Mesas', 'Olin, George', 'en', 'Public domain in the USA.' );
INSERT INTO classifications ( gid, classification ) VALUES ( '50822', 'QL' );
INSERT INTO subjects ( gid, subject ) VALUES ( '50822', 'Mammals -- Southwest, New' );
INSERT INTO files ( gid, file, mime ) VALUES ( '50822', 'http://www.gutenberg.org/cache/epub/50822/pg50822.cover.medium.jpg', 'image/jpeg' );
INSERT INTO files ( gid, file, mime ) VALUES ( '50822', 'http://www.gutenberg.org/cache/epub/50822/pg50822.cover.small.jpg', 'image/jpeg' );
INSERT INTO files ( gid, file, mime ) VALUES ( '50822', 'http://www.gutenberg.org/ebooks/50822.epub.images', 'application/epub+zip' );
INSERT INTO files ( gid, file, mime ) VALUES ( '50822', 'http://www.gutenberg.org/ebooks/50822.epub.noimages', 'application/epub+zip' );
INSERT INTO files ( gid, file, mime ) VALUES ( '50822', 'http://www.gutenberg.org/ebooks/50822.kindle.images', 'application/x-mobipocket-ebook' );
INSERT INTO files ( gid, file, mime ) VALUES ( '50822', 'http://www.gutenberg.org/ebooks/50822.kindle.noimages', 'application/x-mobipocket-ebook' );
INSERT INTO files ( gid, file, mime ) VALUES ( '50822', 'http://www.gutenberg.org/ebooks/50822.rdf', 'application/rdf+xml' );
INSERT INTO files ( gid, file, mime ) VALUES ( '50822', 'http://www.gutenberg.org/files/50822/50822-0.txt', 'text/plain; charset=utf-8' );
INSERT INTO files ( gid, file, mime ) VALUES ( '50822', 'http://www.gutenberg.org/files/50822/50822-0.zip', 'application/ziptext/plain; charset=utf-8' );
INSERT INTO files ( gid, file, mime ) VALUES ( '50822', 'http://www.gutenberg.org/files/50822/50822-8.txt', 'text/plain; charset=iso-8859-1' );
INSERT INTO files ( gid, file, mime ) VALUES ( '50822', 'http://www.gutenberg.org/files/50822/50822-8.zip', 'application/ziptext/plain; charset=iso-8859-1' );
INSERT INTO files ( gid, file, mime ) VALUES ( '50822', 'http://www.gutenberg.org/files/50822/50822-h.zip', 'text/html; charset=utf-8application/zip' );
INSERT INTO files ( gid, file, mime ) VALUES ( '50822', 'http://www.gutenberg.org/files/50822/50822-h/50822-h.htm', 'text/html; charset=utf-8' );
INSERT INTO titles ( gid, title, author, language, rights ) VALUES ( '10022', 'White Queen of the Cannibals: the Story of Mary Slessor of Calabar', 'Bueltmann, A. J.', 'en', 'Public domain in the USA.' );
INSERT INTO classifications ( gid, classification ) VALUES ( '10022', 'BV' );
INSERT INTO subjects ( gid, subject ) VALUES ( '10022', 'Missions -- Nigeria' );
INSERT INTO subjects ( gid, subject ) VALUES ( '10022', 'Missionaries -- Nigeria -- Biography' );
INSERT INTO subjects ( gid, subject ) VALUES ( '10022', 'Slessor, Mary Mitchell, 1848-1915' );
INSERT INTO files ( gid, file, mime ) VALUES ( '10022', 'http://www.gutenberg.org/ebooks/10022.epub.images', 'application/epub+zip' );
INSERT INTO files ( gid, file, mime ) VALUES ( '10022', 'http://www.gutenberg.org/ebooks/10022.epub.noimages', 'application/epub+zip' );
INSERT INTO files ( gid, file, mime ) VALUES ( '10022', 'http://www.gutenberg.org/ebooks/10022.html.images', 'text/html' );
INSERT INTO files ( gid, file, mime ) VALUES ( '10022', 'http://www.gutenberg.org/ebooks/10022.html.noimages', 'text/html' );
INSERT INTO files ( gid, file, mime ) VALUES ( '10022', 'http://www.gutenberg.org/ebooks/10022.kindle.images', 'application/x-mobipocket-ebook' );
INSERT INTO files ( gid, file, mime ) VALUES ( '10022', 'http://www.gutenberg.org/ebooks/10022.kindle.noimages', 'application/x-mobipocket-ebook' );
INSERT INTO files ( gid, file, mime ) VALUES ( '10022', 'http://www.gutenberg.org/ebooks/10022.rdf', 'application/rdf+xml' );
INSERT INTO files ( gid, file, mime ) VALUES ( '10022', 'http://www.gutenberg.org/ebooks/10022.txt.utf-8', 'text/plain' );
INSERT INTO files ( gid, file, mime ) VALUES ( '10022', 'http://www.gutenberg.org/files/10022/10022.txt', 'text/plain; charset=us-ascii' );
INSERT INTO files ( gid, file, mime ) VALUES ( '10022', 'http://www.gutenberg.org/files/10022/10022.zip', 'application/ziptext/plain' );
INSERT INTO titles ( gid, title, author, language, rights ) VALUES ( '10122', 'Fairies and Fusiliers', 'Graves, Robert', 'en', 'Public domain in the USA.' );
INSERT INTO classifications ( gid, classification ) VALUES ( '10122', 'PR' );
INSERT INTO subjects ( gid, subject ) VALUES ( '10122', 'World War, 1914-1918 -- Poetry' );
INSERT INTO subjects ( gid, subject ) VALUES ( '10122', 'War poetry, English' );
INSERT INTO files ( gid, file, mime ) VALUES ( '10122', 'http://www.gutenberg.org/ebooks/10122.epub.images', 'application/epub+zip' );
INSERT INTO files ( gid, file, mime ) VALUES ( '10122', 'http://www.gutenberg.org/ebooks/10122.epub.noimages', 'application/epub+zip' );
INSERT INTO files ( gid, file, mime ) VALUES ( '10122', 'http://www.gutenberg.org/ebooks/10122.kindle.images', 'application/x-mobipocket-ebook' );
INSERT INTO files ( gid, file, mime ) VALUES ( '10122', 'http://www.gutenberg.org/ebooks/10122.kindle.noimages', 'application/x-mobipocket-ebook' );
INSERT INTO files ( gid, file, mime ) VALUES ( '10122', 'http://www.gutenberg.org/ebooks/10122.rdf', 'application/rdf+xml' );
INSERT INTO files ( gid, file, mime ) VALUES ( '10122', 'http://www.gutenberg.org/ebooks/10122.txt.utf-8', 'text/plain' );
INSERT INTO files ( gid, file, mime ) VALUES ( '10122', 'http://www.gutenberg.org/files/10122/10122-8.txt', 'text/plain; charset=iso-8859-1' );
INSERT INTO files ( gid, file, mime ) VALUES ( '10122', 'http://www.gutenberg.org/files/10122/10122-8.zip', 'application/ziptext/plain; charset=iso-8859-1' );
INSERT INTO files ( gid, file, mime ) VALUES ( '10122', 'http://www.gutenberg.org/files/10122/10122-h.zip', 'text/htmlapplication/zip' );
INSERT INTO files ( gid, file, mime ) VALUES ( '10122', 'http://www.gutenberg.org/files/10122/10122-h/10122-h.htm', 'text/html' );
INSERT INTO files ( gid, file, mime ) VALUES ( '10122', 'http://www.gutenberg.org/files/10122/10122.txt', 'text/plain; charset=us-ascii' );
INSERT INTO files ( gid, file, mime ) VALUES ( '10122', 'http://www.gutenberg.org/files/10122/10122.zip', 'text/plain; charset=us-asciiapplication/zip' );
INSERT INTO titles ( gid, title, author, language, rights ) VALUES ( '10222', 'The Pilgrims of New England A Tale of the Early American Settlers', 'Webb-Peploe, Mrs. (Annie)', 'en', 'Public domain in the USA.' );
INSERT INTO classifications ( gid, classification ) VALUES ( '10222', 'PR' );
INSERT INTO subjects ( gid, subject ) VALUES ( '10222', 'Pilgrims (New Plymouth Colony) -- Fiction' );
INSERT INTO files ( gid, file, mime ) VALUES ( '10222', 'http://www.gutenberg.org/ebooks/10222.epub.images', 'application/epub+zip' );
INSERT INTO files ( gid, file, mime ) VALUES ( '10222', 'http://www.gutenberg.org/ebooks/10222.epub.noimages', 'application/epub+zip' );
INSERT INTO files ( gid, file, mime ) VALUES ( '10222', 'http://www.gutenberg.org/ebooks/10222.html.images', 'text/html' );
INSERT INTO files ( gid, file, mime ) VALUES ( '10222', 'http://www.gutenberg.org/ebooks/10222.html.noimages', 'text/html' );
INSERT INTO files ( gid, file, mime ) VALUES ( '10222', 'http://www.gutenberg.org/ebooks/10222.kindle.images', 'application/x-mobipocket-ebook' );
INSERT INTO files ( gid, file, mime ) VALUES ( '10222', 'http://www.gutenberg.org/ebooks/10222.kindle.noimages', 'application/x-mobipocket-ebook' );
INSERT INTO files ( gid, file, mime ) VALUES ( '10222', 'http://www.gutenberg.org/ebooks/10222.rdf', 'application/rdf+xml' );
INSERT INTO files ( gid, file, mime ) VALUES ( '10222', 'http://www.gutenberg.org/ebooks/10222.txt.utf-8', 'text/plain' );
INSERT INTO files ( gid, file, mime ) VALUES ( '10222', 'http://www.gutenberg.org/files/10222/10222-8.txt', 'text/plain; charset=iso-8859-1' );
INSERT INTO files ( gid, file, mime ) VALUES ( '10222', 'http://www.gutenberg.org/files/10222/10222-8.zip', 'application/ziptext/plain; charset=iso-8859-1' );
INSERT INTO files ( gid, file, mime ) VALUES ( '10222', 'http://www.gutenberg.org/files/10222/10222.txt', 'text/plain; charset=us-ascii' );
INSERT INTO files ( gid, file, mime ) VALUES ( '10222', 'http://www.gutenberg.org/files/10222/10222.zip', 'application/ziptext/plain' );
INSERT INTO titles ( gid, title, author, language, rights ) VALUES ( '1022', 'Walking', 'Thoreau, Henry David', 'en', 'Public domain in the USA.' );
INSERT INTO classifications ( gid, classification ) VALUES ( '1022', 'PS' );
INSERT INTO subjects ( gid, subject ) VALUES ( '1022', 'Essays' );
INSERT INTO subjects ( gid, subject ) VALUES ( '1022', 'Nature' );
INSERT INTO subjects ( gid, subject ) VALUES ( '1022', 'Walking' );
INSERT INTO files ( gid, file, mime ) VALUES ( '1022', 'http://www.gutenberg.org/ebooks/1022.epub.images', 'application/epub+zip' );
INSERT INTO files ( gid, file, mime ) VALUES ( '1022', 'http://www.gutenberg.org/ebooks/1022.epub.noimages', 'application/epub+zip' );
INSERT INTO files ( gid, file, mime ) VALUES ( '1022', 'http://www.gutenberg.org/ebooks/1022.kindle.images', 'application/x-mobipocket-ebook' );
INSERT INTO files ( gid, file, mime ) VALUES ( '1022', 'http://www.gutenberg.org/ebooks/1022.kindle.noimages', 'application/x-mobipocket-ebook' );
INSERT INTO files ( gid, file, mime ) VALUES ( '1022', 'http://www.gutenberg.org/ebooks/1022.rdf', 'application/rdf+xml' );
INSERT INTO files ( gid, file, mime ) VALUES ( '1022', 'http://www.gutenberg.org/files/1022/1022-0.txt', 'text/plain; charset=utf-8' );
INSERT INTO files ( gid, file, mime ) VALUES ( '1022', 'http://www.gutenberg.org/files/1022/1022-0.zip', 'text/plain; charset=utf-8application/zip' );
INSERT INTO files ( gid, file, mime ) VALUES ( '1022', 'http://www.gutenberg.org/files/1022/1022-h.zip', 'application/ziptext/html; charset=utf-8' );
INSERT INTO files ( gid, file, mime ) VALUES ( '1022', 'http://www.gutenberg.org/files/1022/1022-h/1022-h.htm', 'text/html; charset=utf-8' );
INSERT INTO titles ( gid, title, author, language, rights ) VALUES ( '10322', 'Miss Prudence: A Story of Two Girls'' Lives.', 'Conklin, Nathaniel, Mrs.', 'en', 'Public domain in the USA.' );
INSERT INTO classifications ( gid, classification ) VALUES ( '10322', 'PS' );
INSERT INTO subjects ( gid, subject ) VALUES ( '10322', 'Conduct of life -- Fiction' );
INSERT INTO subjects ( gid, subject ) VALUES ( '10322', 'Christian life -- Fiction' );
INSERT INTO files ( gid, file, mime ) VALUES ( '10322', 'http://www.gutenberg.org/ebooks/10322.epub.images', 'application/epub+zip' );
INSERT INTO files ( gid, file, mime ) VALUES ( '10322', 'http://www.gutenberg.org/ebooks/10322.epub.noimages', 'application/epub+zip' );
INSERT INTO files ( gid, file, mime ) VALUES ( '10322', 'http://www.gutenberg.org/ebooks/10322.html.images', 'text/html' );
INSERT INTO files ( gid, file, mime ) VALUES ( '10322', 'http://www.gutenberg.org/ebooks/10322.html.noimages', 'text/html' );
INSERT INTO files ( gid, file, mime ) VALUES ( '10322', 'http://www.gutenberg.org/ebooks/10322.kindle.images', 'application/x-mobipocket-ebook' );
INSERT INTO files ( gid, file, mime ) VALUES ( '10322', 'http://www.gutenberg.org/ebooks/10322.kindle.noimages', 'application/x-mobipocket-ebook' );
INSERT INTO files ( gid, file, mime ) VALUES ( '10322', 'http://www.gutenberg.org/ebooks/10322.rdf', 'application/rdf+xml' );
INSERT INTO files ( gid, file, mime ) VALUES ( '10322', 'http://www.gutenberg.org/ebooks/10322.txt.utf-8', 'text/plain' );
INSERT INTO files ( gid, file, mime ) VALUES ( '10322', 'http://www.gutenberg.org/files/10322/10322-8.txt', 'text/plain; charset=iso-8859-1' );
INSERT INTO files ( gid, file, mime ) VALUES ( '10322', 'http://www.gutenberg.org/files/10322/10322-8.zip', 'text/plain; charset=iso-8859-1application/zip' );
INSERT INTO files ( gid, file, mime ) VALUES ( '10322', 'http://www.gutenberg.org/files/10322/10322.txt', 'text/plain; charset=us-ascii' );
INSERT INTO files ( gid, file, mime ) VALUES ( '10322', 'http://www.gutenberg.org/files/10322/10322.zip', 'application/ziptext/plain' );
INSERT INTO titles ( gid, title, author, language, rights ) VALUES ( '10422', 'Caesar Dies', 'Mundy, Talbot', 'en', 'Public domain in the USA.' );
INSERT INTO classifications ( gid, classification ) VALUES ( '10422', 'PR' );
INSERT INTO subjects ( gid, subject ) VALUES ( '10422', 'Rome -- Fiction' );
INSERT INTO subjects ( gid, subject ) VALUES ( '10422', 'Commodus, Emperor of Rome, 161-192 -- Fiction' );
INSERT INTO files ( gid, file, mime ) VALUES ( '10422', 'http://www.gutenberg.org/ebooks/10422.epub.images', 'application/epub+zip' );
INSERT INTO files ( gid, file, mime ) VALUES ( '10422', 'http://www.gutenberg.org/ebooks/10422.epub.noimages', 'application/epub+zip' );
INSERT INTO files ( gid, file, mime ) VALUES ( '10422', 'http://www.gutenberg.org/ebooks/10422.html.images', 'text/html' );
INSERT INTO files ( gid, file, mime ) VALUES ( '10422', 'http://www.gutenberg.org/ebooks/10422.html.noimages', 'text/html' );
INSERT INTO files ( gid, file, mime ) VALUES ( '10422', 'http://www.gutenberg.org/ebooks/10422.kindle.images', 'application/x-mobipocket-ebook' );
INSERT INTO files ( gid, file, mime ) VALUES ( '10422', 'http://www.gutenberg.org/ebooks/10422.kindle.noimages', 'application/x-mobipocket-ebook' );
INSERT INTO files ( gid, file, mime ) VALUES ( '10422', 'http://www.gutenberg.org/ebooks/10422.rdf', 'application/rdf+xml' );
INSERT INTO files ( gid, file, mime ) VALUES ( '10422', 'http://www.gutenberg.org/ebooks/10422.txt.utf-8', 'text/plain' );
INSERT INTO files ( gid, file, mime ) VALUES ( '10422', 'http://www.gutenberg.org/files/10422/10422.txt', 'text/plain; charset=us-ascii' );
INSERT INTO files ( gid, file, mime ) VALUES ( '10422', 'http://www.gutenberg.org/files/10422/10422.zip', 'application/ziptext/plain; charset=us-ascii' );
INSERT INTO titles ( gid, title, author, language, rights ) VALUES ( '10522', 'Beacon Lights of History, Volume 04: Imperial Antiquity', 'Lord, John', 'en', 'Public domain in the USA.' );
INSERT INTO classifications ( gid, classification ) VALUES ( '10522', 'D' );
INSERT INTO subjects ( gid, subject ) VALUES ( '10522', 'History' );
INSERT INTO files ( gid, file, mime ) VALUES ( '10522', 'http://www.gutenberg.org/ebooks/10522.epub.images', 'application/epub+zip' );
INSERT INTO files ( gid, file, mime ) VALUES ( '10522', 'http://www.gutenberg.org/ebooks/10522.epub.noimages', 'application/epub+zip' );
INSERT INTO files ( gid, file, mime ) VALUES ( '10522', 'http://www.gutenberg.org/ebooks/10522.kindle.images', 'application/x-mobipocket-ebook' );
INSERT INTO files ( gid, file, mime ) VALUES ( '10522', 'http://www.gutenberg.org/ebooks/10522.kindle.noimages', 'application/x-mobipocket-ebook' );
INSERT INTO files ( gid, file, mime ) VALUES ( '10522', 'http://www.gutenberg.org/ebooks/10522.rdf', 'application/rdf+xml' );
INSERT INTO files ( gid, file, mime ) VALUES ( '10522', 'http://www.gutenberg.org/ebooks/10522.txt.utf-8', 'text/plain' );
INSERT INTO files ( gid, file, mime ) VALUES ( '10522', 'http://www.gutenberg.org/files/10522/10522-8.txt', 'text/plain; charset=iso-8859-1' );
INSERT INTO files ( gid, file, mime ) VALUES ( '10522', 'http://www.gutenberg.org/files/10522/10522-8.zip', 'application/ziptext/plain; charset=iso-8859-1' );
INSERT INTO files ( gid, file, mime ) VALUES ( '10522', 'http://www.gutenberg.org/files/10522/10522-h.zip', 'text/htmlapplication/zip' );
INSERT INTO files ( gid, file, mime ) VALUES ( '10522', 'http://www.gutenberg.org/files/10522/10522-h/10522-h.htm', 'text/html; charset=iso-8859-1' );
INSERT INTO files ( gid, file, mime ) VALUES ( '10522', 'http://www.gutenberg.org/files/10522/10522.txt', 'text/plain; charset=us-ascii' );
INSERT INTO files ( gid, file, mime ) VALUES ( '10522', 'http://www.gutenberg.org/files/10522/10522.zip', 'application/ziptext/plain' );
INSERT INTO titles ( gid, title, author, language, rights ) VALUES ( '50922', 'Perpetual Peace: A Philosophical Essay', 'Kant, Immanuel', 'en', 'Public domain in the USA.' );
INSERT INTO classifications ( gid, classification ) VALUES ( '50922', 'JX' );
INSERT INTO subjects ( gid, subject ) VALUES ( '50922', 'Peace' );
INSERT INTO files ( gid, file, mime ) VALUES ( '50922', 'http://www.gutenberg.org/cache/epub/50922/pg50922.cover.medium.jpg', 'image/jpeg' );
INSERT INTO files ( gid, file, mime ) VALUES ( '50922', 'http://www.gutenberg.org/cache/epub/50922/pg50922.cover.small.jpg', 'image/jpeg' );
INSERT INTO files ( gid, file, mime ) VALUES ( '50922', 'http://www.gutenberg.org/ebooks/50922.epub.images', 'application/epub+zip' );
INSERT INTO files ( gid, file, mime ) VALUES ( '50922', 'http://www.gutenberg.org/ebooks/50922.epub.noimages', 'application/epub+zip' );
INSERT INTO files ( gid, file, mime ) VALUES ( '50922', 'http://www.gutenberg.org/ebooks/50922.kindle.images', 'application/x-mobipocket-ebook' );
INSERT INTO files ( gid, file, mime ) VALUES ( '50922', 'http://www.gutenberg.org/ebooks/50922.kindle.noimages', 'application/x-mobipocket-ebook' );
INSERT INTO files ( gid, file, mime ) VALUES ( '50922', 'http://www.gutenberg.org/ebooks/50922.rdf', 'application/rdf+xml' );
INSERT INTO files ( gid, file, mime ) VALUES ( '50922', 'http://www.gutenberg.org/files/50922/50922-0.txt', 'text/plain; charset=utf-8' );
INSERT INTO files ( gid, file, mime ) VALUES ( '50922', 'http://www.gutenberg.org/files/50922/50922-0.zip', 'text/plain; charset=utf-8application/zip' );
INSERT INTO files ( gid, file, mime ) VALUES ( '50922', 'http://www.gutenberg.org/files/50922/50922-h.zip', 'text/html; charset=utf-8application/zip' );
INSERT INTO files ( gid, file, mime ) VALUES ( '50922', 'http://www.gutenberg.org/files/50922/50922-h/50922-h.htm', 'text/html; charset=utf-8' );
INSERT INTO titles ( gid, title, author, language, rights ) VALUES ( '51022', 'Brittany', 'Baring-Gould, S. (Sabine)', 'en', 'Public domain in the USA.' );
INSERT INTO classifications ( gid, classification ) VALUES ( '51022', 'DC' );
INSERT INTO subjects ( gid, subject ) VALUES ( '51022', 'Brittany (France) -- Guidebooks' );
INSERT INTO files ( gid, file, mime ) VALUES ( '51022', 'http://www.gutenberg.org/cache/epub/51022/pg51022.cover.medium.jpg', 'image/jpeg' );
INSERT INTO files ( gid, file, mime ) VALUES ( '51022', 'http://www.gutenberg.org/cache/epub/51022/pg51022.cover.small.jpg', 'image/jpeg' );
INSERT INTO files ( gid, file, mime ) VALUES ( '51022', 'http://www.gutenberg.org/ebooks/51022.epub.images', 'application/epub+zip' );
INSERT INTO files ( gid, file, mime ) VALUES ( '51022', 'http://www.gutenberg.org/ebooks/51022.epub.noimages', 'application/epub+zip' );
INSERT INTO files ( gid, file, mime ) VALUES ( '51022', 'http://www.gutenberg.org/ebooks/51022.kindle.images', 'application/x-mobipocket-ebook' );
INSERT INTO files ( gid, file, mime ) VALUES ( '51022', 'http://www.gutenberg.org/ebooks/51022.kindle.noimages', 'application/x-mobipocket-ebook' );
INSERT INTO files ( gid, file, mime ) VALUES ( '51022', 'http://www.gutenberg.org/ebooks/51022.rdf', 'application/rdf+xml' );
INSERT INTO files ( gid, file, mime ) VALUES ( '51022', 'http://www.gutenberg.org/files/51022/51022-0.txt', 'text/plain; charset=utf-8' );
INSERT INTO files ( gid, file, mime ) VALUES ( '51022', 'http://www.gutenberg.org/files/51022/51022-0.zip', 'application/ziptext/plain; charset=utf-8' );
INSERT INTO files ( gid, file, mime ) VALUES ( '51022', 'http://www.gutenberg.org/files/51022/51022-h.zip', 'text/html; charset=utf-8application/zip' );
INSERT INTO files ( gid, file, mime ) VALUES ( '51022', 'http://www.gutenberg.org/files/51022/51022-h/51022-h.htm', 'text/html; charset=utf-8' );
INSERT INTO titles ( gid, title, author, language, rights ) VALUES ( '51122', 'The Men in the Walls', 'Tenn, William', 'en', 'Public domain in the USA.' );
INSERT INTO classifications ( gid, classification ) VALUES ( '51122', 'PS' );
INSERT INTO subjects ( gid, subject ) VALUES ( '51122', 'Science fiction' );
INSERT INTO files ( gid, file, mime ) VALUES ( '51122', 'http://www.gutenberg.org/cache/epub/51122/pg51122.cover.medium.jpg', 'image/jpeg' );
INSERT INTO files ( gid, file, mime ) VALUES ( '51122', 'http://www.gutenberg.org/cache/epub/51122/pg51122.cover.small.jpg', 'image/jpeg' );
INSERT INTO files ( gid, file, mime ) VALUES ( '51122', 'http://www.gutenberg.org/ebooks/51122.epub.images', 'application/epub+zip' );
INSERT INTO files ( gid, file, mime ) VALUES ( '51122', 'http://www.gutenberg.org/ebooks/51122.epub.noimages', 'application/epub+zip' );
INSERT INTO files ( gid, file, mime ) VALUES ( '51122', 'http://www.gutenberg.org/ebooks/51122.kindle.images', 'application/x-mobipocket-ebook' );
INSERT INTO files ( gid, file, mime ) VALUES ( '51122', 'http://www.gutenberg.org/ebooks/51122.kindle.noimages', 'application/x-mobipocket-ebook' );
INSERT INTO files ( gid, file, mime ) VALUES ( '51122', 'http://www.gutenberg.org/ebooks/51122.rdf', 'application/rdf+xml' );
INSERT INTO files ( gid, file, mime ) VALUES ( '51122', 'http://www.gutenberg.org/ebooks/51122.txt.utf-8', 'text/plain' );
INSERT INTO files ( gid, file, mime ) VALUES ( '51122', 'http://www.gutenberg.org/files/51122/51122-h.zip', 'text/html; charset=us-asciiapplication/zip' );
INSERT INTO files ( gid, file, mime ) VALUES ( '51122', 'http://www.gutenberg.org/files/51122/51122-h/51122-h.htm', 'text/html; charset=us-ascii' );
INSERT INTO files ( gid, file, mime ) VALUES ( '51122', 'http://www.gutenberg.org/files/51122/51122.txt', 'text/plain; charset=us-ascii' );
INSERT INTO files ( gid, file, mime ) VALUES ( '51122', 'http://www.gutenberg.org/files/51122/51122.zip', 'text/plain; charset=us-asciiapplication/zip' );
INSERT INTO titles ( gid, title, author, language, rights ) VALUES ( '51222', 'A Captive at Carlsruhe and Other German Prison Camps', 'Lee, Joseph', 'en', 'Public domain in the USA.' );
INSERT INTO subjects ( gid, subject ) VALUES ( '51222', 'World War, 1914-1918 -- Prisoners and prisons, German' );
INSERT INTO subjects ( gid, subject ) VALUES ( '51222', 'D501' );
INSERT INTO subjects ( gid, subject ) VALUES ( '51222', 'World War, 1914-1918 -- Personal narratives, British' );
INSERT INTO files ( gid, file, mime ) VALUES ( '51222', 'http://www.gutenberg.org/cache/epub/51222/pg51222.cover.medium.jpg', 'image/jpeg' );
INSERT INTO files ( gid, file, mime ) VALUES ( '51222', 'http://www.gutenberg.org/cache/epub/51222/pg51222.cover.small.jpg', 'image/jpeg' );
INSERT INTO files ( gid, file, mime ) VALUES ( '51222', 'http://www.gutenberg.org/ebooks/51222.epub.images', 'application/epub+zip' );
INSERT INTO files ( gid, file, mime ) VALUES ( '51222', 'http://www.gutenberg.org/ebooks/51222.epub.noimages', 'application/epub+zip' );
INSERT INTO files ( gid, file, mime ) VALUES ( '51222', 'http://www.gutenberg.org/ebooks/51222.kindle.images', 'application/x-mobipocket-ebook' );
INSERT INTO files ( gid, file, mime ) VALUES ( '51222', 'http://www.gutenberg.org/ebooks/51222.kindle.noimages', 'application/x-mobipocket-ebook' );
INSERT INTO files ( gid, file, mime ) VALUES ( '51222', 'http://www.gutenberg.org/ebooks/51222.rdf', 'application/rdf+xml' );
INSERT INTO files ( gid, file, mime ) VALUES ( '51222', 'http://www.gutenberg.org/files/51222/51222-0.txt', 'text/plain; charset=utf-8' );
INSERT INTO files ( gid, file, mime ) VALUES ( '51222', 'http://www.gutenberg.org/files/51222/51222-0.zip', 'text/plain; charset=utf-8application/zip' );
INSERT INTO files ( gid, file, mime ) VALUES ( '51222', 'http://www.gutenberg.org/files/51222/51222-h.zip', 'application/ziptext/html; charset=utf-8' );
INSERT INTO files ( gid, file, mime ) VALUES ( '51222', 'http://www.gutenberg.org/files/51222/51222-h/51222-h.htm', 'text/html; charset=utf-8' );
INSERT INTO titles ( gid, title, author, language, rights ) VALUES ( '5122', 'The Trail of the Lonesome Pine', 'Fox, John, Jr.', 'en', 'Public domain in the USA.' );
INSERT INTO classifications ( gid, classification ) VALUES ( '5122', 'PS' );
INSERT INTO subjects ( gid, subject ) VALUES ( '5122', 'Love stories' );
INSERT INTO subjects ( gid, subject ) VALUES ( '5122', 'Cumberland Mountains -- Fiction' );
INSERT INTO files ( gid, file, mime ) VALUES ( '5122', 'http://www.gutenberg.org/cache/epub/5122/pg5122.cover.medium.jpg', 'image/jpeg' );
INSERT INTO files ( gid, file, mime ) VALUES ( '5122', 'http://www.gutenberg.org/cache/epub/5122/pg5122.cover.small.jpg', 'image/jpeg' );
INSERT INTO files ( gid, file, mime ) VALUES ( '5122', 'http://www.gutenberg.org/ebooks/5122.epub.images', 'application/epub+zip' );
INSERT INTO files ( gid, file, mime ) VALUES ( '5122', 'http://www.gutenberg.org/ebooks/5122.epub.noimages', 'application/epub+zip' );
INSERT INTO files ( gid, file, mime ) VALUES ( '5122', 'http://www.gutenberg.org/ebooks/5122.kindle.images', 'application/x-mobipocket-ebook' );
INSERT INTO files ( gid, file, mime ) VALUES ( '5122', 'http://www.gutenberg.org/ebooks/5122.kindle.noimages', 'application/x-mobipocket-ebook' );
INSERT INTO files ( gid, file, mime ) VALUES ( '5122', 'http://www.gutenberg.org/ebooks/5122.rdf', 'application/rdf+xml' );
INSERT INTO files ( gid, file, mime ) VALUES ( '5122', 'http://www.gutenberg.org/files/5122/5122-0.txt', 'text/plain; charset=utf-8' );
INSERT INTO files ( gid, file, mime ) VALUES ( '5122', 'http://www.gutenberg.org/files/5122/5122-0.zip', 'application/ziptext/plain; charset=utf-8' );
INSERT INTO files ( gid, file, mime ) VALUES ( '5122', 'http://www.gutenberg.org/files/5122/5122-h.zip', 'text/html; charset=utf-8application/zip' );
INSERT INTO files ( gid, file, mime ) VALUES ( '5122', 'http://www.gutenberg.org/files/5122/5122-h/5122-h.htm', 'text/html; charset=utf-8' );
INSERT INTO files ( gid, file, mime ) VALUES ( '5122', 'http://www.gutenberg.org/files/5122/5122.txt', 'text/plain; charset=us-ascii' );
INSERT INTO files ( gid, file, mime ) VALUES ( '5122', 'http://www.gutenberg.org/files/5122/5122.zip', 'application/ziptext/plain; charset=us-ascii' );
INSERT INTO titles ( gid, title, author, language, rights ) VALUES ( '51322', 'The Mentor: The Incas, vol. 6, num. 3, Serial No. 151, March 15, 1918', 'Hardy, Osgood', 'en', 'Public domain in the USA.' );
INSERT INTO subjects ( gid, subject ) VALUES ( '51322', 'Incas' );
INSERT INTO subjects ( gid, subject ) VALUES ( '51322', 'F3401' );
INSERT INTO files ( gid, file, mime ) VALUES ( '51322', 'http://www.gutenberg.org/cache/epub/51322/pg51322.cover.medium.jpg', 'image/jpeg' );
INSERT INTO files ( gid, file, mime ) VALUES ( '51322', 'http://www.gutenberg.org/cache/epub/51322/pg51322.cover.small.jpg', 'image/jpeg' );
INSERT INTO files ( gid, file, mime ) VALUES ( '51322', 'http://www.gutenberg.org/ebooks/51322.epub.images', 'application/epub+zip' );
INSERT INTO files ( gid, file, mime ) VALUES ( '51322', 'http://www.gutenberg.org/ebooks/51322.epub.noimages', 'application/epub+zip' );
INSERT INTO files ( gid, file, mime ) VALUES ( '51322', 'http://www.gutenberg.org/ebooks/51322.kindle.images', 'application/x-mobipocket-ebook' );
INSERT INTO files ( gid, file, mime ) VALUES ( '51322', 'http://www.gutenberg.org/ebooks/51322.kindle.noimages', 'application/x-mobipocket-ebook' );
INSERT INTO files ( gid, file, mime ) VALUES ( '51322', 'http://www.gutenberg.org/ebooks/51322.rdf', 'application/rdf+xml' );
INSERT INTO files ( gid, file, mime ) VALUES ( '51322', 'http://www.gutenberg.org/files/51322/51322-0.txt', 'text/plain; charset=utf-8' );
INSERT INTO files ( gid, file, mime ) VALUES ( '51322', 'http://www.gutenberg.org/files/51322/51322-0.zip', 'text/plain; charset=utf-8application/zip' );
INSERT INTO files ( gid, file, mime ) VALUES ( '51322', 'http://www.gutenberg.org/files/51322/51322-h.zip', 'text/html; charset=utf-8application/zip' );
INSERT INTO files ( gid, file, mime ) VALUES ( '51322', 'http://www.gutenberg.org/files/51322/51322-h/51322-h.htm', 'text/html; charset=utf-8' );
INSERT INTO titles ( gid, title, author, language, rights ) VALUES ( '51422', 'In the path of the alphabet an historical account of the ancient beginnings and evolution of the modern alphabet', 'Jermain, Frances Delavan Page', 'en', 'Public domain in the USA.' );
INSERT INTO classifications ( gid, classification ) VALUES ( '51422', 'P' );
INSERT INTO subjects ( gid, subject ) VALUES ( '51422', 'Alphabet' );
INSERT INTO files ( gid, file, mime ) VALUES ( '51422', 'http://www.gutenberg.org/cache/epub/51422/pg51422.cover.medium.jpg', 'image/jpeg' );
INSERT INTO files ( gid, file, mime ) VALUES ( '51422', 'http://www.gutenberg.org/cache/epub/51422/pg51422.cover.small.jpg', 'image/jpeg' );
INSERT INTO files ( gid, file, mime ) VALUES ( '51422', 'http://www.gutenberg.org/ebooks/51422.epub.images', 'application/epub+zip' );
INSERT INTO files ( gid, file, mime ) VALUES ( '51422', 'http://www.gutenberg.org/ebooks/51422.epub.noimages', 'application/epub+zip' );
INSERT INTO files ( gid, file, mime ) VALUES ( '51422', 'http://www.gutenberg.org/ebooks/51422.kindle.images', 'application/x-mobipocket-ebook' );
INSERT INTO files ( gid, file, mime ) VALUES ( '51422', 'http://www.gutenberg.org/ebooks/51422.kindle.noimages', 'application/x-mobipocket-ebook' );
INSERT INTO files ( gid, file, mime ) VALUES ( '51422', 'http://www.gutenberg.org/ebooks/51422.rdf', 'application/rdf+xml' );
INSERT INTO files ( gid, file, mime ) VALUES ( '51422', 'http://www.gutenberg.org/files/51422/51422-0.txt', 'text/plain; charset=utf-8' );
INSERT INTO files ( gid, file, mime ) VALUES ( '51422', 'http://www.gutenberg.org/files/51422/51422-0.zip', 'text/plain; charset=utf-8application/zip' );
INSERT INTO files ( gid, file, mime ) VALUES ( '51422', 'http://www.gutenberg.org/files/51422/51422-h.zip', 'application/ziptext/html; charset=utf-8' );
INSERT INTO files ( gid, file, mime ) VALUES ( '51422', 'http://www.gutenberg.org/files/51422/51422-h/51422-h.htm', 'text/html; charset=utf-8' );
INSERT INTO titles ( gid, title, author, language, rights ) VALUES ( '51522', 'Leather for Libraries', 'Hulme, E. Wyndham', 'en', 'Public domain in the USA.' );
INSERT INTO classifications ( gid, classification ) VALUES ( '51522', 'Z' );
INSERT INTO subjects ( gid, subject ) VALUES ( '51522', 'Bookbinding -- Conservation and restoration' );
INSERT INTO subjects ( gid, subject ) VALUES ( '51522', 'Leather' );
INSERT INTO subjects ( gid, subject ) VALUES ( '51522', 'Bookbinding -- Materials' );
INSERT INTO subjects ( gid, subject ) VALUES ( '51522', 'Bookbinding -- Repairing -- Handbooks, manuals, etc.' );
INSERT INTO subjects ( gid, subject ) VALUES ( '51522', 'Leather bindings (Bookbinding) -- Conservation and restoration' );
INSERT INTO subjects ( gid, subject ) VALUES ( '51522', 'Bookbinding' );
INSERT INTO files ( gid, file, mime ) VALUES ( '51522', 'http://www.gutenberg.org/cache/epub/51522/pg51522.cover.medium.jpg', 'image/jpeg' );
INSERT INTO files ( gid, file, mime ) VALUES ( '51522', 'http://www.gutenberg.org/cache/epub/51522/pg51522.cover.small.jpg', 'image/jpeg' );
INSERT INTO files ( gid, file, mime ) VALUES ( '51522', 'http://www.gutenberg.org/ebooks/51522.epub.images', 'application/epub+zip' );
INSERT INTO files ( gid, file, mime ) VALUES ( '51522', 'http://www.gutenberg.org/ebooks/51522.epub.noimages', 'application/epub+zip' );
INSERT INTO files ( gid, file, mime ) VALUES ( '51522', 'http://www.gutenberg.org/ebooks/51522.kindle.images', 'application/x-mobipocket-ebook' );
INSERT INTO files ( gid, file, mime ) VALUES ( '51522', 'http://www.gutenberg.org/ebooks/51522.kindle.noimages', 'application/x-mobipocket-ebook' );
INSERT INTO files ( gid, file, mime ) VALUES ( '51522', 'http://www.gutenberg.org/ebooks/51522.rdf', 'application/rdf+xml' );
INSERT INTO files ( gid, file, mime ) VALUES ( '51522', 'http://www.gutenberg.org/ebooks/51522.txt.utf-8', 'text/plain' );
INSERT INTO files ( gid, file, mime ) VALUES ( '51522', 'http://www.gutenberg.org/files/51522/51522-8.txt', 'text/plain; charset=iso-8859-1' );
INSERT INTO files ( gid, file, mime ) VALUES ( '51522', 'http://www.gutenberg.org/files/51522/51522-8.zip', 'text/plain; charset=iso-8859-1application/zip' );
INSERT INTO files ( gid, file, mime ) VALUES ( '51522', 'http://www.gutenberg.org/files/51522/51522-h.zip', 'text/html; charset=iso-8859-1application/zip' );
INSERT INTO files ( gid, file, mime ) VALUES ( '51522', 'http://www.gutenberg.org/files/51522/51522-h/51522-h.htm', 'text/html; charset=iso-8859-1' );
INSERT INTO titles ( gid, title, author, language, rights ) VALUES ( '51622', 'Extracts from the Galactick Almanack: Music Around the Universe', 'Janifer, Laurence M.', 'en', 'Public domain in the USA.' );
INSERT INTO classifications ( gid, classification ) VALUES ( '51622', 'PS' );
INSERT INTO subjects ( gid, subject ) VALUES ( '51622', 'Musicians -- Fiction' );
INSERT INTO subjects ( gid, subject ) VALUES ( '51622', 'Short stories' );
INSERT INTO subjects ( gid, subject ) VALUES ( '51622', 'Extraterrestrial beings -- Fiction' );
INSERT INTO subjects ( gid, subject ) VALUES ( '51622', 'Science fiction' );
INSERT INTO files ( gid, file, mime ) VALUES ( '51622', 'http://www.gutenberg.org/cache/epub/51622/pg51622.cover.medium.jpg', 'image/jpeg' );
INSERT INTO files ( gid, file, mime ) VALUES ( '51622', 'http://www.gutenberg.org/cache/epub/51622/pg51622.cover.small.jpg', 'image/jpeg' );
INSERT INTO files ( gid, file, mime ) VALUES ( '51622', 'http://www.gutenberg.org/ebooks/51622.epub.images', 'application/epub+zip' );
INSERT INTO files ( gid, file, mime ) VALUES ( '51622', 'http://www.gutenberg.org/ebooks/51622.epub.noimages', 'application/epub+zip' );
INSERT INTO files ( gid, file, mime ) VALUES ( '51622', 'http://www.gutenberg.org/ebooks/51622.kindle.images', 'application/x-mobipocket-ebook' );
INSERT INTO files ( gid, file, mime ) VALUES ( '51622', 'http://www.gutenberg.org/ebooks/51622.kindle.noimages', 'application/x-mobipocket-ebook' );
INSERT INTO files ( gid, file, mime ) VALUES ( '51622', 'http://www.gutenberg.org/ebooks/51622.rdf', 'application/rdf+xml' );
INSERT INTO files ( gid, file, mime ) VALUES ( '51622', 'http://www.gutenberg.org/ebooks/51622.txt.utf-8', 'text/plain' );
INSERT INTO files ( gid, file, mime ) VALUES ( '51622', 'http://www.gutenberg.org/files/51622/51622-h.zip', 'text/html; charset=us-asciiapplication/zip' );
INSERT INTO files ( gid, file, mime ) VALUES ( '51622', 'http://www.gutenberg.org/files/51622/51622-h/51622-h.htm', 'text/html; charset=us-ascii' );
INSERT INTO files ( gid, file, mime ) VALUES ( '51622', 'http://www.gutenberg.org/files/51622/51622.txt', 'text/plain; charset=us-ascii' );
INSERT INTO files ( gid, file, mime ) VALUES ( '51622', 'http://www.gutenberg.org/files/51622/51622.zip', 'text/plain; charset=us-asciiapplication/zip' );
INSERT INTO titles ( gid, title, author, language, rights ) VALUES ( '51722', 'Die alte Krone: Ein Roman aus dem Spreewald', 'Keller, Paul', 'de', 'Public domain in the USA.' );
INSERT INTO classifications ( gid, classification ) VALUES ( '51722', 'PT' );
INSERT INTO subjects ( gid, subject ) VALUES ( '51722', 'German fiction -- 20th century' );
INSERT INTO files ( gid, file, mime ) VALUES ( '51722', 'http://www.gutenberg.org/cache/epub/51722/pg51722.cover.medium.jpg', 'image/jpeg' );
INSERT INTO files ( gid, file, mime ) VALUES ( '51722', 'http://www.gutenberg.org/cache/epub/51722/pg51722.cover.small.jpg', 'image/jpeg' );
INSERT INTO files ( gid, file, mime ) VALUES ( '51722', 'http://www.gutenberg.org/ebooks/51722.epub.images', 'application/epub+zip' );
INSERT INTO files ( gid, file, mime ) VALUES ( '51722', 'http://www.gutenberg.org/ebooks/51722.epub.noimages', 'application/epub+zip' );
INSERT INTO files ( gid, file, mime ) VALUES ( '51722', 'http://www.gutenberg.org/ebooks/51722.kindle.images', 'application/x-mobipocket-ebook' );
INSERT INTO files ( gid, file, mime ) VALUES ( '51722', 'http://www.gutenberg.org/ebooks/51722.kindle.noimages', 'application/x-mobipocket-ebook' );
INSERT INTO files ( gid, file, mime ) VALUES ( '51722', 'http://www.gutenberg.org/ebooks/51722.rdf', 'application/rdf+xml' );
INSERT INTO files ( gid, file, mime ) VALUES ( '51722', 'http://www.gutenberg.org/files/51722/51722-0.txt', 'text/plain; charset=utf-8' );
INSERT INTO files ( gid, file, mime ) VALUES ( '51722', 'http://www.gutenberg.org/files/51722/51722-0.zip', 'text/plain; charset=utf-8application/zip' );
INSERT INTO files ( gid, file, mime ) VALUES ( '51722', 'http://www.gutenberg.org/files/51722/51722-h.zip', 'text/html; charset=utf-8application/zip' );
INSERT INTO files ( gid, file, mime ) VALUES ( '51722', 'http://www.gutenberg.org/files/51722/51722-h/51722-h.htm', 'text/html; charset=utf-8' );
INSERT INTO titles ( gid, title, author, language, rights ) VALUES ( '51822', 'Arcturus Times Three', 'Sharkey, Jack', 'en', 'Public domain in the USA.' );
INSERT INTO classifications ( gid, classification ) VALUES ( '51822', 'PS' );
INSERT INTO subjects ( gid, subject ) VALUES ( '51822', 'Human-alien encounters -- Fiction' );
INSERT INTO subjects ( gid, subject ) VALUES ( '51822', 'Science fiction' );
INSERT INTO subjects ( gid, subject ) VALUES ( '51822', 'Life on other planets -- Fiction' );
INSERT INTO subjects ( gid, subject ) VALUES ( '51822', 'Norcriss, Jerry (Fictitious character) -- Fiction' );
INSERT INTO files ( gid, file, mime ) VALUES ( '51822', 'http://www.gutenberg.org/cache/epub/51822/pg51822.cover.medium.jpg', 'image/jpeg' );
INSERT INTO files ( gid, file, mime ) VALUES ( '51822', 'http://www.gutenberg.org/cache/epub/51822/pg51822.cover.small.jpg', 'image/jpeg' );
INSERT INTO files ( gid, file, mime ) VALUES ( '51822', 'http://www.gutenberg.org/ebooks/51822.epub.images', 'application/epub+zip' );
INSERT INTO files ( gid, file, mime ) VALUES ( '51822', 'http://www.gutenberg.org/ebooks/51822.epub.noimages', 'application/epub+zip' );
INSERT INTO files ( gid, file, mime ) VALUES ( '51822', 'http://www.gutenberg.org/ebooks/51822.kindle.images', 'application/x-mobipocket-ebook' );
INSERT INTO files ( gid, file, mime ) VALUES ( '51822', 'http://www.gutenberg.org/ebooks/51822.kindle.noimages', 'application/x-mobipocket-ebook' );
INSERT INTO files ( gid, file, mime ) VALUES ( '51822', 'http://www.gutenberg.org/ebooks/51822.rdf', 'application/rdf+xml' );
INSERT INTO files ( gid, file, mime ) VALUES ( '51822', 'http://www.gutenberg.org/ebooks/51822.txt.utf-8', 'text/plain' );
INSERT INTO files ( gid, file, mime ) VALUES ( '51822', 'http://www.gutenberg.org/files/51822/51822-8.txt', 'text/plain; charset=iso-8859-1' );
INSERT INTO files ( gid, file, mime ) VALUES ( '51822', 'http://www.gutenberg.org/files/51822/51822-8.zip', 'application/ziptext/plain; charset=iso-8859-1' );
INSERT INTO files ( gid, file, mime ) VALUES ( '51822', 'http://www.gutenberg.org/files/51822/51822-h.zip', 'text/html; charset=us-asciiapplication/zip' );
INSERT INTO files ( gid, file, mime ) VALUES ( '51822', 'http://www.gutenberg.org/files/51822/51822-h/51822-h.htm', 'text/html; charset=us-ascii' );
INSERT INTO titles ( gid, title, author, language, rights ) VALUES ( '10622', 'The Lives of the Poets of Great Britain and Ireland (1753) Volume III.', 'Cibber, Theophilus', 'en', 'Public domain in the USA.' );
INSERT INTO classifications ( gid, classification ) VALUES ( '10622', 'PR' );
INSERT INTO subjects ( gid, subject ) VALUES ( '10622', 'Poets, Irish -- Biography -- Early works to 1800' );
INSERT INTO subjects ( gid, subject ) VALUES ( '10622', 'Poets, English -- Biography -- Early works to 1800' );
INSERT INTO files ( gid, file, mime ) VALUES ( '10622', 'http://www.gutenberg.org/ebooks/10622.epub.images', 'application/epub+zip' );
INSERT INTO files ( gid, file, mime ) VALUES ( '10622', 'http://www.gutenberg.org/ebooks/10622.epub.noimages', 'application/epub+zip' );
INSERT INTO files ( gid, file, mime ) VALUES ( '10622', 'http://www.gutenberg.org/ebooks/10622.html.images', 'text/html' );
INSERT INTO files ( gid, file, mime ) VALUES ( '10622', 'http://www.gutenberg.org/ebooks/10622.html.noimages', 'text/html' );
INSERT INTO files ( gid, file, mime ) VALUES ( '10622', 'http://www.gutenberg.org/ebooks/10622.kindle.images', 'application/x-mobipocket-ebook' );
INSERT INTO files ( gid, file, mime ) VALUES ( '10622', 'http://www.gutenberg.org/ebooks/10622.kindle.noimages', 'application/x-mobipocket-ebook' );
INSERT INTO files ( gid, file, mime ) VALUES ( '10622', 'http://www.gutenberg.org/ebooks/10622.rdf', 'application/rdf+xml' );
INSERT INTO files ( gid, file, mime ) VALUES ( '10622', 'http://www.gutenberg.org/ebooks/10622.txt.utf-8', 'text/plain' );
INSERT INTO files ( gid, file, mime ) VALUES ( '10622', 'http://www.gutenberg.org/files/10622/10622-8.txt', 'text/plain; charset=iso-8859-1' );
INSERT INTO files ( gid, file, mime ) VALUES ( '10622', 'http://www.gutenberg.org/files/10622/10622-8.zip', 'application/ziptext/plain; charset=iso-8859-1' );
INSERT INTO files ( gid, file, mime ) VALUES ( '10622', 'http://www.gutenberg.org/files/10622/10622.txt', 'text/plain; charset=us-ascii' );
INSERT INTO files ( gid, file, mime ) VALUES ( '10622', 'http://www.gutenberg.org/files/10622/10622.zip', 'text/plainapplication/zip' );
INSERT INTO titles ( gid, title, author, language, rights ) VALUES ( '10722', 'Plays', 'Ostrovsky, Aleksandr Nikolaevich', 'en', 'Public domain in the USA.' );
INSERT INTO classifications ( gid, classification ) VALUES ( '10722', 'PG' );
INSERT INTO subjects ( gid, subject ) VALUES ( '10722', 'Russian drama -- Translations into English' );
INSERT INTO files ( gid, file, mime ) VALUES ( '10722', 'http://www.gutenberg.org/ebooks/10722.epub.images', 'application/epub+zip' );
INSERT INTO files ( gid, file, mime ) VALUES ( '10722', 'http://www.gutenberg.org/ebooks/10722.epub.noimages', 'application/epub+zip' );
INSERT INTO files ( gid, file, mime ) VALUES ( '10722', 'http://www.gutenberg.org/ebooks/10722.html.images', 'text/html' );
INSERT INTO files ( gid, file, mime ) VALUES ( '10722', 'http://www.gutenberg.org/ebooks/10722.html.noimages', 'text/html' );
INSERT INTO files ( gid, file, mime ) VALUES ( '10722', 'http://www.gutenberg.org/ebooks/10722.kindle.images', 'application/x-mobipocket-ebook' );
INSERT INTO files ( gid, file, mime ) VALUES ( '10722', 'http://www.gutenberg.org/ebooks/10722.kindle.noimages', 'application/x-mobipocket-ebook' );
INSERT INTO files ( gid, file, mime ) VALUES ( '10722', 'http://www.gutenberg.org/ebooks/10722.rdf', 'application/rdf+xml' );
INSERT INTO files ( gid, file, mime ) VALUES ( '10722', 'http://www.gutenberg.org/ebooks/10722.txt.utf-8', 'text/plain' );
INSERT INTO files ( gid, file, mime ) VALUES ( '10722', 'http://www.gutenberg.org/files/10722/10722-8.txt', 'text/plain; charset=iso-8859-1' );
INSERT INTO files ( gid, file, mime ) VALUES ( '10722', 'http://www.gutenberg.org/files/10722/10722-8.zip', 'application/ziptext/plain; charset=iso-8859-1' );
INSERT INTO files ( gid, file, mime ) VALUES ( '10722', 'http://www.gutenberg.org/files/10722/10722.txt', 'text/plain; charset=us-ascii' );
INSERT INTO files ( gid, file, mime ) VALUES ( '10722', 'http://www.gutenberg.org/files/10722/10722.zip', 'application/ziptext/plain' );
INSERT INTO titles ( gid, title, author, language, rights ) VALUES ( '10822', 'El paraiso de las mujeres Novela', 'Blasco Ibáñez, Vicente', 'es', 'Public domain in the USA.' );
INSERT INTO classifications ( gid, classification ) VALUES ( '10822', 'PQ' );
INSERT INTO subjects ( gid, subject ) VALUES ( '10822', 'Spanish fiction -- 20th century' );
INSERT INTO subjects ( gid, subject ) VALUES ( '10822', 'Engineers -- Fiction' );
INSERT INTO subjects ( gid, subject ) VALUES ( '10822', 'Women -- Fiction' );
INSERT INTO files ( gid, file, mime ) VALUES ( '10822', 'http://www.gutenberg.org/ebooks/10822.epub.images', 'application/epub+zip' );
INSERT INTO files ( gid, file, mime ) VALUES ( '10822', 'http://www.gutenberg.org/ebooks/10822.epub.noimages', 'application/epub+zip' );
INSERT INTO files ( gid, file, mime ) VALUES ( '10822', 'http://www.gutenberg.org/ebooks/10822.html.images', 'text/html' );
INSERT INTO files ( gid, file, mime ) VALUES ( '10822', 'http://www.gutenberg.org/ebooks/10822.html.noimages', 'text/html' );
INSERT INTO files ( gid, file, mime ) VALUES ( '10822', 'http://www.gutenberg.org/ebooks/10822.kindle.images', 'application/x-mobipocket-ebook' );
INSERT INTO files ( gid, file, mime ) VALUES ( '10822', 'http://www.gutenberg.org/ebooks/10822.kindle.noimages', 'application/x-mobipocket-ebook' );
INSERT INTO files ( gid, file, mime ) VALUES ( '10822', 'http://www.gutenberg.org/ebooks/10822.rdf', 'application/rdf+xml' );
INSERT INTO files ( gid, file, mime ) VALUES ( '10822', 'http://www.gutenberg.org/ebooks/10822.txt.utf-8', 'text/plain' );
INSERT INTO files ( gid, file, mime ) VALUES ( '10822', 'http://www.gutenberg.org/files/10822/10822-8.txt', 'text/plain; charset=iso-8859-1' );
INSERT INTO files ( gid, file, mime ) VALUES ( '10822', 'http://www.gutenberg.org/files/10822/10822-8.zip', 'application/ziptext/plain; charset=iso-8859-1' );
INSERT INTO files ( gid, file, mime ) VALUES ( '10822', 'http://www.gutenberg.org/files/10822/10822.txt', 'text/plain; charset=iso-8859-1' );
INSERT INTO files ( gid, file, mime ) VALUES ( '10822', 'http://www.gutenberg.org/files/10822/10822.zip', 'application/ziptext/plain' );
INSERT INTO titles ( gid, title, author, language, rights ) VALUES ( '10922', 'Young Lives', 'Le Gallienne, Richard', 'en', 'Public domain in the USA.' );
INSERT INTO classifications ( gid, classification ) VALUES ( '10922', 'PR' );
INSERT INTO subjects ( gid, subject ) VALUES ( '10922', 'English fiction -- 19th century' );
INSERT INTO files ( gid, file, mime ) VALUES ( '10922', 'http://www.gutenberg.org/ebooks/10922.epub.images', 'application/epub+zip' );
INSERT INTO files ( gid, file, mime ) VALUES ( '10922', 'http://www.gutenberg.org/ebooks/10922.epub.noimages', 'application/epub+zip' );
INSERT INTO files ( gid, file, mime ) VALUES ( '10922', 'http://www.gutenberg.org/ebooks/10922.kindle.images', 'application/x-mobipocket-ebook' );
INSERT INTO files ( gid, file, mime ) VALUES ( '10922', 'http://www.gutenberg.org/ebooks/10922.kindle.noimages', 'application/x-mobipocket-ebook' );
INSERT INTO files ( gid, file, mime ) VALUES ( '10922', 'http://www.gutenberg.org/ebooks/10922.rdf', 'application/rdf+xml' );
INSERT INTO files ( gid, file, mime ) VALUES ( '10922', 'http://www.gutenberg.org/ebooks/10922.txt.utf-8', 'text/plain' );
INSERT INTO files ( gid, file, mime ) VALUES ( '10922', 'http://www.gutenberg.org/files/10922/10922-8.txt', 'text/plain; charset=iso-8859-1' );
INSERT INTO files ( gid, file, mime ) VALUES ( '10922', 'http://www.gutenberg.org/files/10922/10922-8.zip', 'text/plain; charset=iso-8859-1application/zip' );
INSERT INTO files ( gid, file, mime ) VALUES ( '10922', 'http://www.gutenberg.org/files/10922/10922-h.zip', 'application/ziptext/html' );
INSERT INTO files ( gid, file, mime ) VALUES ( '10922', 'http://www.gutenberg.org/files/10922/10922-h/10922-h.htm', 'text/html; charset=iso-8859-1' );
