INSERT INTO files ( gid, file, mime ) VALUES ( '20000', 'http://www.gutenberg.org/files/20000/20000-index.html', 'text/html' );
INSERT INTO files ( gid, file, mime ) VALUES ( '20000', 'http://www.gutenberg.org/files/20000/20000-m4b.zip', 'application/zipaudio/mp4' );
INSERT INTO files ( gid, file, mime ) VALUES ( '20000', 'http://www.gutenberg.org/files/20000/20000-mp3.zip', 'audio/mpegapplication/zip' );
INSERT INTO files ( gid, file, mime ) VALUES ( '20000', 'http://www.gutenberg.org/files/20000/20000-ogg.zip', 'audio/oggapplication/zip' );
INSERT INTO files ( gid, file, mime ) VALUES ( '20000', 'http://www.gutenberg.org/files/20000/20000-readme.txt', 'text/plain' );
INSERT INTO files ( gid, file, mime ) VALUES ( '20000', 'http://www.gutenberg.org/files/20000/20000-spx.zip', 'application/zipaudio/ogg' );
INSERT INTO files ( gid, file, mime ) VALUES ( '20000', 'http://www.gutenberg.org/files/20000/m4b/20000-01.m4b', 'audio/mp4' );
INSERT INTO files ( gid, file, mime ) VALUES ( '20000', 'http://www.gutenberg.org/files/20000/m4b/20000-02.m4b', 'audio/mp4' );
INSERT INTO files ( gid, file, mime ) VALUES ( '20000', 'http://www.gutenberg.org/files/20000/m4b/20000-03.m4b', 'audio/mp4' );
INSERT INTO files ( gid, file, mime ) VALUES ( '20000', 'http://www.gutenberg.org/files/20000/m4b/20000-04.m4b', 'audio/mp4' );
INSERT INTO files ( gid, file, mime ) VALUES ( '20000', 'http://www.gutenberg.org/files/20000/m4b/20000-05.m4b', 'audio/mp4' );
INSERT INTO files ( gid, file, mime ) VALUES ( '20000', 'http://www.gutenberg.org/files/20000/m4b/20000-06.m4b', 'audio/mp4' );
INSERT INTO files ( gid, file, mime ) VALUES ( '20000', 'http://www.gutenberg.org/files/20000/m4b/20000-07.m4b', 'audio/mp4' );
INSERT INTO files ( gid, file, mime ) VALUES ( '20000', 'http://www.gutenberg.org/files/20000/m4b/20000-08.m4b', 'audio/mp4' );
INSERT INTO files ( gid, file, mime ) VALUES ( '20000', 'http://www.gutenberg.org/files/20000/m4b/20000-09.m4b', 'audio/mp4' );
INSERT INTO files ( gid, file, mime ) VALUES ( '20000', 'http://www.gutenberg.org/files/20000/m4b/20000-10.m4b', 'audio/mp4' );
INSERT INTO files ( gid, file, mime ) VALUES ( '20000', 'http://www.gutenberg.org/files/20000/m4b/20000-11.m4b', 'audio/mp4' );
INSERT INTO files ( gid, file, mime ) VALUES ( '20000', 'http://www.gutenberg.org/files/20000/m4b/20000-12.m4b', 'audio/mp4' );
INSERT INTO files ( gid, file, mime ) VALUES ( '20000', 'http://www.gutenberg.org/files/20000/m4b/20000-13.m4b', 'audio/mp4' );
INSERT INTO files ( gid, file, mime ) VALUES ( '20000', 'http://www.gutenberg.org/files/20000/m4b/20000-14.m4b', 'audio/mp4' );
INSERT INTO files ( gid, file, mime ) VALUES ( '20000', 'http://www.gutenberg.org/files/20000/m4b/20000-15.m4b', 'audio/mp4' );
INSERT INTO files ( gid, file, mime ) VALUES ( '20000', 'http://www.gutenberg.org/files/20000/m4b/20000-16.m4b', 'audio/mp4' );
INSERT INTO files ( gid, file, mime ) VALUES ( '20000', 'http://www.gutenberg.org/files/20000/m4b/20000-17.m4b', 'audio/mp4' );
INSERT INTO files ( gid, file, mime ) VALUES ( '20000', 'http://www.gutenberg.org/files/20000/m4b/20000-18.m4b', 'audio/mp4' );
INSERT INTO files ( gid, file, mime ) VALUES ( '20000', 'http://www.gutenberg.org/files/20000/m4b/20000-19.m4b', 'audio/mp4' );
INSERT INTO files ( gid, file, mime ) VALUES ( '20000', 'http://www.gutenberg.org/files/20000/m4b/20000-20.m4b', 'audio/mp4' );
INSERT INTO files ( gid, file, mime ) VALUES ( '20000', 'http://www.gutenberg.org/files/20000/m4b/20000-21.m4b', 'audio/mp4' );
INSERT INTO files ( gid, file, mime ) VALUES ( '20000', 'http://www.gutenberg.org/files/20000/m4b/20000-22.m4b', 'audio/mp4' );
INSERT INTO files ( gid, file, mime ) VALUES ( '20000', 'http://www.gutenberg.org/files/20000/m4b/20000-23.m4b', 'audio/mp4' );
INSERT INTO files ( gid, file, mime ) VALUES ( '20000', 'http://www.gutenberg.org/files/20000/m4b/20000-24.m4b', 'audio/mp4' );
INSERT INTO files ( gid, file, mime ) VALUES ( '20000', 'http://www.gutenberg.org/files/20000/m4b/20000-25.m4b', 'audio/mp4' );
INSERT INTO files ( gid, file, mime ) VALUES ( '20000', 'http://www.gutenberg.org/files/20000/m4b/20000-26.m4b', 'audio/mp4' );
INSERT INTO files ( gid, file, mime ) VALUES ( '20000', 'http://www.gutenberg.org/files/20000/m4b/20000-27.m4b', 'audio/mp4' );
INSERT INTO files ( gid, file, mime ) VALUES ( '20000', 'http://www.gutenberg.org/files/20000/m4b/20000-28.m4b', 'audio/mp4' );
INSERT INTO files ( gid, file, mime ) VALUES ( '20000', 'http://www.gutenberg.org/files/20000/m4b/20000-29.m4b', 'audio/mp4' );
INSERT INTO files ( gid, file, mime ) VALUES ( '20000', 'http://www.gutenberg.org/files/20000/m4b/20000-30.m4b', 'audio/mp4' );
INSERT INTO files ( gid, file, mime ) VALUES ( '20000', 'http://www.gutenberg.org/files/20000/m4b/20000-31.m4b', 'audio/mp4' );
INSERT INTO files ( gid, file, mime ) VALUES ( '20000', 'http://www.gutenberg.org/files/20000/m4b/20000-32.m4b', 'audio/mp4' );
INSERT INTO files ( gid, file, mime ) VALUES ( '20000', 'http://www.gutenberg.org/files/20000/m4b/20000-33.m4b', 'audio/mp4' );
INSERT INTO files ( gid, file, mime ) VALUES ( '20000', 'http://www.gutenberg.org/files/20000/m4b/20000-34.m4b', 'audio/mp4' );
INSERT INTO files ( gid, file, mime ) VALUES ( '20000', 'http://www.gutenberg.org/files/20000/m4b/20000-35.m4b', 'audio/mp4' );
INSERT INTO files ( gid, file, mime ) VALUES ( '20000', 'http://www.gutenberg.org/files/20000/m4b/20000-36.m4b', 'audio/mp4' );
INSERT INTO files ( gid, file, mime ) VALUES ( '20000', 'http://www.gutenberg.org/files/20000/m4b/20000-37.m4b', 'audio/mp4' );
INSERT INTO files ( gid, file, mime ) VALUES ( '20000', 'http://www.gutenberg.org/files/20000/m4b/20000-38.m4b', 'audio/mp4' );
INSERT INTO files ( gid, file, mime ) VALUES ( '20000', 'http://www.gutenberg.org/files/20000/m4b/20000-39.m4b', 'audio/mp4' );
INSERT INTO files ( gid, file, mime ) VALUES ( '20000', 'http://www.gutenberg.org/files/20000/m4b/20000-40.m4b', 'audio/mp4' );
INSERT INTO files ( gid, file, mime ) VALUES ( '20000', 'http://www.gutenberg.org/files/20000/m4b/20000-41.m4b', 'audio/mp4' );
INSERT INTO files ( gid, file, mime ) VALUES ( '20000', 'http://www.gutenberg.org/files/20000/m4b/20000-42.m4b', 'audio/mp4' );
INSERT INTO files ( gid, file, mime ) VALUES ( '20000', 'http://www.gutenberg.org/files/20000/m4b/20000-43.m4b', 'audio/mp4' );
INSERT INTO files ( gid, file, mime ) VALUES ( '20000', 'http://www.gutenberg.org/files/20000/m4b/20000-44.m4b', 'audio/mp4' );
INSERT INTO files ( gid, file, mime ) VALUES ( '20000', 'http://www.gutenberg.org/files/20000/m4b/20000-45.m4b', 'audio/mp4' );
INSERT INTO files ( gid, file, mime ) VALUES ( '20000', 'http://www.gutenberg.org/files/20000/m4b/20000-46.m4b', 'audio/mp4' );
INSERT INTO files ( gid, file, mime ) VALUES ( '20000', 'http://www.gutenberg.org/files/20000/m4b/20000-47.m4b', 'audio/mp4' );
INSERT INTO files ( gid, file, mime ) VALUES ( '20000', 'http://www.gutenberg.org/files/20000/mp3/20000-01.mp3', 'audio/mpeg' );
INSERT INTO files ( gid, file, mime ) VALUES ( '20000', 'http://www.gutenberg.org/files/20000/mp3/20000-02.mp3', 'audio/mpeg' );
INSERT INTO files ( gid, file, mime ) VALUES ( '20000', 'http://www.gutenberg.org/files/20000/mp3/20000-03.mp3', 'audio/mpeg' );
INSERT INTO files ( gid, file, mime ) VALUES ( '20000', 'http://www.gutenberg.org/files/20000/mp3/20000-04.mp3', 'audio/mpeg' );
INSERT INTO files ( gid, file, mime ) VALUES ( '20000', 'http://www.gutenberg.org/files/20000/mp3/20000-05.mp3', 'audio/mpeg' );
INSERT INTO files ( gid, file, mime ) VALUES ( '20000', 'http://www.gutenberg.org/files/20000/mp3/20000-06.mp3', 'audio/mpeg' );
INSERT INTO files ( gid, file, mime ) VALUES ( '20000', 'http://www.gutenberg.org/files/20000/mp3/20000-07.mp3', 'audio/mpeg' );
INSERT INTO files ( gid, file, mime ) VALUES ( '20000', 'http://www.gutenberg.org/files/20000/mp3/20000-08.mp3', 'audio/mpeg' );
INSERT INTO files ( gid, file, mime ) VALUES ( '20000', 'http://www.gutenberg.org/files/20000/mp3/20000-09.mp3', 'audio/mpeg' );
INSERT INTO files ( gid, file, mime ) VALUES ( '20000', 'http://www.gutenberg.org/files/20000/mp3/20000-10.mp3', 'audio/mpeg' );
INSERT INTO files ( gid, file, mime ) VALUES ( '20000', 'http://www.gutenberg.org/files/20000/mp3/20000-11.mp3', 'audio/mpeg' );
INSERT INTO files ( gid, file, mime ) VALUES ( '20000', 'http://www.gutenberg.org/files/20000/mp3/20000-12.mp3', 'audio/mpeg' );
INSERT INTO files ( gid, file, mime ) VALUES ( '20000', 'http://www.gutenberg.org/files/20000/mp3/20000-13.mp3', 'audio/mpeg' );
INSERT INTO files ( gid, file, mime ) VALUES ( '20000', 'http://www.gutenberg.org/files/20000/mp3/20000-14.mp3', 'audio/mpeg' );
INSERT INTO files ( gid, file, mime ) VALUES ( '20000', 'http://www.gutenberg.org/files/20000/mp3/20000-15.mp3', 'audio/mpeg' );
INSERT INTO files ( gid, file, mime ) VALUES ( '20000', 'http://www.gutenberg.org/files/20000/mp3/20000-16.mp3', 'audio/mpeg' );
INSERT INTO files ( gid, file, mime ) VALUES ( '20000', 'http://www.gutenberg.org/files/20000/mp3/20000-17.mp3', 'audio/mpeg' );
INSERT INTO files ( gid, file, mime ) VALUES ( '20000', 'http://www.gutenberg.org/files/20000/mp3/20000-18.mp3', 'audio/mpeg' );
INSERT INTO files ( gid, file, mime ) VALUES ( '20000', 'http://www.gutenberg.org/files/20000/mp3/20000-19.mp3', 'audio/mpeg' );
INSERT INTO files ( gid, file, mime ) VALUES ( '20000', 'http://www.gutenberg.org/files/20000/mp3/20000-20.mp3', 'audio/mpeg' );
INSERT INTO files ( gid, file, mime ) VALUES ( '20000', 'http://www.gutenberg.org/files/20000/mp3/20000-21.mp3', 'audio/mpeg' );
INSERT INTO files ( gid, file, mime ) VALUES ( '20000', 'http://www.gutenberg.org/files/20000/mp3/20000-22.mp3', 'audio/mpeg' );
INSERT INTO files ( gid, file, mime ) VALUES ( '20000', 'http://www.gutenberg.org/files/20000/mp3/20000-23.mp3', 'audio/mpeg' );
INSERT INTO files ( gid, file, mime ) VALUES ( '20000', 'http://www.gutenberg.org/files/20000/mp3/20000-24.mp3', 'audio/mpeg' );
INSERT INTO files ( gid, file, mime ) VALUES ( '20000', 'http://www.gutenberg.org/files/20000/mp3/20000-25.mp3', 'audio/mpeg' );
INSERT INTO files ( gid, file, mime ) VALUES ( '20000', 'http://www.gutenberg.org/files/20000/mp3/20000-26.mp3', 'audio/mpeg' );
INSERT INTO files ( gid, file, mime ) VALUES ( '20000', 'http://www.gutenberg.org/files/20000/mp3/20000-27.mp3', 'audio/mpeg' );
INSERT INTO files ( gid, file, mime ) VALUES ( '20000', 'http://www.gutenberg.org/files/20000/mp3/20000-28.mp3', 'audio/mpeg' );
INSERT INTO files ( gid, file, mime ) VALUES ( '20000', 'http://www.gutenberg.org/files/20000/mp3/20000-29.mp3', 'audio/mpeg' );
INSERT INTO files ( gid, file, mime ) VALUES ( '20000', 'http://www.gutenberg.org/files/20000/mp3/20000-30.mp3', 'audio/mpeg' );
INSERT INTO files ( gid, file, mime ) VALUES ( '20000', 'http://www.gutenberg.org/files/20000/mp3/20000-31.mp3', 'audio/mpeg' );
INSERT INTO files ( gid, file, mime ) VALUES ( '20000', 'http://www.gutenberg.org/files/20000/mp3/20000-32.mp3', 'audio/mpeg' );
INSERT INTO files ( gid, file, mime ) VALUES ( '20000', 'http://www.gutenberg.org/files/20000/mp3/20000-33.mp3', 'audio/mpeg' );
INSERT INTO files ( gid, file, mime ) VALUES ( '20000', 'http://www.gutenberg.org/files/20000/mp3/20000-34.mp3', 'audio/mpeg' );
INSERT INTO files ( gid, file, mime ) VALUES ( '20000', 'http://www.gutenberg.org/files/20000/mp3/20000-35.mp3', 'audio/mpeg' );
INSERT INTO files ( gid, file, mime ) VALUES ( '20000', 'http://www.gutenberg.org/files/20000/mp3/20000-36.mp3', 'audio/mpeg' );
INSERT INTO files ( gid, file, mime ) VALUES ( '20000', 'http://www.gutenberg.org/files/20000/mp3/20000-37.mp3', 'audio/mpeg' );
INSERT INTO files ( gid, file, mime ) VALUES ( '20000', 'http://www.gutenberg.org/files/20000/mp3/20000-38.mp3', 'audio/mpeg' );
INSERT INTO files ( gid, file, mime ) VALUES ( '20000', 'http://www.gutenberg.org/files/20000/mp3/20000-39.mp3', 'audio/mpeg' );
INSERT INTO files ( gid, file, mime ) VALUES ( '20000', 'http://www.gutenberg.org/files/20000/mp3/20000-40.mp3', 'audio/mpeg' );
INSERT INTO files ( gid, file, mime ) VALUES ( '20000', 'http://www.gutenberg.org/files/20000/mp3/20000-41.mp3', 'audio/mpeg' );
INSERT INTO files ( gid, file, mime ) VALUES ( '20000', 'http://www.gutenberg.org/files/20000/mp3/20000-42.mp3', 'audio/mpeg' );
INSERT INTO files ( gid, file, mime ) VALUES ( '20000', 'http://www.gutenberg.org/files/20000/mp3/20000-43.mp3', 'audio/mpeg' );
INSERT INTO files ( gid, file, mime ) VALUES ( '20000', 'http://www.gutenberg.org/files/20000/mp3/20000-44.mp3', 'audio/mpeg' );
INSERT INTO files ( gid, file, mime ) VALUES ( '20000', 'http://www.gutenberg.org/files/20000/mp3/20000-45.mp3', 'audio/mpeg' );
INSERT INTO files ( gid, file, mime ) VALUES ( '20000', 'http://www.gutenberg.org/files/20000/mp3/20000-46.mp3', 'audio/mpeg' );
INSERT INTO files ( gid, file, mime ) VALUES ( '20000', 'http://www.gutenberg.org/files/20000/mp3/20000-47.mp3', 'audio/mpeg' );
INSERT INTO files ( gid, file, mime ) VALUES ( '20000', 'http://www.gutenberg.org/files/20000/ogg/20000-01.ogg', 'audio/ogg' );
INSERT INTO files ( gid, file, mime ) VALUES ( '20000', 'http://www.gutenberg.org/files/20000/ogg/20000-02.ogg', 'audio/ogg' );
INSERT INTO files ( gid, file, mime ) VALUES ( '20000', 'http://www.gutenberg.org/files/20000/ogg/20000-03.ogg', 'audio/ogg' );
INSERT INTO files ( gid, file, mime ) VALUES ( '20000', 'http://www.gutenberg.org/files/20000/ogg/20000-04.ogg', 'audio/ogg' );
INSERT INTO files ( gid, file, mime ) VALUES ( '20000', 'http://www.gutenberg.org/files/20000/ogg/20000-05.ogg', 'audio/ogg' );
INSERT INTO files ( gid, file, mime ) VALUES ( '20000', 'http://www.gutenberg.org/files/20000/ogg/20000-06.ogg', 'audio/ogg' );
INSERT INTO files ( gid, file, mime ) VALUES ( '20000', 'http://www.gutenberg.org/files/20000/ogg/20000-07.ogg', 'audio/ogg' );
INSERT INTO files ( gid, file, mime ) VALUES ( '20000', 'http://www.gutenberg.org/files/20000/ogg/20000-08.ogg', 'audio/ogg' );
INSERT INTO files ( gid, file, mime ) VALUES ( '20000', 'http://www.gutenberg.org/files/20000/ogg/20000-09.ogg', 'audio/ogg' );
INSERT INTO files ( gid, file, mime ) VALUES ( '20000', 'http://www.gutenberg.org/files/20000/ogg/20000-10.ogg', 'audio/ogg' );
INSERT INTO files ( gid, file, mime ) VALUES ( '20000', 'http://www.gutenberg.org/files/20000/ogg/20000-11.ogg', 'audio/ogg' );
INSERT INTO files ( gid, file, mime ) VALUES ( '20000', 'http://www.gutenberg.org/files/20000/ogg/20000-12.ogg', 'audio/ogg' );
INSERT INTO files ( gid, file, mime ) VALUES ( '20000', 'http://www.gutenberg.org/files/20000/ogg/20000-13.ogg', 'audio/ogg' );
INSERT INTO files ( gid, file, mime ) VALUES ( '20000', 'http://www.gutenberg.org/files/20000/ogg/20000-14.ogg', 'audio/ogg' );
INSERT INTO files ( gid, file, mime ) VALUES ( '20000', 'http://www.gutenberg.org/files/20000/ogg/20000-15.ogg', 'audio/ogg' );
INSERT INTO files ( gid, file, mime ) VALUES ( '20000', 'http://www.gutenberg.org/files/20000/ogg/20000-16.ogg', 'audio/ogg' );
INSERT INTO files ( gid, file, mime ) VALUES ( '20000', 'http://www.gutenberg.org/files/20000/ogg/20000-17.ogg', 'audio/ogg' );
INSERT INTO files ( gid, file, mime ) VALUES ( '20000', 'http://www.gutenberg.org/files/20000/ogg/20000-18.ogg', 'audio/ogg' );
INSERT INTO files ( gid, file, mime ) VALUES ( '20000', 'http://www.gutenberg.org/files/20000/ogg/20000-19.ogg', 'audio/ogg' );
INSERT INTO files ( gid, file, mime ) VALUES ( '20000', 'http://www.gutenberg.org/files/20000/ogg/20000-20.ogg', 'audio/ogg' );
INSERT INTO files ( gid, file, mime ) VALUES ( '20000', 'http://www.gutenberg.org/files/20000/ogg/20000-21.ogg', 'audio/ogg' );
INSERT INTO files ( gid, file, mime ) VALUES ( '20000', 'http://www.gutenberg.org/files/20000/ogg/20000-22.ogg', 'audio/ogg' );
INSERT INTO files ( gid, file, mime ) VALUES ( '20000', 'http://www.gutenberg.org/files/20000/ogg/20000-23.ogg', 'audio/ogg' );
INSERT INTO files ( gid, file, mime ) VALUES ( '20000', 'http://www.gutenberg.org/files/20000/ogg/20000-24.ogg', 'audio/ogg' );
INSERT INTO files ( gid, file, mime ) VALUES ( '20000', 'http://www.gutenberg.org/files/20000/ogg/20000-25.ogg', 'audio/ogg' );
INSERT INTO files ( gid, file, mime ) VALUES ( '20000', 'http://www.gutenberg.org/files/20000/ogg/20000-26.ogg', 'audio/ogg' );
INSERT INTO files ( gid, file, mime ) VALUES ( '20000', 'http://www.gutenberg.org/files/20000/ogg/20000-27.ogg', 'audio/ogg' );
INSERT INTO files ( gid, file, mime ) VALUES ( '20000', 'http://www.gutenberg.org/files/20000/ogg/20000-28.ogg', 'audio/ogg' );
INSERT INTO files ( gid, file, mime ) VALUES ( '20000', 'http://www.gutenberg.org/files/20000/ogg/20000-29.ogg', 'audio/ogg' );
INSERT INTO files ( gid, file, mime ) VALUES ( '20000', 'http://www.gutenberg.org/files/20000/ogg/20000-30.ogg', 'audio/ogg' );
INSERT INTO files ( gid, file, mime ) VALUES ( '20000', 'http://www.gutenberg.org/files/20000/ogg/20000-31.ogg', 'audio/ogg' );
INSERT INTO files ( gid, file, mime ) VALUES ( '20000', 'http://www.gutenberg.org/files/20000/ogg/20000-32.ogg', 'audio/ogg' );
INSERT INTO files ( gid, file, mime ) VALUES ( '20000', 'http://www.gutenberg.org/files/20000/ogg/20000-33.ogg', 'audio/ogg' );
INSERT INTO files ( gid, file, mime ) VALUES ( '20000', 'http://www.gutenberg.org/files/20000/ogg/20000-34.ogg', 'audio/ogg' );
INSERT INTO files ( gid, file, mime ) VALUES ( '20000', 'http://www.gutenberg.org/files/20000/ogg/20000-35.ogg', 'audio/ogg' );
INSERT INTO files ( gid, file, mime ) VALUES ( '20000', 'http://www.gutenberg.org/files/20000/ogg/20000-36.ogg', 'audio/ogg' );
INSERT INTO files ( gid, file, mime ) VALUES ( '20000', 'http://www.gutenberg.org/files/20000/ogg/20000-37.ogg', 'audio/ogg' );
INSERT INTO files ( gid, file, mime ) VALUES ( '20000', 'http://www.gutenberg.org/files/20000/ogg/20000-38.ogg', 'audio/ogg' );
INSERT INTO files ( gid, file, mime ) VALUES ( '20000', 'http://www.gutenberg.org/files/20000/ogg/20000-39.ogg', 'audio/ogg' );
INSERT INTO files ( gid, file, mime ) VALUES ( '20000', 'http://www.gutenberg.org/files/20000/ogg/20000-40.ogg', 'audio/ogg' );
INSERT INTO files ( gid, file, mime ) VALUES ( '20000', 'http://www.gutenberg.org/files/20000/ogg/20000-41.ogg', 'audio/ogg' );
INSERT INTO files ( gid, file, mime ) VALUES ( '20000', 'http://www.gutenberg.org/files/20000/ogg/20000-42.ogg', 'audio/ogg' );
INSERT INTO files ( gid, file, mime ) VALUES ( '20000', 'http://www.gutenberg.org/files/20000/ogg/20000-43.ogg', 'audio/ogg' );
INSERT INTO files ( gid, file, mime ) VALUES ( '20000', 'http://www.gutenberg.org/files/20000/ogg/20000-44.ogg', 'audio/ogg' );
INSERT INTO files ( gid, file, mime ) VALUES ( '20000', 'http://www.gutenberg.org/files/20000/ogg/20000-45.ogg', 'audio/ogg' );
INSERT INTO files ( gid, file, mime ) VALUES ( '20000', 'http://www.gutenberg.org/files/20000/ogg/20000-46.ogg', 'audio/ogg' );
INSERT INTO files ( gid, file, mime ) VALUES ( '20000', 'http://www.gutenberg.org/files/20000/ogg/20000-47.ogg', 'audio/ogg' );
INSERT INTO files ( gid, file, mime ) VALUES ( '20000', 'http://www.gutenberg.org/files/20000/spx/20000-01.spx', 'audio/ogg' );
INSERT INTO files ( gid, file, mime ) VALUES ( '20000', 'http://www.gutenberg.org/files/20000/spx/20000-02.spx', 'audio/ogg' );
INSERT INTO files ( gid, file, mime ) VALUES ( '20000', 'http://www.gutenberg.org/files/20000/spx/20000-03.spx', 'audio/ogg' );
INSERT INTO files ( gid, file, mime ) VALUES ( '20000', 'http://www.gutenberg.org/files/20000/spx/20000-04.spx', 'audio/ogg' );
INSERT INTO files ( gid, file, mime ) VALUES ( '20000', 'http://www.gutenberg.org/files/20000/spx/20000-05.spx', 'audio/ogg' );
INSERT INTO files ( gid, file, mime ) VALUES ( '20000', 'http://www.gutenberg.org/files/20000/spx/20000-06.spx', 'audio/ogg' );
INSERT INTO files ( gid, file, mime ) VALUES ( '20000', 'http://www.gutenberg.org/files/20000/spx/20000-07.spx', 'audio/ogg' );
INSERT INTO files ( gid, file, mime ) VALUES ( '20000', 'http://www.gutenberg.org/files/20000/spx/20000-08.spx', 'audio/ogg' );
INSERT INTO files ( gid, file, mime ) VALUES ( '20000', 'http://www.gutenberg.org/files/20000/spx/20000-09.spx', 'audio/ogg' );
INSERT INTO files ( gid, file, mime ) VALUES ( '20000', 'http://www.gutenberg.org/files/20000/spx/20000-10.spx', 'audio/ogg' );
INSERT INTO files ( gid, file, mime ) VALUES ( '20000', 'http://www.gutenberg.org/files/20000/spx/20000-11.spx', 'audio/ogg' );
INSERT INTO files ( gid, file, mime ) VALUES ( '20000', 'http://www.gutenberg.org/files/20000/spx/20000-12.spx', 'audio/ogg' );
INSERT INTO files ( gid, file, mime ) VALUES ( '20000', 'http://www.gutenberg.org/files/20000/spx/20000-13.spx', 'audio/ogg' );
INSERT INTO files ( gid, file, mime ) VALUES ( '20000', 'http://www.gutenberg.org/files/20000/spx/20000-14.spx', 'audio/ogg' );
INSERT INTO files ( gid, file, mime ) VALUES ( '20000', 'http://www.gutenberg.org/files/20000/spx/20000-15.spx', 'audio/ogg' );
INSERT INTO files ( gid, file, mime ) VALUES ( '20000', 'http://www.gutenberg.org/files/20000/spx/20000-16.spx', 'audio/ogg' );
INSERT INTO files ( gid, file, mime ) VALUES ( '20000', 'http://www.gutenberg.org/files/20000/spx/20000-17.spx', 'audio/ogg' );
INSERT INTO files ( gid, file, mime ) VALUES ( '20000', 'http://www.gutenberg.org/files/20000/spx/20000-18.spx', 'audio/ogg' );
INSERT INTO files ( gid, file, mime ) VALUES ( '20000', 'http://www.gutenberg.org/files/20000/spx/20000-19.spx', 'audio/ogg' );
INSERT INTO files ( gid, file, mime ) VALUES ( '20000', 'http://www.gutenberg.org/files/20000/spx/20000-20.spx', 'audio/ogg' );
INSERT INTO files ( gid, file, mime ) VALUES ( '20000', 'http://www.gutenberg.org/files/20000/spx/20000-21.spx', 'audio/ogg' );
INSERT INTO files ( gid, file, mime ) VALUES ( '20000', 'http://www.gutenberg.org/files/20000/spx/20000-22.spx', 'audio/ogg' );
INSERT INTO files ( gid, file, mime ) VALUES ( '20000', 'http://www.gutenberg.org/files/20000/spx/20000-23.spx', 'audio/ogg' );
INSERT INTO files ( gid, file, mime ) VALUES ( '20000', 'http://www.gutenberg.org/files/20000/spx/20000-24.spx', 'audio/ogg' );
INSERT INTO files ( gid, file, mime ) VALUES ( '20000', 'http://www.gutenberg.org/files/20000/spx/20000-25.spx', 'audio/ogg' );
INSERT INTO files ( gid, file, mime ) VALUES ( '20000', 'http://www.gutenberg.org/files/20000/spx/20000-26.spx', 'audio/ogg' );
INSERT INTO files ( gid, file, mime ) VALUES ( '20000', 'http://www.gutenberg.org/files/20000/spx/20000-27.spx', 'audio/ogg' );
INSERT INTO files ( gid, file, mime ) VALUES ( '20000', 'http://www.gutenberg.org/files/20000/spx/20000-28.spx', 'audio/ogg' );
INSERT INTO files ( gid, file, mime ) VALUES ( '20000', 'http://www.gutenberg.org/files/20000/spx/20000-29.spx', 'audio/ogg' );
INSERT INTO files ( gid, file, mime ) VALUES ( '20000', 'http://www.gutenberg.org/files/20000/spx/20000-30.spx', 'audio/ogg' );
INSERT INTO files ( gid, file, mime ) VALUES ( '20000', 'http://www.gutenberg.org/files/20000/spx/20000-31.spx', 'audio/ogg' );
INSERT INTO files ( gid, file, mime ) VALUES ( '20000', 'http://www.gutenberg.org/files/20000/spx/20000-32.spx', 'audio/ogg' );
INSERT INTO files ( gid, file, mime ) VALUES ( '20000', 'http://www.gutenberg.org/files/20000/spx/20000-33.spx', 'audio/ogg' );
INSERT INTO files ( gid, file, mime ) VALUES ( '20000', 'http://www.gutenberg.org/files/20000/spx/20000-34.spx', 'audio/ogg' );
INSERT INTO files ( gid, file, mime ) VALUES ( '20000', 'http://www.gutenberg.org/files/20000/spx/20000-35.spx', 'audio/ogg' );
INSERT INTO files ( gid, file, mime ) VALUES ( '20000', 'http://www.gutenberg.org/files/20000/spx/20000-36.spx', 'audio/ogg' );
INSERT INTO files ( gid, file, mime ) VALUES ( '20000', 'http://www.gutenberg.org/files/20000/spx/20000-37.spx', 'audio/ogg' );
INSERT INTO files ( gid, file, mime ) VALUES ( '20000', 'http://www.gutenberg.org/files/20000/spx/20000-38.spx', 'audio/ogg' );
INSERT INTO files ( gid, file, mime ) VALUES ( '20000', 'http://www.gutenberg.org/files/20000/spx/20000-39.spx', 'audio/ogg' );
INSERT INTO files ( gid, file, mime ) VALUES ( '20000', 'http://www.gutenberg.org/files/20000/spx/20000-40.spx', 'audio/ogg' );
INSERT INTO files ( gid, file, mime ) VALUES ( '20000', 'http://www.gutenberg.org/files/20000/spx/20000-41.spx', 'audio/ogg' );
INSERT INTO files ( gid, file, mime ) VALUES ( '20000', 'http://www.gutenberg.org/files/20000/spx/20000-42.spx', 'audio/ogg' );
INSERT INTO files ( gid, file, mime ) VALUES ( '20000', 'http://www.gutenberg.org/files/20000/spx/20000-43.spx', 'audio/ogg' );
INSERT INTO files ( gid, file, mime ) VALUES ( '20000', 'http://www.gutenberg.org/files/20000/spx/20000-44.spx', 'audio/ogg' );
INSERT INTO files ( gid, file, mime ) VALUES ( '20000', 'http://www.gutenberg.org/files/20000/spx/20000-45.spx', 'audio/ogg' );
INSERT INTO files ( gid, file, mime ) VALUES ( '20000', 'http://www.gutenberg.org/files/20000/spx/20000-46.spx', 'audio/ogg' );
INSERT INTO files ( gid, file, mime ) VALUES ( '20000', 'http://www.gutenberg.org/files/20000/spx/20000-47.spx', 'audio/ogg' );
INSERT INTO titles ( gid, title, author, language, rights ) VALUES ( '20500', 'A Short History of Greek Philosophy', 'Marshall, J. (John)', 'en', 'Public domain in the USA.' );
INSERT INTO classifications ( gid, classification ) VALUES ( '20500', 'B' );
INSERT INTO subjects ( gid, subject ) VALUES ( '20500', 'Philosophy, Ancient' );
INSERT INTO files ( gid, file, mime ) VALUES ( '20500', 'http://www.gutenberg.org/ebooks/20500.epub.images', 'application/epub+zip' );
INSERT INTO files ( gid, file, mime ) VALUES ( '20500', 'http://www.gutenberg.org/ebooks/20500.epub.noimages', 'application/epub+zip' );
INSERT INTO files ( gid, file, mime ) VALUES ( '20500', 'http://www.gutenberg.org/ebooks/20500.html.images', 'text/html' );
INSERT INTO files ( gid, file, mime ) VALUES ( '20500', 'http://www.gutenberg.org/ebooks/20500.html.noimages', 'text/html' );
INSERT INTO files ( gid, file, mime ) VALUES ( '20500', 'http://www.gutenberg.org/ebooks/20500.kindle.images', 'application/x-mobipocket-ebook' );
INSERT INTO files ( gid, file, mime ) VALUES ( '20500', 'http://www.gutenberg.org/ebooks/20500.kindle.noimages', 'application/x-mobipocket-ebook' );
INSERT INTO files ( gid, file, mime ) VALUES ( '20500', 'http://www.gutenberg.org/ebooks/20500.rdf', 'application/rdf+xml' );
INSERT INTO files ( gid, file, mime ) VALUES ( '20500', 'http://www.gutenberg.org/ebooks/20500.txt.utf-8', 'text/plain' );
INSERT INTO files ( gid, file, mime ) VALUES ( '20500', 'http://www.gutenberg.org/files/20500/20500-8.txt', 'text/plain; charset=iso-8859-1' );
INSERT INTO files ( gid, file, mime ) VALUES ( '20500', 'http://www.gutenberg.org/files/20500/20500-8.zip', 'text/plain; charset=iso-8859-1application/zip' );
INSERT INTO files ( gid, file, mime ) VALUES ( '20500', 'http://www.gutenberg.org/files/20500/20500.txt', 'text/plain; charset=us-ascii' );
INSERT INTO files ( gid, file, mime ) VALUES ( '20500', 'http://www.gutenberg.org/files/20500/20500.zip', 'application/ziptext/plain; charset=us-ascii' );
INSERT INTO titles ( gid, title, author, language, rights ) VALUES ( '20700', 'Études sur la Littérature française au XIXe siècle - Tome 1 Madame de Staël, Chateaubriand', 'Vinet, Alexandre Rodolphe', 'fr', 'Public domain in the USA.' );
INSERT INTO classifications ( gid, classification ) VALUES ( '20700', 'PQ' );
INSERT INTO subjects ( gid, subject ) VALUES ( '20700', 'French literature' );
INSERT INTO files ( gid, file, mime ) VALUES ( '20700', 'http://www.gutenberg.org/ebooks/20700.epub.images', 'application/epub+zip' );
INSERT INTO files ( gid, file, mime ) VALUES ( '20700', 'http://www.gutenberg.org/ebooks/20700.epub.noimages', 'application/epub+zip' );
INSERT INTO files ( gid, file, mime ) VALUES ( '20700', 'http://www.gutenberg.org/ebooks/20700.html.images', 'text/html' );
INSERT INTO files ( gid, file, mime ) VALUES ( '20700', 'http://www.gutenberg.org/ebooks/20700.html.noimages', 'text/html' );
INSERT INTO files ( gid, file, mime ) VALUES ( '20700', 'http://www.gutenberg.org/ebooks/20700.kindle.images', 'application/x-mobipocket-ebook' );
INSERT INTO files ( gid, file, mime ) VALUES ( '20700', 'http://www.gutenberg.org/ebooks/20700.kindle.noimages', 'application/x-mobipocket-ebook' );
INSERT INTO files ( gid, file, mime ) VALUES ( '20700', 'http://www.gutenberg.org/ebooks/20700.rdf', 'application/rdf+xml' );
INSERT INTO files ( gid, file, mime ) VALUES ( '20700', 'http://www.gutenberg.org/files/20700/20700-0.txt', 'text/plain; charset=utf-8' );
INSERT INTO files ( gid, file, mime ) VALUES ( '20700', 'http://www.gutenberg.org/files/20700/20700-0.zip', 'application/ziptext/plain; charset=utf-8' );
INSERT INTO files ( gid, file, mime ) VALUES ( '20700', 'http://www.gutenberg.org/files/20700/20700-8.txt', 'text/plain; charset=iso-8859-1' );
INSERT INTO files ( gid, file, mime ) VALUES ( '20700', 'http://www.gutenberg.org/files/20700/20700-8.zip', 'text/plain; charset=iso-8859-1application/zip' );
INSERT INTO titles ( gid, title, author, language, rights ) VALUES ( '20600', 'The Card, a Story of Adventure in the Five Towns', 'Bennett, Arnold', 'en', 'Public domain in the USA.' );
INSERT INTO classifications ( gid, classification ) VALUES ( '20600', 'PR' );
INSERT INTO subjects ( gid, subject ) VALUES ( '20600', 'City and town life -- Fiction' );
INSERT INTO subjects ( gid, subject ) VALUES ( '20600', 'Staffordshire (England) -- Fiction' );
INSERT INTO subjects ( gid, subject ) VALUES ( '20600', 'Adventure stories' );
INSERT INTO files ( gid, file, mime ) VALUES ( '20600', 'http://www.gutenberg.org/ebooks/20600.rdf', 'application/rdf+xml' );
INSERT INTO files ( gid, file, mime ) VALUES ( '20600', 'http://www.gutenberg.org/files/20600/20600-index.html', 'text/html' );
INSERT INTO files ( gid, file, mime ) VALUES ( '20600', 'http://www.gutenberg.org/files/20600/20600-m4b.zip', 'application/zipaudio/mp4' );
INSERT INTO files ( gid, file, mime ) VALUES ( '20600', 'http://www.gutenberg.org/files/20600/20600-mp3.zip', 'application/zipaudio/mpeg' );
INSERT INTO files ( gid, file, mime ) VALUES ( '20600', 'http://www.gutenberg.org/files/20600/20600-ogg.zip', 'audio/oggapplication/zip' );
INSERT INTO files ( gid, file, mime ) VALUES ( '20600', 'http://www.gutenberg.org/files/20600/20600-readme.txt', 'text/plain' );
INSERT INTO files ( gid, file, mime ) VALUES ( '20600', 'http://www.gutenberg.org/files/20600/20600-spx.zip', 'application/zipaudio/ogg' );
INSERT INTO files ( gid, file, mime ) VALUES ( '20600', 'http://www.gutenberg.org/files/20600/m4b/20600-01.m4b', 'audio/mp4' );
INSERT INTO files ( gid, file, mime ) VALUES ( '20600', 'http://www.gutenberg.org/files/20600/m4b/20600-02.m4b', 'audio/mp4' );
INSERT INTO files ( gid, file, mime ) VALUES ( '20600', 'http://www.gutenberg.org/files/20600/m4b/20600-03.m4b', 'audio/mp4' );
INSERT INTO files ( gid, file, mime ) VALUES ( '20600', 'http://www.gutenberg.org/files/20600/m4b/20600-04.m4b', 'audio/mp4' );
INSERT INTO files ( gid, file, mime ) VALUES ( '20600', 'http://www.gutenberg.org/files/20600/m4b/20600-05.m4b', 'audio/mp4' );
INSERT INTO files ( gid, file, mime ) VALUES ( '20600', 'http://www.gutenberg.org/files/20600/m4b/20600-06.m4b', 'audio/mp4' );
INSERT INTO files ( gid, file, mime ) VALUES ( '20600', 'http://www.gutenberg.org/files/20600/m4b/20600-07.m4b', 'audio/mp4' );
INSERT INTO files ( gid, file, mime ) VALUES ( '20600', 'http://www.gutenberg.org/files/20600/m4b/20600-08.m4b', 'audio/mp4' );
INSERT INTO files ( gid, file, mime ) VALUES ( '20600', 'http://www.gutenberg.org/files/20600/m4b/20600-09.m4b', 'audio/mp4' );
INSERT INTO files ( gid, file, mime ) VALUES ( '20600', 'http://www.gutenberg.org/files/20600/m4b/20600-10.m4b', 'audio/mp4' );
INSERT INTO files ( gid, file, mime ) VALUES ( '20600', 'http://www.gutenberg.org/files/20600/m4b/20600-11.m4b', 'audio/mp4' );
INSERT INTO files ( gid, file, mime ) VALUES ( '20600', 'http://www.gutenberg.org/files/20600/m4b/20600-12.m4b', 'audio/mp4' );
INSERT INTO files ( gid, file, mime ) VALUES ( '20600', 'http://www.gutenberg.org/files/20600/mp3/20600-01.mp3', 'audio/mpeg' );
INSERT INTO files ( gid, file, mime ) VALUES ( '20600', 'http://www.gutenberg.org/files/20600/mp3/20600-02.mp3', 'audio/mpeg' );
INSERT INTO files ( gid, file, mime ) VALUES ( '20600', 'http://www.gutenberg.org/files/20600/mp3/20600-03.mp3', 'audio/mpeg' );
INSERT INTO files ( gid, file, mime ) VALUES ( '20600', 'http://www.gutenberg.org/files/20600/mp3/20600-04.mp3', 'audio/mpeg' );
INSERT INTO files ( gid, file, mime ) VALUES ( '20600', 'http://www.gutenberg.org/files/20600/mp3/20600-05.mp3', 'audio/mpeg' );
INSERT INTO files ( gid, file, mime ) VALUES ( '20600', 'http://www.gutenberg.org/files/20600/mp3/20600-06.mp3', 'audio/mpeg' );
INSERT INTO files ( gid, file, mime ) VALUES ( '20600', 'http://www.gutenberg.org/files/20600/mp3/20600-07.mp3', 'audio/mpeg' );
INSERT INTO files ( gid, file, mime ) VALUES ( '20600', 'http://www.gutenberg.org/files/20600/mp3/20600-08.mp3', 'audio/mpeg' );
INSERT INTO files ( gid, file, mime ) VALUES ( '20600', 'http://www.gutenberg.org/files/20600/mp3/20600-09.mp3', 'audio/mpeg' );
INSERT INTO files ( gid, file, mime ) VALUES ( '20600', 'http://www.gutenberg.org/files/20600/mp3/20600-10.mp3', 'audio/mpeg' );
INSERT INTO files ( gid, file, mime ) VALUES ( '20600', 'http://www.gutenberg.org/files/20600/mp3/20600-11.mp3', 'audio/mpeg' );
INSERT INTO files ( gid, file, mime ) VALUES ( '20600', 'http://www.gutenberg.org/files/20600/mp3/20600-12.mp3', 'audio/mpeg' );
INSERT INTO files ( gid, file, mime ) VALUES ( '20600', 'http://www.gutenberg.org/files/20600/ogg/20600-01.ogg', 'audio/ogg' );
INSERT INTO files ( gid, file, mime ) VALUES ( '20600', 'http://www.gutenberg.org/files/20600/ogg/20600-02.ogg', 'audio/ogg' );
INSERT INTO files ( gid, file, mime ) VALUES ( '20600', 'http://www.gutenberg.org/files/20600/ogg/20600-03.ogg', 'audio/ogg' );
INSERT INTO files ( gid, file, mime ) VALUES ( '20600', 'http://www.gutenberg.org/files/20600/ogg/20600-04.ogg', 'audio/ogg' );
INSERT INTO files ( gid, file, mime ) VALUES ( '20600', 'http://www.gutenberg.org/files/20600/ogg/20600-05.ogg', 'audio/ogg' );
INSERT INTO files ( gid, file, mime ) VALUES ( '20600', 'http://www.gutenberg.org/files/20600/ogg/20600-06.ogg', 'audio/ogg' );
INSERT INTO files ( gid, file, mime ) VALUES ( '20600', 'http://www.gutenberg.org/files/20600/ogg/20600-07.ogg', 'audio/ogg' );
INSERT INTO files ( gid, file, mime ) VALUES ( '20600', 'http://www.gutenberg.org/files/20600/ogg/20600-08.ogg', 'audio/ogg' );
INSERT INTO files ( gid, file, mime ) VALUES ( '20600', 'http://www.gutenberg.org/files/20600/ogg/20600-09.ogg', 'audio/ogg' );
INSERT INTO files ( gid, file, mime ) VALUES ( '20600', 'http://www.gutenberg.org/files/20600/ogg/20600-10.ogg', 'audio/ogg' );
INSERT INTO files ( gid, file, mime ) VALUES ( '20600', 'http://www.gutenberg.org/files/20600/ogg/20600-11.ogg', 'audio/ogg' );
INSERT INTO files ( gid, file, mime ) VALUES ( '20600', 'http://www.gutenberg.org/files/20600/ogg/20600-12.ogg', 'audio/ogg' );
INSERT INTO files ( gid, file, mime ) VALUES ( '20600', 'http://www.gutenberg.org/files/20600/spx/20600-01.spx', 'audio/ogg' );
INSERT INTO files ( gid, file, mime ) VALUES ( '20600', 'http://www.gutenberg.org/files/20600/spx/20600-02.spx', 'audio/ogg' );
INSERT INTO files ( gid, file, mime ) VALUES ( '20600', 'http://www.gutenberg.org/files/20600/spx/20600-03.spx', 'audio/ogg' );
INSERT INTO files ( gid, file, mime ) VALUES ( '20600', 'http://www.gutenberg.org/files/20600/spx/20600-04.spx', 'audio/ogg' );
INSERT INTO files ( gid, file, mime ) VALUES ( '20600', 'http://www.gutenberg.org/files/20600/spx/20600-05.spx', 'audio/ogg' );
INSERT INTO files ( gid, file, mime ) VALUES ( '20600', 'http://www.gutenberg.org/files/20600/spx/20600-06.spx', 'audio/ogg' );
INSERT INTO files ( gid, file, mime ) VALUES ( '20600', 'http://www.gutenberg.org/files/20600/spx/20600-07.spx', 'audio/ogg' );
INSERT INTO files ( gid, file, mime ) VALUES ( '20600', 'http://www.gutenberg.org/files/20600/spx/20600-08.spx', 'audio/ogg' );
INSERT INTO files ( gid, file, mime ) VALUES ( '20600', 'http://www.gutenberg.org/files/20600/spx/20600-09.spx', 'audio/ogg' );
INSERT INTO files ( gid, file, mime ) VALUES ( '20600', 'http://www.gutenberg.org/files/20600/spx/20600-10.spx', 'audio/ogg' );
INSERT INTO files ( gid, file, mime ) VALUES ( '20600', 'http://www.gutenberg.org/files/20600/spx/20600-11.spx', 'audio/ogg' );
INSERT INTO files ( gid, file, mime ) VALUES ( '20600', 'http://www.gutenberg.org/files/20600/spx/20600-12.spx', 'audio/ogg' );
INSERT INTO titles ( gid, title, author, language, rights ) VALUES ( '20800', 'London Lectures of 1907', 'Besant, Annie', 'en', 'Public domain in the USA.' );
INSERT INTO classifications ( gid, classification ) VALUES ( '20800', 'BP' );
INSERT INTO subjects ( gid, subject ) VALUES ( '20800', 'Theosophy' );
INSERT INTO subjects ( gid, subject ) VALUES ( '20800', 'Religions' );
INSERT INTO files ( gid, file, mime ) VALUES ( '20800', 'http://www.gutenberg.org/ebooks/20800.epub.images', 'application/epub+zip' );
INSERT INTO files ( gid, file, mime ) VALUES ( '20800', 'http://www.gutenberg.org/ebooks/20800.epub.noimages', 'application/epub+zip' );
INSERT INTO files ( gid, file, mime ) VALUES ( '20800', 'http://www.gutenberg.org/ebooks/20800.kindle.images', 'application/x-mobipocket-ebook' );
INSERT INTO files ( gid, file, mime ) VALUES ( '20800', 'http://www.gutenberg.org/ebooks/20800.kindle.noimages', 'application/x-mobipocket-ebook' );
INSERT INTO files ( gid, file, mime ) VALUES ( '20800', 'http://www.gutenberg.org/ebooks/20800.rdf', 'application/rdf+xml' );
INSERT INTO files ( gid, file, mime ) VALUES ( '20800', 'http://www.gutenberg.org/files/20800/20800-0.txt', 'text/plain; charset=utf-8' );
INSERT INTO files ( gid, file, mime ) VALUES ( '20800', 'http://www.gutenberg.org/files/20800/20800-0.zip', 'application/ziptext/plain; charset=utf-8' );
INSERT INTO files ( gid, file, mime ) VALUES ( '20800', 'http://www.gutenberg.org/files/20800/20800-8.txt', 'text/plain; charset=iso-8859-1' );
INSERT INTO files ( gid, file, mime ) VALUES ( '20800', 'http://www.gutenberg.org/files/20800/20800-8.zip', 'text/plain; charset=iso-8859-1application/zip' );
INSERT INTO files ( gid, file, mime ) VALUES ( '20800', 'http://www.gutenberg.org/files/20800/20800-h.zip', 'text/html; charset=iso-8859-1application/zip' );
INSERT INTO files ( gid, file, mime ) VALUES ( '20800', 'http://www.gutenberg.org/files/20800/20800-h/20800-h.htm', 'text/html; charset=iso-8859-1' );
INSERT INTO files ( gid, file, mime ) VALUES ( '20800', 'http://www.gutenberg.org/files/20800/20800-page-images.zip', 'application/zipapplication/octet-stream' );
INSERT INTO files ( gid, file, mime ) VALUES ( '20800', 'http://www.gutenberg.org/files/20800/20800.txt', 'text/plain; charset=us-ascii' );
INSERT INTO files ( gid, file, mime ) VALUES ( '20800', 'http://www.gutenberg.org/files/20800/20800.zip', 'application/ziptext/plain; charset=us-ascii' );
INSERT INTO titles ( gid, title, author, language, rights ) VALUES ( '20900', 'English Past and Present', 'Trench, Richard Chenevix', 'en', 'Public domain in the USA.' );
INSERT INTO classifications ( gid, classification ) VALUES ( '20900', 'PE' );
INSERT INTO subjects ( gid, subject ) VALUES ( '20900', 'English language -- History' );
INSERT INTO files ( gid, file, mime ) VALUES ( '20900', 'http://www.gutenberg.org/ebooks/20900.epub.images', 'application/epub+zip' );
INSERT INTO files ( gid, file, mime ) VALUES ( '20900', 'http://www.gutenberg.org/ebooks/20900.epub.noimages', 'application/epub+zip' );
INSERT INTO files ( gid, file, mime ) VALUES ( '20900', 'http://www.gutenberg.org/ebooks/20900.kindle.images', 'application/x-mobipocket-ebook' );
INSERT INTO files ( gid, file, mime ) VALUES ( '20900', 'http://www.gutenberg.org/ebooks/20900.kindle.noimages', 'application/x-mobipocket-ebook' );
INSERT INTO files ( gid, file, mime ) VALUES ( '20900', 'http://www.gutenberg.org/ebooks/20900.rdf', 'application/rdf+xml' );
INSERT INTO files ( gid, file, mime ) VALUES ( '20900', 'http://www.gutenberg.org/files/20900/20900-0.txt', 'text/plain; charset=utf-8' );
INSERT INTO files ( gid, file, mime ) VALUES ( '20900', 'http://www.gutenberg.org/files/20900/20900-0.zip', 'text/plain; charset=utf-8application/zip' );
INSERT INTO files ( gid, file, mime ) VALUES ( '20900', 'http://www.gutenberg.org/files/20900/20900-8.txt', 'text/plain; charset=iso-8859-1' );
INSERT INTO files ( gid, file, mime ) VALUES ( '20900', 'http://www.gutenberg.org/files/20900/20900-8.zip', 'text/plain; charset=iso-8859-1application/zip' );
INSERT INTO files ( gid, file, mime ) VALUES ( '20900', 'http://www.gutenberg.org/files/20900/20900-h.zip', 'text/html; charset=utf-8application/zip' );
INSERT INTO files ( gid, file, mime ) VALUES ( '20900', 'http://www.gutenberg.org/files/20900/20900-h/20900-h.htm', 'text/html; charset=utf-8' );
INSERT INTO files ( gid, file, mime ) VALUES ( '20900', 'http://www.gutenberg.org/files/20900/20900.txt', 'text/plain; charset=us-ascii' );
INSERT INTO files ( gid, file, mime ) VALUES ( '20900', 'http://www.gutenberg.org/files/20900/20900.zip', 'application/ziptext/plain; charset=us-ascii' );
INSERT INTO titles ( gid, title, author, language, rights ) VALUES ( '21000', 'Faust: Eine Tragödie', 'Goethe, Johann Wolfgang von', 'de', 'Public domain in the USA.' );
INSERT INTO classifications ( gid, classification ) VALUES ( '21000', 'PT' );
INSERT INTO subjects ( gid, subject ) VALUES ( '21000', 'Faust, -approximately 1540 -- Drama' );
INSERT INTO subjects ( gid, subject ) VALUES ( '21000', 'Legends -- Germany -- Drama' );
INSERT INTO subjects ( gid, subject ) VALUES ( '21000', 'Magicians -- Drama' );
INSERT INTO subjects ( gid, subject ) VALUES ( '21000', 'German poetry' );
INSERT INTO files ( gid, file, mime ) VALUES ( '21000', 'http://www.gutenberg.org/ebooks/21000.epub.images', 'application/epub+zip' );
INSERT INTO files ( gid, file, mime ) VALUES ( '21000', 'http://www.gutenberg.org/ebooks/21000.epub.noimages', 'application/epub+zip' );
INSERT INTO files ( gid, file, mime ) VALUES ( '21000', 'http://www.gutenberg.org/ebooks/21000.kindle.images', 'application/x-mobipocket-ebook' );
INSERT INTO files ( gid, file, mime ) VALUES ( '21000', 'http://www.gutenberg.org/ebooks/21000.kindle.noimages', 'application/x-mobipocket-ebook' );
INSERT INTO files ( gid, file, mime ) VALUES ( '21000', 'http://www.gutenberg.org/ebooks/21000.rdf', 'application/rdf+xml' );
INSERT INTO files ( gid, file, mime ) VALUES ( '21000', 'http://www.gutenberg.org/files/21000/21000-0.txt', 'text/plain; charset=utf-8' );
INSERT INTO files ( gid, file, mime ) VALUES ( '21000', 'http://www.gutenberg.org/files/21000/21000-0.zip', 'text/plain; charset=utf-8application/zip' );
INSERT INTO files ( gid, file, mime ) VALUES ( '21000', 'http://www.gutenberg.org/files/21000/21000-8.txt', 'text/plain; charset=iso-8859-1' );
INSERT INTO files ( gid, file, mime ) VALUES ( '21000', 'http://www.gutenberg.org/files/21000/21000-8.zip', 'text/plain; charset=iso-8859-1application/zip' );
INSERT INTO files ( gid, file, mime ) VALUES ( '21000', 'http://www.gutenberg.org/files/21000/21000-h.zip', 'application/ziptext/html' );
INSERT INTO files ( gid, file, mime ) VALUES ( '21000', 'http://www.gutenberg.org/files/21000/21000-h/21000-h.htm', 'text/html' );
INSERT INTO titles ( gid, title, author, language, rights ) VALUES ( '2100', 'Bibeln, Gamla och Nya Testamentet', '', 'sv', 'Public domain in the USA.' );
INSERT INTO classifications ( gid, classification ) VALUES ( '2100', 'BS' );
INSERT INTO subjects ( gid, subject ) VALUES ( '2100', 'Bible' );
INSERT INTO files ( gid, file, mime ) VALUES ( '2100', 'http://www.gutenberg.org/ebooks/2100.epub.images', 'application/epub+zip' );
INSERT INTO files ( gid, file, mime ) VALUES ( '2100', 'http://www.gutenberg.org/ebooks/2100.epub.noimages', 'application/epub+zip' );
INSERT INTO files ( gid, file, mime ) VALUES ( '2100', 'http://www.gutenberg.org/ebooks/2100.html.images', 'text/html' );
INSERT INTO files ( gid, file, mime ) VALUES ( '2100', 'http://www.gutenberg.org/ebooks/2100.html.noimages', 'text/html' );
INSERT INTO files ( gid, file, mime ) VALUES ( '2100', 'http://www.gutenberg.org/ebooks/2100.kindle.images', 'application/x-mobipocket-ebook' );
INSERT INTO files ( gid, file, mime ) VALUES ( '2100', 'http://www.gutenberg.org/ebooks/2100.kindle.noimages', 'application/x-mobipocket-ebook' );
INSERT INTO files ( gid, file, mime ) VALUES ( '2100', 'http://www.gutenberg.org/ebooks/2100.rdf', 'application/rdf+xml' );
INSERT INTO files ( gid, file, mime ) VALUES ( '2100', 'http://www.gutenberg.org/ebooks/2100.txt.utf-8', 'text/plain' );
INSERT INTO files ( gid, file, mime ) VALUES ( '2100', 'http://www.gutenberg.org/files/2100/2100-8.txt', 'text/plain; charset=iso-8859-1' );
INSERT INTO files ( gid, file, mime ) VALUES ( '2100', 'http://www.gutenberg.org/files/2100/2100-8.zip', 'application/ziptext/plain; charset=iso-8859-1' );
INSERT INTO titles ( gid, title, author, language, rights ) VALUES ( '21100', 'Titus Andronicus', 'Shakespeare, William', 'fi', 'Public domain in the USA.' );
INSERT INTO classifications ( gid, classification ) VALUES ( '21100', 'PR' );
INSERT INTO subjects ( gid, subject ) VALUES ( '21100', 'Generals -- Drama' );
INSERT INTO subjects ( gid, subject ) VALUES ( '21100', 'Andronicus, Titus (Legendary character) -- Drama' );
INSERT INTO subjects ( gid, subject ) VALUES ( '21100', 'Rome -- History -- Germanic invasions, 3rd-6th centuries -- Drama' );
INSERT INTO subjects ( gid, subject ) VALUES ( '21100', 'Historical drama' );
INSERT INTO subjects ( gid, subject ) VALUES ( '21100', 'Tragedies' );
INSERT INTO subjects ( gid, subject ) VALUES ( '21100', 'Goths -- Drama' );
INSERT INTO files ( gid, file, mime ) VALUES ( '21100', 'http://www.gutenberg.org/ebooks/21100.epub.images', 'application/epub+zip' );
INSERT INTO files ( gid, file, mime ) VALUES ( '21100', 'http://www.gutenberg.org/ebooks/21100.epub.noimages', 'application/epub+zip' );
INSERT INTO files ( gid, file, mime ) VALUES ( '21100', 'http://www.gutenberg.org/ebooks/21100.html.images', 'text/html' );
INSERT INTO files ( gid, file, mime ) VALUES ( '21100', 'http://www.gutenberg.org/ebooks/21100.html.noimages', 'text/html' );
INSERT INTO files ( gid, file, mime ) VALUES ( '21100', 'http://www.gutenberg.org/ebooks/21100.kindle.images', 'application/x-mobipocket-ebook' );
INSERT INTO files ( gid, file, mime ) VALUES ( '21100', 'http://www.gutenberg.org/ebooks/21100.kindle.noimages', 'application/x-mobipocket-ebook' );
INSERT INTO files ( gid, file, mime ) VALUES ( '21100', 'http://www.gutenberg.org/ebooks/21100.rdf', 'application/rdf+xml' );
INSERT INTO files ( gid, file, mime ) VALUES ( '21100', 'http://www.gutenberg.org/ebooks/21100.txt.utf-8', 'text/plain' );
INSERT INTO files ( gid, file, mime ) VALUES ( '21100', 'http://www.gutenberg.org/files/21100/21100-8.txt', 'text/plain; charset=iso-8859-1' );
INSERT INTO files ( gid, file, mime ) VALUES ( '21100', 'http://www.gutenberg.org/files/21100/21100-8.zip', 'application/ziptext/plain; charset=iso-8859-1' );
INSERT INTO titles ( gid, title, author, language, rights ) VALUES ( '21200', 'The Letters of Cicero, Volume 1 The Whole Extant Correspodence in Chronological Order', 'Cicero, Marcus Tullius', 'en', 'Public domain in the USA.' );
INSERT INTO classifications ( gid, classification ) VALUES ( '21200', 'PA' );
INSERT INTO subjects ( gid, subject ) VALUES ( '21200', 'Statesmen -- Rome -- Correspondence' );
INSERT INTO subjects ( gid, subject ) VALUES ( '21200', 'Cicero, Marcus Tullius -- Correspondence' );
INSERT INTO subjects ( gid, subject ) VALUES ( '21200', 'Authors, Latin -- Correspondence' );
INSERT INTO files ( gid, file, mime ) VALUES ( '21200', 'http://www.gutenberg.org/ebooks/21200.epub.images', 'application/epub+zip' );
INSERT INTO files ( gid, file, mime ) VALUES ( '21200', 'http://www.gutenberg.org/ebooks/21200.epub.noimages', 'application/epub+zip' );
INSERT INTO files ( gid, file, mime ) VALUES ( '21200', 'http://www.gutenberg.org/ebooks/21200.kindle.images', 'application/x-mobipocket-ebook' );
INSERT INTO files ( gid, file, mime ) VALUES ( '21200', 'http://www.gutenberg.org/ebooks/21200.kindle.noimages', 'application/x-mobipocket-ebook' );
INSERT INTO files ( gid, file, mime ) VALUES ( '21200', 'http://www.gutenberg.org/ebooks/21200.rdf', 'application/rdf+xml' );
INSERT INTO files ( gid, file, mime ) VALUES ( '21200', 'http://www.gutenberg.org/files/21200/21200-0.txt', 'text/plain; charset=utf-8' );
INSERT INTO files ( gid, file, mime ) VALUES ( '21200', 'http://www.gutenberg.org/files/21200/21200-0.zip', 'application/ziptext/plain; charset=utf-8' );
INSERT INTO files ( gid, file, mime ) VALUES ( '21200', 'http://www.gutenberg.org/files/21200/21200-8.txt', 'text/plain; charset=iso-8859-1' );
INSERT INTO files ( gid, file, mime ) VALUES ( '21200', 'http://www.gutenberg.org/files/21200/21200-8.zip', 'application/ziptext/plain; charset=iso-8859-1' );
INSERT INTO files ( gid, file, mime ) VALUES ( '21200', 'http://www.gutenberg.org/files/21200/21200-h.zip', 'application/ziptext/html; charset=iso-8859-1' );
INSERT INTO files ( gid, file, mime ) VALUES ( '21200', 'http://www.gutenberg.org/files/21200/21200-h/21200-h.htm', 'text/html; charset=iso-8859-1' );
INSERT INTO files ( gid, file, mime ) VALUES ( '21200', 'http://www.gutenberg.org/files/21200/21200.txt', 'text/plain; charset=us-ascii' );
INSERT INTO files ( gid, file, mime ) VALUES ( '21200', 'http://www.gutenberg.org/files/21200/21200.zip', 'application/ziptext/plain; charset=us-ascii' );
INSERT INTO titles ( gid, title, author, language, rights ) VALUES ( '7900', 'The Principal Navigations, Voyages, Traffiques and Discoveries of the English Nation — Volume 05 Central and Southern Europe', 'Hakluyt, Richard', 'en', 'Public domain in the USA.' );
INSERT INTO classifications ( gid, classification ) VALUES ( '7900', 'G' );
INSERT INTO subjects ( gid, subject ) VALUES ( '7900', 'Discoveries in geography -- English' );
INSERT INTO subjects ( gid, subject ) VALUES ( '7900', 'Voyages and travels' );
INSERT INTO files ( gid, file, mime ) VALUES ( '7900', 'http://www.gutenberg.org/ebooks/7900.epub.images', 'application/epub+zip' );
INSERT INTO files ( gid, file, mime ) VALUES ( '7900', 'http://www.gutenberg.org/ebooks/7900.epub.noimages', 'application/epub+zip' );
INSERT INTO files ( gid, file, mime ) VALUES ( '7900', 'http://www.gutenberg.org/ebooks/7900.html.images', 'text/html' );
INSERT INTO files ( gid, file, mime ) VALUES ( '7900', 'http://www.gutenberg.org/ebooks/7900.html.noimages', 'text/html' );
INSERT INTO files ( gid, file, mime ) VALUES ( '7900', 'http://www.gutenberg.org/ebooks/7900.kindle.images', 'application/x-mobipocket-ebook' );
INSERT INTO files ( gid, file, mime ) VALUES ( '7900', 'http://www.gutenberg.org/ebooks/7900.kindle.noimages', 'application/x-mobipocket-ebook' );
INSERT INTO files ( gid, file, mime ) VALUES ( '7900', 'http://www.gutenberg.org/ebooks/7900.rdf', 'application/rdf+xml' );
INSERT INTO files ( gid, file, mime ) VALUES ( '7900', 'http://www.gutenberg.org/ebooks/7900.txt.utf-8', 'text/plain' );
INSERT INTO files ( gid, file, mime ) VALUES ( '7900', 'http://www.gutenberg.org/files/7900/7900-8.txt', 'text/plain; charset=iso-8859-1' );
INSERT INTO files ( gid, file, mime ) VALUES ( '7900', 'http://www.gutenberg.org/files/7900/7900-8.zip', 'application/ziptext/plain; charset=iso-8859-1' );
INSERT INTO titles ( gid, title, author, language, rights ) VALUES ( '8000', 'The Slave Trade, Domestic and Foreign Why It Exists, and How It May Be Extinguished', 'Carey, Henry Charles', 'en', 'Public domain in the USA.' );
INSERT INTO classifications ( gid, classification ) VALUES ( '8000', 'HF' );
INSERT INTO subjects ( gid, subject ) VALUES ( '8000', 'Labor' );
INSERT INTO subjects ( gid, subject ) VALUES ( '8000', 'Working class' );
INSERT INTO subjects ( gid, subject ) VALUES ( '8000', 'Tariff -- United States' );
INSERT INTO subjects ( gid, subject ) VALUES ( '8000', 'Slave trade' );
INSERT INTO subjects ( gid, subject ) VALUES ( '8000', 'Slavery' );
INSERT INTO subjects ( gid, subject ) VALUES ( '8000', 'Slavery -- United States' );
INSERT INTO files ( gid, file, mime ) VALUES ( '8000', 'http://www.gutenberg.org/ebooks/8000.epub.images', 'application/epub+zip' );
INSERT INTO files ( gid, file, mime ) VALUES ( '8000', 'http://www.gutenberg.org/ebooks/8000.epub.noimages', 'application/epub+zip' );
INSERT INTO files ( gid, file, mime ) VALUES ( '8000', 'http://www.gutenberg.org/ebooks/8000.html.images', 'text/html' );
INSERT INTO files ( gid, file, mime ) VALUES ( '8000', 'http://www.gutenberg.org/ebooks/8000.html.noimages', 'text/html' );
INSERT INTO files ( gid, file, mime ) VALUES ( '8000', 'http://www.gutenberg.org/ebooks/8000.kindle.images', 'application/x-mobipocket-ebook' );
INSERT INTO files ( gid, file, mime ) VALUES ( '8000', 'http://www.gutenberg.org/ebooks/8000.kindle.noimages', 'application/x-mobipocket-ebook' );
INSERT INTO files ( gid, file, mime ) VALUES ( '8000', 'http://www.gutenberg.org/ebooks/8000.rdf', 'application/rdf+xml' );
INSERT INTO files ( gid, file, mime ) VALUES ( '8000', 'http://www.gutenberg.org/ebooks/8000.txt.utf-8', 'text/plain' );
INSERT INTO files ( gid, file, mime ) VALUES ( '8000', 'http://www.gutenberg.org/files/8000/8000-8.txt', 'text/plain; charset=iso-8859-1' );
INSERT INTO files ( gid, file, mime ) VALUES ( '8000', 'http://www.gutenberg.org/files/8000/8000-8.zip', 'text/plain; charset=iso-8859-1application/zip' );
INSERT INTO titles ( gid, title, author, language, rights ) VALUES ( '800', 'Le tour du monde en quatre-vingts jours', 'Verne, Jules', 'fr', 'Public domain in the USA.' );
INSERT INTO classifications ( gid, classification ) VALUES ( '800', 'PQ' );
INSERT INTO subjects ( gid, subject ) VALUES ( '800', 'Voyages around the world -- Fiction' );
INSERT INTO subjects ( gid, subject ) VALUES ( '800', 'Adventure stories' );
INSERT INTO files ( gid, file, mime ) VALUES ( '800', 'http://www.gutenberg.org/ebooks/800.epub.images', 'application/epub+zip' );
INSERT INTO files ( gid, file, mime ) VALUES ( '800', 'http://www.gutenberg.org/ebooks/800.epub.noimages', 'application/epub+zip' );
INSERT INTO files ( gid, file, mime ) VALUES ( '800', 'http://www.gutenberg.org/ebooks/800.html.images', 'text/html' );
INSERT INTO files ( gid, file, mime ) VALUES ( '800', 'http://www.gutenberg.org/ebooks/800.html.noimages', 'text/html' );
INSERT INTO files ( gid, file, mime ) VALUES ( '800', 'http://www.gutenberg.org/ebooks/800.kindle.images', 'application/x-mobipocket-ebook' );
INSERT INTO files ( gid, file, mime ) VALUES ( '800', 'http://www.gutenberg.org/ebooks/800.kindle.noimages', 'application/x-mobipocket-ebook' );
INSERT INTO files ( gid, file, mime ) VALUES ( '800', 'http://www.gutenberg.org/ebooks/800.rdf', 'application/rdf+xml' );
INSERT INTO files ( gid, file, mime ) VALUES ( '800', 'http://www.gutenberg.org/ebooks/800.txt.utf-8', 'text/plain' );
INSERT INTO files ( gid, file, mime ) VALUES ( '800', 'http://www.gutenberg.org/files/800/800-8.txt', 'text/plain; charset=iso-8859-1' );
INSERT INTO files ( gid, file, mime ) VALUES ( '800', 'http://www.gutenberg.org/files/800/800-8.zip', 'text/plain; charset=iso-8859-1application/zip' );
INSERT INTO titles ( gid, title, author, language, rights ) VALUES ( '8100', 'Reize naar Surinamen en door de binnenste gedeelten van Guiana — Compleet', 'Stedman, John Gabriel', 'nl', 'Public domain in the USA.' );
INSERT INTO subjects ( gid, subject ) VALUES ( '8100', 'F2351' );
INSERT INTO subjects ( gid, subject ) VALUES ( '8100', 'Suriname -- History -- To 1814' );
INSERT INTO subjects ( gid, subject ) VALUES ( '8100', 'Slavery -- Suriname' );
INSERT INTO subjects ( gid, subject ) VALUES ( '8100', 'Suriname -- Description and travel' );
INSERT INTO files ( gid, file, mime ) VALUES ( '8100', 'http://www.gutenberg.org/ebooks/8100.epub.images', 'application/epub+zip' );
INSERT INTO files ( gid, file, mime ) VALUES ( '8100', 'http://www.gutenberg.org/ebooks/8100.epub.noimages', 'application/epub+zip' );
INSERT INTO files ( gid, file, mime ) VALUES ( '8100', 'http://www.gutenberg.org/ebooks/8100.html.images', 'text/html' );
INSERT INTO files ( gid, file, mime ) VALUES ( '8100', 'http://www.gutenberg.org/ebooks/8100.html.noimages', 'text/html' );
INSERT INTO files ( gid, file, mime ) VALUES ( '8100', 'http://www.gutenberg.org/ebooks/8100.kindle.images', 'application/x-mobipocket-ebook' );
INSERT INTO files ( gid, file, mime ) VALUES ( '8100', 'http://www.gutenberg.org/ebooks/8100.kindle.noimages', 'application/x-mobipocket-ebook' );
INSERT INTO files ( gid, file, mime ) VALUES ( '8100', 'http://www.gutenberg.org/ebooks/8100.rdf', 'application/rdf+xml' );
INSERT INTO files ( gid, file, mime ) VALUES ( '8100', 'http://www.gutenberg.org/ebooks/8100.txt.utf-8', 'text/plain' );
INSERT INTO files ( gid, file, mime ) VALUES ( '8100', 'http://www.gutenberg.org/files/8100/8100-8.txt', 'text/plain; charset=iso-8859-1' );
INSERT INTO files ( gid, file, mime ) VALUES ( '8100', 'http://www.gutenberg.org/files/8100/8100-8.zip', 'text/plain; charset=iso-8859-1application/zip' );
INSERT INTO titles ( gid, title, author, language, rights ) VALUES ( '8200', 'Expositions of Holy Scripture: St. Luke', 'Maclaren, Alexander', 'en', 'Public domain in the USA.' );
INSERT INTO classifications ( gid, classification ) VALUES ( '8200', 'BS' );
INSERT INTO subjects ( gid, subject ) VALUES ( '8200', 'Bible. Luke -- Commentaries' );
INSERT INTO files ( gid, file, mime ) VALUES ( '8200', 'http://www.gutenberg.org/ebooks/8200.epub.images', 'application/epub+zip' );
INSERT INTO files ( gid, file, mime ) VALUES ( '8200', 'http://www.gutenberg.org/ebooks/8200.epub.noimages', 'application/epub+zip' );
INSERT INTO files ( gid, file, mime ) VALUES ( '8200', 'http://www.gutenberg.org/ebooks/8200.html.images', 'text/html' );
INSERT INTO files ( gid, file, mime ) VALUES ( '8200', 'http://www.gutenberg.org/ebooks/8200.html.noimages', 'text/html' );
INSERT INTO files ( gid, file, mime ) VALUES ( '8200', 'http://www.gutenberg.org/ebooks/8200.kindle.images', 'application/x-mobipocket-ebook' );
INSERT INTO files ( gid, file, mime ) VALUES ( '8200', 'http://www.gutenberg.org/ebooks/8200.kindle.noimages', 'application/x-mobipocket-ebook' );
INSERT INTO files ( gid, file, mime ) VALUES ( '8200', 'http://www.gutenberg.org/ebooks/8200.rdf', 'application/rdf+xml' );
INSERT INTO files ( gid, file, mime ) VALUES ( '8200', 'http://www.gutenberg.org/ebooks/8200.txt.utf-8', 'text/plain' );
INSERT INTO files ( gid, file, mime ) VALUES ( '8200', 'http://www.gutenberg.org/files/8200/8200-8.txt', 'text/plain; charset=iso-8859-1' );
INSERT INTO files ( gid, file, mime ) VALUES ( '8200', 'http://www.gutenberg.org/files/8200/8200-8.zip', 'application/ziptext/plain; charset=iso-8859-1' );
INSERT INTO files ( gid, file, mime ) VALUES ( '8200', 'http://www.gutenberg.org/files/8200/8200.txt', 'text/plain; charset=us-ascii' );
INSERT INTO files ( gid, file, mime ) VALUES ( '8200', 'http://www.gutenberg.org/files/8200/8200.zip', 'text/plain; charset=us-asciiapplication/zip' );
INSERT INTO titles ( gid, title, author, language, rights ) VALUES ( '8300', 'The Bible, Douay-Rheims, Complete The Challoner Revision', '', 'en', 'Public domain in the USA.' );
INSERT INTO classifications ( gid, classification ) VALUES ( '8300', 'BS' );
INSERT INTO subjects ( gid, subject ) VALUES ( '8300', 'Bible' );
INSERT INTO files ( gid, file, mime ) VALUES ( '8300', 'http://www.gutenberg.org/ebooks/8300.epub.images', 'application/epub+zip' );
INSERT INTO files ( gid, file, mime ) VALUES ( '8300', 'http://www.gutenberg.org/ebooks/8300.epub.noimages', 'application/epub+zip' );
INSERT INTO files ( gid, file, mime ) VALUES ( '8300', 'http://www.gutenberg.org/ebooks/8300.kindle.images', 'application/x-mobipocket-ebook' );
INSERT INTO files ( gid, file, mime ) VALUES ( '8300', 'http://www.gutenberg.org/ebooks/8300.kindle.noimages', 'application/x-mobipocket-ebook' );
INSERT INTO files ( gid, file, mime ) VALUES ( '8300', 'http://www.gutenberg.org/ebooks/8300.rdf', 'application/rdf+xml' );
INSERT INTO files ( gid, file, mime ) VALUES ( '8300', 'http://www.gutenberg.org/ebooks/8300.txt.utf-8', 'text/plain' );
INSERT INTO files ( gid, file, mime ) VALUES ( '8300', 'http://www.gutenberg.org/files/8300/8300-8.txt', 'text/plain; charset=us-ascii' );
INSERT INTO files ( gid, file, mime ) VALUES ( '8300', 'http://www.gutenberg.org/files/8300/8300-8.zip', 'text/plain; charset=us-asciiapplication/zip' );
INSERT INTO files ( gid, file, mime ) VALUES ( '8300', 'http://www.gutenberg.org/files/8300/8300-h.zip', 'text/html; charset=iso-8859-1application/zip' );
INSERT INTO files ( gid, file, mime ) VALUES ( '8300', 'http://www.gutenberg.org/files/8300/8300-h/8300-h.htm', 'text/html; charset=iso-8859-1' );
INSERT INTO titles ( gid, title, author, language, rights ) VALUES ( '8400', 'Selections from Erasmus: Principally from his Epistles', 'Erasmus, Desiderius', 'en', 'Public domain in the USA.' );
INSERT INTO classifications ( gid, classification ) VALUES ( '8400', 'PA' );
INSERT INTO subjects ( gid, subject ) VALUES ( '8400', 'Theologians -- Correspondence' );
INSERT INTO subjects ( gid, subject ) VALUES ( '8400', 'Erasmus, Desiderius, -1536' );
INSERT INTO files ( gid, file, mime ) VALUES ( '8400', 'http://www.gutenberg.org/ebooks/8400.epub.images', 'application/epub+zip' );
INSERT INTO files ( gid, file, mime ) VALUES ( '8400', 'http://www.gutenberg.org/ebooks/8400.epub.noimages', 'application/epub+zip' );
INSERT INTO files ( gid, file, mime ) VALUES ( '8400', 'http://www.gutenberg.org/ebooks/8400.html.images', 'text/html' );
INSERT INTO files ( gid, file, mime ) VALUES ( '8400', 'http://www.gutenberg.org/ebooks/8400.html.noimages', 'text/html' );
INSERT INTO files ( gid, file, mime ) VALUES ( '8400', 'http://www.gutenberg.org/ebooks/8400.kindle.images', 'application/x-mobipocket-ebook' );
INSERT INTO files ( gid, file, mime ) VALUES ( '8400', 'http://www.gutenberg.org/ebooks/8400.kindle.noimages', 'application/x-mobipocket-ebook' );
INSERT INTO files ( gid, file, mime ) VALUES ( '8400', 'http://www.gutenberg.org/ebooks/8400.rdf', 'application/rdf+xml' );
INSERT INTO files ( gid, file, mime ) VALUES ( '8400', 'http://www.gutenberg.org/ebooks/8400.txt.utf-8', 'text/plain' );
INSERT INTO files ( gid, file, mime ) VALUES ( '8400', 'http://www.gutenberg.org/files/8400/8400-8.txt', 'text/plain; charset=iso-8859-1' );
INSERT INTO files ( gid, file, mime ) VALUES ( '8400', 'http://www.gutenberg.org/files/8400/8400-8.zip', 'text/plain; charset=iso-8859-1application/zip' );
INSERT INTO titles ( gid, title, author, language, rights ) VALUES ( '8500', 'Plays: Comrades; Facing Death; Pariah; Easter', 'Strindberg, August', 'en', 'Public domain in the USA.' );
INSERT INTO classifications ( gid, classification ) VALUES ( '8500', 'PT' );
INSERT INTO subjects ( gid, subject ) VALUES ( '8500', 'Strindberg, August, 1849-1912 -- Translations into English' );
INSERT INTO subjects ( gid, subject ) VALUES ( '8500', 'Drama' );
INSERT INTO files ( gid, file, mime ) VALUES ( '8500', 'http://www.gutenberg.org/ebooks/8500.epub.images', 'application/epub+zip' );
INSERT INTO files ( gid, file, mime ) VALUES ( '8500', 'http://www.gutenberg.org/ebooks/8500.epub.noimages', 'application/epub+zip' );
INSERT INTO files ( gid, file, mime ) VALUES ( '8500', 'http://www.gutenberg.org/ebooks/8500.kindle.images', 'application/x-mobipocket-ebook' );
INSERT INTO files ( gid, file, mime ) VALUES ( '8500', 'http://www.gutenberg.org/ebooks/8500.kindle.noimages', 'application/x-mobipocket-ebook' );
INSERT INTO files ( gid, file, mime ) VALUES ( '8500', 'http://www.gutenberg.org/ebooks/8500.rdf', 'application/rdf+xml' );
INSERT INTO files ( gid, file, mime ) VALUES ( '8500', 'http://www.gutenberg.org/ebooks/8500.txt.utf-8', 'text/plain' );
INSERT INTO files ( gid, file, mime ) VALUES ( '8500', 'http://www.gutenberg.org/files/8500/8500-8.txt', 'text/plain; charset=iso-8859-1' );
INSERT INTO files ( gid, file, mime ) VALUES ( '8500', 'http://www.gutenberg.org/files/8500/8500-8.zip', 'text/plain; charset=iso-8859-1application/zip' );
INSERT INTO files ( gid, file, mime ) VALUES ( '8500', 'http://www.gutenberg.org/files/8500/8500-h.zip', 'application/ziptext/html; charset=iso-8859-1' );
INSERT INTO files ( gid, file, mime ) VALUES ( '8500', 'http://www.gutenberg.org/files/8500/8500-h/8500-h.htm', 'text/html; charset=iso-8859-1' );
INSERT INTO files ( gid, file, mime ) VALUES ( '8500', 'http://www.gutenberg.org/files/8500/8500.txt', 'text/plain; charset=us-ascii' );
INSERT INTO files ( gid, file, mime ) VALUES ( '8500', 'http://www.gutenberg.org/files/8500/8500.zip', 'application/ziptext/plain; charset=us-ascii' );
INSERT INTO titles ( gid, title, author, language, rights ) VALUES ( '8600', 'L''Assommoir', 'Zola, Émile', 'en', 'Public domain in the USA.' );
INSERT INTO classifications ( gid, classification ) VALUES ( '8600', 'PQ' );
INSERT INTO subjects ( gid, subject ) VALUES ( '8600', 'Domestic fiction' );
INSERT INTO subjects ( gid, subject ) VALUES ( '8600', 'Working class women -- Fiction' );
INSERT INTO subjects ( gid, subject ) VALUES ( '8600', 'Married women -- Fiction' );
INSERT INTO subjects ( gid, subject ) VALUES ( '8600', 'Paris (France) -- Fiction' );
INSERT INTO files ( gid, file, mime ) VALUES ( '8600', 'http://www.gutenberg.org/ebooks/8600.epub.images', 'application/epub+zip' );
INSERT INTO files ( gid, file, mime ) VALUES ( '8600', 'http://www.gutenberg.org/ebooks/8600.epub.noimages', 'application/epub+zip' );
INSERT INTO files ( gid, file, mime ) VALUES ( '8600', 'http://www.gutenberg.org/ebooks/8600.kindle.images', 'application/x-mobipocket-ebook' );
INSERT INTO files ( gid, file, mime ) VALUES ( '8600', 'http://www.gutenberg.org/ebooks/8600.kindle.noimages', 'application/x-mobipocket-ebook' );
INSERT INTO files ( gid, file, mime ) VALUES ( '8600', 'http://www.gutenberg.org/ebooks/8600.rdf', 'application/rdf+xml' );
INSERT INTO files ( gid, file, mime ) VALUES ( '8600', 'http://www.gutenberg.org/ebooks/8600.txt.utf-8', 'text/plain' );
INSERT INTO files ( gid, file, mime ) VALUES ( '8600', 'http://www.gutenberg.org/files/8600/8600-h.zip', 'text/html; charset=us-asciiapplication/zip' );
INSERT INTO files ( gid, file, mime ) VALUES ( '8600', 'http://www.gutenberg.org/files/8600/8600-h/8600-h.htm', 'text/html; charset=us-ascii' );
INSERT INTO files ( gid, file, mime ) VALUES ( '8600', 'http://www.gutenberg.org/files/8600/8600.txt', 'text/plain; charset=us-ascii' );
INSERT INTO files ( gid, file, mime ) VALUES ( '8600', 'http://www.gutenberg.org/files/8600/8600.zip', 'text/plain; charset=us-asciiapplication/zip' );
INSERT INTO titles ( gid, title, author, language, rights ) VALUES ( '8700', 'The Evolution of Man', 'Haeckel, Ernst', 'en', 'Public domain in the USA.' );
INSERT INTO classifications ( gid, classification ) VALUES ( '8700', 'QH' );
INSERT INTO subjects ( gid, subject ) VALUES ( '8700', 'Human beings -- Origin' );
INSERT INTO subjects ( gid, subject ) VALUES ( '8700', 'Evolution' );
INSERT INTO subjects ( gid, subject ) VALUES ( '8700', 'Anatomy, Comparative' );
INSERT INTO subjects ( gid, subject ) VALUES ( '8700', 'Embryology, Human' );
INSERT INTO files ( gid, file, mime ) VALUES ( '8700', 'http://www.gutenberg.org/ebooks/8700.epub.images', 'application/epub+zip' );
INSERT INTO files ( gid, file, mime ) VALUES ( '8700', 'http://www.gutenberg.org/ebooks/8700.epub.noimages', 'application/epub+zip' );
INSERT INTO files ( gid, file, mime ) VALUES ( '8700', 'http://www.gutenberg.org/ebooks/8700.kindle.images', 'application/x-mobipocket-ebook' );
INSERT INTO files ( gid, file, mime ) VALUES ( '8700', 'http://www.gutenberg.org/ebooks/8700.kindle.noimages', 'application/x-mobipocket-ebook' );
INSERT INTO files ( gid, file, mime ) VALUES ( '8700', 'http://www.gutenberg.org/ebooks/8700.rdf', 'application/rdf+xml' );
INSERT INTO files ( gid, file, mime ) VALUES ( '8700', 'http://www.gutenberg.org/ebooks/8700.txt.utf-8', 'text/plain' );
INSERT INTO files ( gid, file, mime ) VALUES ( '8700', 'http://www.gutenberg.org/files/8700/8700-h.zip', 'text/html; charset=iso-8859-1application/zip' );
INSERT INTO files ( gid, file, mime ) VALUES ( '8700', 'http://www.gutenberg.org/files/8700/8700-h/8700-h.htm', 'text/html; charset=iso-8859-1' );
INSERT INTO files ( gid, file, mime ) VALUES ( '8700', 'http://www.gutenberg.org/files/8700/8700.txt', 'text/plain; charset=iso-8859-1' );
INSERT INTO files ( gid, file, mime ) VALUES ( '8700', 'http://www.gutenberg.org/files/8700/8700.zip', 'application/ziptext/plain; charset=iso-8859-1' );
INSERT INTO titles ( gid, title, author, language, rights ) VALUES ( '8800', 'The Divine Comedy by Dante', 'Dante Alighieri', 'en', 'Public domain in the USA.' );
INSERT INTO classifications ( gid, classification ) VALUES ( '8800', 'PQ' );
INSERT INTO subjects ( gid, subject ) VALUES ( '8800', 'Italian poetry -- To 1400 -- Translations into English' );
INSERT INTO subjects ( gid, subject ) VALUES ( '8800', 'Epic poetry, Italian -- Translations into English' );
INSERT INTO files ( gid, file, mime ) VALUES ( '8800', 'http://www.gutenberg.org/cache/epub/8800/pg8800.cover.medium.jpg', 'image/jpeg' );
INSERT INTO files ( gid, file, mime ) VALUES ( '8800', 'http://www.gutenberg.org/cache/epub/8800/pg8800.cover.small.jpg', 'image/jpeg' );
INSERT INTO files ( gid, file, mime ) VALUES ( '8800', 'http://www.gutenberg.org/ebooks/8800.epub.images', 'application/epub+zip' );
INSERT INTO files ( gid, file, mime ) VALUES ( '8800', 'http://www.gutenberg.org/ebooks/8800.epub.noimages', 'application/epub+zip' );
INSERT INTO files ( gid, file, mime ) VALUES ( '8800', 'http://www.gutenberg.org/ebooks/8800.kindle.images', 'application/x-mobipocket-ebook' );
INSERT INTO files ( gid, file, mime ) VALUES ( '8800', 'http://www.gutenberg.org/ebooks/8800.kindle.noimages', 'application/x-mobipocket-ebook' );
INSERT INTO files ( gid, file, mime ) VALUES ( '8800', 'http://www.gutenberg.org/ebooks/8800.rdf', 'application/rdf+xml' );
INSERT INTO files ( gid, file, mime ) VALUES ( '8800', 'http://www.gutenberg.org/ebooks/8800.txt.utf-8', 'text/plain' );
INSERT INTO files ( gid, file, mime ) VALUES ( '8800', 'http://www.gutenberg.org/files/8800/8800-h.zip', 'text/html; charset=iso-8859-1application/zip' );
INSERT INTO files ( gid, file, mime ) VALUES ( '8800', 'http://www.gutenberg.org/files/8800/8800-h/8800-h.htm', 'text/html; charset=iso-8859-1' );
INSERT INTO files ( gid, file, mime ) VALUES ( '8800', 'http://www.gutenberg.org/files/8800/8800.txt', 'text/plain; charset=us-ascii' );
INSERT INTO files ( gid, file, mime ) VALUES ( '8800', 'http://www.gutenberg.org/files/8800/8800.zip', 'text/plain; charset=us-asciiapplication/zip' );
INSERT INTO files ( gid, file, mime ) VALUES ( '8800', 'http://www.gutenberg.org/files/8800/instructions.txt', 'text/plain; charset=us-ascii' );
INSERT INTO titles ( gid, title, author, language, rights ) VALUES ( '8900', 'The London and Country Brewer', 'Anonymous', 'en', 'Public domain in the USA.' );
INSERT INTO classifications ( gid, classification ) VALUES ( '8900', 'TP' );
INSERT INTO subjects ( gid, subject ) VALUES ( '8900', 'Beer -- Great Britain' );
INSERT INTO subjects ( gid, subject ) VALUES ( '8900', 'Beer -- Early works to 1800' );
INSERT INTO subjects ( gid, subject ) VALUES ( '8900', 'Malt liquors -- Early works to 1800' );
INSERT INTO subjects ( gid, subject ) VALUES ( '8900', 'Brewing -- Early works to 1800' );
INSERT INTO files ( gid, file, mime ) VALUES ( '8900', 'http://www.gutenberg.org/ebooks/8900.epub.images', 'application/epub+zip' );
INSERT INTO files ( gid, file, mime ) VALUES ( '8900', 'http://www.gutenberg.org/ebooks/8900.epub.noimages', 'application/epub+zip' );
INSERT INTO files ( gid, file, mime ) VALUES ( '8900', 'http://www.gutenberg.org/ebooks/8900.kindle.images', 'application/x-mobipocket-ebook' );
INSERT INTO files ( gid, file, mime ) VALUES ( '8900', 'http://www.gutenberg.org/ebooks/8900.kindle.noimages', 'application/x-mobipocket-ebook' );
INSERT INTO files ( gid, file, mime ) VALUES ( '8900', 'http://www.gutenberg.org/ebooks/8900.rdf', 'application/rdf+xml' );
INSERT INTO files ( gid, file, mime ) VALUES ( '8900', 'http://www.gutenberg.org/ebooks/8900.txt.utf-8', 'text/plain' );
INSERT INTO files ( gid, file, mime ) VALUES ( '8900', 'http://www.gutenberg.org/files/8900/8900-8.txt', 'text/plain; charset=iso-8859-1' );
INSERT INTO files ( gid, file, mime ) VALUES ( '8900', 'http://www.gutenberg.org/files/8900/8900-8.zip', 'application/ziptext/plain; charset=iso-8859-1' );
INSERT INTO files ( gid, file, mime ) VALUES ( '8900', 'http://www.gutenberg.org/files/8900/8900-h.zip', 'text/html; charset=iso-8859-1application/zip' );
INSERT INTO files ( gid, file, mime ) VALUES ( '8900', 'http://www.gutenberg.org/files/8900/8900-h/8900-h.htm', 'text/html; charset=iso-8859-1' );
INSERT INTO files ( gid, file, mime ) VALUES ( '8900', 'http://www.gutenberg.org/files/8900/8900.txt', 'text/plain; charset=us-ascii' );
INSERT INTO files ( gid, file, mime ) VALUES ( '8900', 'http://www.gutenberg.org/files/8900/8900.zip', 'application/ziptext/plain; charset=us-ascii' );
INSERT INTO titles ( gid, title, author, language, rights ) VALUES ( '21300', 'Cowboy Songs, and Other Frontier Ballads', 'Various', 'en', 'Public domain in the USA.' );
INSERT INTO classifications ( gid, classification ) VALUES ( '21300', 'M' );
INSERT INTO classifications ( gid, classification ) VALUES ( '21300', 'PS' );
INSERT INTO subjects ( gid, subject ) VALUES ( '21300', 'Folk songs, English -- West (U.S.)' );
INSERT INTO subjects ( gid, subject ) VALUES ( '21300', 'Cowboys -- Songs and music' );
INSERT INTO subjects ( gid, subject ) VALUES ( '21300', 'Ballads, English -- West (U.S.)' );
INSERT INTO files ( gid, file, mime ) VALUES ( '21300', 'http://www.gutenberg.org/ebooks/21300.epub.images', 'application/epub+zip' );
INSERT INTO files ( gid, file, mime ) VALUES ( '21300', 'http://www.gutenberg.org/ebooks/21300.epub.noimages', 'application/epub+zip' );
INSERT INTO files ( gid, file, mime ) VALUES ( '21300', 'http://www.gutenberg.org/ebooks/21300.kindle.images', 'application/x-mobipocket-ebook' );
INSERT INTO files ( gid, file, mime ) VALUES ( '21300', 'http://www.gutenberg.org/ebooks/21300.kindle.noimages', 'application/x-mobipocket-ebook' );
INSERT INTO files ( gid, file, mime ) VALUES ( '21300', 'http://www.gutenberg.org/ebooks/21300.rdf', 'application/rdf+xml' );
INSERT INTO files ( gid, file, mime ) VALUES ( '21300', 'http://www.gutenberg.org/ebooks/21300.txt.utf-8', 'text/plain' );
INSERT INTO files ( gid, file, mime ) VALUES ( '21300', 'http://www.gutenberg.org/files/21300/21300-8.txt', 'text/plain; charset=iso-8859-1' );
INSERT INTO files ( gid, file, mime ) VALUES ( '21300', 'http://www.gutenberg.org/files/21300/21300-8.zip', 'text/plain; charset=iso-8859-1application/zip' );
INSERT INTO files ( gid, file, mime ) VALUES ( '21300', 'http://www.gutenberg.org/files/21300/21300-h.zip', 'application/ziptext/html; charset=iso-8859-1' );
INSERT INTO files ( gid, file, mime ) VALUES ( '21300', 'http://www.gutenberg.org/files/21300/21300-h/21300-h.htm', 'text/html; charset=iso-8859-1' );
INSERT INTO files ( gid, file, mime ) VALUES ( '21300', 'http://www.gutenberg.org/files/21300/21300-h/finale/cowboy.mus', 'application/octet-stream' );
INSERT INTO files ( gid, file, mime ) VALUES ( '21300', 'http://www.gutenberg.org/files/21300/21300-h/finale/daysof49.mus', 'application/octet-stream' );
INSERT INTO files ( gid, file, mime ) VALUES ( '21300', 'http://www.gutenberg.org/files/21300/21300-h/finale/drearyblackhills.mus', 'application/octet-stream' );
INSERT INTO files ( gid, file, mime ) VALUES ( '21300', 'http://www.gutenberg.org/files/21300/21300-h/finale/drearylife.mus', 'application/octet-stream' );
INSERT INTO files ( gid, file, mime ) VALUES ( '21300', 'http://www.gutenberg.org/files/21300/21300-h/finale/dyingcowboy.mus', 'application/octet-stream' );
INSERT INTO files ( gid, file, mime ) VALUES ( '21300', 'http://www.gutenberg.org/files/21300/21300-h/finale/dyingranger.mus', 'application/octet-stream' );
INSERT INTO files ( gid, file, mime ) VALUES ( '21300', 'http://www.gutenberg.org/files/21300/21300-h/finale/fullerandwarren.mus', 'application/octet-stream' );
INSERT INTO files ( gid, file, mime ) VALUES ( '21300', 'http://www.gutenberg.org/files/21300/21300-h/finale/homeontherange.mus', 'application/octet-stream' );
INSERT INTO files ( gid, file, mime ) VALUES ( '21300', 'http://www.gutenberg.org/files/21300/21300-h/finale/jackodiamonds.mus', 'application/octet-stream' );
INSERT INTO files ( gid, file, mime ) VALUES ( '21300', 'http://www.gutenberg.org/files/21300/21300-h/finale/jessejames.mus', 'application/octet-stream' );
INSERT INTO files ( gid, file, mime ) VALUES ( '21300', 'http://www.gutenberg.org/files/21300/21300-h/finale/littlejoe.mus', 'application/octet-stream' );
INSERT INTO files ( gid, file, mime ) VALUES ( '21300', 'http://www.gutenberg.org/files/21300/21300-h/finale/oldchisholmtrail.mus', 'application/octet-stream' );
INSERT INTO files ( gid, file, mime ) VALUES ( '21300', 'http://www.gutenberg.org/files/21300/21300-h/finale/prisonerforlife.mus', 'application/octet-stream' );
INSERT INTO files ( gid, file, mime ) VALUES ( '21300', 'http://www.gutenberg.org/files/21300/21300-h/finale/rangeofthebuffalo.mus', 'application/octet-stream' );
INSERT INTO files ( gid, file, mime ) VALUES ( '21300', 'http://www.gutenberg.org/files/21300/21300-h/finale/roothogordie.mus', 'application/octet-stream' );
INSERT INTO files ( gid, file, mime ) VALUES ( '21300', 'http://www.gutenberg.org/files/21300/21300-h/finale/sambass.mus', 'application/octet-stream' );
INSERT INTO files ( gid, file, mime ) VALUES ( '21300', 'http://www.gutenberg.org/files/21300/21300-h/finale/texascowboy.mus', 'application/octet-stream' );
INSERT INTO files ( gid, file, mime ) VALUES ( '21300', 'http://www.gutenberg.org/files/21300/21300-h/finale/whoopee.mus', 'application/octet-stream' );
INSERT INTO files ( gid, file, mime ) VALUES ( '21300', 'http://www.gutenberg.org/files/21300/21300-h/pdf/cowboy.pdf', 'application/pdf' );
INSERT INTO files ( gid, file, mime ) VALUES ( '21300', 'http://www.gutenberg.org/files/21300/21300-h/pdf/daysof49.pdf', 'application/pdf' );
INSERT INTO files ( gid, file, mime ) VALUES ( '21300', 'http://www.gutenberg.org/files/21300/21300-h/pdf/drearyblackhills.pdf', 'application/pdf' );
INSERT INTO files ( gid, file, mime ) VALUES ( '21300', 'http://www.gutenberg.org/files/21300/21300-h/pdf/drearylife.pdf', 'application/pdf' );
INSERT INTO files ( gid, file, mime ) VALUES ( '21300', 'http://www.gutenberg.org/files/21300/21300-h/pdf/dyingcowboy.pdf', 'application/pdf' );
INSERT INTO files ( gid, file, mime ) VALUES ( '21300', 'http://www.gutenberg.org/files/21300/21300-h/pdf/dyingranger.pdf', 'application/pdf' );
INSERT INTO files ( gid, file, mime ) VALUES ( '21300', 'http://www.gutenberg.org/files/21300/21300-h/pdf/fullerandwarren.pdf', 'application/pdf' );
INSERT INTO files ( gid, file, mime ) VALUES ( '21300', 'http://www.gutenberg.org/files/21300/21300-h/pdf/homeontherange.pdf', 'application/pdf' );
INSERT INTO files ( gid, file, mime ) VALUES ( '21300', 'http://www.gutenberg.org/files/21300/21300-h/pdf/jackodiamonds.pdf', 'application/pdf' );
INSERT INTO files ( gid, file, mime ) VALUES ( '21300', 'http://www.gutenberg.org/files/21300/21300-h/pdf/jessejames.pdf', 'application/pdf' );
INSERT INTO files ( gid, file, mime ) VALUES ( '21300', 'http://www.gutenberg.org/files/21300/21300-h/pdf/littlejoe.pdf', 'application/pdf' );
INSERT INTO files ( gid, file, mime ) VALUES ( '21300', 'http://www.gutenberg.org/files/21300/21300-h/pdf/oldchisholmtrail.pdf', 'application/pdf' );
INSERT INTO files ( gid, file, mime ) VALUES ( '21300', 'http://www.gutenberg.org/files/21300/21300-h/pdf/prisonerforlife.pdf', 'application/pdf' );
INSERT INTO files ( gid, file, mime ) VALUES ( '21300', 'http://www.gutenberg.org/files/21300/21300-h/pdf/rangeofthebuffalo.pdf', 'application/pdf' );
INSERT INTO files ( gid, file, mime ) VALUES ( '21300', 'http://www.gutenberg.org/files/21300/21300-h/pdf/roothogordie.pdf', 'application/pdf' );
INSERT INTO files ( gid, file, mime ) VALUES ( '21300', 'http://www.gutenberg.org/files/21300/21300-h/pdf/sambass.pdf', 'application/pdf' );
INSERT INTO files ( gid, file, mime ) VALUES ( '21300', 'http://www.gutenberg.org/files/21300/21300-h/pdf/texascowboy.pdf', 'application/pdf' );
INSERT INTO files ( gid, file, mime ) VALUES ( '21300', 'http://www.gutenberg.org/files/21300/21300-h/pdf/whoopee.pdf', 'application/pdf' );
INSERT INTO files ( gid, file, mime ) VALUES ( '21300', 'http://www.gutenberg.org/files/21300/21300.txt', 'text/plain; charset=us-ascii' );
INSERT INTO files ( gid, file, mime ) VALUES ( '21300', 'http://www.gutenberg.org/files/21300/21300.zip', 'text/plain; charset=us-asciiapplication/zip' );
INSERT INTO titles ( gid, title, author, language, rights ) VALUES ( '21500', 'Memoirs of the Court of Queen Elizabeth', 'Aikin, Lucy', 'en', 'Public domain in the USA.' );
INSERT INTO classifications ( gid, classification ) VALUES ( '21500', 'DA' );
INSERT INTO subjects ( gid, subject ) VALUES ( '21500', 'Great Britain -- History -- Elizabeth, 1558-1603' );
INSERT INTO subjects ( gid, subject ) VALUES ( '21500', 'Elizabeth I, Queen of England, 1533-1603 -- Relations with courts and courtiers' );
INSERT INTO subjects ( gid, subject ) VALUES ( '21500', 'Great Britain -- Court and courtiers -- History -- 16th century' );
INSERT INTO files ( gid, file, mime ) VALUES ( '21500', 'http://www.gutenberg.org/ebooks/21500.epub.images', 'application/epub+zip' );
INSERT INTO files ( gid, file, mime ) VALUES ( '21500', 'http://www.gutenberg.org/ebooks/21500.epub.noimages', 'application/epub+zip' );
INSERT INTO files ( gid, file, mime ) VALUES ( '21500', 'http://www.gutenberg.org/ebooks/21500.kindle.images', 'application/x-mobipocket-ebook' );
INSERT INTO files ( gid, file, mime ) VALUES ( '21500', 'http://www.gutenberg.org/ebooks/21500.kindle.noimages', 'application/x-mobipocket-ebook' );
INSERT INTO files ( gid, file, mime ) VALUES ( '21500', 'http://www.gutenberg.org/ebooks/21500.rdf', 'application/rdf+xml' );
INSERT INTO files ( gid, file, mime ) VALUES ( '21500', 'http://www.gutenberg.org/ebooks/21500.txt.utf-8', 'text/plain' );
INSERT INTO files ( gid, file, mime ) VALUES ( '21500', 'http://www.gutenberg.org/files/21500/21500-8.txt', 'text/plain; charset=iso-8859-1' );
INSERT INTO files ( gid, file, mime ) VALUES ( '21500', 'http://www.gutenberg.org/files/21500/21500-8.zip', 'text/plain; charset=iso-8859-1application/zip' );
INSERT INTO files ( gid, file, mime ) VALUES ( '21500', 'http://www.gutenberg.org/files/21500/21500-h.zip', 'application/ziptext/html; charset=iso-8859-1' );
INSERT INTO files ( gid, file, mime ) VALUES ( '21500', 'http://www.gutenberg.org/files/21500/21500-h/21500-h.htm', 'text/html; charset=iso-8859-1' );
INSERT INTO files ( gid, file, mime ) VALUES ( '21500', 'http://www.gutenberg.org/files/21500/21500.txt', 'text/plain; charset=us-ascii' );
INSERT INTO files ( gid, file, mime ) VALUES ( '21500', 'http://www.gutenberg.org/files/21500/21500.zip', 'application/ziptext/plain; charset=us-ascii' );
INSERT INTO titles ( gid, title, author, language, rights ) VALUES ( '21600', 'The Flourishing of Romance and the Rise of Allegory (Periods of European Literature, vol. II)', 'Saintsbury, George', 'en', 'Public domain in the USA.' );
INSERT INTO classifications ( gid, classification ) VALUES ( '21600', 'PN' );
INSERT INTO subjects ( gid, subject ) VALUES ( '21600', 'Allegory' );
INSERT INTO subjects ( gid, subject ) VALUES ( '21600', 'Romances -- History and criticism' );
INSERT INTO subjects ( gid, subject ) VALUES ( '21600', 'Literature, Medieval -- History and criticism' );
INSERT INTO files ( gid, file, mime ) VALUES ( '21600', 'http://www.gutenberg.org/ebooks/21600.epub.images', 'application/epub+zip' );
INSERT INTO files ( gid, file, mime ) VALUES ( '21600', 'http://www.gutenberg.org/ebooks/21600.epub.noimages', 'application/epub+zip' );
INSERT INTO files ( gid, file, mime ) VALUES ( '21600', 'http://www.gutenberg.org/ebooks/21600.kindle.images', 'application/x-mobipocket-ebook' );
INSERT INTO files ( gid, file, mime ) VALUES ( '21600', 'http://www.gutenberg.org/ebooks/21600.kindle.noimages', 'application/x-mobipocket-ebook' );
INSERT INTO files ( gid, file, mime ) VALUES ( '21600', 'http://www.gutenberg.org/ebooks/21600.rdf', 'application/rdf+xml' );
INSERT INTO files ( gid, file, mime ) VALUES ( '21600', 'http://www.gutenberg.org/ebooks/21600.txt.utf-8', 'text/plain' );
INSERT INTO files ( gid, file, mime ) VALUES ( '21600', 'http://www.gutenberg.org/files/21600/21600-8.txt', 'text/plain; charset=iso-8859-1' );
INSERT INTO files ( gid, file, mime ) VALUES ( '21600', 'http://www.gutenberg.org/files/21600/21600-8.zip', 'application/ziptext/plain; charset=iso-8859-1' );
INSERT INTO files ( gid, file, mime ) VALUES ( '21600', 'http://www.gutenberg.org/files/21600/21600-h.zip', 'text/html; charset=iso-8859-1application/zip' );
INSERT INTO files ( gid, file, mime ) VALUES ( '21600', 'http://www.gutenberg.org/files/21600/21600-h/21600-h.htm', 'text/html; charset=iso-8859-1' );
INSERT INTO files ( gid, file, mime ) VALUES ( '21600', 'http://www.gutenberg.org/files/21600/21600.txt', 'text/plain; charset=us-ascii' );
INSERT INTO files ( gid, file, mime ) VALUES ( '21600', 'http://www.gutenberg.org/files/21600/21600.zip', 'application/ziptext/plain; charset=us-ascii' );
INSERT INTO titles ( gid, title, author, language, rights ) VALUES ( '21700', 'Don Juan', 'Byron, George Gordon Byron, Baron', 'en', 'Public domain in the USA.' );
INSERT INTO classifications ( gid, classification ) VALUES ( '21700', 'PR' );
INSERT INTO subjects ( gid, subject ) VALUES ( '21700', 'Don Juan (Legendary character) -- Poetry' );
INSERT INTO files ( gid, file, mime ) VALUES ( '21700', 'http://www.gutenberg.org/ebooks/21700.epub.images', 'application/epub+zip' );
INSERT INTO files ( gid, file, mime ) VALUES ( '21700', 'http://www.gutenberg.org/ebooks/21700.epub.noimages', 'application/epub+zip' );
INSERT INTO files ( gid, file, mime ) VALUES ( '21700', 'http://www.gutenberg.org/ebooks/21700.kindle.images', 'application/x-mobipocket-ebook' );
INSERT INTO files ( gid, file, mime ) VALUES ( '21700', 'http://www.gutenberg.org/ebooks/21700.kindle.noimages', 'application/x-mobipocket-ebook' );
INSERT INTO files ( gid, file, mime ) VALUES ( '21700', 'http://www.gutenberg.org/ebooks/21700.rdf', 'application/rdf+xml' );
INSERT INTO files ( gid, file, mime ) VALUES ( '21700', 'http://www.gutenberg.org/ebooks/21700.txt.utf-8', 'text/plain' );
INSERT INTO files ( gid, file, mime ) VALUES ( '21700', 'http://www.gutenberg.org/files/21700/21700-8.txt', 'text/plain; charset=iso-8859-1' );
INSERT INTO files ( gid, file, mime ) VALUES ( '21700', 'http://www.gutenberg.org/files/21700/21700-8.zip', 'text/plain; charset=iso-8859-1application/zip' );
INSERT INTO files ( gid, file, mime ) VALUES ( '21700', 'http://www.gutenberg.org/files/21700/21700-h.zip', 'text/html; charset=iso-8859-1application/zip' );
INSERT INTO files ( gid, file, mime ) VALUES ( '21700', 'http://www.gutenberg.org/files/21700/21700-h/21700-h.htm', 'text/html; charset=iso-8859-1' );
INSERT INTO files ( gid, file, mime ) VALUES ( '21700', 'http://www.gutenberg.org/files/21700/21700.txt', 'text/plain; charset=us-ascii' );
INSERT INTO files ( gid, file, mime ) VALUES ( '21700', 'http://www.gutenberg.org/files/21700/21700.zip', 'text/plain; charset=us-asciiapplication/zip' );
INSERT INTO titles ( gid, title, author, language, rights ) VALUES ( '21400', 'Style in Singing', 'Haslam, W. E.', 'en', 'Public domain in the USA.' );
INSERT INTO classifications ( gid, classification ) VALUES ( '21400', 'MT' );
INSERT INTO subjects ( gid, subject ) VALUES ( '21400', 'Voice culture' );
INSERT INTO subjects ( gid, subject ) VALUES ( '21400', 'Singing' );
INSERT INTO files ( gid, file, mime ) VALUES ( '21400', 'http://www.gutenberg.org/ebooks/21400.epub.images', 'application/epub+zip' );
INSERT INTO files ( gid, file, mime ) VALUES ( '21400', 'http://www.gutenberg.org/ebooks/21400.epub.noimages', 'application/epub+zip' );
INSERT INTO files ( gid, file, mime ) VALUES ( '21400', 'http://www.gutenberg.org/ebooks/21400.kindle.images', 'application/x-mobipocket-ebook' );
INSERT INTO files ( gid, file, mime ) VALUES ( '21400', 'http://www.gutenberg.org/ebooks/21400.kindle.noimages', 'application/x-mobipocket-ebook' );
INSERT INTO files ( gid, file, mime ) VALUES ( '21400', 'http://www.gutenberg.org/ebooks/21400.rdf', 'application/rdf+xml' );
INSERT INTO files ( gid, file, mime ) VALUES ( '21400', 'http://www.gutenberg.org/ebooks/21400.txt.utf-8', 'text/plain' );
INSERT INTO files ( gid, file, mime ) VALUES ( '21400', 'http://www.gutenberg.org/files/21400/21400-8.txt', 'text/plain; charset=iso-8859-1' );
INSERT INTO files ( gid, file, mime ) VALUES ( '21400', 'http://www.gutenberg.org/files/21400/21400-8.zip', 'application/ziptext/plain; charset=iso-8859-1' );
INSERT INTO files ( gid, file, mime ) VALUES ( '21400', 'http://www.gutenberg.org/files/21400/21400-h.zip', 'application/ziptext/html; charset=iso-8859-1' );
INSERT INTO files ( gid, file, mime ) VALUES ( '21400', 'http://www.gutenberg.org/files/21400/21400-h/21400-h.htm', 'text/html; charset=iso-8859-1' );
INSERT INTO files ( gid, file, mime ) VALUES ( '21400', 'http://www.gutenberg.org/files/21400/21400-h/music/music01.midi', 'audio/midi' );
INSERT INTO files ( gid, file, mime ) VALUES ( '21400', 'http://www.gutenberg.org/files/21400/21400-h/music/music02.midi', 'audio/midi' );
INSERT INTO files ( gid, file, mime ) VALUES ( '21400', 'http://www.gutenberg.org/files/21400/21400-h/music/music03.midi', 'audio/midi' );
INSERT INTO files ( gid, file, mime ) VALUES ( '21400', 'http://www.gutenberg.org/files/21400/21400-h/music/music04.midi', 'audio/midi' );
INSERT INTO files ( gid, file, mime ) VALUES ( '21400', 'http://www.gutenberg.org/files/21400/21400-h/music/music05.midi', 'audio/midi' );
INSERT INTO files ( gid, file, mime ) VALUES ( '21400', 'http://www.gutenberg.org/files/21400/21400-h/music/music06.midi', 'audio/midi' );
INSERT INTO files ( gid, file, mime ) VALUES ( '21400', 'http://www.gutenberg.org/files/21400/21400-h/music/music07.midi', 'audio/midi' );
INSERT INTO files ( gid, file, mime ) VALUES ( '21400', 'http://www.gutenberg.org/files/21400/21400-h/music/music08.midi', 'audio/midi' );
INSERT INTO files ( gid, file, mime ) VALUES ( '21400', 'http://www.gutenberg.org/files/21400/21400-h/music/music09.midi', 'audio/midi' );
INSERT INTO files ( gid, file, mime ) VALUES ( '21400', 'http://www.gutenberg.org/files/21400/21400-h/music/music10.midi', 'audio/midi' );
INSERT INTO files ( gid, file, mime ) VALUES ( '21400', 'http://www.gutenberg.org/files/21400/21400-h/music/music100.midi', 'audio/midi' );
INSERT INTO files ( gid, file, mime ) VALUES ( '21400', 'http://www.gutenberg.org/files/21400/21400-h/music/music101.midi', 'audio/midi' );
INSERT INTO files ( gid, file, mime ) VALUES ( '21400', 'http://www.gutenberg.org/files/21400/21400-h/music/music102.midi', 'audio/midi' );
INSERT INTO files ( gid, file, mime ) VALUES ( '21400', 'http://www.gutenberg.org/files/21400/21400-h/music/music103.midi', 'audio/midi' );
INSERT INTO files ( gid, file, mime ) VALUES ( '21400', 'http://www.gutenberg.org/files/21400/21400-h/music/music104.midi', 'audio/midi' );
INSERT INTO files ( gid, file, mime ) VALUES ( '21400', 'http://www.gutenberg.org/files/21400/21400-h/music/music105.midi', 'audio/midi' );
INSERT INTO files ( gid, file, mime ) VALUES ( '21400', 'http://www.gutenberg.org/files/21400/21400-h/music/music106.midi', 'audio/midi' );
INSERT INTO files ( gid, file, mime ) VALUES ( '21400', 'http://www.gutenberg.org/files/21400/21400-h/music/music107.midi', 'audio/midi' );
INSERT INTO files ( gid, file, mime ) VALUES ( '21400', 'http://www.gutenberg.org/files/21400/21400-h/music/music11.midi', 'audio/midi' );
INSERT INTO files ( gid, file, mime ) VALUES ( '21400', 'http://www.gutenberg.org/files/21400/21400-h/music/music12.midi', 'audio/midi' );
INSERT INTO files ( gid, file, mime ) VALUES ( '21400', 'http://www.gutenberg.org/files/21400/21400-h/music/music13.midi', 'audio/midi' );
INSERT INTO files ( gid, file, mime ) VALUES ( '21400', 'http://www.gutenberg.org/files/21400/21400-h/music/music14.midi', 'audio/midi' );
INSERT INTO files ( gid, file, mime ) VALUES ( '21400', 'http://www.gutenberg.org/files/21400/21400-h/music/music15.midi', 'audio/midi' );
INSERT INTO files ( gid, file, mime ) VALUES ( '21400', 'http://www.gutenberg.org/files/21400/21400-h/music/music16.midi', 'audio/midi' );
INSERT INTO files ( gid, file, mime ) VALUES ( '21400', 'http://www.gutenberg.org/files/21400/21400-h/music/music17.midi', 'audio/midi' );
INSERT INTO files ( gid, file, mime ) VALUES ( '21400', 'http://www.gutenberg.org/files/21400/21400-h/music/music18.midi', 'audio/midi' );
INSERT INTO files ( gid, file, mime ) VALUES ( '21400', 'http://www.gutenberg.org/files/21400/21400-h/music/music19.midi', 'audio/midi' );
INSERT INTO files ( gid, file, mime ) VALUES ( '21400', 'http://www.gutenberg.org/files/21400/21400-h/music/music20.midi', 'audio/midi' );
INSERT INTO files ( gid, file, mime ) VALUES ( '21400', 'http://www.gutenberg.org/files/21400/21400-h/music/music21.midi', 'audio/midi' );
INSERT INTO files ( gid, file, mime ) VALUES ( '21400', 'http://www.gutenberg.org/files/21400/21400-h/music/music22.midi', 'audio/midi' );
INSERT INTO files ( gid, file, mime ) VALUES ( '21400', 'http://www.gutenberg.org/files/21400/21400-h/music/music23.midi', 'audio/midi' );
INSERT INTO files ( gid, file, mime ) VALUES ( '21400', 'http://www.gutenberg.org/files/21400/21400-h/music/music24.midi', 'audio/midi' );
INSERT INTO files ( gid, file, mime ) VALUES ( '21400', 'http://www.gutenberg.org/files/21400/21400-h/music/music25.midi', 'audio/midi' );
INSERT INTO files ( gid, file, mime ) VALUES ( '21400', 'http://www.gutenberg.org/files/21400/21400-h/music/music26.midi', 'audio/midi' );
INSERT INTO files ( gid, file, mime ) VALUES ( '21400', 'http://www.gutenberg.org/files/21400/21400-h/music/music27.midi', 'audio/midi' );
INSERT INTO files ( gid, file, mime ) VALUES ( '21400', 'http://www.gutenberg.org/files/21400/21400-h/music/music28.midi', 'audio/midi' );
INSERT INTO files ( gid, file, mime ) VALUES ( '21400', 'http://www.gutenberg.org/files/21400/21400-h/music/music29.midi', 'audio/midi' );
INSERT INTO files ( gid, file, mime ) VALUES ( '21400', 'http://www.gutenberg.org/files/21400/21400-h/music/music30.midi', 'audio/midi' );
INSERT INTO files ( gid, file, mime ) VALUES ( '21400', 'http://www.gutenberg.org/files/21400/21400-h/music/music31.midi', 'audio/midi' );
INSERT INTO files ( gid, file, mime ) VALUES ( '21400', 'http://www.gutenberg.org/files/21400/21400-h/music/music32.midi', 'audio/midi' );
INSERT INTO files ( gid, file, mime ) VALUES ( '21400', 'http://www.gutenberg.org/files/21400/21400-h/music/music33.midi', 'audio/midi' );
INSERT INTO files ( gid, file, mime ) VALUES ( '21400', 'http://www.gutenberg.org/files/21400/21400-h/music/music34.midi', 'audio/midi' );
INSERT INTO files ( gid, file, mime ) VALUES ( '21400', 'http://www.gutenberg.org/files/21400/21400-h/music/music35.midi', 'audio/midi' );
INSERT INTO files ( gid, file, mime ) VALUES ( '21400', 'http://www.gutenberg.org/files/21400/21400-h/music/music36.midi', 'audio/midi' );
INSERT INTO files ( gid, file, mime ) VALUES ( '21400', 'http://www.gutenberg.org/files/21400/21400-h/music/music37.midi', 'audio/midi' );
INSERT INTO files ( gid, file, mime ) VALUES ( '21400', 'http://www.gutenberg.org/files/21400/21400-h/music/music38.midi', 'audio/midi' );
INSERT INTO files ( gid, file, mime ) VALUES ( '21400', 'http://www.gutenberg.org/files/21400/21400-h/music/music39.midi', 'audio/midi' );
INSERT INTO files ( gid, file, mime ) VALUES ( '21400', 'http://www.gutenberg.org/files/21400/21400-h/music/music40.midi', 'audio/midi' );
INSERT INTO files ( gid, file, mime ) VALUES ( '21400', 'http://www.gutenberg.org/files/21400/21400-h/music/music41.midi', 'audio/midi' );
INSERT INTO files ( gid, file, mime ) VALUES ( '21400', 'http://www.gutenberg.org/files/21400/21400-h/music/music42.midi', 'audio/midi' );
INSERT INTO files ( gid, file, mime ) VALUES ( '21400', 'http://www.gutenberg.org/files/21400/21400-h/music/music43.midi', 'audio/midi' );
INSERT INTO files ( gid, file, mime ) VALUES ( '21400', 'http://www.gutenberg.org/files/21400/21400-h/music/music44.midi', 'audio/midi' );
INSERT INTO files ( gid, file, mime ) VALUES ( '21400', 'http://www.gutenberg.org/files/21400/21400-h/music/music45.midi', 'audio/midi' );
INSERT INTO files ( gid, file, mime ) VALUES ( '21400', 'http://www.gutenberg.org/files/21400/21400-h/music/music46.midi', 'audio/midi' );
INSERT INTO files ( gid, file, mime ) VALUES ( '21400', 'http://www.gutenberg.org/files/21400/21400-h/music/music47.midi', 'audio/midi' );
INSERT INTO files ( gid, file, mime ) VALUES ( '21400', 'http://www.gutenberg.org/files/21400/21400-h/music/music48.midi', 'audio/midi' );
INSERT INTO files ( gid, file, mime ) VALUES ( '21400', 'http://www.gutenberg.org/files/21400/21400-h/music/music49.midi', 'audio/midi' );
INSERT INTO files ( gid, file, mime ) VALUES ( '21400', 'http://www.gutenberg.org/files/21400/21400-h/music/music50.midi', 'audio/midi' );
INSERT INTO files ( gid, file, mime ) VALUES ( '21400', 'http://www.gutenberg.org/files/21400/21400-h/music/music51.midi', 'audio/midi' );
INSERT INTO files ( gid, file, mime ) VALUES ( '21400', 'http://www.gutenberg.org/files/21400/21400-h/music/music52.midi', 'audio/midi' );
INSERT INTO files ( gid, file, mime ) VALUES ( '21400', 'http://www.gutenberg.org/files/21400/21400-h/music/music53.midi', 'audio/midi' );
INSERT INTO files ( gid, file, mime ) VALUES ( '21400', 'http://www.gutenberg.org/files/21400/21400-h/music/music54.midi', 'audio/midi' );
INSERT INTO files ( gid, file, mime ) VALUES ( '21400', 'http://www.gutenberg.org/files/21400/21400-h/music/music55.midi', 'audio/midi' );
INSERT INTO files ( gid, file, mime ) VALUES ( '21400', 'http://www.gutenberg.org/files/21400/21400-h/music/music56.midi', 'audio/midi' );
INSERT INTO files ( gid, file, mime ) VALUES ( '21400', 'http://www.gutenberg.org/files/21400/21400-h/music/music57.midi', 'audio/midi' );
INSERT INTO files ( gid, file, mime ) VALUES ( '21400', 'http://www.gutenberg.org/files/21400/21400-h/music/music58.midi', 'audio/midi' );
INSERT INTO files ( gid, file, mime ) VALUES ( '21400', 'http://www.gutenberg.org/files/21400/21400-h/music/music59.midi', 'audio/midi' );
INSERT INTO files ( gid, file, mime ) VALUES ( '21400', 'http://www.gutenberg.org/files/21400/21400-h/music/music60.midi', 'audio/midi' );
INSERT INTO files ( gid, file, mime ) VALUES ( '21400', 'http://www.gutenberg.org/files/21400/21400-h/music/music61.midi', 'audio/midi' );
INSERT INTO files ( gid, file, mime ) VALUES ( '21400', 'http://www.gutenberg.org/files/21400/21400-h/music/music63.midi', 'audio/midi' );
INSERT INTO files ( gid, file, mime ) VALUES ( '21400', 'http://www.gutenberg.org/files/21400/21400-h/music/music64.midi', 'audio/midi' );
INSERT INTO files ( gid, file, mime ) VALUES ( '21400', 'http://www.gutenberg.org/files/21400/21400-h/music/music65.midi', 'audio/midi' );
INSERT INTO files ( gid, file, mime ) VALUES ( '21400', 'http://www.gutenberg.org/files/21400/21400-h/music/music66.midi', 'audio/midi' );
INSERT INTO files ( gid, file, mime ) VALUES ( '21400', 'http://www.gutenberg.org/files/21400/21400-h/music/music67.midi', 'audio/midi' );
INSERT INTO files ( gid, file, mime ) VALUES ( '21400', 'http://www.gutenberg.org/files/21400/21400-h/music/music68.midi', 'audio/midi' );
INSERT INTO files ( gid, file, mime ) VALUES ( '21400', 'http://www.gutenberg.org/files/21400/21400-h/music/music69.midi', 'audio/midi' );
INSERT INTO files ( gid, file, mime ) VALUES ( '21400', 'http://www.gutenberg.org/files/21400/21400-h/music/music70.midi', 'audio/midi' );
INSERT INTO files ( gid, file, mime ) VALUES ( '21400', 'http://www.gutenberg.org/files/21400/21400-h/music/music71.midi', 'audio/midi' );
INSERT INTO files ( gid, file, mime ) VALUES ( '21400', 'http://www.gutenberg.org/files/21400/21400-h/music/music72.midi', 'audio/midi' );
INSERT INTO files ( gid, file, mime ) VALUES ( '21400', 'http://www.gutenberg.org/files/21400/21400-h/music/music73.midi', 'audio/midi' );
INSERT INTO files ( gid, file, mime ) VALUES ( '21400', 'http://www.gutenberg.org/files/21400/21400-h/music/music74.midi', 'audio/midi' );
INSERT INTO files ( gid, file, mime ) VALUES ( '21400', 'http://www.gutenberg.org/files/21400/21400-h/music/music75.midi', 'audio/midi' );
INSERT INTO files ( gid, file, mime ) VALUES ( '21400', 'http://www.gutenberg.org/files/21400/21400-h/music/music76.midi', 'audio/midi' );
INSERT INTO files ( gid, file, mime ) VALUES ( '21400', 'http://www.gutenberg.org/files/21400/21400-h/music/music77.midi', 'audio/midi' );
INSERT INTO files ( gid, file, mime ) VALUES ( '21400', 'http://www.gutenberg.org/files/21400/21400-h/music/music78.midi', 'audio/midi' );
INSERT INTO files ( gid, file, mime ) VALUES ( '21400', 'http://www.gutenberg.org/files/21400/21400-h/music/music79.midi', 'audio/midi' );
INSERT INTO files ( gid, file, mime ) VALUES ( '21400', 'http://www.gutenberg.org/files/21400/21400-h/music/music80.midi', 'audio/midi' );
INSERT INTO files ( gid, file, mime ) VALUES ( '21400', 'http://www.gutenberg.org/files/21400/21400-h/music/music82.midi', 'audio/midi' );
INSERT INTO files ( gid, file, mime ) VALUES ( '21400', 'http://www.gutenberg.org/files/21400/21400-h/music/music83.midi', 'audio/midi' );
INSERT INTO files ( gid, file, mime ) VALUES ( '21400', 'http://www.gutenberg.org/files/21400/21400-h/music/music84.midi', 'audio/midi' );
INSERT INTO files ( gid, file, mime ) VALUES ( '21400', 'http://www.gutenberg.org/files/21400/21400-h/music/music85.midi', 'audio/midi' );
INSERT INTO files ( gid, file, mime ) VALUES ( '21400', 'http://www.gutenberg.org/files/21400/21400-h/music/music86.midi', 'audio/midi' );
INSERT INTO files ( gid, file, mime ) VALUES ( '21400', 'http://www.gutenberg.org/files/21400/21400-h/music/music87.midi', 'audio/midi' );
INSERT INTO files ( gid, file, mime ) VALUES ( '21400', 'http://www.gutenberg.org/files/21400/21400-h/music/music88.midi', 'audio/midi' );
INSERT INTO files ( gid, file, mime ) VALUES ( '21400', 'http://www.gutenberg.org/files/21400/21400-h/music/music89.midi', 'audio/midi' );
INSERT INTO files ( gid, file, mime ) VALUES ( '21400', 'http://www.gutenberg.org/files/21400/21400-h/music/music90.midi', 'audio/midi' );
INSERT INTO files ( gid, file, mime ) VALUES ( '21400', 'http://www.gutenberg.org/files/21400/21400-h/music/music91.midi', 'audio/midi' );
INSERT INTO files ( gid, file, mime ) VALUES ( '21400', 'http://www.gutenberg.org/files/21400/21400-h/music/music92.midi', 'audio/midi' );
INSERT INTO files ( gid, file, mime ) VALUES ( '21400', 'http://www.gutenberg.org/files/21400/21400-h/music/music93.midi', 'audio/midi' );
INSERT INTO files ( gid, file, mime ) VALUES ( '21400', 'http://www.gutenberg.org/files/21400/21400-h/music/music94.midi', 'audio/midi' );
INSERT INTO files ( gid, file, mime ) VALUES ( '21400', 'http://www.gutenberg.org/files/21400/21400-h/music/music95.midi', 'audio/midi' );
INSERT INTO files ( gid, file, mime ) VALUES ( '21400', 'http://www.gutenberg.org/files/21400/21400-h/music/music96.midi', 'audio/midi' );
INSERT INTO files ( gid, file, mime ) VALUES ( '21400', 'http://www.gutenberg.org/files/21400/21400-h/music/music97.midi', 'audio/midi' );
INSERT INTO files ( gid, file, mime ) VALUES ( '21400', 'http://www.gutenberg.org/files/21400/21400-h/music/music98.midi', 'audio/midi' );
INSERT INTO files ( gid, file, mime ) VALUES ( '21400', 'http://www.gutenberg.org/files/21400/21400-h/music/music99.midi', 'audio/midi' );
INSERT INTO files ( gid, file, mime ) VALUES ( '21400', 'http://www.gutenberg.org/files/21400/21400.txt', 'text/plain; charset=us-ascii' );
INSERT INTO files ( gid, file, mime ) VALUES ( '21400', 'http://www.gutenberg.org/files/21400/21400.zip', 'text/plain; charset=us-asciiapplication/zip' );
INSERT INTO titles ( gid, title, author, language, rights ) VALUES ( '21800', 'De complete werken van Joost van Vondel. Eerste deel', 'Vondel, Joost van den', 'nl', 'Public domain in the USA.' );
INSERT INTO classifications ( gid, classification ) VALUES ( '21800', 'PT' );
INSERT INTO subjects ( gid, subject ) VALUES ( '21800', 'Dutch poetry' );
INSERT INTO files ( gid, file, mime ) VALUES ( '21800', 'http://www.gutenberg.org/ebooks/21800.epub.images', 'application/epub+zip' );
INSERT INTO files ( gid, file, mime ) VALUES ( '21800', 'http://www.gutenberg.org/ebooks/21800.epub.noimages', 'application/epub+zip' );
INSERT INTO files ( gid, file, mime ) VALUES ( '21800', 'http://www.gutenberg.org/ebooks/21800.kindle.images', 'application/x-mobipocket-ebook' );
INSERT INTO files ( gid, file, mime ) VALUES ( '21800', 'http://www.gutenberg.org/ebooks/21800.kindle.noimages', 'application/x-mobipocket-ebook' );
INSERT INTO files ( gid, file, mime ) VALUES ( '21800', 'http://www.gutenberg.org/ebooks/21800.rdf', 'application/rdf+xml' );
INSERT INTO files ( gid, file, mime ) VALUES ( '21800', 'http://www.gutenberg.org/files/21800/21800-0.txt', 'text/plain; charset=utf-8' );
INSERT INTO files ( gid, file, mime ) VALUES ( '21800', 'http://www.gutenberg.org/files/21800/21800-0.zip', 'application/ziptext/plain; charset=utf-8' );
INSERT INTO files ( gid, file, mime ) VALUES ( '21800', 'http://www.gutenberg.org/files/21800/21800-8.txt', 'text/plain; charset=iso-8859-1' );
INSERT INTO files ( gid, file, mime ) VALUES ( '21800', 'http://www.gutenberg.org/files/21800/21800-8.zip', 'text/plain; charset=iso-8859-1application/zip' );
INSERT INTO files ( gid, file, mime ) VALUES ( '21800', 'http://www.gutenberg.org/files/21800/21800-h.zip', 'application/ziptext/html; charset=utf-8' );
INSERT INTO files ( gid, file, mime ) VALUES ( '21800', 'http://www.gutenberg.org/files/21800/21800-h/21800-h.htm', 'text/html; charset=utf-8' );
INSERT INTO titles ( gid, title, author, language, rights ) VALUES ( '21900', 'The Principles of Breeding or, Glimpses at the Physiological Laws involved in the Reproduction and Improvement of Domestic Animals', 'Goodale, S. L. (Stephen Lincoln)', 'en', 'Public domain in the USA.' );
INSERT INTO classifications ( gid, classification ) VALUES ( '21900', 'SF' );
INSERT INTO subjects ( gid, subject ) VALUES ( '21900', 'Breeding' );
INSERT INTO subjects ( gid, subject ) VALUES ( '21900', 'Livestock' );
INSERT INTO files ( gid, file, mime ) VALUES ( '21900', 'http://www.gutenberg.org/ebooks/21900.epub.images', 'application/epub+zip' );
INSERT INTO files ( gid, file, mime ) VALUES ( '21900', 'http://www.gutenberg.org/ebooks/21900.epub.noimages', 'application/epub+zip' );
INSERT INTO files ( gid, file, mime ) VALUES ( '21900', 'http://www.gutenberg.org/ebooks/21900.kindle.images', 'application/x-mobipocket-ebook' );
INSERT INTO files ( gid, file, mime ) VALUES ( '21900', 'http://www.gutenberg.org/ebooks/21900.kindle.noimages', 'application/x-mobipocket-ebook' );
INSERT INTO files ( gid, file, mime ) VALUES ( '21900', 'http://www.gutenberg.org/ebooks/21900.rdf', 'application/rdf+xml' );
INSERT INTO files ( gid, file, mime ) VALUES ( '21900', 'http://www.gutenberg.org/ebooks/21900.txt.utf-8', 'text/plain' );
INSERT INTO files ( gid, file, mime ) VALUES ( '21900', 'http://www.gutenberg.org/files/21900/21900-8.txt', 'text/plain; charset=iso-8859-1' );
INSERT INTO files ( gid, file, mime ) VALUES ( '21900', 'http://www.gutenberg.org/files/21900/21900-8.zip', 'text/plain; charset=iso-8859-1application/zip' );
INSERT INTO files ( gid, file, mime ) VALUES ( '21900', 'http://www.gutenberg.org/files/21900/21900-h.zip', 'application/ziptext/html; charset=iso-8859-1' );
INSERT INTO files ( gid, file, mime ) VALUES ( '21900', 'http://www.gutenberg.org/files/21900/21900-h/21900-h.htm', 'text/html; charset=iso-8859-1' );
INSERT INTO files ( gid, file, mime ) VALUES ( '21900', 'http://www.gutenberg.org/files/21900/21900.txt', 'text/plain; charset=us-ascii' );
INSERT INTO files ( gid, file, mime ) VALUES ( '21900', 'http://www.gutenberg.org/files/21900/21900.zip', 'text/plain; charset=us-asciiapplication/zip' );
INSERT INTO titles ( gid, title, author, language, rights ) VALUES ( '2200', '', '', 'en', 'None' );
INSERT INTO titles ( gid, title, author, language, rights ) VALUES ( '22000', 'Kept in the Dark', 'Trollope, Anthony', 'en', 'Public domain in the USA.' );
INSERT INTO classifications ( gid, classification ) VALUES ( '22000', 'PR' );
INSERT INTO subjects ( gid, subject ) VALUES ( '22000', 'England -- Fiction' );
INSERT INTO subjects ( gid, subject ) VALUES ( '22000', 'Domestic fiction' );
INSERT INTO subjects ( gid, subject ) VALUES ( '22000', 'England -- Social life and customs -- 19th century -- Fiction' );
INSERT INTO subjects ( gid, subject ) VALUES ( '22000', 'Married people -- Fiction' );
INSERT INTO files ( gid, file, mime ) VALUES ( '22000', 'http://www.gutenberg.org/ebooks/22000.epub.images', 'application/epub+zip' );
INSERT INTO files ( gid, file, mime ) VALUES ( '22000', 'http://www.gutenberg.org/ebooks/22000.epub.noimages', 'application/epub+zip' );
INSERT INTO files ( gid, file, mime ) VALUES ( '22000', 'http://www.gutenberg.org/ebooks/22000.kindle.images', 'application/x-mobipocket-ebook' );
INSERT INTO files ( gid, file, mime ) VALUES ( '22000', 'http://www.gutenberg.org/ebooks/22000.kindle.noimages', 'application/x-mobipocket-ebook' );
INSERT INTO files ( gid, file, mime ) VALUES ( '22000', 'http://www.gutenberg.org/ebooks/22000.rdf', 'application/rdf+xml' );
INSERT INTO files ( gid, file, mime ) VALUES ( '22000', 'http://www.gutenberg.org/ebooks/22000.txt.utf-8', 'text/plain' );
INSERT INTO files ( gid, file, mime ) VALUES ( '22000', 'http://www.gutenberg.org/files/22000/22000-8.txt', 'text/plain; charset=iso-8859-1' );
INSERT INTO files ( gid, file, mime ) VALUES ( '22000', 'http://www.gutenberg.org/files/22000/22000-8.zip', 'application/ziptext/plain; charset=iso-8859-1' );
INSERT INTO files ( gid, file, mime ) VALUES ( '22000', 'http://www.gutenberg.org/files/22000/22000-h.zip', 'application/ziptext/html; charset=iso-8859-1' );
INSERT INTO files ( gid, file, mime ) VALUES ( '22000', 'http://www.gutenberg.org/files/22000/22000-h/22000-h.htm', 'text/html; charset=iso-8859-1' );
INSERT INTO files ( gid, file, mime ) VALUES ( '22000', 'http://www.gutenberg.org/files/22000/22000.txt', 'text/plain; charset=us-ascii' );
INSERT INTO files ( gid, file, mime ) VALUES ( '22000', 'http://www.gutenberg.org/files/22000/22000.zip', 'text/plain; charset=us-asciiapplication/zip' );
INSERT INTO titles ( gid, title, author, language, rights ) VALUES ( '22100', 'Slavery and Four Years of War, Vol. 1-2 A Political History of Slavery in the United States Together With a Narrative of the Campaigns and Battles of the Civil War In Which the Author Took Part: 1861-1865', 'Keifer, Joseph Warren', 'en', 'Public domain in the USA.' );
INSERT INTO subjects ( gid, subject ) VALUES ( '22100', 'Slavery -- United States' );
INSERT INTO subjects ( gid, subject ) VALUES ( '22100', 'E456' );
INSERT INTO subjects ( gid, subject ) VALUES ( '22100', 'United States -- History -- Civil War, 1861-1865 -- Campaigns' );
INSERT INTO files ( gid, file, mime ) VALUES ( '22100', 'http://www.gutenberg.org/ebooks/22100.epub.images', 'application/epub+zip' );
INSERT INTO files ( gid, file, mime ) VALUES ( '22100', 'http://www.gutenberg.org/ebooks/22100.epub.noimages', 'application/epub+zip' );
INSERT INTO files ( gid, file, mime ) VALUES ( '22100', 'http://www.gutenberg.org/ebooks/22100.html.images', 'text/html' );
INSERT INTO files ( gid, file, mime ) VALUES ( '22100', 'http://www.gutenberg.org/ebooks/22100.html.noimages', 'text/html' );
INSERT INTO files ( gid, file, mime ) VALUES ( '22100', 'http://www.gutenberg.org/ebooks/22100.kindle.images', 'application/x-mobipocket-ebook' );
INSERT INTO files ( gid, file, mime ) VALUES ( '22100', 'http://www.gutenberg.org/ebooks/22100.kindle.noimages', 'application/x-mobipocket-ebook' );
INSERT INTO files ( gid, file, mime ) VALUES ( '22100', 'http://www.gutenberg.org/ebooks/22100.rdf', 'application/rdf+xml' );
INSERT INTO files ( gid, file, mime ) VALUES ( '22100', 'http://www.gutenberg.org/ebooks/22100.txt.utf-8', 'text/plain' );
INSERT INTO files ( gid, file, mime ) VALUES ( '22100', 'http://www.gutenberg.org/files/22100/22100-8.txt', 'text/plain; charset=iso-8859-1' );
INSERT INTO files ( gid, file, mime ) VALUES ( '22100', 'http://www.gutenberg.org/files/22100/22100-8.zip', 'application/ziptext/plain; charset=iso-8859-1' );
INSERT INTO files ( gid, file, mime ) VALUES ( '22100', 'http://www.gutenberg.org/files/22100/22100.txt', 'text/plain; charset=us-ascii' );
INSERT INTO files ( gid, file, mime ) VALUES ( '22100', 'http://www.gutenberg.org/files/22100/22100.zip', 'application/ziptext/plain; charset=us-ascii' );
INSERT INTO titles ( gid, title, author, language, rights ) VALUES ( '22200', 'Recollections With Photogravure Portrait of the Author and a number of Original Letters, of which one by George Meredith and another by Robert Louis Stevenson are reproduced in facsimile', 'Murray, David Christie', 'en', 'Public domain in the USA.' );
INSERT INTO classifications ( gid, classification ) VALUES ( '22200', 'PR' );
INSERT INTO subjects ( gid, subject ) VALUES ( '22200', 'Novelists, English -- 19th century -- Biography' );
INSERT INTO subjects ( gid, subject ) VALUES ( '22200', 'Murray, David Christie, 1847-1907' );
INSERT INTO files ( gid, file, mime ) VALUES ( '22200', 'http://www.gutenberg.org/cache/epub/22200/pg22200.cover.medium.jpg', 'image/jpeg' );
INSERT INTO files ( gid, file, mime ) VALUES ( '22200', 'http://www.gutenberg.org/cache/epub/22200/pg22200.cover.small.jpg', 'image/jpeg' );
INSERT INTO files ( gid, file, mime ) VALUES ( '22200', 'http://www.gutenberg.org/ebooks/22200.epub.images', 'application/epub+zip' );
INSERT INTO files ( gid, file, mime ) VALUES ( '22200', 'http://www.gutenberg.org/ebooks/22200.epub.noimages', 'application/epub+zip' );
INSERT INTO files ( gid, file, mime ) VALUES ( '22200', 'http://www.gutenberg.org/ebooks/22200.kindle.images', 'application/x-mobipocket-ebook' );
INSERT INTO files ( gid, file, mime ) VALUES ( '22200', 'http://www.gutenberg.org/ebooks/22200.kindle.noimages', 'application/x-mobipocket-ebook' );
INSERT INTO files ( gid, file, mime ) VALUES ( '22200', 'http://www.gutenberg.org/ebooks/22200.rdf', 'application/rdf+xml' );
INSERT INTO files ( gid, file, mime ) VALUES ( '22200', 'http://www.gutenberg.org/files/22200/22200-0.txt', 'text/plain; charset=utf-8' );
INSERT INTO files ( gid, file, mime ) VALUES ( '22200', 'http://www.gutenberg.org/files/22200/22200-0.zip', 'application/ziptext/plain; charset=utf-8' );
INSERT INTO files ( gid, file, mime ) VALUES ( '22200', 'http://www.gutenberg.org/files/22200/22200-8.txt', 'text/plain; charset=iso-8859-1' );
INSERT INTO files ( gid, file, mime ) VALUES ( '22200', 'http://www.gutenberg.org/files/22200/22200-8.zip', 'application/ziptext/plain; charset=iso-8859-1' );
INSERT INTO files ( gid, file, mime ) VALUES ( '22200', 'http://www.gutenberg.org/files/22200/22200-h.zip', 'application/ziptext/html; charset=utf-8' );
INSERT INTO files ( gid, file, mime ) VALUES ( '22200', 'http://www.gutenberg.org/files/22200/22200-h/22200-h.htm', 'text/html; charset=utf-8' );
INSERT INTO files ( gid, file, mime ) VALUES ( '22200', 'http://www.gutenberg.org/files/22200/22200.txt', 'text/plain; charset=us-ascii' );
INSERT INTO files ( gid, file, mime ) VALUES ( '22200', 'http://www.gutenberg.org/files/22200/22200.zip', 'text/plain; charset=us-asciiapplication/zip' );
INSERT INTO titles ( gid, title, author, language, rights ) VALUES ( '22300', 'The Menorah Journal, Volume 1, 1915', 'Various', 'en', 'Public domain in the USA.' );
INSERT INTO classifications ( gid, classification ) VALUES ( '22300', 'DS' );
INSERT INTO subjects ( gid, subject ) VALUES ( '22300', 'Jews -- United States -- Periodicals' );
INSERT INTO subjects ( gid, subject ) VALUES ( '22300', 'Jews -- Periodicals' );
INSERT INTO files ( gid, file, mime ) VALUES ( '22300', 'http://www.gutenberg.org/ebooks/22300.epub.images', 'application/epub+zip' );
INSERT INTO files ( gid, file, mime ) VALUES ( '22300', 'http://www.gutenberg.org/ebooks/22300.epub.noimages', 'application/epub+zip' );
INSERT INTO files ( gid, file, mime ) VALUES ( '22300', 'http://www.gutenberg.org/ebooks/22300.kindle.images', 'application/x-mobipocket-ebook' );
INSERT INTO files ( gid, file, mime ) VALUES ( '22300', 'http://www.gutenberg.org/ebooks/22300.kindle.noimages', 'application/x-mobipocket-ebook' );
INSERT INTO files ( gid, file, mime ) VALUES ( '22300', 'http://www.gutenberg.org/ebooks/22300.rdf', 'application/rdf+xml' );
INSERT INTO files ( gid, file, mime ) VALUES ( '22300', 'http://www.gutenberg.org/files/22300/22300-0.txt', 'text/plain; charset=utf-8' );
INSERT INTO files ( gid, file, mime ) VALUES ( '22300', 'http://www.gutenberg.org/files/22300/22300-0.zip', 'application/ziptext/plain; charset=utf-8' );
INSERT INTO files ( gid, file, mime ) VALUES ( '22300', 'http://www.gutenberg.org/files/22300/22300-8.txt', 'text/plain; charset=iso-8859-1' );
INSERT INTO files ( gid, file, mime ) VALUES ( '22300', 'http://www.gutenberg.org/files/22300/22300-8.zip', 'application/ziptext/plain; charset=iso-8859-1' );
INSERT INTO files ( gid, file, mime ) VALUES ( '22300', 'http://www.gutenberg.org/files/22300/22300-h.zip', 'text/html; charset=iso-8859-1application/zip' );
INSERT INTO files ( gid, file, mime ) VALUES ( '22300', 'http://www.gutenberg.org/files/22300/22300-h/22300-h.htm', 'text/html; charset=iso-8859-1' );
INSERT INTO files ( gid, file, mime ) VALUES ( '22300', 'http://www.gutenberg.org/files/22300/22300-h/meno-1.html', 'text/html' );
INSERT INTO files ( gid, file, mime ) VALUES ( '22300', 'http://www.gutenberg.org/files/22300/22300-h/meno-2.html', 'text/html' );
INSERT INTO files ( gid, file, mime ) VALUES ( '22300', 'http://www.gutenberg.org/files/22300/22300-h/meno-3.html', 'text/html' );
INSERT INTO files ( gid, file, mime ) VALUES ( '22300', 'http://www.gutenberg.org/files/22300/22300-h/meno-4.html', 'text/html' );
INSERT INTO files ( gid, file, mime ) VALUES ( '22300', 'http://www.gutenberg.org/files/22300/22300-h/meno-5.html', 'text/html' );
INSERT INTO files ( gid, file, mime ) VALUES ( '22300', 'http://www.gutenberg.org/files/22300/22300.txt', 'text/plain; charset=us-ascii' );
INSERT INTO files ( gid, file, mime ) VALUES ( '22300', 'http://www.gutenberg.org/files/22300/22300.zip', 'text/plain; charset=us-asciiapplication/zip' );
INSERT INTO titles ( gid, title, author, language, rights ) VALUES ( '22400', 'Fox''s Book of Martyrs Or A History of the Lives, Sufferings, and Triumphant Deaths of the Primitive Protestant Martyrs', 'Foxe, John', 'en', 'Public domain in the USA.' );
INSERT INTO classifications ( gid, classification ) VALUES ( '22400', 'BR' );
INSERT INTO subjects ( gid, subject ) VALUES ( '22400', 'Persecution' );
INSERT INTO subjects ( gid, subject ) VALUES ( '22400', 'Church history' );
INSERT INTO subjects ( gid, subject ) VALUES ( '22400', 'Martyrs' );
INSERT INTO files ( gid, file, mime ) VALUES ( '22400', 'http://www.gutenberg.org/ebooks/22400.epub.images', 'application/epub+zip' );
INSERT INTO files ( gid, file, mime ) VALUES ( '22400', 'http://www.gutenberg.org/ebooks/22400.epub.noimages', 'application/epub+zip' );
INSERT INTO files ( gid, file, mime ) VALUES ( '22400', 'http://www.gutenberg.org/ebooks/22400.kindle.images', 'application/x-mobipocket-ebook' );
INSERT INTO files ( gid, file, mime ) VALUES ( '22400', 'http://www.gutenberg.org/ebooks/22400.kindle.noimages', 'application/x-mobipocket-ebook' );
INSERT INTO files ( gid, file, mime ) VALUES ( '22400', 'http://www.gutenberg.org/ebooks/22400.rdf', 'application/rdf+xml' );
INSERT INTO files ( gid, file, mime ) VALUES ( '22400', 'http://www.gutenberg.org/ebooks/22400.txt.utf-8', 'text/plain' );
INSERT INTO files ( gid, file, mime ) VALUES ( '22400', 'http://www.gutenberg.org/files/22400/22400-8.txt', 'text/plain; charset=iso-8859-1' );
INSERT INTO files ( gid, file, mime ) VALUES ( '22400', 'http://www.gutenberg.org/files/22400/22400-8.zip', 'application/ziptext/plain; charset=iso-8859-1' );
INSERT INTO files ( gid, file, mime ) VALUES ( '22400', 'http://www.gutenberg.org/files/22400/22400-h.zip', 'application/ziptext/html; charset=iso-8859-1' );
INSERT INTO files ( gid, file, mime ) VALUES ( '22400', 'http://www.gutenberg.org/files/22400/22400-h/22400-h.htm', 'text/html; charset=iso-8859-1' );
INSERT INTO files ( gid, file, mime ) VALUES ( '22400', 'http://www.gutenberg.org/files/22400/22400.txt', 'text/plain; charset=us-ascii' );
INSERT INTO files ( gid, file, mime ) VALUES ( '22400', 'http://www.gutenberg.org/files/22400/22400.zip', 'text/plain; charset=us-asciiapplication/zip' );
INSERT INTO titles ( gid, title, author, language, rights ) VALUES ( '22500', 'The Works of William Hogarth: In a Series of Engravings With Descriptions, and a Comment on Their Moral Tendency', 'Trusler, John', 'en', 'Public domain in the USA.' );
INSERT INTO classifications ( gid, classification ) VALUES ( '22500', 'ND' );
INSERT INTO subjects ( gid, subject ) VALUES ( '22500', 'Hogarth, William, 1697-1764' );
INSERT INTO files ( gid, file, mime ) VALUES ( '22500', 'http://www.gutenberg.org/ebooks/22500.epub.images', 'application/epub+zip' );
INSERT INTO files ( gid, file, mime ) VALUES ( '22500', 'http://www.gutenberg.org/ebooks/22500.epub.noimages', 'application/epub+zip' );
INSERT INTO files ( gid, file, mime ) VALUES ( '22500', 'http://www.gutenberg.org/ebooks/22500.kindle.images', 'application/x-mobipocket-ebook' );
INSERT INTO files ( gid, file, mime ) VALUES ( '22500', 'http://www.gutenberg.org/ebooks/22500.kindle.noimages', 'application/x-mobipocket-ebook' );
INSERT INTO files ( gid, file, mime ) VALUES ( '22500', 'http://www.gutenberg.org/ebooks/22500.rdf', 'application/rdf+xml' );
INSERT INTO files ( gid, file, mime ) VALUES ( '22500', 'http://www.gutenberg.org/ebooks/22500.txt.utf-8', 'text/plain' );
INSERT INTO files ( gid, file, mime ) VALUES ( '22500', 'http://www.gutenberg.org/files/22500/22500-8.txt', 'text/plain; charset=iso-8859-1' );
INSERT INTO files ( gid, file, mime ) VALUES ( '22500', 'http://www.gutenberg.org/files/22500/22500-8.zip', 'application/ziptext/plain; charset=iso-8859-1' );
INSERT INTO files ( gid, file, mime ) VALUES ( '22500', 'http://www.gutenberg.org/files/22500/22500-h.zip', 'text/html; charset=iso-8859-1application/zip' );
INSERT INTO files ( gid, file, mime ) VALUES ( '22500', 'http://www.gutenberg.org/files/22500/22500-h/22500-h.htm', 'text/html; charset=iso-8859-1' );
INSERT INTO files ( gid, file, mime ) VALUES ( '22500', 'http://www.gutenberg.org/files/22500/22500.txt', 'text/plain; charset=us-ascii' );
INSERT INTO files ( gid, file, mime ) VALUES ( '22500', 'http://www.gutenberg.org/files/22500/22500.zip', 'text/plain; charset=us-asciiapplication/zip' );
INSERT INTO titles ( gid, title, author, language, rights ) VALUES ( '22600', 'How to Write Clearly: Rules and Exercises on English Composition', 'Abbott, Edwin Abbott', 'en', 'Public domain in the USA.' );
INSERT INTO classifications ( gid, classification ) VALUES ( '22600', 'PE' );
INSERT INTO subjects ( gid, subject ) VALUES ( '22600', 'English language -- Composition and exercises' );
INSERT INTO files ( gid, file, mime ) VALUES ( '22600', 'http://www.gutenberg.org/ebooks/22600.epub.images', 'application/epub+zip' );
INSERT INTO files ( gid, file, mime ) VALUES ( '22600', 'http://www.gutenberg.org/ebooks/22600.epub.noimages', 'application/epub+zip' );
INSERT INTO files ( gid, file, mime ) VALUES ( '22600', 'http://www.gutenberg.org/ebooks/22600.html.images', 'text/html' );
INSERT INTO files ( gid, file, mime ) VALUES ( '22600', 'http://www.gutenberg.org/ebooks/22600.html.noimages', 'text/html' );
INSERT INTO files ( gid, file, mime ) VALUES ( '22600', 'http://www.gutenberg.org/ebooks/22600.kindle.images', 'application/x-mobipocket-ebook' );
INSERT INTO files ( gid, file, mime ) VALUES ( '22600', 'http://www.gutenberg.org/ebooks/22600.kindle.noimages', 'application/x-mobipocket-ebook' );
INSERT INTO files ( gid, file, mime ) VALUES ( '22600', 'http://www.gutenberg.org/ebooks/22600.rdf', 'application/rdf+xml' );
INSERT INTO files ( gid, file, mime ) VALUES ( '22600', 'http://www.gutenberg.org/ebooks/22600.txt.utf-8', 'text/plain' );
INSERT INTO files ( gid, file, mime ) VALUES ( '22600', 'http://www.gutenberg.org/files/22600/22600-8.txt', 'text/plain; charset=iso-8859-1' );
INSERT INTO files ( gid, file, mime ) VALUES ( '22600', 'http://www.gutenberg.org/files/22600/22600-8.zip', 'text/plain; charset=iso-8859-1application/zip' );
INSERT INTO files ( gid, file, mime ) VALUES ( '22600', 'http://www.gutenberg.org/files/22600/22600.txt', 'text/plain; charset=us-ascii' );
INSERT INTO files ( gid, file, mime ) VALUES ( '22600', 'http://www.gutenberg.org/files/22600/22600.zip', 'application/ziptext/plain; charset=us-ascii' );
INSERT INTO titles ( gid, title, author, language, rights ) VALUES ( '22700', 'Brittany & Its Byways', 'Palliser, Bury, Mrs.', 'en', 'Public domain in the USA.' );
INSERT INTO classifications ( gid, classification ) VALUES ( '22700', 'DC' );
INSERT INTO subjects ( gid, subject ) VALUES ( '22700', 'Brittany (France) -- Description and travel' );
INSERT INTO files ( gid, file, mime ) VALUES ( '22700', 'http://www.gutenberg.org/ebooks/22700.epub.images', 'application/epub+zip' );
INSERT INTO files ( gid, file, mime ) VALUES ( '22700', 'http://www.gutenberg.org/ebooks/22700.epub.noimages', 'application/epub+zip' );
INSERT INTO files ( gid, file, mime ) VALUES ( '22700', 'http://www.gutenberg.org/ebooks/22700.kindle.images', 'application/x-mobipocket-ebook' );
INSERT INTO files ( gid, file, mime ) VALUES ( '22700', 'http://www.gutenberg.org/ebooks/22700.kindle.noimages', 'application/x-mobipocket-ebook' );
INSERT INTO files ( gid, file, mime ) VALUES ( '22700', 'http://www.gutenberg.org/ebooks/22700.rdf', 'application/rdf+xml' );
INSERT INTO files ( gid, file, mime ) VALUES ( '22700', 'http://www.gutenberg.org/files/22700/22700-0.txt', 'text/plain; charset=utf-8' );
INSERT INTO files ( gid, file, mime ) VALUES ( '22700', 'http://www.gutenberg.org/files/22700/22700-0.zip', 'application/ziptext/plain; charset=utf-8' );
INSERT INTO files ( gid, file, mime ) VALUES ( '22700', 'http://www.gutenberg.org/files/22700/22700-8.txt', 'text/plain; charset=iso-8859-1' );
INSERT INTO files ( gid, file, mime ) VALUES ( '22700', 'http://www.gutenberg.org/files/22700/22700-8.zip', 'text/plain; charset=iso-8859-1application/zip' );
INSERT INTO files ( gid, file, mime ) VALUES ( '22700', 'http://www.gutenberg.org/files/22700/22700-h.zip', 'application/ziptext/html; charset=utf-8' );
INSERT INTO files ( gid, file, mime ) VALUES ( '22700', 'http://www.gutenberg.org/files/22700/22700-h/22700-h.html', 'text/html; charset=utf-8' );
INSERT INTO files ( gid, file, mime ) VALUES ( '22700', 'http://www.gutenberg.org/files/22700/22700-pdf.pdf', 'application/pdf' );
INSERT INTO files ( gid, file, mime ) VALUES ( '22700', 'http://www.gutenberg.org/files/22700/22700-pdf.zip', 'application/pdfapplication/zip' );
INSERT INTO files ( gid, file, mime ) VALUES ( '22700', 'http://www.gutenberg.org/files/22700/22700-tei.zip', 'application/prs.teiapplication/zip' );
INSERT INTO files ( gid, file, mime ) VALUES ( '22700', 'http://www.gutenberg.org/files/22700/22700-tei/22700-tei.tei', 'application/prs.tei' );
INSERT INTO files ( gid, file, mime ) VALUES ( '22700', 'http://www.gutenberg.org/files/22700/22700.txt', 'text/plain; charset=us-ascii' );
INSERT INTO files ( gid, file, mime ) VALUES ( '22700', 'http://www.gutenberg.org/files/22700/22700.zip', 'application/ziptext/plain; charset=us-ascii' );
INSERT INTO titles ( gid, title, author, language, rights ) VALUES ( '9000', 'Sri Vishnu Sahasranaamam', '', 'sa', 'Public domain in the USA.' );
INSERT INTO classifications ( gid, classification ) VALUES ( '9000', 'BL' );
INSERT INTO subjects ( gid, subject ) VALUES ( '9000', 'Vishnu (Hindu deity)' );
INSERT INTO files ( gid, file, mime ) VALUES ( '9000', 'http://www.gutenberg.org/ebooks/9000.epub.images', 'application/epub+zip' );
INSERT INTO files ( gid, file, mime ) VALUES ( '9000', 'http://www.gutenberg.org/ebooks/9000.epub.noimages', 'application/epub+zip' );
INSERT INTO files ( gid, file, mime ) VALUES ( '9000', 'http://www.gutenberg.org/ebooks/9000.kindle.images', 'application/x-mobipocket-ebook' );
INSERT INTO files ( gid, file, mime ) VALUES ( '9000', 'http://www.gutenberg.org/ebooks/9000.kindle.noimages', 'application/x-mobipocket-ebook' );
INSERT INTO files ( gid, file, mime ) VALUES ( '9000', 'http://www.gutenberg.org/ebooks/9000.rdf', 'application/rdf+xml' );
INSERT INTO files ( gid, file, mime ) VALUES ( '9000', 'http://www.gutenberg.org/ebooks/9000.txt.utf-8', 'text/plain' );
INSERT INTO files ( gid, file, mime ) VALUES ( '9000', 'http://www.gutenberg.org/files/9000/9000-h.zip', 'text/html; charset=iso-8859-1application/zip' );
INSERT INTO files ( gid, file, mime ) VALUES ( '9000', 'http://www.gutenberg.org/files/9000/9000-h/9000-h.htm', 'text/html; charset=iso-8859-1' );
INSERT INTO files ( gid, file, mime ) VALUES ( '9000', 'http://www.gutenberg.org/files/9000/9000.txt', 'text/plain; charset=us-ascii' );
INSERT INTO files ( gid, file, mime ) VALUES ( '9000', 'http://www.gutenberg.org/files/9000/9000.zip', 'text/plain; charset=us-asciiapplication/zip' );
INSERT INTO titles ( gid, title, author, language, rights ) VALUES ( '900', 'History of the Decline and Fall of the Roman Empire — Volume 3 — Folio format', 'Gibbon, Edward', 'en', 'Public domain in the USA.' );
INSERT INTO classifications ( gid, classification ) VALUES ( '900', 'DG' );
INSERT INTO subjects ( gid, subject ) VALUES ( '900', 'Byzantine Empire -- History -- To 527' );
INSERT INTO subjects ( gid, subject ) VALUES ( '900', 'Rome -- History -- Empire, 30 B.C.-476 A.D.' );
INSERT INTO files ( gid, file, mime ) VALUES ( '900', 'http://www.gutenberg.org/ebooks/900.epub.images', 'application/epub+zip' );
INSERT INTO files ( gid, file, mime ) VALUES ( '900', 'http://www.gutenberg.org/ebooks/900.epub.noimages', 'application/epub+zip' );
INSERT INTO files ( gid, file, mime ) VALUES ( '900', 'http://www.gutenberg.org/ebooks/900.html.images', 'text/html' );
INSERT INTO files ( gid, file, mime ) VALUES ( '900', 'http://www.gutenberg.org/ebooks/900.html.noimages', 'text/html' );
INSERT INTO files ( gid, file, mime ) VALUES ( '900', 'http://www.gutenberg.org/ebooks/900.kindle.images', 'application/x-mobipocket-ebook' );
INSERT INTO files ( gid, file, mime ) VALUES ( '900', 'http://www.gutenberg.org/ebooks/900.kindle.noimages', 'application/x-mobipocket-ebook' );
INSERT INTO files ( gid, file, mime ) VALUES ( '900', 'http://www.gutenberg.org/ebooks/900.rdf', 'application/rdf+xml' );
INSERT INTO files ( gid, file, mime ) VALUES ( '900', 'http://www.gutenberg.org/ebooks/900.txt.utf-8', 'text/plain' );
INSERT INTO files ( gid, file, mime ) VALUES ( '900', 'http://www.gutenberg.org/files/900/900-n.nfo', 'application/octet-stream' );
INSERT INTO files ( gid, file, mime ) VALUES ( '900', 'http://www.gutenberg.org/files/900/900-n.zip', 'application/zipapplication/octet-stream' );
INSERT INTO files ( gid, file, mime ) VALUES ( '900', 'http://www.gutenberg.org/files/900/900-x.xml', 'text/xml' );
INSERT INTO files ( gid, file, mime ) VALUES ( '900', 'http://www.gutenberg.org/files/900/900-x.zip', 'application/zipapplication/octet-stream' );
INSERT INTO files ( gid, file, mime ) VALUES ( '900', 'http://www.gutenberg.org/files/900/readme_warning.txt', 'text/plain; charset=us-ascii' );
INSERT INTO files ( gid, file, mime ) VALUES ( '900', 'http://www.gutenberg.org/files/900/readme_warning.zip', 'application/octet-streamapplication/zip' );
INSERT INTO titles ( gid, title, author, language, rights ) VALUES ( '9100', 'My Double Life: The Memoirs of Sarah Bernhardt', 'Bernhardt, Sarah', 'en', 'Public domain in the USA.' );
INSERT INTO classifications ( gid, classification ) VALUES ( '9100', 'PN' );
INSERT INTO subjects ( gid, subject ) VALUES ( '9100', 'Actors -- France -- Biography' );
INSERT INTO subjects ( gid, subject ) VALUES ( '9100', 'Bernhardt, Sarah, 1844-1923' );
INSERT INTO files ( gid, file, mime ) VALUES ( '9100', 'http://www.gutenberg.org/ebooks/9100.epub.images', 'application/epub+zip' );
INSERT INTO files ( gid, file, mime ) VALUES ( '9100', 'http://www.gutenberg.org/ebooks/9100.epub.noimages', 'application/epub+zip' );
INSERT INTO files ( gid, file, mime ) VALUES ( '9100', 'http://www.gutenberg.org/ebooks/9100.kindle.images', 'application/x-mobipocket-ebook' );
INSERT INTO files ( gid, file, mime ) VALUES ( '9100', 'http://www.gutenberg.org/ebooks/9100.kindle.noimages', 'application/x-mobipocket-ebook' );
INSERT INTO files ( gid, file, mime ) VALUES ( '9100', 'http://www.gutenberg.org/ebooks/9100.rdf', 'application/rdf+xml' );
INSERT INTO files ( gid, file, mime ) VALUES ( '9100', 'http://www.gutenberg.org/files/9100/9100-0.txt', 'text/plain; charset=utf-8' );
INSERT INTO files ( gid, file, mime ) VALUES ( '9100', 'http://www.gutenberg.org/files/9100/9100-0.zip', 'text/plain; charset=utf-8application/zip' );
INSERT INTO files ( gid, file, mime ) VALUES ( '9100', 'http://www.gutenberg.org/files/9100/9100-8.txt', 'text/plain; charset=iso-8859-1' );
INSERT INTO files ( gid, file, mime ) VALUES ( '9100', 'http://www.gutenberg.org/files/9100/9100-8.zip', 'text/plain; charset=iso-8859-1application/zip' );
INSERT INTO files ( gid, file, mime ) VALUES ( '9100', 'http://www.gutenberg.org/files/9100/9100-h.zip', 'text/html; charset=utf-8application/zip' );
INSERT INTO files ( gid, file, mime ) VALUES ( '9100', 'http://www.gutenberg.org/files/9100/9100-h/9100-h.htm', 'text/html; charset=utf-8' );
INSERT INTO files ( gid, file, mime ) VALUES ( '9100', 'http://www.gutenberg.org/files/9100/9100.txt', 'text/plain; charset=us-ascii' );
INSERT INTO files ( gid, file, mime ) VALUES ( '9100', 'http://www.gutenberg.org/files/9100/9100.zip', 'application/ziptext/plain; charset=us-ascii' );
INSERT INTO titles ( gid, title, author, language, rights ) VALUES ( '9200', 'Klein Zaches, genannt Zinnober: Ein Märchen', 'Hoffmann, E. T. A. (Ernst Theodor Amadeus)', 'de', 'Public domain in the USA.' );
INSERT INTO classifications ( gid, classification ) VALUES ( '9200', 'PT' );
INSERT INTO subjects ( gid, subject ) VALUES ( '9200', 'Fairy tales -- Germany' );
INSERT INTO subjects ( gid, subject ) VALUES ( '9200', 'Fantasy fiction' );
INSERT INTO files ( gid, file, mime ) VALUES ( '9200', 'http://www.gutenberg.org/ebooks/9200.epub.images', 'application/epub+zip' );
INSERT INTO files ( gid, file, mime ) VALUES ( '9200', 'http://www.gutenberg.org/ebooks/9200.epub.noimages', 'application/epub+zip' );
INSERT INTO files ( gid, file, mime ) VALUES ( '9200', 'http://www.gutenberg.org/ebooks/9200.html.images', 'text/html' );
INSERT INTO files ( gid, file, mime ) VALUES ( '9200', 'http://www.gutenberg.org/ebooks/9200.html.noimages', 'text/html' );
INSERT INTO files ( gid, file, mime ) VALUES ( '9200', 'http://www.gutenberg.org/ebooks/9200.kindle.images', 'application/x-mobipocket-ebook' );
INSERT INTO files ( gid, file, mime ) VALUES ( '9200', 'http://www.gutenberg.org/ebooks/9200.kindle.noimages', 'application/x-mobipocket-ebook' );
INSERT INTO files ( gid, file, mime ) VALUES ( '9200', 'http://www.gutenberg.org/ebooks/9200.rdf', 'application/rdf+xml' );
INSERT INTO files ( gid, file, mime ) VALUES ( '9200', 'http://www.gutenberg.org/ebooks/9200.txt.utf-8', 'text/plain' );
INSERT INTO files ( gid, file, mime ) VALUES ( '9200', 'http://www.gutenberg.org/files/9200/9200-8.txt', 'text/plain; charset=iso-8859-1' );
INSERT INTO files ( gid, file, mime ) VALUES ( '9200', 'http://www.gutenberg.org/files/9200/9200-8.zip', 'application/ziptext/plain; charset=iso-8859-1' );
INSERT INTO titles ( gid, title, author, language, rights ) VALUES ( '9300', 'Jennie Baxter, Journalist', 'Barr, Robert', 'en', 'Public domain in the USA.' );
INSERT INTO classifications ( gid, classification ) VALUES ( '9300', 'PS' );
INSERT INTO subjects ( gid, subject ) VALUES ( '9300', 'Women journalists -- Fiction' );
INSERT INTO subjects ( gid, subject ) VALUES ( '9300', 'Detective and mystery stories' );
INSERT INTO files ( gid, file, mime ) VALUES ( '9300', 'http://www.gutenberg.org/ebooks/9300.epub.images', 'application/epub+zip' );
INSERT INTO files ( gid, file, mime ) VALUES ( '9300', 'http://www.gutenberg.org/ebooks/9300.epub.noimages', 'application/epub+zip' );
INSERT INTO files ( gid, file, mime ) VALUES ( '9300', 'http://www.gutenberg.org/ebooks/9300.kindle.images', 'application/x-mobipocket-ebook' );
INSERT INTO files ( gid, file, mime ) VALUES ( '9300', 'http://www.gutenberg.org/ebooks/9300.kindle.noimages', 'application/x-mobipocket-ebook' );
INSERT INTO files ( gid, file, mime ) VALUES ( '9300', 'http://www.gutenberg.org/ebooks/9300.rdf', 'application/rdf+xml' );
INSERT INTO files ( gid, file, mime ) VALUES ( '9300', 'http://www.gutenberg.org/files/9300/9300-0.txt', 'text/plain; charset=utf-8' );
INSERT INTO files ( gid, file, mime ) VALUES ( '9300', 'http://www.gutenberg.org/files/9300/9300-0.zip', 'text/plain; charset=utf-8application/zip' );
INSERT INTO files ( gid, file, mime ) VALUES ( '9300', 'http://www.gutenberg.org/files/9300/9300-8.txt', 'text/plain; charset=iso-8859-1' );
INSERT INTO files ( gid, file, mime ) VALUES ( '9300', 'http://www.gutenberg.org/files/9300/9300-8.zip', 'application/ziptext/plain; charset=iso-8859-1' );
INSERT INTO files ( gid, file, mime ) VALUES ( '9300', 'http://www.gutenberg.org/files/9300/9300-h.zip', 'text/html; charset=utf-8application/zip' );
INSERT INTO files ( gid, file, mime ) VALUES ( '9300', 'http://www.gutenberg.org/files/9300/9300-h/9300-h.htm', 'text/html; charset=utf-8' );
INSERT INTO files ( gid, file, mime ) VALUES ( '9300', 'http://www.gutenberg.org/files/9300/9300.txt', 'text/plain; charset=us-ascii' );
INSERT INTO files ( gid, file, mime ) VALUES ( '9300', 'http://www.gutenberg.org/files/9300/9300.zip', 'application/ziptext/plain; charset=us-ascii' );
INSERT INTO titles ( gid, title, author, language, rights ) VALUES ( '9400', 'A Select Collection of Old English Plays, Volume 02', '', 'en', 'Public domain in the USA.' );
INSERT INTO classifications ( gid, classification ) VALUES ( '9400', 'PR' );
INSERT INTO subjects ( gid, subject ) VALUES ( '9400', 'English drama' );
INSERT INTO files ( gid, file, mime ) VALUES ( '9400', 'http://www.gutenberg.org/ebooks/9400.epub.images', 'application/epub+zip' );
INSERT INTO files ( gid, file, mime ) VALUES ( '9400', 'http://www.gutenberg.org/ebooks/9400.epub.noimages', 'application/epub+zip' );
INSERT INTO files ( gid, file, mime ) VALUES ( '9400', 'http://www.gutenberg.org/ebooks/9400.html.images', 'text/html' );
INSERT INTO files ( gid, file, mime ) VALUES ( '9400', 'http://www.gutenberg.org/ebooks/9400.html.noimages', 'text/html' );
INSERT INTO files ( gid, file, mime ) VALUES ( '9400', 'http://www.gutenberg.org/ebooks/9400.kindle.images', 'application/x-mobipocket-ebook' );
INSERT INTO files ( gid, file, mime ) VALUES ( '9400', 'http://www.gutenberg.org/ebooks/9400.kindle.noimages', 'application/x-mobipocket-ebook' );
INSERT INTO files ( gid, file, mime ) VALUES ( '9400', 'http://www.gutenberg.org/ebooks/9400.rdf', 'application/rdf+xml' );
INSERT INTO files ( gid, file, mime ) VALUES ( '9400', 'http://www.gutenberg.org/ebooks/9400.txt.utf-8', 'text/plain' );
INSERT INTO files ( gid, file, mime ) VALUES ( '9400', 'http://www.gutenberg.org/files/9400/9400-8.txt', 'text/plain; charset=iso-8859-1' );
INSERT INTO files ( gid, file, mime ) VALUES ( '9400', 'http://www.gutenberg.org/files/9400/9400-8.zip', 'text/plain; charset=iso-8859-1application/zip' );
INSERT INTO titles ( gid, title, author, language, rights ) VALUES ( '9500', 'Farm Ballads', 'Carleton, Will', 'en', 'Public domain in the USA.' );
INSERT INTO classifications ( gid, classification ) VALUES ( '9500', 'PS' );
INSERT INTO subjects ( gid, subject ) VALUES ( '9500', 'Farm life -- Poetry' );
INSERT INTO files ( gid, file, mime ) VALUES ( '9500', 'http://www.gutenberg.org/cache/epub/9500/pg9500.cover.medium.jpg', 'image/jpeg' );
INSERT INTO files ( gid, file, mime ) VALUES ( '9500', 'http://www.gutenberg.org/cache/epub/9500/pg9500.cover.small.jpg', 'image/jpeg' );
INSERT INTO files ( gid, file, mime ) VALUES ( '9500', 'http://www.gutenberg.org/ebooks/9500.epub.images', 'application/epub+zip' );
INSERT INTO files ( gid, file, mime ) VALUES ( '9500', 'http://www.gutenberg.org/ebooks/9500.epub.noimages', 'application/epub+zip' );
INSERT INTO files ( gid, file, mime ) VALUES ( '9500', 'http://www.gutenberg.org/ebooks/9500.kindle.images', 'application/x-mobipocket-ebook' );
INSERT INTO files ( gid, file, mime ) VALUES ( '9500', 'http://www.gutenberg.org/ebooks/9500.kindle.noimages', 'application/x-mobipocket-ebook' );
INSERT INTO files ( gid, file, mime ) VALUES ( '9500', 'http://www.gutenberg.org/ebooks/9500.rdf', 'application/rdf+xml' );
INSERT INTO files ( gid, file, mime ) VALUES ( '9500', 'http://www.gutenberg.org/ebooks/9500.txt.utf-8', 'text/plain' );
INSERT INTO files ( gid, file, mime ) VALUES ( '9500', 'http://www.gutenberg.org/files/9500/9500-h.zip', 'text/html; charset=iso-8859-1application/zip' );
INSERT INTO files ( gid, file, mime ) VALUES ( '9500', 'http://www.gutenberg.org/files/9500/9500-h/9500-h.htm', 'text/html; charset=iso-8859-1' );
INSERT INTO files ( gid, file, mime ) VALUES ( '9500', 'http://www.gutenberg.org/files/9500/9500.txt', 'text/plain; charset=us-ascii' );
INSERT INTO files ( gid, file, mime ) VALUES ( '9500', 'http://www.gutenberg.org/files/9500/9500.zip', 'application/ziptext/plain; charset=us-ascii' );
INSERT INTO titles ( gid, title, author, language, rights ) VALUES ( '9600', 'The Works of John Greenleaf Whittier, Complete', 'Whittier, John Greenleaf', 'en', 'Public domain in the USA.' );
INSERT INTO classifications ( gid, classification ) VALUES ( '9600', 'PS' );
INSERT INTO subjects ( gid, subject ) VALUES ( '9600', 'American poetry -- 19th century' );
INSERT INTO subjects ( gid, subject ) VALUES ( '9600', 'American literature' );
INSERT INTO files ( gid, file, mime ) VALUES ( '9600', 'http://www.gutenberg.org/cache/epub/9600/pg9600.cover.medium.jpg', 'image/jpeg' );
INSERT INTO files ( gid, file, mime ) VALUES ( '9600', 'http://www.gutenberg.org/cache/epub/9600/pg9600.cover.small.jpg', 'image/jpeg' );
INSERT INTO files ( gid, file, mime ) VALUES ( '9600', 'http://www.gutenberg.org/ebooks/9600.epub.images', 'application/epub+zip' );
INSERT INTO files ( gid, file, mime ) VALUES ( '9600', 'http://www.gutenberg.org/ebooks/9600.epub.noimages', 'application/epub+zip' );
INSERT INTO files ( gid, file, mime ) VALUES ( '9600', 'http://www.gutenberg.org/ebooks/9600.kindle.images', 'application/x-mobipocket-ebook' );
INSERT INTO files ( gid, file, mime ) VALUES ( '9600', 'http://www.gutenberg.org/ebooks/9600.kindle.noimages', 'application/x-mobipocket-ebook' );
INSERT INTO files ( gid, file, mime ) VALUES ( '9600', 'http://www.gutenberg.org/ebooks/9600.rdf', 'application/rdf+xml' );
INSERT INTO files ( gid, file, mime ) VALUES ( '9600', 'http://www.gutenberg.org/ebooks/9600.txt.utf-8', 'text/plain' );
INSERT INTO files ( gid, file, mime ) VALUES ( '9600', 'http://www.gutenberg.org/files/9600/9600-h.zip', 'application/ziptext/html; charset=us-ascii' );
INSERT INTO files ( gid, file, mime ) VALUES ( '9600', 'http://www.gutenberg.org/files/9600/9600-h/9600-h.htm', 'text/html; charset=us-ascii' );
INSERT INTO files ( gid, file, mime ) VALUES ( '9600', 'http://www.gutenberg.org/files/9600/9600.txt', 'text/plain; charset=us-ascii' );
INSERT INTO files ( gid, file, mime ) VALUES ( '9600', 'http://www.gutenberg.org/files/9600/9600.zip', 'text/plain; charset=us-asciiapplication/zip' );
INSERT INTO files ( gid, file, mime ) VALUES ( '9600', 'http://www.gutenberg.org/files/9600/instructions.txt', 'text/plain; charset=us-ascii' );
INSERT INTO titles ( gid, title, author, language, rights ) VALUES ( '9700', 'I. Beówulf: an Anglo-Saxon poem. II. The fight at Finnsburh: a fragment.', '', 'ang', 'Public domain in the USA.' );
INSERT INTO classifications ( gid, classification ) VALUES ( '9700', 'PR' );
INSERT INTO subjects ( gid, subject ) VALUES ( '9700', 'Epic poetry, English (Old)' );
INSERT INTO subjects ( gid, subject ) VALUES ( '9700', 'Dragons -- Poetry' );
INSERT INTO subjects ( gid, subject ) VALUES ( '9700', 'Monsters -- Poetry' );
INSERT INTO files ( gid, file, mime ) VALUES ( '9700', 'http://www.gutenberg.org/ebooks/9700.epub.images', 'application/epub+zip' );
INSERT INTO files ( gid, file, mime ) VALUES ( '9700', 'http://www.gutenberg.org/ebooks/9700.epub.noimages', 'application/epub+zip' );
INSERT INTO files ( gid, file, mime ) VALUES ( '9700', 'http://www.gutenberg.org/ebooks/9700.kindle.images', 'application/x-mobipocket-ebook' );
INSERT INTO files ( gid, file, mime ) VALUES ( '9700', 'http://www.gutenberg.org/ebooks/9700.kindle.noimages', 'application/x-mobipocket-ebook' );
INSERT INTO files ( gid, file, mime ) VALUES ( '9700', 'http://www.gutenberg.org/ebooks/9700.rdf', 'application/rdf+xml' );
INSERT INTO files ( gid, file, mime ) VALUES ( '9700', 'http://www.gutenberg.org/ebooks/9700.txt.utf-8', 'text/plain' );
INSERT INTO files ( gid, file, mime ) VALUES ( '9700', 'http://www.gutenberg.org/files/9700/9700-8.txt', 'text/plain; charset=iso-8859-1' );
INSERT INTO files ( gid, file, mime ) VALUES ( '9700', 'http://www.gutenberg.org/files/9700/9700-8.zip', 'application/ziptext/plain; charset=iso-8859-1' );
INSERT INTO files ( gid, file, mime ) VALUES ( '9700', 'http://www.gutenberg.org/files/9700/9700-h.zip', 'application/ziptext/html; charset=iso-8859-1' );
INSERT INTO files ( gid, file, mime ) VALUES ( '9700', 'http://www.gutenberg.org/files/9700/9700-h/9700-h.htm', 'text/html; charset=iso-8859-1' );
INSERT INTO files ( gid, file, mime ) VALUES ( '9700', 'http://www.gutenberg.org/files/9700/9700.txt', 'text/plain; charset=us-ascii' );
INSERT INTO files ( gid, file, mime ) VALUES ( '9700', 'http://www.gutenberg.org/files/9700/9700.zip', 'application/ziptext/plain; charset=us-ascii' );
INSERT INTO titles ( gid, title, author, language, rights ) VALUES ( '9800', 'The Rape of the Lock and Other Poems', 'Pope, Alexander', 'en', 'Public domain in the USA.' );
INSERT INTO classifications ( gid, classification ) VALUES ( '9800', 'PR' );
INSERT INTO subjects ( gid, subject ) VALUES ( '9800', 'English poetry -- 18th century' );
INSERT INTO files ( gid, file, mime ) VALUES ( '9800', 'http://www.gutenberg.org/ebooks/9800.epub.images', 'application/epub+zip' );
INSERT INTO files ( gid, file, mime ) VALUES ( '9800', 'http://www.gutenberg.org/ebooks/9800.epub.noimages', 'application/epub+zip' );
INSERT INTO files ( gid, file, mime ) VALUES ( '9800', 'http://www.gutenberg.org/ebooks/9800.kindle.images', 'application/x-mobipocket-ebook' );
INSERT INTO files ( gid, file, mime ) VALUES ( '9800', 'http://www.gutenberg.org/ebooks/9800.kindle.noimages', 'application/x-mobipocket-ebook' );
INSERT INTO files ( gid, file, mime ) VALUES ( '9800', 'http://www.gutenberg.org/ebooks/9800.rdf', 'application/rdf+xml' );
INSERT INTO files ( gid, file, mime ) VALUES ( '9800', 'http://www.gutenberg.org/ebooks/9800.txt.utf-8', 'text/plain' );
INSERT INTO files ( gid, file, mime ) VALUES ( '9800', 'http://www.gutenberg.org/files/9800/9800-8.txt', 'text/plain; charset=iso-8859-1' );
INSERT INTO files ( gid, file, mime ) VALUES ( '9800', 'http://www.gutenberg.org/files/9800/9800-8.zip', 'application/ziptext/plain; charset=iso-8859-1' );
INSERT INTO files ( gid, file, mime ) VALUES ( '9800', 'http://www.gutenberg.org/files/9800/9800-h.zip', 'application/ziptext/html; charset=iso-8859-1' );
INSERT INTO files ( gid, file, mime ) VALUES ( '9800', 'http://www.gutenberg.org/files/9800/9800-h/9800-h.htm', 'text/html; charset=iso-8859-1' );
INSERT INTO files ( gid, file, mime ) VALUES ( '9800', 'http://www.gutenberg.org/files/9800/9800.txt', 'text/plain; charset=us-ascii' );
INSERT INTO files ( gid, file, mime ) VALUES ( '9800', 'http://www.gutenberg.org/files/9800/9800.zip', 'application/ziptext/plain; charset=us-ascii' );
INSERT INTO titles ( gid, title, author, language, rights ) VALUES ( '9900', 'The Grand Old Man Or, the Life and Public Services of the Right Honorable William Ewart Gladstone, Four Times Prime Minister of England', 'Cook, Richard B. (Richard Briscoe)', 'en', 'Public domain in the USA.' );
INSERT INTO classifications ( gid, classification ) VALUES ( '9900', 'DA' );
INSERT INTO subjects ( gid, subject ) VALUES ( '9900', 'Gladstone, W. E. (William Ewart), 1809-1898' );
INSERT INTO subjects ( gid, subject ) VALUES ( '9900', 'Liberal Party (Great Britain) -- Biography' );
INSERT INTO subjects ( gid, subject ) VALUES ( '9900', 'Great Britain -- Politics and government -- 1837-1901' );
INSERT INTO subjects ( gid, subject ) VALUES ( '9900', 'Prime ministers -- Great Britain -- Biography' );
INSERT INTO files ( gid, file, mime ) VALUES ( '9900', 'http://www.gutenberg.org/cache/epub/9900/pg9900.cover.medium.jpg', 'image/jpeg' );
INSERT INTO files ( gid, file, mime ) VALUES ( '9900', 'http://www.gutenberg.org/cache/epub/9900/pg9900.cover.small.jpg', 'image/jpeg' );
INSERT INTO files ( gid, file, mime ) VALUES ( '9900', 'http://www.gutenberg.org/ebooks/9900.epub.images', 'application/epub+zip' );
INSERT INTO files ( gid, file, mime ) VALUES ( '9900', 'http://www.gutenberg.org/ebooks/9900.epub.noimages', 'application/epub+zip' );
INSERT INTO files ( gid, file, mime ) VALUES ( '9900', 'http://www.gutenberg.org/ebooks/9900.kindle.images', 'application/x-mobipocket-ebook' );
INSERT INTO files ( gid, file, mime ) VALUES ( '9900', 'http://www.gutenberg.org/ebooks/9900.kindle.noimages', 'application/x-mobipocket-ebook' );
INSERT INTO files ( gid, file, mime ) VALUES ( '9900', 'http://www.gutenberg.org/ebooks/9900.rdf', 'application/rdf+xml' );
INSERT INTO files ( gid, file, mime ) VALUES ( '9900', 'http://www.gutenberg.org/ebooks/9900.txt.utf-8', 'text/plain' );
INSERT INTO files ( gid, file, mime ) VALUES ( '9900', 'http://www.gutenberg.org/files/9900/9900-8.txt', 'text/plain; charset=iso-8859-1' );
INSERT INTO files ( gid, file, mime ) VALUES ( '9900', 'http://www.gutenberg.org/files/9900/9900-8.zip', 'text/plain; charset=iso-8859-1application/zip' );
INSERT INTO files ( gid, file, mime ) VALUES ( '9900', 'http://www.gutenberg.org/files/9900/9900-h.zip', 'text/html; charset=iso-8859-1application/zip' );
INSERT INTO files ( gid, file, mime ) VALUES ( '9900', 'http://www.gutenberg.org/files/9900/9900-h/9900-h.htm', 'text/html; charset=iso-8859-1' );
INSERT INTO files ( gid, file, mime ) VALUES ( '9900', 'http://www.gutenberg.org/files/9900/9900.txt', 'text/plain; charset=us-ascii' );
INSERT INTO files ( gid, file, mime ) VALUES ( '9900', 'http://www.gutenberg.org/files/9900/9900.zip', 'text/plain; charset=us-asciiapplication/zip' );
INSERT INTO titles ( gid, title, author, language, rights ) VALUES ( '22800', 'Mary Wollstonecraft', 'Pennell, Elizabeth Robins', 'en', 'Public domain in the USA.' );
INSERT INTO classifications ( gid, classification ) VALUES ( '22800', 'CT' );
INSERT INTO subjects ( gid, subject ) VALUES ( '22800', 'Women -- Biography' );
INSERT INTO subjects ( gid, subject ) VALUES ( '22800', 'Wollstonecraft, Mary, 1759-1797' );
INSERT INTO files ( gid, file, mime ) VALUES ( '22800', 'http://www.gutenberg.org/cache/epub/22800/pg22800.cover.medium.jpg', 'image/jpeg' );
INSERT INTO files ( gid, file, mime ) VALUES ( '22800', 'http://www.gutenberg.org/cache/epub/22800/pg22800.cover.small.jpg', 'image/jpeg' );
INSERT INTO files ( gid, file, mime ) VALUES ( '22800', 'http://www.gutenberg.org/ebooks/22800.epub.images', 'application/epub+zip' );
INSERT INTO files ( gid, file, mime ) VALUES ( '22800', 'http://www.gutenberg.org/ebooks/22800.epub.noimages', 'application/epub+zip' );
INSERT INTO files ( gid, file, mime ) VALUES ( '22800', 'http://www.gutenberg.org/ebooks/22800.kindle.images', 'application/x-mobipocket-ebook' );
INSERT INTO files ( gid, file, mime ) VALUES ( '22800', 'http://www.gutenberg.org/ebooks/22800.kindle.noimages', 'application/x-mobipocket-ebook' );
INSERT INTO files ( gid, file, mime ) VALUES ( '22800', 'http://www.gutenberg.org/ebooks/22800.rdf', 'application/rdf+xml' );
INSERT INTO files ( gid, file, mime ) VALUES ( '22800', 'http://www.gutenberg.org/ebooks/22800.txt.utf-8', 'text/plain' );
INSERT INTO files ( gid, file, mime ) VALUES ( '22800', 'http://www.gutenberg.org/files/22800/22800-8.txt', 'text/plain; charset=iso-8859-1' );
INSERT INTO files ( gid, file, mime ) VALUES ( '22800', 'http://www.gutenberg.org/files/22800/22800-8.zip', 'text/plain; charset=iso-8859-1application/zip' );
INSERT INTO files ( gid, file, mime ) VALUES ( '22800', 'http://www.gutenberg.org/files/22800/22800-h.zip', 'text/html; charset=iso-8859-1application/zip' );
INSERT INTO files ( gid, file, mime ) VALUES ( '22800', 'http://www.gutenberg.org/files/22800/22800-h/22800-h.htm', 'text/html; charset=iso-8859-1' );
INSERT INTO files ( gid, file, mime ) VALUES ( '22800', 'http://www.gutenberg.org/files/22800/22800.txt', 'text/plain; charset=us-ascii' );
INSERT INTO files ( gid, file, mime ) VALUES ( '22800', 'http://www.gutenberg.org/files/22800/22800.zip', 'application/ziptext/plain; charset=us-ascii' );
INSERT INTO titles ( gid, title, author, language, rights ) VALUES ( '22900', 'Erasmus and the Age of Reformation', 'Huizinga, Johan', 'en', 'Public domain in the USA.' );
INSERT INTO classifications ( gid, classification ) VALUES ( '22900', 'PA' );
INSERT INTO subjects ( gid, subject ) VALUES ( '22900', 'Rotterdam (Netherlands) -- Biography' );
INSERT INTO subjects ( gid, subject ) VALUES ( '22900', 'Scholars, Medieval -- Netherlands -- Biography' );
INSERT INTO subjects ( gid, subject ) VALUES ( '22900', 'Reformation -- Biography' );
INSERT INTO subjects ( gid, subject ) VALUES ( '22900', 'Humanists -- Netherlands -- Biography' );
INSERT INTO subjects ( gid, subject ) VALUES ( '22900', 'Netherlands -- Intellectual life -- 16th century' );
INSERT INTO subjects ( gid, subject ) VALUES ( '22900', 'Erasmus, Desiderius, -1536' );
INSERT INTO subjects ( gid, subject ) VALUES ( '22900', 'Authors, Latin (Medieval and modern) -- Netherlands -- Biography' );
INSERT INTO files ( gid, file, mime ) VALUES ( '22900', 'http://www.gutenberg.org/ebooks/22900.epub.images', 'application/epub+zip' );
INSERT INTO files ( gid, file, mime ) VALUES ( '22900', 'http://www.gutenberg.org/ebooks/22900.epub.noimages', 'application/epub+zip' );
INSERT INTO files ( gid, file, mime ) VALUES ( '22900', 'http://www.gutenberg.org/ebooks/22900.kindle.images', 'application/x-mobipocket-ebook' );
INSERT INTO files ( gid, file, mime ) VALUES ( '22900', 'http://www.gutenberg.org/ebooks/22900.kindle.noimages', 'application/x-mobipocket-ebook' );
INSERT INTO files ( gid, file, mime ) VALUES ( '22900', 'http://www.gutenberg.org/ebooks/22900.rdf', 'application/rdf+xml' );
INSERT INTO files ( gid, file, mime ) VALUES ( '22900', 'http://www.gutenberg.org/ebooks/22900.txt.utf-8', 'text/plain' );
INSERT INTO files ( gid, file, mime ) VALUES ( '22900', 'http://www.gutenberg.org/files/22900/22900-8.txt', 'text/plain; charset=iso-8859-1' );
INSERT INTO files ( gid, file, mime ) VALUES ( '22900', 'http://www.gutenberg.org/files/22900/22900-8.zip', 'application/ziptext/plain; charset=iso-8859-1' );
INSERT INTO files ( gid, file, mime ) VALUES ( '22900', 'http://www.gutenberg.org/files/22900/22900-h.zip', 'application/ziptext/html; charset=iso-8859-1' );
INSERT INTO files ( gid, file, mime ) VALUES ( '22900', 'http://www.gutenberg.org/files/22900/22900-h/22900-h.htm', 'text/html; charset=iso-8859-1' );
INSERT INTO files ( gid, file, mime ) VALUES ( '22900', 'http://www.gutenberg.org/files/22900/22900.txt', 'text/plain; charset=us-ascii' );
INSERT INTO files ( gid, file, mime ) VALUES ( '22900', 'http://www.gutenberg.org/files/22900/22900.zip', 'application/ziptext/plain; charset=us-ascii' );
INSERT INTO titles ( gid, title, author, language, rights ) VALUES ( '23000', 'Orley Farm', 'Trollope, Anthony', 'en', 'Public domain in the USA.' );
INSERT INTO classifications ( gid, classification ) VALUES ( '23000', 'PR' );
INSERT INTO subjects ( gid, subject ) VALUES ( '23000', 'Forgers -- Fiction' );
INSERT INTO subjects ( gid, subject ) VALUES ( '23000', 'Mothers and sons -- Fiction' );
INSERT INTO subjects ( gid, subject ) VALUES ( '23000', 'Landowners -- Fiction' );
INSERT INTO subjects ( gid, subject ) VALUES ( '23000', 'Domestic fiction' );
INSERT INTO subjects ( gid, subject ) VALUES ( '23000', 'Inheritance and succession -- Fiction' );
INSERT INTO subjects ( gid, subject ) VALUES ( '23000', 'England -- Fiction' );
INSERT INTO files ( gid, file, mime ) VALUES ( '23000', 'http://www.gutenberg.org/ebooks/23000.epub.images', 'application/epub+zip' );
INSERT INTO files ( gid, file, mime ) VALUES ( '23000', 'http://www.gutenberg.org/ebooks/23000.epub.noimages', 'application/epub+zip' );
INSERT INTO files ( gid, file, mime ) VALUES ( '23000', 'http://www.gutenberg.org/ebooks/23000.kindle.images', 'application/x-mobipocket-ebook' );
INSERT INTO files ( gid, file, mime ) VALUES ( '23000', 'http://www.gutenberg.org/ebooks/23000.kindle.noimages', 'application/x-mobipocket-ebook' );
INSERT INTO files ( gid, file, mime ) VALUES ( '23000', 'http://www.gutenberg.org/ebooks/23000.rdf', 'application/rdf+xml' );
INSERT INTO files ( gid, file, mime ) VALUES ( '23000', 'http://www.gutenberg.org/ebooks/23000.txt.utf-8', 'text/plain' );
INSERT INTO files ( gid, file, mime ) VALUES ( '23000', 'http://www.gutenberg.org/files/23000/23000-8.txt', 'text/plain; charset=iso-8859-1' );
INSERT INTO files ( gid, file, mime ) VALUES ( '23000', 'http://www.gutenberg.org/files/23000/23000-8.zip', 'application/ziptext/plain; charset=iso-8859-1' );
INSERT INTO files ( gid, file, mime ) VALUES ( '23000', 'http://www.gutenberg.org/files/23000/23000-h.zip', 'text/html; charset=iso-8859-1application/zip' );
INSERT INTO files ( gid, file, mime ) VALUES ( '23000', 'http://www.gutenberg.org/files/23000/23000-h/23000-h.htm', 'text/html; charset=iso-8859-1' );
INSERT INTO files ( gid, file, mime ) VALUES ( '23000', 'http://www.gutenberg.org/files/23000/23000.txt', 'text/plain; charset=us-ascii' );
INSERT INTO files ( gid, file, mime ) VALUES ( '23000', 'http://www.gutenberg.org/files/23000/23000.zip', 'application/ziptext/plain; charset=us-ascii' );
INSERT INTO titles ( gid, title, author, language, rights ) VALUES ( '2300', 'The Descent of Man, and Selection in Relation to Sex', 'Darwin, Charles', 'en', 'Public domain in the USA.' );
INSERT INTO classifications ( gid, classification ) VALUES ( '2300', 'QH' );
INSERT INTO subjects ( gid, subject ) VALUES ( '2300', 'Sexual selection in animals' );
INSERT INTO subjects ( gid, subject ) VALUES ( '2300', 'Sex differences' );
INSERT INTO subjects ( gid, subject ) VALUES ( '2300', 'Evolution (Biology)' );
INSERT INTO subjects ( gid, subject ) VALUES ( '2300', 'Sexual dimorphism (Animals)' );
INSERT INTO subjects ( gid, subject ) VALUES ( '2300', 'Human beings -- Origin' );
INSERT INTO files ( gid, file, mime ) VALUES ( '2300', 'http://www.gutenberg.org/ebooks/2300.epub.images', 'application/epub+zip' );
INSERT INTO files ( gid, file, mime ) VALUES ( '2300', 'http://www.gutenberg.org/ebooks/2300.epub.noimages', 'application/epub+zip' );
INSERT INTO files ( gid, file, mime ) VALUES ( '2300', 'http://www.gutenberg.org/ebooks/2300.kindle.images', 'application/x-mobipocket-ebook' );
INSERT INTO files ( gid, file, mime ) VALUES ( '2300', 'http://www.gutenberg.org/ebooks/2300.kindle.noimages', 'application/x-mobipocket-ebook' );
INSERT INTO files ( gid, file, mime ) VALUES ( '2300', 'http://www.gutenberg.org/ebooks/2300.rdf', 'application/rdf+xml' );
INSERT INTO files ( gid, file, mime ) VALUES ( '2300', 'http://www.gutenberg.org/ebooks/2300.txt.utf-8', 'text/plain' );
INSERT INTO files ( gid, file, mime ) VALUES ( '2300', 'http://www.gutenberg.org/files/2300/2300-8.txt', 'text/plain; charset=iso-8859-1' );
INSERT INTO files ( gid, file, mime ) VALUES ( '2300', 'http://www.gutenberg.org/files/2300/2300-8.zip', 'text/plain; charset=iso-8859-1application/zip' );
INSERT INTO files ( gid, file, mime ) VALUES ( '2300', 'http://www.gutenberg.org/files/2300/2300-h.zip', 'application/zipapplication/octet-stream' );
INSERT INTO files ( gid, file, mime ) VALUES ( '2300', 'http://www.gutenberg.org/files/2300/2300-h/2300-h.htm', 'text/html' );
INSERT INTO titles ( gid, title, author, language, rights ) VALUES ( '23200', 'The Journal of Negro History, Volume 5, 1920', 'Various', 'en', 'Public domain in the USA.' );
INSERT INTO subjects ( gid, subject ) VALUES ( '23200', 'African Americans -- Periodicals' );
INSERT INTO subjects ( gid, subject ) VALUES ( '23200', 'E151' );
INSERT INTO files ( gid, file, mime ) VALUES ( '23200', 'http://www.gutenberg.org/ebooks/23200.epub.images', 'application/epub+zip' );
INSERT INTO files ( gid, file, mime ) VALUES ( '23200', 'http://www.gutenberg.org/ebooks/23200.epub.noimages', 'application/epub+zip' );
INSERT INTO files ( gid, file, mime ) VALUES ( '23200', 'http://www.gutenberg.org/ebooks/23200.kindle.images', 'application/x-mobipocket-ebook' );
INSERT INTO files ( gid, file, mime ) VALUES ( '23200', 'http://www.gutenberg.org/ebooks/23200.kindle.noimages', 'application/x-mobipocket-ebook' );
INSERT INTO files ( gid, file, mime ) VALUES ( '23200', 'http://www.gutenberg.org/ebooks/23200.rdf', 'application/rdf+xml' );
INSERT INTO files ( gid, file, mime ) VALUES ( '23200', 'http://www.gutenberg.org/ebooks/23200.txt.utf-8', 'text/plain' );
INSERT INTO files ( gid, file, mime ) VALUES ( '23200', 'http://www.gutenberg.org/files/23200/23200-8.txt', 'text/plain; charset=iso-8859-1' );
INSERT INTO files ( gid, file, mime ) VALUES ( '23200', 'http://www.gutenberg.org/files/23200/23200-8.zip', 'text/plain; charset=iso-8859-1application/zip' );
INSERT INTO files ( gid, file, mime ) VALUES ( '23200', 'http://www.gutenberg.org/files/23200/23200-h.zip', 'text/html; charset=iso-8859-1application/zip' );
INSERT INTO files ( gid, file, mime ) VALUES ( '23200', 'http://www.gutenberg.org/files/23200/23200-h/23200-h.htm', 'text/html; charset=iso-8859-1' );
INSERT INTO files ( gid, file, mime ) VALUES ( '23200', 'http://www.gutenberg.org/files/23200/23200.txt', 'text/plain; charset=us-ascii' );
INSERT INTO files ( gid, file, mime ) VALUES ( '23200', 'http://www.gutenberg.org/files/23200/23200.zip', 'application/ziptext/plain; charset=us-ascii' );
INSERT INTO titles ( gid, title, author, language, rights ) VALUES ( '23100', 'A Budget of Paradoxes, Volume I', 'De Morgan, Augustus', 'en', 'Public domain in the USA.' );
INSERT INTO classifications ( gid, classification ) VALUES ( '23100', 'AC' );
INSERT INTO subjects ( gid, subject ) VALUES ( '23100', 'Trisection of angle' );
INSERT INTO subjects ( gid, subject ) VALUES ( '23100', 'Science -- Miscellanea' );
INSERT INTO subjects ( gid, subject ) VALUES ( '23100', 'Perpetual motion' );
INSERT INTO subjects ( gid, subject ) VALUES ( '23100', 'Circle-squaring' );
INSERT INTO files ( gid, file, mime ) VALUES ( '23100', 'http://www.gutenberg.org/ebooks/23100.epub.images', 'application/epub+zip' );
INSERT INTO files ( gid, file, mime ) VALUES ( '23100', 'http://www.gutenberg.org/ebooks/23100.epub.noimages', 'application/epub+zip' );
INSERT INTO files ( gid, file, mime ) VALUES ( '23100', 'http://www.gutenberg.org/ebooks/23100.kindle.images', 'application/x-mobipocket-ebook' );
INSERT INTO files ( gid, file, mime ) VALUES ( '23100', 'http://www.gutenberg.org/ebooks/23100.kindle.noimages', 'application/x-mobipocket-ebook' );
INSERT INTO files ( gid, file, mime ) VALUES ( '23100', 'http://www.gutenberg.org/ebooks/23100.rdf', 'application/rdf+xml' );
INSERT INTO files ( gid, file, mime ) VALUES ( '23100', 'http://www.gutenberg.org/ebooks/23100.txt.utf-8', 'text/plain' );
INSERT INTO files ( gid, file, mime ) VALUES ( '23100', 'http://www.gutenberg.org/files/23100/23100-8.txt', 'text/plain; charset=iso-8859-1' );
INSERT INTO files ( gid, file, mime ) VALUES ( '23100', 'http://www.gutenberg.org/files/23100/23100-8.zip', 'application/ziptext/plain; charset=iso-8859-1' );
INSERT INTO files ( gid, file, mime ) VALUES ( '23100', 'http://www.gutenberg.org/files/23100/23100-h.zip', 'application/ziptext/html; charset=iso-8859-1' );
INSERT INTO files ( gid, file, mime ) VALUES ( '23100', 'http://www.gutenberg.org/files/23100/23100-h/23100-h.htm', 'text/html; charset=iso-8859-1' );
INSERT INTO files ( gid, file, mime ) VALUES ( '23100', 'http://www.gutenberg.org/files/23100/23100.txt', 'text/plain; charset=us-ascii' );
INSERT INTO files ( gid, file, mime ) VALUES ( '23100', 'http://www.gutenberg.org/files/23100/23100.zip', 'text/plain; charset=us-asciiapplication/zip' );
INSERT INTO titles ( gid, title, author, language, rights ) VALUES ( '23300', 'Half-Hours with the Stars A Plain and Easy Guide to the Knowledge of the Constellations', 'Proctor, Richard A. (Richard Anthony)', 'en', 'Public domain in the USA.' );
INSERT INTO classifications ( gid, classification ) VALUES ( '23300', 'QB' );
INSERT INTO subjects ( gid, subject ) VALUES ( '23300', 'Stars -- Atlases' );
INSERT INTO files ( gid, file, mime ) VALUES ( '23300', 'http://www.gutenberg.org/ebooks/23300.epub.images', 'application/epub+zip' );
INSERT INTO files ( gid, file, mime ) VALUES ( '23300', 'http://www.gutenberg.org/ebooks/23300.epub.noimages', 'application/epub+zip' );
INSERT INTO files ( gid, file, mime ) VALUES ( '23300', 'http://www.gutenberg.org/ebooks/23300.kindle.images', 'application/x-mobipocket-ebook' );
INSERT INTO files ( gid, file, mime ) VALUES ( '23300', 'http://www.gutenberg.org/ebooks/23300.kindle.noimages', 'application/x-mobipocket-ebook' );
INSERT INTO files ( gid, file, mime ) VALUES ( '23300', 'http://www.gutenberg.org/ebooks/23300.rdf', 'application/rdf+xml' );
INSERT INTO files ( gid, file, mime ) VALUES ( '23300', 'http://www.gutenberg.org/ebooks/23300.txt.utf-8', 'text/plain' );
INSERT INTO files ( gid, file, mime ) VALUES ( '23300', 'http://www.gutenberg.org/files/23300/23300-8.txt', 'text/plain; charset=iso-8859-1' );
INSERT INTO files ( gid, file, mime ) VALUES ( '23300', 'http://www.gutenberg.org/files/23300/23300-8.zip', 'text/plain; charset=iso-8859-1application/zip' );
INSERT INTO files ( gid, file, mime ) VALUES ( '23300', 'http://www.gutenberg.org/files/23300/23300-h.zip', 'text/html; charset=iso-8859-1application/zip' );
INSERT INTO files ( gid, file, mime ) VALUES ( '23300', 'http://www.gutenberg.org/files/23300/23300-h/23300-h.htm', 'text/html; charset=iso-8859-1' );
INSERT INTO files ( gid, file, mime ) VALUES ( '23300', 'http://www.gutenberg.org/files/23300/23300.txt', 'text/plain; charset=us-ascii' );
INSERT INTO files ( gid, file, mime ) VALUES ( '23300', 'http://www.gutenberg.org/files/23300/23300.zip', 'application/ziptext/plain; charset=us-ascii' );
INSERT INTO titles ( gid, title, author, language, rights ) VALUES ( '23400', 'A Lenda da Meia-Noite', 'Chagas, Manuel Pinheiro', 'pt', 'Public domain in the USA.' );
INSERT INTO classifications ( gid, classification ) VALUES ( '23400', 'PQ' );
INSERT INTO subjects ( gid, subject ) VALUES ( '23400', 'Portuguese fiction -- 19th century' );
INSERT INTO files ( gid, file, mime ) VALUES ( '23400', 'http://www.gutenberg.org/ebooks/23400.epub.images', 'application/epub+zip' );
INSERT INTO files ( gid, file, mime ) VALUES ( '23400', 'http://www.gutenberg.org/ebooks/23400.epub.noimages', 'application/epub+zip' );
INSERT INTO files ( gid, file, mime ) VALUES ( '23400', 'http://www.gutenberg.org/ebooks/23400.kindle.images', 'application/x-mobipocket-ebook' );
INSERT INTO files ( gid, file, mime ) VALUES ( '23400', 'http://www.gutenberg.org/ebooks/23400.kindle.noimages', 'application/x-mobipocket-ebook' );
INSERT INTO files ( gid, file, mime ) VALUES ( '23400', 'http://www.gutenberg.org/ebooks/23400.rdf', 'application/rdf+xml' );
INSERT INTO files ( gid, file, mime ) VALUES ( '23400', 'http://www.gutenberg.org/ebooks/23400.txt.utf-8', 'text/plain' );
INSERT INTO files ( gid, file, mime ) VALUES ( '23400', 'http://www.gutenberg.org/files/23400/23400-8.txt', 'text/plain; charset=iso-8859-1' );
INSERT INTO files ( gid, file, mime ) VALUES ( '23400', 'http://www.gutenberg.org/files/23400/23400-8.zip', 'text/plain; charset=iso-8859-1application/zip' );
INSERT INTO files ( gid, file, mime ) VALUES ( '23400', 'http://www.gutenberg.org/files/23400/23400-h.zip', 'application/ziptext/html; charset=iso-8859-1' );
INSERT INTO files ( gid, file, mime ) VALUES ( '23400', 'http://www.gutenberg.org/files/23400/23400-h/23400-h.htm', 'text/html; charset=iso-8859-1' );
INSERT INTO titles ( gid, title, author, language, rights ) VALUES ( '23600', 'La gaviota', 'Caballero, Fernán', 'es', 'Public domain in the USA.' );
INSERT INTO classifications ( gid, classification ) VALUES ( '23600', 'PQ' );
INSERT INTO subjects ( gid, subject ) VALUES ( '23600', 'Women -- Spain -- Fiction' );
INSERT INTO subjects ( gid, subject ) VALUES ( '23600', 'Spanish fiction -- 19th century' );
INSERT INTO files ( gid, file, mime ) VALUES ( '23600', 'http://www.gutenberg.org/ebooks/23600.epub.images', 'application/epub+zip' );
INSERT INTO files ( gid, file, mime ) VALUES ( '23600', 'http://www.gutenberg.org/ebooks/23600.epub.noimages', 'application/epub+zip' );
INSERT INTO files ( gid, file, mime ) VALUES ( '23600', 'http://www.gutenberg.org/ebooks/23600.kindle.images', 'application/x-mobipocket-ebook' );
INSERT INTO files ( gid, file, mime ) VALUES ( '23600', 'http://www.gutenberg.org/ebooks/23600.kindle.noimages', 'application/x-mobipocket-ebook' );
INSERT INTO files ( gid, file, mime ) VALUES ( '23600', 'http://www.gutenberg.org/ebooks/23600.rdf', 'application/rdf+xml' );
INSERT INTO files ( gid, file, mime ) VALUES ( '23600', 'http://www.gutenberg.org/ebooks/23600.txt.utf-8', 'text/plain' );
INSERT INTO files ( gid, file, mime ) VALUES ( '23600', 'http://www.gutenberg.org/files/23600/23600-8.txt', 'text/plain; charset=iso-8859-1' );
INSERT INTO files ( gid, file, mime ) VALUES ( '23600', 'http://www.gutenberg.org/files/23600/23600-8.zip', 'text/plain; charset=iso-8859-1application/zip' );
INSERT INTO files ( gid, file, mime ) VALUES ( '23600', 'http://www.gutenberg.org/files/23600/23600-h.zip', 'text/html; charset=iso-8859-1application/zip' );
INSERT INTO files ( gid, file, mime ) VALUES ( '23600', 'http://www.gutenberg.org/files/23600/23600-h/23600-h.htm', 'text/html; charset=iso-8859-1' );
INSERT INTO titles ( gid, title, author, language, rights ) VALUES ( '23500', 'The Car of Destiny', 'Williamson, C. N. (Charles Norris)', 'en', 'Public domain in the USA.' );
INSERT INTO classifications ( gid, classification ) VALUES ( '23500', 'PR' );
INSERT INTO subjects ( gid, subject ) VALUES ( '23500', 'Spain -- Fiction' );
INSERT INTO files ( gid, file, mime ) VALUES ( '23500', 'http://www.gutenberg.org/cache/epub/23500/pg23500.cover.medium.jpg', 'image/jpeg' );
INSERT INTO files ( gid, file, mime ) VALUES ( '23500', 'http://www.gutenberg.org/cache/epub/23500/pg23500.cover.small.jpg', 'image/jpeg' );
INSERT INTO files ( gid, file, mime ) VALUES ( '23500', 'http://www.gutenberg.org/ebooks/23500.epub.images', 'application/epub+zip' );
INSERT INTO files ( gid, file, mime ) VALUES ( '23500', 'http://www.gutenberg.org/ebooks/23500.epub.noimages', 'application/epub+zip' );
INSERT INTO files ( gid, file, mime ) VALUES ( '23500', 'http://www.gutenberg.org/ebooks/23500.kindle.images', 'application/x-mobipocket-ebook' );
INSERT INTO files ( gid, file, mime ) VALUES ( '23500', 'http://www.gutenberg.org/ebooks/23500.kindle.noimages', 'application/x-mobipocket-ebook' );
INSERT INTO files ( gid, file, mime ) VALUES ( '23500', 'http://www.gutenberg.org/ebooks/23500.rdf', 'application/rdf+xml' );
INSERT INTO files ( gid, file, mime ) VALUES ( '23500', 'http://www.gutenberg.org/files/23500/23500-0.txt', 'text/plain; charset=utf-8' );
INSERT INTO files ( gid, file, mime ) VALUES ( '23500', 'http://www.gutenberg.org/files/23500/23500-0.zip', 'application/ziptext/plain; charset=utf-8' );
INSERT INTO files ( gid, file, mime ) VALUES ( '23500', 'http://www.gutenberg.org/files/23500/23500-8.txt', 'text/plain; charset=iso-8859-1' );
INSERT INTO files ( gid, file, mime ) VALUES ( '23500', 'http://www.gutenberg.org/files/23500/23500-8.zip', 'application/ziptext/plain; charset=iso-8859-1' );
INSERT INTO files ( gid, file, mime ) VALUES ( '23500', 'http://www.gutenberg.org/files/23500/23500-h.zip', 'application/ziptext/html; charset=utf-8' );
INSERT INTO files ( gid, file, mime ) VALUES ( '23500', 'http://www.gutenberg.org/files/23500/23500-h/23500-h.html', 'text/html; charset=utf-8' );
INSERT INTO files ( gid, file, mime ) VALUES ( '23500', 'http://www.gutenberg.org/files/23500/23500-pdf.pdf', 'application/pdf' );
INSERT INTO files ( gid, file, mime ) VALUES ( '23500', 'http://www.gutenberg.org/files/23500/23500-pdf.zip', 'application/zipapplication/pdf' );
INSERT INTO files ( gid, file, mime ) VALUES ( '23500', 'http://www.gutenberg.org/files/23500/23500-tei.zip', 'application/zipapplication/prs.tei' );
INSERT INTO files ( gid, file, mime ) VALUES ( '23500', 'http://www.gutenberg.org/files/23500/23500-tei/23500-tei.tei', 'application/prs.tei' );
INSERT INTO files ( gid, file, mime ) VALUES ( '23500', 'http://www.gutenberg.org/files/23500/23500.txt', 'text/plain; charset=us-ascii' );
INSERT INTO files ( gid, file, mime ) VALUES ( '23500', 'http://www.gutenberg.org/files/23500/23500.zip', 'text/plain; charset=us-asciiapplication/zip' );
INSERT INTO titles ( gid, title, author, language, rights ) VALUES ( '23700', 'The Decameron of Giovanni Boccaccio', 'Boccaccio, Giovanni', 'en', 'Public domain in the USA.' );
INSERT INTO classifications ( gid, classification ) VALUES ( '23700', 'PQ' );
INSERT INTO subjects ( gid, subject ) VALUES ( '23700', 'Allegories' );
INSERT INTO subjects ( gid, subject ) VALUES ( '23700', 'Frame-stories' );
INSERT INTO subjects ( gid, subject ) VALUES ( '23700', 'Plague -- Europe -- History -- Fiction' );
INSERT INTO subjects ( gid, subject ) VALUES ( '23700', 'Storytelling -- Fiction' );
INSERT INTO files ( gid, file, mime ) VALUES ( '23700', 'http://www.gutenberg.org/cache/epub/23700/pg23700.cover.medium.jpg', 'image/jpeg' );
INSERT INTO files ( gid, file, mime ) VALUES ( '23700', 'http://www.gutenberg.org/cache/epub/23700/pg23700.cover.small.jpg', 'image/jpeg' );
INSERT INTO files ( gid, file, mime ) VALUES ( '23700', 'http://www.gutenberg.org/ebooks/23700.epub.images', 'application/epub+zip' );
INSERT INTO files ( gid, file, mime ) VALUES ( '23700', 'http://www.gutenberg.org/ebooks/23700.epub.noimages', 'application/epub+zip' );
INSERT INTO files ( gid, file, mime ) VALUES ( '23700', 'http://www.gutenberg.org/ebooks/23700.kindle.images', 'application/x-mobipocket-ebook' );
INSERT INTO files ( gid, file, mime ) VALUES ( '23700', 'http://www.gutenberg.org/ebooks/23700.kindle.noimages', 'application/x-mobipocket-ebook' );
INSERT INTO files ( gid, file, mime ) VALUES ( '23700', 'http://www.gutenberg.org/ebooks/23700.rdf', 'application/rdf+xml' );
INSERT INTO files ( gid, file, mime ) VALUES ( '23700', 'http://www.gutenberg.org/ebooks/23700.txt.utf-8', 'text/plain' );
INSERT INTO files ( gid, file, mime ) VALUES ( '23700', 'http://www.gutenberg.org/files/23700/23700-8.txt', 'text/plain; charset=iso-8859-1' );
INSERT INTO files ( gid, file, mime ) VALUES ( '23700', 'http://www.gutenberg.org/files/23700/23700-8.zip', 'text/plain; charset=iso-8859-1application/zip' );
INSERT INTO files ( gid, file, mime ) VALUES ( '23700', 'http://www.gutenberg.org/files/23700/23700-h.zip', 'application/ziptext/html; charset=iso-8859-1' );
INSERT INTO files ( gid, file, mime ) VALUES ( '23700', 'http://www.gutenberg.org/files/23700/23700-h/23700-h.htm', 'text/html; charset=iso-8859-1' );
INSERT INTO files ( gid, file, mime ) VALUES ( '23700', 'http://www.gutenberg.org/files/23700/23700.txt', 'text/plain; charset=us-ascii' );
INSERT INTO files ( gid, file, mime ) VALUES ( '23700', 'http://www.gutenberg.org/files/23700/23700.zip', 'application/ziptext/plain; charset=us-ascii' );
INSERT INTO titles ( gid, title, author, language, rights ) VALUES ( '23800', 'Contemporary American Composers Being a Study of the Music of This Country, Its Present Conditions and Its Future, with Critical Estimates and Biographies of the Principal Living Composers; and an Abundance of Portraits, Fac-simile Musical Autographs, and Compositions', 'Hughes, Rupert', 'en', 'Public domain in the USA.' );
INSERT INTO classifications ( gid, classification ) VALUES ( '23800', 'ML' );
INSERT INTO subjects ( gid, subject ) VALUES ( '23800', 'Music -- United States -- History and criticism' );
INSERT INTO subjects ( gid, subject ) VALUES ( '23800', 'Composers -- United States -- Biography' );
INSERT INTO files ( gid, file, mime ) VALUES ( '23800', 'http://www.gutenberg.org/ebooks/23800.epub.images', 'application/epub+zip' );
INSERT INTO files ( gid, file, mime ) VALUES ( '23800', 'http://www.gutenberg.org/ebooks/23800.epub.noimages', 'application/epub+zip' );
INSERT INTO files ( gid, file, mime ) VALUES ( '23800', 'http://www.gutenberg.org/ebooks/23800.kindle.images', 'application/x-mobipocket-ebook' );
INSERT INTO files ( gid, file, mime ) VALUES ( '23800', 'http://www.gutenberg.org/ebooks/23800.kindle.noimages', 'application/x-mobipocket-ebook' );
INSERT INTO files ( gid, file, mime ) VALUES ( '23800', 'http://www.gutenberg.org/ebooks/23800.rdf', 'application/rdf+xml' );
INSERT INTO files ( gid, file, mime ) VALUES ( '23800', 'http://www.gutenberg.org/ebooks/23800.txt.utf-8', 'text/plain' );
INSERT INTO files ( gid, file, mime ) VALUES ( '23800', 'http://www.gutenberg.org/files/23800/23800-8.txt', 'text/plain; charset=iso-8859-1' );
INSERT INTO files ( gid, file, mime ) VALUES ( '23800', 'http://www.gutenberg.org/files/23800/23800-8.zip', 'application/ziptext/plain; charset=iso-8859-1' );
INSERT INTO files ( gid, file, mime ) VALUES ( '23800', 'http://www.gutenberg.org/files/23800/23800-h.zip', 'application/ziptext/html; charset=iso-8859-1' );
INSERT INTO files ( gid, file, mime ) VALUES ( '23800', 'http://www.gutenberg.org/files/23800/23800-h/23800-h.htm', 'text/html; charset=iso-8859-1' );
INSERT INTO files ( gid, file, mime ) VALUES ( '23800', 'http://www.gutenberg.org/files/23800/23800-h/music/arabesque.midi', 'audio/midi' );
INSERT INTO files ( gid, file, mime ) VALUES ( '23800', 'http://www.gutenberg.org/files/23800/23800-h/music/ballade.midi', 'audio/midi' );
INSERT INTO files ( gid, file, mime ) VALUES ( '23800', 'http://www.gutenberg.org/files/23800/23800-h/music/blackriders.midi', 'audio/midi' );
INSERT INTO files ( gid, file, mime ) VALUES ( '23800', 'http://www.gutenberg.org/files/23800/23800-h/music/clairdelune.midi', 'audio/midi' );
INSERT INTO files ( gid, file, mime ) VALUES ( '23800', 'http://www.gutenberg.org/files/23800/23800-h/music/diestunde.midi', 'audio/midi' );
INSERT INTO files ( gid, file, mime ) VALUES ( '23800', 'http://www.gutenberg.org/files/23800/23800-h/music/elcapitan.midi', 'audio/midi' );
INSERT INTO files ( gid, file, mime ) VALUES ( '23800', 'http://www.gutenberg.org/files/23800/23800-h/music/folksong.midi', 'audio/midi' );
INSERT INTO files ( gid, file, mime ) VALUES ( '23800', 'http://www.gutenberg.org/files/23800/23800-h/music/ghosts.midi', 'audio/midi' );
INSERT INTO files ( gid, file, mime ) VALUES ( '23800', 'http://www.gutenberg.org/files/23800/23800-h/music/herbstgefuhl.midi', 'audio/midi' );
INSERT INTO files ( gid, file, mime ) VALUES ( '23800', 'http://www.gutenberg.org/files/23800/23800-h/music/idyllesherwood.midi', 'audio/midi' );
INSERT INTO files ( gid, file, mime ) VALUES ( '23800', 'http://www.gutenberg.org/files/23800/23800-h/music/idyllewhiting.midi', 'audio/midi' );
INSERT INTO files ( gid, file, mime ) VALUES ( '23800', 'http://www.gutenberg.org/files/23800/23800-h/music/israfel.midi', 'audio/midi' );
INSERT INTO files ( gid, file, mime ) VALUES ( '23800', 'http://www.gutenberg.org/files/23800/23800-h/music/julia.midi', 'audio/midi' );
INSERT INTO files ( gid, file, mime ) VALUES ( '23800', 'http://www.gutenberg.org/files/23800/23800-h/music/lover.midi', 'audio/midi' );
INSERT INTO files ( gid, file, mime ) VALUES ( '23800', 'http://www.gutenberg.org/files/23800/23800-h/music/lovesong.midi', 'audio/midi' );
INSERT INTO files ( gid, file, mime ) VALUES ( '23800', 'http://www.gutenberg.org/files/23800/23800-h/music/montezuma.midi', 'audio/midi' );
INSERT INTO files ( gid, file, mime ) VALUES ( '23800', 'http://www.gutenberg.org/files/23800/23800-h/music/oedipus.midi', 'audio/midi' );
INSERT INTO files ( gid, file, mime ) VALUES ( '23800', 'http://www.gutenberg.org/files/23800/23800-h/music/omar.midi', 'audio/midi' );
INSERT INTO files ( gid, file, mime ) VALUES ( '23800', 'http://www.gutenberg.org/files/23800/23800-h/music/pan.midi', 'audio/midi' );
INSERT INTO files ( gid, file, mime ) VALUES ( '23800', 'http://www.gutenberg.org/files/23800/23800-h/music/peace.midi', 'audio/midi' );
INSERT INTO files ( gid, file, mime ) VALUES ( '23800', 'http://www.gutenberg.org/files/23800/23800-h/music/phantoms.midi', 'audio/midi' );
INSERT INTO files ( gid, file, mime ) VALUES ( '23800', 'http://www.gutenberg.org/files/23800/23800-h/music/sandalphon.midi', 'audio/midi' );
INSERT INTO files ( gid, file, mime ) VALUES ( '23800', 'http://www.gutenberg.org/files/23800/23800-h/music/spring.midi', 'audio/midi' );
INSERT INTO files ( gid, file, mime ) VALUES ( '23800', 'http://www.gutenberg.org/files/23800/23800-h/music/springs.midi', 'audio/midi' );
INSERT INTO files ( gid, file, mime ) VALUES ( '23800', 'http://www.gutenberg.org/files/23800/23800-h/music/whenlove.midi', 'audio/midi' );
INSERT INTO files ( gid, file, mime ) VALUES ( '23800', 'http://www.gutenberg.org/files/23800/23800.txt', 'text/plain; charset=us-ascii' );
INSERT INTO files ( gid, file, mime ) VALUES ( '23800', 'http://www.gutenberg.org/files/23800/23800.zip', 'application/ziptext/plain; charset=us-ascii' );
INSERT INTO titles ( gid, title, author, language, rights ) VALUES ( '23900', 'In Flanders Fields', 'McCrae, John', 'en', 'Public domain in the USA.' );
INSERT INTO classifications ( gid, classification ) VALUES ( '23900', 'PS' );
INSERT INTO subjects ( gid, subject ) VALUES ( '23900', 'World War, 1914-1918 -- Poetry' );
INSERT INTO files ( gid, file, mime ) VALUES ( '23900', 'http://www.gutenberg.org/ebooks/23900.rdf', 'application/rdf+xml' );
INSERT INTO files ( gid, file, mime ) VALUES ( '23900', 'http://www.gutenberg.org/files/23900/23900-index.html', 'text/html' );
INSERT INTO files ( gid, file, mime ) VALUES ( '23900', 'http://www.gutenberg.org/files/23900/23900-readme.txt', 'text/plain' );
INSERT INTO files ( gid, file, mime ) VALUES ( '23900', 'http://www.gutenberg.org/files/23900/m4b/23900-01.m4b', 'audio/mp4' );
INSERT INTO files ( gid, file, mime ) VALUES ( '23900', 'http://www.gutenberg.org/files/23900/m4b/23900-02.m4b', 'audio/mp4' );
INSERT INTO files ( gid, file, mime ) VALUES ( '23900', 'http://www.gutenberg.org/files/23900/m4b/23900-03.m4b', 'audio/mp4' );
INSERT INTO files ( gid, file, mime ) VALUES ( '23900', 'http://www.gutenberg.org/files/23900/m4b/23900-04.m4b', 'audio/mp4' );
INSERT INTO files ( gid, file, mime ) VALUES ( '23900', 'http://www.gutenberg.org/files/23900/m4b/23900-05.m4b', 'audio/mp4' );
INSERT INTO files ( gid, file, mime ) VALUES ( '23900', 'http://www.gutenberg.org/files/23900/m4b/23900-06.m4b', 'audio/mp4' );
INSERT INTO files ( gid, file, mime ) VALUES ( '23900', 'http://www.gutenberg.org/files/23900/m4b/23900-07.m4b', 'audio/mp4' );
INSERT INTO files ( gid, file, mime ) VALUES ( '23900', 'http://www.gutenberg.org/files/23900/m4b/23900-08.m4b', 'audio/mp4' );
INSERT INTO files ( gid, file, mime ) VALUES ( '23900', 'http://www.gutenberg.org/files/23900/mp3/23900-01.mp3', 'audio/mpeg' );
INSERT INTO files ( gid, file, mime ) VALUES ( '23900', 'http://www.gutenberg.org/files/23900/mp3/23900-02.mp3', 'audio/mpeg' );
INSERT INTO files ( gid, file, mime ) VALUES ( '23900', 'http://www.gutenberg.org/files/23900/mp3/23900-03.mp3', 'audio/mpeg' );
INSERT INTO files ( gid, file, mime ) VALUES ( '23900', 'http://www.gutenberg.org/files/23900/mp3/23900-04.mp3', 'audio/mpeg' );
INSERT INTO files ( gid, file, mime ) VALUES ( '23900', 'http://www.gutenberg.org/files/23900/mp3/23900-05.mp3', 'audio/mpeg' );
INSERT INTO files ( gid, file, mime ) VALUES ( '23900', 'http://www.gutenberg.org/files/23900/mp3/23900-06.mp3', 'audio/mpeg' );
INSERT INTO files ( gid, file, mime ) VALUES ( '23900', 'http://www.gutenberg.org/files/23900/mp3/23900-07.mp3', 'audio/mpeg' );
INSERT INTO files ( gid, file, mime ) VALUES ( '23900', 'http://www.gutenberg.org/files/23900/mp3/23900-08.mp3', 'audio/mpeg' );
INSERT INTO files ( gid, file, mime ) VALUES ( '23900', 'http://www.gutenberg.org/files/23900/ogg/23900-01.ogg', 'audio/ogg' );
INSERT INTO files ( gid, file, mime ) VALUES ( '23900', 'http://www.gutenberg.org/files/23900/ogg/23900-02.ogg', 'audio/ogg' );
INSERT INTO files ( gid, file, mime ) VALUES ( '23900', 'http://www.gutenberg.org/files/23900/ogg/23900-03.ogg', 'audio/ogg' );
INSERT INTO files ( gid, file, mime ) VALUES ( '23900', 'http://www.gutenberg.org/files/23900/ogg/23900-04.ogg', 'audio/ogg' );
INSERT INTO files ( gid, file, mime ) VALUES ( '23900', 'http://www.gutenberg.org/files/23900/ogg/23900-05.ogg', 'audio/ogg' );
INSERT INTO files ( gid, file, mime ) VALUES ( '23900', 'http://www.gutenberg.org/files/23900/ogg/23900-06.ogg', 'audio/ogg' );
INSERT INTO files ( gid, file, mime ) VALUES ( '23900', 'http://www.gutenberg.org/files/23900/ogg/23900-07.ogg', 'audio/ogg' );
INSERT INTO files ( gid, file, mime ) VALUES ( '23900', 'http://www.gutenberg.org/files/23900/ogg/23900-08.ogg', 'audio/ogg' );
INSERT INTO files ( gid, file, mime ) VALUES ( '23900', 'http://www.gutenberg.org/files/23900/spx/23900-01.spx', 'audio/ogg' );
INSERT INTO files ( gid, file, mime ) VALUES ( '23900', 'http://www.gutenberg.org/files/23900/spx/23900-02.spx', 'audio/ogg' );
INSERT INTO files ( gid, file, mime ) VALUES ( '23900', 'http://www.gutenberg.org/files/23900/spx/23900-03.spx', 'audio/ogg' );
INSERT INTO files ( gid, file, mime ) VALUES ( '23900', 'http://www.gutenberg.org/files/23900/spx/23900-04.spx', 'audio/ogg' );
INSERT INTO files ( gid, file, mime ) VALUES ( '23900', 'http://www.gutenberg.org/files/23900/spx/23900-05.spx', 'audio/ogg' );
INSERT INTO files ( gid, file, mime ) VALUES ( '23900', 'http://www.gutenberg.org/files/23900/spx/23900-06.spx', 'audio/ogg' );
INSERT INTO files ( gid, file, mime ) VALUES ( '23900', 'http://www.gutenberg.org/files/23900/spx/23900-07.spx', 'audio/ogg' );
INSERT INTO files ( gid, file, mime ) VALUES ( '23900', 'http://www.gutenberg.org/files/23900/spx/23900-08.spx', 'audio/ogg' );
INSERT INTO titles ( gid, title, author, language, rights ) VALUES ( '24000', 'Miss Mackenzie', 'Trollope, Anthony', 'en', 'Public domain in the USA.' );
INSERT INTO classifications ( gid, classification ) VALUES ( '24000', 'PR' );
INSERT INTO subjects ( gid, subject ) VALUES ( '24000', 'Courtship -- Fiction' );
INSERT INTO subjects ( gid, subject ) VALUES ( '24000', 'Inheritance and succession -- Fiction' );
INSERT INTO subjects ( gid, subject ) VALUES ( '24000', 'Single women -- Fiction' );
INSERT INTO subjects ( gid, subject ) VALUES ( '24000', 'Love stories' );
INSERT INTO subjects ( gid, subject ) VALUES ( '24000', 'England -- Fiction' );
INSERT INTO files ( gid, file, mime ) VALUES ( '24000', 'http://www.gutenberg.org/ebooks/24000.epub.images', 'application/epub+zip' );
INSERT INTO files ( gid, file, mime ) VALUES ( '24000', 'http://www.gutenberg.org/ebooks/24000.epub.noimages', 'application/epub+zip' );
INSERT INTO files ( gid, file, mime ) VALUES ( '24000', 'http://www.gutenberg.org/ebooks/24000.kindle.images', 'application/x-mobipocket-ebook' );
INSERT INTO files ( gid, file, mime ) VALUES ( '24000', 'http://www.gutenberg.org/ebooks/24000.kindle.noimages', 'application/x-mobipocket-ebook' );
INSERT INTO files ( gid, file, mime ) VALUES ( '24000', 'http://www.gutenberg.org/ebooks/24000.rdf', 'application/rdf+xml' );
INSERT INTO files ( gid, file, mime ) VALUES ( '24000', 'http://www.gutenberg.org/ebooks/24000.txt.utf-8', 'text/plain' );
INSERT INTO files ( gid, file, mime ) VALUES ( '24000', 'http://www.gutenberg.org/files/24000/24000-8.txt', 'text/plain; charset=iso-8859-1' );
INSERT INTO files ( gid, file, mime ) VALUES ( '24000', 'http://www.gutenberg.org/files/24000/24000-8.zip', 'application/ziptext/plain; charset=iso-8859-1' );
INSERT INTO files ( gid, file, mime ) VALUES ( '24000', 'http://www.gutenberg.org/files/24000/24000-h.zip', 'application/ziptext/html; charset=iso-8859-1' );
INSERT INTO files ( gid, file, mime ) VALUES ( '24000', 'http://www.gutenberg.org/files/24000/24000-h/24000-h.htm', 'text/html; charset=iso-8859-1' );
INSERT INTO files ( gid, file, mime ) VALUES ( '24000', 'http://www.gutenberg.org/files/24000/24000.txt', 'text/plain; charset=us-ascii' );
INSERT INTO files ( gid, file, mime ) VALUES ( '24000', 'http://www.gutenberg.org/files/24000/24000.zip', 'text/plain; charset=us-asciiapplication/zip' );
INSERT INTO titles ( gid, title, author, language, rights ) VALUES ( '2400', 'Vikram and the Vampire: Classic Hindu Tales of Adventure, Magic, and Romance', 'Burton, Richard Francis, Sir', 'en', 'Public domain in the USA.' );
INSERT INTO classifications ( gid, classification ) VALUES ( '2400', 'GR' );
INSERT INTO subjects ( gid, subject ) VALUES ( '2400', 'Tales -- India' );
INSERT INTO subjects ( gid, subject ) VALUES ( '2400', 'Vampires -- India -- Folklore' );
INSERT INTO subjects ( gid, subject ) VALUES ( '2400', 'Hindus -- Folklore' );
INSERT INTO files ( gid, file, mime ) VALUES ( '2400', 'http://www.gutenberg.org/ebooks/2400.epub.images', 'application/epub+zip' );
INSERT INTO files ( gid, file, mime ) VALUES ( '2400', 'http://www.gutenberg.org/ebooks/2400.epub.noimages', 'application/epub+zip' );
INSERT INTO files ( gid, file, mime ) VALUES ( '2400', 'http://www.gutenberg.org/ebooks/2400.kindle.images', 'application/x-mobipocket-ebook' );
INSERT INTO files ( gid, file, mime ) VALUES ( '2400', 'http://www.gutenberg.org/ebooks/2400.kindle.noimages', 'application/x-mobipocket-ebook' );
INSERT INTO files ( gid, file, mime ) VALUES ( '2400', 'http://www.gutenberg.org/ebooks/2400.rdf', 'application/rdf+xml' );
INSERT INTO files ( gid, file, mime ) VALUES ( '2400', 'http://www.gutenberg.org/files/2400/2400-0.txt', 'text/plain; charset=utf-8' );
INSERT INTO files ( gid, file, mime ) VALUES ( '2400', 'http://www.gutenberg.org/files/2400/2400-0.zip', 'text/plain; charset=utf-8application/zip' );
INSERT INTO files ( gid, file, mime ) VALUES ( '2400', 'http://www.gutenberg.org/files/2400/2400-h.zip', 'text/html; charset=utf-8application/zip' );
INSERT INTO files ( gid, file, mime ) VALUES ( '2400', 'http://www.gutenberg.org/files/2400/2400-h/2400-h.htm', 'text/html; charset=utf-8' );
INSERT INTO files ( gid, file, mime ) VALUES ( '2400', 'http://www.gutenberg.org/files/2400/2400.txt', 'text/plain; charset=us-ascii' );
INSERT INTO files ( gid, file, mime ) VALUES ( '2400', 'http://www.gutenberg.org/files/2400/2400.zip', 'text/plain; charset=us-asciiapplication/zip' );
INSERT INTO titles ( gid, title, author, language, rights ) VALUES ( '24100', 'Jephthas bok En Minnes-Sång i Israël', 'Nervander, Johan Jacob', 'sv', 'Public domain in the USA.' );
INSERT INTO classifications ( gid, classification ) VALUES ( '24100', 'PT' );
INSERT INTO subjects ( gid, subject ) VALUES ( '24100', 'Bible -- History of Biblical events -- Poetry' );
INSERT INTO files ( gid, file, mime ) VALUES ( '24100', 'http://www.gutenberg.org/ebooks/24100.epub.images', 'application/epub+zip' );
INSERT INTO files ( gid, file, mime ) VALUES ( '24100', 'http://www.gutenberg.org/ebooks/24100.epub.noimages', 'application/epub+zip' );
INSERT INTO files ( gid, file, mime ) VALUES ( '24100', 'http://www.gutenberg.org/ebooks/24100.html.images', 'text/html' );
INSERT INTO files ( gid, file, mime ) VALUES ( '24100', 'http://www.gutenberg.org/ebooks/24100.html.noimages', 'text/html' );
INSERT INTO files ( gid, file, mime ) VALUES ( '24100', 'http://www.gutenberg.org/ebooks/24100.kindle.images', 'application/x-mobipocket-ebook' );
INSERT INTO files ( gid, file, mime ) VALUES ( '24100', 'http://www.gutenberg.org/ebooks/24100.kindle.noimages', 'application/x-mobipocket-ebook' );
INSERT INTO files ( gid, file, mime ) VALUES ( '24100', 'http://www.gutenberg.org/ebooks/24100.rdf', 'application/rdf+xml' );
INSERT INTO files ( gid, file, mime ) VALUES ( '24100', 'http://www.gutenberg.org/ebooks/24100.txt.utf-8', 'text/plain' );
INSERT INTO files ( gid, file, mime ) VALUES ( '24100', 'http://www.gutenberg.org/files/24100/24100-8.txt', 'text/plain; charset=iso-8859-1' );
INSERT INTO files ( gid, file, mime ) VALUES ( '24100', 'http://www.gutenberg.org/files/24100/24100-8.zip', 'text/plain; charset=iso-8859-1application/zip' );
INSERT INTO titles ( gid, title, author, language, rights ) VALUES ( '38200', '', '', 'en', 'Public domain in the USA.' );
INSERT INTO files ( gid, file, mime ) VALUES ( '38200', 'http://www.gutenberg.org/ebooks/38200.kindle.images', 'application/x-mobipocket-ebook' );
INSERT INTO files ( gid, file, mime ) VALUES ( '38200', 'http://www.gutenberg.org/ebooks/38200.kindle.noimages', 'application/x-mobipocket-ebook' );
INSERT INTO files ( gid, file, mime ) VALUES ( '38200', 'http://www.gutenberg.org/ebooks/38200.rdf', 'application/rdf+xml' );
INSERT INTO titles ( gid, title, author, language, rights ) VALUES ( '24200', 'American Men of Mind', 'Stevenson, Burton Egbert', 'en', 'Public domain in the USA.' );
INSERT INTO classifications ( gid, classification ) VALUES ( '24200', 'CT' );
INSERT INTO subjects ( gid, subject ) VALUES ( '24200', 'United States -- Biography' );
INSERT INTO files ( gid, file, mime ) VALUES ( '24200', 'http://www.gutenberg.org/ebooks/24200.epub.images', 'application/epub+zip' );
INSERT INTO files ( gid, file, mime ) VALUES ( '24200', 'http://www.gutenberg.org/ebooks/24200.epub.noimages', 'application/epub+zip' );
INSERT INTO files ( gid, file, mime ) VALUES ( '24200', 'http://www.gutenberg.org/ebooks/24200.kindle.images', 'application/x-mobipocket-ebook' );
INSERT INTO files ( gid, file, mime ) VALUES ( '24200', 'http://www.gutenberg.org/ebooks/24200.kindle.noimages', 'application/x-mobipocket-ebook' );
INSERT INTO files ( gid, file, mime ) VALUES ( '24200', 'http://www.gutenberg.org/ebooks/24200.rdf', 'application/rdf+xml' );
INSERT INTO files ( gid, file, mime ) VALUES ( '24200', 'http://www.gutenberg.org/ebooks/24200.txt.utf-8', 'text/plain' );
INSERT INTO files ( gid, file, mime ) VALUES ( '24200', 'http://www.gutenberg.org/files/24200/24200-8.txt', 'text/plain; charset=iso-8859-1' );
INSERT INTO files ( gid, file, mime ) VALUES ( '24200', 'http://www.gutenberg.org/files/24200/24200-8.zip', 'application/ziptext/plain; charset=iso-8859-1' );
INSERT INTO files ( gid, file, mime ) VALUES ( '24200', 'http://www.gutenberg.org/files/24200/24200-h.zip', 'application/ziptext/html; charset=iso-8859-1' );
INSERT INTO files ( gid, file, mime ) VALUES ( '24200', 'http://www.gutenberg.org/files/24200/24200-h/24200-h.htm', 'text/html; charset=iso-8859-1' );
INSERT INTO files ( gid, file, mime ) VALUES ( '24200', 'http://www.gutenberg.org/files/24200/24200.txt', 'text/plain; charset=us-ascii' );
INSERT INTO files ( gid, file, mime ) VALUES ( '24200', 'http://www.gutenberg.org/files/24200/24200.zip', 'application/ziptext/plain; charset=us-ascii' );
INSERT INTO titles ( gid, title, author, language, rights ) VALUES ( '24300', 'La danse macabre des femmes toute hystoriee et augmentee de plusieurs personnages et beaux dictz en latin et francoys', 'Anonymous', 'fr', 'Public domain in the USA.' );
INSERT INTO classifications ( gid, classification ) VALUES ( '24300', 'PQ' );
INSERT INTO subjects ( gid, subject ) VALUES ( '24300', 'French poetry -- To 1500' );
INSERT INTO subjects ( gid, subject ) VALUES ( '24300', 'Dialogues, French' );
INSERT INTO subjects ( gid, subject ) VALUES ( '24300', 'Women -- Poetry' );
INSERT INTO subjects ( gid, subject ) VALUES ( '24300', 'Death -- Poetry' );
INSERT INTO subjects ( gid, subject ) VALUES ( '24300', 'French literature -- To 1500' );
INSERT INTO files ( gid, file, mime ) VALUES ( '24300', 'http://www.gutenberg.org/ebooks/24300.epub.images', 'application/epub+zip' );
INSERT INTO files ( gid, file, mime ) VALUES ( '24300', 'http://www.gutenberg.org/ebooks/24300.epub.noimages', 'application/epub+zip' );
INSERT INTO files ( gid, file, mime ) VALUES ( '24300', 'http://www.gutenberg.org/ebooks/24300.kindle.images', 'application/x-mobipocket-ebook' );
INSERT INTO files ( gid, file, mime ) VALUES ( '24300', 'http://www.gutenberg.org/ebooks/24300.kindle.noimages', 'application/x-mobipocket-ebook' );
INSERT INTO files ( gid, file, mime ) VALUES ( '24300', 'http://www.gutenberg.org/ebooks/24300.rdf', 'application/rdf+xml' );
INSERT INTO files ( gid, file, mime ) VALUES ( '24300', 'http://www.gutenberg.org/ebooks/24300.txt.utf-8', 'text/plain' );
INSERT INTO files ( gid, file, mime ) VALUES ( '24300', 'http://www.gutenberg.org/files/24300/24300-8.txt', 'text/plain; charset=iso-8859-1' );
INSERT INTO files ( gid, file, mime ) VALUES ( '24300', 'http://www.gutenberg.org/files/24300/24300-8.zip', 'application/ziptext/plain; charset=iso-8859-1' );
INSERT INTO files ( gid, file, mime ) VALUES ( '24300', 'http://www.gutenberg.org/files/24300/24300-h.zip', 'application/ziptext/html; charset=iso-8859-1' );
INSERT INTO files ( gid, file, mime ) VALUES ( '24300', 'http://www.gutenberg.org/files/24300/24300-h/24300-h.htm', 'text/html; charset=iso-8859-1' );
INSERT INTO titles ( gid, title, author, language, rights ) VALUES ( '24400', 'The Adventures of the Chevalier De La Salle and His Companions, in Their Explorations of the Prairies, Forests, Lakes, and Rivers, of the New World, and Their Interviews with the Savage Tribes, Two Hundred Years Ago', 'Abbott, John S. C. (John Stevens Cabot)', 'en', 'Public domain in the USA.' );
INSERT INTO subjects ( gid, subject ) VALUES ( '24400', 'Mississippi River Valley -- Discovery and exploration' );
INSERT INTO subjects ( gid, subject ) VALUES ( '24400', 'La Salle, Robert Cavelier, sieur de, 1643-1687' );
INSERT INTO subjects ( gid, subject ) VALUES ( '24400', 'F975' );
INSERT INTO subjects ( gid, subject ) VALUES ( '24400', 'New France -- Discovery and exploration' );
INSERT INTO files ( gid, file, mime ) VALUES ( '24400', 'http://www.gutenberg.org/ebooks/24400.epub.images', 'application/epub+zip' );
INSERT INTO files ( gid, file, mime ) VALUES ( '24400', 'http://www.gutenberg.org/ebooks/24400.epub.noimages', 'application/epub+zip' );
INSERT INTO files ( gid, file, mime ) VALUES ( '24400', 'http://www.gutenberg.org/ebooks/24400.kindle.images', 'application/x-mobipocket-ebook' );
INSERT INTO files ( gid, file, mime ) VALUES ( '24400', 'http://www.gutenberg.org/ebooks/24400.kindle.noimages', 'application/x-mobipocket-ebook' );
INSERT INTO files ( gid, file, mime ) VALUES ( '24400', 'http://www.gutenberg.org/ebooks/24400.rdf', 'application/rdf+xml' );
INSERT INTO files ( gid, file, mime ) VALUES ( '24400', 'http://www.gutenberg.org/ebooks/24400.txt.utf-8', 'text/plain' );
INSERT INTO files ( gid, file, mime ) VALUES ( '24400', 'http://www.gutenberg.org/files/24400/24400-8.txt', 'text/plain; charset=iso-8859-1' );
INSERT INTO files ( gid, file, mime ) VALUES ( '24400', 'http://www.gutenberg.org/files/24400/24400-8.zip', 'text/plain; charset=iso-8859-1application/zip' );
INSERT INTO files ( gid, file, mime ) VALUES ( '24400', 'http://www.gutenberg.org/files/24400/24400-h.zip', 'application/ziptext/html; charset=iso-8859-1' );
INSERT INTO files ( gid, file, mime ) VALUES ( '24400', 'http://www.gutenberg.org/files/24400/24400-h/24400-h.htm', 'text/html; charset=iso-8859-1' );
INSERT INTO files ( gid, file, mime ) VALUES ( '24400', 'http://www.gutenberg.org/files/24400/24400.txt', 'text/plain; charset=us-ascii' );
INSERT INTO files ( gid, file, mime ) VALUES ( '24400', 'http://www.gutenberg.org/files/24400/24400.zip', 'application/ziptext/plain; charset=us-ascii' );
INSERT INTO titles ( gid, title, author, language, rights ) VALUES ( '24500', 'Shakespeare''s Lost Years in London, 1586-1592', 'Acheson, Arthur', 'en', 'Public domain in the USA.' );
INSERT INTO classifications ( gid, classification ) VALUES ( '24500', 'PR' );
INSERT INTO subjects ( gid, subject ) VALUES ( '24500', 'Shakespeare, William, 1564-1616 -- Homes and haunts -- England -- London' );
INSERT INTO subjects ( gid, subject ) VALUES ( '24500', 'London (England) -- Intellectual life -- 16th century' );
INSERT INTO subjects ( gid, subject ) VALUES ( '24500', 'Florio, John, 1553?-1625 -- Friends and associates' );
INSERT INTO subjects ( gid, subject ) VALUES ( '24500', 'Dramatists, English -- Homes and haunts -- England -- London' );
INSERT INTO subjects ( gid, subject ) VALUES ( '24500', 'Shakespeare, William, 1564-1616 -- Characters -- Falstaff' );
INSERT INTO subjects ( gid, subject ) VALUES ( '24500', 'Falstaff, John, Sir (Fictitious character)' );
INSERT INTO subjects ( gid, subject ) VALUES ( '24500', 'Southampton, Henry Wriothesley, Earl of, 1573-1624 -- Friends and associates' );
INSERT INTO subjects ( gid, subject ) VALUES ( '24500', 'Dramatists, English -- Early modern, 1500-1700 -- Biography' );
INSERT INTO files ( gid, file, mime ) VALUES ( '24500', 'http://www.gutenberg.org/ebooks/24500.epub.images', 'application/epub+zip' );
INSERT INTO files ( gid, file, mime ) VALUES ( '24500', 'http://www.gutenberg.org/ebooks/24500.epub.noimages', 'application/epub+zip' );
INSERT INTO files ( gid, file, mime ) VALUES ( '24500', 'http://www.gutenberg.org/ebooks/24500.kindle.images', 'application/x-mobipocket-ebook' );
INSERT INTO files ( gid, file, mime ) VALUES ( '24500', 'http://www.gutenberg.org/ebooks/24500.kindle.noimages', 'application/x-mobipocket-ebook' );
INSERT INTO files ( gid, file, mime ) VALUES ( '24500', 'http://www.gutenberg.org/ebooks/24500.rdf', 'application/rdf+xml' );
INSERT INTO files ( gid, file, mime ) VALUES ( '24500', 'http://www.gutenberg.org/ebooks/24500.txt.utf-8', 'text/plain' );
INSERT INTO files ( gid, file, mime ) VALUES ( '24500', 'http://www.gutenberg.org/files/24500/24500-8.txt', 'text/plain; charset=iso-8859-1' );
INSERT INTO files ( gid, file, mime ) VALUES ( '24500', 'http://www.gutenberg.org/files/24500/24500-8.zip', 'application/ziptext/plain; charset=iso-8859-1' );
INSERT INTO files ( gid, file, mime ) VALUES ( '24500', 'http://www.gutenberg.org/files/24500/24500-h.zip', 'application/ziptext/html; charset=iso-8859-1' );
INSERT INTO files ( gid, file, mime ) VALUES ( '24500', 'http://www.gutenberg.org/files/24500/24500-h/24500-h.htm', 'text/html; charset=iso-8859-1' );
INSERT INTO files ( gid, file, mime ) VALUES ( '24500', 'http://www.gutenberg.org/files/24500/24500.txt', 'text/plain; charset=us-ascii' );
INSERT INTO files ( gid, file, mime ) VALUES ( '24500', 'http://www.gutenberg.org/files/24500/24500.zip', 'application/ziptext/plain; charset=us-ascii' );
INSERT INTO titles ( gid, title, author, language, rights ) VALUES ( '24600', 'Is Slavery Sanctioned by the Bible?', 'Allen, Isaac', 'en', 'Public domain in the USA.' );
INSERT INTO subjects ( gid, subject ) VALUES ( '24600', 'E300' );
INSERT INTO subjects ( gid, subject ) VALUES ( '24600', 'Slavery' );
INSERT INTO subjects ( gid, subject ) VALUES ( '24600', 'Slavery -- United States' );
INSERT INTO files ( gid, file, mime ) VALUES ( '24600', 'http://www.gutenberg.org/ebooks/24600.epub.images', 'application/epub+zip' );
INSERT INTO files ( gid, file, mime ) VALUES ( '24600', 'http://www.gutenberg.org/ebooks/24600.epub.noimages', 'application/epub+zip' );
INSERT INTO files ( gid, file, mime ) VALUES ( '24600', 'http://www.gutenberg.org/ebooks/24600.kindle.images', 'application/x-mobipocket-ebook' );
INSERT INTO files ( gid, file, mime ) VALUES ( '24600', 'http://www.gutenberg.org/ebooks/24600.kindle.noimages', 'application/x-mobipocket-ebook' );
INSERT INTO files ( gid, file, mime ) VALUES ( '24600', 'http://www.gutenberg.org/ebooks/24600.rdf', 'application/rdf+xml' );
INSERT INTO files ( gid, file, mime ) VALUES ( '24600', 'http://www.gutenberg.org/files/24600/24600-0.txt', 'text/plain; charset=utf-8' );
INSERT INTO files ( gid, file, mime ) VALUES ( '24600', 'http://www.gutenberg.org/files/24600/24600-0.zip', 'application/ziptext/plain; charset=utf-8' );
INSERT INTO files ( gid, file, mime ) VALUES ( '24600', 'http://www.gutenberg.org/files/24600/24600-h.zip', 'application/ziptext/html; charset=utf-8' );
INSERT INTO files ( gid, file, mime ) VALUES ( '24600', 'http://www.gutenberg.org/files/24600/24600-h/24600-h.htm', 'text/html; charset=utf-8' );
INSERT INTO files ( gid, file, mime ) VALUES ( '24600', 'http://www.gutenberg.org/files/24600/24600.txt', 'text/plain; charset=us-ascii' );
INSERT INTO files ( gid, file, mime ) VALUES ( '24600', 'http://www.gutenberg.org/files/24600/24600.zip', 'application/ziptext/plain; charset=us-ascii' );
INSERT INTO titles ( gid, title, author, language, rights ) VALUES ( '24700', 'A History of French Literature Short Histories of the Literatures of the World: II.', 'Dowden, Edward', 'en', 'Public domain in the USA.' );
INSERT INTO classifications ( gid, classification ) VALUES ( '24700', 'PQ' );
INSERT INTO subjects ( gid, subject ) VALUES ( '24700', 'French literature -- History and criticism' );
INSERT INTO files ( gid, file, mime ) VALUES ( '24700', 'http://www.gutenberg.org/ebooks/24700.epub.images', 'application/epub+zip' );
INSERT INTO files ( gid, file, mime ) VALUES ( '24700', 'http://www.gutenberg.org/ebooks/24700.epub.noimages', 'application/epub+zip' );
INSERT INTO files ( gid, file, mime ) VALUES ( '24700', 'http://www.gutenberg.org/ebooks/24700.kindle.images', 'application/x-mobipocket-ebook' );
INSERT INTO files ( gid, file, mime ) VALUES ( '24700', 'http://www.gutenberg.org/ebooks/24700.kindle.noimages', 'application/x-mobipocket-ebook' );
INSERT INTO files ( gid, file, mime ) VALUES ( '24700', 'http://www.gutenberg.org/ebooks/24700.rdf', 'application/rdf+xml' );
INSERT INTO files ( gid, file, mime ) VALUES ( '24700', 'http://www.gutenberg.org/ebooks/24700.txt.utf-8', 'text/plain' );
INSERT INTO files ( gid, file, mime ) VALUES ( '24700', 'http://www.gutenberg.org/files/24700/24700-8.txt', 'text/plain; charset=iso-8859-1' );
INSERT INTO files ( gid, file, mime ) VALUES ( '24700', 'http://www.gutenberg.org/files/24700/24700-8.zip', 'application/ziptext/plain; charset=iso-8859-1' );
INSERT INTO files ( gid, file, mime ) VALUES ( '24700', 'http://www.gutenberg.org/files/24700/24700-h.zip', 'text/html; charset=iso-8859-1application/zip' );
INSERT INTO files ( gid, file, mime ) VALUES ( '24700', 'http://www.gutenberg.org/files/24700/24700-h/24700-h.htm', 'text/html; charset=iso-8859-1' );
INSERT INTO files ( gid, file, mime ) VALUES ( '24700', 'http://www.gutenberg.org/files/24700/24700.txt', 'text/plain; charset=us-ascii' );
INSERT INTO files ( gid, file, mime ) VALUES ( '24700', 'http://www.gutenberg.org/files/24700/24700.zip', 'text/plain; charset=us-asciiapplication/zip' );
INSERT INTO titles ( gid, title, author, language, rights ) VALUES ( '24800', 'Darwin, and After Darwin, Volumes 1 and 3 An Exposition of the Darwinian Theory and a Discussion of Post-Darwinian Questions', 'Romanes, George John', 'en', 'Public domain in the USA.' );
INSERT INTO classifications ( gid, classification ) VALUES ( '24800', 'QH' );
INSERT INTO subjects ( gid, subject ) VALUES ( '24800', 'Heredity' );
INSERT INTO subjects ( gid, subject ) VALUES ( '24800', 'Evolution (Biology)' );
INSERT INTO files ( gid, file, mime ) VALUES ( '24800', 'http://www.gutenberg.org/ebooks/24800.epub.images', 'application/epub+zip' );
INSERT INTO files ( gid, file, mime ) VALUES ( '24800', 'http://www.gutenberg.org/ebooks/24800.epub.noimages', 'application/epub+zip' );
INSERT INTO files ( gid, file, mime ) VALUES ( '24800', 'http://www.gutenberg.org/ebooks/24800.kindle.images', 'application/x-mobipocket-ebook' );
INSERT INTO files ( gid, file, mime ) VALUES ( '24800', 'http://www.gutenberg.org/ebooks/24800.kindle.noimages', 'application/x-mobipocket-ebook' );
INSERT INTO files ( gid, file, mime ) VALUES ( '24800', 'http://www.gutenberg.org/ebooks/24800.rdf', 'application/rdf+xml' );
INSERT INTO files ( gid, file, mime ) VALUES ( '24800', 'http://www.gutenberg.org/files/24800/24800-0.txt', 'text/plain; charset=utf-8' );
INSERT INTO files ( gid, file, mime ) VALUES ( '24800', 'http://www.gutenberg.org/files/24800/24800-0.zip', 'text/plain; charset=utf-8application/zip' );
INSERT INTO files ( gid, file, mime ) VALUES ( '24800', 'http://www.gutenberg.org/files/24800/24800-8.txt', 'text/plain; charset=iso-8859-1' );
INSERT INTO files ( gid, file, mime ) VALUES ( '24800', 'http://www.gutenberg.org/files/24800/24800-8.zip', 'application/ziptext/plain; charset=iso-8859-1' );
INSERT INTO files ( gid, file, mime ) VALUES ( '24800', 'http://www.gutenberg.org/files/24800/24800-h.zip', 'text/html; charset=iso-8859-1application/zip' );
INSERT INTO files ( gid, file, mime ) VALUES ( '24800', 'http://www.gutenberg.org/files/24800/24800-h/24800-h.htm', 'text/html; charset=iso-8859-1' );
INSERT INTO files ( gid, file, mime ) VALUES ( '24800', 'http://www.gutenberg.org/files/24800/24800.txt', 'text/plain; charset=us-ascii' );
INSERT INTO files ( gid, file, mime ) VALUES ( '24800', 'http://www.gutenberg.org/files/24800/24800.zip', 'text/plain; charset=us-asciiapplication/zip' );
INSERT INTO titles ( gid, title, author, language, rights ) VALUES ( '24900', 'The Annual Catalogue: Numb. II. (1738) Or, A new and compleat List of All The New Books, New Editions of Books, Pamphlets, &c.', 'Various', 'en', 'Public domain in the USA.' );
INSERT INTO classifications ( gid, classification ) VALUES ( '24900', 'Z' );
INSERT INTO subjects ( gid, subject ) VALUES ( '24900', 'English literature -- Bibliography -- Early' );
INSERT INTO subjects ( gid, subject ) VALUES ( '24900', 'Great Britain -- Imprints' );
INSERT INTO files ( gid, file, mime ) VALUES ( '24900', 'http://www.gutenberg.org/ebooks/24900.epub.images', 'application/epub+zip' );
INSERT INTO files ( gid, file, mime ) VALUES ( '24900', 'http://www.gutenberg.org/ebooks/24900.epub.noimages', 'application/epub+zip' );
INSERT INTO files ( gid, file, mime ) VALUES ( '24900', 'http://www.gutenberg.org/ebooks/24900.kindle.images', 'application/x-mobipocket-ebook' );
INSERT INTO files ( gid, file, mime ) VALUES ( '24900', 'http://www.gutenberg.org/ebooks/24900.kindle.noimages', 'application/x-mobipocket-ebook' );
INSERT INTO files ( gid, file, mime ) VALUES ( '24900', 'http://www.gutenberg.org/ebooks/24900.rdf', 'application/rdf+xml' );
INSERT INTO files ( gid, file, mime ) VALUES ( '24900', 'http://www.gutenberg.org/ebooks/24900.txt.utf-8', 'text/plain' );
INSERT INTO files ( gid, file, mime ) VALUES ( '24900', 'http://www.gutenberg.org/files/24900/24900-8.txt', 'text/plain; charset=iso-8859-1' );
INSERT INTO files ( gid, file, mime ) VALUES ( '24900', 'http://www.gutenberg.org/files/24900/24900-8.zip', 'text/plain; charset=iso-8859-1application/zip' );
INSERT INTO files ( gid, file, mime ) VALUES ( '24900', 'http://www.gutenberg.org/files/24900/24900-h.zip', 'application/ziptext/html; charset=iso-8859-1' );
INSERT INTO files ( gid, file, mime ) VALUES ( '24900', 'http://www.gutenberg.org/files/24900/24900-h/24900-h.htm', 'text/html; charset=iso-8859-1' );
INSERT INTO files ( gid, file, mime ) VALUES ( '24900', 'http://www.gutenberg.org/files/24900/24900.txt', 'text/plain; charset=us-ascii' );
INSERT INTO files ( gid, file, mime ) VALUES ( '24900', 'http://www.gutenberg.org/files/24900/24900.zip', 'application/ziptext/plain; charset=us-ascii' );
INSERT INTO titles ( gid, title, author, language, rights ) VALUES ( '25000', 'English Book Collectors', 'Fletcher, William Younger', 'en', 'Public domain in the USA.' );
INSERT INTO classifications ( gid, classification ) VALUES ( '25000', 'Z' );
INSERT INTO subjects ( gid, subject ) VALUES ( '25000', 'Books -- Prices' );
INSERT INTO subjects ( gid, subject ) VALUES ( '25000', 'Book collectors -- Great Britain' );
INSERT INTO files ( gid, file, mime ) VALUES ( '25000', 'http://www.gutenberg.org/ebooks/25000.epub.images', 'application/epub+zip' );
INSERT INTO files ( gid, file, mime ) VALUES ( '25000', 'http://www.gutenberg.org/ebooks/25000.epub.noimages', 'application/epub+zip' );
INSERT INTO files ( gid, file, mime ) VALUES ( '25000', 'http://www.gutenberg.org/ebooks/25000.kindle.images', 'application/x-mobipocket-ebook' );
INSERT INTO files ( gid, file, mime ) VALUES ( '25000', 'http://www.gutenberg.org/ebooks/25000.kindle.noimages', 'application/x-mobipocket-ebook' );
INSERT INTO files ( gid, file, mime ) VALUES ( '25000', 'http://www.gutenberg.org/ebooks/25000.rdf', 'application/rdf+xml' );
INSERT INTO files ( gid, file, mime ) VALUES ( '25000', 'http://www.gutenberg.org/ebooks/25000.txt.utf-8', 'text/plain' );
INSERT INTO files ( gid, file, mime ) VALUES ( '25000', 'http://www.gutenberg.org/files/25000/25000-8.txt', 'text/plain; charset=iso-8859-1' );
INSERT INTO files ( gid, file, mime ) VALUES ( '25000', 'http://www.gutenberg.org/files/25000/25000-8.zip', 'application/ziptext/plain; charset=iso-8859-1' );
INSERT INTO files ( gid, file, mime ) VALUES ( '25000', 'http://www.gutenberg.org/files/25000/25000-h.zip', 'text/html; charset=iso-8859-1application/zip' );
INSERT INTO files ( gid, file, mime ) VALUES ( '25000', 'http://www.gutenberg.org/files/25000/25000-h/25000-h.htm', 'text/html; charset=iso-8859-1' );
INSERT INTO files ( gid, file, mime ) VALUES ( '25000', 'http://www.gutenberg.org/files/25000/25000.txt', 'text/plain; charset=us-ascii' );
INSERT INTO files ( gid, file, mime ) VALUES ( '25000', 'http://www.gutenberg.org/files/25000/25000.zip', 'text/plain; charset=us-asciiapplication/zip' );
INSERT INTO titles ( gid, title, author, language, rights ) VALUES ( '2500', 'Siddhartha', 'Hesse, Hermann', 'en', 'Public domain in the USA.' );
INSERT INTO classifications ( gid, classification ) VALUES ( '2500', 'PT' );
INSERT INTO subjects ( gid, subject ) VALUES ( '2500', 'Brahmans -- Fiction' );
INSERT INTO subjects ( gid, subject ) VALUES ( '2500', 'Self-realization -- Fiction' );
INSERT INTO subjects ( gid, subject ) VALUES ( '2500', 'India -- Social life and customs -- Fiction' );
INSERT INTO subjects ( gid, subject ) VALUES ( '2500', 'Buddhism -- Fiction' );
INSERT INTO subjects ( gid, subject ) VALUES ( '2500', 'Buddhist philosophy -- Fiction' );
INSERT INTO subjects ( gid, subject ) VALUES ( '2500', 'Spiritual life -- Fiction' );
INSERT INTO subjects ( gid, subject ) VALUES ( '2500', 'Gautama Buddha -- Fiction' );
INSERT INTO subjects ( gid, subject ) VALUES ( '2500', 'India -- Religion -- Fiction' );
INSERT INTO files ( gid, file, mime ) VALUES ( '2500', 'http://www.gutenberg.org/ebooks/2500.epub.images', 'application/epub+zip' );
INSERT INTO files ( gid, file, mime ) VALUES ( '2500', 'http://www.gutenberg.org/ebooks/2500.epub.noimages', 'application/epub+zip' );
INSERT INTO files ( gid, file, mime ) VALUES ( '2500', 'http://www.gutenberg.org/ebooks/2500.kindle.images', 'application/x-mobipocket-ebook' );
INSERT INTO files ( gid, file, mime ) VALUES ( '2500', 'http://www.gutenberg.org/ebooks/2500.kindle.noimages', 'application/x-mobipocket-ebook' );
INSERT INTO files ( gid, file, mime ) VALUES ( '2500', 'http://www.gutenberg.org/ebooks/2500.rdf', 'application/rdf+xml' );
INSERT INTO files ( gid, file, mime ) VALUES ( '2500', 'http://www.gutenberg.org/ebooks/2500.txt.utf-8', 'text/plain' );
INSERT INTO files ( gid, file, mime ) VALUES ( '2500', 'http://www.gutenberg.org/files/2500/2500-8.txt', 'text/plain; charset=iso-8859-1' );
INSERT INTO files ( gid, file, mime ) VALUES ( '2500', 'http://www.gutenberg.org/files/2500/2500-8.zip', 'application/ziptext/plain; charset=iso-8859-1' );
INSERT INTO files ( gid, file, mime ) VALUES ( '2500', 'http://www.gutenberg.org/files/2500/2500-h.zip', 'application/ziptext/html; charset=iso-8859-1' );
INSERT INTO files ( gid, file, mime ) VALUES ( '2500', 'http://www.gutenberg.org/files/2500/2500-h/2500-h.htm', 'text/html; charset=iso-8859-1' );
INSERT INTO files ( gid, file, mime ) VALUES ( '2500', 'http://www.gutenberg.org/files/2500/2500.txt', 'text/plain; charset=us-ascii' );
INSERT INTO files ( gid, file, mime ) VALUES ( '2500', 'http://www.gutenberg.org/files/2500/2500.zip', 'application/ziptext/plain; charset=us-ascii' );
INSERT INTO titles ( gid, title, author, language, rights ) VALUES ( '25100', 'The Story of Commodore John Barry', 'Griffin, Martin I. J. (Martin Ignatius Joseph)', 'en', 'Public domain in the USA.' );
INSERT INTO subjects ( gid, subject ) VALUES ( '25100', 'Barry, John, 1745-1803' );
INSERT INTO subjects ( gid, subject ) VALUES ( '25100', 'E201' );
INSERT INTO files ( gid, file, mime ) VALUES ( '25100', 'http://www.gutenberg.org/ebooks/25100.epub.images', 'application/epub+zip' );
INSERT INTO files ( gid, file, mime ) VALUES ( '25100', 'http://www.gutenberg.org/ebooks/25100.epub.noimages', 'application/epub+zip' );
INSERT INTO files ( gid, file, mime ) VALUES ( '25100', 'http://www.gutenberg.org/ebooks/25100.kindle.images', 'application/x-mobipocket-ebook' );
INSERT INTO files ( gid, file, mime ) VALUES ( '25100', 'http://www.gutenberg.org/ebooks/25100.kindle.noimages', 'application/x-mobipocket-ebook' );
INSERT INTO files ( gid, file, mime ) VALUES ( '25100', 'http://www.gutenberg.org/ebooks/25100.rdf', 'application/rdf+xml' );
INSERT INTO files ( gid, file, mime ) VALUES ( '25100', 'http://www.gutenberg.org/ebooks/25100.txt.utf-8', 'text/plain' );
INSERT INTO files ( gid, file, mime ) VALUES ( '25100', 'http://www.gutenberg.org/files/25100/25100-8.txt', 'text/plain; charset=iso-8859-1' );
INSERT INTO files ( gid, file, mime ) VALUES ( '25100', 'http://www.gutenberg.org/files/25100/25100-8.zip', 'application/ziptext/plain; charset=iso-8859-1' );
INSERT INTO files ( gid, file, mime ) VALUES ( '25100', 'http://www.gutenberg.org/files/25100/25100-h.zip', 'application/ziptext/html; charset=iso-8859-1' );
INSERT INTO files ( gid, file, mime ) VALUES ( '25100', 'http://www.gutenberg.org/files/25100/25100-h/25100-h.htm', 'text/html; charset=iso-8859-1' );
INSERT INTO files ( gid, file, mime ) VALUES ( '25100', 'http://www.gutenberg.org/files/25100/25100.txt', 'text/plain; charset=us-ascii' );
INSERT INTO files ( gid, file, mime ) VALUES ( '25100', 'http://www.gutenberg.org/files/25100/25100.zip', 'application/ziptext/plain; charset=us-ascii' );
INSERT INTO titles ( gid, title, author, language, rights ) VALUES ( '25200', 'Chambers''s Edinburgh Journal, Volume 17, Index New Series, January-June 1852.', 'Various', 'en', 'Public domain in the USA.' );
INSERT INTO classifications ( gid, classification ) VALUES ( '25200', 'AP' );
INSERT INTO subjects ( gid, subject ) VALUES ( '25200', 'Periodicals' );
INSERT INTO files ( gid, file, mime ) VALUES ( '25200', 'http://www.gutenberg.org/ebooks/25200.epub.images', 'application/epub+zip' );
INSERT INTO files ( gid, file, mime ) VALUES ( '25200', 'http://www.gutenberg.org/ebooks/25200.epub.noimages', 'application/epub+zip' );
INSERT INTO files ( gid, file, mime ) VALUES ( '25200', 'http://www.gutenberg.org/ebooks/25200.kindle.images', 'application/x-mobipocket-ebook' );
INSERT INTO files ( gid, file, mime ) VALUES ( '25200', 'http://www.gutenberg.org/ebooks/25200.kindle.noimages', 'application/x-mobipocket-ebook' );
INSERT INTO files ( gid, file, mime ) VALUES ( '25200', 'http://www.gutenberg.org/ebooks/25200.rdf', 'application/rdf+xml' );
INSERT INTO files ( gid, file, mime ) VALUES ( '25200', 'http://www.gutenberg.org/ebooks/25200.txt.utf-8', 'text/plain' );
INSERT INTO files ( gid, file, mime ) VALUES ( '25200', 'http://www.gutenberg.org/files/25200/25200-8.txt', 'text/plain; charset=iso-8859-1' );
INSERT INTO files ( gid, file, mime ) VALUES ( '25200', 'http://www.gutenberg.org/files/25200/25200-8.zip', 'application/ziptext/plain; charset=iso-8859-1' );
INSERT INTO files ( gid, file, mime ) VALUES ( '25200', 'http://www.gutenberg.org/files/25200/25200-h.zip', 'application/ziptext/html; charset=iso-8859-1' );
INSERT INTO files ( gid, file, mime ) VALUES ( '25200', 'http://www.gutenberg.org/files/25200/25200-h/25200-h.htm', 'text/html; charset=iso-8859-1' );
INSERT INTO files ( gid, file, mime ) VALUES ( '25200', 'http://www.gutenberg.org/files/25200/25200.txt', 'text/plain; charset=us-ascii' );
INSERT INTO files ( gid, file, mime ) VALUES ( '25200', 'http://www.gutenberg.org/files/25200/25200.zip', 'application/ziptext/plain; charset=us-ascii' );
INSERT INTO titles ( gid, title, author, language, rights ) VALUES ( '25300', 'The Causes of the Rebellion in Ireland Disclosed In an Address to the People of England, in Which It Is Proved by Incontrovertible Facts, That the System for Some Years Pursued in That Country, Has Driven It into Its Present Dreadful Situation', 'Anonymous', 'en', 'Public domain in the USA.' );
INSERT INTO classifications ( gid, classification ) VALUES ( '25300', 'HB' );
INSERT INTO subjects ( gid, subject ) VALUES ( '25300', 'Irish question' );
INSERT INTO subjects ( gid, subject ) VALUES ( '25300', 'Ireland -- Politics and government -- 1760-1820' );
INSERT INTO subjects ( gid, subject ) VALUES ( '25300', 'Great Britain -- Politics and government -- 1714-1820' );
INSERT INTO files ( gid, file, mime ) VALUES ( '25300', 'http://www.gutenberg.org/ebooks/25300.epub.images', 'application/epub+zip' );
INSERT INTO files ( gid, file, mime ) VALUES ( '25300', 'http://www.gutenberg.org/ebooks/25300.epub.noimages', 'application/epub+zip' );
INSERT INTO files ( gid, file, mime ) VALUES ( '25300', 'http://www.gutenberg.org/ebooks/25300.kindle.images', 'application/x-mobipocket-ebook' );
INSERT INTO files ( gid, file, mime ) VALUES ( '25300', 'http://www.gutenberg.org/ebooks/25300.kindle.noimages', 'application/x-mobipocket-ebook' );
INSERT INTO files ( gid, file, mime ) VALUES ( '25300', 'http://www.gutenberg.org/ebooks/25300.rdf', 'application/rdf+xml' );
INSERT INTO files ( gid, file, mime ) VALUES ( '25300', 'http://www.gutenberg.org/ebooks/25300.txt.utf-8', 'text/plain' );
INSERT INTO files ( gid, file, mime ) VALUES ( '25300', 'http://www.gutenberg.org/files/25300/25300-8.txt', 'text/plain; charset=iso-8859-1' );
INSERT INTO files ( gid, file, mime ) VALUES ( '25300', 'http://www.gutenberg.org/files/25300/25300-8.zip', 'application/ziptext/plain; charset=iso-8859-1' );
INSERT INTO files ( gid, file, mime ) VALUES ( '25300', 'http://www.gutenberg.org/files/25300/25300-h.zip', 'application/ziptext/html; charset=iso-8859-1' );
INSERT INTO files ( gid, file, mime ) VALUES ( '25300', 'http://www.gutenberg.org/files/25300/25300-h/25300-h.htm', 'text/html; charset=iso-8859-1' );
INSERT INTO files ( gid, file, mime ) VALUES ( '25300', 'http://www.gutenberg.org/files/25300/25300.txt', 'text/plain; charset=us-ascii' );
INSERT INTO files ( gid, file, mime ) VALUES ( '25300', 'http://www.gutenberg.org/files/25300/25300.zip', 'application/ziptext/plain; charset=us-ascii' );
INSERT INTO titles ( gid, title, author, language, rights ) VALUES ( '25400', 'Colleges in America', 'Barker, John Marshall', 'en', 'Public domain in the USA.' );
INSERT INTO classifications ( gid, classification ) VALUES ( '25400', 'LA' );
INSERT INTO subjects ( gid, subject ) VALUES ( '25400', 'Universities and colleges -- United States' );
INSERT INTO files ( gid, file, mime ) VALUES ( '25400', 'http://www.gutenberg.org/ebooks/25400.epub.images', 'application/epub+zip' );
INSERT INTO files ( gid, file, mime ) VALUES ( '25400', 'http://www.gutenberg.org/ebooks/25400.epub.noimages', 'application/epub+zip' );
INSERT INTO files ( gid, file, mime ) VALUES ( '25400', 'http://www.gutenberg.org/ebooks/25400.kindle.images', 'application/x-mobipocket-ebook' );
INSERT INTO files ( gid, file, mime ) VALUES ( '25400', 'http://www.gutenberg.org/ebooks/25400.kindle.noimages', 'application/x-mobipocket-ebook' );
INSERT INTO files ( gid, file, mime ) VALUES ( '25400', 'http://www.gutenberg.org/ebooks/25400.rdf', 'application/rdf+xml' );
INSERT INTO files ( gid, file, mime ) VALUES ( '25400', 'http://www.gutenberg.org/ebooks/25400.txt.utf-8', 'text/plain' );
INSERT INTO files ( gid, file, mime ) VALUES ( '25400', 'http://www.gutenberg.org/files/25400/25400-8.txt', 'text/plain; charset=iso-8859-1' );
INSERT INTO files ( gid, file, mime ) VALUES ( '25400', 'http://www.gutenberg.org/files/25400/25400-8.zip', 'text/plain; charset=iso-8859-1application/zip' );
INSERT INTO files ( gid, file, mime ) VALUES ( '25400', 'http://www.gutenberg.org/files/25400/25400-h.zip', 'text/htmlapplication/zip' );
INSERT INTO files ( gid, file, mime ) VALUES ( '25400', 'http://www.gutenberg.org/files/25400/25400-h/25400-h.htm', 'text/html' );
INSERT INTO files ( gid, file, mime ) VALUES ( '25400', 'http://www.gutenberg.org/files/25400/25400.txt', 'text/plain; charset=us-ascii' );
INSERT INTO files ( gid, file, mime ) VALUES ( '25400', 'http://www.gutenberg.org/files/25400/25400.zip', 'text/plain; charset=us-asciiapplication/zip' );
INSERT INTO titles ( gid, title, author, language, rights ) VALUES ( '25500', 'A London Life, and Other Tales', 'James, Henry', 'en', 'Public domain in the USA.' );
INSERT INTO classifications ( gid, classification ) VALUES ( '25500', 'PS' );
INSERT INTO subjects ( gid, subject ) VALUES ( '25500', 'Fiction' );
INSERT INTO files ( gid, file, mime ) VALUES ( '25500', 'http://www.gutenberg.org/ebooks/25500.epub.images', 'application/epub+zip' );
INSERT INTO files ( gid, file, mime ) VALUES ( '25500', 'http://www.gutenberg.org/ebooks/25500.epub.noimages', 'application/epub+zip' );
INSERT INTO files ( gid, file, mime ) VALUES ( '25500', 'http://www.gutenberg.org/ebooks/25500.kindle.images', 'application/x-mobipocket-ebook' );
INSERT INTO files ( gid, file, mime ) VALUES ( '25500', 'http://www.gutenberg.org/ebooks/25500.kindle.noimages', 'application/x-mobipocket-ebook' );
INSERT INTO files ( gid, file, mime ) VALUES ( '25500', 'http://www.gutenberg.org/ebooks/25500.rdf', 'application/rdf+xml' );
INSERT INTO files ( gid, file, mime ) VALUES ( '25500', 'http://www.gutenberg.org/ebooks/25500.txt.utf-8', 'text/plain' );
INSERT INTO files ( gid, file, mime ) VALUES ( '25500', 'http://www.gutenberg.org/files/25500/25500-8.txt', 'text/plain; charset=iso-8859-1' );
INSERT INTO files ( gid, file, mime ) VALUES ( '25500', 'http://www.gutenberg.org/files/25500/25500-8.zip', 'text/plain; charset=iso-8859-1application/zip' );
INSERT INTO files ( gid, file, mime ) VALUES ( '25500', 'http://www.gutenberg.org/files/25500/25500-h.zip', 'text/html; charset=iso-8859-1application/zip' );
INSERT INTO files ( gid, file, mime ) VALUES ( '25500', 'http://www.gutenberg.org/files/25500/25500-h/25500-h.htm', 'text/html; charset=iso-8859-1' );
INSERT INTO files ( gid, file, mime ) VALUES ( '25500', 'http://www.gutenberg.org/files/25500/25500.txt', 'text/plain; charset=us-ascii' );
INSERT INTO files ( gid, file, mime ) VALUES ( '25500', 'http://www.gutenberg.org/files/25500/25500.zip', 'text/plain; charset=us-asciiapplication/zip' );
INSERT INTO titles ( gid, title, author, language, rights ) VALUES ( '25700', 'The Greville Memoirs, Part 1 (of 3), Volume 1 (of 3) A Journal of the Reigns of King George IV and King William IV', 'Greville, Charles', 'en', 'Public domain in the USA.' );
INSERT INTO classifications ( gid, classification ) VALUES ( '25700', 'DA' );
INSERT INTO subjects ( gid, subject ) VALUES ( '25700', 'Great Britain -- History -- William IV, 1830-1837' );
INSERT INTO subjects ( gid, subject ) VALUES ( '25700', 'Great Britain -- History -- George IV, 1820-1830' );
INSERT INTO files ( gid, file, mime ) VALUES ( '25700', 'http://www.gutenberg.org/ebooks/25700.epub.images', 'application/epub+zip' );
INSERT INTO files ( gid, file, mime ) VALUES ( '25700', 'http://www.gutenberg.org/ebooks/25700.epub.noimages', 'application/epub+zip' );
INSERT INTO files ( gid, file, mime ) VALUES ( '25700', 'http://www.gutenberg.org/ebooks/25700.kindle.images', 'application/x-mobipocket-ebook' );
INSERT INTO files ( gid, file, mime ) VALUES ( '25700', 'http://www.gutenberg.org/ebooks/25700.kindle.noimages', 'application/x-mobipocket-ebook' );
INSERT INTO files ( gid, file, mime ) VALUES ( '25700', 'http://www.gutenberg.org/ebooks/25700.rdf', 'application/rdf+xml' );
INSERT INTO files ( gid, file, mime ) VALUES ( '25700', 'http://www.gutenberg.org/ebooks/25700.txt.utf-8', 'text/plain' );
INSERT INTO files ( gid, file, mime ) VALUES ( '25700', 'http://www.gutenberg.org/files/25700/25700-8.txt', 'text/plain; charset=iso-8859-1' );
INSERT INTO files ( gid, file, mime ) VALUES ( '25700', 'http://www.gutenberg.org/files/25700/25700-8.zip', 'application/ziptext/plain; charset=iso-8859-1' );
INSERT INTO files ( gid, file, mime ) VALUES ( '25700', 'http://www.gutenberg.org/files/25700/25700-h.zip', 'text/html; charset=iso-8859-1application/zip' );
INSERT INTO files ( gid, file, mime ) VALUES ( '25700', 'http://www.gutenberg.org/files/25700/25700-h/25700-h.htm', 'text/html; charset=iso-8859-1' );
INSERT INTO files ( gid, file, mime ) VALUES ( '25700', 'http://www.gutenberg.org/files/25700/25700.txt', 'text/plain; charset=us-ascii' );
INSERT INTO files ( gid, file, mime ) VALUES ( '25700', 'http://www.gutenberg.org/files/25700/25700.zip', 'text/plain; charset=us-asciiapplication/zip' );
INSERT INTO titles ( gid, title, author, language, rights ) VALUES ( '25600', 'Bird Stories', 'Patch, Edith M. (Edith Marion)', 'en', 'Public domain in the USA.' );
INSERT INTO classifications ( gid, classification ) VALUES ( '25600', 'PZ' );
INSERT INTO classifications ( gid, classification ) VALUES ( '25600', 'QL' );
INSERT INTO subjects ( gid, subject ) VALUES ( '25600', 'Birds -- Juvenile literature' );
INSERT INTO files ( gid, file, mime ) VALUES ( '25600', 'http://www.gutenberg.org/ebooks/25600.epub.images', 'application/epub+zip' );
INSERT INTO files ( gid, file, mime ) VALUES ( '25600', 'http://www.gutenberg.org/ebooks/25600.epub.noimages', 'application/epub+zip' );
INSERT INTO files ( gid, file, mime ) VALUES ( '25600', 'http://www.gutenberg.org/ebooks/25600.kindle.images', 'application/x-mobipocket-ebook' );
INSERT INTO files ( gid, file, mime ) VALUES ( '25600', 'http://www.gutenberg.org/ebooks/25600.kindle.noimages', 'application/x-mobipocket-ebook' );
INSERT INTO files ( gid, file, mime ) VALUES ( '25600', 'http://www.gutenberg.org/ebooks/25600.rdf', 'application/rdf+xml' );
INSERT INTO files ( gid, file, mime ) VALUES ( '25600', 'http://www.gutenberg.org/ebooks/25600.txt.utf-8', 'text/plain' );
INSERT INTO files ( gid, file, mime ) VALUES ( '25600', 'http://www.gutenberg.org/files/25600/25600-8.txt', 'text/plain; charset=iso-8859-1' );
INSERT INTO files ( gid, file, mime ) VALUES ( '25600', 'http://www.gutenberg.org/files/25600/25600-8.zip', 'text/plain; charset=iso-8859-1application/zip' );
INSERT INTO files ( gid, file, mime ) VALUES ( '25600', 'http://www.gutenberg.org/files/25600/25600-h.zip', 'application/ziptext/html; charset=iso-8859-1' );
INSERT INTO files ( gid, file, mime ) VALUES ( '25600', 'http://www.gutenberg.org/files/25600/25600-h/25600-h.htm', 'text/html; charset=iso-8859-1' );
INSERT INTO files ( gid, file, mime ) VALUES ( '25600', 'http://www.gutenberg.org/files/25600/25600.txt', 'text/plain; charset=us-ascii' );
INSERT INTO files ( gid, file, mime ) VALUES ( '25600', 'http://www.gutenberg.org/files/25600/25600.zip', 'text/plain; charset=us-asciiapplication/zip' );
INSERT INTO titles ( gid, title, author, language, rights ) VALUES ( '25800', 'Bell''s Cathedrals: The Cathedral Church of Ripon A Short History of the Church and a Description of Its Fabric', 'Hallett, Cecil Walter Charles', 'en', 'Public domain in the USA.' );
INSERT INTO classifications ( gid, classification ) VALUES ( '25800', 'NA' );
INSERT INTO subjects ( gid, subject ) VALUES ( '25800', 'Ripon Cathedral' );
INSERT INTO files ( gid, file, mime ) VALUES ( '25800', 'http://www.gutenberg.org/ebooks/25800.epub.images', 'application/epub+zip' );
INSERT INTO files ( gid, file, mime ) VALUES ( '25800', 'http://www.gutenberg.org/ebooks/25800.epub.noimages', 'application/epub+zip' );
INSERT INTO files ( gid, file, mime ) VALUES ( '25800', 'http://www.gutenberg.org/ebooks/25800.kindle.images', 'application/x-mobipocket-ebook' );
INSERT INTO files ( gid, file, mime ) VALUES ( '25800', 'http://www.gutenberg.org/ebooks/25800.kindle.noimages', 'application/x-mobipocket-ebook' );
INSERT INTO files ( gid, file, mime ) VALUES ( '25800', 'http://www.gutenberg.org/ebooks/25800.rdf', 'application/rdf+xml' );
INSERT INTO files ( gid, file, mime ) VALUES ( '25800', 'http://www.gutenberg.org/ebooks/25800.txt.utf-8', 'text/plain' );
INSERT INTO files ( gid, file, mime ) VALUES ( '25800', 'http://www.gutenberg.org/files/25800/25800-8.txt', 'text/plain; charset=iso-8859-1' );
INSERT INTO files ( gid, file, mime ) VALUES ( '25800', 'http://www.gutenberg.org/files/25800/25800-8.zip', 'application/ziptext/plain; charset=iso-8859-1' );
INSERT INTO files ( gid, file, mime ) VALUES ( '25800', 'http://www.gutenberg.org/files/25800/25800-h.zip', 'text/html; charset=iso-8859-1application/zip' );
INSERT INTO files ( gid, file, mime ) VALUES ( '25800', 'http://www.gutenberg.org/files/25800/25800-h/25800-h.htm', 'text/html; charset=iso-8859-1' );
INSERT INTO files ( gid, file, mime ) VALUES ( '25800', 'http://www.gutenberg.org/files/25800/25800.txt', 'text/plain; charset=us-ascii' );
INSERT INTO files ( gid, file, mime ) VALUES ( '25800', 'http://www.gutenberg.org/files/25800/25800.zip', 'text/plain; charset=us-asciiapplication/zip' );
INSERT INTO titles ( gid, title, author, language, rights ) VALUES ( '25900', 'Senatorial Character A Sermon in West Church, Boston, Sunday, 15th of March, After the Decease of Charles Sumner.', 'Bartol, C. A. (Cyrus Augustus)', 'en', 'Public domain in the USA.' );
INSERT INTO subjects ( gid, subject ) VALUES ( '25900', 'Sumner, Charles, 1811-1874' );
INSERT INTO subjects ( gid, subject ) VALUES ( '25900', 'United States -- History -- Civil War, 1861-1865 -- Sermons' );
INSERT INTO subjects ( gid, subject ) VALUES ( '25900', 'E300' );
INSERT INTO files ( gid, file, mime ) VALUES ( '25900', 'http://www.gutenberg.org/ebooks/25900.epub.images', 'application/epub+zip' );
INSERT INTO files ( gid, file, mime ) VALUES ( '25900', 'http://www.gutenberg.org/ebooks/25900.epub.noimages', 'application/epub+zip' );
INSERT INTO files ( gid, file, mime ) VALUES ( '25900', 'http://www.gutenberg.org/ebooks/25900.kindle.images', 'application/x-mobipocket-ebook' );
INSERT INTO files ( gid, file, mime ) VALUES ( '25900', 'http://www.gutenberg.org/ebooks/25900.kindle.noimages', 'application/x-mobipocket-ebook' );
INSERT INTO files ( gid, file, mime ) VALUES ( '25900', 'http://www.gutenberg.org/ebooks/25900.rdf', 'application/rdf+xml' );
INSERT INTO files ( gid, file, mime ) VALUES ( '25900', 'http://www.gutenberg.org/ebooks/25900.txt.utf-8', 'text/plain' );
INSERT INTO files ( gid, file, mime ) VALUES ( '25900', 'http://www.gutenberg.org/files/25900/25900-8.txt', 'text/plain; charset=iso-8859-1' );
INSERT INTO files ( gid, file, mime ) VALUES ( '25900', 'http://www.gutenberg.org/files/25900/25900-8.zip', 'application/ziptext/plain; charset=iso-8859-1' );
INSERT INTO files ( gid, file, mime ) VALUES ( '25900', 'http://www.gutenberg.org/files/25900/25900-h.zip', 'application/ziptext/html; charset=iso-8859-1' );
INSERT INTO files ( gid, file, mime ) VALUES ( '25900', 'http://www.gutenberg.org/files/25900/25900-h/25900-h.htm', 'text/html; charset=iso-8859-1' );
INSERT INTO files ( gid, file, mime ) VALUES ( '25900', 'http://www.gutenberg.org/files/25900/25900.txt', 'text/plain; charset=us-ascii' );
INSERT INTO files ( gid, file, mime ) VALUES ( '25900', 'http://www.gutenberg.org/files/25900/25900.zip', 'application/ziptext/plain; charset=us-ascii' );
INSERT INTO titles ( gid, title, author, language, rights ) VALUES ( '26000', 'The Sailor''s Word-Book An Alphabetical Digest of Nautical Terms, including Some More Especially Military and Scientific, but Useful to Seamen; as well as Archaisms of Early Voyagers, etc.', 'Smyth, W. H. (William Henry)', 'en', 'Public domain in the USA.' );
INSERT INTO classifications ( gid, classification ) VALUES ( '26000', 'V' );
INSERT INTO subjects ( gid, subject ) VALUES ( '26000', 'Military art and science -- Dictionaries' );
INSERT INTO subjects ( gid, subject ) VALUES ( '26000', 'Naval art and science -- Dictionaries' );
INSERT INTO files ( gid, file, mime ) VALUES ( '26000', 'http://www.gutenberg.org/ebooks/26000.epub.images', 'application/epub+zip' );
INSERT INTO files ( gid, file, mime ) VALUES ( '26000', 'http://www.gutenberg.org/ebooks/26000.epub.noimages', 'application/epub+zip' );
INSERT INTO files ( gid, file, mime ) VALUES ( '26000', 'http://www.gutenberg.org/ebooks/26000.kindle.images', 'application/x-mobipocket-ebook' );
INSERT INTO files ( gid, file, mime ) VALUES ( '26000', 'http://www.gutenberg.org/ebooks/26000.kindle.noimages', 'application/x-mobipocket-ebook' );
INSERT INTO files ( gid, file, mime ) VALUES ( '26000', 'http://www.gutenberg.org/ebooks/26000.rdf', 'application/rdf+xml' );
INSERT INTO files ( gid, file, mime ) VALUES ( '26000', 'http://www.gutenberg.org/files/26000/26000-0.txt', 'text/plain; charset=utf-8' );
INSERT INTO files ( gid, file, mime ) VALUES ( '26000', 'http://www.gutenberg.org/files/26000/26000-0.zip', 'application/ziptext/plain; charset=utf-8' );
INSERT INTO files ( gid, file, mime ) VALUES ( '26000', 'http://www.gutenberg.org/files/26000/26000-8.txt', 'text/plain; charset=iso-8859-1' );
INSERT INTO files ( gid, file, mime ) VALUES ( '26000', 'http://www.gutenberg.org/files/26000/26000-8.zip', 'text/plain; charset=iso-8859-1application/zip' );
INSERT INTO files ( gid, file, mime ) VALUES ( '26000', 'http://www.gutenberg.org/files/26000/26000-h.zip', 'application/ziptext/html; charset=iso-8859-1' );
INSERT INTO files ( gid, file, mime ) VALUES ( '26000', 'http://www.gutenberg.org/files/26000/26000-h/26000-h.htm', 'text/html; charset=iso-8859-1' );
INSERT INTO files ( gid, file, mime ) VALUES ( '26000', 'http://www.gutenberg.org/files/26000/26000.txt', 'text/plain; charset=us-ascii' );
INSERT INTO files ( gid, file, mime ) VALUES ( '26000', 'http://www.gutenberg.org/files/26000/26000.zip', 'application/ziptext/plain; charset=us-ascii' );
INSERT INTO titles ( gid, title, author, language, rights ) VALUES ( '2600', 'War and Peace', 'Tolstoy, Leo, graf', 'en', 'Public domain in the USA.' );
INSERT INTO classifications ( gid, classification ) VALUES ( '2600', 'PG' );
INSERT INTO subjects ( gid, subject ) VALUES ( '2600', 'Aristocracy (Social class) -- Russia -- Fiction' );
INSERT INTO subjects ( gid, subject ) VALUES ( '2600', 'Historical fiction' );
INSERT INTO subjects ( gid, subject ) VALUES ( '2600', 'Napoleonic Wars, 1800-1815 -- Campaigns -- Russia -- Fiction' );
INSERT INTO subjects ( gid, subject ) VALUES ( '2600', 'War stories' );
INSERT INTO subjects ( gid, subject ) VALUES ( '2600', 'Russia -- History -- Alexander I, 1801-1825 -- Fiction' );
INSERT INTO files ( gid, file, mime ) VALUES ( '2600', 'http://www.gutenberg.org/cache/epub/2600/pg2600.cover.medium.jpg', 'image/jpeg' );
INSERT INTO files ( gid, file, mime ) VALUES ( '2600', 'http://www.gutenberg.org/cache/epub/2600/pg2600.cover.small.jpg', 'image/jpeg' );
INSERT INTO files ( gid, file, mime ) VALUES ( '2600', 'http://www.gutenberg.org/ebooks/2600.epub.images', 'application/epub+zip' );
INSERT INTO files ( gid, file, mime ) VALUES ( '2600', 'http://www.gutenberg.org/ebooks/2600.epub.noimages', 'application/epub+zip' );
INSERT INTO files ( gid, file, mime ) VALUES ( '2600', 'http://www.gutenberg.org/ebooks/2600.kindle.images', 'application/x-mobipocket-ebook' );
INSERT INTO files ( gid, file, mime ) VALUES ( '2600', 'http://www.gutenberg.org/ebooks/2600.kindle.noimages', 'application/x-mobipocket-ebook' );
INSERT INTO files ( gid, file, mime ) VALUES ( '2600', 'http://www.gutenberg.org/ebooks/2600.rdf', 'application/rdf+xml' );
INSERT INTO files ( gid, file, mime ) VALUES ( '2600', 'http://www.gutenberg.org/files/2600/2600-0.txt', 'text/plain; charset=utf-8' );
INSERT INTO files ( gid, file, mime ) VALUES ( '2600', 'http://www.gutenberg.org/files/2600/2600-0.zip', 'text/plain; charset=utf-8application/zip' );
INSERT INTO files ( gid, file, mime ) VALUES ( '2600', 'http://www.gutenberg.org/files/2600/2600-h.zip', 'application/ziptext/html; charset=utf-8' );
INSERT INTO files ( gid, file, mime ) VALUES ( '2600', 'http://www.gutenberg.org/files/2600/2600-h/2600-h.htm', 'text/html; charset=utf-8' );
INSERT INTO titles ( gid, title, author, language, rights ) VALUES ( '26200', 'The Gettysburg Address', 'Lincoln, Abraham', 'en', 'Public domain in the USA.' );
INSERT INTO subjects ( gid, subject ) VALUES ( '26200', 'Consecration of cemeteries -- Pennsylvania -- Gettysburg' );
INSERT INTO subjects ( gid, subject ) VALUES ( '26200', 'E456' );
INSERT INTO subjects ( gid, subject ) VALUES ( '26200', 'Soldiers'' National Cemetery (Gettysburg, Pa.)' );
INSERT INTO files ( gid, file, mime ) VALUES ( '26200', 'http://www.gutenberg.org/ebooks/26200.rdf', 'application/rdf+xml' );
INSERT INTO files ( gid, file, mime ) VALUES ( '26200', 'http://www.gutenberg.org/files/26200/26200-index.html', 'text/html' );
INSERT INTO files ( gid, file, mime ) VALUES ( '26200', 'http://www.gutenberg.org/files/26200/26200-readme.txt', 'text/plain' );
INSERT INTO files ( gid, file, mime ) VALUES ( '26200', 'http://www.gutenberg.org/files/26200/m4b/26200-01.m4b', 'audio/mp4' );
INSERT INTO files ( gid, file, mime ) VALUES ( '26200', 'http://www.gutenberg.org/files/26200/mp3/26200-01.mp3', 'audio/mpeg' );
INSERT INTO files ( gid, file, mime ) VALUES ( '26200', 'http://www.gutenberg.org/files/26200/ogg/26200-01.ogg', 'audio/ogg' );
INSERT INTO files ( gid, file, mime ) VALUES ( '26200', 'http://www.gutenberg.org/files/26200/spx/26200-01.spx', 'audio/ogg' );
INSERT INTO titles ( gid, title, author, language, rights ) VALUES ( '26100', 'Reisontmoetingen van Joachim Polsbroekerwoud en zijne Vrienden', 'Gewin, Bernardus', 'nl', 'Public domain in the USA.' );
INSERT INTO classifications ( gid, classification ) VALUES ( '26100', 'PT' );
INSERT INTO classifications ( gid, classification ) VALUES ( '26100', 'D' );
INSERT INTO subjects ( gid, subject ) VALUES ( '26100', 'Netherlands -- Description and travel' );
INSERT INTO subjects ( gid, subject ) VALUES ( '26100', 'Germany -- Description and travel' );
INSERT INTO subjects ( gid, subject ) VALUES ( '26100', 'Switzerland -- Description and travel' );
INSERT INTO files ( gid, file, mime ) VALUES ( '26100', 'http://www.gutenberg.org/cache/epub/26100/pg26100.cover.medium.jpg', 'image/jpeg' );
INSERT INTO files ( gid, file, mime ) VALUES ( '26100', 'http://www.gutenberg.org/cache/epub/26100/pg26100.cover.small.jpg', 'image/jpeg' );
INSERT INTO files ( gid, file, mime ) VALUES ( '26100', 'http://www.gutenberg.org/ebooks/26100.epub.images', 'application/epub+zip' );
INSERT INTO files ( gid, file, mime ) VALUES ( '26100', 'http://www.gutenberg.org/ebooks/26100.epub.noimages', 'application/epub+zip' );
INSERT INTO files ( gid, file, mime ) VALUES ( '26100', 'http://www.gutenberg.org/ebooks/26100.kindle.images', 'application/x-mobipocket-ebook' );
INSERT INTO files ( gid, file, mime ) VALUES ( '26100', 'http://www.gutenberg.org/ebooks/26100.kindle.noimages', 'application/x-mobipocket-ebook' );
INSERT INTO files ( gid, file, mime ) VALUES ( '26100', 'http://www.gutenberg.org/ebooks/26100.rdf', 'application/rdf+xml' );
INSERT INTO files ( gid, file, mime ) VALUES ( '26100', 'http://www.gutenberg.org/ebooks/26100.txt.utf-8', 'text/plain' );
INSERT INTO files ( gid, file, mime ) VALUES ( '26100', 'http://www.gutenberg.org/files/26100/26100-8.txt', 'text/plain; charset=iso-8859-1' );
INSERT INTO files ( gid, file, mime ) VALUES ( '26100', 'http://www.gutenberg.org/files/26100/26100-8.zip', 'text/plain; charset=iso-8859-1application/zip' );
INSERT INTO files ( gid, file, mime ) VALUES ( '26100', 'http://www.gutenberg.org/files/26100/26100-h.zip', 'application/ziptext/html' );
INSERT INTO files ( gid, file, mime ) VALUES ( '26100', 'http://www.gutenberg.org/files/26100/26100-h/26100-h.htm', 'text/html' );
INSERT INTO titles ( gid, title, author, language, rights ) VALUES ( '26400', 'La géométrie', 'Descartes, René', 'fr', 'Public domain in the USA.' );
INSERT INTO classifications ( gid, classification ) VALUES ( '26400', 'QA' );
INSERT INTO subjects ( gid, subject ) VALUES ( '26400', 'Geometry -- Early works to 1800' );
INSERT INTO subjects ( gid, subject ) VALUES ( '26400', 'Geometry, Analytic -- Early works to 1800' );
INSERT INTO files ( gid, file, mime ) VALUES ( '26400', 'http://www.gutenberg.org/ebooks/26400.rdf', 'application/rdf+xml' );
INSERT INTO files ( gid, file, mime ) VALUES ( '26400', 'http://www.gutenberg.org/files/26400/26400-pdf.pdf', 'application/pdf' );
INSERT INTO files ( gid, file, mime ) VALUES ( '26400', 'http://www.gutenberg.org/files/26400/26400-pdf.zip', 'application/pdfapplication/zip' );
INSERT INTO files ( gid, file, mime ) VALUES ( '26400', 'http://www.gutenberg.org/files/26400/26400-t.zip', 'application/prs.texapplication/zip' );
INSERT INTO files ( gid, file, mime ) VALUES ( '26400', 'http://www.gutenberg.org/files/26400/26400-t/26400-t.tex', 'application/prs.tex' );
INSERT INTO titles ( gid, title, author, language, rights ) VALUES ( '26500', 'Anecdotes of Dogs', 'Jesse, Edward', 'en', 'Public domain in the USA.' );
INSERT INTO classifications ( gid, classification ) VALUES ( '26500', 'QL' );
INSERT INTO subjects ( gid, subject ) VALUES ( '26500', 'Dogs -- Folklore' );
INSERT INTO files ( gid, file, mime ) VALUES ( '26500', 'http://www.gutenberg.org/ebooks/26500.epub.images', 'application/epub+zip' );
INSERT INTO files ( gid, file, mime ) VALUES ( '26500', 'http://www.gutenberg.org/ebooks/26500.epub.noimages', 'application/epub+zip' );
INSERT INTO files ( gid, file, mime ) VALUES ( '26500', 'http://www.gutenberg.org/ebooks/26500.kindle.images', 'application/x-mobipocket-ebook' );
INSERT INTO files ( gid, file, mime ) VALUES ( '26500', 'http://www.gutenberg.org/ebooks/26500.kindle.noimages', 'application/x-mobipocket-ebook' );
INSERT INTO files ( gid, file, mime ) VALUES ( '26500', 'http://www.gutenberg.org/ebooks/26500.rdf', 'application/rdf+xml' );
INSERT INTO files ( gid, file, mime ) VALUES ( '26500', 'http://www.gutenberg.org/ebooks/26500.txt.utf-8', 'text/plain' );
INSERT INTO files ( gid, file, mime ) VALUES ( '26500', 'http://www.gutenberg.org/files/26500/26500-8.txt', 'text/plain; charset=iso-8859-1' );
INSERT INTO files ( gid, file, mime ) VALUES ( '26500', 'http://www.gutenberg.org/files/26500/26500-8.zip', 'application/ziptext/plain; charset=iso-8859-1' );
INSERT INTO files ( gid, file, mime ) VALUES ( '26500', 'http://www.gutenberg.org/files/26500/26500-h.zip', 'text/htmlapplication/zip' );
INSERT INTO files ( gid, file, mime ) VALUES ( '26500', 'http://www.gutenberg.org/files/26500/26500-h/26500-h.htm', 'text/html' );
INSERT INTO files ( gid, file, mime ) VALUES ( '26500', 'http://www.gutenberg.org/files/26500/26500.txt', 'text/plain; charset=us-ascii' );
INSERT INTO files ( gid, file, mime ) VALUES ( '26500', 'http://www.gutenberg.org/files/26500/26500.zip', 'application/ziptext/plain; charset=us-ascii' );
INSERT INTO titles ( gid, title, author, language, rights ) VALUES ( '26600', 'Mother Earth, Vol. 1 No. 1, March 1906', 'Various', 'en', 'Public domain in the USA.' );
INSERT INTO classifications ( gid, classification ) VALUES ( '26600', 'HX' );
INSERT INTO subjects ( gid, subject ) VALUES ( '26600', 'Anarchism -- Periodicals' );
INSERT INTO files ( gid, file, mime ) VALUES ( '26600', 'http://www.gutenberg.org/cache/epub/26600/pg26600.cover.medium.jpg', 'image/jpeg' );
INSERT INTO files ( gid, file, mime ) VALUES ( '26600', 'http://www.gutenberg.org/cache/epub/26600/pg26600.cover.small.jpg', 'image/jpeg' );
INSERT INTO files ( gid, file, mime ) VALUES ( '26600', 'http://www.gutenberg.org/ebooks/26600.epub.images', 'application/epub+zip' );
INSERT INTO files ( gid, file, mime ) VALUES ( '26600', 'http://www.gutenberg.org/ebooks/26600.epub.noimages', 'application/epub+zip' );
INSERT INTO files ( gid, file, mime ) VALUES ( '26600', 'http://www.gutenberg.org/ebooks/26600.kindle.images', 'application/x-mobipocket-ebook' );
INSERT INTO files ( gid, file, mime ) VALUES ( '26600', 'http://www.gutenberg.org/ebooks/26600.kindle.noimages', 'application/x-mobipocket-ebook' );
INSERT INTO files ( gid, file, mime ) VALUES ( '26600', 'http://www.gutenberg.org/ebooks/26600.rdf', 'application/rdf+xml' );
INSERT INTO files ( gid, file, mime ) VALUES ( '26600', 'http://www.gutenberg.org/ebooks/26600.txt.utf-8', 'text/plain' );
INSERT INTO files ( gid, file, mime ) VALUES ( '26600', 'http://www.gutenberg.org/files/26600/26600-8.txt', 'text/plain; charset=iso-8859-1' );
INSERT INTO files ( gid, file, mime ) VALUES ( '26600', 'http://www.gutenberg.org/files/26600/26600-8.zip', 'application/ziptext/plain; charset=iso-8859-1' );
INSERT INTO files ( gid, file, mime ) VALUES ( '26600', 'http://www.gutenberg.org/files/26600/26600-h.zip', 'application/ziptext/html; charset=iso-8859-1' );
INSERT INTO files ( gid, file, mime ) VALUES ( '26600', 'http://www.gutenberg.org/files/26600/26600-h/26600-h.htm', 'text/html; charset=iso-8859-1' );
INSERT INTO files ( gid, file, mime ) VALUES ( '26600', 'http://www.gutenberg.org/files/26600/26600.txt', 'text/plain; charset=us-ascii' );
INSERT INTO files ( gid, file, mime ) VALUES ( '26600', 'http://www.gutenberg.org/files/26600/26600.zip', 'text/plain; charset=us-asciiapplication/zip' );
INSERT INTO titles ( gid, title, author, language, rights ) VALUES ( '26300', 'Peter the Great', 'Abbott, Jacob', 'en', 'Public domain in the USA.' );
INSERT INTO classifications ( gid, classification ) VALUES ( '26300', 'DK' );
INSERT INTO subjects ( gid, subject ) VALUES ( '26300', 'Russia -- History -- Peter I, 1689-1725' );
INSERT INTO subjects ( gid, subject ) VALUES ( '26300', 'Peter I, Emperor of Russia, 1672-1725' );
INSERT INTO files ( gid, file, mime ) VALUES ( '26300', 'http://www.gutenberg.org/ebooks/26300.rdf', 'application/rdf+xml' );
INSERT INTO files ( gid, file, mime ) VALUES ( '26300', 'http://www.gutenberg.org/files/26300/26300-index.html', 'text/html' );
INSERT INTO files ( gid, file, mime ) VALUES ( '26300', 'http://www.gutenberg.org/files/26300/26300-readme.txt', 'text/plain' );
INSERT INTO files ( gid, file, mime ) VALUES ( '26300', 'http://www.gutenberg.org/files/26300/m4b/26300-01.m4b', 'audio/mp4' );
INSERT INTO files ( gid, file, mime ) VALUES ( '26300', 'http://www.gutenberg.org/files/26300/m4b/26300-02.m4b', 'audio/mp4' );
INSERT INTO files ( gid, file, mime ) VALUES ( '26300', 'http://www.gutenberg.org/files/26300/m4b/26300-03.m4b', 'audio/mp4' );
INSERT INTO files ( gid, file, mime ) VALUES ( '26300', 'http://www.gutenberg.org/files/26300/m4b/26300-04.m4b', 'audio/mp4' );
INSERT INTO files ( gid, file, mime ) VALUES ( '26300', 'http://www.gutenberg.org/files/26300/m4b/26300-05.m4b', 'audio/mp4' );
INSERT INTO files ( gid, file, mime ) VALUES ( '26300', 'http://www.gutenberg.org/files/26300/m4b/26300-06.m4b', 'audio/mp4' );
INSERT INTO files ( gid, file, mime ) VALUES ( '26300', 'http://www.gutenberg.org/files/26300/m4b/26300-07.m4b', 'audio/mp4' );
INSERT INTO files ( gid, file, mime ) VALUES ( '26300', 'http://www.gutenberg.org/files/26300/m4b/26300-08.m4b', 'audio/mp4' );
INSERT INTO files ( gid, file, mime ) VALUES ( '26300', 'http://www.gutenberg.org/files/26300/m4b/26300-09.m4b', 'audio/mp4' );
INSERT INTO files ( gid, file, mime ) VALUES ( '26300', 'http://www.gutenberg.org/files/26300/m4b/26300-10.m4b', 'audio/mp4' );
INSERT INTO files ( gid, file, mime ) VALUES ( '26300', 'http://www.gutenberg.org/files/26300/m4b/26300-11.m4b', 'audio/mp4' );
INSERT INTO files ( gid, file, mime ) VALUES ( '26300', 'http://www.gutenberg.org/files/26300/m4b/26300-12.m4b', 'audio/mp4' );
INSERT INTO files ( gid, file, mime ) VALUES ( '26300', 'http://www.gutenberg.org/files/26300/m4b/26300-13.m4b', 'audio/mp4' );
INSERT INTO files ( gid, file, mime ) VALUES ( '26300', 'http://www.gutenberg.org/files/26300/m4b/26300-14.m4b', 'audio/mp4' );
INSERT INTO files ( gid, file, mime ) VALUES ( '26300', 'http://www.gutenberg.org/files/26300/m4b/26300-15.m4b', 'audio/mp4' );
INSERT INTO files ( gid, file, mime ) VALUES ( '26300', 'http://www.gutenberg.org/files/26300/m4b/26300-16.m4b', 'audio/mp4' );
INSERT INTO files ( gid, file, mime ) VALUES ( '26300', 'http://www.gutenberg.org/files/26300/m4b/26300-17.m4b', 'audio/mp4' );
INSERT INTO files ( gid, file, mime ) VALUES ( '26300', 'http://www.gutenberg.org/files/26300/m4b/26300-18.m4b', 'audio/mp4' );
INSERT INTO files ( gid, file, mime ) VALUES ( '26300', 'http://www.gutenberg.org/files/26300/m4b/26300-19.m4b', 'audio/mp4' );
INSERT INTO files ( gid, file, mime ) VALUES ( '26300', 'http://www.gutenberg.org/files/26300/m4b/26300-20.m4b', 'audio/mp4' );
INSERT INTO files ( gid, file, mime ) VALUES ( '26300', 'http://www.gutenberg.org/files/26300/mp3/26300-01.mp3', 'audio/mpeg' );
INSERT INTO files ( gid, file, mime ) VALUES ( '26300', 'http://www.gutenberg.org/files/26300/mp3/26300-02.mp3', 'audio/mpeg' );
INSERT INTO files ( gid, file, mime ) VALUES ( '26300', 'http://www.gutenberg.org/files/26300/mp3/26300-03.mp3', 'audio/mpeg' );
INSERT INTO files ( gid, file, mime ) VALUES ( '26300', 'http://www.gutenberg.org/files/26300/mp3/26300-04.mp3', 'audio/mpeg' );
INSERT INTO files ( gid, file, mime ) VALUES ( '26300', 'http://www.gutenberg.org/files/26300/mp3/26300-05.mp3', 'audio/mpeg' );
INSERT INTO files ( gid, file, mime ) VALUES ( '26300', 'http://www.gutenberg.org/files/26300/mp3/26300-06.mp3', 'audio/mpeg' );
INSERT INTO files ( gid, file, mime ) VALUES ( '26300', 'http://www.gutenberg.org/files/26300/mp3/26300-07.mp3', 'audio/mpeg' );
INSERT INTO files ( gid, file, mime ) VALUES ( '26300', 'http://www.gutenberg.org/files/26300/mp3/26300-08.mp3', 'audio/mpeg' );
INSERT INTO files ( gid, file, mime ) VALUES ( '26300', 'http://www.gutenberg.org/files/26300/mp3/26300-09.mp3', 'audio/mpeg' );
INSERT INTO files ( gid, file, mime ) VALUES ( '26300', 'http://www.gutenberg.org/files/26300/mp3/26300-10.mp3', 'audio/mpeg' );
INSERT INTO files ( gid, file, mime ) VALUES ( '26300', 'http://www.gutenberg.org/files/26300/mp3/26300-11.mp3', 'audio/mpeg' );
INSERT INTO files ( gid, file, mime ) VALUES ( '26300', 'http://www.gutenberg.org/files/26300/mp3/26300-12.mp3', 'audio/mpeg' );
INSERT INTO files ( gid, file, mime ) VALUES ( '26300', 'http://www.gutenberg.org/files/26300/mp3/26300-13.mp3', 'audio/mpeg' );
INSERT INTO files ( gid, file, mime ) VALUES ( '26300', 'http://www.gutenberg.org/files/26300/mp3/26300-14.mp3', 'audio/mpeg' );
INSERT INTO files ( gid, file, mime ) VALUES ( '26300', 'http://www.gutenberg.org/files/26300/mp3/26300-15.mp3', 'audio/mpeg' );
INSERT INTO files ( gid, file, mime ) VALUES ( '26300', 'http://www.gutenberg.org/files/26300/mp3/26300-16.mp3', 'audio/mpeg' );
INSERT INTO files ( gid, file, mime ) VALUES ( '26300', 'http://www.gutenberg.org/files/26300/mp3/26300-17.mp3', 'audio/mpeg' );
INSERT INTO files ( gid, file, mime ) VALUES ( '26300', 'http://www.gutenberg.org/files/26300/mp3/26300-18.mp3', 'audio/mpeg' );
INSERT INTO files ( gid, file, mime ) VALUES ( '26300', 'http://www.gutenberg.org/files/26300/mp3/26300-19.mp3', 'audio/mpeg' );
INSERT INTO files ( gid, file, mime ) VALUES ( '26300', 'http://www.gutenberg.org/files/26300/mp3/26300-20.mp3', 'audio/mpeg' );
INSERT INTO files ( gid, file, mime ) VALUES ( '26300', 'http://www.gutenberg.org/files/26300/ogg/26300-01.ogg', 'audio/ogg' );
INSERT INTO files ( gid, file, mime ) VALUES ( '26300', 'http://www.gutenberg.org/files/26300/ogg/26300-02.ogg', 'audio/ogg' );
INSERT INTO files ( gid, file, mime ) VALUES ( '26300', 'http://www.gutenberg.org/files/26300/ogg/26300-03.ogg', 'audio/ogg' );
INSERT INTO files ( gid, file, mime ) VALUES ( '26300', 'http://www.gutenberg.org/files/26300/ogg/26300-04.ogg', 'audio/ogg' );
INSERT INTO files ( gid, file, mime ) VALUES ( '26300', 'http://www.gutenberg.org/files/26300/ogg/26300-05.ogg', 'audio/ogg' );
INSERT INTO files ( gid, file, mime ) VALUES ( '26300', 'http://www.gutenberg.org/files/26300/ogg/26300-06.ogg', 'audio/ogg' );
INSERT INTO files ( gid, file, mime ) VALUES ( '26300', 'http://www.gutenberg.org/files/26300/ogg/26300-07.ogg', 'audio/ogg' );
INSERT INTO files ( gid, file, mime ) VALUES ( '26300', 'http://www.gutenberg.org/files/26300/ogg/26300-08.ogg', 'audio/ogg' );
INSERT INTO files ( gid, file, mime ) VALUES ( '26300', 'http://www.gutenberg.org/files/26300/ogg/26300-09.ogg', 'audio/ogg' );
INSERT INTO files ( gid, file, mime ) VALUES ( '26300', 'http://www.gutenberg.org/files/26300/ogg/26300-10.ogg', 'audio/ogg' );
INSERT INTO files ( gid, file, mime ) VALUES ( '26300', 'http://www.gutenberg.org/files/26300/ogg/26300-11.ogg', 'audio/ogg' );
INSERT INTO files ( gid, file, mime ) VALUES ( '26300', 'http://www.gutenberg.org/files/26300/ogg/26300-12.ogg', 'audio/ogg' );
INSERT INTO files ( gid, file, mime ) VALUES ( '26300', 'http://www.gutenberg.org/files/26300/ogg/26300-13.ogg', 'audio/ogg' );
INSERT INTO files ( gid, file, mime ) VALUES ( '26300', 'http://www.gutenberg.org/files/26300/ogg/26300-14.ogg', 'audio/ogg' );
INSERT INTO files ( gid, file, mime ) VALUES ( '26300', 'http://www.gutenberg.org/files/26300/ogg/26300-15.ogg', 'audio/ogg' );
INSERT INTO files ( gid, file, mime ) VALUES ( '26300', 'http://www.gutenberg.org/files/26300/ogg/26300-16.ogg', 'audio/ogg' );
INSERT INTO files ( gid, file, mime ) VALUES ( '26300', 'http://www.gutenberg.org/files/26300/ogg/26300-17.ogg', 'audio/ogg' );
INSERT INTO files ( gid, file, mime ) VALUES ( '26300', 'http://www.gutenberg.org/files/26300/ogg/26300-18.ogg', 'audio/ogg' );
INSERT INTO files ( gid, file, mime ) VALUES ( '26300', 'http://www.gutenberg.org/files/26300/ogg/26300-19.ogg', 'audio/ogg' );
INSERT INTO files ( gid, file, mime ) VALUES ( '26300', 'http://www.gutenberg.org/files/26300/ogg/26300-20.ogg', 'audio/ogg' );
INSERT INTO files ( gid, file, mime ) VALUES ( '26300', 'http://www.gutenberg.org/files/26300/spx/26300-01.spx', 'audio/ogg' );
INSERT INTO files ( gid, file, mime ) VALUES ( '26300', 'http://www.gutenberg.org/files/26300/spx/26300-02.spx', 'audio/ogg' );
INSERT INTO files ( gid, file, mime ) VALUES ( '26300', 'http://www.gutenberg.org/files/26300/spx/26300-03.spx', 'audio/ogg' );
INSERT INTO files ( gid, file, mime ) VALUES ( '26300', 'http://www.gutenberg.org/files/26300/spx/26300-04.spx', 'audio/ogg' );
INSERT INTO files ( gid, file, mime ) VALUES ( '26300', 'http://www.gutenberg.org/files/26300/spx/26300-05.spx', 'audio/ogg' );
INSERT INTO files ( gid, file, mime ) VALUES ( '26300', 'http://www.gutenberg.org/files/26300/spx/26300-06.spx', 'audio/ogg' );
INSERT INTO files ( gid, file, mime ) VALUES ( '26300', 'http://www.gutenberg.org/files/26300/spx/26300-07.spx', 'audio/ogg' );
INSERT INTO files ( gid, file, mime ) VALUES ( '26300', 'http://www.gutenberg.org/files/26300/spx/26300-08.spx', 'audio/ogg' );
INSERT INTO files ( gid, file, mime ) VALUES ( '26300', 'http://www.gutenberg.org/files/26300/spx/26300-09.spx', 'audio/ogg' );
INSERT INTO files ( gid, file, mime ) VALUES ( '26300', 'http://www.gutenberg.org/files/26300/spx/26300-10.spx', 'audio/ogg' );
INSERT INTO files ( gid, file, mime ) VALUES ( '26300', 'http://www.gutenberg.org/files/26300/spx/26300-11.spx', 'audio/ogg' );
INSERT INTO files ( gid, file, mime ) VALUES ( '26300', 'http://www.gutenberg.org/files/26300/spx/26300-12.spx', 'audio/ogg' );
INSERT INTO files ( gid, file, mime ) VALUES ( '26300', 'http://www.gutenberg.org/files/26300/spx/26300-13.spx', 'audio/ogg' );
INSERT INTO files ( gid, file, mime ) VALUES ( '26300', 'http://www.gutenberg.org/files/26300/spx/26300-14.spx', 'audio/ogg' );
INSERT INTO files ( gid, file, mime ) VALUES ( '26300', 'http://www.gutenberg.org/files/26300/spx/26300-15.spx', 'audio/ogg' );
INSERT INTO files ( gid, file, mime ) VALUES ( '26300', 'http://www.gutenberg.org/files/26300/spx/26300-16.spx', 'audio/ogg' );
INSERT INTO files ( gid, file, mime ) VALUES ( '26300', 'http://www.gutenberg.org/files/26300/spx/26300-17.spx', 'audio/ogg' );
INSERT INTO files ( gid, file, mime ) VALUES ( '26300', 'http://www.gutenberg.org/files/26300/spx/26300-18.spx', 'audio/ogg' );
INSERT INTO files ( gid, file, mime ) VALUES ( '26300', 'http://www.gutenberg.org/files/26300/spx/26300-19.spx', 'audio/ogg' );
INSERT INTO files ( gid, file, mime ) VALUES ( '26300', 'http://www.gutenberg.org/files/26300/spx/26300-20.spx', 'audio/ogg' );
INSERT INTO titles ( gid, title, author, language, rights ) VALUES ( '26700', 'Saronia A Romance of Ancient Ephesus', 'Short, Richard', 'en', 'Public domain in the USA.' );
INSERT INTO classifications ( gid, classification ) VALUES ( '26700', 'PR' );
INSERT INTO subjects ( gid, subject ) VALUES ( '26700', 'Ephesus (Extinct city) -- Fiction' );
INSERT INTO files ( gid, file, mime ) VALUES ( '26700', 'http://www.gutenberg.org/ebooks/26700.epub.images', 'application/epub+zip' );
INSERT INTO files ( gid, file, mime ) VALUES ( '26700', 'http://www.gutenberg.org/ebooks/26700.epub.noimages', 'application/epub+zip' );
INSERT INTO files ( gid, file, mime ) VALUES ( '26700', 'http://www.gutenberg.org/ebooks/26700.kindle.images', 'application/x-mobipocket-ebook' );
INSERT INTO files ( gid, file, mime ) VALUES ( '26700', 'http://www.gutenberg.org/ebooks/26700.kindle.noimages', 'application/x-mobipocket-ebook' );
INSERT INTO files ( gid, file, mime ) VALUES ( '26700', 'http://www.gutenberg.org/ebooks/26700.rdf', 'application/rdf+xml' );
INSERT INTO files ( gid, file, mime ) VALUES ( '26700', 'http://www.gutenberg.org/ebooks/26700.txt.utf-8', 'text/plain' );
INSERT INTO files ( gid, file, mime ) VALUES ( '26700', 'http://www.gutenberg.org/files/26700/26700-8.txt', 'text/plain; charset=iso-8859-1' );
INSERT INTO files ( gid, file, mime ) VALUES ( '26700', 'http://www.gutenberg.org/files/26700/26700-8.zip', 'text/plain; charset=iso-8859-1application/zip' );
INSERT INTO files ( gid, file, mime ) VALUES ( '26700', 'http://www.gutenberg.org/files/26700/26700-h.zip', 'text/html; charset=iso-8859-1application/zip' );
INSERT INTO files ( gid, file, mime ) VALUES ( '26700', 'http://www.gutenberg.org/files/26700/26700-h/26700-h.htm', 'text/html; charset=iso-8859-1' );
INSERT INTO files ( gid, file, mime ) VALUES ( '26700', 'http://www.gutenberg.org/files/26700/26700.txt', 'text/plain; charset=us-ascii' );
INSERT INTO files ( gid, file, mime ) VALUES ( '26700', 'http://www.gutenberg.org/files/26700/26700.zip', 'application/ziptext/plain; charset=us-ascii' );
INSERT INTO titles ( gid, title, author, language, rights ) VALUES ( '26800', 'Hortus Vitae Essays on the Gardening of Life', 'Lee, Vernon', 'en', 'Public domain in the USA.' );
INSERT INTO classifications ( gid, classification ) VALUES ( '26800', 'PR' );
INSERT INTO subjects ( gid, subject ) VALUES ( '26800', 'Essays' );
INSERT INTO files ( gid, file, mime ) VALUES ( '26800', 'http://www.gutenberg.org/ebooks/26800.epub.images', 'application/epub+zip' );
INSERT INTO files ( gid, file, mime ) VALUES ( '26800', 'http://www.gutenberg.org/ebooks/26800.epub.noimages', 'application/epub+zip' );
INSERT INTO files ( gid, file, mime ) VALUES ( '26800', 'http://www.gutenberg.org/ebooks/26800.kindle.images', 'application/x-mobipocket-ebook' );
INSERT INTO files ( gid, file, mime ) VALUES ( '26800', 'http://www.gutenberg.org/ebooks/26800.kindle.noimages', 'application/x-mobipocket-ebook' );
INSERT INTO files ( gid, file, mime ) VALUES ( '26800', 'http://www.gutenberg.org/ebooks/26800.rdf', 'application/rdf+xml' );
INSERT INTO files ( gid, file, mime ) VALUES ( '26800', 'http://www.gutenberg.org/ebooks/26800.txt.utf-8', 'text/plain' );
INSERT INTO files ( gid, file, mime ) VALUES ( '26800', 'http://www.gutenberg.org/files/26800/26800-8.txt', 'text/plain; charset=iso-8859-1' );
INSERT INTO files ( gid, file, mime ) VALUES ( '26800', 'http://www.gutenberg.org/files/26800/26800-8.zip', 'text/plain; charset=iso-8859-1application/zip' );
INSERT INTO files ( gid, file, mime ) VALUES ( '26800', 'http://www.gutenberg.org/files/26800/26800-h.zip', 'application/ziptext/html; charset=iso-8859-1' );
INSERT INTO files ( gid, file, mime ) VALUES ( '26800', 'http://www.gutenberg.org/files/26800/26800-h/26800-h.htm', 'text/html; charset=iso-8859-1' );
INSERT INTO files ( gid, file, mime ) VALUES ( '26800', 'http://www.gutenberg.org/files/26800/26800.txt', 'text/plain; charset=us-ascii' );
INSERT INTO files ( gid, file, mime ) VALUES ( '26800', 'http://www.gutenberg.org/files/26800/26800.zip', 'application/ziptext/plain; charset=us-ascii' );
INSERT INTO titles ( gid, title, author, language, rights ) VALUES ( '26900', 'Report of the Lords Commissioners for Trade and Plantations on the Petition of the Honourable Thomas Walpole, Benjamin Franklin, John Sargent, and Samuel Wharton, Esquires, and their Associates 1772', 'Great Britain. Board of Trade', 'en', 'Public domain in the USA.' );
INSERT INTO subjects ( gid, subject ) VALUES ( '26900', 'F516' );
INSERT INTO subjects ( gid, subject ) VALUES ( '26900', 'Walpole, Thomas, 1727-1803' );
INSERT INTO subjects ( gid, subject ) VALUES ( '26900', 'Ohio River Valley -- History -- To 1795' );
INSERT INTO files ( gid, file, mime ) VALUES ( '26900', 'http://www.gutenberg.org/ebooks/26900.epub.images', 'application/epub+zip' );
INSERT INTO files ( gid, file, mime ) VALUES ( '26900', 'http://www.gutenberg.org/ebooks/26900.epub.noimages', 'application/epub+zip' );
INSERT INTO files ( gid, file, mime ) VALUES ( '26900', 'http://www.gutenberg.org/ebooks/26900.kindle.images', 'application/x-mobipocket-ebook' );
INSERT INTO files ( gid, file, mime ) VALUES ( '26900', 'http://www.gutenberg.org/ebooks/26900.kindle.noimages', 'application/x-mobipocket-ebook' );
INSERT INTO files ( gid, file, mime ) VALUES ( '26900', 'http://www.gutenberg.org/ebooks/26900.rdf', 'application/rdf+xml' );
INSERT INTO files ( gid, file, mime ) VALUES ( '26900', 'http://www.gutenberg.org/ebooks/26900.txt.utf-8', 'text/plain' );
INSERT INTO files ( gid, file, mime ) VALUES ( '26900', 'http://www.gutenberg.org/files/26900/26900-8.txt', 'text/plain; charset=iso-8859-1' );
INSERT INTO files ( gid, file, mime ) VALUES ( '26900', 'http://www.gutenberg.org/files/26900/26900-8.zip', 'text/plain; charset=iso-8859-1application/zip' );
INSERT INTO files ( gid, file, mime ) VALUES ( '26900', 'http://www.gutenberg.org/files/26900/26900-h.zip', 'text/html; charset=iso-8859-1application/zip' );
INSERT INTO files ( gid, file, mime ) VALUES ( '26900', 'http://www.gutenberg.org/files/26900/26900-h/26900-h.htm', 'text/html; charset=iso-8859-1' );
INSERT INTO files ( gid, file, mime ) VALUES ( '26900', 'http://www.gutenberg.org/files/26900/26900.txt', 'text/plain; charset=us-ascii' );
INSERT INTO files ( gid, file, mime ) VALUES ( '26900', 'http://www.gutenberg.org/files/26900/26900.zip', 'text/plain; charset=us-asciiapplication/zip' );
INSERT INTO titles ( gid, title, author, language, rights ) VALUES ( '27000', 'What the Moon Saw: and Other Tales', 'Andersen, H. C. (Hans Christian)', 'en', 'Public domain in the USA.' );
INSERT INTO classifications ( gid, classification ) VALUES ( '27000', 'PZ' );
INSERT INTO subjects ( gid, subject ) VALUES ( '27000', 'Fairy tales -- Denmark' );
INSERT INTO subjects ( gid, subject ) VALUES ( '27000', 'Children''s stories, Danish -- Translations into English' );
INSERT INTO files ( gid, file, mime ) VALUES ( '27000', 'http://www.gutenberg.org/ebooks/27000.epub.images', 'application/epub+zip' );
INSERT INTO files ( gid, file, mime ) VALUES ( '27000', 'http://www.gutenberg.org/ebooks/27000.epub.noimages', 'application/epub+zip' );
INSERT INTO files ( gid, file, mime ) VALUES ( '27000', 'http://www.gutenberg.org/ebooks/27000.kindle.images', 'application/x-mobipocket-ebook' );
INSERT INTO files ( gid, file, mime ) VALUES ( '27000', 'http://www.gutenberg.org/ebooks/27000.kindle.noimages', 'application/x-mobipocket-ebook' );
INSERT INTO files ( gid, file, mime ) VALUES ( '27000', 'http://www.gutenberg.org/ebooks/27000.rdf', 'application/rdf+xml' );
INSERT INTO files ( gid, file, mime ) VALUES ( '27000', 'http://www.gutenberg.org/ebooks/27000.txt.utf-8', 'text/plain' );
INSERT INTO files ( gid, file, mime ) VALUES ( '27000', 'http://www.gutenberg.org/files/27000/27000-8.txt', 'text/plain; charset=iso-8859-1' );
INSERT INTO files ( gid, file, mime ) VALUES ( '27000', 'http://www.gutenberg.org/files/27000/27000-8.zip', 'application/ziptext/plain; charset=iso-8859-1' );
INSERT INTO files ( gid, file, mime ) VALUES ( '27000', 'http://www.gutenberg.org/files/27000/27000-h.zip', 'application/ziptext/html; charset=iso-8859-1' );
INSERT INTO files ( gid, file, mime ) VALUES ( '27000', 'http://www.gutenberg.org/files/27000/27000-h/27000-h.htm', 'text/html; charset=iso-8859-1' );
INSERT INTO files ( gid, file, mime ) VALUES ( '27000', 'http://www.gutenberg.org/files/27000/27000.txt', 'text/plain; charset=us-ascii' );
INSERT INTO files ( gid, file, mime ) VALUES ( '27000', 'http://www.gutenberg.org/files/27000/27000.zip', 'text/plain; charset=us-asciiapplication/zip' );
INSERT INTO titles ( gid, title, author, language, rights ) VALUES ( '2700', 'Medical Essays, 1842-1882', 'Holmes, Oliver Wendell', 'en', 'Public domain in the USA.' );
INSERT INTO classifications ( gid, classification ) VALUES ( '2700', 'PS' );
INSERT INTO subjects ( gid, subject ) VALUES ( '2700', 'Libraries, Medical -- Massachusetts -- 19th century' );
INSERT INTO subjects ( gid, subject ) VALUES ( '2700', 'Homeopathy' );
INSERT INTO subjects ( gid, subject ) VALUES ( '2700', 'Medicine' );
INSERT INTO subjects ( gid, subject ) VALUES ( '2700', 'Education, Medical -- Massachusetts -- 19th century' );
INSERT INTO files ( gid, file, mime ) VALUES ( '2700', 'http://www.gutenberg.org/ebooks/2700.epub.images', 'application/epub+zip' );
INSERT INTO files ( gid, file, mime ) VALUES ( '2700', 'http://www.gutenberg.org/ebooks/2700.epub.noimages', 'application/epub+zip' );
INSERT INTO files ( gid, file, mime ) VALUES ( '2700', 'http://www.gutenberg.org/ebooks/2700.kindle.images', 'application/x-mobipocket-ebook' );
INSERT INTO files ( gid, file, mime ) VALUES ( '2700', 'http://www.gutenberg.org/ebooks/2700.kindle.noimages', 'application/x-mobipocket-ebook' );
INSERT INTO files ( gid, file, mime ) VALUES ( '2700', 'http://www.gutenberg.org/ebooks/2700.rdf', 'application/rdf+xml' );
INSERT INTO files ( gid, file, mime ) VALUES ( '2700', 'http://www.gutenberg.org/files/2700/2700-0.txt', 'text/plain; charset=utf-8' );
INSERT INTO files ( gid, file, mime ) VALUES ( '2700', 'http://www.gutenberg.org/files/2700/2700-0.zip', 'text/plain; charset=utf-8application/zip' );
INSERT INTO files ( gid, file, mime ) VALUES ( '2700', 'http://www.gutenberg.org/files/2700/2700-h.zip', 'text/html; charset=utf-8application/zip' );
INSERT INTO files ( gid, file, mime ) VALUES ( '2700', 'http://www.gutenberg.org/files/2700/2700-h/2700-h.htm', 'text/html; charset=utf-8' );
INSERT INTO titles ( gid, title, author, language, rights ) VALUES ( '27100', 'Historia de una parisiense', 'Feuillet, Octave', 'es', 'Public domain in the USA.' );
INSERT INTO classifications ( gid, classification ) VALUES ( '27100', 'PQ' );
INSERT INTO subjects ( gid, subject ) VALUES ( '27100', 'Paris (France) -- Fiction' );
INSERT INTO files ( gid, file, mime ) VALUES ( '27100', 'http://www.gutenberg.org/ebooks/27100.epub.images', 'application/epub+zip' );
INSERT INTO files ( gid, file, mime ) VALUES ( '27100', 'http://www.gutenberg.org/ebooks/27100.epub.noimages', 'application/epub+zip' );
INSERT INTO files ( gid, file, mime ) VALUES ( '27100', 'http://www.gutenberg.org/ebooks/27100.kindle.images', 'application/x-mobipocket-ebook' );
INSERT INTO files ( gid, file, mime ) VALUES ( '27100', 'http://www.gutenberg.org/ebooks/27100.kindle.noimages', 'application/x-mobipocket-ebook' );
INSERT INTO files ( gid, file, mime ) VALUES ( '27100', 'http://www.gutenberg.org/ebooks/27100.rdf', 'application/rdf+xml' );
INSERT INTO files ( gid, file, mime ) VALUES ( '27100', 'http://www.gutenberg.org/ebooks/27100.txt.utf-8', 'text/plain' );
INSERT INTO files ( gid, file, mime ) VALUES ( '27100', 'http://www.gutenberg.org/files/27100/27100-8.txt', 'text/plain; charset=iso-8859-1' );
INSERT INTO files ( gid, file, mime ) VALUES ( '27100', 'http://www.gutenberg.org/files/27100/27100-8.zip', 'text/plain; charset=iso-8859-1application/zip' );
INSERT INTO files ( gid, file, mime ) VALUES ( '27100', 'http://www.gutenberg.org/files/27100/27100-h.zip', 'text/html; charset=iso-8859-1application/zip' );
INSERT INTO files ( gid, file, mime ) VALUES ( '27100', 'http://www.gutenberg.org/files/27100/27100-h/27100-h.htm', 'text/html; charset=iso-8859-1' );
INSERT INTO titles ( gid, title, author, language, rights ) VALUES ( '27200', 'Fairy Tales of Hans Christian Andersen', 'Andersen, H. C. (Hans Christian)', 'en', 'Public domain in the USA.' );
INSERT INTO classifications ( gid, classification ) VALUES ( '27200', 'PZ' );
INSERT INTO subjects ( gid, subject ) VALUES ( '27200', 'Short stories' );
INSERT INTO subjects ( gid, subject ) VALUES ( '27200', 'Fairy tales -- Denmark' );
INSERT INTO subjects ( gid, subject ) VALUES ( '27200', 'Children''s stories, Danish -- Translations into English' );
INSERT INTO subjects ( gid, subject ) VALUES ( '27200', 'Fairy tales' );
INSERT INTO files ( gid, file, mime ) VALUES ( '27200', 'http://www.gutenberg.org/ebooks/27200.epub.images', 'application/epub+zip' );
INSERT INTO files ( gid, file, mime ) VALUES ( '27200', 'http://www.gutenberg.org/ebooks/27200.epub.noimages', 'application/epub+zip' );
INSERT INTO files ( gid, file, mime ) VALUES ( '27200', 'http://www.gutenberg.org/ebooks/27200.kindle.images', 'application/x-mobipocket-ebook' );
INSERT INTO files ( gid, file, mime ) VALUES ( '27200', 'http://www.gutenberg.org/ebooks/27200.kindle.noimages', 'application/x-mobipocket-ebook' );
INSERT INTO files ( gid, file, mime ) VALUES ( '27200', 'http://www.gutenberg.org/ebooks/27200.rdf', 'application/rdf+xml' );
INSERT INTO files ( gid, file, mime ) VALUES ( '27200', 'http://www.gutenberg.org/ebooks/27200.txt.utf-8', 'text/plain' );
INSERT INTO files ( gid, file, mime ) VALUES ( '27200', 'http://www.gutenberg.org/files/27200/27200-h.zip', 'application/ziptext/html; charset=iso-8859-1' );
INSERT INTO files ( gid, file, mime ) VALUES ( '27200', 'http://www.gutenberg.org/files/27200/27200-h/27200-h.htm', 'text/html; charset=iso-8859-1' );
INSERT INTO files ( gid, file, mime ) VALUES ( '27200', 'http://www.gutenberg.org/files/27200/27200.txt', 'text/plain; charset=us-ascii' );
INSERT INTO files ( gid, file, mime ) VALUES ( '27200', 'http://www.gutenberg.org/files/27200/27200.zip', 'application/ziptext/plain; charset=us-ascii' );
INSERT INTO titles ( gid, title, author, language, rights ) VALUES ( '27300', 'The Young Adventurer; or, Tom''s Trip Across the Plains', 'Alger, Horatio, Jr.', 'en', 'Public domain in the USA.' );
INSERT INTO classifications ( gid, classification ) VALUES ( '27300', 'PS' );
INSERT INTO classifications ( gid, classification ) VALUES ( '27300', 'PZ' );
INSERT INTO subjects ( gid, subject ) VALUES ( '27300', 'Conduct of life -- Fiction' );
INSERT INTO subjects ( gid, subject ) VALUES ( '27300', 'Robbers and outlaws -- Fiction' );
INSERT INTO subjects ( gid, subject ) VALUES ( '27300', 'Indians of North America -- West (U.S.) -- Fiction' );
INSERT INTO subjects ( gid, subject ) VALUES ( '27300', 'West (U.S.) -- History -- 1860-1890 -- Fiction' );
INSERT INTO subjects ( gid, subject ) VALUES ( '27300', 'Overland journeys to the Pacific -- Fiction' );
INSERT INTO files ( gid, file, mime ) VALUES ( '27300', 'http://www.gutenberg.org/cache/epub/27300/pg27300.cover.medium.jpg', 'image/jpeg' );
INSERT INTO files ( gid, file, mime ) VALUES ( '27300', 'http://www.gutenberg.org/cache/epub/27300/pg27300.cover.small.jpg', 'image/jpeg' );
INSERT INTO files ( gid, file, mime ) VALUES ( '27300', 'http://www.gutenberg.org/ebooks/27300.epub.images', 'application/epub+zip' );
INSERT INTO files ( gid, file, mime ) VALUES ( '27300', 'http://www.gutenberg.org/ebooks/27300.epub.noimages', 'application/epub+zip' );
INSERT INTO files ( gid, file, mime ) VALUES ( '27300', 'http://www.gutenberg.org/ebooks/27300.kindle.images', 'application/x-mobipocket-ebook' );
INSERT INTO files ( gid, file, mime ) VALUES ( '27300', 'http://www.gutenberg.org/ebooks/27300.kindle.noimages', 'application/x-mobipocket-ebook' );
INSERT INTO files ( gid, file, mime ) VALUES ( '27300', 'http://www.gutenberg.org/ebooks/27300.rdf', 'application/rdf+xml' );
INSERT INTO files ( gid, file, mime ) VALUES ( '27300', 'http://www.gutenberg.org/ebooks/27300.txt.utf-8', 'text/plain' );
INSERT INTO files ( gid, file, mime ) VALUES ( '27300', 'http://www.gutenberg.org/files/27300/27300-h.zip', 'text/html; charset=iso-8859-1application/zip' );
INSERT INTO files ( gid, file, mime ) VALUES ( '27300', 'http://www.gutenberg.org/files/27300/27300-h/27300-h.htm', 'text/html; charset=iso-8859-1' );
INSERT INTO files ( gid, file, mime ) VALUES ( '27300', 'http://www.gutenberg.org/files/27300/27300.txt', 'text/plain; charset=us-ascii' );
INSERT INTO files ( gid, file, mime ) VALUES ( '27300', 'http://www.gutenberg.org/files/27300/27300.zip', 'application/ziptext/plain; charset=us-ascii' );
INSERT INTO titles ( gid, title, author, language, rights ) VALUES ( '27400', 'The Martian: A Novel', 'Du Maurier, George', 'en', 'Public domain in the USA.' );
INSERT INTO classifications ( gid, classification ) VALUES ( '27400', 'PR' );
INSERT INTO subjects ( gid, subject ) VALUES ( '27400', 'Human-alien encounters -- Fiction' );
INSERT INTO subjects ( gid, subject ) VALUES ( '27400', 'Young men -- Fiction' );
INSERT INTO subjects ( gid, subject ) VALUES ( '27400', 'Martians -- Fiction' );
INSERT INTO subjects ( gid, subject ) VALUES ( '27400', 'Paris (France) -- Fiction' );
INSERT INTO subjects ( gid, subject ) VALUES ( '27400', 'Authors -- Fiction' );
INSERT INTO files ( gid, file, mime ) VALUES ( '27400', 'http://www.gutenberg.org/cache/epub/27400/pg27400.cover.medium.jpg', 'image/jpeg' );
INSERT INTO files ( gid, file, mime ) VALUES ( '27400', 'http://www.gutenberg.org/cache/epub/27400/pg27400.cover.small.jpg', 'image/jpeg' );
INSERT INTO files ( gid, file, mime ) VALUES ( '27400', 'http://www.gutenberg.org/ebooks/27400.epub.images', 'application/epub+zip' );
INSERT INTO files ( gid, file, mime ) VALUES ( '27400', 'http://www.gutenberg.org/ebooks/27400.epub.noimages', 'application/epub+zip' );
INSERT INTO files ( gid, file, mime ) VALUES ( '27400', 'http://www.gutenberg.org/ebooks/27400.kindle.images', 'application/x-mobipocket-ebook' );
INSERT INTO files ( gid, file, mime ) VALUES ( '27400', 'http://www.gutenberg.org/ebooks/27400.kindle.noimages', 'application/x-mobipocket-ebook' );
INSERT INTO files ( gid, file, mime ) VALUES ( '27400', 'http://www.gutenberg.org/ebooks/27400.rdf', 'application/rdf+xml' );
INSERT INTO files ( gid, file, mime ) VALUES ( '27400', 'http://www.gutenberg.org/ebooks/27400.txt.utf-8', 'text/plain' );
INSERT INTO files ( gid, file, mime ) VALUES ( '27400', 'http://www.gutenberg.org/files/27400/27400-8.txt', 'text/plain; charset=iso-8859-1' );
INSERT INTO files ( gid, file, mime ) VALUES ( '27400', 'http://www.gutenberg.org/files/27400/27400-8.zip', 'application/ziptext/plain; charset=iso-8859-1' );
INSERT INTO files ( gid, file, mime ) VALUES ( '27400', 'http://www.gutenberg.org/files/27400/27400-h.zip', 'application/ziptext/html; charset=utf-8' );
INSERT INTO files ( gid, file, mime ) VALUES ( '27400', 'http://www.gutenberg.org/files/27400/27400-h/27400-h.htm', 'text/html; charset=utf-8' );
INSERT INTO files ( gid, file, mime ) VALUES ( '27400', 'http://www.gutenberg.org/files/27400/27400.txt', 'text/plain; charset=us-ascii' );
INSERT INTO files ( gid, file, mime ) VALUES ( '27400', 'http://www.gutenberg.org/files/27400/27400.zip', 'text/plain; charset=us-asciiapplication/zip' );
INSERT INTO titles ( gid, title, author, language, rights ) VALUES ( '27500', 'The New Theology', 'Campbell, R. J. (Reginald John)', 'en', 'Public domain in the USA.' );
INSERT INTO classifications ( gid, classification ) VALUES ( '27500', 'BT' );
INSERT INTO subjects ( gid, subject ) VALUES ( '27500', 'Theology, Doctrinal' );
INSERT INTO files ( gid, file, mime ) VALUES ( '27500', 'http://www.gutenberg.org/ebooks/27500.epub.images', 'application/epub+zip' );
INSERT INTO files ( gid, file, mime ) VALUES ( '27500', 'http://www.gutenberg.org/ebooks/27500.epub.noimages', 'application/epub+zip' );
INSERT INTO files ( gid, file, mime ) VALUES ( '27500', 'http://www.gutenberg.org/ebooks/27500.html.images', 'text/html' );
INSERT INTO files ( gid, file, mime ) VALUES ( '27500', 'http://www.gutenberg.org/ebooks/27500.html.noimages', 'text/html' );
INSERT INTO files ( gid, file, mime ) VALUES ( '27500', 'http://www.gutenberg.org/ebooks/27500.kindle.images', 'application/x-mobipocket-ebook' );
INSERT INTO files ( gid, file, mime ) VALUES ( '27500', 'http://www.gutenberg.org/ebooks/27500.kindle.noimages', 'application/x-mobipocket-ebook' );
INSERT INTO files ( gid, file, mime ) VALUES ( '27500', 'http://www.gutenberg.org/ebooks/27500.rdf', 'application/rdf+xml' );
INSERT INTO files ( gid, file, mime ) VALUES ( '27500', 'http://www.gutenberg.org/ebooks/27500.txt.utf-8', 'text/plain' );
INSERT INTO files ( gid, file, mime ) VALUES ( '27500', 'http://www.gutenberg.org/files/27500/27500-8.txt', 'text/plain; charset=iso-8859-1' );
INSERT INTO files ( gid, file, mime ) VALUES ( '27500', 'http://www.gutenberg.org/files/27500/27500-8.zip', 'application/ziptext/plain; charset=iso-8859-1' );
INSERT INTO files ( gid, file, mime ) VALUES ( '27500', 'http://www.gutenberg.org/files/27500/27500.txt', 'text/plain; charset=us-ascii' );
INSERT INTO files ( gid, file, mime ) VALUES ( '27500', 'http://www.gutenberg.org/files/27500/27500.zip', 'application/ziptext/plain; charset=us-ascii' );
INSERT INTO titles ( gid, title, author, language, rights ) VALUES ( '27600', 'Zoonomia; Or, the Laws of Organic Life, Vol. II', 'Darwin, Erasmus', 'en', 'Public domain in the USA.' );
INSERT INTO classifications ( gid, classification ) VALUES ( '27600', 'QP' );
INSERT INTO subjects ( gid, subject ) VALUES ( '27600', 'Pathology -- Early works to 1800' );
INSERT INTO subjects ( gid, subject ) VALUES ( '27600', 'Evolution (Biology) -- Early works to 1800' );
INSERT INTO subjects ( gid, subject ) VALUES ( '27600', 'Physiology -- Early works to 1800' );
INSERT INTO subjects ( gid, subject ) VALUES ( '27600', 'Medicine -- Early works to 1800' );
INSERT INTO files ( gid, file, mime ) VALUES ( '27600', 'http://www.gutenberg.org/ebooks/27600.epub.images', 'application/epub+zip' );
INSERT INTO files ( gid, file, mime ) VALUES ( '27600', 'http://www.gutenberg.org/ebooks/27600.epub.noimages', 'application/epub+zip' );
INSERT INTO files ( gid, file, mime ) VALUES ( '27600', 'http://www.gutenberg.org/ebooks/27600.kindle.images', 'application/x-mobipocket-ebook' );
INSERT INTO files ( gid, file, mime ) VALUES ( '27600', 'http://www.gutenberg.org/ebooks/27600.kindle.noimages', 'application/x-mobipocket-ebook' );
INSERT INTO files ( gid, file, mime ) VALUES ( '27600', 'http://www.gutenberg.org/ebooks/27600.rdf', 'application/rdf+xml' );
INSERT INTO files ( gid, file, mime ) VALUES ( '27600', 'http://www.gutenberg.org/ebooks/27600.txt.utf-8', 'text/plain' );
INSERT INTO files ( gid, file, mime ) VALUES ( '27600', 'http://www.gutenberg.org/files/27600/27600-8.txt', 'text/plain; charset=iso-8859-1' );
INSERT INTO files ( gid, file, mime ) VALUES ( '27600', 'http://www.gutenberg.org/files/27600/27600-8.zip', 'text/plain; charset=iso-8859-1application/zip' );
INSERT INTO files ( gid, file, mime ) VALUES ( '27600', 'http://www.gutenberg.org/files/27600/27600-h.zip', 'text/html; charset=iso-8859-1application/zip' );
INSERT INTO files ( gid, file, mime ) VALUES ( '27600', 'http://www.gutenberg.org/files/27600/27600-h/27600-h.htm', 'text/html; charset=iso-8859-1' );
INSERT INTO files ( gid, file, mime ) VALUES ( '27600', 'http://www.gutenberg.org/files/27600/27600.txt', 'text/plain; charset=us-ascii' );
INSERT INTO files ( gid, file, mime ) VALUES ( '27600', 'http://www.gutenberg.org/files/27600/27600.zip', 'text/plain; charset=us-asciiapplication/zip' );
INSERT INTO titles ( gid, title, author, language, rights ) VALUES ( '27700', 'The Rose-Jar', 'Jones, Thomas S. (Thomas Samuel)', 'en', 'Public domain in the USA.' );
INSERT INTO classifications ( gid, classification ) VALUES ( '27700', 'PS' );
INSERT INTO subjects ( gid, subject ) VALUES ( '27700', 'Poetry' );
INSERT INTO files ( gid, file, mime ) VALUES ( '27700', 'http://www.gutenberg.org/ebooks/27700.epub.images', 'application/epub+zip' );
INSERT INTO files ( gid, file, mime ) VALUES ( '27700', 'http://www.gutenberg.org/ebooks/27700.epub.noimages', 'application/epub+zip' );
INSERT INTO files ( gid, file, mime ) VALUES ( '27700', 'http://www.gutenberg.org/ebooks/27700.kindle.images', 'application/x-mobipocket-ebook' );
INSERT INTO files ( gid, file, mime ) VALUES ( '27700', 'http://www.gutenberg.org/ebooks/27700.kindle.noimages', 'application/x-mobipocket-ebook' );
INSERT INTO files ( gid, file, mime ) VALUES ( '27700', 'http://www.gutenberg.org/ebooks/27700.rdf', 'application/rdf+xml' );
INSERT INTO files ( gid, file, mime ) VALUES ( '27700', 'http://www.gutenberg.org/ebooks/27700.txt.utf-8', 'text/plain' );
INSERT INTO files ( gid, file, mime ) VALUES ( '27700', 'http://www.gutenberg.org/files/27700/27700-8.txt', 'text/plain; charset=iso-8859-1' );
INSERT INTO files ( gid, file, mime ) VALUES ( '27700', 'http://www.gutenberg.org/files/27700/27700-8.zip', 'text/plain; charset=iso-8859-1application/zip' );
INSERT INTO files ( gid, file, mime ) VALUES ( '27700', 'http://www.gutenberg.org/files/27700/27700-h.zip', 'application/ziptext/html; charset=iso-8859-1' );
INSERT INTO files ( gid, file, mime ) VALUES ( '27700', 'http://www.gutenberg.org/files/27700/27700-h/27700-h.htm', 'text/html; charset=iso-8859-1' );
INSERT INTO files ( gid, file, mime ) VALUES ( '27700', 'http://www.gutenberg.org/files/27700/27700.txt', 'text/plain; charset=us-ascii' );
INSERT INTO files ( gid, file, mime ) VALUES ( '27700', 'http://www.gutenberg.org/files/27700/27700.zip', 'text/plain; charset=us-asciiapplication/zip' );
INSERT INTO titles ( gid, title, author, language, rights ) VALUES ( '27800', 'Brieven uit en over Amerika', 'Jacobs, Aletta H. (Aletta Henriette)', 'nl', 'Public domain in the USA.' );
INSERT INTO subjects ( gid, subject ) VALUES ( '27800', 'E151' );
INSERT INTO subjects ( gid, subject ) VALUES ( '27800', 'United States -- Description and travel' );
INSERT INTO files ( gid, file, mime ) VALUES ( '27800', 'http://www.gutenberg.org/ebooks/27800.epub.images', 'application/epub+zip' );
INSERT INTO files ( gid, file, mime ) VALUES ( '27800', 'http://www.gutenberg.org/ebooks/27800.epub.noimages', 'application/epub+zip' );
INSERT INTO files ( gid, file, mime ) VALUES ( '27800', 'http://www.gutenberg.org/ebooks/27800.kindle.images', 'application/x-mobipocket-ebook' );
INSERT INTO files ( gid, file, mime ) VALUES ( '27800', 'http://www.gutenberg.org/ebooks/27800.kindle.noimages', 'application/x-mobipocket-ebook' );
INSERT INTO files ( gid, file, mime ) VALUES ( '27800', 'http://www.gutenberg.org/ebooks/27800.rdf', 'application/rdf+xml' );
INSERT INTO files ( gid, file, mime ) VALUES ( '27800', 'http://www.gutenberg.org/ebooks/27800.txt.utf-8', 'text/plain' );
INSERT INTO files ( gid, file, mime ) VALUES ( '27800', 'http://www.gutenberg.org/files/27800/27800-8.txt', 'text/plain; charset=iso-8859-1' );
INSERT INTO files ( gid, file, mime ) VALUES ( '27800', 'http://www.gutenberg.org/files/27800/27800-8.zip', 'text/plain; charset=iso-8859-1application/zip' );
INSERT INTO files ( gid, file, mime ) VALUES ( '27800', 'http://www.gutenberg.org/files/27800/27800-h.zip', 'application/ziptext/html' );
INSERT INTO files ( gid, file, mime ) VALUES ( '27800', 'http://www.gutenberg.org/files/27800/27800-h/27800-h.htm', 'text/html' );
INSERT INTO titles ( gid, title, author, language, rights ) VALUES ( '27900', 'El manco de Lepanto episodio de la vida del príncipe de los ingenios, Miguel de Cervantes-Saavedra', 'Fernández y González, Manuel', 'es', 'Public domain in the USA.' );
INSERT INTO classifications ( gid, classification ) VALUES ( '27900', 'PQ' );
INSERT INTO subjects ( gid, subject ) VALUES ( '27900', 'Cervantes Saavedra, Miguel de, 1547-1616' );
INSERT INTO files ( gid, file, mime ) VALUES ( '27900', 'http://www.gutenberg.org/ebooks/27900.epub.images', 'application/epub+zip' );
INSERT INTO files ( gid, file, mime ) VALUES ( '27900', 'http://www.gutenberg.org/ebooks/27900.epub.noimages', 'application/epub+zip' );
INSERT INTO files ( gid, file, mime ) VALUES ( '27900', 'http://www.gutenberg.org/ebooks/27900.kindle.images', 'application/x-mobipocket-ebook' );
INSERT INTO files ( gid, file, mime ) VALUES ( '27900', 'http://www.gutenberg.org/ebooks/27900.kindle.noimages', 'application/x-mobipocket-ebook' );
INSERT INTO files ( gid, file, mime ) VALUES ( '27900', 'http://www.gutenberg.org/ebooks/27900.rdf', 'application/rdf+xml' );
INSERT INTO files ( gid, file, mime ) VALUES ( '27900', 'http://www.gutenberg.org/ebooks/27900.txt.utf-8', 'text/plain' );
INSERT INTO files ( gid, file, mime ) VALUES ( '27900', 'http://www.gutenberg.org/files/27900/27900-8.txt', 'text/plain; charset=iso-8859-1' );
INSERT INTO files ( gid, file, mime ) VALUES ( '27900', 'http://www.gutenberg.org/files/27900/27900-8.zip', 'application/ziptext/plain; charset=iso-8859-1' );
INSERT INTO files ( gid, file, mime ) VALUES ( '27900', 'http://www.gutenberg.org/files/27900/27900-h.zip', 'text/html; charset=iso-8859-1application/zip' );
INSERT INTO files ( gid, file, mime ) VALUES ( '27900', 'http://www.gutenberg.org/files/27900/27900-h/27900-h.htm', 'text/html; charset=iso-8859-1' );
INSERT INTO titles ( gid, title, author, language, rights ) VALUES ( '28000', 'Inaugural Presidential Address', 'Obama, Barack', 'en', 'Public domain in the USA.' );
INSERT INTO subjects ( gid, subject ) VALUES ( '28000', 'E895' );
INSERT INTO subjects ( gid, subject ) VALUES ( '28000', 'Obama, Barack, 1961- -- Inauguration, 2009' );
INSERT INTO subjects ( gid, subject ) VALUES ( '28000', 'Presidents -- United States -- Inaugural addresses' );
INSERT INTO files ( gid, file, mime ) VALUES ( '28000', 'http://www.gutenberg.org/ebooks/28000.epub.images', 'application/epub+zip' );
INSERT INTO files ( gid, file, mime ) VALUES ( '28000', 'http://www.gutenberg.org/ebooks/28000.epub.noimages', 'application/epub+zip' );
INSERT INTO files ( gid, file, mime ) VALUES ( '28000', 'http://www.gutenberg.org/ebooks/28000.html.images', 'text/html' );
INSERT INTO files ( gid, file, mime ) VALUES ( '28000', 'http://www.gutenberg.org/ebooks/28000.html.noimages', 'text/html' );
INSERT INTO files ( gid, file, mime ) VALUES ( '28000', 'http://www.gutenberg.org/ebooks/28000.kindle.images', 'application/x-mobipocket-ebook' );
INSERT INTO files ( gid, file, mime ) VALUES ( '28000', 'http://www.gutenberg.org/ebooks/28000.kindle.noimages', 'application/x-mobipocket-ebook' );
INSERT INTO files ( gid, file, mime ) VALUES ( '28000', 'http://www.gutenberg.org/ebooks/28000.rdf', 'application/rdf+xml' );
INSERT INTO files ( gid, file, mime ) VALUES ( '28000', 'http://www.gutenberg.org/ebooks/28000.txt.utf-8', 'text/plain' );
INSERT INTO files ( gid, file, mime ) VALUES ( '28000', 'http://www.gutenberg.org/files/28000/28000-8.txt', 'text/plain; charset=iso-8859-1' );
INSERT INTO files ( gid, file, mime ) VALUES ( '28000', 'http://www.gutenberg.org/files/28000/28000-8.zip', 'text/plain; charset=iso-8859-1application/zip' );
INSERT INTO titles ( gid, title, author, language, rights ) VALUES ( '2800', 'The Koran (Al-Qur''an)', '', 'en', 'Public domain in the USA.' );
INSERT INTO classifications ( gid, classification ) VALUES ( '2800', 'BP' );
INSERT INTO subjects ( gid, subject ) VALUES ( '2800', 'Qur''an' );
INSERT INTO files ( gid, file, mime ) VALUES ( '2800', 'http://www.gutenberg.org/ebooks/2800.epub.images', 'application/epub+zip' );
INSERT INTO files ( gid, file, mime ) VALUES ( '2800', 'http://www.gutenberg.org/ebooks/2800.epub.noimages', 'application/epub+zip' );
INSERT INTO files ( gid, file, mime ) VALUES ( '2800', 'http://www.gutenberg.org/ebooks/2800.html.images', 'text/html' );
INSERT INTO files ( gid, file, mime ) VALUES ( '2800', 'http://www.gutenberg.org/ebooks/2800.html.noimages', 'text/html' );
INSERT INTO files ( gid, file, mime ) VALUES ( '2800', 'http://www.gutenberg.org/ebooks/2800.kindle.images', 'application/x-mobipocket-ebook' );
INSERT INTO files ( gid, file, mime ) VALUES ( '2800', 'http://www.gutenberg.org/ebooks/2800.kindle.noimages', 'application/x-mobipocket-ebook' );
INSERT INTO files ( gid, file, mime ) VALUES ( '2800', 'http://www.gutenberg.org/ebooks/2800.rdf', 'application/rdf+xml' );
INSERT INTO files ( gid, file, mime ) VALUES ( '2800', 'http://www.gutenberg.org/ebooks/2800.txt.utf-8', 'text/plain' );
INSERT INTO files ( gid, file, mime ) VALUES ( '2800', 'http://www.gutenberg.org/files/2800/2800.txt', 'text/plain; charset=us-ascii' );
INSERT INTO files ( gid, file, mime ) VALUES ( '2800', 'http://www.gutenberg.org/files/2800/2800.zip', 'text/plain; charset=us-asciiapplication/zip' );
INSERT INTO titles ( gid, title, author, language, rights ) VALUES ( '28100', 'Heilige Zeiten Weihnachtsblätter', 'Speidel, Ludwig', 'de', 'Public domain in the USA.' );
INSERT INTO classifications ( gid, classification ) VALUES ( '28100', 'PT' );
INSERT INTO subjects ( gid, subject ) VALUES ( '28100', 'Christmas' );
INSERT INTO files ( gid, file, mime ) VALUES ( '28100', 'http://www.gutenberg.org/ebooks/28100.epub.images', 'application/epub+zip' );
INSERT INTO files ( gid, file, mime ) VALUES ( '28100', 'http://www.gutenberg.org/ebooks/28100.epub.noimages', 'application/epub+zip' );
INSERT INTO files ( gid, file, mime ) VALUES ( '28100', 'http://www.gutenberg.org/ebooks/28100.kindle.images', 'application/x-mobipocket-ebook' );
INSERT INTO files ( gid, file, mime ) VALUES ( '28100', 'http://www.gutenberg.org/ebooks/28100.kindle.noimages', 'application/x-mobipocket-ebook' );
INSERT INTO files ( gid, file, mime ) VALUES ( '28100', 'http://www.gutenberg.org/ebooks/28100.rdf', 'application/rdf+xml' );
INSERT INTO files ( gid, file, mime ) VALUES ( '28100', 'http://www.gutenberg.org/files/28100/28100-0.txt', 'text/plain; charset=utf-8' );
INSERT INTO files ( gid, file, mime ) VALUES ( '28100', 'http://www.gutenberg.org/files/28100/28100-0.zip', 'application/ziptext/plain; charset=utf-8' );
INSERT INTO files ( gid, file, mime ) VALUES ( '28100', 'http://www.gutenberg.org/files/28100/28100-8.txt', 'text/plain; charset=iso-8859-1' );
INSERT INTO files ( gid, file, mime ) VALUES ( '28100', 'http://www.gutenberg.org/files/28100/28100-8.zip', 'text/plain; charset=iso-8859-1application/zip' );
INSERT INTO files ( gid, file, mime ) VALUES ( '28100', 'http://www.gutenberg.org/files/28100/28100-h.zip', 'application/ziptext/html; charset=iso-8859-1' );
INSERT INTO files ( gid, file, mime ) VALUES ( '28100', 'http://www.gutenberg.org/files/28100/28100-h/28100-h.htm', 'text/html; charset=iso-8859-1' );
INSERT INTO titles ( gid, title, author, language, rights ) VALUES ( '28200', 'Renan, Taine, Michelet: Les maîtres de l''histoire', 'Monod, Gabriel', 'fr', 'Public domain in the USA.' );
INSERT INTO classifications ( gid, classification ) VALUES ( '28200', 'CT' );
INSERT INTO classifications ( gid, classification ) VALUES ( '28200', 'DC' );
INSERT INTO subjects ( gid, subject ) VALUES ( '28200', 'Historians -- France' );
INSERT INTO subjects ( gid, subject ) VALUES ( '28200', 'Taine, Hippolyte, 1828-1893' );
INSERT INTO subjects ( gid, subject ) VALUES ( '28200', 'Renan, Ernest, 1823-1892' );
INSERT INTO subjects ( gid, subject ) VALUES ( '28200', 'Michelet, Jules, 1798-1874' );
INSERT INTO files ( gid, file, mime ) VALUES ( '28200', 'http://www.gutenberg.org/ebooks/28200.epub.images', 'application/epub+zip' );
INSERT INTO files ( gid, file, mime ) VALUES ( '28200', 'http://www.gutenberg.org/ebooks/28200.epub.noimages', 'application/epub+zip' );
INSERT INTO files ( gid, file, mime ) VALUES ( '28200', 'http://www.gutenberg.org/ebooks/28200.html.images', 'text/html' );
INSERT INTO files ( gid, file, mime ) VALUES ( '28200', 'http://www.gutenberg.org/ebooks/28200.html.noimages', 'text/html' );
INSERT INTO files ( gid, file, mime ) VALUES ( '28200', 'http://www.gutenberg.org/ebooks/28200.kindle.images', 'application/x-mobipocket-ebook' );
INSERT INTO files ( gid, file, mime ) VALUES ( '28200', 'http://www.gutenberg.org/ebooks/28200.kindle.noimages', 'application/x-mobipocket-ebook' );
INSERT INTO files ( gid, file, mime ) VALUES ( '28200', 'http://www.gutenberg.org/ebooks/28200.rdf', 'application/rdf+xml' );
INSERT INTO files ( gid, file, mime ) VALUES ( '28200', 'http://www.gutenberg.org/files/28200/28200-0.txt', 'text/plain; charset=utf-8' );
INSERT INTO files ( gid, file, mime ) VALUES ( '28200', 'http://www.gutenberg.org/files/28200/28200-0.zip', 'application/ziptext/plain; charset=utf-8' );
INSERT INTO files ( gid, file, mime ) VALUES ( '28200', 'http://www.gutenberg.org/files/28200/28200-8.txt', 'text/plain; charset=iso-8859-1' );
INSERT INTO files ( gid, file, mime ) VALUES ( '28200', 'http://www.gutenberg.org/files/28200/28200-8.zip', 'text/plain; charset=iso-8859-1application/zip' );
INSERT INTO titles ( gid, title, author, language, rights ) VALUES ( '28400', 'An Obscure Apostle: A Dramatic Story', 'Orzeszkowa, Eliza', 'en', 'Public domain in the USA.' );
INSERT INTO classifications ( gid, classification ) VALUES ( '28400', 'PG' );
INSERT INTO subjects ( gid, subject ) VALUES ( '28400', 'Jews -- Poland -- Fiction' );
INSERT INTO files ( gid, file, mime ) VALUES ( '28400', 'http://www.gutenberg.org/ebooks/28400.epub.images', 'application/epub+zip' );
INSERT INTO files ( gid, file, mime ) VALUES ( '28400', 'http://www.gutenberg.org/ebooks/28400.epub.noimages', 'application/epub+zip' );
INSERT INTO files ( gid, file, mime ) VALUES ( '28400', 'http://www.gutenberg.org/ebooks/28400.html.images', 'text/html' );
INSERT INTO files ( gid, file, mime ) VALUES ( '28400', 'http://www.gutenberg.org/ebooks/28400.html.noimages', 'text/html' );
INSERT INTO files ( gid, file, mime ) VALUES ( '28400', 'http://www.gutenberg.org/ebooks/28400.kindle.images', 'application/x-mobipocket-ebook' );
INSERT INTO files ( gid, file, mime ) VALUES ( '28400', 'http://www.gutenberg.org/ebooks/28400.kindle.noimages', 'application/x-mobipocket-ebook' );
INSERT INTO files ( gid, file, mime ) VALUES ( '28400', 'http://www.gutenberg.org/ebooks/28400.rdf', 'application/rdf+xml' );
INSERT INTO files ( gid, file, mime ) VALUES ( '28400', 'http://www.gutenberg.org/ebooks/28400.txt.utf-8', 'text/plain' );
INSERT INTO files ( gid, file, mime ) VALUES ( '28400', 'http://www.gutenberg.org/files/28400/28400.txt', 'text/plain; charset=us-ascii' );
INSERT INTO files ( gid, file, mime ) VALUES ( '28400', 'http://www.gutenberg.org/files/28400/28400.zip', 'text/plain; charset=us-asciiapplication/zip' );
INSERT INTO titles ( gid, title, author, language, rights ) VALUES ( '28300', 'Harper''s Young People, January 6, 1880 An Illustrated Weekly', 'Various', 'en', 'Public domain in the USA.' );
INSERT INTO classifications ( gid, classification ) VALUES ( '28300', 'AP' );
INSERT INTO subjects ( gid, subject ) VALUES ( '28300', 'Children''s periodicals, American' );
INSERT INTO files ( gid, file, mime ) VALUES ( '28300', 'http://www.gutenberg.org/ebooks/28300.epub.images', 'application/epub+zip' );
INSERT INTO files ( gid, file, mime ) VALUES ( '28300', 'http://www.gutenberg.org/ebooks/28300.epub.noimages', 'application/epub+zip' );
INSERT INTO files ( gid, file, mime ) VALUES ( '28300', 'http://www.gutenberg.org/ebooks/28300.kindle.images', 'application/x-mobipocket-ebook' );
INSERT INTO files ( gid, file, mime ) VALUES ( '28300', 'http://www.gutenberg.org/ebooks/28300.kindle.noimages', 'application/x-mobipocket-ebook' );
INSERT INTO files ( gid, file, mime ) VALUES ( '28300', 'http://www.gutenberg.org/ebooks/28300.rdf', 'application/rdf+xml' );
INSERT INTO files ( gid, file, mime ) VALUES ( '28300', 'http://www.gutenberg.org/ebooks/28300.txt.utf-8', 'text/plain' );
INSERT INTO files ( gid, file, mime ) VALUES ( '28300', 'http://www.gutenberg.org/files/28300/28300-8.txt', 'text/plain; charset=iso-8859-1' );
INSERT INTO files ( gid, file, mime ) VALUES ( '28300', 'http://www.gutenberg.org/files/28300/28300-8.zip', 'text/plain; charset=iso-8859-1application/zip' );
INSERT INTO files ( gid, file, mime ) VALUES ( '28300', 'http://www.gutenberg.org/files/28300/28300-h.zip', 'text/html; charset=iso-8859-1application/zip' );
INSERT INTO files ( gid, file, mime ) VALUES ( '28300', 'http://www.gutenberg.org/files/28300/28300-h/28300-h.htm', 'text/html; charset=iso-8859-1' );
INSERT INTO files ( gid, file, mime ) VALUES ( '28300', 'http://www.gutenberg.org/files/28300/28300.txt', 'text/plain; charset=us-ascii' );
INSERT INTO files ( gid, file, mime ) VALUES ( '28300', 'http://www.gutenberg.org/files/28300/28300.zip', 'application/ziptext/plain; charset=us-ascii' );
INSERT INTO titles ( gid, title, author, language, rights ) VALUES ( '28500', 'All About Coffee', 'Ukers, William H. (William Harrison)', 'en', 'Public domain in the USA.' );
INSERT INTO classifications ( gid, classification ) VALUES ( '28500', 'TX' );
INSERT INTO subjects ( gid, subject ) VALUES ( '28500', 'Coffee' );
INSERT INTO subjects ( gid, subject ) VALUES ( '28500', 'Coffee Industry' );
INSERT INTO subjects ( gid, subject ) VALUES ( '28500', 'Drinking customs' );
INSERT INTO files ( gid, file, mime ) VALUES ( '28500', 'http://www.gutenberg.org/ebooks/28500.epub.images', 'application/epub+zip' );
INSERT INTO files ( gid, file, mime ) VALUES ( '28500', 'http://www.gutenberg.org/ebooks/28500.epub.noimages', 'application/epub+zip' );
INSERT INTO files ( gid, file, mime ) VALUES ( '28500', 'http://www.gutenberg.org/ebooks/28500.kindle.images', 'application/x-mobipocket-ebook' );
INSERT INTO files ( gid, file, mime ) VALUES ( '28500', 'http://www.gutenberg.org/ebooks/28500.kindle.noimages', 'application/x-mobipocket-ebook' );
INSERT INTO files ( gid, file, mime ) VALUES ( '28500', 'http://www.gutenberg.org/ebooks/28500.rdf', 'application/rdf+xml' );
INSERT INTO files ( gid, file, mime ) VALUES ( '28500', 'http://www.gutenberg.org/ebooks/28500.txt.utf-8', 'text/plain' );
INSERT INTO files ( gid, file, mime ) VALUES ( '28500', 'http://www.gutenberg.org/files/28500/28500-8.txt', 'text/plain; charset=iso-8859-1' );
INSERT INTO files ( gid, file, mime ) VALUES ( '28500', 'http://www.gutenberg.org/files/28500/28500-8.zip', 'text/plain; charset=iso-8859-1application/zip' );
INSERT INTO files ( gid, file, mime ) VALUES ( '28500', 'http://www.gutenberg.org/files/28500/28500-h.zip', 'text/html; charset=iso-8859-1application/zip' );
INSERT INTO files ( gid, file, mime ) VALUES ( '28500', 'http://www.gutenberg.org/files/28500/28500-h/28500-h.htm', 'text/html; charset=iso-8859-1' );
INSERT INTO files ( gid, file, mime ) VALUES ( '28500', 'http://www.gutenberg.org/files/28500/28500.txt', 'text/plain; charset=us-ascii' );
INSERT INTO files ( gid, file, mime ) VALUES ( '28500', 'http://www.gutenberg.org/files/28500/28500.zip', 'text/plain; charset=us-asciiapplication/zip' );
INSERT INTO titles ( gid, title, author, language, rights ) VALUES ( '28600', 'Ave Roma Immortalis, Vol. 2 Studies from the Chronicles of Rome', 'Crawford, F. Marion (Francis Marion)', 'en', 'Public domain in the USA.' );
INSERT INTO classifications ( gid, classification ) VALUES ( '28600', 'DG' );
INSERT INTO subjects ( gid, subject ) VALUES ( '28600', 'Rome (Italy) -- Description and travel' );
INSERT INTO files ( gid, file, mime ) VALUES ( '28600', 'http://www.gutenberg.org/ebooks/28600.epub.images', 'application/epub+zip' );
INSERT INTO files ( gid, file, mime ) VALUES ( '28600', 'http://www.gutenberg.org/ebooks/28600.epub.noimages', 'application/epub+zip' );
INSERT INTO files ( gid, file, mime ) VALUES ( '28600', 'http://www.gutenberg.org/ebooks/28600.kindle.images', 'application/x-mobipocket-ebook' );
INSERT INTO files ( gid, file, mime ) VALUES ( '28600', 'http://www.gutenberg.org/ebooks/28600.kindle.noimages', 'application/x-mobipocket-ebook' );
INSERT INTO files ( gid, file, mime ) VALUES ( '28600', 'http://www.gutenberg.org/ebooks/28600.rdf', 'application/rdf+xml' );
INSERT INTO files ( gid, file, mime ) VALUES ( '28600', 'http://www.gutenberg.org/ebooks/28600.txt.utf-8', 'text/plain' );
INSERT INTO files ( gid, file, mime ) VALUES ( '28600', 'http://www.gutenberg.org/files/28600/28600-8.txt', 'text/plain; charset=iso-8859-1' );
INSERT INTO files ( gid, file, mime ) VALUES ( '28600', 'http://www.gutenberg.org/files/28600/28600-8.zip', 'text/plain; charset=iso-8859-1application/zip' );
INSERT INTO files ( gid, file, mime ) VALUES ( '28600', 'http://www.gutenberg.org/files/28600/28600-h.zip', 'application/ziptext/html; charset=iso-8859-1' );
INSERT INTO files ( gid, file, mime ) VALUES ( '28600', 'http://www.gutenberg.org/files/28600/28600-h/28600-h.htm', 'text/html; charset=iso-8859-1' );
INSERT INTO files ( gid, file, mime ) VALUES ( '28600', 'http://www.gutenberg.org/files/28600/28600.txt', 'text/plain; charset=us-ascii' );
INSERT INTO files ( gid, file, mime ) VALUES ( '28600', 'http://www.gutenberg.org/files/28600/28600.zip', 'text/plain; charset=us-asciiapplication/zip' );
INSERT INTO titles ( gid, title, author, language, rights ) VALUES ( '28700', 'Robin Hood', 'Creswick, Paul', 'en', 'Public domain in the USA.' );
INSERT INTO classifications ( gid, classification ) VALUES ( '28700', 'PZ' );
INSERT INTO subjects ( gid, subject ) VALUES ( '28700', 'Robin Hood (Legendary character) -- Legends' );
INSERT INTO subjects ( gid, subject ) VALUES ( '28700', 'Folklore -- England' );
INSERT INTO files ( gid, file, mime ) VALUES ( '28700', 'http://www.gutenberg.org/cache/epub/28700/pg28700.cover.medium.jpg', 'image/jpeg' );
INSERT INTO files ( gid, file, mime ) VALUES ( '28700', 'http://www.gutenberg.org/cache/epub/28700/pg28700.cover.small.jpg', 'image/jpeg' );
INSERT INTO files ( gid, file, mime ) VALUES ( '28700', 'http://www.gutenberg.org/ebooks/28700.epub.images', 'application/epub+zip' );
INSERT INTO files ( gid, file, mime ) VALUES ( '28700', 'http://www.gutenberg.org/ebooks/28700.epub.noimages', 'application/epub+zip' );
INSERT INTO files ( gid, file, mime ) VALUES ( '28700', 'http://www.gutenberg.org/ebooks/28700.kindle.images', 'application/x-mobipocket-ebook' );
INSERT INTO files ( gid, file, mime ) VALUES ( '28700', 'http://www.gutenberg.org/ebooks/28700.kindle.noimages', 'application/x-mobipocket-ebook' );
INSERT INTO files ( gid, file, mime ) VALUES ( '28700', 'http://www.gutenberg.org/ebooks/28700.rdf', 'application/rdf+xml' );
INSERT INTO files ( gid, file, mime ) VALUES ( '28700', 'http://www.gutenberg.org/ebooks/28700.txt.utf-8', 'text/plain' );
INSERT INTO files ( gid, file, mime ) VALUES ( '28700', 'http://www.gutenberg.org/files/28700/28700-8.txt', 'text/plain; charset=iso-8859-1' );
INSERT INTO files ( gid, file, mime ) VALUES ( '28700', 'http://www.gutenberg.org/files/28700/28700-8.zip', 'application/ziptext/plain; charset=iso-8859-1' );
INSERT INTO files ( gid, file, mime ) VALUES ( '28700', 'http://www.gutenberg.org/files/28700/28700-h.zip', 'application/ziptext/html; charset=iso-8859-1' );
INSERT INTO files ( gid, file, mime ) VALUES ( '28700', 'http://www.gutenberg.org/files/28700/28700-h/28700-h.htm', 'text/html; charset=iso-8859-1' );
INSERT INTO files ( gid, file, mime ) VALUES ( '28700', 'http://www.gutenberg.org/files/28700/28700.txt', 'text/plain; charset=us-ascii' );
INSERT INTO files ( gid, file, mime ) VALUES ( '28700', 'http://www.gutenberg.org/files/28700/28700.zip', 'text/plain; charset=us-asciiapplication/zip' );
INSERT INTO titles ( gid, title, author, language, rights ) VALUES ( '28800', 'On the Popular Judgment That may be Right in Theory, but does not Hold Good in the Praxis', 'Kant, Immanuel', 'en', 'Public domain in the USA.' );
INSERT INTO classifications ( gid, classification ) VALUES ( '28800', 'B' );
INSERT INTO subjects ( gid, subject ) VALUES ( '28800', 'Philosophy, German' );
INSERT INTO files ( gid, file, mime ) VALUES ( '28800', 'http://www.gutenberg.org/ebooks/28800.rdf', 'application/rdf+xml' );
INSERT INTO files ( gid, file, mime ) VALUES ( '28800', 'http://www.gutenberg.org/files/28800/28800_index.html', 'text/html' );
INSERT INTO files ( gid, file, mime ) VALUES ( '28800', 'http://www.gutenberg.org/files/28800/28800_readme.txt', 'text/plain; charset=us-ascii' );
INSERT INTO files ( gid, file, mime ) VALUES ( '28800', 'http://www.gutenberg.org/files/28800/m4b/28800-01.m4b', 'audio/mp4' );
INSERT INTO files ( gid, file, mime ) VALUES ( '28800', 'http://www.gutenberg.org/files/28800/m4b/28800-02.m4b', 'audio/mp4' );
INSERT INTO files ( gid, file, mime ) VALUES ( '28800', 'http://www.gutenberg.org/files/28800/m4b/28800-03.m4b', 'audio/mp4' );
INSERT INTO files ( gid, file, mime ) VALUES ( '28800', 'http://www.gutenberg.org/files/28800/m4b/28800-04.m4b', 'audio/mp4' );
INSERT INTO files ( gid, file, mime ) VALUES ( '28800', 'http://www.gutenberg.org/files/28800/mp3/28800-01.mp3', 'audio/mpeg' );
INSERT INTO files ( gid, file, mime ) VALUES ( '28800', 'http://www.gutenberg.org/files/28800/mp3/28800-02.mp3', 'audio/mpeg' );
INSERT INTO files ( gid, file, mime ) VALUES ( '28800', 'http://www.gutenberg.org/files/28800/mp3/28800-03.mp3', 'audio/mpeg' );
INSERT INTO files ( gid, file, mime ) VALUES ( '28800', 'http://www.gutenberg.org/files/28800/mp3/28800-04.mp3', 'audio/mpeg' );
INSERT INTO files ( gid, file, mime ) VALUES ( '28800', 'http://www.gutenberg.org/files/28800/ogg/28800-01.ogg', 'audio/ogg' );
INSERT INTO files ( gid, file, mime ) VALUES ( '28800', 'http://www.gutenberg.org/files/28800/ogg/28800-02.ogg', 'audio/ogg' );
INSERT INTO files ( gid, file, mime ) VALUES ( '28800', 'http://www.gutenberg.org/files/28800/ogg/28800-03.ogg', 'audio/ogg' );
INSERT INTO files ( gid, file, mime ) VALUES ( '28800', 'http://www.gutenberg.org/files/28800/ogg/28800-04.ogg', 'audio/ogg' );
INSERT INTO files ( gid, file, mime ) VALUES ( '28800', 'http://www.gutenberg.org/files/28800/spx/28800-01.spx', 'audio/ogg' );
INSERT INTO files ( gid, file, mime ) VALUES ( '28800', 'http://www.gutenberg.org/files/28800/spx/28800-02.spx', 'audio/ogg' );
INSERT INTO files ( gid, file, mime ) VALUES ( '28800', 'http://www.gutenberg.org/files/28800/spx/28800-03.spx', 'audio/ogg' );
INSERT INTO files ( gid, file, mime ) VALUES ( '28800', 'http://www.gutenberg.org/files/28800/spx/28800-04.spx', 'audio/ogg' );
INSERT INTO titles ( gid, title, author, language, rights ) VALUES ( '28900', 'English Synonyms and Antonyms With Notes on the Correct Use of Prepositions', 'Fernald, James Champlin', 'en', 'Public domain in the USA.' );
INSERT INTO classifications ( gid, classification ) VALUES ( '28900', 'PE' );
INSERT INTO subjects ( gid, subject ) VALUES ( '28900', 'English language -- Prepositions' );
INSERT INTO subjects ( gid, subject ) VALUES ( '28900', 'English language -- Synonyms and antonyms' );
INSERT INTO files ( gid, file, mime ) VALUES ( '28900', 'http://www.gutenberg.org/ebooks/28900.epub.images', 'application/epub+zip' );
INSERT INTO files ( gid, file, mime ) VALUES ( '28900', 'http://www.gutenberg.org/ebooks/28900.epub.noimages', 'application/epub+zip' );
INSERT INTO files ( gid, file, mime ) VALUES ( '28900', 'http://www.gutenberg.org/ebooks/28900.kindle.images', 'application/x-mobipocket-ebook' );
INSERT INTO files ( gid, file, mime ) VALUES ( '28900', 'http://www.gutenberg.org/ebooks/28900.kindle.noimages', 'application/x-mobipocket-ebook' );
INSERT INTO files ( gid, file, mime ) VALUES ( '28900', 'http://www.gutenberg.org/ebooks/28900.rdf', 'application/rdf+xml' );
INSERT INTO files ( gid, file, mime ) VALUES ( '28900', 'http://www.gutenberg.org/ebooks/28900.txt.utf-8', 'text/plain' );
INSERT INTO files ( gid, file, mime ) VALUES ( '28900', 'http://www.gutenberg.org/files/28900/28900-8.txt', 'text/plain; charset=iso-8859-1' );
INSERT INTO files ( gid, file, mime ) VALUES ( '28900', 'http://www.gutenberg.org/files/28900/28900-8.zip', 'text/plain; charset=iso-8859-1application/zip' );
INSERT INTO files ( gid, file, mime ) VALUES ( '28900', 'http://www.gutenberg.org/files/28900/28900-h.zip', 'text/html; charset=iso-8859-1application/zip' );
INSERT INTO files ( gid, file, mime ) VALUES ( '28900', 'http://www.gutenberg.org/files/28900/28900-h/28900-h.htm', 'text/html; charset=iso-8859-1' );
INSERT INTO files ( gid, file, mime ) VALUES ( '28900', 'http://www.gutenberg.org/files/28900/28900.txt', 'text/plain; charset=us-ascii' );
INSERT INTO files ( gid, file, mime ) VALUES ( '28900', 'http://www.gutenberg.org/files/28900/28900.zip', 'text/plain; charset=us-asciiapplication/zip' );
INSERT INTO titles ( gid, title, author, language, rights ) VALUES ( '29000', 'The Macdermots of Ballycloran', 'Trollope, Anthony', 'en', 'Public domain in the USA.' );
INSERT INTO classifications ( gid, classification ) VALUES ( '29000', 'PR' );
INSERT INTO subjects ( gid, subject ) VALUES ( '29000', 'Ireland -- Fiction' );
INSERT INTO subjects ( gid, subject ) VALUES ( '29000', 'Domestic fiction' );
INSERT INTO files ( gid, file, mime ) VALUES ( '29000', 'http://www.gutenberg.org/ebooks/29000.epub.images', 'application/epub+zip' );
INSERT INTO files ( gid, file, mime ) VALUES ( '29000', 'http://www.gutenberg.org/ebooks/29000.epub.noimages', 'application/epub+zip' );
INSERT INTO files ( gid, file, mime ) VALUES ( '29000', 'http://www.gutenberg.org/ebooks/29000.kindle.images', 'application/x-mobipocket-ebook' );
INSERT INTO files ( gid, file, mime ) VALUES ( '29000', 'http://www.gutenberg.org/ebooks/29000.kindle.noimages', 'application/x-mobipocket-ebook' );
INSERT INTO files ( gid, file, mime ) VALUES ( '29000', 'http://www.gutenberg.org/ebooks/29000.rdf', 'application/rdf+xml' );
INSERT INTO files ( gid, file, mime ) VALUES ( '29000', 'http://www.gutenberg.org/ebooks/29000.txt.utf-8', 'text/plain' );
INSERT INTO files ( gid, file, mime ) VALUES ( '29000', 'http://www.gutenberg.org/files/29000/29000-8.txt', 'text/plain; charset=iso-8859-1' );
INSERT INTO files ( gid, file, mime ) VALUES ( '29000', 'http://www.gutenberg.org/files/29000/29000-8.zip', 'application/ziptext/plain; charset=iso-8859-1' );
INSERT INTO files ( gid, file, mime ) VALUES ( '29000', 'http://www.gutenberg.org/files/29000/29000-h.zip', 'text/html; charset=iso-8859-1application/zip' );
INSERT INTO files ( gid, file, mime ) VALUES ( '29000', 'http://www.gutenberg.org/files/29000/29000-h/29000-h.htm', 'text/html; charset=iso-8859-1' );
INSERT INTO files ( gid, file, mime ) VALUES ( '29000', 'http://www.gutenberg.org/files/29000/29000.txt', 'text/plain; charset=us-ascii' );
INSERT INTO files ( gid, file, mime ) VALUES ( '29000', 'http://www.gutenberg.org/files/29000/29000.zip', 'text/plain; charset=us-asciiapplication/zip' );
INSERT INTO titles ( gid, title, author, language, rights ) VALUES ( '2900', 'The Age of Invention: A Chronicle of Mechanical Conquest', 'Thompson, Holland', 'en', 'Public domain in the USA.' );
INSERT INTO classifications ( gid, classification ) VALUES ( '2900', 'T' );
INSERT INTO subjects ( gid, subject ) VALUES ( '2900', 'E151' );
INSERT INTO subjects ( gid, subject ) VALUES ( '2900', 'Inventions -- History' );
INSERT INTO subjects ( gid, subject ) VALUES ( '2900', 'Inventors -- United States' );
INSERT INTO files ( gid, file, mime ) VALUES ( '2900', 'http://www.gutenberg.org/ebooks/2900.epub.images', 'application/epub+zip' );
INSERT INTO files ( gid, file, mime ) VALUES ( '2900', 'http://www.gutenberg.org/ebooks/2900.epub.noimages', 'application/epub+zip' );
INSERT INTO files ( gid, file, mime ) VALUES ( '2900', 'http://www.gutenberg.org/ebooks/2900.kindle.images', 'application/x-mobipocket-ebook' );
INSERT INTO files ( gid, file, mime ) VALUES ( '2900', 'http://www.gutenberg.org/ebooks/2900.kindle.noimages', 'application/x-mobipocket-ebook' );
INSERT INTO files ( gid, file, mime ) VALUES ( '2900', 'http://www.gutenberg.org/ebooks/2900.rdf', 'application/rdf+xml' );
INSERT INTO files ( gid, file, mime ) VALUES ( '2900', 'http://www.gutenberg.org/ebooks/2900.txt.utf-8', 'text/plain' );
INSERT INTO files ( gid, file, mime ) VALUES ( '2900', 'http://www.gutenberg.org/files/2900/2900-h.zip', 'application/ziptext/html; charset=us-ascii' );
INSERT INTO files ( gid, file, mime ) VALUES ( '2900', 'http://www.gutenberg.org/files/2900/2900-h/2900-h.htm', 'text/html; charset=us-ascii' );
INSERT INTO files ( gid, file, mime ) VALUES ( '2900', 'http://www.gutenberg.org/files/2900/2900.txt', 'text/plain; charset=us-ascii' );
INSERT INTO files ( gid, file, mime ) VALUES ( '2900', 'http://www.gutenberg.org/files/2900/2900.zip', 'application/ziptext/plain; charset=us-ascii' );
INSERT INTO titles ( gid, title, author, language, rights ) VALUES ( '29100', 'The Wild Geese', 'Weyman, Stanley John', 'en', 'Public domain in the USA.' );
INSERT INTO classifications ( gid, classification ) VALUES ( '29100', 'PR' );
INSERT INTO subjects ( gid, subject ) VALUES ( '29100', 'Adventure stories' );
INSERT INTO subjects ( gid, subject ) VALUES ( '29100', 'Ireland -- Fiction' );
INSERT INTO files ( gid, file, mime ) VALUES ( '29100', 'http://www.gutenberg.org/ebooks/29100.epub.images', 'application/epub+zip' );
INSERT INTO files ( gid, file, mime ) VALUES ( '29100', 'http://www.gutenberg.org/ebooks/29100.epub.noimages', 'application/epub+zip' );
INSERT INTO files ( gid, file, mime ) VALUES ( '29100', 'http://www.gutenberg.org/ebooks/29100.kindle.images', 'application/x-mobipocket-ebook' );
INSERT INTO files ( gid, file, mime ) VALUES ( '29100', 'http://www.gutenberg.org/ebooks/29100.kindle.noimages', 'application/x-mobipocket-ebook' );
INSERT INTO files ( gid, file, mime ) VALUES ( '29100', 'http://www.gutenberg.org/ebooks/29100.rdf', 'application/rdf+xml' );
INSERT INTO files ( gid, file, mime ) VALUES ( '29100', 'http://www.gutenberg.org/ebooks/29100.txt.utf-8', 'text/plain' );
INSERT INTO files ( gid, file, mime ) VALUES ( '29100', 'http://www.gutenberg.org/files/29100/29100-8.txt', 'text/plain; charset=iso-8859-1' );
INSERT INTO files ( gid, file, mime ) VALUES ( '29100', 'http://www.gutenberg.org/files/29100/29100-8.zip', 'application/ziptext/plain; charset=iso-8859-1' );
INSERT INTO files ( gid, file, mime ) VALUES ( '29100', 'http://www.gutenberg.org/files/29100/29100-h.zip', 'text/html; charset=iso-8859-1application/zip' );
INSERT INTO files ( gid, file, mime ) VALUES ( '29100', 'http://www.gutenberg.org/files/29100/29100-h/29100-h.htm', 'text/html; charset=iso-8859-1' );
INSERT INTO files ( gid, file, mime ) VALUES ( '29100', 'http://www.gutenberg.org/files/29100/29100.txt', 'text/plain; charset=us-ascii' );
INSERT INTO files ( gid, file, mime ) VALUES ( '29100', 'http://www.gutenberg.org/files/29100/29100.zip', 'application/ziptext/plain; charset=us-ascii' );
INSERT INTO titles ( gid, title, author, language, rights ) VALUES ( '29200', 'Harper''s Young People, October 19, 1880 An Illustrated Weekly', 'Various', 'en', 'Public domain in the USA.' );
INSERT INTO classifications ( gid, classification ) VALUES ( '29200', 'AP' );
INSERT INTO subjects ( gid, subject ) VALUES ( '29200', 'Children''s periodicals, American' );
INSERT INTO files ( gid, file, mime ) VALUES ( '29200', 'http://www.gutenberg.org/ebooks/29200.epub.images', 'application/epub+zip' );
INSERT INTO files ( gid, file, mime ) VALUES ( '29200', 'http://www.gutenberg.org/ebooks/29200.epub.noimages', 'application/epub+zip' );
INSERT INTO files ( gid, file, mime ) VALUES ( '29200', 'http://www.gutenberg.org/ebooks/29200.kindle.images', 'application/x-mobipocket-ebook' );
INSERT INTO files ( gid, file, mime ) VALUES ( '29200', 'http://www.gutenberg.org/ebooks/29200.kindle.noimages', 'application/x-mobipocket-ebook' );
INSERT INTO files ( gid, file, mime ) VALUES ( '29200', 'http://www.gutenberg.org/ebooks/29200.rdf', 'application/rdf+xml' );
INSERT INTO files ( gid, file, mime ) VALUES ( '29200', 'http://www.gutenberg.org/ebooks/29200.txt.utf-8', 'text/plain' );
INSERT INTO files ( gid, file, mime ) VALUES ( '29200', 'http://www.gutenberg.org/files/29200/29200-8.txt', 'text/plain; charset=iso-8859-1' );
INSERT INTO files ( gid, file, mime ) VALUES ( '29200', 'http://www.gutenberg.org/files/29200/29200-8.zip', 'application/ziptext/plain; charset=iso-8859-1' );
INSERT INTO files ( gid, file, mime ) VALUES ( '29200', 'http://www.gutenberg.org/files/29200/29200-h.zip', 'application/ziptext/html; charset=iso-8859-1' );
INSERT INTO files ( gid, file, mime ) VALUES ( '29200', 'http://www.gutenberg.org/files/29200/29200-h/29200-h.htm', 'text/html; charset=iso-8859-1' );
INSERT INTO files ( gid, file, mime ) VALUES ( '29200', 'http://www.gutenberg.org/files/29200/29200.txt', 'text/plain; charset=us-ascii' );
INSERT INTO files ( gid, file, mime ) VALUES ( '29200', 'http://www.gutenberg.org/files/29200/29200.zip', 'text/plain; charset=us-asciiapplication/zip' );
INSERT INTO titles ( gid, title, author, language, rights ) VALUES ( '29300', 'Rodney, the Partisan', 'Castlemon, Harry', 'en', 'Public domain in the USA.' );
INSERT INTO classifications ( gid, classification ) VALUES ( '29300', 'PZ' );
INSERT INTO subjects ( gid, subject ) VALUES ( '29300', 'United States -- History -- Civil War, 1861-1865 -- Juvenile fiction' );
INSERT INTO files ( gid, file, mime ) VALUES ( '29300', 'http://www.gutenberg.org/ebooks/29300.epub.images', 'application/epub+zip' );
INSERT INTO files ( gid, file, mime ) VALUES ( '29300', 'http://www.gutenberg.org/ebooks/29300.epub.noimages', 'application/epub+zip' );
INSERT INTO files ( gid, file, mime ) VALUES ( '29300', 'http://www.gutenberg.org/ebooks/29300.html.images', 'text/html' );
INSERT INTO files ( gid, file, mime ) VALUES ( '29300', 'http://www.gutenberg.org/ebooks/29300.html.noimages', 'text/html' );
INSERT INTO files ( gid, file, mime ) VALUES ( '29300', 'http://www.gutenberg.org/ebooks/29300.kindle.images', 'application/x-mobipocket-ebook' );
INSERT INTO files ( gid, file, mime ) VALUES ( '29300', 'http://www.gutenberg.org/ebooks/29300.kindle.noimages', 'application/x-mobipocket-ebook' );
INSERT INTO files ( gid, file, mime ) VALUES ( '29300', 'http://www.gutenberg.org/ebooks/29300.rdf', 'application/rdf+xml' );
INSERT INTO files ( gid, file, mime ) VALUES ( '29300', 'http://www.gutenberg.org/ebooks/29300.txt.utf-8', 'text/plain' );
INSERT INTO files ( gid, file, mime ) VALUES ( '29300', 'http://www.gutenberg.org/files/29300/29300.txt', 'text/plain; charset=us-ascii' );
INSERT INTO files ( gid, file, mime ) VALUES ( '29300', 'http://www.gutenberg.org/files/29300/29300.zip', 'text/plain; charset=us-asciiapplication/zip' );
INSERT INTO titles ( gid, title, author, language, rights ) VALUES ( '29400', 'Murder Point: A Tale of Keewatin', 'Dawson, Coningsby', 'en', 'Public domain in the USA.' );
INSERT INTO classifications ( gid, classification ) VALUES ( '29400', 'PS' );
INSERT INTO subjects ( gid, subject ) VALUES ( '29400', 'Fiction' );
INSERT INTO subjects ( gid, subject ) VALUES ( '29400', 'Detective and mystery stories' );
INSERT INTO files ( gid, file, mime ) VALUES ( '29400', 'http://www.gutenberg.org/ebooks/29400.epub.images', 'application/epub+zip' );
INSERT INTO files ( gid, file, mime ) VALUES ( '29400', 'http://www.gutenberg.org/ebooks/29400.epub.noimages', 'application/epub+zip' );
INSERT INTO files ( gid, file, mime ) VALUES ( '29400', 'http://www.gutenberg.org/ebooks/29400.kindle.images', 'application/x-mobipocket-ebook' );
INSERT INTO files ( gid, file, mime ) VALUES ( '29400', 'http://www.gutenberg.org/ebooks/29400.kindle.noimages', 'application/x-mobipocket-ebook' );
INSERT INTO files ( gid, file, mime ) VALUES ( '29400', 'http://www.gutenberg.org/ebooks/29400.rdf', 'application/rdf+xml' );
INSERT INTO files ( gid, file, mime ) VALUES ( '29400', 'http://www.gutenberg.org/ebooks/29400.txt.utf-8', 'text/plain' );
INSERT INTO files ( gid, file, mime ) VALUES ( '29400', 'http://www.gutenberg.org/files/29400/29400-8.txt', 'text/plain; charset=iso-8859-1' );
INSERT INTO files ( gid, file, mime ) VALUES ( '29400', 'http://www.gutenberg.org/files/29400/29400-8.zip', 'text/plain; charset=iso-8859-1application/zip' );
INSERT INTO files ( gid, file, mime ) VALUES ( '29400', 'http://www.gutenberg.org/files/29400/29400-h.zip', 'application/ziptext/html; charset=utf-8' );
INSERT INTO files ( gid, file, mime ) VALUES ( '29400', 'http://www.gutenberg.org/files/29400/29400-h/29400-h.htm', 'text/html; charset=utf-8' );
INSERT INTO files ( gid, file, mime ) VALUES ( '29400', 'http://www.gutenberg.org/files/29400/29400.txt', 'text/plain; charset=us-ascii' );
INSERT INTO files ( gid, file, mime ) VALUES ( '29400', 'http://www.gutenberg.org/files/29400/29400.zip', 'application/ziptext/plain; charset=us-ascii' );
INSERT INTO titles ( gid, title, author, language, rights ) VALUES ( '29500', 'Mummery: A Tale of Three Idealists', 'Cannan, Gilbert', 'en', 'Public domain in the USA.' );
INSERT INTO classifications ( gid, classification ) VALUES ( '29500', 'PR' );
INSERT INTO subjects ( gid, subject ) VALUES ( '29500', 'Man-woman relationships -- Fiction' );
INSERT INTO subjects ( gid, subject ) VALUES ( '29500', 'Theater -- Fiction' );
INSERT INTO subjects ( gid, subject ) VALUES ( '29500', 'London (England) -- Fiction' );
INSERT INTO files ( gid, file, mime ) VALUES ( '29500', 'http://www.gutenberg.org/ebooks/29500.epub.images', 'application/epub+zip' );
INSERT INTO files ( gid, file, mime ) VALUES ( '29500', 'http://www.gutenberg.org/ebooks/29500.epub.noimages', 'application/epub+zip' );
INSERT INTO files ( gid, file, mime ) VALUES ( '29500', 'http://www.gutenberg.org/ebooks/29500.kindle.images', 'application/x-mobipocket-ebook' );
INSERT INTO files ( gid, file, mime ) VALUES ( '29500', 'http://www.gutenberg.org/ebooks/29500.kindle.noimages', 'application/x-mobipocket-ebook' );
INSERT INTO files ( gid, file, mime ) VALUES ( '29500', 'http://www.gutenberg.org/ebooks/29500.rdf', 'application/rdf+xml' );
INSERT INTO files ( gid, file, mime ) VALUES ( '29500', 'http://www.gutenberg.org/ebooks/29500.txt.utf-8', 'text/plain' );
INSERT INTO files ( gid, file, mime ) VALUES ( '29500', 'http://www.gutenberg.org/files/29500/29500-8.txt', 'text/plain; charset=iso-8859-1' );
INSERT INTO files ( gid, file, mime ) VALUES ( '29500', 'http://www.gutenberg.org/files/29500/29500-8.zip', 'text/plain; charset=iso-8859-1application/zip' );
INSERT INTO files ( gid, file, mime ) VALUES ( '29500', 'http://www.gutenberg.org/files/29500/29500-h.zip', 'application/ziptext/html; charset=iso-8859-1' );
INSERT INTO files ( gid, file, mime ) VALUES ( '29500', 'http://www.gutenberg.org/files/29500/29500-h/29500-h.htm', 'text/html; charset=iso-8859-1' );
INSERT INTO files ( gid, file, mime ) VALUES ( '29500', 'http://www.gutenberg.org/files/29500/29500.txt', 'text/plain; charset=us-ascii' );
INSERT INTO files ( gid, file, mime ) VALUES ( '29500', 'http://www.gutenberg.org/files/29500/29500.zip', 'text/plain; charset=us-asciiapplication/zip' );
INSERT INTO titles ( gid, title, author, language, rights ) VALUES ( '29600', 'Rural Life and the Rural School', 'Kennedy, Joseph', 'en', 'Public domain in the USA.' );
INSERT INTO classifications ( gid, classification ) VALUES ( '29600', 'LB' );
INSERT INTO subjects ( gid, subject ) VALUES ( '29600', 'Rural schools' );
INSERT INTO subjects ( gid, subject ) VALUES ( '29600', 'Country life' );
INSERT INTO files ( gid, file, mime ) VALUES ( '29600', 'http://www.gutenberg.org/ebooks/29600.epub.images', 'application/epub+zip' );
INSERT INTO files ( gid, file, mime ) VALUES ( '29600', 'http://www.gutenberg.org/ebooks/29600.epub.noimages', 'application/epub+zip' );
INSERT INTO files ( gid, file, mime ) VALUES ( '29600', 'http://www.gutenberg.org/ebooks/29600.kindle.images', 'application/x-mobipocket-ebook' );
INSERT INTO files ( gid, file, mime ) VALUES ( '29600', 'http://www.gutenberg.org/ebooks/29600.kindle.noimages', 'application/x-mobipocket-ebook' );
INSERT INTO files ( gid, file, mime ) VALUES ( '29600', 'http://www.gutenberg.org/ebooks/29600.rdf', 'application/rdf+xml' );
INSERT INTO files ( gid, file, mime ) VALUES ( '29600', 'http://www.gutenberg.org/ebooks/29600.txt.utf-8', 'text/plain' );
INSERT INTO files ( gid, file, mime ) VALUES ( '29600', 'http://www.gutenberg.org/files/29600/29600-8.txt', 'text/plain; charset=iso-8859-1' );
INSERT INTO files ( gid, file, mime ) VALUES ( '29600', 'http://www.gutenberg.org/files/29600/29600-8.zip', 'text/plain; charset=iso-8859-1application/zip' );
INSERT INTO files ( gid, file, mime ) VALUES ( '29600', 'http://www.gutenberg.org/files/29600/29600-h.zip', 'application/ziptext/html; charset=iso-8859-1' );
INSERT INTO files ( gid, file, mime ) VALUES ( '29600', 'http://www.gutenberg.org/files/29600/29600-h/29600-h.htm', 'text/html; charset=iso-8859-1' );
INSERT INTO files ( gid, file, mime ) VALUES ( '29600', 'http://www.gutenberg.org/files/29600/29600.txt', 'text/plain; charset=us-ascii' );
INSERT INTO files ( gid, file, mime ) VALUES ( '29600', 'http://www.gutenberg.org/files/29600/29600.zip', 'text/plain; charset=us-asciiapplication/zip' );
INSERT INTO titles ( gid, title, author, language, rights ) VALUES ( '29700', 'Poetical Works of William Cullen Bryant Household Edition', 'Bryant, William Cullen', 'en', 'Public domain in the USA.' );
INSERT INTO classifications ( gid, classification ) VALUES ( '29700', 'PS' );
INSERT INTO subjects ( gid, subject ) VALUES ( '29700', 'Poetry' );
INSERT INTO files ( gid, file, mime ) VALUES ( '29700', 'http://www.gutenberg.org/ebooks/29700.epub.images', 'application/epub+zip' );
INSERT INTO files ( gid, file, mime ) VALUES ( '29700', 'http://www.gutenberg.org/ebooks/29700.epub.noimages', 'application/epub+zip' );
INSERT INTO files ( gid, file, mime ) VALUES ( '29700', 'http://www.gutenberg.org/ebooks/29700.kindle.images', 'application/x-mobipocket-ebook' );
INSERT INTO files ( gid, file, mime ) VALUES ( '29700', 'http://www.gutenberg.org/ebooks/29700.kindle.noimages', 'application/x-mobipocket-ebook' );
INSERT INTO files ( gid, file, mime ) VALUES ( '29700', 'http://www.gutenberg.org/ebooks/29700.rdf', 'application/rdf+xml' );
INSERT INTO files ( gid, file, mime ) VALUES ( '29700', 'http://www.gutenberg.org/ebooks/29700.txt.utf-8', 'text/plain' );
INSERT INTO files ( gid, file, mime ) VALUES ( '29700', 'http://www.gutenberg.org/files/29700/29700-8.txt', 'text/plain; charset=iso-8859-1' );
INSERT INTO files ( gid, file, mime ) VALUES ( '29700', 'http://www.gutenberg.org/files/29700/29700-8.zip', 'application/ziptext/plain; charset=iso-8859-1' );
INSERT INTO files ( gid, file, mime ) VALUES ( '29700', 'http://www.gutenberg.org/files/29700/29700-h.zip', 'application/ziptext/html; charset=iso-8859-1' );
INSERT INTO files ( gid, file, mime ) VALUES ( '29700', 'http://www.gutenberg.org/files/29700/29700-h/29700-h.htm', 'text/html; charset=iso-8859-1' );
INSERT INTO files ( gid, file, mime ) VALUES ( '29700', 'http://www.gutenberg.org/files/29700/29700.txt', 'text/plain; charset=us-ascii' );
INSERT INTO files ( gid, file, mime ) VALUES ( '29700', 'http://www.gutenberg.org/files/29700/29700.zip', 'application/ziptext/plain; charset=us-ascii' );
INSERT INTO titles ( gid, title, author, language, rights ) VALUES ( '29800', 'La Fonction Gamma: Théorie, Histoire, Bibliographie', 'Godefroy, Maurice', 'fr', 'Public domain in the USA.' );
INSERT INTO classifications ( gid, classification ) VALUES ( '29800', 'QA' );
INSERT INTO subjects ( gid, subject ) VALUES ( '29800', 'Gamma functions' );
INSERT INTO files ( gid, file, mime ) VALUES ( '29800', 'http://www.gutenberg.org/ebooks/29800.rdf', 'application/rdf+xml' );
INSERT INTO files ( gid, file, mime ) VALUES ( '29800', 'http://www.gutenberg.org/files/29800/29800-pdf.pdf', 'application/pdf' );
INSERT INTO files ( gid, file, mime ) VALUES ( '29800', 'http://www.gutenberg.org/files/29800/29800-pdf.zip', 'application/zipapplication/pdf' );
INSERT INTO files ( gid, file, mime ) VALUES ( '29800', 'http://www.gutenberg.org/files/29800/29800-t.zip', 'application/prs.texapplication/zip' );
INSERT INTO files ( gid, file, mime ) VALUES ( '29800', 'http://www.gutenberg.org/files/29800/29800-t/29800-t.tex', 'application/prs.tex' );
INSERT INTO titles ( gid, title, author, language, rights ) VALUES ( '29900', 'Nos femmes de lettres', 'Flat, Paul', 'fr', 'Public domain in the USA.' );
INSERT INTO classifications ( gid, classification ) VALUES ( '29900', 'PQ' );
INSERT INTO subjects ( gid, subject ) VALUES ( '29900', 'French literature -- 20th century -- History and criticism' );
INSERT INTO subjects ( gid, subject ) VALUES ( '29900', 'Women and literature -- France -- History -- 20th century' );
INSERT INTO subjects ( gid, subject ) VALUES ( '29900', 'French literature -- Women authors -- History and criticism' );
INSERT INTO files ( gid, file, mime ) VALUES ( '29900', 'http://www.gutenberg.org/ebooks/29900.epub.images', 'application/epub+zip' );
INSERT INTO files ( gid, file, mime ) VALUES ( '29900', 'http://www.gutenberg.org/ebooks/29900.epub.noimages', 'application/epub+zip' );
INSERT INTO files ( gid, file, mime ) VALUES ( '29900', 'http://www.gutenberg.org/ebooks/29900.kindle.images', 'application/x-mobipocket-ebook' );
INSERT INTO files ( gid, file, mime ) VALUES ( '29900', 'http://www.gutenberg.org/ebooks/29900.kindle.noimages', 'application/x-mobipocket-ebook' );
INSERT INTO files ( gid, file, mime ) VALUES ( '29900', 'http://www.gutenberg.org/ebooks/29900.rdf', 'application/rdf+xml' );
INSERT INTO files ( gid, file, mime ) VALUES ( '29900', 'http://www.gutenberg.org/ebooks/29900.txt.utf-8', 'text/plain' );
INSERT INTO files ( gid, file, mime ) VALUES ( '29900', 'http://www.gutenberg.org/files/29900/29900-8.txt', 'text/plain; charset=iso-8859-1' );
INSERT INTO files ( gid, file, mime ) VALUES ( '29900', 'http://www.gutenberg.org/files/29900/29900-8.zip', 'application/ziptext/plain; charset=iso-8859-1' );
INSERT INTO files ( gid, file, mime ) VALUES ( '29900', 'http://www.gutenberg.org/files/29900/29900-h.zip', 'text/html; charset=iso-8859-1application/zip' );
INSERT INTO files ( gid, file, mime ) VALUES ( '29900', 'http://www.gutenberg.org/files/29900/29900-h/29900-h.htm', 'text/html; charset=iso-8859-1' );
INSERT INTO titles ( gid, title, author, language, rights ) VALUES ( '30000', 'The Bird Book Illustrating in natural colors more than seven hundred North American birds; also several hundred photographs of their nests and eggs.', 'Reed, Chester A. (Chester Albert)', 'en', 'Public domain in the USA.' );
INSERT INTO classifications ( gid, classification ) VALUES ( '30000', 'QL' );
INSERT INTO subjects ( gid, subject ) VALUES ( '30000', 'Birds -- North America' );
INSERT INTO files ( gid, file, mime ) VALUES ( '30000', 'http://www.gutenberg.org/ebooks/30000.epub.images', 'application/epub+zip' );
INSERT INTO files ( gid, file, mime ) VALUES ( '30000', 'http://www.gutenberg.org/ebooks/30000.epub.noimages', 'application/epub+zip' );
INSERT INTO files ( gid, file, mime ) VALUES ( '30000', 'http://www.gutenberg.org/ebooks/30000.kindle.images', 'application/x-mobipocket-ebook' );
INSERT INTO files ( gid, file, mime ) VALUES ( '30000', 'http://www.gutenberg.org/ebooks/30000.kindle.noimages', 'application/x-mobipocket-ebook' );
INSERT INTO files ( gid, file, mime ) VALUES ( '30000', 'http://www.gutenberg.org/ebooks/30000.rdf', 'application/rdf+xml' );
INSERT INTO files ( gid, file, mime ) VALUES ( '30000', 'http://www.gutenberg.org/files/30000/30000-0.txt', 'text/plain; charset=utf-8' );
INSERT INTO files ( gid, file, mime ) VALUES ( '30000', 'http://www.gutenberg.org/files/30000/30000-0.zip', 'text/plain; charset=utf-8application/zip' );
INSERT INTO files ( gid, file, mime ) VALUES ( '30000', 'http://www.gutenberg.org/files/30000/30000-8.txt', 'text/plain; charset=iso-8859-1' );
INSERT INTO files ( gid, file, mime ) VALUES ( '30000', 'http://www.gutenberg.org/files/30000/30000-8.zip', 'application/ziptext/plain; charset=iso-8859-1' );
INSERT INTO files ( gid, file, mime ) VALUES ( '30000', 'http://www.gutenberg.org/files/30000/30000-h.zip', 'text/html; charset=utf-8application/zip' );
INSERT INTO files ( gid, file, mime ) VALUES ( '30000', 'http://www.gutenberg.org/files/30000/30000-h/30000-h.htm', 'text/html; charset=utf-8' );
INSERT INTO files ( gid, file, mime ) VALUES ( '30000', 'http://www.gutenberg.org/files/30000/30000.txt', 'text/plain; charset=us-ascii' );
INSERT INTO files ( gid, file, mime ) VALUES ( '30000', 'http://www.gutenberg.org/files/30000/30000.zip', 'text/plain; charset=us-asciiapplication/zip' );
INSERT INTO titles ( gid, title, author, language, rights ) VALUES ( '3000', 'A l''ombre des jeunes filles en fleurs — Troisième partie', 'Proust, Marcel', 'fr', 'Public domain in the USA.' );
INSERT INTO classifications ( gid, classification ) VALUES ( '3000', 'PQ' );
INSERT INTO subjects ( gid, subject ) VALUES ( '3000', 'Villages -- France -- Fiction' );
INSERT INTO subjects ( gid, subject ) VALUES ( '3000', 'France -- Social life and customs -- 19th century -- Fiction' );
INSERT INTO subjects ( gid, subject ) VALUES ( '3000', 'Autobiographical fiction' );
INSERT INTO files ( gid, file, mime ) VALUES ( '3000', 'http://www.gutenberg.org/ebooks/3000.epub.images', 'application/epub+zip' );
INSERT INTO files ( gid, file, mime ) VALUES ( '3000', 'http://www.gutenberg.org/ebooks/3000.epub.noimages', 'application/epub+zip' );
INSERT INTO files ( gid, file, mime ) VALUES ( '3000', 'http://www.gutenberg.org/ebooks/3000.kindle.images', 'application/x-mobipocket-ebook' );
INSERT INTO files ( gid, file, mime ) VALUES ( '3000', 'http://www.gutenberg.org/ebooks/3000.kindle.noimages', 'application/x-mobipocket-ebook' );
INSERT INTO files ( gid, file, mime ) VALUES ( '3000', 'http://www.gutenberg.org/ebooks/3000.rdf', 'application/rdf+xml' );
INSERT INTO files ( gid, file, mime ) VALUES ( '3000', 'http://www.gutenberg.org/files/3000/3000-0.txt', 'text/plain; charset=utf-8' );
INSERT INTO files ( gid, file, mime ) VALUES ( '3000', 'http://www.gutenberg.org/files/3000/3000-0.zip', 'application/ziptext/plain; charset=utf-8' );
INSERT INTO files ( gid, file, mime ) VALUES ( '3000', 'http://www.gutenberg.org/files/3000/3000-8.txt', 'text/plain; charset=iso-8859-1' );
INSERT INTO files ( gid, file, mime ) VALUES ( '3000', 'http://www.gutenberg.org/files/3000/3000-8.zip', 'application/ziptext/plain; charset=iso-8859-1' );
INSERT INTO files ( gid, file, mime ) VALUES ( '3000', 'http://www.gutenberg.org/files/3000/3000-h.zip', 'text/html; charset=iso-8859-1application/zip' );
INSERT INTO files ( gid, file, mime ) VALUES ( '3000', 'http://www.gutenberg.org/files/3000/3000-h/3000-h.htm', 'text/html; charset=iso-8859-1' );
INSERT INTO titles ( gid, title, author, language, rights ) VALUES ( '300', 'United States Declaration of Independence', 'Jefferson, Thomas', 'en', 'Copyrighted. Read the copyright notice inside this book for details.' );
INSERT INTO classifications ( gid, classification ) VALUES ( '300', 'JK' );
INSERT INTO subjects ( gid, subject ) VALUES ( '300', 'United States -- History -- Revolution, 1775-1783 -- Sources' );
INSERT INTO subjects ( gid, subject ) VALUES ( '300', 'E201' );
INSERT INTO files ( gid, file, mime ) VALUES ( '300', 'http://www.gutenberg.org/ebooks/300.epub.images', 'application/epub+zip' );
INSERT INTO files ( gid, file, mime ) VALUES ( '300', 'http://www.gutenberg.org/ebooks/300.epub.noimages', 'application/epub+zip' );
INSERT INTO files ( gid, file, mime ) VALUES ( '300', 'http://www.gutenberg.org/ebooks/300.kindle.images', 'application/x-mobipocket-ebook' );
INSERT INTO files ( gid, file, mime ) VALUES ( '300', 'http://www.gutenberg.org/ebooks/300.kindle.noimages', 'application/x-mobipocket-ebook' );
INSERT INTO files ( gid, file, mime ) VALUES ( '300', 'http://www.gutenberg.org/ebooks/300.rdf', 'application/rdf+xml' );
INSERT INTO files ( gid, file, mime ) VALUES ( '300', 'http://www.gutenberg.org/ebooks/300.txt.utf-8', 'text/plain' );
INSERT INTO files ( gid, file, mime ) VALUES ( '300', 'http://www.gutenberg.org/files/300/300-h.zip', 'application/ziptext/html; charset=iso-8859-1' );
INSERT INTO files ( gid, file, mime ) VALUES ( '300', 'http://www.gutenberg.org/files/300/300-h/300-h.htm', 'text/html; charset=iso-8859-1' );
INSERT INTO files ( gid, file, mime ) VALUES ( '300', 'http://www.gutenberg.org/files/300/300.txt', 'text/plain; charset=us-ascii' );
INSERT INTO files ( gid, file, mime ) VALUES ( '300', 'http://www.gutenberg.org/files/300/300.zip', 'application/ziptext/plain; charset=us-ascii' );
INSERT INTO titles ( gid, title, author, language, rights ) VALUES ( '30100', 'Marion Fay: A Novel', 'Trollope, Anthony', 'en', 'Public domain in the USA.' );
INSERT INTO classifications ( gid, classification ) VALUES ( '30100', 'PR' );
INSERT INTO subjects ( gid, subject ) VALUES ( '30100', 'Love stories' );
INSERT INTO subjects ( gid, subject ) VALUES ( '30100', 'Male friendship -- Fiction' );
INSERT INTO subjects ( gid, subject ) VALUES ( '30100', 'Quakers -- Fiction' );
INSERT INTO subjects ( gid, subject ) VALUES ( '30100', 'Social classes -- Fiction' );
INSERT INTO subjects ( gid, subject ) VALUES ( '30100', 'England -- Fiction' );
INSERT INTO files ( gid, file, mime ) VALUES ( '30100', 'http://www.gutenberg.org/ebooks/30100.epub.images', 'application/epub+zip' );
INSERT INTO files ( gid, file, mime ) VALUES ( '30100', 'http://www.gutenberg.org/ebooks/30100.epub.noimages', 'application/epub+zip' );
INSERT INTO files ( gid, file, mime ) VALUES ( '30100', 'http://www.gutenberg.org/ebooks/30100.kindle.images', 'application/x-mobipocket-ebook' );
INSERT INTO files ( gid, file, mime ) VALUES ( '30100', 'http://www.gutenberg.org/ebooks/30100.kindle.noimages', 'application/x-mobipocket-ebook' );
INSERT INTO files ( gid, file, mime ) VALUES ( '30100', 'http://www.gutenberg.org/ebooks/30100.rdf', 'application/rdf+xml' );
INSERT INTO files ( gid, file, mime ) VALUES ( '30100', 'http://www.gutenberg.org/ebooks/30100.txt.utf-8', 'text/plain' );
INSERT INTO files ( gid, file, mime ) VALUES ( '30100', 'http://www.gutenberg.org/files/30100/30100-8.txt', 'text/plain; charset=iso-8859-1' );
INSERT INTO files ( gid, file, mime ) VALUES ( '30100', 'http://www.gutenberg.org/files/30100/30100-8.zip', 'application/ziptext/plain; charset=iso-8859-1' );
INSERT INTO files ( gid, file, mime ) VALUES ( '30100', 'http://www.gutenberg.org/files/30100/30100-h.zip', 'text/html; charset=iso-8859-1application/zip' );
INSERT INTO files ( gid, file, mime ) VALUES ( '30100', 'http://www.gutenberg.org/files/30100/30100-h/30100-h.htm', 'text/html; charset=iso-8859-1' );
INSERT INTO files ( gid, file, mime ) VALUES ( '30100', 'http://www.gutenberg.org/files/30100/30100.txt', 'text/plain; charset=us-ascii' );
INSERT INTO files ( gid, file, mime ) VALUES ( '30100', 'http://www.gutenberg.org/files/30100/30100.zip', 'text/plain; charset=us-asciiapplication/zip' );
INSERT INTO titles ( gid, title, author, language, rights ) VALUES ( '30200', 'Ancient and Modern Celebrated Freethinkers Reprinted From an English Work, Entitled "Half-Hours With The Freethinkers."', 'Watts, John', 'en', 'Public domain in the USA.' );
INSERT INTO classifications ( gid, classification ) VALUES ( '30200', 'BL' );
INSERT INTO subjects ( gid, subject ) VALUES ( '30200', 'Rationalists -- Biography' );
INSERT INTO files ( gid, file, mime ) VALUES ( '30200', 'http://www.gutenberg.org/ebooks/30200.epub.images', 'application/epub+zip' );
INSERT INTO files ( gid, file, mime ) VALUES ( '30200', 'http://www.gutenberg.org/ebooks/30200.epub.noimages', 'application/epub+zip' );
INSERT INTO files ( gid, file, mime ) VALUES ( '30200', 'http://www.gutenberg.org/ebooks/30200.kindle.images', 'application/x-mobipocket-ebook' );
INSERT INTO files ( gid, file, mime ) VALUES ( '30200', 'http://www.gutenberg.org/ebooks/30200.kindle.noimages', 'application/x-mobipocket-ebook' );
INSERT INTO files ( gid, file, mime ) VALUES ( '30200', 'http://www.gutenberg.org/ebooks/30200.rdf', 'application/rdf+xml' );
INSERT INTO files ( gid, file, mime ) VALUES ( '30200', 'http://www.gutenberg.org/ebooks/30200.txt.utf-8', 'text/plain' );
INSERT INTO files ( gid, file, mime ) VALUES ( '30200', 'http://www.gutenberg.org/files/30200/30200-8.txt', 'text/plain; charset=iso-8859-1' );
INSERT INTO files ( gid, file, mime ) VALUES ( '30200', 'http://www.gutenberg.org/files/30200/30200-8.zip', 'application/ziptext/plain; charset=iso-8859-1' );
INSERT INTO files ( gid, file, mime ) VALUES ( '30200', 'http://www.gutenberg.org/files/30200/30200-h.zip', 'text/html; charset=iso-8859-1application/zip' );
INSERT INTO files ( gid, file, mime ) VALUES ( '30200', 'http://www.gutenberg.org/files/30200/30200-h/30200-h.htm', 'text/html; charset=iso-8859-1' );
INSERT INTO files ( gid, file, mime ) VALUES ( '30200', 'http://www.gutenberg.org/files/30200/30200.txt', 'text/plain; charset=us-ascii' );
INSERT INTO files ( gid, file, mime ) VALUES ( '30200', 'http://www.gutenberg.org/files/30200/30200.zip', 'text/plain; charset=us-asciiapplication/zip' );
INSERT INTO titles ( gid, title, author, language, rights ) VALUES ( '30300', 'Orphans of the Storm', 'MacMahon, Henry', 'en', 'Public domain in the USA.' );
INSERT INTO classifications ( gid, classification ) VALUES ( '30300', 'PS' );
INSERT INTO subjects ( gid, subject ) VALUES ( '30300', 'France -- History -- Revolution, 1789-1799 -- Fiction' );
INSERT INTO subjects ( gid, subject ) VALUES ( '30300', 'Sisters -- Fiction' );
INSERT INTO subjects ( gid, subject ) VALUES ( '30300', 'Orphans -- Fiction' );
INSERT INTO files ( gid, file, mime ) VALUES ( '30300', 'http://www.gutenberg.org/ebooks/30300.epub.images', 'application/epub+zip' );
INSERT INTO files ( gid, file, mime ) VALUES ( '30300', 'http://www.gutenberg.org/ebooks/30300.epub.noimages', 'application/epub+zip' );
INSERT INTO files ( gid, file, mime ) VALUES ( '30300', 'http://www.gutenberg.org/ebooks/30300.kindle.images', 'application/x-mobipocket-ebook' );
INSERT INTO files ( gid, file, mime ) VALUES ( '30300', 'http://www.gutenberg.org/ebooks/30300.kindle.noimages', 'application/x-mobipocket-ebook' );
INSERT INTO files ( gid, file, mime ) VALUES ( '30300', 'http://www.gutenberg.org/ebooks/30300.rdf', 'application/rdf+xml' );
INSERT INTO files ( gid, file, mime ) VALUES ( '30300', 'http://www.gutenberg.org/ebooks/30300.txt.utf-8', 'text/plain' );
INSERT INTO files ( gid, file, mime ) VALUES ( '30300', 'http://www.gutenberg.org/files/30300/30300-h.zip', 'text/html; charset=iso-8859-1application/zip' );
INSERT INTO files ( gid, file, mime ) VALUES ( '30300', 'http://www.gutenberg.org/files/30300/30300-h/30300-h.htm', 'text/html; charset=iso-8859-1' );
INSERT INTO files ( gid, file, mime ) VALUES ( '30300', 'http://www.gutenberg.org/files/30300/30300.txt', 'text/plain; charset=us-ascii' );
INSERT INTO files ( gid, file, mime ) VALUES ( '30300', 'http://www.gutenberg.org/files/30300/30300.zip', 'application/ziptext/plain; charset=us-ascii' );
INSERT INTO titles ( gid, title, author, language, rights ) VALUES ( '30500', 'The Passenger', 'Harmon, Kenneth', 'en', 'Public domain in the USA.' );
INSERT INTO classifications ( gid, classification ) VALUES ( '30500', 'PS' );
INSERT INTO subjects ( gid, subject ) VALUES ( '30500', 'Science fiction' );
INSERT INTO subjects ( gid, subject ) VALUES ( '30500', 'Telepathy -- Fiction' );
INSERT INTO subjects ( gid, subject ) VALUES ( '30500', 'Short stories' );
INSERT INTO files ( gid, file, mime ) VALUES ( '30500', 'http://www.gutenberg.org/ebooks/30500.epub.images', 'application/epub+zip' );
INSERT INTO files ( gid, file, mime ) VALUES ( '30500', 'http://www.gutenberg.org/ebooks/30500.epub.noimages', 'application/epub+zip' );
INSERT INTO files ( gid, file, mime ) VALUES ( '30500', 'http://www.gutenberg.org/ebooks/30500.kindle.images', 'application/x-mobipocket-ebook' );
INSERT INTO files ( gid, file, mime ) VALUES ( '30500', 'http://www.gutenberg.org/ebooks/30500.kindle.noimages', 'application/x-mobipocket-ebook' );
INSERT INTO files ( gid, file, mime ) VALUES ( '30500', 'http://www.gutenberg.org/ebooks/30500.rdf', 'application/rdf+xml' );
INSERT INTO files ( gid, file, mime ) VALUES ( '30500', 'http://www.gutenberg.org/ebooks/30500.txt.utf-8', 'text/plain' );
INSERT INTO files ( gid, file, mime ) VALUES ( '30500', 'http://www.gutenberg.org/files/30500/30500-h.zip', 'text/html; charset=iso-8859-1application/zip' );
INSERT INTO files ( gid, file, mime ) VALUES ( '30500', 'http://www.gutenberg.org/files/30500/30500-h/30500-h.htm', 'text/html; charset=iso-8859-1' );
INSERT INTO files ( gid, file, mime ) VALUES ( '30500', 'http://www.gutenberg.org/files/30500/30500.txt', 'text/plain; charset=us-ascii' );
INSERT INTO files ( gid, file, mime ) VALUES ( '30500', 'http://www.gutenberg.org/files/30500/30500.zip', 'application/ziptext/plain; charset=us-ascii' );
INSERT INTO titles ( gid, title, author, language, rights ) VALUES ( '30400', 'All the Way to Fairyland: Fairy Stories', 'Sharp, Evelyn', 'en', 'Public domain in the USA.' );
INSERT INTO classifications ( gid, classification ) VALUES ( '30400', 'PZ' );
INSERT INTO subjects ( gid, subject ) VALUES ( '30400', 'Princesses -- Fiction' );
INSERT INTO subjects ( gid, subject ) VALUES ( '30400', 'Fairies -- Fiction' );
INSERT INTO subjects ( gid, subject ) VALUES ( '30400', 'Kings and rulers -- Fiction' );
INSERT INTO subjects ( gid, subject ) VALUES ( '30400', 'Fairy tales' );
INSERT INTO files ( gid, file, mime ) VALUES ( '30400', 'http://www.gutenberg.org/cache/epub/30400/pg30400.cover.medium.jpg', 'image/jpeg' );
INSERT INTO files ( gid, file, mime ) VALUES ( '30400', 'http://www.gutenberg.org/cache/epub/30400/pg30400.cover.small.jpg', 'image/jpeg' );
INSERT INTO files ( gid, file, mime ) VALUES ( '30400', 'http://www.gutenberg.org/ebooks/30400.epub.images', 'application/epub+zip' );
INSERT INTO files ( gid, file, mime ) VALUES ( '30400', 'http://www.gutenberg.org/ebooks/30400.epub.noimages', 'application/epub+zip' );
INSERT INTO files ( gid, file, mime ) VALUES ( '30400', 'http://www.gutenberg.org/ebooks/30400.kindle.images', 'application/x-mobipocket-ebook' );
INSERT INTO files ( gid, file, mime ) VALUES ( '30400', 'http://www.gutenberg.org/ebooks/30400.kindle.noimages', 'application/x-mobipocket-ebook' );
INSERT INTO files ( gid, file, mime ) VALUES ( '30400', 'http://www.gutenberg.org/ebooks/30400.rdf', 'application/rdf+xml' );
INSERT INTO files ( gid, file, mime ) VALUES ( '30400', 'http://www.gutenberg.org/ebooks/30400.txt.utf-8', 'text/plain' );
INSERT INTO files ( gid, file, mime ) VALUES ( '30400', 'http://www.gutenberg.org/files/30400/30400-h.zip', 'application/ziptext/html; charset=iso-8859-1' );
INSERT INTO files ( gid, file, mime ) VALUES ( '30400', 'http://www.gutenberg.org/files/30400/30400-h/30400-h.htm', 'text/html; charset=iso-8859-1' );
INSERT INTO files ( gid, file, mime ) VALUES ( '30400', 'http://www.gutenberg.org/files/30400/30400.txt', 'text/plain; charset=us-ascii' );
INSERT INTO files ( gid, file, mime ) VALUES ( '30400', 'http://www.gutenberg.org/files/30400/30400.zip', 'application/ziptext/plain; charset=us-ascii' );
INSERT INTO titles ( gid, title, author, language, rights ) VALUES ( '30600', 'The Pines of Lory', 'Mitchell, John Ames', 'en', 'Public domain in the USA.' );
INSERT INTO classifications ( gid, classification ) VALUES ( '30600', 'PS' );
INSERT INTO subjects ( gid, subject ) VALUES ( '30600', 'Fiction' );
INSERT INTO files ( gid, file, mime ) VALUES ( '30600', 'http://www.gutenberg.org/ebooks/30600.epub.images', 'application/epub+zip' );
INSERT INTO files ( gid, file, mime ) VALUES ( '30600', 'http://www.gutenberg.org/ebooks/30600.epub.noimages', 'application/epub+zip' );
INSERT INTO files ( gid, file, mime ) VALUES ( '30600', 'http://www.gutenberg.org/ebooks/30600.rdf', 'application/rdf+xml' );
INSERT INTO files ( gid, file, mime ) VALUES ( '30600', 'http://www.gutenberg.org/ebooks/30600.txt.utf-8', 'text/plain' );
INSERT INTO files ( gid, file, mime ) VALUES ( '30600', 'http://www.gutenberg.org/files/30600/30600-8.txt', 'text/plain; charset=iso-8859-1' );
INSERT INTO files ( gid, file, mime ) VALUES ( '30600', 'http://www.gutenberg.org/files/30600/30600-8.zip', 'application/ziptext/plain; charset=iso-8859-1' );
INSERT INTO files ( gid, file, mime ) VALUES ( '30600', 'http://www.gutenberg.org/files/30600/30600-h.zip', 'application/ziptext/html; charset=iso-8859-1' );
INSERT INTO files ( gid, file, mime ) VALUES ( '30600', 'http://www.gutenberg.org/files/30600/30600-h/30600-h.htm', 'text/html; charset=iso-8859-1' );
INSERT INTO files ( gid, file, mime ) VALUES ( '30600', 'http://www.gutenberg.org/files/30600/30600.txt', 'text/plain; charset=us-ascii' );
INSERT INTO files ( gid, file, mime ) VALUES ( '30600', 'http://www.gutenberg.org/files/30600/30600.zip', 'application/ziptext/plain; charset=us-ascii' );
INSERT INTO titles ( gid, title, author, language, rights ) VALUES ( '30700', 'The Works of Robert Louis Stevenson - Swanston Edition, Vol. 04', 'Stevenson, Robert Louis', 'en', 'Public domain in the USA.' );
INSERT INTO classifications ( gid, classification ) VALUES ( '30700', 'PR' );
INSERT INTO subjects ( gid, subject ) VALUES ( '30700', 'English literature -- 19th century' );
INSERT INTO subjects ( gid, subject ) VALUES ( '30700', 'Short stories' );
INSERT INTO files ( gid, file, mime ) VALUES ( '30700', 'http://www.gutenberg.org/ebooks/30700.epub.images', 'application/epub+zip' );
INSERT INTO files ( gid, file, mime ) VALUES ( '30700', 'http://www.gutenberg.org/ebooks/30700.epub.noimages', 'application/epub+zip' );
INSERT INTO files ( gid, file, mime ) VALUES ( '30700', 'http://www.gutenberg.org/ebooks/30700.kindle.images', 'application/x-mobipocket-ebook' );
INSERT INTO files ( gid, file, mime ) VALUES ( '30700', 'http://www.gutenberg.org/ebooks/30700.kindle.noimages', 'application/x-mobipocket-ebook' );
INSERT INTO files ( gid, file, mime ) VALUES ( '30700', 'http://www.gutenberg.org/ebooks/30700.rdf', 'application/rdf+xml' );
INSERT INTO files ( gid, file, mime ) VALUES ( '30700', 'http://www.gutenberg.org/ebooks/30700.txt.utf-8', 'text/plain' );
INSERT INTO files ( gid, file, mime ) VALUES ( '30700', 'http://www.gutenberg.org/files/30700/30700-8.txt', 'text/plain; charset=iso-8859-1' );
INSERT INTO files ( gid, file, mime ) VALUES ( '30700', 'http://www.gutenberg.org/files/30700/30700-8.zip', 'text/plain; charset=iso-8859-1application/zip' );
INSERT INTO files ( gid, file, mime ) VALUES ( '30700', 'http://www.gutenberg.org/files/30700/30700-h.zip', 'application/ziptext/html; charset=iso-8859-1' );
INSERT INTO files ( gid, file, mime ) VALUES ( '30700', 'http://www.gutenberg.org/files/30700/30700-h/30700-h.htm', 'text/html; charset=iso-8859-1' );
INSERT INTO files ( gid, file, mime ) VALUES ( '30700', 'http://www.gutenberg.org/files/30700/30700.txt', 'text/plain; charset=us-ascii' );
INSERT INTO files ( gid, file, mime ) VALUES ( '30700', 'http://www.gutenberg.org/files/30700/30700.zip', 'application/ziptext/plain; charset=us-ascii' );
INSERT INTO titles ( gid, title, author, language, rights ) VALUES ( '30800', 'Nature Myths and Stories for Little Children', 'Cooke, Flora J. (Flora Juliette)', 'en', 'Public domain in the USA.' );
INSERT INTO classifications ( gid, classification ) VALUES ( '30800', 'PZ' );
INSERT INTO subjects ( gid, subject ) VALUES ( '30800', 'Nature -- Mythology -- Juvenile literature' );
INSERT INTO subjects ( gid, subject ) VALUES ( '30800', 'Natural history -- Juvenile fiction' );
INSERT INTO subjects ( gid, subject ) VALUES ( '30800', 'Mythology, Classical -- Juvenile literature' );
INSERT INTO subjects ( gid, subject ) VALUES ( '30800', 'Children''s stories' );
INSERT INTO files ( gid, file, mime ) VALUES ( '30800', 'http://www.gutenberg.org/cache/epub/30800/pg30800.cover.medium.jpg', 'image/jpeg' );
INSERT INTO files ( gid, file, mime ) VALUES ( '30800', 'http://www.gutenberg.org/cache/epub/30800/pg30800.cover.small.jpg', 'image/jpeg' );
INSERT INTO files ( gid, file, mime ) VALUES ( '30800', 'http://www.gutenberg.org/ebooks/30800.epub.images', 'application/epub+zip' );
INSERT INTO files ( gid, file, mime ) VALUES ( '30800', 'http://www.gutenberg.org/ebooks/30800.epub.noimages', 'application/epub+zip' );
INSERT INTO files ( gid, file, mime ) VALUES ( '30800', 'http://www.gutenberg.org/ebooks/30800.kindle.images', 'application/x-mobipocket-ebook' );
INSERT INTO files ( gid, file, mime ) VALUES ( '30800', 'http://www.gutenberg.org/ebooks/30800.kindle.noimages', 'application/x-mobipocket-ebook' );
INSERT INTO files ( gid, file, mime ) VALUES ( '30800', 'http://www.gutenberg.org/ebooks/30800.rdf', 'application/rdf+xml' );
INSERT INTO files ( gid, file, mime ) VALUES ( '30800', 'http://www.gutenberg.org/ebooks/30800.txt.utf-8', 'text/plain' );
INSERT INTO files ( gid, file, mime ) VALUES ( '30800', 'http://www.gutenberg.org/files/30800/30800-8.txt', 'text/plain; charset=iso-8859-1' );
INSERT INTO files ( gid, file, mime ) VALUES ( '30800', 'http://www.gutenberg.org/files/30800/30800-8.zip', 'application/ziptext/plain; charset=iso-8859-1' );
INSERT INTO files ( gid, file, mime ) VALUES ( '30800', 'http://www.gutenberg.org/files/30800/30800-h.zip', 'application/ziptext/html; charset=iso-8859-1' );
INSERT INTO files ( gid, file, mime ) VALUES ( '30800', 'http://www.gutenberg.org/files/30800/30800-h/30800-h.htm', 'text/html; charset=iso-8859-1' );
INSERT INTO files ( gid, file, mime ) VALUES ( '30800', 'http://www.gutenberg.org/files/30800/30800.txt', 'text/plain; charset=us-ascii' );
INSERT INTO files ( gid, file, mime ) VALUES ( '30800', 'http://www.gutenberg.org/files/30800/30800.zip', 'text/plain; charset=us-asciiapplication/zip' );
INSERT INTO titles ( gid, title, author, language, rights ) VALUES ( '30900', 'The Tyranny of God', 'Lewis, Joseph', 'en', 'Public domain in the USA.' );
INSERT INTO classifications ( gid, classification ) VALUES ( '30900', 'BL' );
INSERT INTO subjects ( gid, subject ) VALUES ( '30900', 'Free thought' );
INSERT INTO subjects ( gid, subject ) VALUES ( '30900', 'Rationalism' );
INSERT INTO subjects ( gid, subject ) VALUES ( '30900', 'Atheism' );
INSERT INTO files ( gid, file, mime ) VALUES ( '30900', 'http://www.gutenberg.org/ebooks/30900.epub.images', 'application/epub+zip' );
INSERT INTO files ( gid, file, mime ) VALUES ( '30900', 'http://www.gutenberg.org/ebooks/30900.epub.noimages', 'application/epub+zip' );
INSERT INTO files ( gid, file, mime ) VALUES ( '30900', 'http://www.gutenberg.org/ebooks/30900.kindle.images', 'application/x-mobipocket-ebook' );
INSERT INTO files ( gid, file, mime ) VALUES ( '30900', 'http://www.gutenberg.org/ebooks/30900.kindle.noimages', 'application/x-mobipocket-ebook' );
INSERT INTO files ( gid, file, mime ) VALUES ( '30900', 'http://www.gutenberg.org/ebooks/30900.rdf', 'application/rdf+xml' );
INSERT INTO files ( gid, file, mime ) VALUES ( '30900', 'http://www.gutenberg.org/ebooks/30900.txt.utf-8', 'text/plain' );
INSERT INTO files ( gid, file, mime ) VALUES ( '30900', 'http://www.gutenberg.org/files/30900/30900-8.txt', 'text/plain; charset=iso-8859-1' );
INSERT INTO files ( gid, file, mime ) VALUES ( '30900', 'http://www.gutenberg.org/files/30900/30900-8.zip', 'application/ziptext/plain; charset=iso-8859-1' );
INSERT INTO files ( gid, file, mime ) VALUES ( '30900', 'http://www.gutenberg.org/files/30900/30900-h.zip', 'text/html; charset=iso-8859-1application/zip' );
INSERT INTO files ( gid, file, mime ) VALUES ( '30900', 'http://www.gutenberg.org/files/30900/30900-h/30900-h.htm', 'text/html; charset=iso-8859-1' );
INSERT INTO files ( gid, file, mime ) VALUES ( '30900', 'http://www.gutenberg.org/files/30900/30900.txt', 'text/plain; charset=us-ascii' );
INSERT INTO files ( gid, file, mime ) VALUES ( '30900', 'http://www.gutenberg.org/files/30900/30900.zip', 'application/ziptext/plain; charset=us-ascii' );
INSERT INTO titles ( gid, title, author, language, rights ) VALUES ( '3100', 'The Chinese Classics: with a translation, critical and exegetical notes, prolegomena and copious indexes (Shih ching. English) — Volume 1', 'Legge, James', 'en', 'Public domain in the USA.' );
INSERT INTO classifications ( gid, classification ) VALUES ( '3100', 'PL' );
INSERT INTO subjects ( gid, subject ) VALUES ( '3100', 'Chinese literature -- Translations into English' );
INSERT INTO subjects ( gid, subject ) VALUES ( '3100', 'China -- History' );
INSERT INTO subjects ( gid, subject ) VALUES ( '3100', 'Chinese literature' );
INSERT INTO files ( gid, file, mime ) VALUES ( '3100', 'http://www.gutenberg.org/ebooks/3100.epub.images', 'application/epub+zip' );
INSERT INTO files ( gid, file, mime ) VALUES ( '3100', 'http://www.gutenberg.org/ebooks/3100.epub.noimages', 'application/epub+zip' );
INSERT INTO files ( gid, file, mime ) VALUES ( '3100', 'http://www.gutenberg.org/ebooks/3100.kindle.images', 'application/x-mobipocket-ebook' );
INSERT INTO files ( gid, file, mime ) VALUES ( '3100', 'http://www.gutenberg.org/ebooks/3100.kindle.noimages', 'application/x-mobipocket-ebook' );
INSERT INTO files ( gid, file, mime ) VALUES ( '3100', 'http://www.gutenberg.org/ebooks/3100.rdf', 'application/rdf+xml' );
INSERT INTO files ( gid, file, mime ) VALUES ( '3100', 'http://www.gutenberg.org/files/3100/3100-0.txt', 'text/plain; charset=utf-8' );
INSERT INTO files ( gid, file, mime ) VALUES ( '3100', 'http://www.gutenberg.org/files/3100/3100-0.zip', 'text/plain; charset=utf-8application/zip' );
INSERT INTO files ( gid, file, mime ) VALUES ( '3100', 'http://www.gutenberg.org/files/3100/3100-h.zip', 'text/html; charset=utf-8application/zip' );
INSERT INTO files ( gid, file, mime ) VALUES ( '3100', 'http://www.gutenberg.org/files/3100/3100-h/3100-h.htm', 'text/html; charset=utf-8' );
INSERT INTO titles ( gid, title, author, language, rights ) VALUES ( '31000', 'Dal molino di Cerbaia a Cala Martina Notizie inedite sulla vita di Giuseppe Garibaldi', 'Guelfi, Guelfo', 'it', 'Public domain in the USA.' );
INSERT INTO classifications ( gid, classification ) VALUES ( '31000', 'DG' );
INSERT INTO subjects ( gid, subject ) VALUES ( '31000', 'Italy -- History -- 1849-1870' );
INSERT INTO subjects ( gid, subject ) VALUES ( '31000', 'Garibaldi, Giuseppe, 1807-1882' );
INSERT INTO files ( gid, file, mime ) VALUES ( '31000', 'http://www.gutenberg.org/cache/epub/31000/pg31000.cover.medium.jpg', 'image/jpeg' );
INSERT INTO files ( gid, file, mime ) VALUES ( '31000', 'http://www.gutenberg.org/cache/epub/31000/pg31000.cover.small.jpg', 'image/jpeg' );
INSERT INTO files ( gid, file, mime ) VALUES ( '31000', 'http://www.gutenberg.org/ebooks/31000.epub.images', 'application/epub+zip' );
INSERT INTO files ( gid, file, mime ) VALUES ( '31000', 'http://www.gutenberg.org/ebooks/31000.epub.noimages', 'application/epub+zip' );
INSERT INTO files ( gid, file, mime ) VALUES ( '31000', 'http://www.gutenberg.org/ebooks/31000.kindle.images', 'application/x-mobipocket-ebook' );
INSERT INTO files ( gid, file, mime ) VALUES ( '31000', 'http://www.gutenberg.org/ebooks/31000.kindle.noimages', 'application/x-mobipocket-ebook' );
INSERT INTO files ( gid, file, mime ) VALUES ( '31000', 'http://www.gutenberg.org/ebooks/31000.rdf', 'application/rdf+xml' );
INSERT INTO files ( gid, file, mime ) VALUES ( '31000', 'http://www.gutenberg.org/ebooks/31000.txt.utf-8', 'text/plain' );
INSERT INTO files ( gid, file, mime ) VALUES ( '31000', 'http://www.gutenberg.org/files/31000/31000-8.txt', 'text/plain; charset=iso-8859-1' );
INSERT INTO files ( gid, file, mime ) VALUES ( '31000', 'http://www.gutenberg.org/files/31000/31000-8.zip', 'application/ziptext/plain; charset=iso-8859-1' );
INSERT INTO files ( gid, file, mime ) VALUES ( '31000', 'http://www.gutenberg.org/files/31000/31000-h.zip', 'text/html; charset=iso-8859-1application/zip' );
INSERT INTO files ( gid, file, mime ) VALUES ( '31000', 'http://www.gutenberg.org/files/31000/31000-h/31000-h.htm', 'text/html; charset=iso-8859-1' );
INSERT INTO titles ( gid, title, author, language, rights ) VALUES ( '31100', 'The Complete Project Gutenberg Works of Jane Austen A Linked Index of all PG Editions of Jane Austen', 'Austen, Jane', 'en', 'Public domain in the USA.' );
INSERT INTO classifications ( gid, classification ) VALUES ( '31100', 'PR' );
INSERT INTO subjects ( gid, subject ) VALUES ( '31100', 'Love stories, English' );
INSERT INTO subjects ( gid, subject ) VALUES ( '31100', 'England -- Social life and customs -- Fiction' );
INSERT INTO files ( gid, file, mime ) VALUES ( '31100', 'http://www.gutenberg.org/cache/epub/31100/pg31100.cover.medium.jpg', 'image/jpeg' );
INSERT INTO files ( gid, file, mime ) VALUES ( '31100', 'http://www.gutenberg.org/cache/epub/31100/pg31100.cover.small.jpg', 'image/jpeg' );
INSERT INTO files ( gid, file, mime ) VALUES ( '31100', 'http://www.gutenberg.org/ebooks/31100.epub.images', 'application/epub+zip' );
INSERT INTO files ( gid, file, mime ) VALUES ( '31100', 'http://www.gutenberg.org/ebooks/31100.epub.noimages', 'application/epub+zip' );
INSERT INTO files ( gid, file, mime ) VALUES ( '31100', 'http://www.gutenberg.org/ebooks/31100.kindle.images', 'application/x-mobipocket-ebook' );
INSERT INTO files ( gid, file, mime ) VALUES ( '31100', 'http://www.gutenberg.org/ebooks/31100.kindle.noimages', 'application/x-mobipocket-ebook' );
INSERT INTO files ( gid, file, mime ) VALUES ( '31100', 'http://www.gutenberg.org/ebooks/31100.rdf', 'application/rdf+xml' );
INSERT INTO files ( gid, file, mime ) VALUES ( '31100', 'http://www.gutenberg.org/ebooks/31100.txt.utf-8', 'text/plain' );
INSERT INTO files ( gid, file, mime ) VALUES ( '31100', 'http://www.gutenberg.org/files/31100/31100-h/31100-h.htm', 'text/html; charset=iso-8859-1' );
INSERT INTO files ( gid, file, mime ) VALUES ( '31100', 'http://www.gutenberg.org/files/31100/31100.txt', 'text/plain; charset=us-ascii' );
INSERT INTO files ( gid, file, mime ) VALUES ( '31100', 'http://www.gutenberg.org/files/31100/31100.zip', 'text/plain; charset=us-asciiapplication/zip' );
INSERT INTO files ( gid, file, mime ) VALUES ( '31100', 'http://www.gutenberg.org/files/31100/instructions.txt', 'text/plain; charset=us-ascii' );
INSERT INTO titles ( gid, title, author, language, rights ) VALUES ( '31200', 'The Wide Awake Girls in Winsted', 'Barrett, Katharine Ellis', 'en', 'Public domain in the USA.' );
INSERT INTO classifications ( gid, classification ) VALUES ( '31200', 'PZ' );
INSERT INTO subjects ( gid, subject ) VALUES ( '31200', 'Young women -- Juvenile fiction' );
INSERT INTO subjects ( gid, subject ) VALUES ( '31200', 'Public libraries -- Juvenile fiction' );
INSERT INTO subjects ( gid, subject ) VALUES ( '31200', 'College students -- Juvenile fiction' );
INSERT INTO subjects ( gid, subject ) VALUES ( '31200', 'Vacations -- Juvenile fiction' );
INSERT INTO subjects ( gid, subject ) VALUES ( '31200', 'Friendship -- Juvenile fiction' );
INSERT INTO files ( gid, file, mime ) VALUES ( '31200', 'http://www.gutenberg.org/ebooks/31200.epub.images', 'application/epub+zip' );
INSERT INTO files ( gid, file, mime ) VALUES ( '31200', 'http://www.gutenberg.org/ebooks/31200.epub.noimages', 'application/epub+zip' );
INSERT INTO files ( gid, file, mime ) VALUES ( '31200', 'http://www.gutenberg.org/ebooks/31200.kindle.images', 'application/x-mobipocket-ebook' );
INSERT INTO files ( gid, file, mime ) VALUES ( '31200', 'http://www.gutenberg.org/ebooks/31200.kindle.noimages', 'application/x-mobipocket-ebook' );
INSERT INTO files ( gid, file, mime ) VALUES ( '31200', 'http://www.gutenberg.org/ebooks/31200.rdf', 'application/rdf+xml' );
INSERT INTO files ( gid, file, mime ) VALUES ( '31200', 'http://www.gutenberg.org/ebooks/31200.txt.utf-8', 'text/plain' );
INSERT INTO files ( gid, file, mime ) VALUES ( '31200', 'http://www.gutenberg.org/files/31200/31200-8.txt', 'text/plain; charset=iso-8859-1' );
INSERT INTO files ( gid, file, mime ) VALUES ( '31200', 'http://www.gutenberg.org/files/31200/31200-8.zip', 'text/plain; charset=iso-8859-1application/zip' );
INSERT INTO files ( gid, file, mime ) VALUES ( '31200', 'http://www.gutenberg.org/files/31200/31200-h.zip', 'text/html; charset=iso-8859-1application/zip' );
INSERT INTO files ( gid, file, mime ) VALUES ( '31200', 'http://www.gutenberg.org/files/31200/31200-h/31200-h.htm', 'text/html; charset=iso-8859-1' );
INSERT INTO files ( gid, file, mime ) VALUES ( '31200', 'http://www.gutenberg.org/files/31200/31200.txt', 'text/plain; charset=us-ascii' );
INSERT INTO files ( gid, file, mime ) VALUES ( '31200', 'http://www.gutenberg.org/files/31200/31200.zip', 'text/plain; charset=us-asciiapplication/zip' );
INSERT INTO titles ( gid, title, author, language, rights ) VALUES ( '31300', 'Peonage', 'Hershaw, Lafayette M.', 'en', 'Public domain in the USA.' );
INSERT INTO subjects ( gid, subject ) VALUES ( '31300', 'Peonage -- United States' );
INSERT INTO subjects ( gid, subject ) VALUES ( '31300', 'E151' );
INSERT INTO files ( gid, file, mime ) VALUES ( '31300', 'http://www.gutenberg.org/ebooks/31300.epub.images', 'application/epub+zip' );
INSERT INTO files ( gid, file, mime ) VALUES ( '31300', 'http://www.gutenberg.org/ebooks/31300.epub.noimages', 'application/epub+zip' );
INSERT INTO files ( gid, file, mime ) VALUES ( '31300', 'http://www.gutenberg.org/ebooks/31300.kindle.images', 'application/x-mobipocket-ebook' );
INSERT INTO files ( gid, file, mime ) VALUES ( '31300', 'http://www.gutenberg.org/ebooks/31300.kindle.noimages', 'application/x-mobipocket-ebook' );
INSERT INTO files ( gid, file, mime ) VALUES ( '31300', 'http://www.gutenberg.org/ebooks/31300.rdf', 'application/rdf+xml' );
INSERT INTO files ( gid, file, mime ) VALUES ( '31300', 'http://www.gutenberg.org/ebooks/31300.txt.utf-8', 'text/plain' );
INSERT INTO files ( gid, file, mime ) VALUES ( '31300', 'http://www.gutenberg.org/files/31300/31300-h.zip', 'text/html; charset=iso-8859-1application/zip' );
INSERT INTO files ( gid, file, mime ) VALUES ( '31300', 'http://www.gutenberg.org/files/31300/31300-h/31300-h.htm', 'text/html; charset=iso-8859-1' );
INSERT INTO files ( gid, file, mime ) VALUES ( '31300', 'http://www.gutenberg.org/files/31300/31300.txt', 'text/plain; charset=us-ascii' );
INSERT INTO files ( gid, file, mime ) VALUES ( '31300', 'http://www.gutenberg.org/files/31300/31300.zip', 'text/plain; charset=us-asciiapplication/zip' );
INSERT INTO titles ( gid, title, author, language, rights ) VALUES ( '31400', 'Κριτίας, Ίππαρχος, Αντερασταί', 'Plato', 'el', 'Public domain in the USA.' );
INSERT INTO classifications ( gid, classification ) VALUES ( '31400', 'B' );
INSERT INTO subjects ( gid, subject ) VALUES ( '31400', 'Good and evil' );
INSERT INTO subjects ( gid, subject ) VALUES ( '31400', 'Philosophy' );
INSERT INTO files ( gid, file, mime ) VALUES ( '31400', 'http://www.gutenberg.org/ebooks/31400.epub.images', 'application/epub+zip' );
INSERT INTO files ( gid, file, mime ) VALUES ( '31400', 'http://www.gutenberg.org/ebooks/31400.epub.noimages', 'application/epub+zip' );
INSERT INTO files ( gid, file, mime ) VALUES ( '31400', 'http://www.gutenberg.org/ebooks/31400.html.images', 'text/html' );
INSERT INTO files ( gid, file, mime ) VALUES ( '31400', 'http://www.gutenberg.org/ebooks/31400.html.noimages', 'text/html' );
INSERT INTO files ( gid, file, mime ) VALUES ( '31400', 'http://www.gutenberg.org/ebooks/31400.kindle.images', 'application/x-mobipocket-ebook' );
INSERT INTO files ( gid, file, mime ) VALUES ( '31400', 'http://www.gutenberg.org/ebooks/31400.kindle.noimages', 'application/x-mobipocket-ebook' );
INSERT INTO files ( gid, file, mime ) VALUES ( '31400', 'http://www.gutenberg.org/ebooks/31400.rdf', 'application/rdf+xml' );
INSERT INTO files ( gid, file, mime ) VALUES ( '31400', 'http://www.gutenberg.org/files/31400/31400-0.txt', 'text/plain; charset=utf-8' );
INSERT INTO files ( gid, file, mime ) VALUES ( '31400', 'http://www.gutenberg.org/files/31400/31400-0.zip', 'text/plain; charset=utf-8application/zip' );
INSERT INTO titles ( gid, title, author, language, rights ) VALUES ( '31600', 'Thèses présentées à la Faculté des Sciences de Paris pour le doctorat ès sciences mathématiques', 'Floquet, Gaston', 'fr', 'Public domain in the USA.' );
INSERT INTO classifications ( gid, classification ) VALUES ( '31600', 'QA' );
INSERT INTO subjects ( gid, subject ) VALUES ( '31600', 'Differential equations, Linear' );
INSERT INTO files ( gid, file, mime ) VALUES ( '31600', 'http://www.gutenberg.org/ebooks/31600.rdf', 'application/rdf+xml' );
INSERT INTO files ( gid, file, mime ) VALUES ( '31600', 'http://www.gutenberg.org/files/31600/31600-pdf.pdf', 'application/pdf' );
INSERT INTO files ( gid, file, mime ) VALUES ( '31600', 'http://www.gutenberg.org/files/31600/31600-pdf.zip', 'application/pdfapplication/zip' );
INSERT INTO files ( gid, file, mime ) VALUES ( '31600', 'http://www.gutenberg.org/files/31600/31600-t.zip', 'application/zipapplication/prs.tex' );
INSERT INTO files ( gid, file, mime ) VALUES ( '31600', 'http://www.gutenberg.org/files/31600/31600-t/31600-t.tex', 'application/prs.tex' );
INSERT INTO titles ( gid, title, author, language, rights ) VALUES ( '31500', 'The Position of Woman in Primitive Society: A Study of the Matriarchy', 'Hartley, C. Gasquoine (Catherine Gasquoine)', 'en', 'Public domain in the USA.' );
INSERT INTO classifications ( gid, classification ) VALUES ( '31500', 'HQ' );
INSERT INTO subjects ( gid, subject ) VALUES ( '31500', 'Matriarchy' );
INSERT INTO subjects ( gid, subject ) VALUES ( '31500', 'Women -- History' );
INSERT INTO files ( gid, file, mime ) VALUES ( '31500', 'http://www.gutenberg.org/ebooks/31500.epub.images', 'application/epub+zip' );
INSERT INTO files ( gid, file, mime ) VALUES ( '31500', 'http://www.gutenberg.org/ebooks/31500.epub.noimages', 'application/epub+zip' );
INSERT INTO files ( gid, file, mime ) VALUES ( '31500', 'http://www.gutenberg.org/ebooks/31500.kindle.images', 'application/x-mobipocket-ebook' );
INSERT INTO files ( gid, file, mime ) VALUES ( '31500', 'http://www.gutenberg.org/ebooks/31500.kindle.noimages', 'application/x-mobipocket-ebook' );
INSERT INTO files ( gid, file, mime ) VALUES ( '31500', 'http://www.gutenberg.org/ebooks/31500.rdf', 'application/rdf+xml' );
INSERT INTO files ( gid, file, mime ) VALUES ( '31500', 'http://www.gutenberg.org/files/31500/31500-0.txt', 'text/plain; charset=utf-8' );
INSERT INTO files ( gid, file, mime ) VALUES ( '31500', 'http://www.gutenberg.org/files/31500/31500-0.zip', 'text/plain; charset=utf-8application/zip' );
INSERT INTO files ( gid, file, mime ) VALUES ( '31500', 'http://www.gutenberg.org/files/31500/31500-8.txt', 'text/plain; charset=iso-8859-1' );
INSERT INTO files ( gid, file, mime ) VALUES ( '31500', 'http://www.gutenberg.org/files/31500/31500-8.zip', 'text/plain; charset=iso-8859-1application/zip' );
INSERT INTO files ( gid, file, mime ) VALUES ( '31500', 'http://www.gutenberg.org/files/31500/31500-h.zip', 'text/html; charset=iso-8859-1application/zip' );
INSERT INTO files ( gid, file, mime ) VALUES ( '31500', 'http://www.gutenberg.org/files/31500/31500-h/31500-h.htm', 'text/html; charset=iso-8859-1' );
INSERT INTO files ( gid, file, mime ) VALUES ( '31500', 'http://www.gutenberg.org/files/31500/31500.txt', 'text/plain; charset=us-ascii' );
INSERT INTO files ( gid, file, mime ) VALUES ( '31500', 'http://www.gutenberg.org/files/31500/31500.zip', 'application/ziptext/plain; charset=us-ascii' );
INSERT INTO titles ( gid, title, author, language, rights ) VALUES ( '31700', 'Reflections of a Bachelor Girl', 'Rowland, Helen', 'en', 'Public domain in the USA.' );
INSERT INTO classifications ( gid, classification ) VALUES ( '31700', 'PS' );
INSERT INTO subjects ( gid, subject ) VALUES ( '31700', 'Marriage' );
INSERT INTO subjects ( gid, subject ) VALUES ( '31700', 'Man-woman relationships' );
INSERT INTO subjects ( gid, subject ) VALUES ( '31700', 'American wit and humor' );
INSERT INTO subjects ( gid, subject ) VALUES ( '31700', 'Single women' );
INSERT INTO files ( gid, file, mime ) VALUES ( '31700', 'http://www.gutenberg.org/ebooks/31700.epub.images', 'application/epub+zip' );
INSERT INTO files ( gid, file, mime ) VALUES ( '31700', 'http://www.gutenberg.org/ebooks/31700.epub.noimages', 'application/epub+zip' );
INSERT INTO files ( gid, file, mime ) VALUES ( '31700', 'http://www.gutenberg.org/ebooks/31700.kindle.images', 'application/x-mobipocket-ebook' );
INSERT INTO files ( gid, file, mime ) VALUES ( '31700', 'http://www.gutenberg.org/ebooks/31700.kindle.noimages', 'application/x-mobipocket-ebook' );
INSERT INTO files ( gid, file, mime ) VALUES ( '31700', 'http://www.gutenberg.org/ebooks/31700.rdf', 'application/rdf+xml' );
INSERT INTO files ( gid, file, mime ) VALUES ( '31700', 'http://www.gutenberg.org/ebooks/31700.txt.utf-8', 'text/plain' );
INSERT INTO files ( gid, file, mime ) VALUES ( '31700', 'http://www.gutenberg.org/files/31700/31700-8.txt', 'text/plain; charset=iso-8859-1' );
INSERT INTO files ( gid, file, mime ) VALUES ( '31700', 'http://www.gutenberg.org/files/31700/31700-8.zip', 'text/plain; charset=iso-8859-1application/zip' );
INSERT INTO files ( gid, file, mime ) VALUES ( '31700', 'http://www.gutenberg.org/files/31700/31700-h.zip', 'application/ziptext/html; charset=iso-8859-1' );
INSERT INTO files ( gid, file, mime ) VALUES ( '31700', 'http://www.gutenberg.org/files/31700/31700-h/31700-h.htm', 'text/html; charset=iso-8859-1' );
INSERT INTO files ( gid, file, mime ) VALUES ( '31700', 'http://www.gutenberg.org/files/31700/31700.txt', 'text/plain; charset=us-ascii' );
INSERT INTO files ( gid, file, mime ) VALUES ( '31700', 'http://www.gutenberg.org/files/31700/31700.zip', 'text/plain; charset=us-asciiapplication/zip' );
INSERT INTO titles ( gid, title, author, language, rights ) VALUES ( '31800', 'Histoire de Quillembois Soldat', 'Hellé, André', 'fr', 'Public domain in the USA.' );
INSERT INTO classifications ( gid, classification ) VALUES ( '31800', 'PZ' );
INSERT INTO subjects ( gid, subject ) VALUES ( '31800', 'Toys -- Juvenile fiction' );
INSERT INTO subjects ( gid, subject ) VALUES ( '31800', 'Military miniatures -- Juvenile fiction' );
INSERT INTO files ( gid, file, mime ) VALUES ( '31800', 'http://www.gutenberg.org/ebooks/31800.epub.images', 'application/epub+zip' );
INSERT INTO files ( gid, file, mime ) VALUES ( '31800', 'http://www.gutenberg.org/ebooks/31800.epub.noimages', 'application/epub+zip' );
INSERT INTO files ( gid, file, mime ) VALUES ( '31800', 'http://www.gutenberg.org/ebooks/31800.kindle.images', 'application/x-mobipocket-ebook' );
INSERT INTO files ( gid, file, mime ) VALUES ( '31800', 'http://www.gutenberg.org/ebooks/31800.kindle.noimages', 'application/x-mobipocket-ebook' );
INSERT INTO files ( gid, file, mime ) VALUES ( '31800', 'http://www.gutenberg.org/ebooks/31800.rdf', 'application/rdf+xml' );
INSERT INTO files ( gid, file, mime ) VALUES ( '31800', 'http://www.gutenberg.org/ebooks/31800.txt.utf-8', 'text/plain' );
INSERT INTO files ( gid, file, mime ) VALUES ( '31800', 'http://www.gutenberg.org/files/31800/31800-8.txt', 'text/plain; charset=iso-8859-1' );
INSERT INTO files ( gid, file, mime ) VALUES ( '31800', 'http://www.gutenberg.org/files/31800/31800-8.zip', 'text/plain; charset=iso-8859-1application/zip' );
INSERT INTO files ( gid, file, mime ) VALUES ( '31800', 'http://www.gutenberg.org/files/31800/31800-h.zip', 'application/ziptext/html; charset=iso-8859-1' );
INSERT INTO files ( gid, file, mime ) VALUES ( '31800', 'http://www.gutenberg.org/files/31800/31800-h/31800-h.htm', 'text/html; charset=iso-8859-1' );
INSERT INTO titles ( gid, title, author, language, rights ) VALUES ( '32000', 'An Introduction to Astronomy', 'Moulton, Forest Ray', 'en', 'Public domain in the USA.' );
INSERT INTO classifications ( gid, classification ) VALUES ( '32000', 'QB' );
INSERT INTO subjects ( gid, subject ) VALUES ( '32000', 'Astronomy' );
INSERT INTO files ( gid, file, mime ) VALUES ( '32000', 'http://www.gutenberg.org/ebooks/32000.rdf', 'application/rdf+xml' );
INSERT INTO files ( gid, file, mime ) VALUES ( '32000', 'http://www.gutenberg.org/files/32000/32000-pdf.pdf', 'application/pdf' );
INSERT INTO files ( gid, file, mime ) VALUES ( '32000', 'http://www.gutenberg.org/files/32000/32000-pdf.zip', 'application/pdfapplication/zip' );
INSERT INTO files ( gid, file, mime ) VALUES ( '32000', 'http://www.gutenberg.org/files/32000/32000-t.zip', 'application/zipapplication/prs.tex' );
INSERT INTO files ( gid, file, mime ) VALUES ( '32000', 'http://www.gutenberg.org/files/32000/32000-t/32000-t.tex', 'application/prs.tex' );
INSERT INTO titles ( gid, title, author, language, rights ) VALUES ( '31900', 'Historic Tales: The Romance of Reality. Vol. 13 (of 15), King Arthur (1)', 'Malory, Thomas, Sir', 'en', 'Public domain in the USA.' );
INSERT INTO classifications ( gid, classification ) VALUES ( '31900', 'PS' );
INSERT INTO subjects ( gid, subject ) VALUES ( '31900', 'Arthurian romances' );
INSERT INTO subjects ( gid, subject ) VALUES ( '31900', 'Malory, Thomas, Sir, active 15th century. Morte d''Arthur -- Adaptations' );
INSERT INTO files ( gid, file, mime ) VALUES ( '31900', 'http://www.gutenberg.org/ebooks/31900.epub.images', 'application/epub+zip' );
INSERT INTO files ( gid, file, mime ) VALUES ( '31900', 'http://www.gutenberg.org/ebooks/31900.epub.noimages', 'application/epub+zip' );
INSERT INTO files ( gid, file, mime ) VALUES ( '31900', 'http://www.gutenberg.org/ebooks/31900.kindle.images', 'application/x-mobipocket-ebook' );
INSERT INTO files ( gid, file, mime ) VALUES ( '31900', 'http://www.gutenberg.org/ebooks/31900.kindle.noimages', 'application/x-mobipocket-ebook' );
INSERT INTO files ( gid, file, mime ) VALUES ( '31900', 'http://www.gutenberg.org/ebooks/31900.rdf', 'application/rdf+xml' );
INSERT INTO files ( gid, file, mime ) VALUES ( '31900', 'http://www.gutenberg.org/ebooks/31900.txt.utf-8', 'text/plain' );
INSERT INTO files ( gid, file, mime ) VALUES ( '31900', 'http://www.gutenberg.org/files/31900/31900-8.txt', 'text/plain; charset=iso-8859-1' );
INSERT INTO files ( gid, file, mime ) VALUES ( '31900', 'http://www.gutenberg.org/files/31900/31900-8.zip', 'text/plain; charset=iso-8859-1application/zip' );
INSERT INTO files ( gid, file, mime ) VALUES ( '31900', 'http://www.gutenberg.org/files/31900/31900-h.zip', 'application/ziptext/html; charset=iso-8859-1' );
INSERT INTO files ( gid, file, mime ) VALUES ( '31900', 'http://www.gutenberg.org/files/31900/31900-h/31900-h.htm', 'text/html; charset=iso-8859-1' );
INSERT INTO files ( gid, file, mime ) VALUES ( '31900', 'http://www.gutenberg.org/files/31900/31900.txt', 'text/plain; charset=us-ascii' );
INSERT INTO files ( gid, file, mime ) VALUES ( '31900', 'http://www.gutenberg.org/files/31900/31900.zip', 'text/plain; charset=us-asciiapplication/zip' );
INSERT INTO titles ( gid, title, author, language, rights ) VALUES ( '3200', 'The Entire Project Gutenberg Works of Mark Twain', 'Twain, Mark', 'en', 'Public domain in the USA.' );
INSERT INTO classifications ( gid, classification ) VALUES ( '3200', 'PS' );
INSERT INTO subjects ( gid, subject ) VALUES ( '3200', 'American literature -- 19th century' );
INSERT INTO subjects ( gid, subject ) VALUES ( '3200', 'Literature -- Collections' );
INSERT INTO files ( gid, file, mime ) VALUES ( '3200', 'http://www.gutenberg.org/ebooks/3200.epub.images', 'application/epub+zip' );
INSERT INTO files ( gid, file, mime ) VALUES ( '3200', 'http://www.gutenberg.org/ebooks/3200.epub.noimages', 'application/epub+zip' );
INSERT INTO files ( gid, file, mime ) VALUES ( '3200', 'http://www.gutenberg.org/ebooks/3200.html.images', 'text/html' );
INSERT INTO files ( gid, file, mime ) VALUES ( '3200', 'http://www.gutenberg.org/ebooks/3200.html.noimages', 'text/html' );
INSERT INTO files ( gid, file, mime ) VALUES ( '3200', 'http://www.gutenberg.org/ebooks/3200.kindle.images', 'application/x-mobipocket-ebook' );
INSERT INTO files ( gid, file, mime ) VALUES ( '3200', 'http://www.gutenberg.org/ebooks/3200.kindle.noimages', 'application/x-mobipocket-ebook' );
INSERT INTO files ( gid, file, mime ) VALUES ( '3200', 'http://www.gutenberg.org/ebooks/3200.rdf', 'application/rdf+xml' );
INSERT INTO files ( gid, file, mime ) VALUES ( '3200', 'http://www.gutenberg.org/ebooks/3200.txt.utf-8', 'text/plain' );
INSERT INTO files ( gid, file, mime ) VALUES ( '3200', 'http://www.gutenberg.org/files/3200/3200.txt', 'text/plain; charset=us-ascii' );
INSERT INTO files ( gid, file, mime ) VALUES ( '3200', 'http://www.gutenberg.org/files/3200/3200.zip', 'application/ziptext/plain; charset=us-ascii' );
INSERT INTO titles ( gid, title, author, language, rights ) VALUES ( '32100', 'Melusine: Ein Liebesroman', 'Wassermann, Jakob', 'de', 'Public domain in the USA.' );
INSERT INTO classifications ( gid, classification ) VALUES ( '32100', 'PT' );
INSERT INTO subjects ( gid, subject ) VALUES ( '32100', 'German fiction -- 19th century' );
INSERT INTO files ( gid, file, mime ) VALUES ( '32100', 'http://www.gutenberg.org/ebooks/32100.epub.images', 'application/epub+zip' );
INSERT INTO files ( gid, file, mime ) VALUES ( '32100', 'http://www.gutenberg.org/ebooks/32100.epub.noimages', 'application/epub+zip' );
INSERT INTO files ( gid, file, mime ) VALUES ( '32100', 'http://www.gutenberg.org/ebooks/32100.kindle.images', 'application/x-mobipocket-ebook' );
INSERT INTO files ( gid, file, mime ) VALUES ( '32100', 'http://www.gutenberg.org/ebooks/32100.kindle.noimages', 'application/x-mobipocket-ebook' );
INSERT INTO files ( gid, file, mime ) VALUES ( '32100', 'http://www.gutenberg.org/ebooks/32100.rdf', 'application/rdf+xml' );
INSERT INTO files ( gid, file, mime ) VALUES ( '32100', 'http://www.gutenberg.org/files/32100/32100-0.txt', 'text/plain; charset=utf-8' );
INSERT INTO files ( gid, file, mime ) VALUES ( '32100', 'http://www.gutenberg.org/files/32100/32100-0.zip', 'text/plain; charset=utf-8application/zip' );
INSERT INTO files ( gid, file, mime ) VALUES ( '32100', 'http://www.gutenberg.org/files/32100/32100-8.txt', 'text/plain; charset=iso-8859-1' );
INSERT INTO files ( gid, file, mime ) VALUES ( '32100', 'http://www.gutenberg.org/files/32100/32100-8.zip', 'text/plain; charset=iso-8859-1application/zip' );
INSERT INTO files ( gid, file, mime ) VALUES ( '32100', 'http://www.gutenberg.org/files/32100/32100-h.zip', 'text/html; charset=utf-8application/zip' );
INSERT INTO files ( gid, file, mime ) VALUES ( '32100', 'http://www.gutenberg.org/files/32100/32100-h/32100-h.htm', 'text/html; charset=utf-8' );
INSERT INTO titles ( gid, title, author, language, rights ) VALUES ( '32200', 'Sowing and Sewing: A Sexagesima Story', 'Yonge, Charlotte M. (Charlotte Mary)', 'en', 'Public domain in the USA.' );
INSERT INTO classifications ( gid, classification ) VALUES ( '32200', 'PR' );
INSERT INTO subjects ( gid, subject ) VALUES ( '32200', 'Church work -- Fiction' );
INSERT INTO subjects ( gid, subject ) VALUES ( '32200', 'Young women -- Conduct of life -- Fiction' );
INSERT INTO subjects ( gid, subject ) VALUES ( '32200', 'Christian life -- Fiction' );
INSERT INTO subjects ( gid, subject ) VALUES ( '32200', 'Villages -- Fiction' );
INSERT INTO files ( gid, file, mime ) VALUES ( '32200', 'http://www.gutenberg.org/cache/epub/32200/pg32200.cover.medium.jpg', 'image/jpeg' );
INSERT INTO files ( gid, file, mime ) VALUES ( '32200', 'http://www.gutenberg.org/cache/epub/32200/pg32200.cover.small.jpg', 'image/jpeg' );
INSERT INTO files ( gid, file, mime ) VALUES ( '32200', 'http://www.gutenberg.org/ebooks/32200.epub.images', 'application/epub+zip' );
INSERT INTO files ( gid, file, mime ) VALUES ( '32200', 'http://www.gutenberg.org/ebooks/32200.epub.noimages', 'application/epub+zip' );
INSERT INTO files ( gid, file, mime ) VALUES ( '32200', 'http://www.gutenberg.org/ebooks/32200.kindle.images', 'application/x-mobipocket-ebook' );
INSERT INTO files ( gid, file, mime ) VALUES ( '32200', 'http://www.gutenberg.org/ebooks/32200.kindle.noimages', 'application/x-mobipocket-ebook' );
INSERT INTO files ( gid, file, mime ) VALUES ( '32200', 'http://www.gutenberg.org/ebooks/32200.rdf', 'application/rdf+xml' );
INSERT INTO files ( gid, file, mime ) VALUES ( '32200', 'http://www.gutenberg.org/ebooks/32200.txt.utf-8', 'text/plain' );
INSERT INTO files ( gid, file, mime ) VALUES ( '32200', 'http://www.gutenberg.org/files/32200/32200-8.txt', 'text/plain; charset=iso-8859-1' );
INSERT INTO files ( gid, file, mime ) VALUES ( '32200', 'http://www.gutenberg.org/files/32200/32200-8.zip', 'text/plain; charset=iso-8859-1application/zip' );
INSERT INTO files ( gid, file, mime ) VALUES ( '32200', 'http://www.gutenberg.org/files/32200/32200-h.zip', 'text/html; charset=iso-8859-1application/zip' );
INSERT INTO files ( gid, file, mime ) VALUES ( '32200', 'http://www.gutenberg.org/files/32200/32200-h/32200-h.htm', 'text/html; charset=iso-8859-1' );
INSERT INTO files ( gid, file, mime ) VALUES ( '32200', 'http://www.gutenberg.org/files/32200/32200.txt', 'text/plain; charset=us-ascii' );
INSERT INTO files ( gid, file, mime ) VALUES ( '32200', 'http://www.gutenberg.org/files/32200/32200.zip', 'text/plain; charset=us-asciiapplication/zip' );
INSERT INTO titles ( gid, title, author, language, rights ) VALUES ( '32300', 'The Dog', 'Mayhew, Edward', 'en', 'Public domain in the USA.' );
INSERT INTO classifications ( gid, classification ) VALUES ( '32300', 'SF' );
INSERT INTO subjects ( gid, subject ) VALUES ( '32300', 'Dogs' );
INSERT INTO subjects ( gid, subject ) VALUES ( '32300', 'Dogs -- Training' );
INSERT INTO files ( gid, file, mime ) VALUES ( '32300', 'http://www.gutenberg.org/ebooks/32300.epub.images', 'application/epub+zip' );
INSERT INTO files ( gid, file, mime ) VALUES ( '32300', 'http://www.gutenberg.org/ebooks/32300.epub.noimages', 'application/epub+zip' );
INSERT INTO files ( gid, file, mime ) VALUES ( '32300', 'http://www.gutenberg.org/ebooks/32300.kindle.images', 'application/x-mobipocket-ebook' );
INSERT INTO files ( gid, file, mime ) VALUES ( '32300', 'http://www.gutenberg.org/ebooks/32300.kindle.noimages', 'application/x-mobipocket-ebook' );
INSERT INTO files ( gid, file, mime ) VALUES ( '32300', 'http://www.gutenberg.org/ebooks/32300.rdf', 'application/rdf+xml' );
INSERT INTO files ( gid, file, mime ) VALUES ( '32300', 'http://www.gutenberg.org/ebooks/32300.txt.utf-8', 'text/plain' );
INSERT INTO files ( gid, file, mime ) VALUES ( '32300', 'http://www.gutenberg.org/files/32300/32300-8.txt', 'text/plain; charset=iso-8859-1' );
INSERT INTO files ( gid, file, mime ) VALUES ( '32300', 'http://www.gutenberg.org/files/32300/32300-8.zip', 'text/plain; charset=iso-8859-1application/zip' );
INSERT INTO files ( gid, file, mime ) VALUES ( '32300', 'http://www.gutenberg.org/files/32300/32300-h.zip', 'application/ziptext/html; charset=iso-8859-1' );
INSERT INTO files ( gid, file, mime ) VALUES ( '32300', 'http://www.gutenberg.org/files/32300/32300-h/32300-h.htm', 'text/html; charset=iso-8859-1' );
