INSERT INTO files ( gid, file, mime ) VALUES ( '10922', 'http://www.gutenberg.org/files/10922/10922.txt', 'text/plain; charset=us-ascii' );
INSERT INTO files ( gid, file, mime ) VALUES ( '10922', 'http://www.gutenberg.org/files/10922/10922.zip', 'application/ziptext/plain' );
INSERT INTO titles ( gid, title, author, language, rights ) VALUES ( '11022', 'Sowing and Reaping: A Temperance Story', 'Harper, Frances Ellen Watkins', 'en', 'Public domain in the USA.' );
INSERT INTO classifications ( gid, classification ) VALUES ( '11022', 'PS' );
INSERT INTO subjects ( gid, subject ) VALUES ( '11022', 'African Americans -- Fiction' );
INSERT INTO subjects ( gid, subject ) VALUES ( '11022', 'Temperance -- Fiction' );
INSERT INTO files ( gid, file, mime ) VALUES ( '11022', 'http://www.gutenberg.org/ebooks/11022.epub.images', 'application/epub+zip' );
INSERT INTO files ( gid, file, mime ) VALUES ( '11022', 'http://www.gutenberg.org/ebooks/11022.epub.noimages', 'application/epub+zip' );
INSERT INTO files ( gid, file, mime ) VALUES ( '11022', 'http://www.gutenberg.org/ebooks/11022.html.images', 'text/html' );
INSERT INTO files ( gid, file, mime ) VALUES ( '11022', 'http://www.gutenberg.org/ebooks/11022.html.noimages', 'text/html' );
INSERT INTO files ( gid, file, mime ) VALUES ( '11022', 'http://www.gutenberg.org/ebooks/11022.kindle.images', 'application/x-mobipocket-ebook' );
INSERT INTO files ( gid, file, mime ) VALUES ( '11022', 'http://www.gutenberg.org/ebooks/11022.kindle.noimages', 'application/x-mobipocket-ebook' );
INSERT INTO files ( gid, file, mime ) VALUES ( '11022', 'http://www.gutenberg.org/ebooks/11022.rdf', 'application/rdf+xml' );
INSERT INTO files ( gid, file, mime ) VALUES ( '11022', 'http://www.gutenberg.org/ebooks/11022.txt.utf-8', 'text/plain' );
INSERT INTO files ( gid, file, mime ) VALUES ( '11022', 'http://www.gutenberg.org/files/11022/11022.txt', 'text/plain; charset=us-ascii' );
INSERT INTO files ( gid, file, mime ) VALUES ( '11022', 'http://www.gutenberg.org/files/11022/11022.zip', 'application/ziptext/plain' );
INSERT INTO titles ( gid, title, author, language, rights ) VALUES ( '11122', 'Choice Specimens of American Literature, and Literary Reader Being Selections from the Chief American Writers', 'Martin, Benj. N. (Benjamin Nicholas)', 'en', 'Public domain in the USA.' );
INSERT INTO classifications ( gid, classification ) VALUES ( '11122', 'PS' );
INSERT INTO subjects ( gid, subject ) VALUES ( '11122', 'American literature' );
INSERT INTO files ( gid, file, mime ) VALUES ( '11122', 'http://www.gutenberg.org/ebooks/11122.epub.images', 'application/epub+zip' );
INSERT INTO files ( gid, file, mime ) VALUES ( '11122', 'http://www.gutenberg.org/ebooks/11122.epub.noimages', 'application/epub+zip' );
INSERT INTO files ( gid, file, mime ) VALUES ( '11122', 'http://www.gutenberg.org/ebooks/11122.html.images', 'text/html' );
INSERT INTO files ( gid, file, mime ) VALUES ( '11122', 'http://www.gutenberg.org/ebooks/11122.html.noimages', 'text/html' );
INSERT INTO files ( gid, file, mime ) VALUES ( '11122', 'http://www.gutenberg.org/ebooks/11122.kindle.images', 'application/x-mobipocket-ebook' );
INSERT INTO files ( gid, file, mime ) VALUES ( '11122', 'http://www.gutenberg.org/ebooks/11122.kindle.noimages', 'application/x-mobipocket-ebook' );
INSERT INTO files ( gid, file, mime ) VALUES ( '11122', 'http://www.gutenberg.org/ebooks/11122.rdf', 'application/rdf+xml' );
INSERT INTO files ( gid, file, mime ) VALUES ( '11122', 'http://www.gutenberg.org/ebooks/11122.txt.utf-8', 'text/plain' );
INSERT INTO files ( gid, file, mime ) VALUES ( '11122', 'http://www.gutenberg.org/files/11122/11122-8.txt', 'text/plain; charset=iso-8859-1' );
INSERT INTO files ( gid, file, mime ) VALUES ( '11122', 'http://www.gutenberg.org/files/11122/11122-8.zip', 'application/ziptext/plain; charset=iso-8859-1' );
INSERT INTO files ( gid, file, mime ) VALUES ( '11122', 'http://www.gutenberg.org/files/11122/11122.txt', 'text/plain; charset=us-ascii' );
INSERT INTO files ( gid, file, mime ) VALUES ( '11122', 'http://www.gutenberg.org/files/11122/11122.zip', 'application/ziptext/plain' );
INSERT INTO titles ( gid, title, author, language, rights ) VALUES ( '11222', 'The Mirror of Literature, Amusement, and Instruction Volume 14, No. 395, October 24, 1829', 'Various', 'en', 'Public domain in the USA.' );
INSERT INTO classifications ( gid, classification ) VALUES ( '11222', 'AP' );
INSERT INTO subjects ( gid, subject ) VALUES ( '11222', 'Popular literature -- Great Britain -- Periodicals' );
INSERT INTO files ( gid, file, mime ) VALUES ( '11222', 'http://www.gutenberg.org/ebooks/11222.epub.images', 'application/epub+zip' );
INSERT INTO files ( gid, file, mime ) VALUES ( '11222', 'http://www.gutenberg.org/ebooks/11222.epub.noimages', 'application/epub+zip' );
INSERT INTO files ( gid, file, mime ) VALUES ( '11222', 'http://www.gutenberg.org/ebooks/11222.kindle.images', 'application/x-mobipocket-ebook' );
INSERT INTO files ( gid, file, mime ) VALUES ( '11222', 'http://www.gutenberg.org/ebooks/11222.kindle.noimages', 'application/x-mobipocket-ebook' );
INSERT INTO files ( gid, file, mime ) VALUES ( '11222', 'http://www.gutenberg.org/ebooks/11222.rdf', 'application/rdf+xml' );
INSERT INTO files ( gid, file, mime ) VALUES ( '11222', 'http://www.gutenberg.org/ebooks/11222.txt.utf-8', 'text/plain' );
INSERT INTO files ( gid, file, mime ) VALUES ( '11222', 'http://www.gutenberg.org/files/11222/11222-8.txt', 'text/plain; charset=iso-8859-1' );
INSERT INTO files ( gid, file, mime ) VALUES ( '11222', 'http://www.gutenberg.org/files/11222/11222-8.zip', 'application/ziptext/plain; charset=iso-8859-1' );
INSERT INTO files ( gid, file, mime ) VALUES ( '11222', 'http://www.gutenberg.org/files/11222/11222-h.zip', 'text/htmlapplication/zip' );
INSERT INTO files ( gid, file, mime ) VALUES ( '11222', 'http://www.gutenberg.org/files/11222/11222-h/11222-h.htm', 'text/html; charset=iso-8859-1' );
INSERT INTO files ( gid, file, mime ) VALUES ( '11222', 'http://www.gutenberg.org/files/11222/11222.txt', 'text/plain; charset=us-ascii' );
INSERT INTO files ( gid, file, mime ) VALUES ( '11222', 'http://www.gutenberg.org/files/11222/11222.zip', 'application/ziptext/plain' );
INSERT INTO titles ( gid, title, author, language, rights ) VALUES ( '1122', 'The Tragedy of Hamlet, Prince of Denmark', 'Shakespeare, William', 'en', 'Copyrighted. Read the copyright notice inside this book for details.' );
INSERT INTO classifications ( gid, classification ) VALUES ( '1122', 'PR' );
INSERT INTO subjects ( gid, subject ) VALUES ( '1122', 'Murder victims'' families -- Drama' );
INSERT INTO subjects ( gid, subject ) VALUES ( '1122', 'Tragedies' );
INSERT INTO subjects ( gid, subject ) VALUES ( '1122', 'Kings and rulers -- Succession -- Drama' );
INSERT INTO subjects ( gid, subject ) VALUES ( '1122', 'Fathers -- Death -- Drama' );
INSERT INTO subjects ( gid, subject ) VALUES ( '1122', 'Hamlet (Legendary character) -- Drama' );
INSERT INTO subjects ( gid, subject ) VALUES ( '1122', 'Princes -- Drama' );
INSERT INTO subjects ( gid, subject ) VALUES ( '1122', 'Revenge -- Drama' );
INSERT INTO subjects ( gid, subject ) VALUES ( '1122', 'Denmark -- Drama' );
INSERT INTO files ( gid, file, mime ) VALUES ( '1122', 'http://www.gutenberg.org/ebooks/1122.epub.images', 'application/epub+zip' );
INSERT INTO files ( gid, file, mime ) VALUES ( '1122', 'http://www.gutenberg.org/ebooks/1122.epub.noimages', 'application/epub+zip' );
INSERT INTO files ( gid, file, mime ) VALUES ( '1122', 'http://www.gutenberg.org/ebooks/1122.html.images', 'text/html' );
INSERT INTO files ( gid, file, mime ) VALUES ( '1122', 'http://www.gutenberg.org/ebooks/1122.html.noimages', 'text/html' );
INSERT INTO files ( gid, file, mime ) VALUES ( '1122', 'http://www.gutenberg.org/ebooks/1122.kindle.images', 'application/x-mobipocket-ebook' );
INSERT INTO files ( gid, file, mime ) VALUES ( '1122', 'http://www.gutenberg.org/ebooks/1122.kindle.noimages', 'application/x-mobipocket-ebook' );
INSERT INTO files ( gid, file, mime ) VALUES ( '1122', 'http://www.gutenberg.org/ebooks/1122.rdf', 'application/rdf+xml' );
INSERT INTO files ( gid, file, mime ) VALUES ( '1122', 'http://www.gutenberg.org/ebooks/1122.txt.utf-8', 'text/plain' );
INSERT INTO files ( gid, file, mime ) VALUES ( '1122', 'http://www.gutenberg.org/files/1122/1122.txt', 'text/plain; charset=us-ascii' );
INSERT INTO files ( gid, file, mime ) VALUES ( '1122', 'http://www.gutenberg.org/files/1122/1122.zip', 'application/ziptext/plain; charset=us-ascii' );
INSERT INTO titles ( gid, title, author, language, rights ) VALUES ( '11322', 'The Mirror of Literature, Amusement, and Instruction Volume 13, No. 359, March 7, 1829', 'Various', 'en', 'Public domain in the USA.' );
INSERT INTO classifications ( gid, classification ) VALUES ( '11322', 'AP' );
INSERT INTO subjects ( gid, subject ) VALUES ( '11322', 'Popular literature -- Great Britain -- Periodicals' );
INSERT INTO files ( gid, file, mime ) VALUES ( '11322', 'http://www.gutenberg.org/ebooks/11322.epub.images', 'application/epub+zip' );
INSERT INTO files ( gid, file, mime ) VALUES ( '11322', 'http://www.gutenberg.org/ebooks/11322.epub.noimages', 'application/epub+zip' );
INSERT INTO files ( gid, file, mime ) VALUES ( '11322', 'http://www.gutenberg.org/ebooks/11322.kindle.images', 'application/x-mobipocket-ebook' );
INSERT INTO files ( gid, file, mime ) VALUES ( '11322', 'http://www.gutenberg.org/ebooks/11322.kindle.noimages', 'application/x-mobipocket-ebook' );
INSERT INTO files ( gid, file, mime ) VALUES ( '11322', 'http://www.gutenberg.org/ebooks/11322.rdf', 'application/rdf+xml' );
INSERT INTO files ( gid, file, mime ) VALUES ( '11322', 'http://www.gutenberg.org/ebooks/11322.txt.utf-8', 'text/plain' );
INSERT INTO files ( gid, file, mime ) VALUES ( '11322', 'http://www.gutenberg.org/files/11322/11322-8.txt', 'text/plain; charset=iso-8859-1' );
INSERT INTO files ( gid, file, mime ) VALUES ( '11322', 'http://www.gutenberg.org/files/11322/11322-8.zip', 'application/ziptext/plain; charset=iso-8859-1' );
INSERT INTO files ( gid, file, mime ) VALUES ( '11322', 'http://www.gutenberg.org/files/11322/11322-h.zip', 'application/ziptext/html' );
INSERT INTO files ( gid, file, mime ) VALUES ( '11322', 'http://www.gutenberg.org/files/11322/11322-h/11322-h.htm', 'text/html; charset=iso-8859-1' );
INSERT INTO files ( gid, file, mime ) VALUES ( '11322', 'http://www.gutenberg.org/files/11322/11322.txt', 'text/plain; charset=us-ascii' );
INSERT INTO files ( gid, file, mime ) VALUES ( '11322', 'http://www.gutenberg.org/files/11322/11322.zip', 'text/plainapplication/zip' );
INSERT INTO titles ( gid, title, author, language, rights ) VALUES ( '11422', 'Slave Narratives: a Folk History of Slavery in the United States From Interviews with Former Slaves Arkansas Narratives, Part 7', 'United States. Work Projects Administration', 'en', 'Public domain in the USA.' );
INSERT INTO subjects ( gid, subject ) VALUES ( '11422', 'Slaves -- Arkansas -- Social conditions' );
INSERT INTO subjects ( gid, subject ) VALUES ( '11422', 'Slave narratives -- Arkansas' );
INSERT INTO subjects ( gid, subject ) VALUES ( '11422', 'African Americans -- Arkansas -- Biography' );
INSERT INTO subjects ( gid, subject ) VALUES ( '11422', 'E300' );
INSERT INTO subjects ( gid, subject ) VALUES ( '11422', 'Slaves -- Arkansas -- Biography' );
INSERT INTO subjects ( gid, subject ) VALUES ( '11422', 'Slavery -- Arkansas' );
INSERT INTO files ( gid, file, mime ) VALUES ( '11422', 'http://www.gutenberg.org/ebooks/11422.epub.images', 'application/epub+zip' );
INSERT INTO files ( gid, file, mime ) VALUES ( '11422', 'http://www.gutenberg.org/ebooks/11422.epub.noimages', 'application/epub+zip' );
INSERT INTO files ( gid, file, mime ) VALUES ( '11422', 'http://www.gutenberg.org/ebooks/11422.kindle.images', 'application/x-mobipocket-ebook' );
INSERT INTO files ( gid, file, mime ) VALUES ( '11422', 'http://www.gutenberg.org/ebooks/11422.kindle.noimages', 'application/x-mobipocket-ebook' );
INSERT INTO files ( gid, file, mime ) VALUES ( '11422', 'http://www.gutenberg.org/ebooks/11422.rdf', 'application/rdf+xml' );
INSERT INTO files ( gid, file, mime ) VALUES ( '11422', 'http://www.gutenberg.org/ebooks/11422.txt.utf-8', 'text/plain' );
INSERT INTO files ( gid, file, mime ) VALUES ( '11422', 'http://www.gutenberg.org/files/11422/11422-h.zip', 'text/htmlapplication/zip' );
INSERT INTO files ( gid, file, mime ) VALUES ( '11422', 'http://www.gutenberg.org/files/11422/11422-h/11422-h.htm', 'text/html; charset=us-ascii' );
INSERT INTO files ( gid, file, mime ) VALUES ( '11422', 'http://www.gutenberg.org/files/11422/11422.txt', 'text/plain; charset=us-ascii' );
INSERT INTO files ( gid, file, mime ) VALUES ( '11422', 'http://www.gutenberg.org/files/11422/11422.zip', 'text/plainapplication/zip' );
INSERT INTO titles ( gid, title, author, language, rights ) VALUES ( '11522', 'Deadly Pollen', 'Oliver, Stephen', 'en', 'Copyrighted. Read the copyright notice inside this book for details.' );
INSERT INTO classifications ( gid, classification ) VALUES ( '11522', 'PR' );
INSERT INTO subjects ( gid, subject ) VALUES ( '11522', 'Poetry' );
INSERT INTO files ( gid, file, mime ) VALUES ( '11522', 'http://www.gutenberg.org/ebooks/11522.epub.images', 'application/epub+zip' );
INSERT INTO files ( gid, file, mime ) VALUES ( '11522', 'http://www.gutenberg.org/ebooks/11522.epub.noimages', 'application/epub+zip' );
INSERT INTO files ( gid, file, mime ) VALUES ( '11522', 'http://www.gutenberg.org/ebooks/11522.html.images', 'text/html' );
INSERT INTO files ( gid, file, mime ) VALUES ( '11522', 'http://www.gutenberg.org/ebooks/11522.html.noimages', 'text/html' );
INSERT INTO files ( gid, file, mime ) VALUES ( '11522', 'http://www.gutenberg.org/ebooks/11522.kindle.images', 'application/x-mobipocket-ebook' );
INSERT INTO files ( gid, file, mime ) VALUES ( '11522', 'http://www.gutenberg.org/ebooks/11522.kindle.noimages', 'application/x-mobipocket-ebook' );
INSERT INTO files ( gid, file, mime ) VALUES ( '11522', 'http://www.gutenberg.org/ebooks/11522.rdf', 'application/rdf+xml' );
INSERT INTO files ( gid, file, mime ) VALUES ( '11522', 'http://www.gutenberg.org/ebooks/11522.txt.utf-8', 'text/plain' );
INSERT INTO files ( gid, file, mime ) VALUES ( '11522', 'http://www.gutenberg.org/files/11522/11522-coverpage.jpg', 'image/jpeg' );
INSERT INTO files ( gid, file, mime ) VALUES ( '11522', 'http://www.gutenberg.org/files/11522/11522-r.zip', 'application/ziptext/rtf; charset=us-ascii' );
INSERT INTO files ( gid, file, mime ) VALUES ( '11522', 'http://www.gutenberg.org/files/11522/11522-r/11522-r-readme.txt', 'text/plain; charset=us-ascii' );
INSERT INTO files ( gid, file, mime ) VALUES ( '11522', 'http://www.gutenberg.org/files/11522/11522-r/11522-r.rtf', 'text/rtf' );
INSERT INTO files ( gid, file, mime ) VALUES ( '11522', 'http://www.gutenberg.org/files/11522/11522.txt', 'text/plain; charset=ibm850' );
INSERT INTO files ( gid, file, mime ) VALUES ( '11522', 'http://www.gutenberg.org/files/11522/11522.zip', 'text/plain; charset=ibm850application/zip' );
INSERT INTO titles ( gid, title, author, language, rights ) VALUES ( '11622', 'Plus fort que Sherlock Holmès', 'Twain, Mark', 'fr', 'Public domain in the USA.' );
INSERT INTO classifications ( gid, classification ) VALUES ( '11622', 'PS' );
INSERT INTO subjects ( gid, subject ) VALUES ( '11622', 'Short stories' );
INSERT INTO files ( gid, file, mime ) VALUES ( '11622', 'http://www.gutenberg.org/ebooks/11622.epub.images', 'application/epub+zip' );
INSERT INTO files ( gid, file, mime ) VALUES ( '11622', 'http://www.gutenberg.org/ebooks/11622.epub.noimages', 'application/epub+zip' );
INSERT INTO files ( gid, file, mime ) VALUES ( '11622', 'http://www.gutenberg.org/ebooks/11622.kindle.images', 'application/x-mobipocket-ebook' );
INSERT INTO files ( gid, file, mime ) VALUES ( '11622', 'http://www.gutenberg.org/ebooks/11622.kindle.noimages', 'application/x-mobipocket-ebook' );
INSERT INTO files ( gid, file, mime ) VALUES ( '11622', 'http://www.gutenberg.org/ebooks/11622.rdf', 'application/rdf+xml' );
INSERT INTO files ( gid, file, mime ) VALUES ( '11622', 'http://www.gutenberg.org/ebooks/11622.txt.utf-8', 'text/plain' );
INSERT INTO files ( gid, file, mime ) VALUES ( '11622', 'http://www.gutenberg.org/files/11622/11622-8.txt', 'text/plain; charset=iso-8859-1' );
INSERT INTO files ( gid, file, mime ) VALUES ( '11622', 'http://www.gutenberg.org/files/11622/11622-8.zip', 'text/plain; charset=iso-8859-1application/zip' );
INSERT INTO files ( gid, file, mime ) VALUES ( '11622', 'http://www.gutenberg.org/files/11622/11622-h.zip', 'text/htmlapplication/zip' );
INSERT INTO files ( gid, file, mime ) VALUES ( '11622', 'http://www.gutenberg.org/files/11622/11622-h/11622-h.htm', 'text/html; charset=iso-8859-1' );
INSERT INTO files ( gid, file, mime ) VALUES ( '11622', 'http://www.gutenberg.org/files/11622/11622.txt', 'text/plain; charset=us-ascii' );
INSERT INTO files ( gid, file, mime ) VALUES ( '11622', 'http://www.gutenberg.org/files/11622/11622.zip', 'text/plainapplication/zip' );
INSERT INTO titles ( gid, title, author, language, rights ) VALUES ( '51922', 'Fanny''s First Novel', 'Moore, Frank Frankfort', 'en', 'Public domain in the USA.' );
INSERT INTO classifications ( gid, classification ) VALUES ( '51922', 'PR' );
INSERT INTO subjects ( gid, subject ) VALUES ( '51922', 'Women novelists -- Fiction' );
INSERT INTO subjects ( gid, subject ) VALUES ( '51922', 'England -- Fiction' );
INSERT INTO subjects ( gid, subject ) VALUES ( '51922', 'Fiction -- Authorship -- Fiction' );
INSERT INTO subjects ( gid, subject ) VALUES ( '51922', 'Burney, Fanny, 1752-1840 -- Fiction' );
INSERT INTO subjects ( gid, subject ) VALUES ( '51922', 'Biographical fiction' );
INSERT INTO files ( gid, file, mime ) VALUES ( '51922', 'http://www.gutenberg.org/cache/epub/51922/pg51922.cover.medium.jpg', 'image/jpeg' );
INSERT INTO files ( gid, file, mime ) VALUES ( '51922', 'http://www.gutenberg.org/cache/epub/51922/pg51922.cover.small.jpg', 'image/jpeg' );
INSERT INTO files ( gid, file, mime ) VALUES ( '51922', 'http://www.gutenberg.org/ebooks/51922.epub.images', 'application/epub+zip' );
INSERT INTO files ( gid, file, mime ) VALUES ( '51922', 'http://www.gutenberg.org/ebooks/51922.epub.noimages', 'application/epub+zip' );
INSERT INTO files ( gid, file, mime ) VALUES ( '51922', 'http://www.gutenberg.org/ebooks/51922.kindle.images', 'application/x-mobipocket-ebook' );
INSERT INTO files ( gid, file, mime ) VALUES ( '51922', 'http://www.gutenberg.org/ebooks/51922.kindle.noimages', 'application/x-mobipocket-ebook' );
INSERT INTO files ( gid, file, mime ) VALUES ( '51922', 'http://www.gutenberg.org/ebooks/51922.rdf', 'application/rdf+xml' );
INSERT INTO files ( gid, file, mime ) VALUES ( '51922', 'http://www.gutenberg.org/files/51922/51922-0.txt', 'text/plain; charset=utf-8' );
INSERT INTO files ( gid, file, mime ) VALUES ( '51922', 'http://www.gutenberg.org/files/51922/51922-0.zip', 'application/ziptext/plain; charset=utf-8' );
INSERT INTO files ( gid, file, mime ) VALUES ( '51922', 'http://www.gutenberg.org/files/51922/51922-8.txt', 'text/plain; charset=iso-8859-1' );
INSERT INTO files ( gid, file, mime ) VALUES ( '51922', 'http://www.gutenberg.org/files/51922/51922-8.zip', 'application/ziptext/plain; charset=iso-8859-1' );
INSERT INTO files ( gid, file, mime ) VALUES ( '51922', 'http://www.gutenberg.org/files/51922/51922-h.zip', 'text/html; charset=utf-8application/zip' );
INSERT INTO files ( gid, file, mime ) VALUES ( '51922', 'http://www.gutenberg.org/files/51922/51922-h/51922-h.htm', 'text/html; charset=utf-8' );
INSERT INTO titles ( gid, title, author, language, rights ) VALUES ( '52022', 'The Cricket Field: Or, the History and Science of the Game of Cricket', 'Pycroft, James', 'en', 'Public domain in the USA.' );
INSERT INTO classifications ( gid, classification ) VALUES ( '52022', 'GV' );
INSERT INTO subjects ( gid, subject ) VALUES ( '52022', 'Cricket' );
INSERT INTO files ( gid, file, mime ) VALUES ( '52022', 'http://www.gutenberg.org/cache/epub/52022/pg52022.cover.medium.jpg', 'image/jpeg' );
INSERT INTO files ( gid, file, mime ) VALUES ( '52022', 'http://www.gutenberg.org/cache/epub/52022/pg52022.cover.small.jpg', 'image/jpeg' );
INSERT INTO files ( gid, file, mime ) VALUES ( '52022', 'http://www.gutenberg.org/ebooks/52022.epub.images', 'application/epub+zip' );
INSERT INTO files ( gid, file, mime ) VALUES ( '52022', 'http://www.gutenberg.org/ebooks/52022.epub.noimages', 'application/epub+zip' );
INSERT INTO files ( gid, file, mime ) VALUES ( '52022', 'http://www.gutenberg.org/ebooks/52022.kindle.images', 'application/x-mobipocket-ebook' );
INSERT INTO files ( gid, file, mime ) VALUES ( '52022', 'http://www.gutenberg.org/ebooks/52022.kindle.noimages', 'application/x-mobipocket-ebook' );
INSERT INTO files ( gid, file, mime ) VALUES ( '52022', 'http://www.gutenberg.org/ebooks/52022.rdf', 'application/rdf+xml' );
INSERT INTO files ( gid, file, mime ) VALUES ( '52022', 'http://www.gutenberg.org/files/52022/52022-0.txt', 'text/plain; charset=utf-8' );
INSERT INTO files ( gid, file, mime ) VALUES ( '52022', 'http://www.gutenberg.org/files/52022/52022-0.zip', 'application/ziptext/plain; charset=utf-8' );
INSERT INTO files ( gid, file, mime ) VALUES ( '52022', 'http://www.gutenberg.org/files/52022/52022-h.zip', 'text/htmlapplication/zip' );
INSERT INTO files ( gid, file, mime ) VALUES ( '52022', 'http://www.gutenberg.org/files/52022/52022-h/52022-h.htm', 'text/html' );
INSERT INTO titles ( gid, title, author, language, rights ) VALUES ( '52122', 'Hospital Transports A memoir of the Embarkation of the Sick and Wounded from the Peninsula of Virginia in the Summer of 1862', 'Olmsted, Frederick Law', 'en', 'Public domain in the USA.' );
INSERT INTO subjects ( gid, subject ) VALUES ( '52122', 'United States -- History -- Civil War, 1861-1865 -- Personal narratives' );
INSERT INTO subjects ( gid, subject ) VALUES ( '52122', 'United States -- History -- Civil War, 1861-1865 -- Hospitals' );
INSERT INTO subjects ( gid, subject ) VALUES ( '52122', 'United States -- History -- Civil War, 1861-1865 -- Medical care' );
INSERT INTO subjects ( gid, subject ) VALUES ( '52122', 'United States Sanitary Commission' );
INSERT INTO subjects ( gid, subject ) VALUES ( '52122', 'E456' );
INSERT INTO subjects ( gid, subject ) VALUES ( '52122', 'Hospital ships -- Virginia -- History -- 19th century' );
INSERT INTO subjects ( gid, subject ) VALUES ( '52122', 'Peninsular Campaign, 1862' );
INSERT INTO subjects ( gid, subject ) VALUES ( '52122', 'Hospital ships -- United States -- History -- 19th century' );
INSERT INTO subjects ( gid, subject ) VALUES ( '52122', 'Medical personnel -- United States -- Correspondence' );
INSERT INTO subjects ( gid, subject ) VALUES ( '52122', 'Transports -- United States -- History -- 19th century' );
INSERT INTO subjects ( gid, subject ) VALUES ( '52122', 'Transports -- Virginia -- History -- 19th century' );
INSERT INTO files ( gid, file, mime ) VALUES ( '52122', 'http://www.gutenberg.org/cache/epub/52122/pg52122.cover.medium.jpg', 'image/jpeg' );
INSERT INTO files ( gid, file, mime ) VALUES ( '52122', 'http://www.gutenberg.org/cache/epub/52122/pg52122.cover.small.jpg', 'image/jpeg' );
INSERT INTO files ( gid, file, mime ) VALUES ( '52122', 'http://www.gutenberg.org/ebooks/52122.epub.images', 'application/epub+zip' );
INSERT INTO files ( gid, file, mime ) VALUES ( '52122', 'http://www.gutenberg.org/ebooks/52122.epub.noimages', 'application/epub+zip' );
INSERT INTO files ( gid, file, mime ) VALUES ( '52122', 'http://www.gutenberg.org/ebooks/52122.kindle.images', 'application/x-mobipocket-ebook' );
INSERT INTO files ( gid, file, mime ) VALUES ( '52122', 'http://www.gutenberg.org/ebooks/52122.kindle.noimages', 'application/x-mobipocket-ebook' );
INSERT INTO files ( gid, file, mime ) VALUES ( '52122', 'http://www.gutenberg.org/ebooks/52122.rdf', 'application/rdf+xml' );
INSERT INTO files ( gid, file, mime ) VALUES ( '52122', 'http://www.gutenberg.org/files/52122/52122-0.txt', 'text/plain; charset=utf-8' );
INSERT INTO files ( gid, file, mime ) VALUES ( '52122', 'http://www.gutenberg.org/files/52122/52122-0.zip', 'application/ziptext/plain; charset=utf-8' );
INSERT INTO files ( gid, file, mime ) VALUES ( '52122', 'http://www.gutenberg.org/files/52122/52122-h.zip', 'text/html; charset=utf-8application/zip' );
INSERT INTO files ( gid, file, mime ) VALUES ( '52122', 'http://www.gutenberg.org/files/52122/52122-h/52122-h.htm', 'text/html; charset=utf-8' );
INSERT INTO titles ( gid, title, author, language, rights ) VALUES ( '52222', 'Weltuntergang: Geschichtliche Erzählung aus dem Jahre 1000 nach Christus', 'Dahn, Felix', 'de', 'Public domain in the USA.' );
INSERT INTO classifications ( gid, classification ) VALUES ( '52222', 'PT' );
INSERT INTO subjects ( gid, subject ) VALUES ( '52222', 'Middle Ages -- Fiction' );
INSERT INTO files ( gid, file, mime ) VALUES ( '52222', 'http://www.gutenberg.org/cache/epub/52222/pg52222.cover.medium.jpg', 'image/jpeg' );
INSERT INTO files ( gid, file, mime ) VALUES ( '52222', 'http://www.gutenberg.org/cache/epub/52222/pg52222.cover.small.jpg', 'image/jpeg' );
INSERT INTO files ( gid, file, mime ) VALUES ( '52222', 'http://www.gutenberg.org/ebooks/52222.epub.images', 'application/epub+zip' );
INSERT INTO files ( gid, file, mime ) VALUES ( '52222', 'http://www.gutenberg.org/ebooks/52222.epub.noimages', 'application/epub+zip' );
INSERT INTO files ( gid, file, mime ) VALUES ( '52222', 'http://www.gutenberg.org/ebooks/52222.kindle.images', 'application/x-mobipocket-ebook' );
INSERT INTO files ( gid, file, mime ) VALUES ( '52222', 'http://www.gutenberg.org/ebooks/52222.kindle.noimages', 'application/x-mobipocket-ebook' );
INSERT INTO files ( gid, file, mime ) VALUES ( '52222', 'http://www.gutenberg.org/ebooks/52222.rdf', 'application/rdf+xml' );
INSERT INTO files ( gid, file, mime ) VALUES ( '52222', 'http://www.gutenberg.org/files/52222/52222-0.txt', 'text/plain; charset=utf-8' );
INSERT INTO files ( gid, file, mime ) VALUES ( '52222', 'http://www.gutenberg.org/files/52222/52222-0.zip', 'text/plain; charset=utf-8application/zip' );
INSERT INTO files ( gid, file, mime ) VALUES ( '52222', 'http://www.gutenberg.org/files/52222/52222-h.zip', 'application/ziptext/html; charset=utf-8' );
INSERT INTO files ( gid, file, mime ) VALUES ( '52222', 'http://www.gutenberg.org/files/52222/52222-h/52222-h.htm', 'text/html; charset=utf-8' );
INSERT INTO titles ( gid, title, author, language, rights ) VALUES ( '5222', 'The Satyricon — Volume 05: Crotona Affairs', 'Petronius Arbiter', 'en', 'Public domain in the USA.' );
INSERT INTO classifications ( gid, classification ) VALUES ( '5222', 'PA' );
INSERT INTO subjects ( gid, subject ) VALUES ( '5222', 'Rome -- Fiction' );
INSERT INTO subjects ( gid, subject ) VALUES ( '5222', 'Satire, Latin -- Translations into English' );
INSERT INTO files ( gid, file, mime ) VALUES ( '5222', 'http://www.gutenberg.org/ebooks/5222.epub.images', 'application/epub+zip' );
INSERT INTO files ( gid, file, mime ) VALUES ( '5222', 'http://www.gutenberg.org/ebooks/5222.epub.noimages', 'application/epub+zip' );
INSERT INTO files ( gid, file, mime ) VALUES ( '5222', 'http://www.gutenberg.org/ebooks/5222.kindle.images', 'application/x-mobipocket-ebook' );
INSERT INTO files ( gid, file, mime ) VALUES ( '5222', 'http://www.gutenberg.org/ebooks/5222.kindle.noimages', 'application/x-mobipocket-ebook' );
INSERT INTO files ( gid, file, mime ) VALUES ( '5222', 'http://www.gutenberg.org/ebooks/5222.rdf', 'application/rdf+xml' );
INSERT INTO files ( gid, file, mime ) VALUES ( '5222', 'http://www.gutenberg.org/ebooks/5222.txt.utf-8', 'text/plain' );
INSERT INTO files ( gid, file, mime ) VALUES ( '5222', 'http://www.gutenberg.org/files/5222/5222-h.zip', 'application/ziptext/html; charset=iso-8859-1' );
INSERT INTO files ( gid, file, mime ) VALUES ( '5222', 'http://www.gutenberg.org/files/5222/5222-h/5222-h.htm', 'text/html; charset=iso-8859-1' );
INSERT INTO files ( gid, file, mime ) VALUES ( '5222', 'http://www.gutenberg.org/files/5222/5222.txt', 'text/plain; charset=us-ascii' );
INSERT INTO files ( gid, file, mime ) VALUES ( '5222', 'http://www.gutenberg.org/files/5222/5222.zip', 'application/ziptext/plain; charset=us-ascii' );
INSERT INTO titles ( gid, title, author, language, rights ) VALUES ( '522', 'The Chinese Boy and Girl', 'Headland, Isaac Taylor', 'en', 'Public domain in the USA.' );
INSERT INTO classifications ( gid, classification ) VALUES ( '522', 'DS' );
INSERT INTO subjects ( gid, subject ) VALUES ( '522', 'Folklore -- China' );
INSERT INTO subjects ( gid, subject ) VALUES ( '522', 'Children -- China' );
INSERT INTO files ( gid, file, mime ) VALUES ( '522', 'http://www.gutenberg.org/ebooks/522.epub.images', 'application/epub+zip' );
INSERT INTO files ( gid, file, mime ) VALUES ( '522', 'http://www.gutenberg.org/ebooks/522.epub.noimages', 'application/epub+zip' );
INSERT INTO files ( gid, file, mime ) VALUES ( '522', 'http://www.gutenberg.org/ebooks/522.kindle.images', 'application/x-mobipocket-ebook' );
INSERT INTO files ( gid, file, mime ) VALUES ( '522', 'http://www.gutenberg.org/ebooks/522.kindle.noimages', 'application/x-mobipocket-ebook' );
INSERT INTO files ( gid, file, mime ) VALUES ( '522', 'http://www.gutenberg.org/ebooks/522.rdf', 'application/rdf+xml' );
INSERT INTO files ( gid, file, mime ) VALUES ( '522', 'http://www.gutenberg.org/ebooks/522.txt.utf-8', 'text/plain' );
INSERT INTO files ( gid, file, mime ) VALUES ( '522', 'http://www.gutenberg.org/files/522/522-h.zip', 'text/html; charset=iso-8859-1application/zip' );
INSERT INTO files ( gid, file, mime ) VALUES ( '522', 'http://www.gutenberg.org/files/522/522-h/522-h.htm', 'text/html; charset=iso-8859-1' );
INSERT INTO files ( gid, file, mime ) VALUES ( '522', 'http://www.gutenberg.org/files/522/522.txt', 'text/plain; charset=us-ascii' );
INSERT INTO files ( gid, file, mime ) VALUES ( '522', 'http://www.gutenberg.org/files/522/522.zip', 'application/ziptext/plain; charset=us-ascii' );
INSERT INTO titles ( gid, title, author, language, rights ) VALUES ( '52322', 'Kaarle XII: Viisikuvaelmainen näytelmä', 'Strindberg, August', 'fi', 'Public domain in the USA.' );
INSERT INTO classifications ( gid, classification ) VALUES ( '52322', 'PT' );
INSERT INTO subjects ( gid, subject ) VALUES ( '52322', 'Charles XII, King of Sweden, 1682-1718 -- Drama' );
INSERT INTO subjects ( gid, subject ) VALUES ( '52322', 'Swedish drama -- Translations into Finnish' );
INSERT INTO files ( gid, file, mime ) VALUES ( '52322', 'http://www.gutenberg.org/ebooks/52322.epub.images', 'application/epub+zip' );
INSERT INTO files ( gid, file, mime ) VALUES ( '52322', 'http://www.gutenberg.org/ebooks/52322.epub.noimages', 'application/epub+zip' );
INSERT INTO files ( gid, file, mime ) VALUES ( '52322', 'http://www.gutenberg.org/ebooks/52322.html.images', 'text/html' );
INSERT INTO files ( gid, file, mime ) VALUES ( '52322', 'http://www.gutenberg.org/ebooks/52322.html.noimages', 'text/html' );
INSERT INTO files ( gid, file, mime ) VALUES ( '52322', 'http://www.gutenberg.org/ebooks/52322.kindle.images', 'application/x-mobipocket-ebook' );
INSERT INTO files ( gid, file, mime ) VALUES ( '52322', 'http://www.gutenberg.org/ebooks/52322.kindle.noimages', 'application/x-mobipocket-ebook' );
INSERT INTO files ( gid, file, mime ) VALUES ( '52322', 'http://www.gutenberg.org/ebooks/52322.rdf', 'application/rdf+xml' );
INSERT INTO files ( gid, file, mime ) VALUES ( '52322', 'http://www.gutenberg.org/ebooks/52322.txt.utf-8', 'text/plain' );
INSERT INTO files ( gid, file, mime ) VALUES ( '52322', 'http://www.gutenberg.org/files/52322/52322-8.txt', 'text/plain; charset=iso-8859-1' );
INSERT INTO files ( gid, file, mime ) VALUES ( '52322', 'http://www.gutenberg.org/files/52322/52322-8.zip', 'text/plain; charset=iso-8859-1application/zip' );
INSERT INTO titles ( gid, title, author, language, rights ) VALUES ( '52422', 'Congress Hotel, Home of a Thousand Homes Rare and Piquant Dishes of Historic Interest', 'Paull, Irving S.', 'en', 'Public domain in the USA.' );
INSERT INTO classifications ( gid, classification ) VALUES ( '52422', 'TX' );
INSERT INTO subjects ( gid, subject ) VALUES ( '52422', 'Congress Hotel (Chicago, Ill.)' );
INSERT INTO subjects ( gid, subject ) VALUES ( '52422', 'Hotels' );
INSERT INTO subjects ( gid, subject ) VALUES ( '52422', 'Gastronomy' );
INSERT INTO subjects ( gid, subject ) VALUES ( '52422', 'Cooking' );
INSERT INTO subjects ( gid, subject ) VALUES ( '52422', 'Cookbooks' );
INSERT INTO files ( gid, file, mime ) VALUES ( '52422', 'http://www.gutenberg.org/cache/epub/52422/pg52422.cover.medium.jpg', 'image/jpeg' );
INSERT INTO files ( gid, file, mime ) VALUES ( '52422', 'http://www.gutenberg.org/cache/epub/52422/pg52422.cover.small.jpg', 'image/jpeg' );
INSERT INTO files ( gid, file, mime ) VALUES ( '52422', 'http://www.gutenberg.org/ebooks/52422.epub.images', 'application/epub+zip' );
INSERT INTO files ( gid, file, mime ) VALUES ( '52422', 'http://www.gutenberg.org/ebooks/52422.epub.noimages', 'application/epub+zip' );
INSERT INTO files ( gid, file, mime ) VALUES ( '52422', 'http://www.gutenberg.org/ebooks/52422.kindle.images', 'application/x-mobipocket-ebook' );
INSERT INTO files ( gid, file, mime ) VALUES ( '52422', 'http://www.gutenberg.org/ebooks/52422.kindle.noimages', 'application/x-mobipocket-ebook' );
INSERT INTO files ( gid, file, mime ) VALUES ( '52422', 'http://www.gutenberg.org/ebooks/52422.rdf', 'application/rdf+xml' );
INSERT INTO files ( gid, file, mime ) VALUES ( '52422', 'http://www.gutenberg.org/files/52422/52422-0.txt', 'text/plain; charset=utf-8' );
INSERT INTO files ( gid, file, mime ) VALUES ( '52422', 'http://www.gutenberg.org/files/52422/52422-0.zip', 'application/ziptext/plain; charset=utf-8' );
INSERT INTO files ( gid, file, mime ) VALUES ( '52422', 'http://www.gutenberg.org/files/52422/52422-h.zip', 'text/html; charset=utf-8application/zip' );
INSERT INTO files ( gid, file, mime ) VALUES ( '52422', 'http://www.gutenberg.org/files/52422/52422-h/52422-h.htm', 'text/html; charset=utf-8' );
INSERT INTO titles ( gid, title, author, language, rights ) VALUES ( '52522', 'The Gold Coast Regiment in the East African Campaign', 'Clifford, Hugh Charles, Sir', 'en', 'Public domain in the USA.' );
INSERT INTO subjects ( gid, subject ) VALUES ( '52522', 'World War, 1914-1918 -- Regimental histories -- Great Britain' );
INSERT INTO subjects ( gid, subject ) VALUES ( '52522', 'World War, 1914-1918 -- Campaigns -- Africa' );
INSERT INTO subjects ( gid, subject ) VALUES ( '52522', 'Great Britain. Army. Gold Coast Regiment' );
INSERT INTO subjects ( gid, subject ) VALUES ( '52522', 'D501' );
INSERT INTO files ( gid, file, mime ) VALUES ( '52522', 'http://www.gutenberg.org/cache/epub/52522/pg52522.cover.medium.jpg', 'image/jpeg' );
INSERT INTO files ( gid, file, mime ) VALUES ( '52522', 'http://www.gutenberg.org/cache/epub/52522/pg52522.cover.small.jpg', 'image/jpeg' );
INSERT INTO files ( gid, file, mime ) VALUES ( '52522', 'http://www.gutenberg.org/ebooks/52522.epub.images', 'application/epub+zip' );
INSERT INTO files ( gid, file, mime ) VALUES ( '52522', 'http://www.gutenberg.org/ebooks/52522.epub.noimages', 'application/epub+zip' );
INSERT INTO files ( gid, file, mime ) VALUES ( '52522', 'http://www.gutenberg.org/ebooks/52522.kindle.images', 'application/x-mobipocket-ebook' );
INSERT INTO files ( gid, file, mime ) VALUES ( '52522', 'http://www.gutenberg.org/ebooks/52522.kindle.noimages', 'application/x-mobipocket-ebook' );
INSERT INTO files ( gid, file, mime ) VALUES ( '52522', 'http://www.gutenberg.org/ebooks/52522.rdf', 'application/rdf+xml' );
INSERT INTO files ( gid, file, mime ) VALUES ( '52522', 'http://www.gutenberg.org/files/52522/52522-0.txt', 'text/plain; charset=utf-8' );
INSERT INTO files ( gid, file, mime ) VALUES ( '52522', 'http://www.gutenberg.org/files/52522/52522-0.zip', 'text/plain; charset=utf-8application/zip' );
INSERT INTO files ( gid, file, mime ) VALUES ( '52522', 'http://www.gutenberg.org/files/52522/52522-h.zip', 'application/ziptext/html; charset=utf-8' );
INSERT INTO files ( gid, file, mime ) VALUES ( '52522', 'http://www.gutenberg.org/files/52522/52522-h/52522-h.htm', 'text/html; charset=utf-8' );
INSERT INTO titles ( gid, title, author, language, rights ) VALUES ( '52622', 'Jane Austen and Her Times', 'Mitton, G. E. (Geraldine Edith)', 'en', 'Public domain in the USA.' );
INSERT INTO classifications ( gid, classification ) VALUES ( '52622', 'PR' );
INSERT INTO subjects ( gid, subject ) VALUES ( '52622', 'Novelists, English -- 19th century -- Biography' );
INSERT INTO subjects ( gid, subject ) VALUES ( '52622', 'Austen, Jane, 1775-1817' );
INSERT INTO files ( gid, file, mime ) VALUES ( '52622', 'http://www.gutenberg.org/cache/epub/52622/pg52622.cover.medium.jpg', 'image/jpeg' );
INSERT INTO files ( gid, file, mime ) VALUES ( '52622', 'http://www.gutenberg.org/cache/epub/52622/pg52622.cover.small.jpg', 'image/jpeg' );
INSERT INTO files ( gid, file, mime ) VALUES ( '52622', 'http://www.gutenberg.org/ebooks/52622.epub.images', 'application/epub+zip' );
INSERT INTO files ( gid, file, mime ) VALUES ( '52622', 'http://www.gutenberg.org/ebooks/52622.epub.noimages', 'application/epub+zip' );
INSERT INTO files ( gid, file, mime ) VALUES ( '52622', 'http://www.gutenberg.org/ebooks/52622.kindle.images', 'application/x-mobipocket-ebook' );
INSERT INTO files ( gid, file, mime ) VALUES ( '52622', 'http://www.gutenberg.org/ebooks/52622.kindle.noimages', 'application/x-mobipocket-ebook' );
INSERT INTO files ( gid, file, mime ) VALUES ( '52622', 'http://www.gutenberg.org/ebooks/52622.rdf', 'application/rdf+xml' );
INSERT INTO files ( gid, file, mime ) VALUES ( '52622', 'http://www.gutenberg.org/files/52622/52622-0.txt', 'text/plain; charset=utf-8' );
INSERT INTO files ( gid, file, mime ) VALUES ( '52622', 'http://www.gutenberg.org/files/52622/52622-0.zip', 'text/plain; charset=utf-8application/zip' );
INSERT INTO files ( gid, file, mime ) VALUES ( '52622', 'http://www.gutenberg.org/files/52622/52622-h.zip', 'text/html; charset=utf-8application/zip' );
INSERT INTO files ( gid, file, mime ) VALUES ( '52622', 'http://www.gutenberg.org/files/52622/52622-h/52622-h.htm', 'text/html; charset=utf-8' );
INSERT INTO titles ( gid, title, author, language, rights ) VALUES ( '52722', 'An account of the manner of inoculating for the small pox in the East Indies With some observations on the practice and mode of treating that disease in those parts', 'Holwell, J. Z. (John Zephaniah)', 'en', 'Public domain in the USA.' );
INSERT INTO classifications ( gid, classification ) VALUES ( '52722', 'RM' );
INSERT INTO subjects ( gid, subject ) VALUES ( '52722', 'Smallpox -- Vaccination' );
INSERT INTO subjects ( gid, subject ) VALUES ( '52722', 'Smallpox -- Prevention' );
INSERT INTO files ( gid, file, mime ) VALUES ( '52722', 'http://www.gutenberg.org/cache/epub/52722/pg52722.cover.medium.jpg', 'image/jpeg' );
INSERT INTO files ( gid, file, mime ) VALUES ( '52722', 'http://www.gutenberg.org/cache/epub/52722/pg52722.cover.small.jpg', 'image/jpeg' );
INSERT INTO files ( gid, file, mime ) VALUES ( '52722', 'http://www.gutenberg.org/ebooks/52722.epub.images', 'application/epub+zip' );
INSERT INTO files ( gid, file, mime ) VALUES ( '52722', 'http://www.gutenberg.org/ebooks/52722.epub.noimages', 'application/epub+zip' );
INSERT INTO files ( gid, file, mime ) VALUES ( '52722', 'http://www.gutenberg.org/ebooks/52722.kindle.images', 'application/x-mobipocket-ebook' );
INSERT INTO files ( gid, file, mime ) VALUES ( '52722', 'http://www.gutenberg.org/ebooks/52722.kindle.noimages', 'application/x-mobipocket-ebook' );
INSERT INTO files ( gid, file, mime ) VALUES ( '52722', 'http://www.gutenberg.org/ebooks/52722.rdf', 'application/rdf+xml' );
INSERT INTO files ( gid, file, mime ) VALUES ( '52722', 'http://www.gutenberg.org/files/52722/52722-0.txt', 'text/plain; charset=utf-8' );
INSERT INTO files ( gid, file, mime ) VALUES ( '52722', 'http://www.gutenberg.org/files/52722/52722-0.zip', 'application/ziptext/plain; charset=utf-8' );
INSERT INTO files ( gid, file, mime ) VALUES ( '52722', 'http://www.gutenberg.org/files/52722/52722-h.zip', 'text/html; charset=utf-8application/zip' );
INSERT INTO files ( gid, file, mime ) VALUES ( '52722', 'http://www.gutenberg.org/files/52722/52722-h/52722-h.htm', 'text/html; charset=utf-8' );
INSERT INTO titles ( gid, title, author, language, rights ) VALUES ( '52822', 'The English Rogue: Continued in the Life of Meriton Latroon, and Other Extravagants: The Fourth Part', 'Kirkman, Francis', 'en', 'Public domain in the USA.' );
INSERT INTO classifications ( gid, classification ) VALUES ( '52822', 'PR' );
INSERT INTO subjects ( gid, subject ) VALUES ( '52822', 'Rogues and vagabonds -- England -- Fiction' );
INSERT INTO files ( gid, file, mime ) VALUES ( '52822', 'http://www.gutenberg.org/cache/epub/52822/pg52822.cover.medium.jpg', 'image/jpeg' );
INSERT INTO files ( gid, file, mime ) VALUES ( '52822', 'http://www.gutenberg.org/cache/epub/52822/pg52822.cover.small.jpg', 'image/jpeg' );
INSERT INTO files ( gid, file, mime ) VALUES ( '52822', 'http://www.gutenberg.org/ebooks/52822.epub.images', 'application/epub+zip' );
INSERT INTO files ( gid, file, mime ) VALUES ( '52822', 'http://www.gutenberg.org/ebooks/52822.epub.noimages', 'application/epub+zip' );
INSERT INTO files ( gid, file, mime ) VALUES ( '52822', 'http://www.gutenberg.org/ebooks/52822.kindle.images', 'application/x-mobipocket-ebook' );
INSERT INTO files ( gid, file, mime ) VALUES ( '52822', 'http://www.gutenberg.org/ebooks/52822.kindle.noimages', 'application/x-mobipocket-ebook' );
INSERT INTO files ( gid, file, mime ) VALUES ( '52822', 'http://www.gutenberg.org/ebooks/52822.rdf', 'application/rdf+xml' );
INSERT INTO files ( gid, file, mime ) VALUES ( '52822', 'http://www.gutenberg.org/files/52822/52822-0.txt', 'text/plain; charset=utf-8' );
INSERT INTO files ( gid, file, mime ) VALUES ( '52822', 'http://www.gutenberg.org/files/52822/52822-0.zip', 'text/plain; charset=utf-8application/zip' );
INSERT INTO files ( gid, file, mime ) VALUES ( '52822', 'http://www.gutenberg.org/files/52822/52822-h.zip', 'application/ziptext/html; charset=utf-8' );
INSERT INTO files ( gid, file, mime ) VALUES ( '52822', 'http://www.gutenberg.org/files/52822/52822-h/52822-h.htm', 'text/html; charset=utf-8' );
INSERT INTO titles ( gid, title, author, language, rights ) VALUES ( '52922', 'Elämän loppuessa: Romaani', 'Kataja, Väinö', 'fi', 'Public domain in the USA.' );
INSERT INTO classifications ( gid, classification ) VALUES ( '52922', 'PH' );
INSERT INTO subjects ( gid, subject ) VALUES ( '52922', 'Finnish fiction -- 20th century' );
INSERT INTO files ( gid, file, mime ) VALUES ( '52922', 'http://www.gutenberg.org/ebooks/52922.epub.images', 'application/epub+zip' );
INSERT INTO files ( gid, file, mime ) VALUES ( '52922', 'http://www.gutenberg.org/ebooks/52922.epub.noimages', 'application/epub+zip' );
INSERT INTO files ( gid, file, mime ) VALUES ( '52922', 'http://www.gutenberg.org/ebooks/52922.html.images', 'text/html' );
INSERT INTO files ( gid, file, mime ) VALUES ( '52922', 'http://www.gutenberg.org/ebooks/52922.html.noimages', 'text/html' );
INSERT INTO files ( gid, file, mime ) VALUES ( '52922', 'http://www.gutenberg.org/ebooks/52922.kindle.images', 'application/x-mobipocket-ebook' );
INSERT INTO files ( gid, file, mime ) VALUES ( '52922', 'http://www.gutenberg.org/ebooks/52922.kindle.noimages', 'application/x-mobipocket-ebook' );
INSERT INTO files ( gid, file, mime ) VALUES ( '52922', 'http://www.gutenberg.org/ebooks/52922.rdf', 'application/rdf+xml' );
INSERT INTO files ( gid, file, mime ) VALUES ( '52922', 'http://www.gutenberg.org/ebooks/52922.txt.utf-8', 'text/plain' );
INSERT INTO files ( gid, file, mime ) VALUES ( '52922', 'http://www.gutenberg.org/files/52922/52922-8.txt', 'text/plain; charset=iso-8859-1' );
INSERT INTO files ( gid, file, mime ) VALUES ( '52922', 'http://www.gutenberg.org/files/52922/52922-8.zip', 'text/plain; charset=iso-8859-1application/zip' );
INSERT INTO titles ( gid, title, author, language, rights ) VALUES ( '11722', 'First Lessons in Geography Or, Introduction to "Youth''s Manual of Geography"', 'Monteith, James', 'en', 'Public domain in the USA.' );
INSERT INTO classifications ( gid, classification ) VALUES ( '11722', 'G' );
INSERT INTO subjects ( gid, subject ) VALUES ( '11722', 'Geography -- Textbooks' );
INSERT INTO files ( gid, file, mime ) VALUES ( '11722', 'http://www.gutenberg.org/ebooks/11722.epub.images', 'application/epub+zip' );
INSERT INTO files ( gid, file, mime ) VALUES ( '11722', 'http://www.gutenberg.org/ebooks/11722.epub.noimages', 'application/epub+zip' );
INSERT INTO files ( gid, file, mime ) VALUES ( '11722', 'http://www.gutenberg.org/ebooks/11722.kindle.images', 'application/x-mobipocket-ebook' );
INSERT INTO files ( gid, file, mime ) VALUES ( '11722', 'http://www.gutenberg.org/ebooks/11722.kindle.noimages', 'application/x-mobipocket-ebook' );
INSERT INTO files ( gid, file, mime ) VALUES ( '11722', 'http://www.gutenberg.org/ebooks/11722.rdf', 'application/rdf+xml' );
INSERT INTO files ( gid, file, mime ) VALUES ( '11722', 'http://www.gutenberg.org/ebooks/11722.txt.utf-8', 'text/plain' );
INSERT INTO files ( gid, file, mime ) VALUES ( '11722', 'http://www.gutenberg.org/files/11722/11722-h.zip', 'application/ziptext/html' );
INSERT INTO files ( gid, file, mime ) VALUES ( '11722', 'http://www.gutenberg.org/files/11722/11722-h/11722-h.htm', 'text/html; charset=iso-8859-1' );
INSERT INTO files ( gid, file, mime ) VALUES ( '11722', 'http://www.gutenberg.org/files/11722/11722.txt', 'text/plain; charset=us-ascii' );
INSERT INTO files ( gid, file, mime ) VALUES ( '11722', 'http://www.gutenberg.org/files/11722/11722.zip', 'text/plainapplication/zip' );
INSERT INTO titles ( gid, title, author, language, rights ) VALUES ( '11822', 'U.S. Copyright Renewals, 1960 July - December', 'Library of Congress. Copyright Office', 'en', 'Public domain in the USA.' );
INSERT INTO classifications ( gid, classification ) VALUES ( '11822', 'Z' );
INSERT INTO subjects ( gid, subject ) VALUES ( '11822', 'Copyright -- United States -- Catalogs' );
INSERT INTO files ( gid, file, mime ) VALUES ( '11822', 'http://www.gutenberg.org/ebooks/11822.epub.images', 'application/epub+zip' );
INSERT INTO files ( gid, file, mime ) VALUES ( '11822', 'http://www.gutenberg.org/ebooks/11822.epub.noimages', 'application/epub+zip' );
INSERT INTO files ( gid, file, mime ) VALUES ( '11822', 'http://www.gutenberg.org/ebooks/11822.html.images', 'text/html' );
INSERT INTO files ( gid, file, mime ) VALUES ( '11822', 'http://www.gutenberg.org/ebooks/11822.html.noimages', 'text/html' );
INSERT INTO files ( gid, file, mime ) VALUES ( '11822', 'http://www.gutenberg.org/ebooks/11822.kindle.images', 'application/x-mobipocket-ebook' );
INSERT INTO files ( gid, file, mime ) VALUES ( '11822', 'http://www.gutenberg.org/ebooks/11822.kindle.noimages', 'application/x-mobipocket-ebook' );
INSERT INTO files ( gid, file, mime ) VALUES ( '11822', 'http://www.gutenberg.org/ebooks/11822.rdf', 'application/rdf+xml' );
INSERT INTO files ( gid, file, mime ) VALUES ( '11822', 'http://www.gutenberg.org/ebooks/11822.txt.utf-8', 'text/plain' );
INSERT INTO files ( gid, file, mime ) VALUES ( '11822', 'http://www.gutenberg.org/files/11822/11822-8.txt', 'text/plain; charset=iso-8859-1' );
INSERT INTO files ( gid, file, mime ) VALUES ( '11822', 'http://www.gutenberg.org/files/11822/11822-8.zip', 'text/plain; charset=iso-8859-1application/zip' );
INSERT INTO titles ( gid, title, author, language, rights ) VALUES ( '11922', 'Minnesota; Its Character and Climate Likewise Sketches of Other Resorts Favorable to Invalids; Together With Copious Notes on Health; Also Hints to Tourists and Emigrants.', 'Bill, Ledyard', 'en', 'Public domain in the USA.' );
INSERT INTO subjects ( gid, subject ) VALUES ( '11922', 'Health resorts -- Minnesota' );
INSERT INTO subjects ( gid, subject ) VALUES ( '11922', 'F590.3' );
INSERT INTO subjects ( gid, subject ) VALUES ( '11922', 'Minnesota -- Description and travel' );
INSERT INTO files ( gid, file, mime ) VALUES ( '11922', 'http://www.gutenberg.org/ebooks/11922.epub.images', 'application/epub+zip' );
INSERT INTO files ( gid, file, mime ) VALUES ( '11922', 'http://www.gutenberg.org/ebooks/11922.epub.noimages', 'application/epub+zip' );
INSERT INTO files ( gid, file, mime ) VALUES ( '11922', 'http://www.gutenberg.org/ebooks/11922.html.images', 'text/html' );
INSERT INTO files ( gid, file, mime ) VALUES ( '11922', 'http://www.gutenberg.org/ebooks/11922.html.noimages', 'text/html' );
INSERT INTO files ( gid, file, mime ) VALUES ( '11922', 'http://www.gutenberg.org/ebooks/11922.kindle.images', 'application/x-mobipocket-ebook' );
INSERT INTO files ( gid, file, mime ) VALUES ( '11922', 'http://www.gutenberg.org/ebooks/11922.kindle.noimages', 'application/x-mobipocket-ebook' );
INSERT INTO files ( gid, file, mime ) VALUES ( '11922', 'http://www.gutenberg.org/ebooks/11922.rdf', 'application/rdf+xml' );
INSERT INTO files ( gid, file, mime ) VALUES ( '11922', 'http://www.gutenberg.org/ebooks/11922.txt.utf-8', 'text/plain' );
INSERT INTO files ( gid, file, mime ) VALUES ( '11922', 'http://www.gutenberg.org/files/11922/11922-8.txt', 'text/plain; charset=iso-8859-1' );
INSERT INTO files ( gid, file, mime ) VALUES ( '11922', 'http://www.gutenberg.org/files/11922/11922-8.zip', 'text/plain; charset=iso-8859-1application/zip' );
INSERT INTO files ( gid, file, mime ) VALUES ( '11922', 'http://www.gutenberg.org/files/11922/11922.txt', 'text/plain; charset=us-ascii' );
INSERT INTO files ( gid, file, mime ) VALUES ( '11922', 'http://www.gutenberg.org/files/11922/11922.zip', 'application/ziptext/plain' );
INSERT INTO titles ( gid, title, author, language, rights ) VALUES ( '12022', 'A start in life. A journey across America. Fruit farming in California', 'Dowsett, C. F. (Charles Finch)', 'en', 'Public domain in the USA.' );
INSERT INTO subjects ( gid, subject ) VALUES ( '12022', 'Urbanization -- California' );
INSERT INTO subjects ( gid, subject ) VALUES ( '12022', 'Real estate development -- California' );
INSERT INTO subjects ( gid, subject ) VALUES ( '12022', 'United States -- Description and travel' );
INSERT INTO subjects ( gid, subject ) VALUES ( '12022', 'California -- Description and travel' );
INSERT INTO subjects ( gid, subject ) VALUES ( '12022', 'Fruit-culture -- California' );
INSERT INTO subjects ( gid, subject ) VALUES ( '12022', 'E151' );
INSERT INTO subjects ( gid, subject ) VALUES ( '12022', 'Ethnic groups -- California' );
INSERT INTO subjects ( gid, subject ) VALUES ( '12022', 'Agriculture -- California' );
INSERT INTO files ( gid, file, mime ) VALUES ( '12022', 'http://www.gutenberg.org/ebooks/12022.epub.images', 'application/epub+zip' );
INSERT INTO files ( gid, file, mime ) VALUES ( '12022', 'http://www.gutenberg.org/ebooks/12022.epub.noimages', 'application/epub+zip' );
INSERT INTO files ( gid, file, mime ) VALUES ( '12022', 'http://www.gutenberg.org/ebooks/12022.kindle.images', 'application/x-mobipocket-ebook' );
INSERT INTO files ( gid, file, mime ) VALUES ( '12022', 'http://www.gutenberg.org/ebooks/12022.kindle.noimages', 'application/x-mobipocket-ebook' );
INSERT INTO files ( gid, file, mime ) VALUES ( '12022', 'http://www.gutenberg.org/ebooks/12022.rdf', 'application/rdf+xml' );
INSERT INTO files ( gid, file, mime ) VALUES ( '12022', 'http://www.gutenberg.org/ebooks/12022.txt.utf-8', 'text/plain' );
INSERT INTO files ( gid, file, mime ) VALUES ( '12022', 'http://www.gutenberg.org/files/12022/12022-8.txt', 'text/plain; charset=iso-8859-1' );
INSERT INTO files ( gid, file, mime ) VALUES ( '12022', 'http://www.gutenberg.org/files/12022/12022-8.zip', 'application/ziptext/plain; charset=iso-8859-1' );
INSERT INTO files ( gid, file, mime ) VALUES ( '12022', 'http://www.gutenberg.org/files/12022/12022-h.zip', 'application/ziptext/html' );
INSERT INTO files ( gid, file, mime ) VALUES ( '12022', 'http://www.gutenberg.org/files/12022/12022-h/12022-h.htm', 'text/html; charset=iso-8859-1' );
INSERT INTO files ( gid, file, mime ) VALUES ( '12022', 'http://www.gutenberg.org/files/12022/12022.txt', 'text/plain; charset=us-ascii' );
INSERT INTO files ( gid, file, mime ) VALUES ( '12022', 'http://www.gutenberg.org/files/12022/12022.zip', 'text/plainapplication/zip' );
INSERT INTO titles ( gid, title, author, language, rights ) VALUES ( '12122', 'The Monkey''s Paw The Lady of the Barge and Others, Part 2.', 'Jacobs, W. W. (William Wymark)', 'en', 'Public domain in the USA.' );
INSERT INTO classifications ( gid, classification ) VALUES ( '12122', 'PR' );
INSERT INTO subjects ( gid, subject ) VALUES ( '12122', 'Wishes -- Fiction' );
INSERT INTO subjects ( gid, subject ) VALUES ( '12122', 'Horror tales' );
INSERT INTO files ( gid, file, mime ) VALUES ( '12122', 'http://www.gutenberg.org/cache/epub/12122/pg12122.cover.medium.jpg', 'image/jpeg' );
INSERT INTO files ( gid, file, mime ) VALUES ( '12122', 'http://www.gutenberg.org/cache/epub/12122/pg12122.cover.small.jpg', 'image/jpeg' );
INSERT INTO files ( gid, file, mime ) VALUES ( '12122', 'http://www.gutenberg.org/ebooks/12122.epub.images', 'application/epub+zip' );
INSERT INTO files ( gid, file, mime ) VALUES ( '12122', 'http://www.gutenberg.org/ebooks/12122.epub.noimages', 'application/epub+zip' );
INSERT INTO files ( gid, file, mime ) VALUES ( '12122', 'http://www.gutenberg.org/ebooks/12122.kindle.images', 'application/x-mobipocket-ebook' );
INSERT INTO files ( gid, file, mime ) VALUES ( '12122', 'http://www.gutenberg.org/ebooks/12122.kindle.noimages', 'application/x-mobipocket-ebook' );
INSERT INTO files ( gid, file, mime ) VALUES ( '12122', 'http://www.gutenberg.org/ebooks/12122.rdf', 'application/rdf+xml' );
INSERT INTO files ( gid, file, mime ) VALUES ( '12122', 'http://www.gutenberg.org/ebooks/12122.txt.utf-8', 'text/plain' );
INSERT INTO files ( gid, file, mime ) VALUES ( '12122', 'http://www.gutenberg.org/files/12122/12122-h.zip', 'text/html; charset=us-asciiapplication/zip' );
INSERT INTO files ( gid, file, mime ) VALUES ( '12122', 'http://www.gutenberg.org/files/12122/12122-h/12122-h.htm', 'text/html; charset=us-ascii' );
INSERT INTO files ( gid, file, mime ) VALUES ( '12122', 'http://www.gutenberg.org/files/12122/12122.txt', 'text/plain; charset=us-ascii' );
INSERT INTO files ( gid, file, mime ) VALUES ( '12122', 'http://www.gutenberg.org/files/12122/12122.zip', 'text/plain; charset=us-asciiapplication/zip' );
INSERT INTO titles ( gid, title, author, language, rights ) VALUES ( '12222', 'The Faithful Shepherdess The Works of Francis Beaumont and John Fletcher (Volume 2 of 10).', 'Beaumont, Francis', 'en', 'Public domain in the USA.' );
INSERT INTO classifications ( gid, classification ) VALUES ( '12222', 'PR' );
INSERT INTO subjects ( gid, subject ) VALUES ( '12222', 'Tragicomedy' );
INSERT INTO subjects ( gid, subject ) VALUES ( '12222', 'English drama -- 17th century' );
INSERT INTO files ( gid, file, mime ) VALUES ( '12222', 'http://www.gutenberg.org/ebooks/12222.epub.images', 'application/epub+zip' );
INSERT INTO files ( gid, file, mime ) VALUES ( '12222', 'http://www.gutenberg.org/ebooks/12222.epub.noimages', 'application/epub+zip' );
INSERT INTO files ( gid, file, mime ) VALUES ( '12222', 'http://www.gutenberg.org/ebooks/12222.html.images', 'text/html' );
INSERT INTO files ( gid, file, mime ) VALUES ( '12222', 'http://www.gutenberg.org/ebooks/12222.html.noimages', 'text/html' );
INSERT INTO files ( gid, file, mime ) VALUES ( '12222', 'http://www.gutenberg.org/ebooks/12222.kindle.images', 'application/x-mobipocket-ebook' );
INSERT INTO files ( gid, file, mime ) VALUES ( '12222', 'http://www.gutenberg.org/ebooks/12222.kindle.noimages', 'application/x-mobipocket-ebook' );
INSERT INTO files ( gid, file, mime ) VALUES ( '12222', 'http://www.gutenberg.org/ebooks/12222.rdf', 'application/rdf+xml' );
INSERT INTO files ( gid, file, mime ) VALUES ( '12222', 'http://www.gutenberg.org/ebooks/12222.txt.utf-8', 'text/plain' );
INSERT INTO files ( gid, file, mime ) VALUES ( '12222', 'http://www.gutenberg.org/files/12222/12222.txt', 'text/plain; charset=us-ascii' );
INSERT INTO files ( gid, file, mime ) VALUES ( '12222', 'http://www.gutenberg.org/files/12222/12222.zip', 'application/ziptext/plain' );
INSERT INTO titles ( gid, title, author, language, rights ) VALUES ( '1222', 'Cobb''s Anatomy', 'Cobb, Irvin S. (Irvin Shrewsbury)', 'en', 'Public domain in the USA.' );
INSERT INTO classifications ( gid, classification ) VALUES ( '1222', 'PS' );
INSERT INTO subjects ( gid, subject ) VALUES ( '1222', 'Anatomy -- Humor' );
INSERT INTO subjects ( gid, subject ) VALUES ( '1222', 'Satire, American' );
INSERT INTO files ( gid, file, mime ) VALUES ( '1222', 'http://www.gutenberg.org/ebooks/1222.epub.images', 'application/epub+zip' );
INSERT INTO files ( gid, file, mime ) VALUES ( '1222', 'http://www.gutenberg.org/ebooks/1222.epub.noimages', 'application/epub+zip' );
INSERT INTO files ( gid, file, mime ) VALUES ( '1222', 'http://www.gutenberg.org/ebooks/1222.kindle.images', 'application/x-mobipocket-ebook' );
INSERT INTO files ( gid, file, mime ) VALUES ( '1222', 'http://www.gutenberg.org/ebooks/1222.kindle.noimages', 'application/x-mobipocket-ebook' );
INSERT INTO files ( gid, file, mime ) VALUES ( '1222', 'http://www.gutenberg.org/ebooks/1222.rdf', 'application/rdf+xml' );
INSERT INTO files ( gid, file, mime ) VALUES ( '1222', 'http://www.gutenberg.org/ebooks/1222.txt.utf-8', 'text/plain' );
INSERT INTO files ( gid, file, mime ) VALUES ( '1222', 'http://www.gutenberg.org/files/1222/1222-h.zip', 'text/html; charset=us-asciiapplication/zip' );
INSERT INTO files ( gid, file, mime ) VALUES ( '1222', 'http://www.gutenberg.org/files/1222/1222-h/1222-h.htm', 'text/html; charset=us-ascii' );
INSERT INTO files ( gid, file, mime ) VALUES ( '1222', 'http://www.gutenberg.org/files/1222/1222.txt', 'text/plain; charset=us-ascii' );
INSERT INTO files ( gid, file, mime ) VALUES ( '1222', 'http://www.gutenberg.org/files/1222/1222.zip', 'application/ziptext/plain; charset=us-ascii' );
INSERT INTO titles ( gid, title, author, language, rights ) VALUES ( '12322', 'Poetical Works of Edmund Waller and Sir John Denham', 'Denham, John, Sir', 'en', 'Public domain in the USA.' );
INSERT INTO classifications ( gid, classification ) VALUES ( '12322', 'PR' );
INSERT INTO subjects ( gid, subject ) VALUES ( '12322', 'Poetry' );
INSERT INTO files ( gid, file, mime ) VALUES ( '12322', 'http://www.gutenberg.org/ebooks/12322.epub.images', 'application/epub+zip' );
INSERT INTO files ( gid, file, mime ) VALUES ( '12322', 'http://www.gutenberg.org/ebooks/12322.epub.noimages', 'application/epub+zip' );
INSERT INTO files ( gid, file, mime ) VALUES ( '12322', 'http://www.gutenberg.org/ebooks/12322.html.images', 'text/html' );
INSERT INTO files ( gid, file, mime ) VALUES ( '12322', 'http://www.gutenberg.org/ebooks/12322.html.noimages', 'text/html' );
INSERT INTO files ( gid, file, mime ) VALUES ( '12322', 'http://www.gutenberg.org/ebooks/12322.kindle.images', 'application/x-mobipocket-ebook' );
INSERT INTO files ( gid, file, mime ) VALUES ( '12322', 'http://www.gutenberg.org/ebooks/12322.kindle.noimages', 'application/x-mobipocket-ebook' );
INSERT INTO files ( gid, file, mime ) VALUES ( '12322', 'http://www.gutenberg.org/ebooks/12322.rdf', 'application/rdf+xml' );
INSERT INTO files ( gid, file, mime ) VALUES ( '12322', 'http://www.gutenberg.org/ebooks/12322.txt.utf-8', 'text/plain' );
INSERT INTO files ( gid, file, mime ) VALUES ( '12322', 'http://www.gutenberg.org/files/12322/12322-8.txt', 'text/plain; charset=iso-8859-1' );
INSERT INTO files ( gid, file, mime ) VALUES ( '12322', 'http://www.gutenberg.org/files/12322/12322-8.zip', 'text/plain; charset=iso-8859-1application/zip' );
INSERT INTO files ( gid, file, mime ) VALUES ( '12322', 'http://www.gutenberg.org/files/12322/12322.txt', 'text/plain; charset=us-ascii' );
INSERT INTO files ( gid, file, mime ) VALUES ( '12322', 'http://www.gutenberg.org/files/12322/12322.zip', 'application/ziptext/plain' );
INSERT INTO titles ( gid, title, author, language, rights ) VALUES ( '122', 'The Return of the Native', 'Hardy, Thomas', 'en', 'Public domain in the USA.' );
INSERT INTO classifications ( gid, classification ) VALUES ( '122', 'PR' );
INSERT INTO subjects ( gid, subject ) VALUES ( '122', 'Mate selection -- Fiction' );
INSERT INTO subjects ( gid, subject ) VALUES ( '122', 'Love stories' );
INSERT INTO subjects ( gid, subject ) VALUES ( '122', 'Wessex (England) -- Fiction' );
INSERT INTO subjects ( gid, subject ) VALUES ( '122', 'Mothers and sons -- Fiction' );
INSERT INTO subjects ( gid, subject ) VALUES ( '122', 'People with visual disabilities -- Fiction' );
INSERT INTO subjects ( gid, subject ) VALUES ( '122', 'Didactic fiction' );
INSERT INTO subjects ( gid, subject ) VALUES ( '122', 'Heathlands -- Fiction' );
INSERT INTO subjects ( gid, subject ) VALUES ( '122', 'Adultery -- Fiction' );
INSERT INTO files ( gid, file, mime ) VALUES ( '122', 'http://www.gutenberg.org/ebooks/122.epub.images', 'application/epub+zip' );
INSERT INTO files ( gid, file, mime ) VALUES ( '122', 'http://www.gutenberg.org/ebooks/122.epub.noimages', 'application/epub+zip' );
INSERT INTO files ( gid, file, mime ) VALUES ( '122', 'http://www.gutenberg.org/ebooks/122.kindle.images', 'application/x-mobipocket-ebook' );
INSERT INTO files ( gid, file, mime ) VALUES ( '122', 'http://www.gutenberg.org/ebooks/122.kindle.noimages', 'application/x-mobipocket-ebook' );
INSERT INTO files ( gid, file, mime ) VALUES ( '122', 'http://www.gutenberg.org/ebooks/122.rdf', 'application/rdf+xml' );
INSERT INTO files ( gid, file, mime ) VALUES ( '122', 'http://www.gutenberg.org/files/122/122-0.txt', 'text/plain; charset=utf-8' );
INSERT INTO files ( gid, file, mime ) VALUES ( '122', 'http://www.gutenberg.org/files/122/122-0.zip', 'text/plain; charset=utf-8application/zip' );
INSERT INTO files ( gid, file, mime ) VALUES ( '122', 'http://www.gutenberg.org/files/122/122-h.zip', 'text/html; charset=utf-8application/zip' );
INSERT INTO files ( gid, file, mime ) VALUES ( '122', 'http://www.gutenberg.org/files/122/122-h/122-h.htm', 'text/html; charset=utf-8' );
INSERT INTO files ( gid, file, mime ) VALUES ( '122', 'http://www.gutenberg.org/files/122/122.txt', 'text/plain; charset=us-ascii' );
INSERT INTO files ( gid, file, mime ) VALUES ( '122', 'http://www.gutenberg.org/files/122/122.zip', 'text/plain; charset=us-asciiapplication/zip' );
INSERT INTO titles ( gid, title, author, language, rights ) VALUES ( '12522', 'An Account of the Extraordinary Medicinal Fluid, called Aether.', 'Turner, Matthew', 'en', 'Public domain in the USA.' );
INSERT INTO classifications ( gid, classification ) VALUES ( '12522', 'RS' );
INSERT INTO subjects ( gid, subject ) VALUES ( '12522', 'Materia medica -- Early works to 1800' );
INSERT INTO subjects ( gid, subject ) VALUES ( '12522', 'Ether' );
INSERT INTO files ( gid, file, mime ) VALUES ( '12522', 'http://www.gutenberg.org/ebooks/12522.epub.images', 'application/epub+zip' );
INSERT INTO files ( gid, file, mime ) VALUES ( '12522', 'http://www.gutenberg.org/ebooks/12522.epub.noimages', 'application/epub+zip' );
INSERT INTO files ( gid, file, mime ) VALUES ( '12522', 'http://www.gutenberg.org/ebooks/12522.html.images', 'text/html' );
INSERT INTO files ( gid, file, mime ) VALUES ( '12522', 'http://www.gutenberg.org/ebooks/12522.html.noimages', 'text/html' );
INSERT INTO files ( gid, file, mime ) VALUES ( '12522', 'http://www.gutenberg.org/ebooks/12522.kindle.images', 'application/x-mobipocket-ebook' );
INSERT INTO files ( gid, file, mime ) VALUES ( '12522', 'http://www.gutenberg.org/ebooks/12522.kindle.noimages', 'application/x-mobipocket-ebook' );
INSERT INTO files ( gid, file, mime ) VALUES ( '12522', 'http://www.gutenberg.org/ebooks/12522.rdf', 'application/rdf+xml' );
INSERT INTO files ( gid, file, mime ) VALUES ( '12522', 'http://www.gutenberg.org/ebooks/12522.txt.utf-8', 'text/plain' );
INSERT INTO files ( gid, file, mime ) VALUES ( '12522', 'http://www.gutenberg.org/files/12522/12522.txt', 'text/plain; charset=us-ascii' );
INSERT INTO files ( gid, file, mime ) VALUES ( '12522', 'http://www.gutenberg.org/files/12522/12522.zip', 'text/plain; charset=us-asciiapplication/zip' );
INSERT INTO titles ( gid, title, author, language, rights ) VALUES ( '12422', 'Journal of a Residence on a Georgian Plantation: 1838-1839', 'Kemble, Fanny', 'en', 'Public domain in the USA.' );
INSERT INTO subjects ( gid, subject ) VALUES ( '12422', 'Plantation owners'' spouses -- Georgia -- Diaries' );
INSERT INTO subjects ( gid, subject ) VALUES ( '12422', 'Georgia -- Social life and customs' );
INSERT INTO subjects ( gid, subject ) VALUES ( '12422', 'F206' );
INSERT INTO subjects ( gid, subject ) VALUES ( '12422', 'Slavery -- Georgia -- History -- 19th century' );
INSERT INTO subjects ( gid, subject ) VALUES ( '12422', 'Plantation life -- Georgia -- History -- 19th century' );
INSERT INTO subjects ( gid, subject ) VALUES ( '12422', 'Kemble, Fanny, 1809-1893 -- Diaries' );
INSERT INTO files ( gid, file, mime ) VALUES ( '12422', 'http://www.gutenberg.org/ebooks/12422.epub.images', 'application/epub+zip' );
INSERT INTO files ( gid, file, mime ) VALUES ( '12422', 'http://www.gutenberg.org/ebooks/12422.epub.noimages', 'application/epub+zip' );
INSERT INTO files ( gid, file, mime ) VALUES ( '12422', 'http://www.gutenberg.org/ebooks/12422.kindle.images', 'application/x-mobipocket-ebook' );
INSERT INTO files ( gid, file, mime ) VALUES ( '12422', 'http://www.gutenberg.org/ebooks/12422.kindle.noimages', 'application/x-mobipocket-ebook' );
INSERT INTO files ( gid, file, mime ) VALUES ( '12422', 'http://www.gutenberg.org/ebooks/12422.rdf', 'application/rdf+xml' );
INSERT INTO files ( gid, file, mime ) VALUES ( '12422', 'http://www.gutenberg.org/ebooks/12422.txt.utf-8', 'text/plain' );
INSERT INTO files ( gid, file, mime ) VALUES ( '12422', 'http://www.gutenberg.org/files/12422/12422-8.txt', 'text/plain; charset=iso-8859-1' );
INSERT INTO files ( gid, file, mime ) VALUES ( '12422', 'http://www.gutenberg.org/files/12422/12422-8.zip', 'application/ziptext/plain; charset=iso-8859-1' );
INSERT INTO files ( gid, file, mime ) VALUES ( '12422', 'http://www.gutenberg.org/files/12422/12422-h.zip', 'text/htmlapplication/zip' );
INSERT INTO files ( gid, file, mime ) VALUES ( '12422', 'http://www.gutenberg.org/files/12422/12422-h/12422-h.htm', 'text/html; charset=iso-8859-1' );
INSERT INTO files ( gid, file, mime ) VALUES ( '12422', 'http://www.gutenberg.org/files/12422/12422.txt', 'text/plain; charset=us-ascii' );
INSERT INTO files ( gid, file, mime ) VALUES ( '12422', 'http://www.gutenberg.org/files/12422/12422.zip', 'application/ziptext/plain' );
INSERT INTO titles ( gid, title, author, language, rights ) VALUES ( '12622', 'Poems', 'MacCarthy, Denis Florence', 'en', 'Public domain in the USA.' );
INSERT INTO classifications ( gid, classification ) VALUES ( '12622', 'PR' );
INSERT INTO subjects ( gid, subject ) VALUES ( '12622', 'Poetry' );
INSERT INTO files ( gid, file, mime ) VALUES ( '12622', 'http://www.gutenberg.org/ebooks/12622.epub.images', 'application/epub+zip' );
INSERT INTO files ( gid, file, mime ) VALUES ( '12622', 'http://www.gutenberg.org/ebooks/12622.epub.noimages', 'application/epub+zip' );
INSERT INTO files ( gid, file, mime ) VALUES ( '12622', 'http://www.gutenberg.org/ebooks/12622.kindle.images', 'application/x-mobipocket-ebook' );
INSERT INTO files ( gid, file, mime ) VALUES ( '12622', 'http://www.gutenberg.org/ebooks/12622.kindle.noimages', 'application/x-mobipocket-ebook' );
INSERT INTO files ( gid, file, mime ) VALUES ( '12622', 'http://www.gutenberg.org/ebooks/12622.rdf', 'application/rdf+xml' );
INSERT INTO files ( gid, file, mime ) VALUES ( '12622', 'http://www.gutenberg.org/ebooks/12622.txt.utf-8', 'text/plain' );
INSERT INTO files ( gid, file, mime ) VALUES ( '12622', 'http://www.gutenberg.org/files/12622/12622-h.zip', 'text/html; charset=us-asciiapplication/zip' );
INSERT INTO files ( gid, file, mime ) VALUES ( '12622', 'http://www.gutenberg.org/files/12622/12622-h/12622-h.htm', 'text/html; charset=us-ascii' );
INSERT INTO files ( gid, file, mime ) VALUES ( '12622', 'http://www.gutenberg.org/files/12622/12622.txt', 'text/plain; charset=us-ascii' );
INSERT INTO files ( gid, file, mime ) VALUES ( '12622', 'http://www.gutenberg.org/files/12622/12622.zip', 'text/plain; charset=us-asciiapplication/zip' );
INSERT INTO titles ( gid, title, author, language, rights ) VALUES ( '12722', 'Sonnet #100', 'Shakespeare, William', 'en', 'Copyrighted. Read the copyright notice inside this book for details.' );
INSERT INTO classifications ( gid, classification ) VALUES ( '12722', 'PR' );
INSERT INTO subjects ( gid, subject ) VALUES ( '12722', 'English poetry' );
INSERT INTO subjects ( gid, subject ) VALUES ( '12722', 'Sonnets, English' );
INSERT INTO files ( gid, file, mime ) VALUES ( '12722', 'http://www.gutenberg.org/ebooks/12722.rdf', 'application/rdf+xml' );
INSERT INTO files ( gid, file, mime ) VALUES ( '12722', 'http://www.gutenberg.org/files/12722/12722-m/12722-m-100.mp3', 'audio/mpeg' );
INSERT INTO files ( gid, file, mime ) VALUES ( '12722', 'http://www.gutenberg.org/files/12722/12722-readme.txt', 'text/plain; charset=us-ascii' );
INSERT INTO files ( gid, file, mime ) VALUES ( '12722', 'http://www.gutenberg.org/files/12722/readme-license.txt', 'application/octet-stream' );
INSERT INTO titles ( gid, title, author, language, rights ) VALUES ( '53022', 'First Steps to Bell Ringing Being an Introduction to the Healthful and Pleasant Exercise of Bell Ringing in Rounds and Changes upon Church Bells', 'Goslin, Samuel B.', 'en', 'Public domain in the USA.' );
INSERT INTO classifications ( gid, classification ) VALUES ( '53022', 'MT' );
INSERT INTO subjects ( gid, subject ) VALUES ( '53022', 'Change ringing' );
INSERT INTO files ( gid, file, mime ) VALUES ( '53022', 'http://www.gutenberg.org/cache/epub/53022/pg53022.cover.medium.jpg', 'image/jpeg' );
INSERT INTO files ( gid, file, mime ) VALUES ( '53022', 'http://www.gutenberg.org/cache/epub/53022/pg53022.cover.small.jpg', 'image/jpeg' );
INSERT INTO files ( gid, file, mime ) VALUES ( '53022', 'http://www.gutenberg.org/ebooks/53022.epub.images', 'application/epub+zip' );
INSERT INTO files ( gid, file, mime ) VALUES ( '53022', 'http://www.gutenberg.org/ebooks/53022.epub.noimages', 'application/epub+zip' );
INSERT INTO files ( gid, file, mime ) VALUES ( '53022', 'http://www.gutenberg.org/ebooks/53022.kindle.images', 'application/x-mobipocket-ebook' );
INSERT INTO files ( gid, file, mime ) VALUES ( '53022', 'http://www.gutenberg.org/ebooks/53022.kindle.noimages', 'application/x-mobipocket-ebook' );
INSERT INTO files ( gid, file, mime ) VALUES ( '53022', 'http://www.gutenberg.org/ebooks/53022.rdf', 'application/rdf+xml' );
INSERT INTO files ( gid, file, mime ) VALUES ( '53022', 'http://www.gutenberg.org/files/53022/53022-0.txt', 'text/plain; charset=utf-8' );
INSERT INTO files ( gid, file, mime ) VALUES ( '53022', 'http://www.gutenberg.org/files/53022/53022-0.zip', 'application/ziptext/plain; charset=utf-8' );
INSERT INTO files ( gid, file, mime ) VALUES ( '53022', 'http://www.gutenberg.org/files/53022/53022-h.zip', 'text/htmlapplication/zip' );
INSERT INTO files ( gid, file, mime ) VALUES ( '53022', 'http://www.gutenberg.org/files/53022/53022-h/53022-h.htm', 'text/html' );
INSERT INTO titles ( gid, title, author, language, rights ) VALUES ( '12822', 'De Edda', 'Berding, Frans', 'nl', 'Public domain in the USA.' );
INSERT INTO classifications ( gid, classification ) VALUES ( '12822', 'PT' );
INSERT INTO subjects ( gid, subject ) VALUES ( '12822', 'Old Norse poetry' );
INSERT INTO files ( gid, file, mime ) VALUES ( '12822', 'http://www.gutenberg.org/ebooks/12822.epub.images', 'application/epub+zip' );
INSERT INTO files ( gid, file, mime ) VALUES ( '12822', 'http://www.gutenberg.org/ebooks/12822.epub.noimages', 'application/epub+zip' );
INSERT INTO files ( gid, file, mime ) VALUES ( '12822', 'http://www.gutenberg.org/ebooks/12822.html.images', 'text/html' );
INSERT INTO files ( gid, file, mime ) VALUES ( '12822', 'http://www.gutenberg.org/ebooks/12822.html.noimages', 'text/html' );
INSERT INTO files ( gid, file, mime ) VALUES ( '12822', 'http://www.gutenberg.org/ebooks/12822.kindle.images', 'application/x-mobipocket-ebook' );
INSERT INTO files ( gid, file, mime ) VALUES ( '12822', 'http://www.gutenberg.org/ebooks/12822.kindle.noimages', 'application/x-mobipocket-ebook' );
INSERT INTO files ( gid, file, mime ) VALUES ( '12822', 'http://www.gutenberg.org/ebooks/12822.rdf', 'application/rdf+xml' );
INSERT INTO files ( gid, file, mime ) VALUES ( '12822', 'http://www.gutenberg.org/ebooks/12822.txt.utf-8', 'text/plain' );
INSERT INTO files ( gid, file, mime ) VALUES ( '12822', 'http://www.gutenberg.org/files/12822/12822-8.txt', 'text/plain; charset=iso-8859-1' );
INSERT INTO files ( gid, file, mime ) VALUES ( '12822', 'http://www.gutenberg.org/files/12822/12822-8.zip', 'text/plain; charset=iso-8859-1application/zip' );
INSERT INTO files ( gid, file, mime ) VALUES ( '12822', 'http://www.gutenberg.org/files/12822/12822.txt', 'text/plain; charset=us-ascii' );
INSERT INTO files ( gid, file, mime ) VALUES ( '12822', 'http://www.gutenberg.org/files/12822/12822.zip', 'application/ziptext/plain; charset=us-ascii' );
INSERT INTO titles ( gid, title, author, language, rights ) VALUES ( '53122', 'The Story of the American Merchant Marine', 'Spears, John Randolph', 'en', 'Public domain in the USA.' );
INSERT INTO classifications ( gid, classification ) VALUES ( '53122', 'HE' );
INSERT INTO subjects ( gid, subject ) VALUES ( '53122', 'Merchant marine -- United States' );
INSERT INTO files ( gid, file, mime ) VALUES ( '53122', 'http://www.gutenberg.org/cache/epub/53122/pg53122.cover.medium.jpg', 'image/jpeg' );
INSERT INTO files ( gid, file, mime ) VALUES ( '53122', 'http://www.gutenberg.org/cache/epub/53122/pg53122.cover.small.jpg', 'image/jpeg' );
INSERT INTO files ( gid, file, mime ) VALUES ( '53122', 'http://www.gutenberg.org/ebooks/53122.epub.images', 'application/epub+zip' );
INSERT INTO files ( gid, file, mime ) VALUES ( '53122', 'http://www.gutenberg.org/ebooks/53122.epub.noimages', 'application/epub+zip' );
INSERT INTO files ( gid, file, mime ) VALUES ( '53122', 'http://www.gutenberg.org/ebooks/53122.kindle.images', 'application/x-mobipocket-ebook' );
INSERT INTO files ( gid, file, mime ) VALUES ( '53122', 'http://www.gutenberg.org/ebooks/53122.kindle.noimages', 'application/x-mobipocket-ebook' );
INSERT INTO files ( gid, file, mime ) VALUES ( '53122', 'http://www.gutenberg.org/ebooks/53122.rdf', 'application/rdf+xml' );
INSERT INTO files ( gid, file, mime ) VALUES ( '53122', 'http://www.gutenberg.org/files/53122/53122-0.txt', 'text/plain; charset=utf-8' );
INSERT INTO files ( gid, file, mime ) VALUES ( '53122', 'http://www.gutenberg.org/files/53122/53122-0.zip', 'text/plain; charset=utf-8application/zip' );
INSERT INTO files ( gid, file, mime ) VALUES ( '53122', 'http://www.gutenberg.org/files/53122/53122-h.zip', 'application/ziptext/html' );
INSERT INTO files ( gid, file, mime ) VALUES ( '53122', 'http://www.gutenberg.org/files/53122/53122-h/53122-h.htm', 'text/html' );
INSERT INTO titles ( gid, title, author, language, rights ) VALUES ( '53222', 'Royal Railways with Uniform Rates A proposal for amalgamation of Railways with the General Post Office and adoption of uniform fares and rates for any distance', 'Arnold, Whately C.', 'en', 'Public domain in the USA.' );
INSERT INTO classifications ( gid, classification ) VALUES ( '53222', 'HE' );
INSERT INTO subjects ( gid, subject ) VALUES ( '53222', 'Railroads and state -- Great Britain' );
INSERT INTO subjects ( gid, subject ) VALUES ( '53222', 'Railroads -- Freight -- Rates -- Great Britain' );
INSERT INTO files ( gid, file, mime ) VALUES ( '53222', 'http://www.gutenberg.org/cache/epub/53222/pg53222.cover.medium.jpg', 'image/jpeg' );
INSERT INTO files ( gid, file, mime ) VALUES ( '53222', 'http://www.gutenberg.org/cache/epub/53222/pg53222.cover.small.jpg', 'image/jpeg' );
INSERT INTO files ( gid, file, mime ) VALUES ( '53222', 'http://www.gutenberg.org/ebooks/53222.epub.images', 'application/epub+zip' );
INSERT INTO files ( gid, file, mime ) VALUES ( '53222', 'http://www.gutenberg.org/ebooks/53222.epub.noimages', 'application/epub+zip' );
INSERT INTO files ( gid, file, mime ) VALUES ( '53222', 'http://www.gutenberg.org/ebooks/53222.kindle.images', 'application/x-mobipocket-ebook' );
INSERT INTO files ( gid, file, mime ) VALUES ( '53222', 'http://www.gutenberg.org/ebooks/53222.kindle.noimages', 'application/x-mobipocket-ebook' );
INSERT INTO files ( gid, file, mime ) VALUES ( '53222', 'http://www.gutenberg.org/ebooks/53222.rdf', 'application/rdf+xml' );
INSERT INTO files ( gid, file, mime ) VALUES ( '53222', 'http://www.gutenberg.org/files/53222/53222-0.txt', 'text/plain; charset=utf-8' );
INSERT INTO files ( gid, file, mime ) VALUES ( '53222', 'http://www.gutenberg.org/files/53222/53222-0.zip', 'text/plain; charset=utf-8application/zip' );
INSERT INTO files ( gid, file, mime ) VALUES ( '53222', 'http://www.gutenberg.org/files/53222/53222-h.zip', 'text/html; charset=utf-8application/zip' );
INSERT INTO files ( gid, file, mime ) VALUES ( '53222', 'http://www.gutenberg.org/files/53222/53222-h/53222-h.htm', 'text/html; charset=utf-8' );
INSERT INTO titles ( gid, title, author, language, rights ) VALUES ( '53322', 'Reisen in den Philippinen', 'Jagor, Fedor', 'de', 'Public domain in the USA.' );
INSERT INTO classifications ( gid, classification ) VALUES ( '53322', 'DS' );
INSERT INTO subjects ( gid, subject ) VALUES ( '53322', 'Philippines -- Description and travel' );
INSERT INTO files ( gid, file, mime ) VALUES ( '53322', 'http://www.gutenberg.org/cache/epub/53322/pg53322.cover.medium.jpg', 'image/jpeg' );
INSERT INTO files ( gid, file, mime ) VALUES ( '53322', 'http://www.gutenberg.org/cache/epub/53322/pg53322.cover.small.jpg', 'image/jpeg' );
INSERT INTO files ( gid, file, mime ) VALUES ( '53322', 'http://www.gutenberg.org/ebooks/53322.epub.images', 'application/epub+zip' );
INSERT INTO files ( gid, file, mime ) VALUES ( '53322', 'http://www.gutenberg.org/ebooks/53322.epub.noimages', 'application/epub+zip' );
INSERT INTO files ( gid, file, mime ) VALUES ( '53322', 'http://www.gutenberg.org/ebooks/53322.kindle.images', 'application/x-mobipocket-ebook' );
INSERT INTO files ( gid, file, mime ) VALUES ( '53322', 'http://www.gutenberg.org/ebooks/53322.kindle.noimages', 'application/x-mobipocket-ebook' );
INSERT INTO files ( gid, file, mime ) VALUES ( '53322', 'http://www.gutenberg.org/ebooks/53322.rdf', 'application/rdf+xml' );
INSERT INTO files ( gid, file, mime ) VALUES ( '53322', 'http://www.gutenberg.org/ebooks/53322.txt.utf-8', 'text/plain' );
INSERT INTO files ( gid, file, mime ) VALUES ( '53322', 'http://www.gutenberg.org/files/53322/53322-8.txt', 'text/plain; charset=iso-8859-1' );
INSERT INTO files ( gid, file, mime ) VALUES ( '53322', 'http://www.gutenberg.org/files/53322/53322-8.zip', 'text/plain; charset=iso-8859-1application/zip' );
INSERT INTO files ( gid, file, mime ) VALUES ( '53322', 'http://www.gutenberg.org/files/53322/53322-h.zip', 'application/ziptext/html; charset=us-ascii' );
INSERT INTO files ( gid, file, mime ) VALUES ( '53322', 'http://www.gutenberg.org/files/53322/53322-h/53322-h.htm', 'text/html; charset=us-ascii' );
INSERT INTO titles ( gid, title, author, language, rights ) VALUES ( '5322', 'Woyzeck', 'Büchner, Georg', 'de', 'Public domain in the USA.' );
INSERT INTO classifications ( gid, classification ) VALUES ( '5322', 'PT' );
INSERT INTO subjects ( gid, subject ) VALUES ( '5322', 'Murderers -- Drama' );
INSERT INTO subjects ( gid, subject ) VALUES ( '5322', 'Soldiers -- Mental health -- Drama' );
INSERT INTO subjects ( gid, subject ) VALUES ( '5322', 'Germany -- Drama' );
INSERT INTO files ( gid, file, mime ) VALUES ( '5322', 'http://www.gutenberg.org/ebooks/5322.epub.images', 'application/epub+zip' );
INSERT INTO files ( gid, file, mime ) VALUES ( '5322', 'http://www.gutenberg.org/ebooks/5322.epub.noimages', 'application/epub+zip' );
INSERT INTO files ( gid, file, mime ) VALUES ( '5322', 'http://www.gutenberg.org/ebooks/5322.html.images', 'text/html' );
INSERT INTO files ( gid, file, mime ) VALUES ( '5322', 'http://www.gutenberg.org/ebooks/5322.html.noimages', 'text/html' );
INSERT INTO files ( gid, file, mime ) VALUES ( '5322', 'http://www.gutenberg.org/ebooks/5322.kindle.images', 'application/x-mobipocket-ebook' );
INSERT INTO files ( gid, file, mime ) VALUES ( '5322', 'http://www.gutenberg.org/ebooks/5322.kindle.noimages', 'application/x-mobipocket-ebook' );
INSERT INTO files ( gid, file, mime ) VALUES ( '5322', 'http://www.gutenberg.org/ebooks/5322.rdf', 'application/rdf+xml' );
INSERT INTO files ( gid, file, mime ) VALUES ( '5322', 'http://www.gutenberg.org/files/5322/5322-0.txt', 'text/plain; charset=utf-8' );
INSERT INTO files ( gid, file, mime ) VALUES ( '5322', 'http://www.gutenberg.org/files/5322/5322-0.zip', 'text/plain; charset=utf-8application/zip' );
INSERT INTO files ( gid, file, mime ) VALUES ( '5322', 'http://www.gutenberg.org/files/5322/5322-8.txt', 'text/plain; charset=iso-8859-1' );
INSERT INTO files ( gid, file, mime ) VALUES ( '5322', 'http://www.gutenberg.org/files/5322/5322-8.zip', 'text/plain; charset=iso-8859-1application/zip' );
INSERT INTO files ( gid, file, mime ) VALUES ( '5322', 'http://www.gutenberg.org/files/5322/5322.txt', 'text/plain; charset=us-ascii' );
INSERT INTO files ( gid, file, mime ) VALUES ( '5322', 'http://www.gutenberg.org/files/5322/5322.zip', 'text/plain; charset=us-asciiapplication/zip' );
INSERT INTO titles ( gid, title, author, language, rights ) VALUES ( '53422', 'Free Trapper''s Pass; or, the Gold-seeker''s Daughter!', 'Eyster, William R. (William Reynolds)', 'en', 'Public domain in the USA.' );
INSERT INTO classifications ( gid, classification ) VALUES ( '53422', 'PS' );
INSERT INTO subjects ( gid, subject ) VALUES ( '53422', 'Sihasapa Indians -- Fiction' );
INSERT INTO subjects ( gid, subject ) VALUES ( '53422', 'Indians of North America -- Fiction' );
INSERT INTO subjects ( gid, subject ) VALUES ( '53422', 'Fur traders -- Yellowstone River Valley -- Fiction' );
INSERT INTO subjects ( gid, subject ) VALUES ( '53422', 'Crow Indians -- Fiction' );
INSERT INTO files ( gid, file, mime ) VALUES ( '53422', 'http://www.gutenberg.org/cache/epub/53422/pg53422.cover.medium.jpg', 'image/jpeg' );
INSERT INTO files ( gid, file, mime ) VALUES ( '53422', 'http://www.gutenberg.org/cache/epub/53422/pg53422.cover.small.jpg', 'image/jpeg' );
INSERT INTO files ( gid, file, mime ) VALUES ( '53422', 'http://www.gutenberg.org/ebooks/53422.epub.images', 'application/epub+zip' );
INSERT INTO files ( gid, file, mime ) VALUES ( '53422', 'http://www.gutenberg.org/ebooks/53422.epub.noimages', 'application/epub+zip' );
INSERT INTO files ( gid, file, mime ) VALUES ( '53422', 'http://www.gutenberg.org/ebooks/53422.kindle.images', 'application/x-mobipocket-ebook' );
INSERT INTO files ( gid, file, mime ) VALUES ( '53422', 'http://www.gutenberg.org/ebooks/53422.kindle.noimages', 'application/x-mobipocket-ebook' );
INSERT INTO files ( gid, file, mime ) VALUES ( '53422', 'http://www.gutenberg.org/ebooks/53422.rdf', 'application/rdf+xml' );
INSERT INTO files ( gid, file, mime ) VALUES ( '53422', 'http://www.gutenberg.org/files/53422/53422-0.txt', 'text/plain; charset=utf-8' );
INSERT INTO files ( gid, file, mime ) VALUES ( '53422', 'http://www.gutenberg.org/files/53422/53422-0.zip', 'application/ziptext/plain; charset=utf-8' );
INSERT INTO files ( gid, file, mime ) VALUES ( '53422', 'http://www.gutenberg.org/files/53422/53422-h.zip', 'application/ziptext/html; charset=utf-8' );
INSERT INTO files ( gid, file, mime ) VALUES ( '53422', 'http://www.gutenberg.org/files/53422/53422-h/53422-h.htm', 'text/html; charset=utf-8' );
INSERT INTO titles ( gid, title, author, language, rights ) VALUES ( '53522', 'Ann and Her Mother', 'Douglas, O.', 'en', 'Public domain in the USA.' );
INSERT INTO classifications ( gid, classification ) VALUES ( '53522', 'PR' );
INSERT INTO subjects ( gid, subject ) VALUES ( '53522', 'Mothers and daughters -- Fiction' );
INSERT INTO subjects ( gid, subject ) VALUES ( '53522', 'Domestic fiction' );
INSERT INTO subjects ( gid, subject ) VALUES ( '53522', 'Scotland -- Fiction' );
INSERT INTO subjects ( gid, subject ) VALUES ( '53522', 'Country life -- Fiction' );
INSERT INTO files ( gid, file, mime ) VALUES ( '53522', 'http://www.gutenberg.org/cache/epub/53522/pg53522.cover.medium.jpg', 'image/jpeg' );
INSERT INTO files ( gid, file, mime ) VALUES ( '53522', 'http://www.gutenberg.org/cache/epub/53522/pg53522.cover.small.jpg', 'image/jpeg' );
INSERT INTO files ( gid, file, mime ) VALUES ( '53522', 'http://www.gutenberg.org/ebooks/53522.epub.images', 'application/epub+zip' );
INSERT INTO files ( gid, file, mime ) VALUES ( '53522', 'http://www.gutenberg.org/ebooks/53522.epub.noimages', 'application/epub+zip' );
INSERT INTO files ( gid, file, mime ) VALUES ( '53522', 'http://www.gutenberg.org/ebooks/53522.kindle.images', 'application/x-mobipocket-ebook' );
INSERT INTO files ( gid, file, mime ) VALUES ( '53522', 'http://www.gutenberg.org/ebooks/53522.kindle.noimages', 'application/x-mobipocket-ebook' );
INSERT INTO files ( gid, file, mime ) VALUES ( '53522', 'http://www.gutenberg.org/ebooks/53522.rdf', 'application/rdf+xml' );
INSERT INTO files ( gid, file, mime ) VALUES ( '53522', 'http://www.gutenberg.org/ebooks/53522.txt.utf-8', 'text/plain' );
INSERT INTO files ( gid, file, mime ) VALUES ( '53522', 'http://www.gutenberg.org/files/53522/53522-8.txt', 'text/plain; charset=iso-8859-1' );
INSERT INTO files ( gid, file, mime ) VALUES ( '53522', 'http://www.gutenberg.org/files/53522/53522-8.zip', 'text/plain; charset=iso-8859-1application/zip' );
INSERT INTO files ( gid, file, mime ) VALUES ( '53522', 'http://www.gutenberg.org/files/53522/53522-h.zip', 'application/ziptext/html; charset=iso-8859-1' );
INSERT INTO files ( gid, file, mime ) VALUES ( '53522', 'http://www.gutenberg.org/files/53522/53522-h/53522-h.htm', 'text/html; charset=iso-8859-1' );
INSERT INTO titles ( gid, title, author, language, rights ) VALUES ( '53622', 'What Nietzsche Taught', 'Wright, Willard Huntington', 'en', 'Public domain in the USA.' );
INSERT INTO classifications ( gid, classification ) VALUES ( '53622', 'B' );
INSERT INTO subjects ( gid, subject ) VALUES ( '53622', 'Nietzsche, Friedrich Wilhelm, 1844-1900 -- Criticism and interpretation' );
INSERT INTO subjects ( gid, subject ) VALUES ( '53622', 'Nietzsche, Friedrich Wilhelm, 1844-1900' );
INSERT INTO subjects ( gid, subject ) VALUES ( '53622', 'Philosophy' );
INSERT INTO files ( gid, file, mime ) VALUES ( '53622', 'http://www.gutenberg.org/cache/epub/53622/pg53622.cover.medium.jpg', 'image/jpeg' );
INSERT INTO files ( gid, file, mime ) VALUES ( '53622', 'http://www.gutenberg.org/cache/epub/53622/pg53622.cover.small.jpg', 'image/jpeg' );
INSERT INTO files ( gid, file, mime ) VALUES ( '53622', 'http://www.gutenberg.org/ebooks/53622.epub.images', 'application/epub+zip' );
INSERT INTO files ( gid, file, mime ) VALUES ( '53622', 'http://www.gutenberg.org/ebooks/53622.epub.noimages', 'application/epub+zip' );
INSERT INTO files ( gid, file, mime ) VALUES ( '53622', 'http://www.gutenberg.org/ebooks/53622.kindle.images', 'application/x-mobipocket-ebook' );
INSERT INTO files ( gid, file, mime ) VALUES ( '53622', 'http://www.gutenberg.org/ebooks/53622.kindle.noimages', 'application/x-mobipocket-ebook' );
INSERT INTO files ( gid, file, mime ) VALUES ( '53622', 'http://www.gutenberg.org/ebooks/53622.rdf', 'application/rdf+xml' );
INSERT INTO files ( gid, file, mime ) VALUES ( '53622', 'http://www.gutenberg.org/ebooks/53622.txt.utf-8', 'text/plain' );
INSERT INTO files ( gid, file, mime ) VALUES ( '53622', 'http://www.gutenberg.org/files/53622/53622-8.txt', 'text/plain; charset=iso-8859-1' );
INSERT INTO files ( gid, file, mime ) VALUES ( '53622', 'http://www.gutenberg.org/files/53622/53622-8.zip', 'application/ziptext/plain; charset=iso-8859-1' );
INSERT INTO files ( gid, file, mime ) VALUES ( '53622', 'http://www.gutenberg.org/files/53622/53622-h.zip', 'application/ziptext/html; charset=iso-8859-1' );
INSERT INTO files ( gid, file, mime ) VALUES ( '53622', 'http://www.gutenberg.org/files/53622/53622-h/53622-h.htm', 'text/html; charset=iso-8859-1' );
INSERT INTO titles ( gid, title, author, language, rights ) VALUES ( '53722', 'Viviane', 'Tennyson, Alfred Tennyson, Baron', 'fr', 'Public domain in the USA.' );
INSERT INTO classifications ( gid, classification ) VALUES ( '53722', 'PR' );
INSERT INTO subjects ( gid, subject ) VALUES ( '53722', 'Tennyson, Alfred Tennyson, Baron, 1809-1892 -- Adaptations' );
INSERT INTO subjects ( gid, subject ) VALUES ( '53722', 'Arthurian romances -- Adaptations' );
INSERT INTO files ( gid, file, mime ) VALUES ( '53722', 'http://www.gutenberg.org/cache/epub/53722/pg53722.cover.medium.jpg', 'image/jpeg' );
INSERT INTO files ( gid, file, mime ) VALUES ( '53722', 'http://www.gutenberg.org/cache/epub/53722/pg53722.cover.small.jpg', 'image/jpeg' );
INSERT INTO files ( gid, file, mime ) VALUES ( '53722', 'http://www.gutenberg.org/ebooks/53722.epub.images', 'application/epub+zip' );
INSERT INTO files ( gid, file, mime ) VALUES ( '53722', 'http://www.gutenberg.org/ebooks/53722.epub.noimages', 'application/epub+zip' );
INSERT INTO files ( gid, file, mime ) VALUES ( '53722', 'http://www.gutenberg.org/ebooks/53722.kindle.images', 'application/x-mobipocket-ebook' );
INSERT INTO files ( gid, file, mime ) VALUES ( '53722', 'http://www.gutenberg.org/ebooks/53722.kindle.noimages', 'application/x-mobipocket-ebook' );
INSERT INTO files ( gid, file, mime ) VALUES ( '53722', 'http://www.gutenberg.org/ebooks/53722.rdf', 'application/rdf+xml' );
INSERT INTO files ( gid, file, mime ) VALUES ( '53722', 'http://www.gutenberg.org/ebooks/53722.txt.utf-8', 'text/plain' );
INSERT INTO files ( gid, file, mime ) VALUES ( '53722', 'http://www.gutenberg.org/files/53722/53722-8.txt', 'text/plain; charset=iso-8859-1' );
INSERT INTO files ( gid, file, mime ) VALUES ( '53722', 'http://www.gutenberg.org/files/53722/53722-8.zip', 'text/plain; charset=iso-8859-1application/zip' );
INSERT INTO files ( gid, file, mime ) VALUES ( '53722', 'http://www.gutenberg.org/files/53722/53722-h.zip', 'application/ziptext/html; charset=utf-8' );
INSERT INTO files ( gid, file, mime ) VALUES ( '53722', 'http://www.gutenberg.org/files/53722/53722-h/53722-h.htm', 'text/html; charset=utf-8' );
INSERT INTO titles ( gid, title, author, language, rights ) VALUES ( '53822', 'Footprints of Abraham Lincoln Presenting many interesting facts, reminiscences and illustrations never before published', 'Hobson, J. T. (Jonathan Todd)', 'en', 'Public domain in the USA.' );
INSERT INTO subjects ( gid, subject ) VALUES ( '53822', 'E456' );
INSERT INTO subjects ( gid, subject ) VALUES ( '53822', 'Lincoln, Abraham, 1809-1865 -- Anecdotes' );
INSERT INTO files ( gid, file, mime ) VALUES ( '53822', 'http://www.gutenberg.org/cache/epub/53822/pg53822.cover.medium.jpg', 'image/jpeg' );
INSERT INTO files ( gid, file, mime ) VALUES ( '53822', 'http://www.gutenberg.org/cache/epub/53822/pg53822.cover.small.jpg', 'image/jpeg' );
INSERT INTO files ( gid, file, mime ) VALUES ( '53822', 'http://www.gutenberg.org/ebooks/53822.epub.images', 'application/epub+zip' );
INSERT INTO files ( gid, file, mime ) VALUES ( '53822', 'http://www.gutenberg.org/ebooks/53822.epub.noimages', 'application/epub+zip' );
INSERT INTO files ( gid, file, mime ) VALUES ( '53822', 'http://www.gutenberg.org/ebooks/53822.kindle.images', 'application/x-mobipocket-ebook' );
INSERT INTO files ( gid, file, mime ) VALUES ( '53822', 'http://www.gutenberg.org/ebooks/53822.kindle.noimages', 'application/x-mobipocket-ebook' );
INSERT INTO files ( gid, file, mime ) VALUES ( '53822', 'http://www.gutenberg.org/ebooks/53822.rdf', 'application/rdf+xml' );
INSERT INTO files ( gid, file, mime ) VALUES ( '53822', 'http://www.gutenberg.org/files/53822/53822-0.txt', 'text/plain; charset=utf-8' );
INSERT INTO files ( gid, file, mime ) VALUES ( '53822', 'http://www.gutenberg.org/files/53822/53822-0.zip', 'application/ziptext/plain; charset=utf-8' );
INSERT INTO files ( gid, file, mime ) VALUES ( '53822', 'http://www.gutenberg.org/files/53822/53822-h.zip', 'application/ziptext/html; charset=utf-8' );
INSERT INTO files ( gid, file, mime ) VALUES ( '53822', 'http://www.gutenberg.org/files/53822/53822-h/53822-h.htm', 'text/html; charset=utf-8' );
INSERT INTO titles ( gid, title, author, language, rights ) VALUES ( '53922', 'Valkopukuinen nainen 1 Perheromaani', 'Collins, Wilkie', 'fi', 'Public domain in the USA.' );
INSERT INTO classifications ( gid, classification ) VALUES ( '53922', 'PR' );
INSERT INTO subjects ( gid, subject ) VALUES ( '53922', 'England -- Fiction' );
INSERT INTO subjects ( gid, subject ) VALUES ( '53922', 'Art teachers -- Fiction' );
INSERT INTO subjects ( gid, subject ) VALUES ( '53922', 'Deception -- Fiction' );
INSERT INTO subjects ( gid, subject ) VALUES ( '53922', 'Psychological fiction' );
INSERT INTO subjects ( gid, subject ) VALUES ( '53922', 'Inheritance and succession -- Fiction' );
INSERT INTO subjects ( gid, subject ) VALUES ( '53922', 'Country homes -- Fiction' );
INSERT INTO subjects ( gid, subject ) VALUES ( '53922', 'Love stories' );
INSERT INTO subjects ( gid, subject ) VALUES ( '53922', 'Nobility -- Fiction' );
INSERT INTO subjects ( gid, subject ) VALUES ( '53922', 'Gothic fiction' );
INSERT INTO subjects ( gid, subject ) VALUES ( '53922', 'Psychiatric hospital patients -- Fiction' );
INSERT INTO files ( gid, file, mime ) VALUES ( '53922', 'http://www.gutenberg.org/ebooks/53922.epub.images', 'application/epub+zip' );
INSERT INTO files ( gid, file, mime ) VALUES ( '53922', 'http://www.gutenberg.org/ebooks/53922.epub.noimages', 'application/epub+zip' );
INSERT INTO files ( gid, file, mime ) VALUES ( '53922', 'http://www.gutenberg.org/ebooks/53922.html.images', 'text/html' );
INSERT INTO files ( gid, file, mime ) VALUES ( '53922', 'http://www.gutenberg.org/ebooks/53922.html.noimages', 'text/html' );
INSERT INTO files ( gid, file, mime ) VALUES ( '53922', 'http://www.gutenberg.org/ebooks/53922.kindle.images', 'application/x-mobipocket-ebook' );
INSERT INTO files ( gid, file, mime ) VALUES ( '53922', 'http://www.gutenberg.org/ebooks/53922.kindle.noimages', 'application/x-mobipocket-ebook' );
INSERT INTO files ( gid, file, mime ) VALUES ( '53922', 'http://www.gutenberg.org/ebooks/53922.rdf', 'application/rdf+xml' );
INSERT INTO files ( gid, file, mime ) VALUES ( '53922', 'http://www.gutenberg.org/ebooks/53922.txt.utf-8', 'text/plain' );
INSERT INTO files ( gid, file, mime ) VALUES ( '53922', 'http://www.gutenberg.org/files/53922/53922-8.txt', 'text/plain; charset=iso-8859-1' );
INSERT INTO files ( gid, file, mime ) VALUES ( '53922', 'http://www.gutenberg.org/files/53922/53922-8.zip', 'application/ziptext/plain; charset=iso-8859-1' );
INSERT INTO titles ( gid, title, author, language, rights ) VALUES ( '54022', 'Dorothy Dale in the West', 'Penrose, Margaret', 'en', 'Public domain in the USA.' );
INSERT INTO classifications ( gid, classification ) VALUES ( '54022', 'PZ' );
INSERT INTO subjects ( gid, subject ) VALUES ( '54022', 'Ranch life -- Juvenile fiction' );
INSERT INTO subjects ( gid, subject ) VALUES ( '54022', 'Families -- Juvenile fiction' );
INSERT INTO subjects ( gid, subject ) VALUES ( '54022', 'Colorado -- Juvenile fiction' );
INSERT INTO subjects ( gid, subject ) VALUES ( '54022', 'West (U.S.) -- Juvenile fiction' );
INSERT INTO subjects ( gid, subject ) VALUES ( '54022', 'Friendship -- Juvenile fiction' );
INSERT INTO files ( gid, file, mime ) VALUES ( '54022', 'http://www.gutenberg.org/cache/epub/54022/pg54022.cover.medium.jpg', 'image/jpeg' );
INSERT INTO files ( gid, file, mime ) VALUES ( '54022', 'http://www.gutenberg.org/cache/epub/54022/pg54022.cover.small.jpg', 'image/jpeg' );
INSERT INTO files ( gid, file, mime ) VALUES ( '54022', 'http://www.gutenberg.org/ebooks/54022.epub.images', 'application/epub+zip' );
INSERT INTO files ( gid, file, mime ) VALUES ( '54022', 'http://www.gutenberg.org/ebooks/54022.epub.noimages', 'application/epub+zip' );
INSERT INTO files ( gid, file, mime ) VALUES ( '54022', 'http://www.gutenberg.org/ebooks/54022.kindle.images', 'application/x-mobipocket-ebook' );
INSERT INTO files ( gid, file, mime ) VALUES ( '54022', 'http://www.gutenberg.org/ebooks/54022.kindle.noimages', 'application/x-mobipocket-ebook' );
INSERT INTO files ( gid, file, mime ) VALUES ( '54022', 'http://www.gutenberg.org/ebooks/54022.rdf', 'application/rdf+xml' );
INSERT INTO files ( gid, file, mime ) VALUES ( '54022', 'http://www.gutenberg.org/files/54022/54022-0.txt', 'text/plain; charset=utf-8' );
INSERT INTO files ( gid, file, mime ) VALUES ( '54022', 'http://www.gutenberg.org/files/54022/54022-0.zip', 'application/ziptext/plain; charset=utf-8' );
INSERT INTO files ( gid, file, mime ) VALUES ( '54022', 'http://www.gutenberg.org/files/54022/54022-h.zip', 'application/ziptext/html; charset=utf-8' );
INSERT INTO files ( gid, file, mime ) VALUES ( '54022', 'http://www.gutenberg.org/files/54022/54022-h/54022-h.htm', 'text/html; charset=utf-8' );
INSERT INTO titles ( gid, title, author, language, rights ) VALUES ( '54122', 'Squire Arden; volume 2 of 3', 'Oliphant, Mrs. (Margaret)', 'en', 'Public domain in the USA.' );
INSERT INTO classifications ( gid, classification ) VALUES ( '54122', 'PR' );
INSERT INTO subjects ( gid, subject ) VALUES ( '54122', 'Inheritance and succession -- Fiction' );
INSERT INTO subjects ( gid, subject ) VALUES ( '54122', 'England -- Fiction' );
INSERT INTO subjects ( gid, subject ) VALUES ( '54122', 'Landowners -- Fiction' );
INSERT INTO subjects ( gid, subject ) VALUES ( '54122', 'Families -- Fiction' );
INSERT INTO files ( gid, file, mime ) VALUES ( '54122', 'http://www.gutenberg.org/cache/epub/54122/pg54122.cover.medium.jpg', 'image/jpeg' );
INSERT INTO files ( gid, file, mime ) VALUES ( '54122', 'http://www.gutenberg.org/cache/epub/54122/pg54122.cover.small.jpg', 'image/jpeg' );
INSERT INTO files ( gid, file, mime ) VALUES ( '54122', 'http://www.gutenberg.org/ebooks/54122.epub.images', 'application/epub+zip' );
INSERT INTO files ( gid, file, mime ) VALUES ( '54122', 'http://www.gutenberg.org/ebooks/54122.epub.noimages', 'application/epub+zip' );
INSERT INTO files ( gid, file, mime ) VALUES ( '54122', 'http://www.gutenberg.org/ebooks/54122.kindle.images', 'application/x-mobipocket-ebook' );
INSERT INTO files ( gid, file, mime ) VALUES ( '54122', 'http://www.gutenberg.org/ebooks/54122.kindle.noimages', 'application/x-mobipocket-ebook' );
INSERT INTO files ( gid, file, mime ) VALUES ( '54122', 'http://www.gutenberg.org/ebooks/54122.rdf', 'application/rdf+xml' );
INSERT INTO files ( gid, file, mime ) VALUES ( '54122', 'http://www.gutenberg.org/files/54122/54122-0.txt', 'text/plain; charset=utf-8' );
INSERT INTO files ( gid, file, mime ) VALUES ( '54122', 'http://www.gutenberg.org/files/54122/54122-0.zip', 'text/plain; charset=utf-8application/zip' );
INSERT INTO files ( gid, file, mime ) VALUES ( '54122', 'http://www.gutenberg.org/files/54122/54122-h.zip', 'application/ziptext/html; charset=utf-8' );
INSERT INTO files ( gid, file, mime ) VALUES ( '54122', 'http://www.gutenberg.org/files/54122/54122-h/54122-h.htm', 'text/html; charset=utf-8' );
INSERT INTO titles ( gid, title, author, language, rights ) VALUES ( '54222', 'Blood and Sand', 'Blasco Ibáñez, Vicente', 'en', 'Public domain in the USA.' );
INSERT INTO classifications ( gid, classification ) VALUES ( '54222', 'PQ' );
INSERT INTO subjects ( gid, subject ) VALUES ( '54222', 'Bullfighters -- Fiction' );
INSERT INTO files ( gid, file, mime ) VALUES ( '54222', 'http://www.gutenberg.org/cache/epub/54222/pg54222.cover.medium.jpg', 'image/jpeg' );
INSERT INTO files ( gid, file, mime ) VALUES ( '54222', 'http://www.gutenberg.org/cache/epub/54222/pg54222.cover.small.jpg', 'image/jpeg' );
INSERT INTO files ( gid, file, mime ) VALUES ( '54222', 'http://www.gutenberg.org/ebooks/54222.epub.images', 'application/epub+zip' );
INSERT INTO files ( gid, file, mime ) VALUES ( '54222', 'http://www.gutenberg.org/ebooks/54222.epub.noimages', 'application/epub+zip' );
INSERT INTO files ( gid, file, mime ) VALUES ( '54222', 'http://www.gutenberg.org/ebooks/54222.kindle.images', 'application/x-mobipocket-ebook' );
INSERT INTO files ( gid, file, mime ) VALUES ( '54222', 'http://www.gutenberg.org/ebooks/54222.kindle.noimages', 'application/x-mobipocket-ebook' );
INSERT INTO files ( gid, file, mime ) VALUES ( '54222', 'http://www.gutenberg.org/ebooks/54222.rdf', 'application/rdf+xml' );
INSERT INTO files ( gid, file, mime ) VALUES ( '54222', 'http://www.gutenberg.org/ebooks/54222.txt.utf-8', 'text/plain' );
INSERT INTO files ( gid, file, mime ) VALUES ( '54222', 'http://www.gutenberg.org/files/54222/54222-8.txt', 'text/plain; charset=iso-8859-1' );
INSERT INTO files ( gid, file, mime ) VALUES ( '54222', 'http://www.gutenberg.org/files/54222/54222-8.zip', 'application/ziptext/plain; charset=iso-8859-1' );
INSERT INTO files ( gid, file, mime ) VALUES ( '54222', 'http://www.gutenberg.org/files/54222/54222-h.zip', 'application/ziptext/html' );
INSERT INTO files ( gid, file, mime ) VALUES ( '54222', 'http://www.gutenberg.org/files/54222/54222-h/54222-h.htm', 'text/html' );
INSERT INTO files ( gid, file, mime ) VALUES ( '54222', 'http://www.gutenberg.org/files/54222/54222.txt', 'text/plain; charset=us-ascii' );
INSERT INTO files ( gid, file, mime ) VALUES ( '54222', 'http://www.gutenberg.org/files/54222/54222.zip', 'application/ziptext/plain; charset=us-ascii' );
INSERT INTO titles ( gid, title, author, language, rights ) VALUES ( '5422', 'The Masquerader', 'Thurston, Katherine Cecil', 'en', 'Public domain in the USA.' );
INSERT INTO classifications ( gid, classification ) VALUES ( '5422', 'PR' );
INSERT INTO subjects ( gid, subject ) VALUES ( '5422', 'Husband and wife -- Fiction' );
INSERT INTO subjects ( gid, subject ) VALUES ( '5422', 'Legislators -- Fiction' );
INSERT INTO subjects ( gid, subject ) VALUES ( '5422', 'Success -- Fiction' );
INSERT INTO subjects ( gid, subject ) VALUES ( '5422', 'Cousins -- Fiction' );
INSERT INTO subjects ( gid, subject ) VALUES ( '5422', 'Impersonation -- Fiction' );
INSERT INTO files ( gid, file, mime ) VALUES ( '5422', 'http://www.gutenberg.org/ebooks/5422.epub.images', 'application/epub+zip' );
INSERT INTO files ( gid, file, mime ) VALUES ( '5422', 'http://www.gutenberg.org/ebooks/5422.epub.noimages', 'application/epub+zip' );
INSERT INTO files ( gid, file, mime ) VALUES ( '5422', 'http://www.gutenberg.org/ebooks/5422.kindle.images', 'application/x-mobipocket-ebook' );
INSERT INTO files ( gid, file, mime ) VALUES ( '5422', 'http://www.gutenberg.org/ebooks/5422.kindle.noimages', 'application/x-mobipocket-ebook' );
INSERT INTO files ( gid, file, mime ) VALUES ( '5422', 'http://www.gutenberg.org/ebooks/5422.rdf', 'application/rdf+xml' );
INSERT INTO files ( gid, file, mime ) VALUES ( '5422', 'http://www.gutenberg.org/files/5422/5422-0.txt', 'text/plain; charset=utf-8' );
INSERT INTO files ( gid, file, mime ) VALUES ( '5422', 'http://www.gutenberg.org/files/5422/5422-0.zip', 'application/ziptext/plain; charset=utf-8' );
INSERT INTO files ( gid, file, mime ) VALUES ( '5422', 'http://www.gutenberg.org/files/5422/5422-h.zip', 'text/html; charset=utf-8application/zip' );
INSERT INTO files ( gid, file, mime ) VALUES ( '5422', 'http://www.gutenberg.org/files/5422/5422-h/5422-h.htm', 'text/html; charset=utf-8' );
INSERT INTO files ( gid, file, mime ) VALUES ( '5422', 'http://www.gutenberg.org/files/5422/5422.txt', 'text/plain; charset=us-ascii' );
INSERT INTO files ( gid, file, mime ) VALUES ( '5422', 'http://www.gutenberg.org/files/5422/5422.zip', 'text/plain; charset=us-asciiapplication/zip' );
INSERT INTO titles ( gid, title, author, language, rights ) VALUES ( '54322', 'Norwich: A Sketch Book', 'Cole, Elsie Vera', 'en', 'Public domain in the USA.' );
INSERT INTO classifications ( gid, classification ) VALUES ( '54322', 'NC' );
INSERT INTO classifications ( gid, classification ) VALUES ( '54322', 'DA' );
INSERT INTO subjects ( gid, subject ) VALUES ( '54322', 'Norwich (England) -- Pictorial works' );
INSERT INTO files ( gid, file, mime ) VALUES ( '54322', 'http://www.gutenberg.org/cache/epub/54322/pg54322.cover.medium.jpg', 'image/jpeg' );
INSERT INTO files ( gid, file, mime ) VALUES ( '54322', 'http://www.gutenberg.org/cache/epub/54322/pg54322.cover.small.jpg', 'image/jpeg' );
INSERT INTO files ( gid, file, mime ) VALUES ( '54322', 'http://www.gutenberg.org/ebooks/54322.epub.images', 'application/epub+zip' );
INSERT INTO files ( gid, file, mime ) VALUES ( '54322', 'http://www.gutenberg.org/ebooks/54322.epub.noimages', 'application/epub+zip' );
INSERT INTO files ( gid, file, mime ) VALUES ( '54322', 'http://www.gutenberg.org/ebooks/54322.kindle.images', 'application/x-mobipocket-ebook' );
INSERT INTO files ( gid, file, mime ) VALUES ( '54322', 'http://www.gutenberg.org/ebooks/54322.kindle.noimages', 'application/x-mobipocket-ebook' );
INSERT INTO files ( gid, file, mime ) VALUES ( '54322', 'http://www.gutenberg.org/ebooks/54322.rdf', 'application/rdf+xml' );
INSERT INTO files ( gid, file, mime ) VALUES ( '54322', 'http://www.gutenberg.org/ebooks/54322.txt.utf-8', 'text/plain' );
INSERT INTO files ( gid, file, mime ) VALUES ( '54322', 'http://www.gutenberg.org/files/54322/54322-h.zip', 'application/ziptext/html; charset=iso-8859-1' );
INSERT INTO files ( gid, file, mime ) VALUES ( '54322', 'http://www.gutenberg.org/files/54322/54322-h/54322-h.htm', 'text/html; charset=iso-8859-1' );
INSERT INTO files ( gid, file, mime ) VALUES ( '54322', 'http://www.gutenberg.org/files/54322/54322.txt', 'text/plain; charset=us-ascii' );
INSERT INTO files ( gid, file, mime ) VALUES ( '54322', 'http://www.gutenberg.org/files/54322/54322.zip', 'text/plain; charset=us-asciiapplication/zip' );
INSERT INTO titles ( gid, title, author, language, rights ) VALUES ( '54422', 'Californische Skizzen', 'Gerstäcker, Friedrich', 'de', 'Public domain in the USA.' );
INSERT INTO subjects ( gid, subject ) VALUES ( '54422', 'Business -- California' );
INSERT INTO subjects ( gid, subject ) VALUES ( '54422', 'California -- Description and travel' );
INSERT INTO subjects ( gid, subject ) VALUES ( '54422', 'California' );
INSERT INTO subjects ( gid, subject ) VALUES ( '54422', 'F850.5' );
INSERT INTO subjects ( gid, subject ) VALUES ( '54422', 'Real estate development -- California' );
INSERT INTO subjects ( gid, subject ) VALUES ( '54422', 'Urbanization -- California' );
INSERT INTO subjects ( gid, subject ) VALUES ( '54422', 'Ethnic groups -- California' );
INSERT INTO subjects ( gid, subject ) VALUES ( '54422', 'California -- Gold discoveries' );
INSERT INTO files ( gid, file, mime ) VALUES ( '54422', 'http://www.gutenberg.org/cache/epub/54422/pg54422.cover.medium.jpg', 'image/jpeg' );
INSERT INTO files ( gid, file, mime ) VALUES ( '54422', 'http://www.gutenberg.org/cache/epub/54422/pg54422.cover.small.jpg', 'image/jpeg' );
INSERT INTO files ( gid, file, mime ) VALUES ( '54422', 'http://www.gutenberg.org/ebooks/54422.epub.images', 'application/epub+zip' );
INSERT INTO files ( gid, file, mime ) VALUES ( '54422', 'http://www.gutenberg.org/ebooks/54422.epub.noimages', 'application/epub+zip' );
INSERT INTO files ( gid, file, mime ) VALUES ( '54422', 'http://www.gutenberg.org/ebooks/54422.kindle.images', 'application/x-mobipocket-ebook' );
INSERT INTO files ( gid, file, mime ) VALUES ( '54422', 'http://www.gutenberg.org/ebooks/54422.kindle.noimages', 'application/x-mobipocket-ebook' );
INSERT INTO files ( gid, file, mime ) VALUES ( '54422', 'http://www.gutenberg.org/ebooks/54422.rdf', 'application/rdf+xml' );
INSERT INTO files ( gid, file, mime ) VALUES ( '54422', 'http://www.gutenberg.org/files/54422/54422-0.txt', 'text/plain; charset=utf-8' );
INSERT INTO files ( gid, file, mime ) VALUES ( '54422', 'http://www.gutenberg.org/files/54422/54422-0.zip', 'application/ziptext/plain; charset=utf-8' );
INSERT INTO files ( gid, file, mime ) VALUES ( '54422', 'http://www.gutenberg.org/files/54422/54422-h.zip', 'application/ziptext/html; charset=utf-8' );
INSERT INTO files ( gid, file, mime ) VALUES ( '54422', 'http://www.gutenberg.org/files/54422/54422-h/54422-h.htm', 'text/html; charset=utf-8' );
INSERT INTO titles ( gid, title, author, language, rights ) VALUES ( '54522', 'La Muerte Del Cisne', 'Reyles, Carlos', 'es', 'Public domain in the USA.' );
INSERT INTO classifications ( gid, classification ) VALUES ( '54522', 'PQ' );
INSERT INTO subjects ( gid, subject ) VALUES ( '54522', 'Essays' );
INSERT INTO files ( gid, file, mime ) VALUES ( '54522', 'http://www.gutenberg.org/cache/epub/54522/pg54522.cover.medium.jpg', 'image/jpeg' );
INSERT INTO files ( gid, file, mime ) VALUES ( '54522', 'http://www.gutenberg.org/cache/epub/54522/pg54522.cover.small.jpg', 'image/jpeg' );
INSERT INTO files ( gid, file, mime ) VALUES ( '54522', 'http://www.gutenberg.org/ebooks/54522.epub.images', 'application/epub+zip' );
INSERT INTO files ( gid, file, mime ) VALUES ( '54522', 'http://www.gutenberg.org/ebooks/54522.epub.noimages', 'application/epub+zip' );
INSERT INTO files ( gid, file, mime ) VALUES ( '54522', 'http://www.gutenberg.org/ebooks/54522.kindle.images', 'application/x-mobipocket-ebook' );
INSERT INTO files ( gid, file, mime ) VALUES ( '54522', 'http://www.gutenberg.org/ebooks/54522.kindle.noimages', 'application/x-mobipocket-ebook' );
INSERT INTO files ( gid, file, mime ) VALUES ( '54522', 'http://www.gutenberg.org/ebooks/54522.rdf', 'application/rdf+xml' );
INSERT INTO files ( gid, file, mime ) VALUES ( '54522', 'http://www.gutenberg.org/ebooks/54522.txt.utf-8', 'text/plain' );
INSERT INTO files ( gid, file, mime ) VALUES ( '54522', 'http://www.gutenberg.org/files/54522/54522-8.txt', 'text/plain; charset=iso-8859-1' );
INSERT INTO files ( gid, file, mime ) VALUES ( '54522', 'http://www.gutenberg.org/files/54522/54522-8.zip', 'application/ziptext/plain; charset=iso-8859-1' );
INSERT INTO files ( gid, file, mime ) VALUES ( '54522', 'http://www.gutenberg.org/files/54522/54522-h.zip', 'text/html; charset=iso-8859-1application/zip' );
INSERT INTO files ( gid, file, mime ) VALUES ( '54522', 'http://www.gutenberg.org/files/54522/54522-h/54522-h.htm', 'text/html; charset=iso-8859-1' );
INSERT INTO titles ( gid, title, author, language, rights ) VALUES ( '54622', 'Reports Relating to the Sanitary Condition of the City of London', 'Simon, John', 'en', 'Public domain in the USA.' );
INSERT INTO classifications ( gid, classification ) VALUES ( '54622', 'RA' );
INSERT INTO subjects ( gid, subject ) VALUES ( '54622', 'Cemeteries -- England -- London' );
INSERT INTO subjects ( gid, subject ) VALUES ( '54622', 'Sanitation -- England -- London' );
INSERT INTO subjects ( gid, subject ) VALUES ( '54622', 'Mortality -- Statistics' );
INSERT INTO files ( gid, file, mime ) VALUES ( '54622', 'http://www.gutenberg.org/cache/epub/54622/pg54622.cover.medium.jpg', 'image/jpeg' );
INSERT INTO files ( gid, file, mime ) VALUES ( '54622', 'http://www.gutenberg.org/cache/epub/54622/pg54622.cover.small.jpg', 'image/jpeg' );
INSERT INTO files ( gid, file, mime ) VALUES ( '54622', 'http://www.gutenberg.org/ebooks/54622.epub.images', 'application/epub+zip' );
INSERT INTO files ( gid, file, mime ) VALUES ( '54622', 'http://www.gutenberg.org/ebooks/54622.epub.noimages', 'application/epub+zip' );
INSERT INTO files ( gid, file, mime ) VALUES ( '54622', 'http://www.gutenberg.org/ebooks/54622.kindle.images', 'application/x-mobipocket-ebook' );
INSERT INTO files ( gid, file, mime ) VALUES ( '54622', 'http://www.gutenberg.org/ebooks/54622.kindle.noimages', 'application/x-mobipocket-ebook' );
INSERT INTO files ( gid, file, mime ) VALUES ( '54622', 'http://www.gutenberg.org/ebooks/54622.rdf', 'application/rdf+xml' );
INSERT INTO files ( gid, file, mime ) VALUES ( '54622', 'http://www.gutenberg.org/files/54622/54622-0.txt', 'text/plain; charset=utf-8' );
INSERT INTO files ( gid, file, mime ) VALUES ( '54622', 'http://www.gutenberg.org/files/54622/54622-0.zip', 'text/plain; charset=utf-8application/zip' );
INSERT INTO files ( gid, file, mime ) VALUES ( '54622', 'http://www.gutenberg.org/files/54622/54622-h.zip', 'text/html; charset=iso-8859-1application/zip' );
INSERT INTO files ( gid, file, mime ) VALUES ( '54622', 'http://www.gutenberg.org/files/54622/54622-h/54622-h.htm', 'text/html; charset=iso-8859-1' );
INSERT INTO titles ( gid, title, author, language, rights ) VALUES ( '54722', 'The Irish Penny Journal, Vol. 1 No. 31, January 30, 1841', 'Various', 'en', 'Public domain in the USA.' );
INSERT INTO classifications ( gid, classification ) VALUES ( '54722', 'DA' );
INSERT INTO subjects ( gid, subject ) VALUES ( '54722', 'Ireland -- Periodicals' );
INSERT INTO files ( gid, file, mime ) VALUES ( '54722', 'http://www.gutenberg.org/cache/epub/54722/pg54722.cover.medium.jpg', 'image/jpeg' );
INSERT INTO files ( gid, file, mime ) VALUES ( '54722', 'http://www.gutenberg.org/cache/epub/54722/pg54722.cover.small.jpg', 'image/jpeg' );
INSERT INTO files ( gid, file, mime ) VALUES ( '54722', 'http://www.gutenberg.org/ebooks/54722.epub.images', 'application/epub+zip' );
INSERT INTO files ( gid, file, mime ) VALUES ( '54722', 'http://www.gutenberg.org/ebooks/54722.epub.noimages', 'application/epub+zip' );
INSERT INTO files ( gid, file, mime ) VALUES ( '54722', 'http://www.gutenberg.org/ebooks/54722.kindle.images', 'application/x-mobipocket-ebook' );
INSERT INTO files ( gid, file, mime ) VALUES ( '54722', 'http://www.gutenberg.org/ebooks/54722.kindle.noimages', 'application/x-mobipocket-ebook' );
INSERT INTO files ( gid, file, mime ) VALUES ( '54722', 'http://www.gutenberg.org/ebooks/54722.rdf', 'application/rdf+xml' );
INSERT INTO files ( gid, file, mime ) VALUES ( '54722', 'http://www.gutenberg.org/files/54722/54722-0.txt', 'text/plain; charset=utf-8' );
INSERT INTO files ( gid, file, mime ) VALUES ( '54722', 'http://www.gutenberg.org/files/54722/54722-0.zip', 'text/plain; charset=utf-8application/zip' );
INSERT INTO files ( gid, file, mime ) VALUES ( '54722', 'http://www.gutenberg.org/files/54722/54722-h.zip', 'application/ziptext/html; charset=utf-8' );
INSERT INTO files ( gid, file, mime ) VALUES ( '54722', 'http://www.gutenberg.org/files/54722/54722-h/54722-h.htm', 'text/html; charset=utf-8' );
INSERT INTO titles ( gid, title, author, language, rights ) VALUES ( '54822', 'A Roadside Harp: A Book of Verses', 'Guiney, Louise Imogen', 'en', 'Public domain in the USA.' );
INSERT INTO classifications ( gid, classification ) VALUES ( '54822', 'PS' );
INSERT INTO subjects ( gid, subject ) VALUES ( '54822', 'American poetry -- 19th century' );
INSERT INTO files ( gid, file, mime ) VALUES ( '54822', 'http://www.gutenberg.org/cache/epub/54822/pg54822.cover.medium.jpg', 'image/jpeg' );
INSERT INTO files ( gid, file, mime ) VALUES ( '54822', 'http://www.gutenberg.org/cache/epub/54822/pg54822.cover.small.jpg', 'image/jpeg' );
INSERT INTO files ( gid, file, mime ) VALUES ( '54822', 'http://www.gutenberg.org/ebooks/54822.epub.images', 'application/epub+zip' );
INSERT INTO files ( gid, file, mime ) VALUES ( '54822', 'http://www.gutenberg.org/ebooks/54822.epub.noimages', 'application/epub+zip' );
INSERT INTO files ( gid, file, mime ) VALUES ( '54822', 'http://www.gutenberg.org/ebooks/54822.kindle.images', 'application/x-mobipocket-ebook' );
INSERT INTO files ( gid, file, mime ) VALUES ( '54822', 'http://www.gutenberg.org/ebooks/54822.kindle.noimages', 'application/x-mobipocket-ebook' );
INSERT INTO files ( gid, file, mime ) VALUES ( '54822', 'http://www.gutenberg.org/ebooks/54822.rdf', 'application/rdf+xml' );
INSERT INTO files ( gid, file, mime ) VALUES ( '54822', 'http://www.gutenberg.org/files/54822/54822-0.txt', 'text/plain; charset=utf-8' );
INSERT INTO files ( gid, file, mime ) VALUES ( '54822', 'http://www.gutenberg.org/files/54822/54822-0.zip', 'application/ziptext/plain; charset=utf-8' );
INSERT INTO files ( gid, file, mime ) VALUES ( '54822', 'http://www.gutenberg.org/files/54822/54822-h.zip', 'application/ziptext/html' );
INSERT INTO files ( gid, file, mime ) VALUES ( '54822', 'http://www.gutenberg.org/files/54822/54822-h/54822-h.htm', 'text/html' );
INSERT INTO titles ( gid, title, author, language, rights ) VALUES ( '54922', 'In Wildest Africa, Vol. 1', 'Schillings, C. G. (Carl Georg)', 'en', 'Public domain in the USA.' );
INSERT INTO classifications ( gid, classification ) VALUES ( '54922', 'SK' );
INSERT INTO subjects ( gid, subject ) VALUES ( '54922', 'Nature photography' );
INSERT INTO subjects ( gid, subject ) VALUES ( '54922', 'Hunting -- Africa' );
INSERT INTO subjects ( gid, subject ) VALUES ( '54922', 'Natural history -- Africa' );
INSERT INTO subjects ( gid, subject ) VALUES ( '54922', 'Africa, Central -- Description and travel' );
INSERT INTO files ( gid, file, mime ) VALUES ( '54922', 'http://www.gutenberg.org/cache/epub/54922/pg54922.cover.medium.jpg', 'image/jpeg' );
INSERT INTO files ( gid, file, mime ) VALUES ( '54922', 'http://www.gutenberg.org/cache/epub/54922/pg54922.cover.small.jpg', 'image/jpeg' );
INSERT INTO files ( gid, file, mime ) VALUES ( '54922', 'http://www.gutenberg.org/ebooks/54922.epub.images', 'application/epub+zip' );
INSERT INTO files ( gid, file, mime ) VALUES ( '54922', 'http://www.gutenberg.org/ebooks/54922.epub.noimages', 'application/epub+zip' );
INSERT INTO files ( gid, file, mime ) VALUES ( '54922', 'http://www.gutenberg.org/ebooks/54922.kindle.images', 'application/x-mobipocket-ebook' );
INSERT INTO files ( gid, file, mime ) VALUES ( '54922', 'http://www.gutenberg.org/ebooks/54922.kindle.noimages', 'application/x-mobipocket-ebook' );
INSERT INTO files ( gid, file, mime ) VALUES ( '54922', 'http://www.gutenberg.org/ebooks/54922.rdf', 'application/rdf+xml' );
INSERT INTO files ( gid, file, mime ) VALUES ( '54922', 'http://www.gutenberg.org/files/54922/54922-0.txt', 'text/plain; charset=utf-8' );
INSERT INTO files ( gid, file, mime ) VALUES ( '54922', 'http://www.gutenberg.org/files/54922/54922-0.zip', 'text/plain; charset=utf-8application/zip' );
INSERT INTO files ( gid, file, mime ) VALUES ( '54922', 'http://www.gutenberg.org/files/54922/54922-h.zip', 'text/html; charset=utf-8application/zip' );
INSERT INTO files ( gid, file, mime ) VALUES ( '54922', 'http://www.gutenberg.org/files/54922/54922-h/54922-h.htm', 'text/html; charset=utf-8' );
INSERT INTO titles ( gid, title, author, language, rights ) VALUES ( '12922', 'Burke', 'Morley, John', 'en', 'Public domain in the USA.' );
INSERT INTO classifications ( gid, classification ) VALUES ( '12922', 'DA' );
INSERT INTO subjects ( gid, subject ) VALUES ( '12922', 'Orators -- Great Britain -- Biography' );
INSERT INTO subjects ( gid, subject ) VALUES ( '12922', 'Statesmen -- Great Britain -- Biography' );
INSERT INTO subjects ( gid, subject ) VALUES ( '12922', 'Great Britain -- Politics and government -- 18th century' );
INSERT INTO subjects ( gid, subject ) VALUES ( '12922', 'Burke, Edmund, 1729-1797' );
INSERT INTO subjects ( gid, subject ) VALUES ( '12922', 'Political scientists -- Great Britain -- Biography' );
INSERT INTO files ( gid, file, mime ) VALUES ( '12922', 'http://www.gutenberg.org/ebooks/12922.epub.images', 'application/epub+zip' );
INSERT INTO files ( gid, file, mime ) VALUES ( '12922', 'http://www.gutenberg.org/ebooks/12922.epub.noimages', 'application/epub+zip' );
INSERT INTO files ( gid, file, mime ) VALUES ( '12922', 'http://www.gutenberg.org/ebooks/12922.html.images', 'text/html' );
INSERT INTO files ( gid, file, mime ) VALUES ( '12922', 'http://www.gutenberg.org/ebooks/12922.html.noimages', 'text/html' );
INSERT INTO files ( gid, file, mime ) VALUES ( '12922', 'http://www.gutenberg.org/ebooks/12922.kindle.images', 'application/x-mobipocket-ebook' );
INSERT INTO files ( gid, file, mime ) VALUES ( '12922', 'http://www.gutenberg.org/ebooks/12922.kindle.noimages', 'application/x-mobipocket-ebook' );
INSERT INTO files ( gid, file, mime ) VALUES ( '12922', 'http://www.gutenberg.org/ebooks/12922.rdf', 'application/rdf+xml' );
INSERT INTO files ( gid, file, mime ) VALUES ( '12922', 'http://www.gutenberg.org/ebooks/12922.txt.utf-8', 'text/plain' );
INSERT INTO files ( gid, file, mime ) VALUES ( '12922', 'http://www.gutenberg.org/files/12922/12922-8.txt', 'text/plain; charset=iso-8859-1' );
INSERT INTO files ( gid, file, mime ) VALUES ( '12922', 'http://www.gutenberg.org/files/12922/12922-8.zip', 'text/plain; charset=iso-8859-1application/zip' );
INSERT INTO files ( gid, file, mime ) VALUES ( '12922', 'http://www.gutenberg.org/files/12922/12922.txt', 'text/plain; charset=us-ascii' );
INSERT INTO files ( gid, file, mime ) VALUES ( '12922', 'http://www.gutenberg.org/files/12922/12922.zip', 'application/ziptext/plain; charset=us-ascii' );
INSERT INTO titles ( gid, title, author, language, rights ) VALUES ( '13022', 'My Book of Indoor Games', 'Squareman, Clarence', 'en', 'Public domain in the USA.' );
INSERT INTO classifications ( gid, classification ) VALUES ( '13022', 'GV' );
INSERT INTO subjects ( gid, subject ) VALUES ( '13022', 'Games' );
INSERT INTO files ( gid, file, mime ) VALUES ( '13022', 'http://www.gutenberg.org/cache/epub/13022/pg13022.cover.medium.jpg', 'image/jpeg' );
INSERT INTO files ( gid, file, mime ) VALUES ( '13022', 'http://www.gutenberg.org/cache/epub/13022/pg13022.cover.small.jpg', 'image/jpeg' );
INSERT INTO files ( gid, file, mime ) VALUES ( '13022', 'http://www.gutenberg.org/ebooks/13022.epub.images', 'application/epub+zip' );
INSERT INTO files ( gid, file, mime ) VALUES ( '13022', 'http://www.gutenberg.org/ebooks/13022.epub.noimages', 'application/epub+zip' );
INSERT INTO files ( gid, file, mime ) VALUES ( '13022', 'http://www.gutenberg.org/ebooks/13022.kindle.images', 'application/x-mobipocket-ebook' );
INSERT INTO files ( gid, file, mime ) VALUES ( '13022', 'http://www.gutenberg.org/ebooks/13022.kindle.noimages', 'application/x-mobipocket-ebook' );
INSERT INTO files ( gid, file, mime ) VALUES ( '13022', 'http://www.gutenberg.org/ebooks/13022.rdf', 'application/rdf+xml' );
INSERT INTO files ( gid, file, mime ) VALUES ( '13022', 'http://www.gutenberg.org/ebooks/13022.txt.utf-8', 'text/plain' );
INSERT INTO files ( gid, file, mime ) VALUES ( '13022', 'http://www.gutenberg.org/files/13022/13022-h.zip', 'text/html; charset=iso-8859-1application/zip' );
INSERT INTO files ( gid, file, mime ) VALUES ( '13022', 'http://www.gutenberg.org/files/13022/13022-h/13022-h.htm', 'text/html; charset=iso-8859-1' );
INSERT INTO files ( gid, file, mime ) VALUES ( '13022', 'http://www.gutenberg.org/files/13022/13022.txt', 'text/plain; charset=us-ascii' );
INSERT INTO files ( gid, file, mime ) VALUES ( '13022', 'http://www.gutenberg.org/files/13022/13022.zip', 'text/plain; charset=us-asciiapplication/zip' );
INSERT INTO titles ( gid, title, author, language, rights ) VALUES ( '55022', 'The Brain of an Army: A Popular Account of the German General Staff', 'Wilkinson, Spenser', 'en', 'Public domain in the USA.' );
INSERT INTO classifications ( gid, classification ) VALUES ( '55022', 'UB' );
INSERT INTO subjects ( gid, subject ) VALUES ( '55022', 'Prussia (Germany). Armee. Grosser Generalstab' );
INSERT INTO files ( gid, file, mime ) VALUES ( '55022', 'http://www.gutenberg.org/cache/epub/55022/pg55022.cover.medium.jpg', 'image/jpeg' );
INSERT INTO files ( gid, file, mime ) VALUES ( '55022', 'http://www.gutenberg.org/cache/epub/55022/pg55022.cover.small.jpg', 'image/jpeg' );
INSERT INTO files ( gid, file, mime ) VALUES ( '55022', 'http://www.gutenberg.org/ebooks/55022.epub.images', 'application/epub+zip' );
INSERT INTO files ( gid, file, mime ) VALUES ( '55022', 'http://www.gutenberg.org/ebooks/55022.epub.noimages', 'application/epub+zip' );
INSERT INTO files ( gid, file, mime ) VALUES ( '55022', 'http://www.gutenberg.org/ebooks/55022.kindle.images', 'application/x-mobipocket-ebook' );
INSERT INTO files ( gid, file, mime ) VALUES ( '55022', 'http://www.gutenberg.org/ebooks/55022.kindle.noimages', 'application/x-mobipocket-ebook' );
INSERT INTO files ( gid, file, mime ) VALUES ( '55022', 'http://www.gutenberg.org/ebooks/55022.rdf', 'application/rdf+xml' );
INSERT INTO files ( gid, file, mime ) VALUES ( '55022', 'http://www.gutenberg.org/ebooks/55022.txt.utf-8', 'text/plain' );
INSERT INTO files ( gid, file, mime ) VALUES ( '55022', 'http://www.gutenberg.org/files/55022/55022-8.txt', 'text/plain; charset=iso-8859-1' );
INSERT INTO files ( gid, file, mime ) VALUES ( '55022', 'http://www.gutenberg.org/files/55022/55022-8.zip', 'application/ziptext/plain; charset=iso-8859-1' );
INSERT INTO files ( gid, file, mime ) VALUES ( '55022', 'http://www.gutenberg.org/files/55022/55022-h.zip', 'text/html; charset=iso-8859-1application/zip' );
INSERT INTO files ( gid, file, mime ) VALUES ( '55022', 'http://www.gutenberg.org/files/55022/55022-h/55022-h.htm', 'text/html; charset=iso-8859-1' );
INSERT INTO titles ( gid, title, author, language, rights ) VALUES ( '55122', 'The Athelings; or, the Three Gifts. Complete', 'Oliphant, Mrs. (Margaret)', 'en', 'Public domain in the USA.' );
INSERT INTO classifications ( gid, classification ) VALUES ( '55122', 'PR' );
INSERT INTO subjects ( gid, subject ) VALUES ( '55122', 'Families -- Fiction' );
INSERT INTO subjects ( gid, subject ) VALUES ( '55122', 'Brothers and sisters -- Fiction' );
INSERT INTO subjects ( gid, subject ) VALUES ( '55122', 'England -- Social life and customs -- 19th century -- Fiction' );
INSERT INTO files ( gid, file, mime ) VALUES ( '55122', 'http://www.gutenberg.org/cache/epub/55122/pg55122.cover.medium.jpg', 'image/jpeg' );
INSERT INTO files ( gid, file, mime ) VALUES ( '55122', 'http://www.gutenberg.org/cache/epub/55122/pg55122.cover.small.jpg', 'image/jpeg' );
INSERT INTO files ( gid, file, mime ) VALUES ( '55122', 'http://www.gutenberg.org/ebooks/55122.epub.images', 'application/epub+zip' );
INSERT INTO files ( gid, file, mime ) VALUES ( '55122', 'http://www.gutenberg.org/ebooks/55122.epub.noimages', 'application/epub+zip' );
INSERT INTO files ( gid, file, mime ) VALUES ( '55122', 'http://www.gutenberg.org/ebooks/55122.kindle.images', 'application/x-mobipocket-ebook' );
INSERT INTO files ( gid, file, mime ) VALUES ( '55122', 'http://www.gutenberg.org/ebooks/55122.kindle.noimages', 'application/x-mobipocket-ebook' );
INSERT INTO files ( gid, file, mime ) VALUES ( '55122', 'http://www.gutenberg.org/ebooks/55122.rdf', 'application/rdf+xml' );
INSERT INTO files ( gid, file, mime ) VALUES ( '55122', 'http://www.gutenberg.org/files/55122/55122-0.txt', 'text/plain; charset=utf-8' );
INSERT INTO files ( gid, file, mime ) VALUES ( '55122', 'http://www.gutenberg.org/files/55122/55122-0.zip', 'text/plain; charset=utf-8application/zip' );
INSERT INTO files ( gid, file, mime ) VALUES ( '55122', 'http://www.gutenberg.org/files/55122/55122-h.zip', 'application/ziptext/html; charset=utf-8' );
INSERT INTO files ( gid, file, mime ) VALUES ( '55122', 'http://www.gutenberg.org/files/55122/55122-h/55122-h.htm', 'text/html; charset=utf-8' );
INSERT INTO titles ( gid, title, author, language, rights ) VALUES ( '55222', 'Misunderstood', 'Montgomery, Florence', 'en', 'Public domain in the USA.' );
INSERT INTO classifications ( gid, classification ) VALUES ( '55222', 'PR' );
INSERT INTO subjects ( gid, subject ) VALUES ( '55222', 'Motherless families -- Fiction' );
INSERT INTO subjects ( gid, subject ) VALUES ( '55222', 'Fathers and sons -- Fiction' );
INSERT INTO subjects ( gid, subject ) VALUES ( '55222', 'Children -- Fiction' );
INSERT INTO subjects ( gid, subject ) VALUES ( '55222', 'Brothers -- Fiction' );
INSERT INTO files ( gid, file, mime ) VALUES ( '55222', 'http://www.gutenberg.org/cache/epub/55222/pg55222.cover.medium.jpg', 'image/jpeg' );
INSERT INTO files ( gid, file, mime ) VALUES ( '55222', 'http://www.gutenberg.org/cache/epub/55222/pg55222.cover.small.jpg', 'image/jpeg' );
INSERT INTO files ( gid, file, mime ) VALUES ( '55222', 'http://www.gutenberg.org/ebooks/55222.epub.images', 'application/epub+zip' );
INSERT INTO files ( gid, file, mime ) VALUES ( '55222', 'http://www.gutenberg.org/ebooks/55222.epub.noimages', 'application/epub+zip' );
INSERT INTO files ( gid, file, mime ) VALUES ( '55222', 'http://www.gutenberg.org/ebooks/55222.kindle.images', 'application/x-mobipocket-ebook' );
INSERT INTO files ( gid, file, mime ) VALUES ( '55222', 'http://www.gutenberg.org/ebooks/55222.kindle.noimages', 'application/x-mobipocket-ebook' );
INSERT INTO files ( gid, file, mime ) VALUES ( '55222', 'http://www.gutenberg.org/ebooks/55222.rdf', 'application/rdf+xml' );
INSERT INTO files ( gid, file, mime ) VALUES ( '55222', 'http://www.gutenberg.org/ebooks/55222.txt.utf-8', 'text/plain' );
INSERT INTO files ( gid, file, mime ) VALUES ( '55222', 'http://www.gutenberg.org/files/55222/55222-8.txt', 'text/plain; charset=iso-8859-1' );
INSERT INTO files ( gid, file, mime ) VALUES ( '55222', 'http://www.gutenberg.org/files/55222/55222-8.zip', 'application/ziptext/plain; charset=iso-8859-1' );
INSERT INTO files ( gid, file, mime ) VALUES ( '55222', 'http://www.gutenberg.org/files/55222/55222-h.zip', 'text/html; charset=iso-8859-1application/zip' );
INSERT INTO files ( gid, file, mime ) VALUES ( '55222', 'http://www.gutenberg.org/files/55222/55222-h/55222-h.htm', 'text/html; charset=iso-8859-1' );
INSERT INTO titles ( gid, title, author, language, rights ) VALUES ( '5522', 'The Bride of the Nile — Volume 06', 'Ebers, Georg', 'en', 'Public domain in the USA.' );
INSERT INTO classifications ( gid, classification ) VALUES ( '5522', 'PT' );
INSERT INTO subjects ( gid, subject ) VALUES ( '5522', 'German fiction -- Translations into English' );
INSERT INTO subjects ( gid, subject ) VALUES ( '5522', 'Egypt -- History -- Fiction' );
INSERT INTO files ( gid, file, mime ) VALUES ( '5522', 'http://www.gutenberg.org/ebooks/5522.epub.images', 'application/epub+zip' );
INSERT INTO files ( gid, file, mime ) VALUES ( '5522', 'http://www.gutenberg.org/ebooks/5522.epub.noimages', 'application/epub+zip' );
INSERT INTO files ( gid, file, mime ) VALUES ( '5522', 'http://www.gutenberg.org/ebooks/5522.html.images', 'text/html' );
INSERT INTO files ( gid, file, mime ) VALUES ( '5522', 'http://www.gutenberg.org/ebooks/5522.html.noimages', 'text/html' );
INSERT INTO files ( gid, file, mime ) VALUES ( '5522', 'http://www.gutenberg.org/ebooks/5522.kindle.images', 'application/x-mobipocket-ebook' );
INSERT INTO files ( gid, file, mime ) VALUES ( '5522', 'http://www.gutenberg.org/ebooks/5522.kindle.noimages', 'application/x-mobipocket-ebook' );
INSERT INTO files ( gid, file, mime ) VALUES ( '5522', 'http://www.gutenberg.org/ebooks/5522.rdf', 'application/rdf+xml' );
INSERT INTO files ( gid, file, mime ) VALUES ( '5522', 'http://www.gutenberg.org/ebooks/5522.txt.utf-8', 'text/plain' );
INSERT INTO files ( gid, file, mime ) VALUES ( '5522', 'http://www.gutenberg.org/files/5522/5522.txt', 'text/plain; charset=us-ascii' );
INSERT INTO files ( gid, file, mime ) VALUES ( '5522', 'http://www.gutenberg.org/files/5522/5522.zip', 'text/plain; charset=us-asciiapplication/zip' );
INSERT INTO titles ( gid, title, author, language, rights ) VALUES ( '55322', 'Neljä naista ristillä: Jännitysromaani', 'Leblanc, Maurice', 'fi', 'Public domain in the USA.' );
INSERT INTO classifications ( gid, classification ) VALUES ( '55322', 'PQ' );
INSERT INTO subjects ( gid, subject ) VALUES ( '55322', 'Lupin, Arsène (Fictitious character) -- Fiction' );
INSERT INTO subjects ( gid, subject ) VALUES ( '55322', 'Detective and mystery stories' );
INSERT INTO subjects ( gid, subject ) VALUES ( '55322', 'Families -- Fiction' );
INSERT INTO subjects ( gid, subject ) VALUES ( '55322', 'Brittany (France) -- Fiction' );
INSERT INTO subjects ( gid, subject ) VALUES ( '55322', 'Kidnapping -- Fiction' );
INSERT INTO files ( gid, file, mime ) VALUES ( '55322', 'http://www.gutenberg.org/ebooks/55322.epub.images', 'application/epub+zip' );
INSERT INTO files ( gid, file, mime ) VALUES ( '55322', 'http://www.gutenberg.org/ebooks/55322.epub.noimages', 'application/epub+zip' );
INSERT INTO files ( gid, file, mime ) VALUES ( '55322', 'http://www.gutenberg.org/ebooks/55322.html.images', 'text/html' );
INSERT INTO files ( gid, file, mime ) VALUES ( '55322', 'http://www.gutenberg.org/ebooks/55322.html.noimages', 'text/html' );
INSERT INTO files ( gid, file, mime ) VALUES ( '55322', 'http://www.gutenberg.org/ebooks/55322.kindle.images', 'application/x-mobipocket-ebook' );
INSERT INTO files ( gid, file, mime ) VALUES ( '55322', 'http://www.gutenberg.org/ebooks/55322.kindle.noimages', 'application/x-mobipocket-ebook' );
INSERT INTO files ( gid, file, mime ) VALUES ( '55322', 'http://www.gutenberg.org/ebooks/55322.rdf', 'application/rdf+xml' );
INSERT INTO files ( gid, file, mime ) VALUES ( '55322', 'http://www.gutenberg.org/ebooks/55322.txt.utf-8', 'text/plain' );
INSERT INTO files ( gid, file, mime ) VALUES ( '55322', 'http://www.gutenberg.org/files/55322/55322-8.txt', 'text/plain; charset=iso-8859-1' );
INSERT INTO files ( gid, file, mime ) VALUES ( '55322', 'http://www.gutenberg.org/files/55322/55322-8.zip', 'text/plain; charset=iso-8859-1application/zip' );
INSERT INTO titles ( gid, title, author, language, rights ) VALUES ( '55422', 'Kuningatar Hanhenjalan ravintola', 'France, Anatole', 'fi', 'Public domain in the USA.' );
INSERT INTO classifications ( gid, classification ) VALUES ( '55422', 'PQ' );
INSERT INTO subjects ( gid, subject ) VALUES ( '55422', 'Picaresque fiction' );
INSERT INTO subjects ( gid, subject ) VALUES ( '55422', 'Mary, of Egypt, Saint -- Fiction' );
INSERT INTO subjects ( gid, subject ) VALUES ( '55422', 'Bildungsromans' );
INSERT INTO subjects ( gid, subject ) VALUES ( '55422', 'Egypt -- Fiction' );
INSERT INTO subjects ( gid, subject ) VALUES ( '55422', 'Christian women saints -- Fiction' );
INSERT INTO files ( gid, file, mime ) VALUES ( '55422', 'http://www.gutenberg.org/ebooks/55422.epub.images', 'application/epub+zip' );
INSERT INTO files ( gid, file, mime ) VALUES ( '55422', 'http://www.gutenberg.org/ebooks/55422.epub.noimages', 'application/epub+zip' );
INSERT INTO files ( gid, file, mime ) VALUES ( '55422', 'http://www.gutenberg.org/ebooks/55422.html.images', 'text/html' );
INSERT INTO files ( gid, file, mime ) VALUES ( '55422', 'http://www.gutenberg.org/ebooks/55422.html.noimages', 'text/html' );
INSERT INTO files ( gid, file, mime ) VALUES ( '55422', 'http://www.gutenberg.org/ebooks/55422.kindle.images', 'application/x-mobipocket-ebook' );
INSERT INTO files ( gid, file, mime ) VALUES ( '55422', 'http://www.gutenberg.org/ebooks/55422.kindle.noimages', 'application/x-mobipocket-ebook' );
INSERT INTO files ( gid, file, mime ) VALUES ( '55422', 'http://www.gutenberg.org/ebooks/55422.rdf', 'application/rdf+xml' );
INSERT INTO files ( gid, file, mime ) VALUES ( '55422', 'http://www.gutenberg.org/ebooks/55422.txt.utf-8', 'text/plain' );
INSERT INTO files ( gid, file, mime ) VALUES ( '55422', 'http://www.gutenberg.org/files/55422/55422-8.txt', 'text/plain; charset=iso-8859-1' );
INSERT INTO files ( gid, file, mime ) VALUES ( '55422', 'http://www.gutenberg.org/files/55422/55422-8.zip', 'application/ziptext/plain; charset=iso-8859-1' );
INSERT INTO titles ( gid, title, author, language, rights ) VALUES ( '55522', 'Leven en streven van L. R. Koolemans Beynen', 'Boissevain, Charles', 'nl', 'Public domain in the USA.' );
INSERT INTO classifications ( gid, classification ) VALUES ( '55522', 'G' );
INSERT INTO subjects ( gid, subject ) VALUES ( '55522', 'Willem Barents (Ship)' );
INSERT INTO subjects ( gid, subject ) VALUES ( '55522', 'Pandora (Ship)' );
INSERT INTO subjects ( gid, subject ) VALUES ( '55522', 'Koolemans Beynen, L. R. (Laurens Reinhart), 1852-1879' );
INSERT INTO subjects ( gid, subject ) VALUES ( '55522', 'Explorers -- Netherlands -- Biography' );
INSERT INTO subjects ( gid, subject ) VALUES ( '55522', 'Arctic regions -- Discovery and exploration' );
INSERT INTO files ( gid, file, mime ) VALUES ( '55522', 'http://www.gutenberg.org/cache/epub/55522/pg55522.cover.medium.jpg', 'image/jpeg' );
INSERT INTO files ( gid, file, mime ) VALUES ( '55522', 'http://www.gutenberg.org/cache/epub/55522/pg55522.cover.small.jpg', 'image/jpeg' );
INSERT INTO files ( gid, file, mime ) VALUES ( '55522', 'http://www.gutenberg.org/ebooks/55522.epub.images', 'application/epub+zip' );
INSERT INTO files ( gid, file, mime ) VALUES ( '55522', 'http://www.gutenberg.org/ebooks/55522.epub.noimages', 'application/epub+zip' );
INSERT INTO files ( gid, file, mime ) VALUES ( '55522', 'http://www.gutenberg.org/ebooks/55522.kindle.images', 'application/x-mobipocket-ebook' );
INSERT INTO files ( gid, file, mime ) VALUES ( '55522', 'http://www.gutenberg.org/ebooks/55522.kindle.noimages', 'application/x-mobipocket-ebook' );
INSERT INTO files ( gid, file, mime ) VALUES ( '55522', 'http://www.gutenberg.org/ebooks/55522.rdf', 'application/rdf+xml' );
INSERT INTO files ( gid, file, mime ) VALUES ( '55522', 'http://www.gutenberg.org/ebooks/55522.txt.utf-8', 'text/plain' );
INSERT INTO files ( gid, file, mime ) VALUES ( '55522', 'http://www.gutenberg.org/files/55522/55522-8.txt', 'text/plain; charset=iso-8859-1' );
INSERT INTO files ( gid, file, mime ) VALUES ( '55522', 'http://www.gutenberg.org/files/55522/55522-8.zip', 'text/plain; charset=iso-8859-1application/zip' );
INSERT INTO files ( gid, file, mime ) VALUES ( '55522', 'http://www.gutenberg.org/files/55522/55522-h.zip', 'application/ziptext/html; charset=us-ascii' );
INSERT INTO files ( gid, file, mime ) VALUES ( '55522', 'http://www.gutenberg.org/files/55522/55522-h/55522-h.htm', 'text/html; charset=us-ascii' );
INSERT INTO titles ( gid, title, author, language, rights ) VALUES ( '55622', 'Red Wagon Stories; or, Tales Told Under the Tent', 'Hawks, Wells', 'en', 'Public domain in the USA.' );
INSERT INTO classifications ( gid, classification ) VALUES ( '55622', 'PS' );
INSERT INTO subjects ( gid, subject ) VALUES ( '55622', 'Short stories, American' );
INSERT INTO subjects ( gid, subject ) VALUES ( '55622', 'Circus -- Fiction' );
INSERT INTO files ( gid, file, mime ) VALUES ( '55622', 'http://www.gutenberg.org/cache/epub/55622/pg55622.cover.medium.jpg', 'image/jpeg' );
INSERT INTO files ( gid, file, mime ) VALUES ( '55622', 'http://www.gutenberg.org/cache/epub/55622/pg55622.cover.small.jpg', 'image/jpeg' );
INSERT INTO files ( gid, file, mime ) VALUES ( '55622', 'http://www.gutenberg.org/ebooks/55622.epub.images', 'application/epub+zip' );
INSERT INTO files ( gid, file, mime ) VALUES ( '55622', 'http://www.gutenberg.org/ebooks/55622.epub.noimages', 'application/epub+zip' );
INSERT INTO files ( gid, file, mime ) VALUES ( '55622', 'http://www.gutenberg.org/ebooks/55622.kindle.images', 'application/x-mobipocket-ebook' );
INSERT INTO files ( gid, file, mime ) VALUES ( '55622', 'http://www.gutenberg.org/ebooks/55622.kindle.noimages', 'application/x-mobipocket-ebook' );
INSERT INTO files ( gid, file, mime ) VALUES ( '55622', 'http://www.gutenberg.org/ebooks/55622.rdf', 'application/rdf+xml' );
INSERT INTO files ( gid, file, mime ) VALUES ( '55622', 'http://www.gutenberg.org/files/55622/55622-0.txt', 'text/plain; charset=utf-8' );
INSERT INTO files ( gid, file, mime ) VALUES ( '55622', 'http://www.gutenberg.org/files/55622/55622-0.zip', 'application/ziptext/plain; charset=utf-8' );
INSERT INTO files ( gid, file, mime ) VALUES ( '55622', 'http://www.gutenberg.org/files/55622/55622-h.zip', 'application/ziptext/html; charset=utf-8' );
INSERT INTO files ( gid, file, mime ) VALUES ( '55622', 'http://www.gutenberg.org/files/55622/55622-h/55622-h.htm', 'text/html; charset=utf-8' );
INSERT INTO titles ( gid, title, author, language, rights ) VALUES ( '55722', 'Woman and Her Wits: Epigrams on Woman, Love, and Beauty', '', 'en', 'Public domain in the USA.' );
INSERT INTO classifications ( gid, classification ) VALUES ( '55722', 'PN' );
INSERT INTO subjects ( gid, subject ) VALUES ( '55722', 'Epigrams' );
INSERT INTO subjects ( gid, subject ) VALUES ( '55722', 'Women' );
INSERT INTO files ( gid, file, mime ) VALUES ( '55722', 'http://www.gutenberg.org/cache/epub/55722/pg55722.cover.medium.jpg', 'image/jpeg' );
INSERT INTO files ( gid, file, mime ) VALUES ( '55722', 'http://www.gutenberg.org/cache/epub/55722/pg55722.cover.small.jpg', 'image/jpeg' );
INSERT INTO files ( gid, file, mime ) VALUES ( '55722', 'http://www.gutenberg.org/ebooks/55722.epub.images', 'application/epub+zip' );
INSERT INTO files ( gid, file, mime ) VALUES ( '55722', 'http://www.gutenberg.org/ebooks/55722.epub.noimages', 'application/epub+zip' );
INSERT INTO files ( gid, file, mime ) VALUES ( '55722', 'http://www.gutenberg.org/ebooks/55722.kindle.images', 'application/x-mobipocket-ebook' );
INSERT INTO files ( gid, file, mime ) VALUES ( '55722', 'http://www.gutenberg.org/ebooks/55722.kindle.noimages', 'application/x-mobipocket-ebook' );
INSERT INTO files ( gid, file, mime ) VALUES ( '55722', 'http://www.gutenberg.org/ebooks/55722.rdf', 'application/rdf+xml' );
INSERT INTO files ( gid, file, mime ) VALUES ( '55722', 'http://www.gutenberg.org/files/55722/55722-0.txt', 'text/plain; charset=utf-8' );
INSERT INTO files ( gid, file, mime ) VALUES ( '55722', 'http://www.gutenberg.org/files/55722/55722-0.zip', 'application/ziptext/plain; charset=utf-8' );
INSERT INTO files ( gid, file, mime ) VALUES ( '55722', 'http://www.gutenberg.org/files/55722/55722-h.zip', 'text/html; charset=iso-8859-1application/zip' );
INSERT INTO files ( gid, file, mime ) VALUES ( '55722', 'http://www.gutenberg.org/files/55722/55722-h/55722-h.htm', 'text/html; charset=iso-8859-1' );
INSERT INTO titles ( gid, title, author, language, rights ) VALUES ( '55922', 'Richard Steele Edited, with an Introduction and Notes by G. A. Aitken', 'Steele, Richard, Sir', 'en', 'Public domain in the USA.' );
INSERT INTO classifications ( gid, classification ) VALUES ( '55922', 'PR' );
INSERT INTO subjects ( gid, subject ) VALUES ( '55922', 'English drama (Comedy)' );
INSERT INTO subjects ( gid, subject ) VALUES ( '55922', 'Steele, Richard, Sir, 1672-1729' );
INSERT INTO files ( gid, file, mime ) VALUES ( '55922', 'http://www.gutenberg.org/cache/epub/55922/pg55922.cover.medium.jpg', 'image/jpeg' );
INSERT INTO files ( gid, file, mime ) VALUES ( '55922', 'http://www.gutenberg.org/cache/epub/55922/pg55922.cover.small.jpg', 'image/jpeg' );
INSERT INTO files ( gid, file, mime ) VALUES ( '55922', 'http://www.gutenberg.org/ebooks/55922.epub.images', 'application/epub+zip' );
INSERT INTO files ( gid, file, mime ) VALUES ( '55922', 'http://www.gutenberg.org/ebooks/55922.epub.noimages', 'application/epub+zip' );
INSERT INTO files ( gid, file, mime ) VALUES ( '55922', 'http://www.gutenberg.org/ebooks/55922.kindle.images', 'application/x-mobipocket-ebook' );
INSERT INTO files ( gid, file, mime ) VALUES ( '55922', 'http://www.gutenberg.org/ebooks/55922.kindle.noimages', 'application/x-mobipocket-ebook' );
INSERT INTO files ( gid, file, mime ) VALUES ( '55922', 'http://www.gutenberg.org/ebooks/55922.rdf', 'application/rdf+xml' );
INSERT INTO files ( gid, file, mime ) VALUES ( '55922', 'http://www.gutenberg.org/files/55922/55922-0.txt', 'text/plain; charset=utf-8' );
INSERT INTO files ( gid, file, mime ) VALUES ( '55922', 'http://www.gutenberg.org/files/55922/55922-0.zip', 'application/ziptext/plain; charset=utf-8' );
INSERT INTO files ( gid, file, mime ) VALUES ( '55922', 'http://www.gutenberg.org/files/55922/55922-h.zip', 'text/html; charset=utf-8application/zip' );
INSERT INTO files ( gid, file, mime ) VALUES ( '55922', 'http://www.gutenberg.org/files/55922/55922-h/55922-h.htm', 'text/html; charset=utf-8' );
INSERT INTO titles ( gid, title, author, language, rights ) VALUES ( '55822', 'Argonauts of the Western Pacific An Account of Native Enterprise and Adventure in the Archipelagoes of Melanesian New Guinea', 'Malinowski, Bronislaw', 'en', 'Public domain in the USA.' );
INSERT INTO classifications ( gid, classification ) VALUES ( '55822', 'GN' );
INSERT INTO subjects ( gid, subject ) VALUES ( '55822', 'Folklore -- Papua New Guinea -- Trobriand Islands' );
INSERT INTO subjects ( gid, subject ) VALUES ( '55822', 'Ethnology -- Papua New Guinea -- Trobriand Islands' );
INSERT INTO subjects ( gid, subject ) VALUES ( '55822', 'Trobriand Islands (Papua New Guinea) -- Social life and customs' );
INSERT INTO subjects ( gid, subject ) VALUES ( '55822', 'Massim (Papua New Guinean people) -- Rites and ceremonies' );
INSERT INTO subjects ( gid, subject ) VALUES ( '55822', 'Barter -- Papua New Guinea -- Trobriand Islands' );
INSERT INTO subjects ( gid, subject ) VALUES ( '55822', 'Kula exchange -- Papua New Guinea -- Trobriand Islands' );
INSERT INTO files ( gid, file, mime ) VALUES ( '55822', 'http://www.gutenberg.org/cache/epub/55822/pg55822.cover.medium.jpg', 'image/jpeg' );
INSERT INTO files ( gid, file, mime ) VALUES ( '55822', 'http://www.gutenberg.org/cache/epub/55822/pg55822.cover.small.jpg', 'image/jpeg' );
INSERT INTO files ( gid, file, mime ) VALUES ( '55822', 'http://www.gutenberg.org/ebooks/55822.epub.images', 'application/epub+zip' );
INSERT INTO files ( gid, file, mime ) VALUES ( '55822', 'http://www.gutenberg.org/ebooks/55822.epub.noimages', 'application/epub+zip' );
INSERT INTO files ( gid, file, mime ) VALUES ( '55822', 'http://www.gutenberg.org/ebooks/55822.kindle.images', 'application/x-mobipocket-ebook' );
INSERT INTO files ( gid, file, mime ) VALUES ( '55822', 'http://www.gutenberg.org/ebooks/55822.kindle.noimages', 'application/x-mobipocket-ebook' );
INSERT INTO files ( gid, file, mime ) VALUES ( '55822', 'http://www.gutenberg.org/ebooks/55822.rdf', 'application/rdf+xml' );
INSERT INTO files ( gid, file, mime ) VALUES ( '55822', 'http://www.gutenberg.org/ebooks/55822.txt.utf-8', 'text/plain' );
INSERT INTO files ( gid, file, mime ) VALUES ( '55822', 'http://www.gutenberg.org/files/55822/55822-8.txt', 'text/plain; charset=iso-8859-1' );
INSERT INTO files ( gid, file, mime ) VALUES ( '55822', 'http://www.gutenberg.org/files/55822/55822-8.zip', 'text/plain; charset=iso-8859-1application/zip' );
INSERT INTO files ( gid, file, mime ) VALUES ( '55822', 'http://www.gutenberg.org/files/55822/55822-h.zip', 'text/html; charset=us-asciiapplication/zip' );
INSERT INTO files ( gid, file, mime ) VALUES ( '55822', 'http://www.gutenberg.org/files/55822/55822-h/55822-h.htm', 'text/html; charset=us-ascii' );
INSERT INTO titles ( gid, title, author, language, rights ) VALUES ( '13122', 'Trois Héros de la colonie de Montréal', 'Dupuy, Paul', 'fr', 'Public domain in the USA.' );
INSERT INTO subjects ( gid, subject ) VALUES ( '13122', 'Canada -- History -- To 1763 (New France)' );
INSERT INTO subjects ( gid, subject ) VALUES ( '13122', 'Vignal, Guillaume, 1604-1661' );
INSERT INTO subjects ( gid, subject ) VALUES ( '13122', 'Closse, Lambert, -1662' );
INSERT INTO subjects ( gid, subject ) VALUES ( '13122', 'F1001' );
INSERT INTO subjects ( gid, subject ) VALUES ( '13122', 'Le Maître, Jacques, approximately 1621-1661' );
INSERT INTO subjects ( gid, subject ) VALUES ( '13122', 'Montréal (Québec) -- History' );
INSERT INTO files ( gid, file, mime ) VALUES ( '13122', 'http://www.gutenberg.org/ebooks/13122.epub.images', 'application/epub+zip' );
INSERT INTO files ( gid, file, mime ) VALUES ( '13122', 'http://www.gutenberg.org/ebooks/13122.epub.noimages', 'application/epub+zip' );
INSERT INTO files ( gid, file, mime ) VALUES ( '13122', 'http://www.gutenberg.org/ebooks/13122.kindle.images', 'application/x-mobipocket-ebook' );
INSERT INTO files ( gid, file, mime ) VALUES ( '13122', 'http://www.gutenberg.org/ebooks/13122.kindle.noimages', 'application/x-mobipocket-ebook' );
INSERT INTO files ( gid, file, mime ) VALUES ( '13122', 'http://www.gutenberg.org/ebooks/13122.rdf', 'application/rdf+xml' );
INSERT INTO files ( gid, file, mime ) VALUES ( '13122', 'http://www.gutenberg.org/ebooks/13122.txt.utf-8', 'text/plain' );
INSERT INTO files ( gid, file, mime ) VALUES ( '13122', 'http://www.gutenberg.org/files/13122/13122-8.txt', 'text/plain; charset=iso-8859-1' );
INSERT INTO files ( gid, file, mime ) VALUES ( '13122', 'http://www.gutenberg.org/files/13122/13122-8.zip', 'text/plain; charset=iso-8859-1application/zip' );
INSERT INTO files ( gid, file, mime ) VALUES ( '13122', 'http://www.gutenberg.org/files/13122/13122-h.zip', 'application/ziptext/html; charset=iso-8859-1' );
INSERT INTO files ( gid, file, mime ) VALUES ( '13122', 'http://www.gutenberg.org/files/13122/13122-h/13122-h.htm', 'text/html; charset=iso-8859-1' );
INSERT INTO files ( gid, file, mime ) VALUES ( '13122', 'http://www.gutenberg.org/files/13122/13122.txt', 'text/plain; charset=us-ascii' );
INSERT INTO files ( gid, file, mime ) VALUES ( '13122', 'http://www.gutenberg.org/files/13122/13122.zip', 'text/plain; charset=us-asciiapplication/zip' );
INSERT INTO titles ( gid, title, author, language, rights ) VALUES ( '56022', 'The Catholic World, Vol. 20, October 1874‐March 1875', 'Various', 'en', 'Public domain in the USA.' );
INSERT INTO classifications ( gid, classification ) VALUES ( '56022', 'AP' );
INSERT INTO subjects ( gid, subject ) VALUES ( '56022', 'Catholic Church -- Periodicals' );
INSERT INTO files ( gid, file, mime ) VALUES ( '56022', 'http://www.gutenberg.org/cache/epub/56022/pg56022.cover.medium.jpg', 'image/jpeg' );
INSERT INTO files ( gid, file, mime ) VALUES ( '56022', 'http://www.gutenberg.org/cache/epub/56022/pg56022.cover.small.jpg', 'image/jpeg' );
INSERT INTO files ( gid, file, mime ) VALUES ( '56022', 'http://www.gutenberg.org/ebooks/56022.epub.images', 'application/epub+zip' );
INSERT INTO files ( gid, file, mime ) VALUES ( '56022', 'http://www.gutenberg.org/ebooks/56022.epub.noimages', 'application/epub+zip' );
INSERT INTO files ( gid, file, mime ) VALUES ( '56022', 'http://www.gutenberg.org/ebooks/56022.kindle.images', 'application/x-mobipocket-ebook' );
INSERT INTO files ( gid, file, mime ) VALUES ( '56022', 'http://www.gutenberg.org/ebooks/56022.kindle.noimages', 'application/x-mobipocket-ebook' );
INSERT INTO files ( gid, file, mime ) VALUES ( '56022', 'http://www.gutenberg.org/ebooks/56022.rdf', 'application/rdf+xml' );
INSERT INTO files ( gid, file, mime ) VALUES ( '56022', 'http://www.gutenberg.org/files/56022/56022-0.txt', 'text/plain; charset=utf-8' );
INSERT INTO files ( gid, file, mime ) VALUES ( '56022', 'http://www.gutenberg.org/files/56022/56022-0.zip', 'application/ziptext/plain; charset=utf-8' );
INSERT INTO files ( gid, file, mime ) VALUES ( '56022', 'http://www.gutenberg.org/files/56022/56022-8.txt', 'text/plain; charset=iso-8859-1' );
INSERT INTO files ( gid, file, mime ) VALUES ( '56022', 'http://www.gutenberg.org/files/56022/56022-8.zip', 'application/ziptext/plain; charset=iso-8859-1' );
INSERT INTO files ( gid, file, mime ) VALUES ( '56022', 'http://www.gutenberg.org/files/56022/56022-h.zip', 'application/zipapplication/octet-stream' );
INSERT INTO files ( gid, file, mime ) VALUES ( '56022', 'http://www.gutenberg.org/files/56022/56022-h/56022-h.html', 'text/html' );
INSERT INTO files ( gid, file, mime ) VALUES ( '56022', 'http://www.gutenberg.org/files/56022/56022-pdf.pdf', 'application/pdf' );
INSERT INTO files ( gid, file, mime ) VALUES ( '56022', 'http://www.gutenberg.org/files/56022/56022-pdf.zip', 'application/octet-streamapplication/zip' );
INSERT INTO files ( gid, file, mime ) VALUES ( '56022', 'http://www.gutenberg.org/files/56022/56022-tei.zip', 'application/octet-streamapplication/zip' );
INSERT INTO files ( gid, file, mime ) VALUES ( '56022', 'http://www.gutenberg.org/files/56022/56022-tei/56022-tei.tei', 'application/prs.tei' );
INSERT INTO files ( gid, file, mime ) VALUES ( '56022', 'http://www.gutenberg.org/files/56022/56022.txt', 'text/plain; charset=us-ascii' );
INSERT INTO files ( gid, file, mime ) VALUES ( '56022', 'http://www.gutenberg.org/files/56022/56022.zip', 'application/ziptext/plain; charset=us-ascii' );
INSERT INTO titles ( gid, title, author, language, rights ) VALUES ( '13222', 'Northern California, Oregon, and the Sandwich Islands', 'Nordhoff, Charles', 'en', 'Public domain in the USA.' );
INSERT INTO classifications ( gid, classification ) VALUES ( '13222', 'DU' );
INSERT INTO subjects ( gid, subject ) VALUES ( '13222', 'Hawaii -- Description and travel' );
INSERT INTO subjects ( gid, subject ) VALUES ( '13222', 'F850.5' );
INSERT INTO subjects ( gid, subject ) VALUES ( '13222', 'Oregon -- Description and travel' );
INSERT INTO subjects ( gid, subject ) VALUES ( '13222', 'California -- Description and travel' );
INSERT INTO files ( gid, file, mime ) VALUES ( '13222', 'http://www.gutenberg.org/ebooks/13222.epub.images', 'application/epub+zip' );
INSERT INTO files ( gid, file, mime ) VALUES ( '13222', 'http://www.gutenberg.org/ebooks/13222.epub.noimages', 'application/epub+zip' );
INSERT INTO files ( gid, file, mime ) VALUES ( '13222', 'http://www.gutenberg.org/ebooks/13222.kindle.images', 'application/x-mobipocket-ebook' );
INSERT INTO files ( gid, file, mime ) VALUES ( '13222', 'http://www.gutenberg.org/ebooks/13222.kindle.noimages', 'application/x-mobipocket-ebook' );
INSERT INTO files ( gid, file, mime ) VALUES ( '13222', 'http://www.gutenberg.org/ebooks/13222.rdf', 'application/rdf+xml' );
INSERT INTO files ( gid, file, mime ) VALUES ( '13222', 'http://www.gutenberg.org/ebooks/13222.txt.utf-8', 'text/plain' );
INSERT INTO files ( gid, file, mime ) VALUES ( '13222', 'http://www.gutenberg.org/files/13222/13222-8.txt', 'text/plain; charset=iso-8859-1' );
INSERT INTO files ( gid, file, mime ) VALUES ( '13222', 'http://www.gutenberg.org/files/13222/13222-8.zip', 'text/plain; charset=iso-8859-1application/zip' );
INSERT INTO files ( gid, file, mime ) VALUES ( '13222', 'http://www.gutenberg.org/files/13222/13222-h.zip', 'application/ziptext/html; charset=iso-8859-1' );
INSERT INTO files ( gid, file, mime ) VALUES ( '13222', 'http://www.gutenberg.org/files/13222/13222-h/13222-h.htm', 'text/html; charset=iso-8859-1' );
INSERT INTO files ( gid, file, mime ) VALUES ( '13222', 'http://www.gutenberg.org/files/13222/13222.txt', 'text/plain; charset=us-ascii' );
INSERT INTO files ( gid, file, mime ) VALUES ( '13222', 'http://www.gutenberg.org/files/13222/13222.zip', 'text/plain; charset=us-asciiapplication/zip' );
INSERT INTO titles ( gid, title, author, language, rights ) VALUES ( '1322', 'Leaves of Grass', 'Whitman, Walt', 'en', 'Public domain in the USA.' );
INSERT INTO classifications ( gid, classification ) VALUES ( '1322', 'PS' );
INSERT INTO subjects ( gid, subject ) VALUES ( '1322', 'American poetry -- 19th century' );
INSERT INTO files ( gid, file, mime ) VALUES ( '1322', 'http://www.gutenberg.org/ebooks/1322.epub.images', 'application/epub+zip' );
INSERT INTO files ( gid, file, mime ) VALUES ( '1322', 'http://www.gutenberg.org/ebooks/1322.epub.noimages', 'application/epub+zip' );
INSERT INTO files ( gid, file, mime ) VALUES ( '1322', 'http://www.gutenberg.org/ebooks/1322.kindle.images', 'application/x-mobipocket-ebook' );
INSERT INTO files ( gid, file, mime ) VALUES ( '1322', 'http://www.gutenberg.org/ebooks/1322.kindle.noimages', 'application/x-mobipocket-ebook' );
INSERT INTO files ( gid, file, mime ) VALUES ( '1322', 'http://www.gutenberg.org/ebooks/1322.rdf', 'application/rdf+xml' );
INSERT INTO files ( gid, file, mime ) VALUES ( '1322', 'http://www.gutenberg.org/files/1322/1322-0.txt', 'text/plain; charset=utf-8' );
INSERT INTO files ( gid, file, mime ) VALUES ( '1322', 'http://www.gutenberg.org/files/1322/1322-0.zip', 'text/plain; charset=utf-8application/zip' );
INSERT INTO files ( gid, file, mime ) VALUES ( '1322', 'http://www.gutenberg.org/files/1322/1322-h.zip', 'application/ziptext/html; charset=utf-8' );
INSERT INTO files ( gid, file, mime ) VALUES ( '1322', 'http://www.gutenberg.org/files/1322/1322-h/1322-h.htm', 'text/html; charset=utf-8' );
INSERT INTO files ( gid, file, mime ) VALUES ( '1322', 'http://www.gutenberg.org/files/1322/1322.txt', 'text/plain; charset=us-ascii' );
INSERT INTO files ( gid, file, mime ) VALUES ( '1322', 'http://www.gutenberg.org/files/1322/1322.zip', 'application/ziptext/plain; charset=us-ascii' );
INSERT INTO titles ( gid, title, author, language, rights ) VALUES ( '13322', 'The Tongues of Toil And Other Poems', 'Barnard, William Francis', 'en', 'Public domain in the USA.' );
INSERT INTO classifications ( gid, classification ) VALUES ( '13322', 'PS' );
INSERT INTO subjects ( gid, subject ) VALUES ( '13322', 'Labor -- Poetry' );
INSERT INTO subjects ( gid, subject ) VALUES ( '13322', 'Working class -- Poetry' );
INSERT INTO files ( gid, file, mime ) VALUES ( '13322', 'http://www.gutenberg.org/ebooks/13322.epub.images', 'application/epub+zip' );
INSERT INTO files ( gid, file, mime ) VALUES ( '13322', 'http://www.gutenberg.org/ebooks/13322.epub.noimages', 'application/epub+zip' );
INSERT INTO files ( gid, file, mime ) VALUES ( '13322', 'http://www.gutenberg.org/ebooks/13322.kindle.images', 'application/x-mobipocket-ebook' );
INSERT INTO files ( gid, file, mime ) VALUES ( '13322', 'http://www.gutenberg.org/ebooks/13322.kindle.noimages', 'application/x-mobipocket-ebook' );
INSERT INTO files ( gid, file, mime ) VALUES ( '13322', 'http://www.gutenberg.org/ebooks/13322.rdf', 'application/rdf+xml' );
INSERT INTO files ( gid, file, mime ) VALUES ( '13322', 'http://www.gutenberg.org/ebooks/13322.txt.utf-8', 'text/plain' );
INSERT INTO files ( gid, file, mime ) VALUES ( '13322', 'http://www.gutenberg.org/files/13322/13322-h.zip', 'text/html; charset=us-asciiapplication/zip' );
INSERT INTO files ( gid, file, mime ) VALUES ( '13322', 'http://www.gutenberg.org/files/13322/13322-h/13322-h.htm', 'text/html; charset=us-ascii' );
INSERT INTO files ( gid, file, mime ) VALUES ( '13322', 'http://www.gutenberg.org/files/13322/13322.txt', 'text/plain; charset=us-ascii' );
INSERT INTO files ( gid, file, mime ) VALUES ( '13322', 'http://www.gutenberg.org/files/13322/13322.zip', 'text/plain; charset=us-asciiapplication/zip' );
INSERT INTO titles ( gid, title, author, language, rights ) VALUES ( '13422', 'Punch, or the London Charivari, Volume 100, June 20, 1891', 'Various', 'en', 'Public domain in the USA.' );
INSERT INTO classifications ( gid, classification ) VALUES ( '13422', 'AP' );
INSERT INTO subjects ( gid, subject ) VALUES ( '13422', 'English wit and humor -- Periodicals' );
INSERT INTO files ( gid, file, mime ) VALUES ( '13422', 'http://www.gutenberg.org/ebooks/13422.epub.images', 'application/epub+zip' );
INSERT INTO files ( gid, file, mime ) VALUES ( '13422', 'http://www.gutenberg.org/ebooks/13422.epub.noimages', 'application/epub+zip' );
INSERT INTO files ( gid, file, mime ) VALUES ( '13422', 'http://www.gutenberg.org/ebooks/13422.kindle.images', 'application/x-mobipocket-ebook' );
INSERT INTO files ( gid, file, mime ) VALUES ( '13422', 'http://www.gutenberg.org/ebooks/13422.kindle.noimages', 'application/x-mobipocket-ebook' );
INSERT INTO files ( gid, file, mime ) VALUES ( '13422', 'http://www.gutenberg.org/ebooks/13422.rdf', 'application/rdf+xml' );
INSERT INTO files ( gid, file, mime ) VALUES ( '13422', 'http://www.gutenberg.org/ebooks/13422.txt.utf-8', 'text/plain' );
INSERT INTO files ( gid, file, mime ) VALUES ( '13422', 'http://www.gutenberg.org/files/13422/13422-8.txt', 'text/plain; charset=iso-8859-1' );
INSERT INTO files ( gid, file, mime ) VALUES ( '13422', 'http://www.gutenberg.org/files/13422/13422-8.zip', 'text/plain; charset=iso-8859-1application/zip' );
INSERT INTO files ( gid, file, mime ) VALUES ( '13422', 'http://www.gutenberg.org/files/13422/13422-h.zip', 'text/html; charset=iso-8859-1application/zip' );
INSERT INTO files ( gid, file, mime ) VALUES ( '13422', 'http://www.gutenberg.org/files/13422/13422-h/13422-h.htm', 'text/html; charset=iso-8859-1' );
INSERT INTO files ( gid, file, mime ) VALUES ( '13422', 'http://www.gutenberg.org/files/13422/13422.txt', 'text/plain; charset=us-ascii' );
INSERT INTO files ( gid, file, mime ) VALUES ( '13422', 'http://www.gutenberg.org/files/13422/13422.zip', 'text/plain; charset=us-asciiapplication/zip' );
INSERT INTO titles ( gid, title, author, language, rights ) VALUES ( '13522', 'Superseded', 'Sinclair, May', 'en', 'Public domain in the USA.' );
INSERT INTO classifications ( gid, classification ) VALUES ( '13522', 'PR' );
INSERT INTO subjects ( gid, subject ) VALUES ( '13522', 'Single women -- Fiction' );
INSERT INTO subjects ( gid, subject ) VALUES ( '13522', 'Teachers -- Fiction' );
INSERT INTO files ( gid, file, mime ) VALUES ( '13522', 'http://www.gutenberg.org/ebooks/13522.epub.images', 'application/epub+zip' );
INSERT INTO files ( gid, file, mime ) VALUES ( '13522', 'http://www.gutenberg.org/ebooks/13522.epub.noimages', 'application/epub+zip' );
INSERT INTO files ( gid, file, mime ) VALUES ( '13522', 'http://www.gutenberg.org/ebooks/13522.html.images', 'text/html' );
INSERT INTO files ( gid, file, mime ) VALUES ( '13522', 'http://www.gutenberg.org/ebooks/13522.html.noimages', 'text/html' );
INSERT INTO files ( gid, file, mime ) VALUES ( '13522', 'http://www.gutenberg.org/ebooks/13522.kindle.images', 'application/x-mobipocket-ebook' );
INSERT INTO files ( gid, file, mime ) VALUES ( '13522', 'http://www.gutenberg.org/ebooks/13522.kindle.noimages', 'application/x-mobipocket-ebook' );
INSERT INTO files ( gid, file, mime ) VALUES ( '13522', 'http://www.gutenberg.org/ebooks/13522.rdf', 'application/rdf+xml' );
INSERT INTO files ( gid, file, mime ) VALUES ( '13522', 'http://www.gutenberg.org/ebooks/13522.txt.utf-8', 'text/plain' );
INSERT INTO files ( gid, file, mime ) VALUES ( '13522', 'http://www.gutenberg.org/files/13522/13522-8.txt', 'text/plain; charset=iso-8859-1' );
INSERT INTO files ( gid, file, mime ) VALUES ( '13522', 'http://www.gutenberg.org/files/13522/13522-8.zip', 'text/plain; charset=iso-8859-1application/zip' );
INSERT INTO files ( gid, file, mime ) VALUES ( '13522', 'http://www.gutenberg.org/files/13522/13522.txt', 'text/plain; charset=us-ascii' );
INSERT INTO files ( gid, file, mime ) VALUES ( '13522', 'http://www.gutenberg.org/files/13522/13522.zip', 'application/ziptext/plain; charset=us-ascii' );
INSERT INTO titles ( gid, title, author, language, rights ) VALUES ( '13622', 'Une histoire d''Amour : George Sand et A. de Musset Documents inédits, Lettres de Musset', 'Mariéton, Paul', 'fr', 'Public domain in the USA.' );
INSERT INTO classifications ( gid, classification ) VALUES ( '13622', 'PQ' );
INSERT INTO subjects ( gid, subject ) VALUES ( '13622', 'Sand, George, 1804-1876' );
INSERT INTO subjects ( gid, subject ) VALUES ( '13622', 'Musset, Alfred de, 1810-1857' );
INSERT INTO files ( gid, file, mime ) VALUES ( '13622', 'http://www.gutenberg.org/ebooks/13622.epub.images', 'application/epub+zip' );
INSERT INTO files ( gid, file, mime ) VALUES ( '13622', 'http://www.gutenberg.org/ebooks/13622.epub.noimages', 'application/epub+zip' );
INSERT INTO files ( gid, file, mime ) VALUES ( '13622', 'http://www.gutenberg.org/ebooks/13622.kindle.images', 'application/x-mobipocket-ebook' );
INSERT INTO files ( gid, file, mime ) VALUES ( '13622', 'http://www.gutenberg.org/ebooks/13622.kindle.noimages', 'application/x-mobipocket-ebook' );
INSERT INTO files ( gid, file, mime ) VALUES ( '13622', 'http://www.gutenberg.org/ebooks/13622.rdf', 'application/rdf+xml' );
INSERT INTO files ( gid, file, mime ) VALUES ( '13622', 'http://www.gutenberg.org/ebooks/13622.txt.utf-8', 'text/plain' );
INSERT INTO files ( gid, file, mime ) VALUES ( '13622', 'http://www.gutenberg.org/files/13622/13622-8.txt', 'text/plain; charset=iso-8859-1' );
INSERT INTO files ( gid, file, mime ) VALUES ( '13622', 'http://www.gutenberg.org/files/13622/13622-8.zip', 'application/ziptext/plain; charset=iso-8859-1' );
INSERT INTO files ( gid, file, mime ) VALUES ( '13622', 'http://www.gutenberg.org/files/13622/13622-h.zip', 'text/html; charset=iso-8859-1application/zip' );
INSERT INTO files ( gid, file, mime ) VALUES ( '13622', 'http://www.gutenberg.org/files/13622/13622-h/13622-h.htm', 'text/html; charset=iso-8859-1' );
INSERT INTO files ( gid, file, mime ) VALUES ( '13622', 'http://www.gutenberg.org/files/13622/13622.txt', 'text/plain; charset=us-ascii' );
INSERT INTO files ( gid, file, mime ) VALUES ( '13622', 'http://www.gutenberg.org/files/13622/13622.zip', 'application/ziptext/plain; charset=us-ascii' );
INSERT INTO titles ( gid, title, author, language, rights ) VALUES ( '13822', 'Notes and Queries, Number 26, April 27, 1850', 'Various', 'en', 'Public domain in the USA.' );
INSERT INTO classifications ( gid, classification ) VALUES ( '13822', 'AG' );
INSERT INTO subjects ( gid, subject ) VALUES ( '13822', 'Questions and answers -- Periodicals' );
INSERT INTO files ( gid, file, mime ) VALUES ( '13822', 'http://www.gutenberg.org/ebooks/13822.epub.images', 'application/epub+zip' );
INSERT INTO files ( gid, file, mime ) VALUES ( '13822', 'http://www.gutenberg.org/ebooks/13822.epub.noimages', 'application/epub+zip' );
INSERT INTO files ( gid, file, mime ) VALUES ( '13822', 'http://www.gutenberg.org/ebooks/13822.kindle.images', 'application/x-mobipocket-ebook' );
INSERT INTO files ( gid, file, mime ) VALUES ( '13822', 'http://www.gutenberg.org/ebooks/13822.kindle.noimages', 'application/x-mobipocket-ebook' );
INSERT INTO files ( gid, file, mime ) VALUES ( '13822', 'http://www.gutenberg.org/ebooks/13822.rdf', 'application/rdf+xml' );
INSERT INTO files ( gid, file, mime ) VALUES ( '13822', 'http://www.gutenberg.org/ebooks/13822.txt.utf-8', 'text/plain' );
INSERT INTO files ( gid, file, mime ) VALUES ( '13822', 'http://www.gutenberg.org/files/13822/13822-8.txt', 'text/plain; charset=iso-8859-1' );
INSERT INTO files ( gid, file, mime ) VALUES ( '13822', 'http://www.gutenberg.org/files/13822/13822-8.zip', 'text/plain; charset=iso-8859-1application/zip' );
INSERT INTO files ( gid, file, mime ) VALUES ( '13822', 'http://www.gutenberg.org/files/13822/13822-h.zip', 'application/ziptext/html; charset=iso-8859-1' );
INSERT INTO files ( gid, file, mime ) VALUES ( '13822', 'http://www.gutenberg.org/files/13822/13822-h/13822-h.htm', 'text/html; charset=iso-8859-1' );
INSERT INTO files ( gid, file, mime ) VALUES ( '13822', 'http://www.gutenberg.org/files/13822/13822.txt', 'text/plain; charset=us-ascii' );
INSERT INTO files ( gid, file, mime ) VALUES ( '13822', 'http://www.gutenberg.org/files/13822/13822.zip', 'text/plain; charset=us-asciiapplication/zip' );
INSERT INTO titles ( gid, title, author, language, rights ) VALUES ( '13722', 'Youth and Sex: Dangers and Safeguards for Girls and Boys', 'Sibly, Frederick Arthur', 'en', 'Public domain in the USA.' );
INSERT INTO classifications ( gid, classification ) VALUES ( '13722', 'HQ' );
INSERT INTO subjects ( gid, subject ) VALUES ( '13722', 'Youth' );
INSERT INTO subjects ( gid, subject ) VALUES ( '13722', 'Adolescence' );
INSERT INTO subjects ( gid, subject ) VALUES ( '13722', 'Child psychology' );
INSERT INTO subjects ( gid, subject ) VALUES ( '13722', 'Sexual ethics' );
INSERT INTO subjects ( gid, subject ) VALUES ( '13722', 'Sex (Psychology)' );
INSERT INTO subjects ( gid, subject ) VALUES ( '13722', 'Moral conditions' );
INSERT INTO files ( gid, file, mime ) VALUES ( '13722', 'http://www.gutenberg.org/ebooks/13722.epub.images', 'application/epub+zip' );
INSERT INTO files ( gid, file, mime ) VALUES ( '13722', 'http://www.gutenberg.org/ebooks/13722.epub.noimages', 'application/epub+zip' );
INSERT INTO files ( gid, file, mime ) VALUES ( '13722', 'http://www.gutenberg.org/ebooks/13722.kindle.images', 'application/x-mobipocket-ebook' );
INSERT INTO files ( gid, file, mime ) VALUES ( '13722', 'http://www.gutenberg.org/ebooks/13722.kindle.noimages', 'application/x-mobipocket-ebook' );
INSERT INTO files ( gid, file, mime ) VALUES ( '13722', 'http://www.gutenberg.org/ebooks/13722.rdf', 'application/rdf+xml' );
INSERT INTO files ( gid, file, mime ) VALUES ( '13722', 'http://www.gutenberg.org/ebooks/13722.txt.utf-8', 'text/plain' );
INSERT INTO files ( gid, file, mime ) VALUES ( '13722', 'http://www.gutenberg.org/files/13722/13722-8.txt', 'text/plain; charset=iso-8859-1' );
INSERT INTO files ( gid, file, mime ) VALUES ( '13722', 'http://www.gutenberg.org/files/13722/13722-8.zip', 'text/plain; charset=iso-8859-1application/zip' );
INSERT INTO files ( gid, file, mime ) VALUES ( '13722', 'http://www.gutenberg.org/files/13722/13722-h.zip', 'text/html; charset=iso-8859-1application/zip' );
INSERT INTO files ( gid, file, mime ) VALUES ( '13722', 'http://www.gutenberg.org/files/13722/13722-h/13722-h.htm', 'text/html; charset=iso-8859-1' );
INSERT INTO files ( gid, file, mime ) VALUES ( '13722', 'http://www.gutenberg.org/files/13722/13722.txt', 'text/plain; charset=us-ascii' );
INSERT INTO files ( gid, file, mime ) VALUES ( '13722', 'http://www.gutenberg.org/files/13722/13722.zip', 'text/plain; charset=us-asciiapplication/zip' );
INSERT INTO titles ( gid, title, author, language, rights ) VALUES ( '13922', 'The Visionary: Pictures From Nordland', 'Lie, Jonas', 'en', 'Public domain in the USA.' );
INSERT INTO classifications ( gid, classification ) VALUES ( '13922', 'PT' );
INSERT INTO subjects ( gid, subject ) VALUES ( '13922', 'Norway -- Fiction' );
INSERT INTO files ( gid, file, mime ) VALUES ( '13922', 'http://www.gutenberg.org/ebooks/13922.epub.images', 'application/epub+zip' );
INSERT INTO files ( gid, file, mime ) VALUES ( '13922', 'http://www.gutenberg.org/ebooks/13922.epub.noimages', 'application/epub+zip' );
INSERT INTO files ( gid, file, mime ) VALUES ( '13922', 'http://www.gutenberg.org/ebooks/13922.kindle.images', 'application/x-mobipocket-ebook' );
INSERT INTO files ( gid, file, mime ) VALUES ( '13922', 'http://www.gutenberg.org/ebooks/13922.kindle.noimages', 'application/x-mobipocket-ebook' );
INSERT INTO files ( gid, file, mime ) VALUES ( '13922', 'http://www.gutenberg.org/ebooks/13922.rdf', 'application/rdf+xml' );
INSERT INTO files ( gid, file, mime ) VALUES ( '13922', 'http://www.gutenberg.org/ebooks/13922.txt.utf-8', 'text/plain' );
INSERT INTO files ( gid, file, mime ) VALUES ( '13922', 'http://www.gutenberg.org/files/13922/13922-8.txt', 'text/plain; charset=iso-8859-1' );
INSERT INTO files ( gid, file, mime ) VALUES ( '13922', 'http://www.gutenberg.org/files/13922/13922-8.zip', 'application/ziptext/plain; charset=iso-8859-1' );
INSERT INTO files ( gid, file, mime ) VALUES ( '13922', 'http://www.gutenberg.org/files/13922/13922-h.zip', 'application/ziptext/html; charset=iso-8859-1' );
INSERT INTO files ( gid, file, mime ) VALUES ( '13922', 'http://www.gutenberg.org/files/13922/13922-h/13922-h.htm', 'text/html; charset=iso-8859-1' );
INSERT INTO files ( gid, file, mime ) VALUES ( '13922', 'http://www.gutenberg.org/files/13922/13922.txt', 'text/plain; charset=us-ascii' );
INSERT INTO files ( gid, file, mime ) VALUES ( '13922', 'http://www.gutenberg.org/files/13922/13922.zip', 'application/ziptext/plain; charset=us-ascii' );
INSERT INTO titles ( gid, title, author, language, rights ) VALUES ( '14022', 'The Mirror of Literature, Amusement, and Instruction Volume 17, No. 479, March 5, 1831', 'Various', 'en', 'Public domain in the USA.' );
INSERT INTO classifications ( gid, classification ) VALUES ( '14022', 'AP' );
INSERT INTO subjects ( gid, subject ) VALUES ( '14022', 'Popular literature -- Great Britain -- Periodicals' );
INSERT INTO files ( gid, file, mime ) VALUES ( '14022', 'http://www.gutenberg.org/ebooks/14022.epub.images', 'application/epub+zip' );
INSERT INTO files ( gid, file, mime ) VALUES ( '14022', 'http://www.gutenberg.org/ebooks/14022.epub.noimages', 'application/epub+zip' );
INSERT INTO files ( gid, file, mime ) VALUES ( '14022', 'http://www.gutenberg.org/ebooks/14022.kindle.images', 'application/x-mobipocket-ebook' );
INSERT INTO files ( gid, file, mime ) VALUES ( '14022', 'http://www.gutenberg.org/ebooks/14022.kindle.noimages', 'application/x-mobipocket-ebook' );
INSERT INTO files ( gid, file, mime ) VALUES ( '14022', 'http://www.gutenberg.org/ebooks/14022.rdf', 'application/rdf+xml' );
INSERT INTO files ( gid, file, mime ) VALUES ( '14022', 'http://www.gutenberg.org/ebooks/14022.txt.utf-8', 'text/plain' );
INSERT INTO files ( gid, file, mime ) VALUES ( '14022', 'http://www.gutenberg.org/files/14022/14022-8.txt', 'text/plain; charset=iso-8859-1' );
INSERT INTO files ( gid, file, mime ) VALUES ( '14022', 'http://www.gutenberg.org/files/14022/14022-8.zip', 'text/plain; charset=iso-8859-1application/zip' );
INSERT INTO files ( gid, file, mime ) VALUES ( '14022', 'http://www.gutenberg.org/files/14022/14022-h.zip', 'text/html; charset=iso-8859-1application/zip' );
INSERT INTO files ( gid, file, mime ) VALUES ( '14022', 'http://www.gutenberg.org/files/14022/14022-h/14022-h.htm', 'text/html; charset=iso-8859-1' );
INSERT INTO files ( gid, file, mime ) VALUES ( '14022', 'http://www.gutenberg.org/files/14022/14022.txt', 'text/plain; charset=us-ascii' );
INSERT INTO files ( gid, file, mime ) VALUES ( '14022', 'http://www.gutenberg.org/files/14022/14022.zip', 'application/ziptext/plain; charset=us-ascii' );
INSERT INTO titles ( gid, title, author, language, rights ) VALUES ( '14122', 'Punch, or the London Charivari, Volume 101, December 5, 1891', 'Various', 'en', 'Public domain in the USA.' );
INSERT INTO classifications ( gid, classification ) VALUES ( '14122', 'AP' );
INSERT INTO subjects ( gid, subject ) VALUES ( '14122', 'English wit and humor -- Periodicals' );
INSERT INTO files ( gid, file, mime ) VALUES ( '14122', 'http://www.gutenberg.org/ebooks/14122.epub.images', 'application/epub+zip' );
INSERT INTO files ( gid, file, mime ) VALUES ( '14122', 'http://www.gutenberg.org/ebooks/14122.epub.noimages', 'application/epub+zip' );
INSERT INTO files ( gid, file, mime ) VALUES ( '14122', 'http://www.gutenberg.org/ebooks/14122.kindle.images', 'application/x-mobipocket-ebook' );
INSERT INTO files ( gid, file, mime ) VALUES ( '14122', 'http://www.gutenberg.org/ebooks/14122.kindle.noimages', 'application/x-mobipocket-ebook' );
INSERT INTO files ( gid, file, mime ) VALUES ( '14122', 'http://www.gutenberg.org/ebooks/14122.rdf', 'application/rdf+xml' );
INSERT INTO files ( gid, file, mime ) VALUES ( '14122', 'http://www.gutenberg.org/ebooks/14122.txt.utf-8', 'text/plain' );
INSERT INTO files ( gid, file, mime ) VALUES ( '14122', 'http://www.gutenberg.org/files/14122/14122-8.txt', 'text/plain; charset=iso-8859-1' );
INSERT INTO files ( gid, file, mime ) VALUES ( '14122', 'http://www.gutenberg.org/files/14122/14122-8.zip', 'application/ziptext/plain; charset=iso-8859-1' );
INSERT INTO files ( gid, file, mime ) VALUES ( '14122', 'http://www.gutenberg.org/files/14122/14122-h.zip', 'application/ziptext/html; charset=iso-8859-1' );
INSERT INTO files ( gid, file, mime ) VALUES ( '14122', 'http://www.gutenberg.org/files/14122/14122-h/14122-h.htm', 'text/html; charset=iso-8859-1' );
INSERT INTO files ( gid, file, mime ) VALUES ( '14122', 'http://www.gutenberg.org/files/14122/14122.txt', 'text/plain; charset=us-ascii' );
INSERT INTO files ( gid, file, mime ) VALUES ( '14122', 'http://www.gutenberg.org/files/14122/14122.zip', 'text/plain; charset=us-asciiapplication/zip' );
INSERT INTO titles ( gid, title, author, language, rights ) VALUES ( '14222', 'Poor Jack', 'Marryat, Frederick', 'en', 'Public domain in the USA.' );
INSERT INTO classifications ( gid, classification ) VALUES ( '14222', 'PR' );
INSERT INTO subjects ( gid, subject ) VALUES ( '14222', 'Sea stories' );
INSERT INTO subjects ( gid, subject ) VALUES ( '14222', 'Poor -- Fiction' );
INSERT INTO files ( gid, file, mime ) VALUES ( '14222', 'http://www.gutenberg.org/ebooks/14222.epub.images', 'application/epub+zip' );
INSERT INTO files ( gid, file, mime ) VALUES ( '14222', 'http://www.gutenberg.org/ebooks/14222.epub.noimages', 'application/epub+zip' );
INSERT INTO files ( gid, file, mime ) VALUES ( '14222', 'http://www.gutenberg.org/ebooks/14222.kindle.images', 'application/x-mobipocket-ebook' );
INSERT INTO files ( gid, file, mime ) VALUES ( '14222', 'http://www.gutenberg.org/ebooks/14222.kindle.noimages', 'application/x-mobipocket-ebook' );
INSERT INTO files ( gid, file, mime ) VALUES ( '14222', 'http://www.gutenberg.org/ebooks/14222.rdf', 'application/rdf+xml' );
INSERT INTO files ( gid, file, mime ) VALUES ( '14222', 'http://www.gutenberg.org/ebooks/14222.txt.utf-8', 'text/plain' );
INSERT INTO files ( gid, file, mime ) VALUES ( '14222', 'http://www.gutenberg.org/files/14222/14222-8.txt', 'text/plain; charset=iso-8859-1' );
INSERT INTO files ( gid, file, mime ) VALUES ( '14222', 'http://www.gutenberg.org/files/14222/14222-8.zip', 'text/plain; charset=iso-8859-1application/zip' );
INSERT INTO files ( gid, file, mime ) VALUES ( '14222', 'http://www.gutenberg.org/files/14222/14222-h.zip', 'application/ziptext/html; charset=iso-8859-1' );
INSERT INTO files ( gid, file, mime ) VALUES ( '14222', 'http://www.gutenberg.org/files/14222/14222-h/14222-h.htm', 'text/html; charset=iso-8859-1' );
INSERT INTO files ( gid, file, mime ) VALUES ( '14222', 'http://www.gutenberg.org/files/14222/14222.txt', 'text/plain; charset=us-ascii' );
INSERT INTO files ( gid, file, mime ) VALUES ( '14222', 'http://www.gutenberg.org/files/14222/14222.zip', 'application/ziptext/plain; charset=us-ascii' );
INSERT INTO titles ( gid, title, author, language, rights ) VALUES ( '1422', 'Going into Society', 'Dickens, Charles', 'en', 'Public domain in the USA.' );
INSERT INTO classifications ( gid, classification ) VALUES ( '1422', 'PR' );
INSERT INTO subjects ( gid, subject ) VALUES ( '1422', 'Fiction' );
INSERT INTO files ( gid, file, mime ) VALUES ( '1422', 'http://www.gutenberg.org/ebooks/1422.epub.images', 'application/epub+zip' );
INSERT INTO files ( gid, file, mime ) VALUES ( '1422', 'http://www.gutenberg.org/ebooks/1422.epub.noimages', 'application/epub+zip' );
INSERT INTO files ( gid, file, mime ) VALUES ( '1422', 'http://www.gutenberg.org/ebooks/1422.kindle.images', 'application/x-mobipocket-ebook' );
INSERT INTO files ( gid, file, mime ) VALUES ( '1422', 'http://www.gutenberg.org/ebooks/1422.kindle.noimages', 'application/x-mobipocket-ebook' );
INSERT INTO files ( gid, file, mime ) VALUES ( '1422', 'http://www.gutenberg.org/ebooks/1422.rdf', 'application/rdf+xml' );
INSERT INTO files ( gid, file, mime ) VALUES ( '1422', 'http://www.gutenberg.org/ebooks/1422.txt.utf-8', 'text/plain' );
INSERT INTO files ( gid, file, mime ) VALUES ( '1422', 'http://www.gutenberg.org/files/1422/1422-h.zip', 'application/ziptext/html' );
INSERT INTO files ( gid, file, mime ) VALUES ( '1422', 'http://www.gutenberg.org/files/1422/1422-h/1422-h.htm', 'text/html' );
INSERT INTO files ( gid, file, mime ) VALUES ( '1422', 'http://www.gutenberg.org/files/1422/1422.txt', 'text/plain; charset=us-ascii' );
INSERT INTO files ( gid, file, mime ) VALUES ( '1422', 'http://www.gutenberg.org/files/1422/1422.zip', 'application/ziptext/plain; charset=us-ascii' );
INSERT INTO titles ( gid, title, author, language, rights ) VALUES ( '14322', 'The Electra of Euripides Translated into English rhyming verse', 'Euripides', 'en', 'Public domain in the USA.' );
INSERT INTO classifications ( gid, classification ) VALUES ( '14322', 'PA' );
INSERT INTO subjects ( gid, subject ) VALUES ( '14322', 'Electra (Greek mythological figure) -- Drama' );
INSERT INTO files ( gid, file, mime ) VALUES ( '14322', 'http://www.gutenberg.org/ebooks/14322.epub.images', 'application/epub+zip' );
INSERT INTO files ( gid, file, mime ) VALUES ( '14322', 'http://www.gutenberg.org/ebooks/14322.epub.noimages', 'application/epub+zip' );
INSERT INTO files ( gid, file, mime ) VALUES ( '14322', 'http://www.gutenberg.org/ebooks/14322.html.images', 'text/html' );
INSERT INTO files ( gid, file, mime ) VALUES ( '14322', 'http://www.gutenberg.org/ebooks/14322.html.noimages', 'text/html' );
INSERT INTO files ( gid, file, mime ) VALUES ( '14322', 'http://www.gutenberg.org/ebooks/14322.kindle.images', 'application/x-mobipocket-ebook' );
INSERT INTO files ( gid, file, mime ) VALUES ( '14322', 'http://www.gutenberg.org/ebooks/14322.kindle.noimages', 'application/x-mobipocket-ebook' );
INSERT INTO files ( gid, file, mime ) VALUES ( '14322', 'http://www.gutenberg.org/ebooks/14322.rdf', 'application/rdf+xml' );
INSERT INTO files ( gid, file, mime ) VALUES ( '14322', 'http://www.gutenberg.org/ebooks/14322.txt.utf-8', 'text/plain' );
INSERT INTO files ( gid, file, mime ) VALUES ( '14322', 'http://www.gutenberg.org/files/14322/14322-8.txt', 'text/plain; charset=iso-8859-1' );
INSERT INTO files ( gid, file, mime ) VALUES ( '14322', 'http://www.gutenberg.org/files/14322/14322-8.zip', 'text/plain; charset=iso-8859-1application/zip' );
INSERT INTO files ( gid, file, mime ) VALUES ( '14322', 'http://www.gutenberg.org/files/14322/14322.txt', 'text/plain; charset=us-ascii' );
INSERT INTO files ( gid, file, mime ) VALUES ( '14322', 'http://www.gutenberg.org/files/14322/14322.zip', 'application/ziptext/plain; charset=us-ascii' );
INSERT INTO titles ( gid, title, author, language, rights ) VALUES ( '56122', 'Harper''s Young People, March 14, 1882 An Illustrated Weekly', 'Various', 'en', 'Public domain in the USA.' );
INSERT INTO classifications ( gid, classification ) VALUES ( '56122', 'AP' );
INSERT INTO subjects ( gid, subject ) VALUES ( '56122', 'Children''s periodicals, American' );
INSERT INTO files ( gid, file, mime ) VALUES ( '56122', 'http://www.gutenberg.org/ebooks/56122.epub.images', 'application/epub+zip' );
INSERT INTO files ( gid, file, mime ) VALUES ( '56122', 'http://www.gutenberg.org/ebooks/56122.epub.noimages', 'application/epub+zip' );
INSERT INTO files ( gid, file, mime ) VALUES ( '56122', 'http://www.gutenberg.org/ebooks/56122.kindle.images', 'application/x-mobipocket-ebook' );
INSERT INTO files ( gid, file, mime ) VALUES ( '56122', 'http://www.gutenberg.org/ebooks/56122.kindle.noimages', 'application/x-mobipocket-ebook' );
INSERT INTO files ( gid, file, mime ) VALUES ( '56122', 'http://www.gutenberg.org/ebooks/56122.rdf', 'application/rdf+xml' );
INSERT INTO files ( gid, file, mime ) VALUES ( '56122', 'http://www.gutenberg.org/ebooks/56122.txt.utf-8', 'text/plain' );
INSERT INTO files ( gid, file, mime ) VALUES ( '56122', 'http://www.gutenberg.org/files/56122/56122-8.txt', 'text/plain; charset=iso-8859-1' );
INSERT INTO files ( gid, file, mime ) VALUES ( '56122', 'http://www.gutenberg.org/files/56122/56122-8.zip', 'application/ziptext/plain; charset=iso-8859-1' );
INSERT INTO files ( gid, file, mime ) VALUES ( '56122', 'http://www.gutenberg.org/files/56122/56122-h.zip', 'text/html; charset=iso-8859-1application/zip' );
INSERT INTO files ( gid, file, mime ) VALUES ( '56122', 'http://www.gutenberg.org/files/56122/56122-h/56122-h.htm', 'text/html; charset=iso-8859-1' );
INSERT INTO titles ( gid, title, author, language, rights ) VALUES ( '56222', 'Bertha''s Christmas Vision: An Autumn Sheaf', 'Alger, Horatio, Jr.', 'en', 'Public domain in the USA.' );
INSERT INTO classifications ( gid, classification ) VALUES ( '56222', 'PZ' );
INSERT INTO subjects ( gid, subject ) VALUES ( '56222', 'Children''s stories, American' );
INSERT INTO subjects ( gid, subject ) VALUES ( '56222', 'Children''s poetry, American' );
INSERT INTO files ( gid, file, mime ) VALUES ( '56222', 'http://www.gutenberg.org/cache/epub/56222/pg56222.cover.medium.jpg', 'image/jpeg' );
INSERT INTO files ( gid, file, mime ) VALUES ( '56222', 'http://www.gutenberg.org/cache/epub/56222/pg56222.cover.small.jpg', 'image/jpeg' );
INSERT INTO files ( gid, file, mime ) VALUES ( '56222', 'http://www.gutenberg.org/ebooks/56222.epub.images', 'application/epub+zip' );
INSERT INTO files ( gid, file, mime ) VALUES ( '56222', 'http://www.gutenberg.org/ebooks/56222.epub.noimages', 'application/epub+zip' );
INSERT INTO files ( gid, file, mime ) VALUES ( '56222', 'http://www.gutenberg.org/ebooks/56222.kindle.images', 'application/x-mobipocket-ebook' );
INSERT INTO files ( gid, file, mime ) VALUES ( '56222', 'http://www.gutenberg.org/ebooks/56222.kindle.noimages', 'application/x-mobipocket-ebook' );
INSERT INTO files ( gid, file, mime ) VALUES ( '56222', 'http://www.gutenberg.org/ebooks/56222.rdf', 'application/rdf+xml' );
INSERT INTO files ( gid, file, mime ) VALUES ( '56222', 'http://www.gutenberg.org/files/56222/56222-0.txt', 'text/plain; charset=utf-8' );
INSERT INTO files ( gid, file, mime ) VALUES ( '56222', 'http://www.gutenberg.org/files/56222/56222-0.zip', 'application/ziptext/plain; charset=utf-8' );
INSERT INTO files ( gid, file, mime ) VALUES ( '56222', 'http://www.gutenberg.org/files/56222/56222-h.zip', 'text/html; charset=utf-8application/zip' );
INSERT INTO files ( gid, file, mime ) VALUES ( '56222', 'http://www.gutenberg.org/files/56222/56222-h/56222-h.htm', 'text/html; charset=utf-8' );
INSERT INTO titles ( gid, title, author, language, rights ) VALUES ( '5622', 'At Last: A Novel', 'Harland, Marion', 'en', 'Public domain in the USA.' );
INSERT INTO classifications ( gid, classification ) VALUES ( '5622', 'PS' );
INSERT INTO subjects ( gid, subject ) VALUES ( '5622', 'Fiction' );
INSERT INTO files ( gid, file, mime ) VALUES ( '5622', 'http://www.gutenberg.org/ebooks/5622.epub.images', 'application/epub+zip' );
INSERT INTO files ( gid, file, mime ) VALUES ( '5622', 'http://www.gutenberg.org/ebooks/5622.epub.noimages', 'application/epub+zip' );
INSERT INTO files ( gid, file, mime ) VALUES ( '5622', 'http://www.gutenberg.org/ebooks/5622.kindle.images', 'application/x-mobipocket-ebook' );
INSERT INTO files ( gid, file, mime ) VALUES ( '5622', 'http://www.gutenberg.org/ebooks/5622.kindle.noimages', 'application/x-mobipocket-ebook' );
INSERT INTO files ( gid, file, mime ) VALUES ( '5622', 'http://www.gutenberg.org/ebooks/5622.rdf', 'application/rdf+xml' );
INSERT INTO files ( gid, file, mime ) VALUES ( '5622', 'http://www.gutenberg.org/files/5622/5622-0.txt', 'text/plain; charset=utf-8' );
INSERT INTO files ( gid, file, mime ) VALUES ( '5622', 'http://www.gutenberg.org/files/5622/5622-0.zip', 'text/plain; charset=utf-8application/zip' );
INSERT INTO files ( gid, file, mime ) VALUES ( '5622', 'http://www.gutenberg.org/files/5622/5622-8.txt', 'text/plain; charset=iso-8859-1' );
INSERT INTO files ( gid, file, mime ) VALUES ( '5622', 'http://www.gutenberg.org/files/5622/5622-8.zip', 'text/plain; charset=iso-8859-1application/zip' );
INSERT INTO files ( gid, file, mime ) VALUES ( '5622', 'http://www.gutenberg.org/files/5622/5622-h.zip', 'text/html; charset=utf-8application/zip' );
INSERT INTO files ( gid, file, mime ) VALUES ( '5622', 'http://www.gutenberg.org/files/5622/5622-h/5622-h.htm', 'text/html; charset=utf-8' );
INSERT INTO files ( gid, file, mime ) VALUES ( '5622', 'http://www.gutenberg.org/files/5622/5622.txt', 'text/plain; charset=us-ascii' );
INSERT INTO files ( gid, file, mime ) VALUES ( '5622', 'http://www.gutenberg.org/files/5622/5622.zip', 'text/plain; charset=us-asciiapplication/zip' );
INSERT INTO titles ( gid, title, author, language, rights ) VALUES ( '56322', 'The Mary Frances Story Book; or, Adventures Among the Story People', 'Fryer, Jane Eayre', 'en', 'Public domain in the USA.' );
INSERT INTO classifications ( gid, classification ) VALUES ( '56322', 'PZ' );
INSERT INTO subjects ( gid, subject ) VALUES ( '56322', 'Fairy tales' );
INSERT INTO subjects ( gid, subject ) VALUES ( '56322', 'Mary Frances (Fictitious character) -- Juvenile fiction' );
INSERT INTO subjects ( gid, subject ) VALUES ( '56322', 'Adventure stories' );
INSERT INTO files ( gid, file, mime ) VALUES ( '56322', 'http://www.gutenberg.org/cache/epub/56322/pg56322.cover.medium.jpg', 'image/jpeg' );
INSERT INTO files ( gid, file, mime ) VALUES ( '56322', 'http://www.gutenberg.org/cache/epub/56322/pg56322.cover.small.jpg', 'image/jpeg' );
INSERT INTO files ( gid, file, mime ) VALUES ( '56322', 'http://www.gutenberg.org/ebooks/56322.epub.images', 'application/epub+zip' );
INSERT INTO files ( gid, file, mime ) VALUES ( '56322', 'http://www.gutenberg.org/ebooks/56322.epub.noimages', 'application/epub+zip' );
INSERT INTO files ( gid, file, mime ) VALUES ( '56322', 'http://www.gutenberg.org/ebooks/56322.kindle.images', 'application/x-mobipocket-ebook' );
INSERT INTO files ( gid, file, mime ) VALUES ( '56322', 'http://www.gutenberg.org/ebooks/56322.kindle.noimages', 'application/x-mobipocket-ebook' );
INSERT INTO files ( gid, file, mime ) VALUES ( '56322', 'http://www.gutenberg.org/ebooks/56322.rdf', 'application/rdf+xml' );
INSERT INTO files ( gid, file, mime ) VALUES ( '56322', 'http://www.gutenberg.org/files/56322/56322-0.txt', 'text/plain; charset=utf-8' );
INSERT INTO files ( gid, file, mime ) VALUES ( '56322', 'http://www.gutenberg.org/files/56322/56322-0.zip', 'text/plain; charset=utf-8application/zip' );
INSERT INTO files ( gid, file, mime ) VALUES ( '56322', 'http://www.gutenberg.org/files/56322/56322-h.zip', 'application/ziptext/html; charset=utf-8' );
INSERT INTO files ( gid, file, mime ) VALUES ( '56322', 'http://www.gutenberg.org/files/56322/56322-h/56322-h.htm', 'text/html; charset=utf-8' );
INSERT INTO titles ( gid, title, author, language, rights ) VALUES ( '56522', 'Mazeppa', 'Whishaw, Frederick', 'en', 'Public domain in the USA.' );
INSERT INTO classifications ( gid, classification ) VALUES ( '56522', 'PR' );
INSERT INTO subjects ( gid, subject ) VALUES ( '56522', 'Cossacks -- Fiction' );
INSERT INTO subjects ( gid, subject ) VALUES ( '56522', 'Mazepa, Ivan Stepanovych, 1639-1709 -- Fiction' );
INSERT INTO files ( gid, file, mime ) VALUES ( '56522', 'http://www.gutenberg.org/cache/epub/56522/pg56522.cover.medium.jpg', 'image/jpeg' );
INSERT INTO files ( gid, file, mime ) VALUES ( '56522', 'http://www.gutenberg.org/cache/epub/56522/pg56522.cover.small.jpg', 'image/jpeg' );
INSERT INTO files ( gid, file, mime ) VALUES ( '56522', 'http://www.gutenberg.org/ebooks/56522.epub.images', 'application/epub+zip' );
INSERT INTO files ( gid, file, mime ) VALUES ( '56522', 'http://www.gutenberg.org/ebooks/56522.epub.noimages', 'application/epub+zip' );
INSERT INTO files ( gid, file, mime ) VALUES ( '56522', 'http://www.gutenberg.org/ebooks/56522.kindle.images', 'application/x-mobipocket-ebook' );
INSERT INTO files ( gid, file, mime ) VALUES ( '56522', 'http://www.gutenberg.org/ebooks/56522.kindle.noimages', 'application/x-mobipocket-ebook' );
INSERT INTO files ( gid, file, mime ) VALUES ( '56522', 'http://www.gutenberg.org/ebooks/56522.rdf', 'application/rdf+xml' );
INSERT INTO files ( gid, file, mime ) VALUES ( '56522', 'http://www.gutenberg.org/files/56522/56522-0.txt', 'text/plain; charset=utf-8' );
INSERT INTO files ( gid, file, mime ) VALUES ( '56522', 'http://www.gutenberg.org/files/56522/56522-0.zip', 'text/plain; charset=utf-8application/zip' );
INSERT INTO files ( gid, file, mime ) VALUES ( '56522', 'http://www.gutenberg.org/files/56522/56522-h.zip', 'text/html; charset=utf-8application/zip' );
INSERT INTO files ( gid, file, mime ) VALUES ( '56522', 'http://www.gutenberg.org/files/56522/56522-h/56522-h.htm', 'text/html; charset=utf-8' );
INSERT INTO titles ( gid, title, author, language, rights ) VALUES ( '56422', 'Napoleon', 'Liisberg, H. C. Bering (Henrik Carl Bering)', 'fi', 'Public domain in the USA.' );
INSERT INTO classifications ( gid, classification ) VALUES ( '56422', 'DC' );
INSERT INTO subjects ( gid, subject ) VALUES ( '56422', 'Napoleon I, Emperor of the French, 1769-1821' );
INSERT INTO files ( gid, file, mime ) VALUES ( '56422', 'http://www.gutenberg.org/ebooks/56422.epub.images', 'application/epub+zip' );
INSERT INTO files ( gid, file, mime ) VALUES ( '56422', 'http://www.gutenberg.org/ebooks/56422.epub.noimages', 'application/epub+zip' );
INSERT INTO files ( gid, file, mime ) VALUES ( '56422', 'http://www.gutenberg.org/ebooks/56422.html.images', 'text/html' );
INSERT INTO files ( gid, file, mime ) VALUES ( '56422', 'http://www.gutenberg.org/ebooks/56422.html.noimages', 'text/html' );
INSERT INTO files ( gid, file, mime ) VALUES ( '56422', 'http://www.gutenberg.org/ebooks/56422.kindle.images', 'application/x-mobipocket-ebook' );
INSERT INTO files ( gid, file, mime ) VALUES ( '56422', 'http://www.gutenberg.org/ebooks/56422.kindle.noimages', 'application/x-mobipocket-ebook' );
INSERT INTO files ( gid, file, mime ) VALUES ( '56422', 'http://www.gutenberg.org/ebooks/56422.rdf', 'application/rdf+xml' );
INSERT INTO files ( gid, file, mime ) VALUES ( '56422', 'http://www.gutenberg.org/ebooks/56422.txt.utf-8', 'text/plain' );
INSERT INTO files ( gid, file, mime ) VALUES ( '56422', 'http://www.gutenberg.org/files/56422/56422-8.txt', 'text/plain; charset=iso-8859-1' );
INSERT INTO files ( gid, file, mime ) VALUES ( '56422', 'http://www.gutenberg.org/files/56422/56422-8.zip', 'text/plain; charset=iso-8859-1application/zip' );
INSERT INTO titles ( gid, title, author, language, rights ) VALUES ( '56622', 'Correspondance: Les lettres et les arts', 'Zola, Émile', 'fr', 'Public domain in the USA.' );
INSERT INTO classifications ( gid, classification ) VALUES ( '56622', 'PQ' );
INSERT INTO subjects ( gid, subject ) VALUES ( '56622', 'Novelists, French -- 19th century -- Correspondence' );
INSERT INTO subjects ( gid, subject ) VALUES ( '56622', 'Zola, Émile, 1840-1902 -- Correspondence' );
INSERT INTO files ( gid, file, mime ) VALUES ( '56622', 'http://www.gutenberg.org/cache/epub/56622/pg56622.cover.medium.jpg', 'image/jpeg' );
INSERT INTO files ( gid, file, mime ) VALUES ( '56622', 'http://www.gutenberg.org/cache/epub/56622/pg56622.cover.small.jpg', 'image/jpeg' );
INSERT INTO files ( gid, file, mime ) VALUES ( '56622', 'http://www.gutenberg.org/ebooks/56622.epub.images', 'application/epub+zip' );
INSERT INTO files ( gid, file, mime ) VALUES ( '56622', 'http://www.gutenberg.org/ebooks/56622.epub.noimages', 'application/epub+zip' );
INSERT INTO files ( gid, file, mime ) VALUES ( '56622', 'http://www.gutenberg.org/ebooks/56622.kindle.images', 'application/x-mobipocket-ebook' );
INSERT INTO files ( gid, file, mime ) VALUES ( '56622', 'http://www.gutenberg.org/ebooks/56622.kindle.noimages', 'application/x-mobipocket-ebook' );
INSERT INTO files ( gid, file, mime ) VALUES ( '56622', 'http://www.gutenberg.org/ebooks/56622.rdf', 'application/rdf+xml' );
INSERT INTO files ( gid, file, mime ) VALUES ( '56622', 'http://www.gutenberg.org/files/56622/56622-0.txt', 'text/plain; charset=utf-8' );
INSERT INTO files ( gid, file, mime ) VALUES ( '56622', 'http://www.gutenberg.org/files/56622/56622-0.zip', 'application/ziptext/plain; charset=utf-8' );
INSERT INTO files ( gid, file, mime ) VALUES ( '56622', 'http://www.gutenberg.org/files/56622/56622-h.zip', 'text/html; charset=utf-8application/zip' );
INSERT INTO files ( gid, file, mime ) VALUES ( '56622', 'http://www.gutenberg.org/files/56622/56622-h/56622-h.htm', 'text/html; charset=utf-8' );
INSERT INTO titles ( gid, title, author, language, rights ) VALUES ( '56722', 'Home Scenes and Heart Studies', 'Aguilar, Grace', 'en', 'Public domain in the USA.' );
INSERT INTO classifications ( gid, classification ) VALUES ( '56722', 'PR' );
INSERT INTO subjects ( gid, subject ) VALUES ( '56722', 'Jews -- Fiction' );
INSERT INTO subjects ( gid, subject ) VALUES ( '56722', 'Historical fiction' );
INSERT INTO subjects ( gid, subject ) VALUES ( '56722', 'Short stories, English' );
INSERT INTO files ( gid, file, mime ) VALUES ( '56722', 'http://www.gutenberg.org/cache/epub/56722/pg56722.cover.medium.jpg', 'image/jpeg' );
INSERT INTO files ( gid, file, mime ) VALUES ( '56722', 'http://www.gutenberg.org/cache/epub/56722/pg56722.cover.small.jpg', 'image/jpeg' );
INSERT INTO files ( gid, file, mime ) VALUES ( '56722', 'http://www.gutenberg.org/ebooks/56722.epub.images', 'application/epub+zip' );
INSERT INTO files ( gid, file, mime ) VALUES ( '56722', 'http://www.gutenberg.org/ebooks/56722.epub.noimages', 'application/epub+zip' );
INSERT INTO files ( gid, file, mime ) VALUES ( '56722', 'http://www.gutenberg.org/ebooks/56722.kindle.images', 'application/x-mobipocket-ebook' );
INSERT INTO files ( gid, file, mime ) VALUES ( '56722', 'http://www.gutenberg.org/ebooks/56722.kindle.noimages', 'application/x-mobipocket-ebook' );
INSERT INTO files ( gid, file, mime ) VALUES ( '56722', 'http://www.gutenberg.org/ebooks/56722.rdf', 'application/rdf+xml' );
INSERT INTO files ( gid, file, mime ) VALUES ( '56722', 'http://www.gutenberg.org/files/56722/56722-0.txt', 'text/plain; charset=utf-8' );
INSERT INTO files ( gid, file, mime ) VALUES ( '56722', 'http://www.gutenberg.org/files/56722/56722-0.zip', 'application/ziptext/plain; charset=utf-8' );
INSERT INTO files ( gid, file, mime ) VALUES ( '56722', 'http://www.gutenberg.org/files/56722/56722-h.zip', 'application/ziptext/html; charset=utf-8' );
INSERT INTO files ( gid, file, mime ) VALUES ( '56722', 'http://www.gutenberg.org/files/56722/56722-h/56722-h.htm', 'text/html; charset=utf-8' );
INSERT INTO titles ( gid, title, author, language, rights ) VALUES ( '56822', 'The Philosophy of Mystery', 'Dendy, Walter Cooper', 'en', 'Public domain in the USA.' );
INSERT INTO classifications ( gid, classification ) VALUES ( '56822', 'BF' );
INSERT INTO subjects ( gid, subject ) VALUES ( '56822', 'Dreams' );
INSERT INTO subjects ( gid, subject ) VALUES ( '56822', 'Apparitions' );
INSERT INTO subjects ( gid, subject ) VALUES ( '56822', 'Occultism -- Early works to 1900' );
INSERT INTO subjects ( gid, subject ) VALUES ( '56822', 'Parapsychology -- Early works to 1900' );
INSERT INTO files ( gid, file, mime ) VALUES ( '56822', 'http://www.gutenberg.org/cache/epub/56822/pg56822.cover.medium.jpg', 'image/jpeg' );
INSERT INTO files ( gid, file, mime ) VALUES ( '56822', 'http://www.gutenberg.org/cache/epub/56822/pg56822.cover.small.jpg', 'image/jpeg' );
INSERT INTO files ( gid, file, mime ) VALUES ( '56822', 'http://www.gutenberg.org/ebooks/56822.epub.images', 'application/epub+zip' );
INSERT INTO files ( gid, file, mime ) VALUES ( '56822', 'http://www.gutenberg.org/ebooks/56822.epub.noimages', 'application/epub+zip' );
INSERT INTO files ( gid, file, mime ) VALUES ( '56822', 'http://www.gutenberg.org/ebooks/56822.kindle.images', 'application/x-mobipocket-ebook' );
INSERT INTO files ( gid, file, mime ) VALUES ( '56822', 'http://www.gutenberg.org/ebooks/56822.kindle.noimages', 'application/x-mobipocket-ebook' );
INSERT INTO files ( gid, file, mime ) VALUES ( '56822', 'http://www.gutenberg.org/ebooks/56822.rdf', 'application/rdf+xml' );
INSERT INTO files ( gid, file, mime ) VALUES ( '56822', 'http://www.gutenberg.org/files/56822/56822-0.txt', 'text/plain; charset=utf-8' );
INSERT INTO files ( gid, file, mime ) VALUES ( '56822', 'http://www.gutenberg.org/files/56822/56822-0.zip', 'text/plain; charset=utf-8application/zip' );
INSERT INTO files ( gid, file, mime ) VALUES ( '56822', 'http://www.gutenberg.org/files/56822/56822-h.zip', 'text/html; charset=utf-8application/zip' );
INSERT INTO files ( gid, file, mime ) VALUES ( '56822', 'http://www.gutenberg.org/files/56822/56822-h/56822-h.htm', 'text/html; charset=utf-8' );
INSERT INTO titles ( gid, title, author, language, rights ) VALUES ( '56922', 'Rab Ráby: Regény', 'Jókai, Mór', 'hu', 'Public domain in the USA.' );
INSERT INTO classifications ( gid, classification ) VALUES ( '56922', 'PH' );
INSERT INTO subjects ( gid, subject ) VALUES ( '56922', 'Ráby, Mátyás, 1752- -- Fiction' );
INSERT INTO subjects ( gid, subject ) VALUES ( '56922', 'Hungarian fiction -- 19th century' );
INSERT INTO files ( gid, file, mime ) VALUES ( '56922', 'http://www.gutenberg.org/cache/epub/56922/pg56922.cover.medium.jpg', 'image/jpeg' );
INSERT INTO files ( gid, file, mime ) VALUES ( '56922', 'http://www.gutenberg.org/cache/epub/56922/pg56922.cover.small.jpg', 'image/jpeg' );
INSERT INTO files ( gid, file, mime ) VALUES ( '56922', 'http://www.gutenberg.org/ebooks/56922.epub.images', 'application/epub+zip' );
INSERT INTO files ( gid, file, mime ) VALUES ( '56922', 'http://www.gutenberg.org/ebooks/56922.epub.noimages', 'application/epub+zip' );
INSERT INTO files ( gid, file, mime ) VALUES ( '56922', 'http://www.gutenberg.org/ebooks/56922.kindle.images', 'application/x-mobipocket-ebook' );
INSERT INTO files ( gid, file, mime ) VALUES ( '56922', 'http://www.gutenberg.org/ebooks/56922.kindle.noimages', 'application/x-mobipocket-ebook' );
INSERT INTO files ( gid, file, mime ) VALUES ( '56922', 'http://www.gutenberg.org/ebooks/56922.rdf', 'application/rdf+xml' );
INSERT INTO files ( gid, file, mime ) VALUES ( '56922', 'http://www.gutenberg.org/files/56922/56922-0.txt', 'text/plain; charset=utf-8' );
INSERT INTO files ( gid, file, mime ) VALUES ( '56922', 'http://www.gutenberg.org/files/56922/56922-0.zip', 'text/plain; charset=utf-8application/zip' );
INSERT INTO files ( gid, file, mime ) VALUES ( '56922', 'http://www.gutenberg.org/files/56922/56922-h.zip', 'application/ziptext/html; charset=utf-8' );
INSERT INTO files ( gid, file, mime ) VALUES ( '56922', 'http://www.gutenberg.org/files/56922/56922-h/56922-h.htm', 'text/html; charset=utf-8' );
INSERT INTO titles ( gid, title, author, language, rights ) VALUES ( '57022', 'A Minor Poet, and Other Verse', 'Levy, Amy', 'en', 'Public domain in the USA.' );
INSERT INTO classifications ( gid, classification ) VALUES ( '57022', 'PR' );
INSERT INTO subjects ( gid, subject ) VALUES ( '57022', 'English poetry -- 19th century' );
INSERT INTO files ( gid, file, mime ) VALUES ( '57022', 'http://www.gutenberg.org/cache/epub/57022/pg57022.cover.medium.jpg', 'image/jpeg' );
INSERT INTO files ( gid, file, mime ) VALUES ( '57022', 'http://www.gutenberg.org/cache/epub/57022/pg57022.cover.small.jpg', 'image/jpeg' );
INSERT INTO files ( gid, file, mime ) VALUES ( '57022', 'http://www.gutenberg.org/ebooks/57022.epub.images', 'application/epub+zip' );
INSERT INTO files ( gid, file, mime ) VALUES ( '57022', 'http://www.gutenberg.org/ebooks/57022.epub.noimages', 'application/epub+zip' );
INSERT INTO files ( gid, file, mime ) VALUES ( '57022', 'http://www.gutenberg.org/ebooks/57022.kindle.images', 'application/x-mobipocket-ebook' );
INSERT INTO files ( gid, file, mime ) VALUES ( '57022', 'http://www.gutenberg.org/ebooks/57022.kindle.noimages', 'application/x-mobipocket-ebook' );
INSERT INTO files ( gid, file, mime ) VALUES ( '57022', 'http://www.gutenberg.org/ebooks/57022.rdf', 'application/rdf+xml' );
INSERT INTO files ( gid, file, mime ) VALUES ( '57022', 'http://www.gutenberg.org/files/57022/57022-0.txt', 'text/plain; charset=utf-8' );
INSERT INTO files ( gid, file, mime ) VALUES ( '57022', 'http://www.gutenberg.org/files/57022/57022-0.zip', 'text/plain; charset=utf-8application/zip' );
INSERT INTO files ( gid, file, mime ) VALUES ( '57022', 'http://www.gutenberg.org/files/57022/57022-h.zip', 'text/html; charset=utf-8application/zip' );
INSERT INTO files ( gid, file, mime ) VALUES ( '57022', 'http://www.gutenberg.org/files/57022/57022-h/57022-h.htm', 'text/html; charset=utf-8' );
INSERT INTO titles ( gid, title, author, language, rights ) VALUES ( '57122', 'Climate and Health in Hot Countries and the Outlines of Tropical Climatology A Popular Treatise on Personal Hygiene in the Hotter Parts of the World, and on the Climates That Will Be Met Within Them.', 'Giles, George Michael James', 'en', 'Public domain in the USA.' );
INSERT INTO classifications ( gid, classification ) VALUES ( '57122', 'RA' );
INSERT INTO subjects ( gid, subject ) VALUES ( '57122', 'Medical climatology' );
INSERT INTO subjects ( gid, subject ) VALUES ( '57122', 'Hygiene -- Popular works' );
INSERT INTO subjects ( gid, subject ) VALUES ( '57122', 'Tropical medicine' );
INSERT INTO files ( gid, file, mime ) VALUES ( '57122', 'http://www.gutenberg.org/cache/epub/57122/pg57122.cover.medium.jpg', 'image/jpeg' );
INSERT INTO files ( gid, file, mime ) VALUES ( '57122', 'http://www.gutenberg.org/cache/epub/57122/pg57122.cover.small.jpg', 'image/jpeg' );
INSERT INTO files ( gid, file, mime ) VALUES ( '57122', 'http://www.gutenberg.org/ebooks/57122.epub.images', 'application/epub+zip' );
INSERT INTO files ( gid, file, mime ) VALUES ( '57122', 'http://www.gutenberg.org/ebooks/57122.epub.noimages', 'application/epub+zip' );
INSERT INTO files ( gid, file, mime ) VALUES ( '57122', 'http://www.gutenberg.org/ebooks/57122.kindle.images', 'application/x-mobipocket-ebook' );
INSERT INTO files ( gid, file, mime ) VALUES ( '57122', 'http://www.gutenberg.org/ebooks/57122.kindle.noimages', 'application/x-mobipocket-ebook' );
INSERT INTO files ( gid, file, mime ) VALUES ( '57122', 'http://www.gutenberg.org/ebooks/57122.rdf', 'application/rdf+xml' );
INSERT INTO files ( gid, file, mime ) VALUES ( '57122', 'http://www.gutenberg.org/files/57122/57122-0.txt', 'text/plain; charset=utf-8' );
INSERT INTO files ( gid, file, mime ) VALUES ( '57122', 'http://www.gutenberg.org/files/57122/57122-0.zip', 'application/ziptext/plain; charset=utf-8' );
INSERT INTO files ( gid, file, mime ) VALUES ( '57122', 'http://www.gutenberg.org/files/57122/57122-h.zip', 'text/html; charset=iso-8859-1application/zip' );
INSERT INTO files ( gid, file, mime ) VALUES ( '57122', 'http://www.gutenberg.org/files/57122/57122-h/57122-h.htm', 'text/html; charset=iso-8859-1' );
INSERT INTO titles ( gid, title, author, language, rights ) VALUES ( '14422', 'The Promise of American Life', 'Croly, Herbert David', 'en', 'Public domain in the USA.' );
INSERT INTO classifications ( gid, classification ) VALUES ( '14422', 'JA' );
INSERT INTO subjects ( gid, subject ) VALUES ( '14422', 'United States -- Politics and government' );
INSERT INTO subjects ( gid, subject ) VALUES ( '14422', 'Progressivism (United States politics)' );
INSERT INTO subjects ( gid, subject ) VALUES ( '14422', 'Political science -- United States -- History' );
INSERT INTO subjects ( gid, subject ) VALUES ( '14422', 'United States -- Social conditions -- 1865-1918' );
INSERT INTO files ( gid, file, mime ) VALUES ( '14422', 'http://www.gutenberg.org/ebooks/14422.epub.images', 'application/epub+zip' );
INSERT INTO files ( gid, file, mime ) VALUES ( '14422', 'http://www.gutenberg.org/ebooks/14422.epub.noimages', 'application/epub+zip' );
INSERT INTO files ( gid, file, mime ) VALUES ( '14422', 'http://www.gutenberg.org/ebooks/14422.kindle.images', 'application/x-mobipocket-ebook' );
INSERT INTO files ( gid, file, mime ) VALUES ( '14422', 'http://www.gutenberg.org/ebooks/14422.kindle.noimages', 'application/x-mobipocket-ebook' );
INSERT INTO files ( gid, file, mime ) VALUES ( '14422', 'http://www.gutenberg.org/ebooks/14422.rdf', 'application/rdf+xml' );
INSERT INTO files ( gid, file, mime ) VALUES ( '14422', 'http://www.gutenberg.org/ebooks/14422.txt.utf-8', 'text/plain' );
INSERT INTO files ( gid, file, mime ) VALUES ( '14422', 'http://www.gutenberg.org/files/14422/14422-8.txt', 'text/plain; charset=iso-8859-1' );
INSERT INTO files ( gid, file, mime ) VALUES ( '14422', 'http://www.gutenberg.org/files/14422/14422-8.zip', 'application/ziptext/plain; charset=iso-8859-1' );
INSERT INTO files ( gid, file, mime ) VALUES ( '14422', 'http://www.gutenberg.org/files/14422/14422-h.zip', 'application/ziptext/html; charset=iso-8859-1' );
INSERT INTO files ( gid, file, mime ) VALUES ( '14422', 'http://www.gutenberg.org/files/14422/14422-h/14422-h.htm', 'text/html; charset=iso-8859-1' );
INSERT INTO files ( gid, file, mime ) VALUES ( '14422', 'http://www.gutenberg.org/files/14422/14422.txt', 'text/plain; charset=us-ascii' );
INSERT INTO files ( gid, file, mime ) VALUES ( '14422', 'http://www.gutenberg.org/files/14422/14422.zip', 'text/plain; charset=us-asciiapplication/zip' );
INSERT INTO titles ( gid, title, author, language, rights ) VALUES ( '14522', 'The Canterville Ghost', 'Wilde, Oscar', 'en', 'Public domain in the USA.' );
INSERT INTO classifications ( gid, classification ) VALUES ( '14522', 'PR' );
INSERT INTO subjects ( gid, subject ) VALUES ( '14522', 'Ghosts -- Fiction' );
INSERT INTO subjects ( gid, subject ) VALUES ( '14522', 'England -- Fiction' );
INSERT INTO files ( gid, file, mime ) VALUES ( '14522', 'http://www.gutenberg.org/ebooks/14522.epub.images', 'application/epub+zip' );
INSERT INTO files ( gid, file, mime ) VALUES ( '14522', 'http://www.gutenberg.org/ebooks/14522.epub.noimages', 'application/epub+zip' );
INSERT INTO files ( gid, file, mime ) VALUES ( '14522', 'http://www.gutenberg.org/ebooks/14522.kindle.images', 'application/x-mobipocket-ebook' );
INSERT INTO files ( gid, file, mime ) VALUES ( '14522', 'http://www.gutenberg.org/ebooks/14522.kindle.noimages', 'application/x-mobipocket-ebook' );
INSERT INTO files ( gid, file, mime ) VALUES ( '14522', 'http://www.gutenberg.org/ebooks/14522.rdf', 'application/rdf+xml' );
INSERT INTO files ( gid, file, mime ) VALUES ( '14522', 'http://www.gutenberg.org/ebooks/14522.txt.utf-8', 'text/plain' );
INSERT INTO files ( gid, file, mime ) VALUES ( '14522', 'http://www.gutenberg.org/files/14522/14522-8.txt', 'text/plain; charset=iso-8859-1' );
INSERT INTO files ( gid, file, mime ) VALUES ( '14522', 'http://www.gutenberg.org/files/14522/14522-8.zip', 'text/plain; charset=iso-8859-1application/zip' );
INSERT INTO files ( gid, file, mime ) VALUES ( '14522', 'http://www.gutenberg.org/files/14522/14522-h.zip', 'application/ziptext/html; charset=iso-8859-1' );
INSERT INTO files ( gid, file, mime ) VALUES ( '14522', 'http://www.gutenberg.org/files/14522/14522-h/14522-h.htm', 'text/html; charset=iso-8859-1' );
INSERT INTO files ( gid, file, mime ) VALUES ( '14522', 'http://www.gutenberg.org/files/14522/14522.txt', 'text/plain; charset=us-ascii' );
INSERT INTO files ( gid, file, mime ) VALUES ( '14522', 'http://www.gutenberg.org/files/14522/14522.zip', 'text/plain; charset=us-asciiapplication/zip' );
INSERT INTO titles ( gid, title, author, language, rights ) VALUES ( '14722', 'Contestaciones y Consideraciones Al Pueblo y Congreso Norte-Americanos', 'Mabini, Apolinario', 'es', 'Public domain in the USA.' );
INSERT INTO classifications ( gid, classification ) VALUES ( '14722', 'DS' );
INSERT INTO subjects ( gid, subject ) VALUES ( '14722', 'Philippines -- History -- Philippine American War, 1899-1902' );
INSERT INTO files ( gid, file, mime ) VALUES ( '14722', 'http://www.gutenberg.org/ebooks/14722.epub.images', 'application/epub+zip' );
INSERT INTO files ( gid, file, mime ) VALUES ( '14722', 'http://www.gutenberg.org/ebooks/14722.epub.noimages', 'application/epub+zip' );
INSERT INTO files ( gid, file, mime ) VALUES ( '14722', 'http://www.gutenberg.org/ebooks/14722.kindle.images', 'application/x-mobipocket-ebook' );
INSERT INTO files ( gid, file, mime ) VALUES ( '14722', 'http://www.gutenberg.org/ebooks/14722.kindle.noimages', 'application/x-mobipocket-ebook' );
INSERT INTO files ( gid, file, mime ) VALUES ( '14722', 'http://www.gutenberg.org/ebooks/14722.rdf', 'application/rdf+xml' );
INSERT INTO files ( gid, file, mime ) VALUES ( '14722', 'http://www.gutenberg.org/ebooks/14722.txt.utf-8', 'text/plain' );
INSERT INTO files ( gid, file, mime ) VALUES ( '14722', 'http://www.gutenberg.org/files/14722/14722-8.txt', 'text/plain; charset=iso-8859-1' );
INSERT INTO files ( gid, file, mime ) VALUES ( '14722', 'http://www.gutenberg.org/files/14722/14722-8.zip', 'text/plain; charset=iso-8859-1application/zip' );
INSERT INTO files ( gid, file, mime ) VALUES ( '14722', 'http://www.gutenberg.org/files/14722/14722-h.zip', 'application/ziptext/html; charset=iso-8859-1' );
INSERT INTO files ( gid, file, mime ) VALUES ( '14722', 'http://www.gutenberg.org/files/14722/14722-h/14722-h.htm', 'text/html; charset=iso-8859-1' );
INSERT INTO titles ( gid, title, author, language, rights ) VALUES ( '14622', 'As Farpas: Chronica Mensal da Politica, das Letras e dos Costumes (1873-10/11)', '', 'pt', 'Public domain in the USA.' );
INSERT INTO classifications ( gid, classification ) VALUES ( '14622', 'AP' );
INSERT INTO classifications ( gid, classification ) VALUES ( '14622', 'DP' );
INSERT INTO subjects ( gid, subject ) VALUES ( '14622', 'Portugal -- Politics and government -- Periodicals' );
INSERT INTO subjects ( gid, subject ) VALUES ( '14622', 'Portugal -- Civilization -- Periodicals' );
INSERT INTO subjects ( gid, subject ) VALUES ( '14622', 'Portugal -- Social life and customs -- Periodicals' );
INSERT INTO files ( gid, file, mime ) VALUES ( '14622', 'http://www.gutenberg.org/ebooks/14622.epub.images', 'application/epub+zip' );
INSERT INTO files ( gid, file, mime ) VALUES ( '14622', 'http://www.gutenberg.org/ebooks/14622.epub.noimages', 'application/epub+zip' );
INSERT INTO files ( gid, file, mime ) VALUES ( '14622', 'http://www.gutenberg.org/ebooks/14622.kindle.images', 'application/x-mobipocket-ebook' );
INSERT INTO files ( gid, file, mime ) VALUES ( '14622', 'http://www.gutenberg.org/ebooks/14622.kindle.noimages', 'application/x-mobipocket-ebook' );
INSERT INTO files ( gid, file, mime ) VALUES ( '14622', 'http://www.gutenberg.org/ebooks/14622.rdf', 'application/rdf+xml' );
INSERT INTO files ( gid, file, mime ) VALUES ( '14622', 'http://www.gutenberg.org/ebooks/14622.txt.utf-8', 'text/plain' );
INSERT INTO files ( gid, file, mime ) VALUES ( '14622', 'http://www.gutenberg.org/files/14622/14622-8.txt', 'text/plain; charset=iso-8859-1' );
INSERT INTO files ( gid, file, mime ) VALUES ( '14622', 'http://www.gutenberg.org/files/14622/14622-8.zip', 'application/ziptext/plain; charset=iso-8859-1' );
INSERT INTO files ( gid, file, mime ) VALUES ( '14622', 'http://www.gutenberg.org/files/14622/14622-h.zip', 'application/ziptext/html; charset=iso-8859-1' );
INSERT INTO files ( gid, file, mime ) VALUES ( '14622', 'http://www.gutenberg.org/files/14622/14622-h/14622-h.htm', 'text/html; charset=iso-8859-1' );
INSERT INTO titles ( gid, title, author, language, rights ) VALUES ( '14822', 'Kartilyang Makabayan Mga Tanong at Sagot Ukol Kay Andrés Bonifacio at sa KKK', 'Cruz, Hermenegildo', 'tl', 'Public domain in the USA.' );
INSERT INTO classifications ( gid, classification ) VALUES ( '14822', 'DS' );
INSERT INTO subjects ( gid, subject ) VALUES ( '14822', 'Philippines -- History -- Revolution, 1896-1898' );
INSERT INTO subjects ( gid, subject ) VALUES ( '14822', 'Kaatastaasan, Kagalanggalang Katipunan ng mga Anak ng Bayan (Organization)' );
INSERT INTO files ( gid, file, mime ) VALUES ( '14822', 'http://www.gutenberg.org/ebooks/14822.epub.images', 'application/epub+zip' );
INSERT INTO files ( gid, file, mime ) VALUES ( '14822', 'http://www.gutenberg.org/ebooks/14822.epub.noimages', 'application/epub+zip' );
INSERT INTO files ( gid, file, mime ) VALUES ( '14822', 'http://www.gutenberg.org/ebooks/14822.rdf', 'application/rdf+xml' );
INSERT INTO files ( gid, file, mime ) VALUES ( '14822', 'http://www.gutenberg.org/ebooks/14822.txt.utf-8', 'text/plain' );
INSERT INTO files ( gid, file, mime ) VALUES ( '14822', 'http://www.gutenberg.org/files/14822/14822-8.txt', 'text/plain; charset=iso-8859-1' );
INSERT INTO files ( gid, file, mime ) VALUES ( '14822', 'http://www.gutenberg.org/files/14822/14822-8.zip', 'application/ziptext/plain; charset=iso-8859-1' );
INSERT INTO files ( gid, file, mime ) VALUES ( '14822', 'http://www.gutenberg.org/files/14822/14822-h.zip', 'text/html; charset=iso-8859-1application/zip' );
INSERT INTO files ( gid, file, mime ) VALUES ( '14822', 'http://www.gutenberg.org/files/14822/14822-h/14822-h.htm', 'text/html; charset=iso-8859-1' );
INSERT INTO titles ( gid, title, author, language, rights ) VALUES ( '14922', 'Punch, or the London Charivari, Volume 1, August 7, 1841', 'Various', 'en', 'Public domain in the USA.' );
INSERT INTO classifications ( gid, classification ) VALUES ( '14922', 'AP' );
INSERT INTO subjects ( gid, subject ) VALUES ( '14922', 'English wit and humor -- Periodicals' );
INSERT INTO files ( gid, file, mime ) VALUES ( '14922', 'http://www.gutenberg.org/ebooks/14922.epub.images', 'application/epub+zip' );
INSERT INTO files ( gid, file, mime ) VALUES ( '14922', 'http://www.gutenberg.org/ebooks/14922.epub.noimages', 'application/epub+zip' );
INSERT INTO files ( gid, file, mime ) VALUES ( '14922', 'http://www.gutenberg.org/ebooks/14922.kindle.images', 'application/x-mobipocket-ebook' );
INSERT INTO files ( gid, file, mime ) VALUES ( '14922', 'http://www.gutenberg.org/ebooks/14922.kindle.noimages', 'application/x-mobipocket-ebook' );
INSERT INTO files ( gid, file, mime ) VALUES ( '14922', 'http://www.gutenberg.org/ebooks/14922.rdf', 'application/rdf+xml' );
INSERT INTO files ( gid, file, mime ) VALUES ( '14922', 'http://www.gutenberg.org/ebooks/14922.txt.utf-8', 'text/plain' );
INSERT INTO files ( gid, file, mime ) VALUES ( '14922', 'http://www.gutenberg.org/files/14922/14922-8.txt', 'text/plain; charset=iso-8859-1' );
INSERT INTO files ( gid, file, mime ) VALUES ( '14922', 'http://www.gutenberg.org/files/14922/14922-8.zip', 'application/ziptext/plain; charset=iso-8859-1' );
INSERT INTO files ( gid, file, mime ) VALUES ( '14922', 'http://www.gutenberg.org/files/14922/14922-h.zip', 'text/html; charset=iso-8859-1application/zip' );
INSERT INTO files ( gid, file, mime ) VALUES ( '14922', 'http://www.gutenberg.org/files/14922/14922-h/14922-h.htm', 'text/html; charset=iso-8859-1' );
INSERT INTO files ( gid, file, mime ) VALUES ( '14922', 'http://www.gutenberg.org/files/14922/14922.txt', 'text/plain; charset=us-ascii' );
INSERT INTO files ( gid, file, mime ) VALUES ( '14922', 'http://www.gutenberg.org/files/14922/14922.zip', 'application/ziptext/plain; charset=us-ascii' );
INSERT INTO titles ( gid, title, author, language, rights ) VALUES ( '15022', 'The Philippine Islands, 1493-1898 — Volume 12 of 55 1601-1604 Explorations by Early Navigators, Descriptions of the Islands and Their Peoples, Their History and Records of the Catholic Missions, as Related in Contemporaneous Books and Manuscripts, Showing the Political, Economic, Commercial and Religious Conditions of Those Islands from Their Earliest Relations with European Nations to the Close of the Nineteenth Century', '', 'en', 'Public domain in the USA.' );
INSERT INTO classifications ( gid, classification ) VALUES ( '15022', 'DS' );
INSERT INTO subjects ( gid, subject ) VALUES ( '15022', 'Demarcation line of Alexander VI' );
INSERT INTO subjects ( gid, subject ) VALUES ( '15022', 'Philippines -- History -- Sources' );
INSERT INTO subjects ( gid, subject ) VALUES ( '15022', 'Philippines -- Discovery and exploration' );
INSERT INTO subjects ( gid, subject ) VALUES ( '15022', 'Missions -- Philippines' );
INSERT INTO files ( gid, file, mime ) VALUES ( '15022', 'http://www.gutenberg.org/ebooks/15022.epub.images', 'application/epub+zip' );
INSERT INTO files ( gid, file, mime ) VALUES ( '15022', 'http://www.gutenberg.org/ebooks/15022.epub.noimages', 'application/epub+zip' );
INSERT INTO files ( gid, file, mime ) VALUES ( '15022', 'http://www.gutenberg.org/ebooks/15022.html.images', 'text/html' );
INSERT INTO files ( gid, file, mime ) VALUES ( '15022', 'http://www.gutenberg.org/ebooks/15022.html.noimages', 'text/html' );
INSERT INTO files ( gid, file, mime ) VALUES ( '15022', 'http://www.gutenberg.org/ebooks/15022.kindle.images', 'application/x-mobipocket-ebook' );
INSERT INTO files ( gid, file, mime ) VALUES ( '15022', 'http://www.gutenberg.org/ebooks/15022.kindle.noimages', 'application/x-mobipocket-ebook' );
INSERT INTO files ( gid, file, mime ) VALUES ( '15022', 'http://www.gutenberg.org/ebooks/15022.rdf', 'application/rdf+xml' );
INSERT INTO files ( gid, file, mime ) VALUES ( '15022', 'http://www.gutenberg.org/ebooks/15022.txt.utf-8', 'text/plain' );
INSERT INTO files ( gid, file, mime ) VALUES ( '15022', 'http://www.gutenberg.org/files/15022/15022-8.txt', 'text/plain; charset=iso-8859-1' );
INSERT INTO files ( gid, file, mime ) VALUES ( '15022', 'http://www.gutenberg.org/files/15022/15022-8.zip', 'text/plain; charset=iso-8859-1application/zip' );
INSERT INTO files ( gid, file, mime ) VALUES ( '15022', 'http://www.gutenberg.org/files/15022/15022.txt', 'text/plain; charset=us-ascii' );
INSERT INTO files ( gid, file, mime ) VALUES ( '15022', 'http://www.gutenberg.org/files/15022/15022.zip', 'text/plain; charset=us-asciiapplication/zip' );
INSERT INTO titles ( gid, title, author, language, rights ) VALUES ( '15122', 'The Little Colonel''s Hero', 'Johnston, Annie F. (Annie Fellows)', 'en', 'Public domain in the USA.' );
INSERT INTO classifications ( gid, classification ) VALUES ( '15122', 'PZ' );
INSERT INTO subjects ( gid, subject ) VALUES ( '15122', 'Young women -- Juvenile fiction' );
INSERT INTO subjects ( gid, subject ) VALUES ( '15122', 'Kentucky -- Social life and customs -- 19th century -- Juvenile fiction' );
INSERT INTO files ( gid, file, mime ) VALUES ( '15122', 'http://www.gutenberg.org/ebooks/15122.epub.images', 'application/epub+zip' );
INSERT INTO files ( gid, file, mime ) VALUES ( '15122', 'http://www.gutenberg.org/ebooks/15122.epub.noimages', 'application/epub+zip' );
INSERT INTO files ( gid, file, mime ) VALUES ( '15122', 'http://www.gutenberg.org/ebooks/15122.kindle.images', 'application/x-mobipocket-ebook' );
INSERT INTO files ( gid, file, mime ) VALUES ( '15122', 'http://www.gutenberg.org/ebooks/15122.kindle.noimages', 'application/x-mobipocket-ebook' );
INSERT INTO files ( gid, file, mime ) VALUES ( '15122', 'http://www.gutenberg.org/ebooks/15122.rdf', 'application/rdf+xml' );
INSERT INTO files ( gid, file, mime ) VALUES ( '15122', 'http://www.gutenberg.org/ebooks/15122.txt.utf-8', 'text/plain' );
INSERT INTO files ( gid, file, mime ) VALUES ( '15122', 'http://www.gutenberg.org/files/15122/15122-8.txt', 'text/plain; charset=iso-8859-1' );
INSERT INTO files ( gid, file, mime ) VALUES ( '15122', 'http://www.gutenberg.org/files/15122/15122-8.zip', 'application/ziptext/plain; charset=iso-8859-1' );
INSERT INTO files ( gid, file, mime ) VALUES ( '15122', 'http://www.gutenberg.org/files/15122/15122-h.zip', 'application/ziptext/html; charset=iso-8859-1' );
INSERT INTO files ( gid, file, mime ) VALUES ( '15122', 'http://www.gutenberg.org/files/15122/15122-h/15122-h.htm', 'text/html; charset=iso-8859-1' );
INSERT INTO files ( gid, file, mime ) VALUES ( '15122', 'http://www.gutenberg.org/files/15122/15122-h/music/dovesong.ly', 'application/octet-stream' );
INSERT INTO files ( gid, file, mime ) VALUES ( '15122', 'http://www.gutenberg.org/files/15122/15122-h/music/dovesong.midi', 'audio/midi' );
INSERT INTO files ( gid, file, mime ) VALUES ( '15122', 'http://www.gutenberg.org/files/15122/15122-h/music/dovesong.pdf', 'application/pdf' );
INSERT INTO files ( gid, file, mime ) VALUES ( '15122', 'http://www.gutenberg.org/files/15122/15122-h/music/fairychorus.ly', 'application/octet-stream' );
INSERT INTO files ( gid, file, mime ) VALUES ( '15122', 'http://www.gutenberg.org/files/15122/15122-h/music/fairychorus.midi', 'audio/midi' );
INSERT INTO files ( gid, file, mime ) VALUES ( '15122', 'http://www.gutenberg.org/files/15122/15122-h/music/fairychorus.pdf', 'application/pdf' );
INSERT INTO files ( gid, file, mime ) VALUES ( '15122', 'http://www.gutenberg.org/files/15122/15122-h/music/spinningwheel.ly', 'application/octet-stream' );
INSERT INTO files ( gid, file, mime ) VALUES ( '15122', 'http://www.gutenberg.org/files/15122/15122-h/music/spinningwheel.midi', 'audio/midi' );
INSERT INTO files ( gid, file, mime ) VALUES ( '15122', 'http://www.gutenberg.org/files/15122/15122-h/music/spinningwheel.pdf', 'application/pdf' );
INSERT INTO files ( gid, file, mime ) VALUES ( '15122', 'http://www.gutenberg.org/files/15122/15122-h/music/spinwheel.ly', 'application/octet-stream' );
INSERT INTO files ( gid, file, mime ) VALUES ( '15122', 'http://www.gutenberg.org/files/15122/15122-h/music/spinwheel.midi', 'audio/midi' );
INSERT INTO files ( gid, file, mime ) VALUES ( '15122', 'http://www.gutenberg.org/files/15122/15122-h/music/spinwheel.pdf', 'application/pdf' );
INSERT INTO files ( gid, file, mime ) VALUES ( '15122', 'http://www.gutenberg.org/files/15122/15122.txt', 'text/plain; charset=us-ascii' );
INSERT INTO files ( gid, file, mime ) VALUES ( '15122', 'http://www.gutenberg.org/files/15122/15122.zip', 'application/ziptext/plain; charset=us-ascii' );
INSERT INTO titles ( gid, title, author, language, rights ) VALUES ( '15222', 'Looking Seaward Again', 'Runciman, Walter Runciman, Baron', 'en', 'Public domain in the USA.' );
INSERT INTO classifications ( gid, classification ) VALUES ( '15222', 'G' );
INSERT INTO subjects ( gid, subject ) VALUES ( '15222', 'Voyages and travels' );
INSERT INTO files ( gid, file, mime ) VALUES ( '15222', 'http://www.gutenberg.org/ebooks/15222.epub.images', 'application/epub+zip' );
INSERT INTO files ( gid, file, mime ) VALUES ( '15222', 'http://www.gutenberg.org/ebooks/15222.epub.noimages', 'application/epub+zip' );
INSERT INTO files ( gid, file, mime ) VALUES ( '15222', 'http://www.gutenberg.org/ebooks/15222.kindle.images', 'application/x-mobipocket-ebook' );
INSERT INTO files ( gid, file, mime ) VALUES ( '15222', 'http://www.gutenberg.org/ebooks/15222.kindle.noimages', 'application/x-mobipocket-ebook' );
INSERT INTO files ( gid, file, mime ) VALUES ( '15222', 'http://www.gutenberg.org/ebooks/15222.rdf', 'application/rdf+xml' );
INSERT INTO files ( gid, file, mime ) VALUES ( '15222', 'http://www.gutenberg.org/ebooks/15222.txt.utf-8', 'text/plain' );
INSERT INTO files ( gid, file, mime ) VALUES ( '15222', 'http://www.gutenberg.org/files/15222/15222-8.txt', 'text/plain; charset=iso-8859-1' );
INSERT INTO files ( gid, file, mime ) VALUES ( '15222', 'http://www.gutenberg.org/files/15222/15222-8.zip', 'text/plain; charset=iso-8859-1application/zip' );
INSERT INTO files ( gid, file, mime ) VALUES ( '15222', 'http://www.gutenberg.org/files/15222/15222-h.zip', 'application/ziptext/html; charset=iso-8859-1' );
INSERT INTO files ( gid, file, mime ) VALUES ( '15222', 'http://www.gutenberg.org/files/15222/15222-h/15222-h.htm', 'text/html; charset=iso-8859-1' );
INSERT INTO files ( gid, file, mime ) VALUES ( '15222', 'http://www.gutenberg.org/files/15222/15222.txt', 'text/plain; charset=us-ascii' );
INSERT INTO files ( gid, file, mime ) VALUES ( '15222', 'http://www.gutenberg.org/files/15222/15222.zip', 'application/ziptext/plain; charset=us-ascii' );
INSERT INTO titles ( gid, title, author, language, rights ) VALUES ( '1522', 'Julius Caesar', 'Shakespeare, William', 'en', 'Public domain in the USA.' );
INSERT INTO classifications ( gid, classification ) VALUES ( '1522', 'PR' );
INSERT INTO subjects ( gid, subject ) VALUES ( '1522', 'Caesar, Julius -- Assassination -- Drama' );
INSERT INTO subjects ( gid, subject ) VALUES ( '1522', 'Conspiracies -- Drama' );
INSERT INTO subjects ( gid, subject ) VALUES ( '1522', 'Tragedies' );
INSERT INTO subjects ( gid, subject ) VALUES ( '1522', 'Assassins -- Drama' );
INSERT INTO subjects ( gid, subject ) VALUES ( '1522', 'Rome -- History -- Civil War, 43-31 B.C. -- Drama' );
INSERT INTO subjects ( gid, subject ) VALUES ( '1522', 'Brutus, Marcus Junius, 85 B.C.?-42 B.C. -- Drama' );
INSERT INTO files ( gid, file, mime ) VALUES ( '1522', 'http://www.gutenberg.org/cache/epub/1522/pg1522.cover.medium.jpg', 'image/jpeg' );
INSERT INTO files ( gid, file, mime ) VALUES ( '1522', 'http://www.gutenberg.org/cache/epub/1522/pg1522.cover.small.jpg', 'image/jpeg' );
INSERT INTO files ( gid, file, mime ) VALUES ( '1522', 'http://www.gutenberg.org/ebooks/1522.epub.images', 'application/epub+zip' );
INSERT INTO files ( gid, file, mime ) VALUES ( '1522', 'http://www.gutenberg.org/ebooks/1522.epub.noimages', 'application/epub+zip' );
INSERT INTO files ( gid, file, mime ) VALUES ( '1522', 'http://www.gutenberg.org/ebooks/1522.kindle.images', 'application/x-mobipocket-ebook' );
INSERT INTO files ( gid, file, mime ) VALUES ( '1522', 'http://www.gutenberg.org/ebooks/1522.kindle.noimages', 'application/x-mobipocket-ebook' );
INSERT INTO files ( gid, file, mime ) VALUES ( '1522', 'http://www.gutenberg.org/ebooks/1522.rdf', 'application/rdf+xml' );
INSERT INTO files ( gid, file, mime ) VALUES ( '1522', 'http://www.gutenberg.org/files/1522/1522-0.txt', 'text/plain; charset=utf-8' );
INSERT INTO files ( gid, file, mime ) VALUES ( '1522', 'http://www.gutenberg.org/files/1522/1522-0.zip', 'text/plain; charset=utf-8application/zip' );
INSERT INTO files ( gid, file, mime ) VALUES ( '1522', 'http://www.gutenberg.org/files/1522/1522-h.zip', 'application/ziptext/html; charset=utf-8' );
INSERT INTO files ( gid, file, mime ) VALUES ( '1522', 'http://www.gutenberg.org/files/1522/1522-h/1522-h.htm', 'text/html; charset=utf-8' );
INSERT INTO files ( gid, file, mime ) VALUES ( '1522', 'http://www.gutenberg.org/files/1522/1522.txt', 'text/plain; charset=us-ascii' );
INSERT INTO files ( gid, file, mime ) VALUES ( '1522', 'http://www.gutenberg.org/files/1522/1522.zip', 'text/plain; charset=us-asciiapplication/zip' );
INSERT INTO titles ( gid, title, author, language, rights ) VALUES ( '15322', 'The American Architect and Building News, Vol. 27, No. 733, January 11, 1890', 'Various', 'en', 'Public domain in the USA.' );
INSERT INTO classifications ( gid, classification ) VALUES ( '15322', 'NA' );
INSERT INTO subjects ( gid, subject ) VALUES ( '15322', 'Architecture -- Periodicals' );
INSERT INTO files ( gid, file, mime ) VALUES ( '15322', 'http://www.gutenberg.org/ebooks/15322.epub.images', 'application/epub+zip' );
INSERT INTO files ( gid, file, mime ) VALUES ( '15322', 'http://www.gutenberg.org/ebooks/15322.epub.noimages', 'application/epub+zip' );
INSERT INTO files ( gid, file, mime ) VALUES ( '15322', 'http://www.gutenberg.org/ebooks/15322.kindle.images', 'application/x-mobipocket-ebook' );
INSERT INTO files ( gid, file, mime ) VALUES ( '15322', 'http://www.gutenberg.org/ebooks/15322.kindle.noimages', 'application/x-mobipocket-ebook' );
INSERT INTO files ( gid, file, mime ) VALUES ( '15322', 'http://www.gutenberg.org/ebooks/15322.rdf', 'application/rdf+xml' );
INSERT INTO files ( gid, file, mime ) VALUES ( '15322', 'http://www.gutenberg.org/ebooks/15322.txt.utf-8', 'text/plain' );
INSERT INTO files ( gid, file, mime ) VALUES ( '15322', 'http://www.gutenberg.org/files/15322/15322-8.txt', 'text/plain; charset=iso-8859-1' );
INSERT INTO files ( gid, file, mime ) VALUES ( '15322', 'http://www.gutenberg.org/files/15322/15322-8.zip', 'text/plain; charset=iso-8859-1application/zip' );
INSERT INTO files ( gid, file, mime ) VALUES ( '15322', 'http://www.gutenberg.org/files/15322/15322-h.zip', 'text/html; charset=iso-8859-1application/zip' );
INSERT INTO files ( gid, file, mime ) VALUES ( '15322', 'http://www.gutenberg.org/files/15322/15322-h/15322-h.htm', 'text/html; charset=iso-8859-1' );
INSERT INTO files ( gid, file, mime ) VALUES ( '15322', 'http://www.gutenberg.org/files/15322/15322.txt', 'text/plain; charset=us-ascii' );
INSERT INTO files ( gid, file, mime ) VALUES ( '15322', 'http://www.gutenberg.org/files/15322/15322.zip', 'text/plain; charset=us-asciiapplication/zip' );
INSERT INTO titles ( gid, title, author, language, rights ) VALUES ( '15522', 'The War Chief of the Ottawas : A chronicle of the Pontiac war', 'Marquis, Thomas Guthrie', 'en', 'Public domain in the USA.' );
INSERT INTO subjects ( gid, subject ) VALUES ( '15522', 'Pontiac''s Conspiracy, 1763-1765' );
INSERT INTO subjects ( gid, subject ) VALUES ( '15522', 'E011' );
INSERT INTO files ( gid, file, mime ) VALUES ( '15522', 'http://www.gutenberg.org/ebooks/15522.epub.images', 'application/epub+zip' );
INSERT INTO files ( gid, file, mime ) VALUES ( '15522', 'http://www.gutenberg.org/ebooks/15522.epub.noimages', 'application/epub+zip' );
INSERT INTO files ( gid, file, mime ) VALUES ( '15522', 'http://www.gutenberg.org/ebooks/15522.html.images', 'text/html' );
INSERT INTO files ( gid, file, mime ) VALUES ( '15522', 'http://www.gutenberg.org/ebooks/15522.html.noimages', 'text/html' );
INSERT INTO files ( gid, file, mime ) VALUES ( '15522', 'http://www.gutenberg.org/ebooks/15522.kindle.images', 'application/x-mobipocket-ebook' );
INSERT INTO files ( gid, file, mime ) VALUES ( '15522', 'http://www.gutenberg.org/ebooks/15522.kindle.noimages', 'application/x-mobipocket-ebook' );
INSERT INTO files ( gid, file, mime ) VALUES ( '15522', 'http://www.gutenberg.org/ebooks/15522.rdf', 'application/rdf+xml' );
INSERT INTO files ( gid, file, mime ) VALUES ( '15522', 'http://www.gutenberg.org/ebooks/15522.txt.utf-8', 'text/plain' );
INSERT INTO files ( gid, file, mime ) VALUES ( '15522', 'http://www.gutenberg.org/files/15522/15522.txt', 'text/plain; charset=us-ascii' );
INSERT INTO files ( gid, file, mime ) VALUES ( '15522', 'http://www.gutenberg.org/files/15522/15522.zip', 'text/plain; charset=us-asciiapplication/zip' );
INSERT INTO titles ( gid, title, author, language, rights ) VALUES ( '15422', 'Israel Potter: His Fifty Years of Exile', 'Melville, Herman', 'en', 'Public domain in the USA.' );
INSERT INTO classifications ( gid, classification ) VALUES ( '15422', 'PS' );
INSERT INTO subjects ( gid, subject ) VALUES ( '15422', 'Potter, Israel, 1744-1826? -- Fiction' );
INSERT INTO files ( gid, file, mime ) VALUES ( '15422', 'http://www.gutenberg.org/ebooks/15422.epub.images', 'application/epub+zip' );
INSERT INTO files ( gid, file, mime ) VALUES ( '15422', 'http://www.gutenberg.org/ebooks/15422.epub.noimages', 'application/epub+zip' );
INSERT INTO files ( gid, file, mime ) VALUES ( '15422', 'http://www.gutenberg.org/ebooks/15422.kindle.images', 'application/x-mobipocket-ebook' );
INSERT INTO files ( gid, file, mime ) VALUES ( '15422', 'http://www.gutenberg.org/ebooks/15422.kindle.noimages', 'application/x-mobipocket-ebook' );
INSERT INTO files ( gid, file, mime ) VALUES ( '15422', 'http://www.gutenberg.org/ebooks/15422.rdf', 'application/rdf+xml' );
INSERT INTO files ( gid, file, mime ) VALUES ( '15422', 'http://www.gutenberg.org/ebooks/15422.txt.utf-8', 'text/plain' );
INSERT INTO files ( gid, file, mime ) VALUES ( '15422', 'http://www.gutenberg.org/files/15422/15422-8.txt', 'text/plain; charset=iso-8859-1' );
INSERT INTO files ( gid, file, mime ) VALUES ( '15422', 'http://www.gutenberg.org/files/15422/15422-8.zip', 'text/plain; charset=iso-8859-1application/zip' );
INSERT INTO files ( gid, file, mime ) VALUES ( '15422', 'http://www.gutenberg.org/files/15422/15422-h.zip', 'application/zipapplication/octet-stream' );
INSERT INTO files ( gid, file, mime ) VALUES ( '15422', 'http://www.gutenberg.org/files/15422/15422-h/15422-h.htm', 'text/html' );
INSERT INTO files ( gid, file, mime ) VALUES ( '15422', 'http://www.gutenberg.org/files/15422/15422.txt', 'text/plain; charset=us-ascii' );
INSERT INTO files ( gid, file, mime ) VALUES ( '15422', 'http://www.gutenberg.org/files/15422/15422.zip', 'text/plain; charset=us-asciiapplication/zip' );
INSERT INTO titles ( gid, title, author, language, rights ) VALUES ( '15622', 'Handbook on Japanning: 2nd Edition For Ironware, Tinware, Wood, Etc. With Sections on Tinplating and Galvanizing', 'Brown, William Norman', 'en', 'Public domain in the USA.' );
INSERT INTO classifications ( gid, classification ) VALUES ( '15622', 'TP' );
INSERT INTO subjects ( gid, subject ) VALUES ( '15622', 'Japanning' );
INSERT INTO files ( gid, file, mime ) VALUES ( '15622', 'http://www.gutenberg.org/ebooks/15622.epub.images', 'application/epub+zip' );
INSERT INTO files ( gid, file, mime ) VALUES ( '15622', 'http://www.gutenberg.org/ebooks/15622.epub.noimages', 'application/epub+zip' );
INSERT INTO files ( gid, file, mime ) VALUES ( '15622', 'http://www.gutenberg.org/ebooks/15622.kindle.images', 'application/x-mobipocket-ebook' );
INSERT INTO files ( gid, file, mime ) VALUES ( '15622', 'http://www.gutenberg.org/ebooks/15622.kindle.noimages', 'application/x-mobipocket-ebook' );
INSERT INTO files ( gid, file, mime ) VALUES ( '15622', 'http://www.gutenberg.org/ebooks/15622.rdf', 'application/rdf+xml' );
INSERT INTO files ( gid, file, mime ) VALUES ( '15622', 'http://www.gutenberg.org/ebooks/15622.txt.utf-8', 'text/plain' );
INSERT INTO files ( gid, file, mime ) VALUES ( '15622', 'http://www.gutenberg.org/files/15622/15622-8.txt', 'text/plain; charset=iso-8859-1' );
INSERT INTO files ( gid, file, mime ) VALUES ( '15622', 'http://www.gutenberg.org/files/15622/15622-8.zip', 'application/ziptext/plain; charset=iso-8859-1' );
INSERT INTO files ( gid, file, mime ) VALUES ( '15622', 'http://www.gutenberg.org/files/15622/15622-h.zip', 'application/ziptext/html; charset=iso-8859-1' );
INSERT INTO files ( gid, file, mime ) VALUES ( '15622', 'http://www.gutenberg.org/files/15622/15622-h/15622-h.htm', 'text/html; charset=iso-8859-1' );
INSERT INTO files ( gid, file, mime ) VALUES ( '15622', 'http://www.gutenberg.org/files/15622/15622.txt', 'text/plain; charset=us-ascii' );
INSERT INTO files ( gid, file, mime ) VALUES ( '15622', 'http://www.gutenberg.org/files/15622/15622.zip', 'application/ziptext/plain; charset=us-ascii' );
INSERT INTO titles ( gid, title, author, language, rights ) VALUES ( '57222', 'Avonturen aan gene zijde van den Evenaar', 'Albrecht, K. von (Kurt)', 'nl', 'Public domain in the USA.' );
INSERT INTO classifications ( gid, classification ) VALUES ( '57222', 'PZ' );
INSERT INTO subjects ( gid, subject ) VALUES ( '57222', 'Children''s stories, German -- Translations into Dutch' );
INSERT INTO subjects ( gid, subject ) VALUES ( '57222', 'Adventure stories' );
INSERT INTO files ( gid, file, mime ) VALUES ( '57222', 'http://www.gutenberg.org/cache/epub/57222/pg57222.cover.medium.jpg', 'image/jpeg' );
INSERT INTO files ( gid, file, mime ) VALUES ( '57222', 'http://www.gutenberg.org/cache/epub/57222/pg57222.cover.small.jpg', 'image/jpeg' );
INSERT INTO files ( gid, file, mime ) VALUES ( '57222', 'http://www.gutenberg.org/ebooks/57222.epub.images', 'application/epub+zip' );
INSERT INTO files ( gid, file, mime ) VALUES ( '57222', 'http://www.gutenberg.org/ebooks/57222.epub.noimages', 'application/epub+zip' );
INSERT INTO files ( gid, file, mime ) VALUES ( '57222', 'http://www.gutenberg.org/ebooks/57222.kindle.images', 'application/x-mobipocket-ebook' );
INSERT INTO files ( gid, file, mime ) VALUES ( '57222', 'http://www.gutenberg.org/ebooks/57222.kindle.noimages', 'application/x-mobipocket-ebook' );
INSERT INTO files ( gid, file, mime ) VALUES ( '57222', 'http://www.gutenberg.org/ebooks/57222.rdf', 'application/rdf+xml' );
INSERT INTO files ( gid, file, mime ) VALUES ( '57222', 'http://www.gutenberg.org/ebooks/57222.txt.utf-8', 'text/plain' );
INSERT INTO files ( gid, file, mime ) VALUES ( '57222', 'http://www.gutenberg.org/files/57222/57222-8.txt', 'text/plain; charset=iso-8859-1' );
INSERT INTO files ( gid, file, mime ) VALUES ( '57222', 'http://www.gutenberg.org/files/57222/57222-8.zip', 'application/ziptext/plain; charset=iso-8859-1' );
INSERT INTO files ( gid, file, mime ) VALUES ( '57222', 'http://www.gutenberg.org/files/57222/57222-h.zip', 'application/ziptext/html; charset=us-ascii' );
INSERT INTO files ( gid, file, mime ) VALUES ( '57222', 'http://www.gutenberg.org/files/57222/57222-h/57222-h.htm', 'text/html; charset=us-ascii' );
INSERT INTO titles ( gid, title, author, language, rights ) VALUES ( '5722', 'The Shewing-up of Blanco Posnet', 'Shaw, Bernard', 'en', 'Public domain in the USA.' );
INSERT INTO classifications ( gid, classification ) VALUES ( '5722', 'PR' );
INSERT INTO subjects ( gid, subject ) VALUES ( '5722', 'West (U.S.) -- Drama' );
INSERT INTO subjects ( gid, subject ) VALUES ( '5722', 'Horse stealing -- Drama' );
INSERT INTO subjects ( gid, subject ) VALUES ( '5722', 'Censorship' );
INSERT INTO files ( gid, file, mime ) VALUES ( '5722', 'http://www.gutenberg.org/ebooks/5722.epub.images', 'application/epub+zip' );
INSERT INTO files ( gid, file, mime ) VALUES ( '5722', 'http://www.gutenberg.org/ebooks/5722.epub.noimages', 'application/epub+zip' );
INSERT INTO files ( gid, file, mime ) VALUES ( '5722', 'http://www.gutenberg.org/ebooks/5722.kindle.images', 'application/x-mobipocket-ebook' );
INSERT INTO files ( gid, file, mime ) VALUES ( '5722', 'http://www.gutenberg.org/ebooks/5722.kindle.noimages', 'application/x-mobipocket-ebook' );
INSERT INTO files ( gid, file, mime ) VALUES ( '5722', 'http://www.gutenberg.org/ebooks/5722.rdf', 'application/rdf+xml' );
INSERT INTO files ( gid, file, mime ) VALUES ( '5722', 'http://www.gutenberg.org/ebooks/5722.txt.utf-8', 'text/plain' );
INSERT INTO files ( gid, file, mime ) VALUES ( '5722', 'http://www.gutenberg.org/files/5722/5722-h.zip', 'application/ziptext/html; charset=us-ascii' );
INSERT INTO files ( gid, file, mime ) VALUES ( '5722', 'http://www.gutenberg.org/files/5722/5722-h/5722-h.htm', 'text/html; charset=us-ascii' );
INSERT INTO files ( gid, file, mime ) VALUES ( '5722', 'http://www.gutenberg.org/files/5722/5722.txt', 'text/plain; charset=us-ascii' );
INSERT INTO files ( gid, file, mime ) VALUES ( '5722', 'http://www.gutenberg.org/files/5722/5722.zip', 'application/ziptext/plain; charset=us-ascii' );
INSERT INTO titles ( gid, title, author, language, rights ) VALUES ( '57322', 'The Bellman Book of Fiction, 1906-1919', '', 'en', 'Public domain in the USA.' );
INSERT INTO classifications ( gid, classification ) VALUES ( '57322', 'PS' );
INSERT INTO subjects ( gid, subject ) VALUES ( '57322', 'Short stories, American' );
INSERT INTO subjects ( gid, subject ) VALUES ( '57322', 'American fiction -- 20th century' );
INSERT INTO files ( gid, file, mime ) VALUES ( '57322', 'http://www.gutenberg.org/cache/epub/57322/pg57322.cover.medium.jpg', 'image/jpeg' );
INSERT INTO files ( gid, file, mime ) VALUES ( '57322', 'http://www.gutenberg.org/cache/epub/57322/pg57322.cover.small.jpg', 'image/jpeg' );
INSERT INTO files ( gid, file, mime ) VALUES ( '57322', 'http://www.gutenberg.org/ebooks/57322.epub.images', 'application/epub+zip' );
INSERT INTO files ( gid, file, mime ) VALUES ( '57322', 'http://www.gutenberg.org/ebooks/57322.epub.noimages', 'application/epub+zip' );
INSERT INTO files ( gid, file, mime ) VALUES ( '57322', 'http://www.gutenberg.org/ebooks/57322.kindle.images', 'application/x-mobipocket-ebook' );
INSERT INTO files ( gid, file, mime ) VALUES ( '57322', 'http://www.gutenberg.org/ebooks/57322.kindle.noimages', 'application/x-mobipocket-ebook' );
INSERT INTO files ( gid, file, mime ) VALUES ( '57322', 'http://www.gutenberg.org/ebooks/57322.rdf', 'application/rdf+xml' );
INSERT INTO files ( gid, file, mime ) VALUES ( '57322', 'http://www.gutenberg.org/files/57322/57322-0.txt', 'text/plain; charset=utf-8' );
INSERT INTO files ( gid, file, mime ) VALUES ( '57322', 'http://www.gutenberg.org/files/57322/57322-0.zip', 'text/plain; charset=utf-8application/zip' );
INSERT INTO files ( gid, file, mime ) VALUES ( '57322', 'http://www.gutenberg.org/files/57322/57322-h.zip', 'text/htmlapplication/zip' );
INSERT INTO files ( gid, file, mime ) VALUES ( '57322', 'http://www.gutenberg.org/files/57322/57322-h/57322-h.htm', 'text/html' );
INSERT INTO titles ( gid, title, author, language, rights ) VALUES ( '57422', 'Cliff Dwellings of the Mesa Verde: A Study in Pictures', 'Watson, Don', 'en', 'Public domain in the USA.' );
INSERT INTO subjects ( gid, subject ) VALUES ( '57422', 'F721' );
INSERT INTO subjects ( gid, subject ) VALUES ( '57422', 'Mesa Verde National Park (Colo.)' );
INSERT INTO subjects ( gid, subject ) VALUES ( '57422', 'Cliff-dwellers -- Colorado' );
INSERT INTO subjects ( gid, subject ) VALUES ( '57422', 'Cliff-dwellings -- Colorado -- Pictorial works' );
INSERT INTO files ( gid, file, mime ) VALUES ( '57422', 'http://www.gutenberg.org/cache/epub/57422/pg57422.cover.medium.jpg', 'image/jpeg' );
INSERT INTO files ( gid, file, mime ) VALUES ( '57422', 'http://www.gutenberg.org/cache/epub/57422/pg57422.cover.small.jpg', 'image/jpeg' );
INSERT INTO files ( gid, file, mime ) VALUES ( '57422', 'http://www.gutenberg.org/ebooks/57422.epub.images', 'application/epub+zip' );
INSERT INTO files ( gid, file, mime ) VALUES ( '57422', 'http://www.gutenberg.org/ebooks/57422.epub.noimages', 'application/epub+zip' );
INSERT INTO files ( gid, file, mime ) VALUES ( '57422', 'http://www.gutenberg.org/ebooks/57422.kindle.images', 'application/x-mobipocket-ebook' );
INSERT INTO files ( gid, file, mime ) VALUES ( '57422', 'http://www.gutenberg.org/ebooks/57422.kindle.noimages', 'application/x-mobipocket-ebook' );
INSERT INTO files ( gid, file, mime ) VALUES ( '57422', 'http://www.gutenberg.org/ebooks/57422.rdf', 'application/rdf+xml' );
INSERT INTO files ( gid, file, mime ) VALUES ( '57422', 'http://www.gutenberg.org/files/57422/57422-0.txt', 'text/plain; charset=utf-8' );
INSERT INTO files ( gid, file, mime ) VALUES ( '57422', 'http://www.gutenberg.org/files/57422/57422-0.zip', 'application/ziptext/plain; charset=utf-8' );
INSERT INTO files ( gid, file, mime ) VALUES ( '57422', 'http://www.gutenberg.org/files/57422/57422-h.zip', 'application/octet-streamapplication/zip' );
INSERT INTO files ( gid, file, mime ) VALUES ( '57422', 'http://www.gutenberg.org/files/57422/57422-h/57422-h.htm', 'text/html' );
INSERT INTO titles ( gid, title, author, language, rights ) VALUES ( '57522', 'The Junior Classics, Volume 9: Stories of To-day', '', 'en', 'Public domain in the USA.' );
INSERT INTO classifications ( gid, classification ) VALUES ( '57522', 'PZ' );
INSERT INTO subjects ( gid, subject ) VALUES ( '57522', 'Children''s stories' );
INSERT INTO subjects ( gid, subject ) VALUES ( '57522', 'Children''s literature' );
INSERT INTO files ( gid, file, mime ) VALUES ( '57522', 'http://www.gutenberg.org/cache/epub/57522/pg57522.cover.medium.jpg', 'image/jpeg' );
INSERT INTO files ( gid, file, mime ) VALUES ( '57522', 'http://www.gutenberg.org/cache/epub/57522/pg57522.cover.small.jpg', 'image/jpeg' );
INSERT INTO files ( gid, file, mime ) VALUES ( '57522', 'http://www.gutenberg.org/ebooks/57522.epub.images', 'application/epub+zip' );
INSERT INTO files ( gid, file, mime ) VALUES ( '57522', 'http://www.gutenberg.org/ebooks/57522.epub.noimages', 'application/epub+zip' );
INSERT INTO files ( gid, file, mime ) VALUES ( '57522', 'http://www.gutenberg.org/ebooks/57522.kindle.images', 'application/x-mobipocket-ebook' );
INSERT INTO files ( gid, file, mime ) VALUES ( '57522', 'http://www.gutenberg.org/ebooks/57522.kindle.noimages', 'application/x-mobipocket-ebook' );
INSERT INTO files ( gid, file, mime ) VALUES ( '57522', 'http://www.gutenberg.org/ebooks/57522.rdf', 'application/rdf+xml' );
INSERT INTO files ( gid, file, mime ) VALUES ( '57522', 'http://www.gutenberg.org/files/57522/57522-0.txt', 'text/plain; charset=utf-8' );
INSERT INTO files ( gid, file, mime ) VALUES ( '57522', 'http://www.gutenberg.org/files/57522/57522-0.zip', 'application/ziptext/plain; charset=utf-8' );
INSERT INTO files ( gid, file, mime ) VALUES ( '57522', 'http://www.gutenberg.org/files/57522/57522-h.zip', 'application/ziptext/html; charset=utf-8' );
INSERT INTO files ( gid, file, mime ) VALUES ( '57522', 'http://www.gutenberg.org/files/57522/57522-h/57522-h.htm', 'text/html; charset=utf-8' );
INSERT INTO titles ( gid, title, author, language, rights ) VALUES ( '57622', 'Från vargtider och vallpojksår: En samling minnen från forna dagars Östra Nyland', 'Bengts, Josefina', 'sv', 'Public domain in the USA.' );
INSERT INTO classifications ( gid, classification ) VALUES ( '57622', 'PT' );
INSERT INTO subjects ( gid, subject ) VALUES ( '57622', 'Swedish fiction' );
INSERT INTO subjects ( gid, subject ) VALUES ( '57622', 'Short stories, Swedish' );
INSERT INTO files ( gid, file, mime ) VALUES ( '57622', 'http://www.gutenberg.org/cache/epub/57622/pg57622.cover.medium.jpg', 'image/jpeg' );
INSERT INTO files ( gid, file, mime ) VALUES ( '57622', 'http://www.gutenberg.org/cache/epub/57622/pg57622.cover.small.jpg', 'image/jpeg' );
INSERT INTO files ( gid, file, mime ) VALUES ( '57622', 'http://www.gutenberg.org/ebooks/57622.epub.images', 'application/epub+zip' );
INSERT INTO files ( gid, file, mime ) VALUES ( '57622', 'http://www.gutenberg.org/ebooks/57622.epub.noimages', 'application/epub+zip' );
INSERT INTO files ( gid, file, mime ) VALUES ( '57622', 'http://www.gutenberg.org/ebooks/57622.kindle.images', 'application/x-mobipocket-ebook' );
INSERT INTO files ( gid, file, mime ) VALUES ( '57622', 'http://www.gutenberg.org/ebooks/57622.kindle.noimages', 'application/x-mobipocket-ebook' );
INSERT INTO files ( gid, file, mime ) VALUES ( '57622', 'http://www.gutenberg.org/ebooks/57622.rdf', 'application/rdf+xml' );
INSERT INTO files ( gid, file, mime ) VALUES ( '57622', 'http://www.gutenberg.org/ebooks/57622.txt.utf-8', 'text/plain' );
INSERT INTO files ( gid, file, mime ) VALUES ( '57622', 'http://www.gutenberg.org/files/57622/57622-8.txt', 'text/plain; charset=iso-8859-1' );
INSERT INTO files ( gid, file, mime ) VALUES ( '57622', 'http://www.gutenberg.org/files/57622/57622-8.zip', 'application/ziptext/plain; charset=iso-8859-1' );
INSERT INTO files ( gid, file, mime ) VALUES ( '57622', 'http://www.gutenberg.org/files/57622/57622-h.zip', 'application/ziptext/html; charset=iso-8859-1' );
INSERT INTO files ( gid, file, mime ) VALUES ( '57622', 'http://www.gutenberg.org/files/57622/57622-h/57622-h.htm', 'text/html; charset=iso-8859-1' );
INSERT INTO titles ( gid, title, author, language, rights ) VALUES ( '57722', 'The Sermon on the Mount: A Practical Exposition', 'Gore, Charles', 'en', 'Public domain in the USA.' );
INSERT INTO classifications ( gid, classification ) VALUES ( '57722', 'BT' );
INSERT INTO subjects ( gid, subject ) VALUES ( '57722', 'Sermon on the mount' );
INSERT INTO files ( gid, file, mime ) VALUES ( '57722', 'http://www.gutenberg.org/cache/epub/57722/pg57722.cover.medium.jpg', 'image/jpeg' );
INSERT INTO files ( gid, file, mime ) VALUES ( '57722', 'http://www.gutenberg.org/cache/epub/57722/pg57722.cover.small.jpg', 'image/jpeg' );
INSERT INTO files ( gid, file, mime ) VALUES ( '57722', 'http://www.gutenberg.org/ebooks/57722.epub.images', 'application/epub+zip' );
INSERT INTO files ( gid, file, mime ) VALUES ( '57722', 'http://www.gutenberg.org/ebooks/57722.epub.noimages', 'application/epub+zip' );
INSERT INTO files ( gid, file, mime ) VALUES ( '57722', 'http://www.gutenberg.org/ebooks/57722.kindle.images', 'application/x-mobipocket-ebook' );
INSERT INTO files ( gid, file, mime ) VALUES ( '57722', 'http://www.gutenberg.org/ebooks/57722.kindle.noimages', 'application/x-mobipocket-ebook' );
INSERT INTO files ( gid, file, mime ) VALUES ( '57722', 'http://www.gutenberg.org/ebooks/57722.rdf', 'application/rdf+xml' );
INSERT INTO files ( gid, file, mime ) VALUES ( '57722', 'http://www.gutenberg.org/files/57722/57722-0.txt', 'text/plain; charset=utf-8' );
INSERT INTO files ( gid, file, mime ) VALUES ( '57722', 'http://www.gutenberg.org/files/57722/57722-0.zip', 'text/plain; charset=utf-8application/zip' );
INSERT INTO files ( gid, file, mime ) VALUES ( '57722', 'http://www.gutenberg.org/files/57722/57722-h.zip', 'application/ziptext/html; charset=utf-8' );
INSERT INTO files ( gid, file, mime ) VALUES ( '57722', 'http://www.gutenberg.org/files/57722/57722-h/57722-h.htm', 'text/html; charset=utf-8' );
INSERT INTO titles ( gid, title, author, language, rights ) VALUES ( '57822', 'La vita Italiana nel Seicento Conferenze tenute a Firenze nel 1894', 'Various', 'it', 'Public domain in the USA.' );
INSERT INTO classifications ( gid, classification ) VALUES ( '57822', 'DG' );
INSERT INTO subjects ( gid, subject ) VALUES ( '57822', 'Italy -- History -- 1559-1789' );
INSERT INTO subjects ( gid, subject ) VALUES ( '57822', 'Italy -- Civilization' );
INSERT INTO files ( gid, file, mime ) VALUES ( '57822', 'http://www.gutenberg.org/cache/epub/57822/pg57822.cover.medium.jpg', 'image/jpeg' );
INSERT INTO files ( gid, file, mime ) VALUES ( '57822', 'http://www.gutenberg.org/cache/epub/57822/pg57822.cover.small.jpg', 'image/jpeg' );
INSERT INTO files ( gid, file, mime ) VALUES ( '57822', 'http://www.gutenberg.org/ebooks/57822.epub.images', 'application/epub+zip' );
INSERT INTO files ( gid, file, mime ) VALUES ( '57822', 'http://www.gutenberg.org/ebooks/57822.epub.noimages', 'application/epub+zip' );
INSERT INTO files ( gid, file, mime ) VALUES ( '57822', 'http://www.gutenberg.org/ebooks/57822.kindle.images', 'application/x-mobipocket-ebook' );
INSERT INTO files ( gid, file, mime ) VALUES ( '57822', 'http://www.gutenberg.org/ebooks/57822.kindle.noimages', 'application/x-mobipocket-ebook' );
INSERT INTO files ( gid, file, mime ) VALUES ( '57822', 'http://www.gutenberg.org/ebooks/57822.rdf', 'application/rdf+xml' );
INSERT INTO files ( gid, file, mime ) VALUES ( '57822', 'http://www.gutenberg.org/files/57822/57822-0.txt', 'text/plain; charset=utf-8' );
INSERT INTO files ( gid, file, mime ) VALUES ( '57822', 'http://www.gutenberg.org/files/57822/57822-0.zip', 'application/ziptext/plain; charset=utf-8' );
INSERT INTO files ( gid, file, mime ) VALUES ( '57822', 'http://www.gutenberg.org/files/57822/57822-h.zip', 'text/html; charset=utf-8application/zip' );
INSERT INTO files ( gid, file, mime ) VALUES ( '57822', 'http://www.gutenberg.org/files/57822/57822-h/57822-h.htm', 'text/html; charset=utf-8' );
INSERT INTO titles ( gid, title, author, language, rights ) VALUES ( '58022', 'My Queen: A Weekly Journal for Young Women. Issue 5, October 27, 1900 Marion Marlowe Entrapped; or, The Victim of Professional Jealousy', 'Sheldon, Lurana', 'en', 'Public domain in the USA.' );
INSERT INTO classifications ( gid, classification ) VALUES ( '58022', 'AP' );
INSERT INTO subjects ( gid, subject ) VALUES ( '58022', 'Dime novels -- Periodicals' );
INSERT INTO subjects ( gid, subject ) VALUES ( '58022', 'Young women -- Periodicals' );
INSERT INTO subjects ( gid, subject ) VALUES ( '58022', 'Popular literature -- Periodicals' );
INSERT INTO files ( gid, file, mime ) VALUES ( '58022', 'http://www.gutenberg.org/cache/epub/58022/pg58022.cover.medium.jpg', 'image/jpeg' );
INSERT INTO files ( gid, file, mime ) VALUES ( '58022', 'http://www.gutenberg.org/cache/epub/58022/pg58022.cover.small.jpg', 'image/jpeg' );
INSERT INTO files ( gid, file, mime ) VALUES ( '58022', 'http://www.gutenberg.org/ebooks/58022.epub.images', 'application/epub+zip' );
INSERT INTO files ( gid, file, mime ) VALUES ( '58022', 'http://www.gutenberg.org/ebooks/58022.epub.noimages', 'application/epub+zip' );
INSERT INTO files ( gid, file, mime ) VALUES ( '58022', 'http://www.gutenberg.org/ebooks/58022.kindle.images', 'application/x-mobipocket-ebook' );
INSERT INTO files ( gid, file, mime ) VALUES ( '58022', 'http://www.gutenberg.org/ebooks/58022.kindle.noimages', 'application/x-mobipocket-ebook' );
INSERT INTO files ( gid, file, mime ) VALUES ( '58022', 'http://www.gutenberg.org/ebooks/58022.rdf', 'application/rdf+xml' );
INSERT INTO files ( gid, file, mime ) VALUES ( '58022', 'http://www.gutenberg.org/files/58022/58022-0.txt', 'text/plain; charset=utf-8' );
INSERT INTO files ( gid, file, mime ) VALUES ( '58022', 'http://www.gutenberg.org/files/58022/58022-0.zip', 'text/plain; charset=utf-8application/zip' );
INSERT INTO files ( gid, file, mime ) VALUES ( '58022', 'http://www.gutenberg.org/files/58022/58022-h.zip', 'application/ziptext/html; charset=utf-8' );
INSERT INTO files ( gid, file, mime ) VALUES ( '58022', 'http://www.gutenberg.org/files/58022/58022-h/58022-h.htm', 'text/html; charset=utf-8' );
INSERT INTO titles ( gid, title, author, language, rights ) VALUES ( '57922', 'Julia France and Her Times: A Novel', 'Atherton, Gertrude Franklin Horn', 'en', 'Public domain in the USA.' );
INSERT INTO classifications ( gid, classification ) VALUES ( '57922', 'PS' );
INSERT INTO subjects ( gid, subject ) VALUES ( '57922', 'Suffragists -- Fiction' );
INSERT INTO subjects ( gid, subject ) VALUES ( '57922', 'Married women -- Fiction' );
INSERT INTO files ( gid, file, mime ) VALUES ( '57922', 'http://www.gutenberg.org/cache/epub/57922/pg57922.cover.medium.jpg', 'image/jpeg' );
INSERT INTO files ( gid, file, mime ) VALUES ( '57922', 'http://www.gutenberg.org/cache/epub/57922/pg57922.cover.small.jpg', 'image/jpeg' );
INSERT INTO files ( gid, file, mime ) VALUES ( '57922', 'http://www.gutenberg.org/ebooks/57922.epub.images', 'application/epub+zip' );
INSERT INTO files ( gid, file, mime ) VALUES ( '57922', 'http://www.gutenberg.org/ebooks/57922.epub.noimages', 'application/epub+zip' );
INSERT INTO files ( gid, file, mime ) VALUES ( '57922', 'http://www.gutenberg.org/ebooks/57922.kindle.images', 'application/x-mobipocket-ebook' );
INSERT INTO files ( gid, file, mime ) VALUES ( '57922', 'http://www.gutenberg.org/ebooks/57922.kindle.noimages', 'application/x-mobipocket-ebook' );
INSERT INTO files ( gid, file, mime ) VALUES ( '57922', 'http://www.gutenberg.org/ebooks/57922.rdf', 'application/rdf+xml' );
INSERT INTO files ( gid, file, mime ) VALUES ( '57922', 'http://www.gutenberg.org/files/57922/57922-0.txt', 'text/plain; charset=utf-8' );
INSERT INTO files ( gid, file, mime ) VALUES ( '57922', 'http://www.gutenberg.org/files/57922/57922-0.zip', 'application/ziptext/plain; charset=utf-8' );
INSERT INTO files ( gid, file, mime ) VALUES ( '57922', 'http://www.gutenberg.org/files/57922/57922-h.zip', 'text/html; charset=utf-8application/zip' );
INSERT INTO files ( gid, file, mime ) VALUES ( '57922', 'http://www.gutenberg.org/files/57922/57922-h/57922-h.htm', 'text/html; charset=utf-8' );
INSERT INTO titles ( gid, title, author, language, rights ) VALUES ( '15722', 'The Tysons (Mr. and Mrs. Nevill Tyson)', 'Sinclair, May', 'en', 'Public domain in the USA.' );
INSERT INTO classifications ( gid, classification ) VALUES ( '15722', 'PR' );
INSERT INTO subjects ( gid, subject ) VALUES ( '15722', 'Married people -- Fiction' );
INSERT INTO files ( gid, file, mime ) VALUES ( '15722', 'http://www.gutenberg.org/ebooks/15722.epub.images', 'application/epub+zip' );
INSERT INTO files ( gid, file, mime ) VALUES ( '15722', 'http://www.gutenberg.org/ebooks/15722.epub.noimages', 'application/epub+zip' );
INSERT INTO files ( gid, file, mime ) VALUES ( '15722', 'http://www.gutenberg.org/ebooks/15722.kindle.images', 'application/x-mobipocket-ebook' );
INSERT INTO files ( gid, file, mime ) VALUES ( '15722', 'http://www.gutenberg.org/ebooks/15722.kindle.noimages', 'application/x-mobipocket-ebook' );
INSERT INTO files ( gid, file, mime ) VALUES ( '15722', 'http://www.gutenberg.org/ebooks/15722.rdf', 'application/rdf+xml' );
INSERT INTO files ( gid, file, mime ) VALUES ( '15722', 'http://www.gutenberg.org/ebooks/15722.txt.utf-8', 'text/plain' );
INSERT INTO files ( gid, file, mime ) VALUES ( '15722', 'http://www.gutenberg.org/files/15722/15722-8.txt', 'text/plain; charset=iso-8859-1' );
INSERT INTO files ( gid, file, mime ) VALUES ( '15722', 'http://www.gutenberg.org/files/15722/15722-8.zip', 'application/ziptext/plain; charset=iso-8859-1' );
INSERT INTO files ( gid, file, mime ) VALUES ( '15722', 'http://www.gutenberg.org/files/15722/15722-h.zip', 'application/ziptext/html; charset=iso-8859-1' );
INSERT INTO files ( gid, file, mime ) VALUES ( '15722', 'http://www.gutenberg.org/files/15722/15722-h/15722-h.htm', 'text/html; charset=iso-8859-1' );
INSERT INTO files ( gid, file, mime ) VALUES ( '15722', 'http://www.gutenberg.org/files/15722/15722.txt', 'text/plain; charset=us-ascii' );
INSERT INTO files ( gid, file, mime ) VALUES ( '15722', 'http://www.gutenberg.org/files/15722/15722.zip', 'text/plain; charset=us-asciiapplication/zip' );
INSERT INTO titles ( gid, title, author, language, rights ) VALUES ( '58122', 'A Guide to Cromer and Its Neighbourhood', 'Anonymous', 'en', 'Public domain in the USA.' );
INSERT INTO classifications ( gid, classification ) VALUES ( '58122', 'DA' );
INSERT INTO subjects ( gid, subject ) VALUES ( '58122', 'Cromer (England) -- Guidebooks' );
INSERT INTO files ( gid, file, mime ) VALUES ( '58122', 'http://www.gutenberg.org/cache/epub/58122/pg58122.cover.medium.jpg', 'image/jpeg' );
INSERT INTO files ( gid, file, mime ) VALUES ( '58122', 'http://www.gutenberg.org/cache/epub/58122/pg58122.cover.small.jpg', 'image/jpeg' );
INSERT INTO files ( gid, file, mime ) VALUES ( '58122', 'http://www.gutenberg.org/ebooks/58122.epub.images', 'application/epub+zip' );
INSERT INTO files ( gid, file, mime ) VALUES ( '58122', 'http://www.gutenberg.org/ebooks/58122.epub.noimages', 'application/epub+zip' );
INSERT INTO files ( gid, file, mime ) VALUES ( '58122', 'http://www.gutenberg.org/ebooks/58122.kindle.images', 'application/x-mobipocket-ebook' );
INSERT INTO files ( gid, file, mime ) VALUES ( '58122', 'http://www.gutenberg.org/ebooks/58122.kindle.noimages', 'application/x-mobipocket-ebook' );
INSERT INTO files ( gid, file, mime ) VALUES ( '58122', 'http://www.gutenberg.org/ebooks/58122.rdf', 'application/rdf+xml' );
INSERT INTO files ( gid, file, mime ) VALUES ( '58122', 'http://www.gutenberg.org/files/58122/58122-0.txt', 'text/plain; charset=utf-8' );
INSERT INTO files ( gid, file, mime ) VALUES ( '58122', 'http://www.gutenberg.org/files/58122/58122-0.zip', 'text/plain; charset=utf-8application/zip' );
INSERT INTO files ( gid, file, mime ) VALUES ( '58122', 'http://www.gutenberg.org/files/58122/58122-h.zip', 'application/ziptext/html' );
INSERT INTO files ( gid, file, mime ) VALUES ( '58122', 'http://www.gutenberg.org/files/58122/58122-h/58122-h.htm', 'text/html' );
INSERT INTO titles ( gid, title, author, language, rights ) VALUES ( '15822', 'The Faithful Steward Or, Systematic Beneficence an Essential of Christian Character', 'Clark, Sereno D. (Sereno Dickenson)', 'en', 'Public domain in the USA.' );
INSERT INTO classifications ( gid, classification ) VALUES ( '15822', 'BV' );
INSERT INTO subjects ( gid, subject ) VALUES ( '15822', 'Finance, Personal -- Religious aspects -- Christianity' );
INSERT INTO subjects ( gid, subject ) VALUES ( '15822', 'Christian stewardship' );
INSERT INTO files ( gid, file, mime ) VALUES ( '15822', 'http://www.gutenberg.org/ebooks/15822.epub.images', 'application/epub+zip' );
INSERT INTO files ( gid, file, mime ) VALUES ( '15822', 'http://www.gutenberg.org/ebooks/15822.epub.noimages', 'application/epub+zip' );
INSERT INTO files ( gid, file, mime ) VALUES ( '15822', 'http://www.gutenberg.org/ebooks/15822.html.images', 'text/html' );
INSERT INTO files ( gid, file, mime ) VALUES ( '15822', 'http://www.gutenberg.org/ebooks/15822.html.noimages', 'text/html' );
INSERT INTO files ( gid, file, mime ) VALUES ( '15822', 'http://www.gutenberg.org/ebooks/15822.kindle.images', 'application/x-mobipocket-ebook' );
INSERT INTO files ( gid, file, mime ) VALUES ( '15822', 'http://www.gutenberg.org/ebooks/15822.kindle.noimages', 'application/x-mobipocket-ebook' );
INSERT INTO files ( gid, file, mime ) VALUES ( '15822', 'http://www.gutenberg.org/ebooks/15822.rdf', 'application/rdf+xml' );
INSERT INTO files ( gid, file, mime ) VALUES ( '15822', 'http://www.gutenberg.org/ebooks/15822.txt.utf-8', 'text/plain' );
INSERT INTO files ( gid, file, mime ) VALUES ( '15822', 'http://www.gutenberg.org/files/15822/15822.txt', 'text/plain; charset=us-ascii' );
INSERT INTO files ( gid, file, mime ) VALUES ( '15822', 'http://www.gutenberg.org/files/15822/15822.zip', 'application/ziptext/plain; charset=us-ascii' );
INSERT INTO titles ( gid, title, author, language, rights ) VALUES ( '15922', 'A Loose End and Other Stories', 'Hall, S. Elizabeth', 'en', 'Public domain in the USA.' );
INSERT INTO classifications ( gid, classification ) VALUES ( '15922', 'PR' );
INSERT INTO subjects ( gid, subject ) VALUES ( '15922', 'Short stories' );
INSERT INTO subjects ( gid, subject ) VALUES ( '15922', 'Fiction' );
INSERT INTO files ( gid, file, mime ) VALUES ( '15922', 'http://www.gutenberg.org/ebooks/15922.epub.images', 'application/epub+zip' );
INSERT INTO files ( gid, file, mime ) VALUES ( '15922', 'http://www.gutenberg.org/ebooks/15922.epub.noimages', 'application/epub+zip' );
INSERT INTO files ( gid, file, mime ) VALUES ( '15922', 'http://www.gutenberg.org/ebooks/15922.kindle.images', 'application/x-mobipocket-ebook' );
INSERT INTO files ( gid, file, mime ) VALUES ( '15922', 'http://www.gutenberg.org/ebooks/15922.kindle.noimages', 'application/x-mobipocket-ebook' );
INSERT INTO files ( gid, file, mime ) VALUES ( '15922', 'http://www.gutenberg.org/ebooks/15922.rdf', 'application/rdf+xml' );
INSERT INTO files ( gid, file, mime ) VALUES ( '15922', 'http://www.gutenberg.org/ebooks/15922.txt.utf-8', 'text/plain' );
INSERT INTO files ( gid, file, mime ) VALUES ( '15922', 'http://www.gutenberg.org/files/15922/15922-8.txt', 'text/plain; charset=iso-8859-1' );
INSERT INTO files ( gid, file, mime ) VALUES ( '15922', 'http://www.gutenberg.org/files/15922/15922-8.zip', 'text/plain; charset=iso-8859-1application/zip' );
INSERT INTO files ( gid, file, mime ) VALUES ( '15922', 'http://www.gutenberg.org/files/15922/15922-h.zip', 'application/ziptext/html; charset=iso-8859-1' );
INSERT INTO files ( gid, file, mime ) VALUES ( '15922', 'http://www.gutenberg.org/files/15922/15922-h/15922-h.htm', 'text/html; charset=iso-8859-1' );
INSERT INTO files ( gid, file, mime ) VALUES ( '15922', 'http://www.gutenberg.org/files/15922/15922.txt', 'text/plain; charset=us-ascii' );
INSERT INTO files ( gid, file, mime ) VALUES ( '15922', 'http://www.gutenberg.org/files/15922/15922.zip', 'application/ziptext/plain; charset=us-ascii' );
INSERT INTO titles ( gid, title, author, language, rights ) VALUES ( '16122', 'Leabhráin an Irisleabhair—III Seanaid na nGaedheal', 'Beirt Fhear', 'ga', 'Public domain in the USA.' );
INSERT INTO classifications ( gid, classification ) VALUES ( '16122', 'PB' );
INSERT INTO subjects ( gid, subject ) VALUES ( '16122', 'Irish language -- Readers' );
INSERT INTO files ( gid, file, mime ) VALUES ( '16122', 'http://www.gutenberg.org/ebooks/16122.epub.images', 'application/epub+zip' );
INSERT INTO files ( gid, file, mime ) VALUES ( '16122', 'http://www.gutenberg.org/ebooks/16122.epub.noimages', 'application/epub+zip' );
INSERT INTO files ( gid, file, mime ) VALUES ( '16122', 'http://www.gutenberg.org/ebooks/16122.kindle.images', 'application/x-mobipocket-ebook' );
INSERT INTO files ( gid, file, mime ) VALUES ( '16122', 'http://www.gutenberg.org/ebooks/16122.kindle.noimages', 'application/x-mobipocket-ebook' );
INSERT INTO files ( gid, file, mime ) VALUES ( '16122', 'http://www.gutenberg.org/ebooks/16122.rdf', 'application/rdf+xml' );
INSERT INTO files ( gid, file, mime ) VALUES ( '16122', 'http://www.gutenberg.org/files/16122/16122-0.txt', 'text/plain; charset=utf-8' );
INSERT INTO files ( gid, file, mime ) VALUES ( '16122', 'http://www.gutenberg.org/files/16122/16122-0.zip', 'application/ziptext/plain; charset=utf-8' );
INSERT INTO files ( gid, file, mime ) VALUES ( '16122', 'http://www.gutenberg.org/files/16122/16122-8.txt', 'text/plain; charset=iso-8859-1' );
INSERT INTO files ( gid, file, mime ) VALUES ( '16122', 'http://www.gutenberg.org/files/16122/16122-8.zip', 'text/plain; charset=iso-8859-1application/zip' );
INSERT INTO files ( gid, file, mime ) VALUES ( '16122', 'http://www.gutenberg.org/files/16122/16122-h.zip', 'text/html; charset=iso-8859-1application/zip' );
INSERT INTO files ( gid, file, mime ) VALUES ( '16122', 'http://www.gutenberg.org/files/16122/16122-h/16122-h.htm', 'text/html; charset=iso-8859-1' );
INSERT INTO files ( gid, file, mime ) VALUES ( '16122', 'http://www.gutenberg.org/files/16122/16122-page-images.zip', 'application/octet-streamapplication/zip' );
INSERT INTO titles ( gid, title, author, language, rights ) VALUES ( '16022', 'Les conteurs à la ronde', 'Dickens, Charles', 'fr', 'Public domain in the USA.' );
INSERT INTO classifications ( gid, classification ) VALUES ( '16022', 'PR' );
INSERT INTO subjects ( gid, subject ) VALUES ( '16022', 'Short stories' );
INSERT INTO files ( gid, file, mime ) VALUES ( '16022', 'http://www.gutenberg.org/ebooks/16022.epub.images', 'application/epub+zip' );
INSERT INTO files ( gid, file, mime ) VALUES ( '16022', 'http://www.gutenberg.org/ebooks/16022.epub.noimages', 'application/epub+zip' );
INSERT INTO files ( gid, file, mime ) VALUES ( '16022', 'http://www.gutenberg.org/ebooks/16022.html.images', 'text/html' );
INSERT INTO files ( gid, file, mime ) VALUES ( '16022', 'http://www.gutenberg.org/ebooks/16022.html.noimages', 'text/html' );
INSERT INTO files ( gid, file, mime ) VALUES ( '16022', 'http://www.gutenberg.org/ebooks/16022.kindle.images', 'application/x-mobipocket-ebook' );
INSERT INTO files ( gid, file, mime ) VALUES ( '16022', 'http://www.gutenberg.org/ebooks/16022.kindle.noimages', 'application/x-mobipocket-ebook' );
INSERT INTO files ( gid, file, mime ) VALUES ( '16022', 'http://www.gutenberg.org/ebooks/16022.rdf', 'application/rdf+xml' );
INSERT INTO files ( gid, file, mime ) VALUES ( '16022', 'http://www.gutenberg.org/ebooks/16022.txt.utf-8', 'text/plain' );
INSERT INTO files ( gid, file, mime ) VALUES ( '16022', 'http://www.gutenberg.org/files/16022/16022-8.txt', 'text/plain; charset=iso-8859-1' );
INSERT INTO files ( gid, file, mime ) VALUES ( '16022', 'http://www.gutenberg.org/files/16022/16022-8.zip', 'text/plain; charset=iso-8859-1application/zip' );
INSERT INTO files ( gid, file, mime ) VALUES ( '16022', 'http://www.gutenberg.org/files/16022/16022-r.zip', 'application/ziptext/plain; charset=iso-8859-1' );
INSERT INTO titles ( gid, title, author, language, rights ) VALUES ( '16222', 'Winter Evening Tales', 'Barr, Amelia E.', 'en', 'Public domain in the USA.' );
INSERT INTO classifications ( gid, classification ) VALUES ( '16222', 'PS' );
INSERT INTO subjects ( gid, subject ) VALUES ( '16222', 'Christian fiction' );
INSERT INTO files ( gid, file, mime ) VALUES ( '16222', 'http://www.gutenberg.org/ebooks/16222.epub.images', 'application/epub+zip' );
INSERT INTO files ( gid, file, mime ) VALUES ( '16222', 'http://www.gutenberg.org/ebooks/16222.epub.noimages', 'application/epub+zip' );
INSERT INTO files ( gid, file, mime ) VALUES ( '16222', 'http://www.gutenberg.org/ebooks/16222.kindle.images', 'application/x-mobipocket-ebook' );
INSERT INTO files ( gid, file, mime ) VALUES ( '16222', 'http://www.gutenberg.org/ebooks/16222.kindle.noimages', 'application/x-mobipocket-ebook' );
INSERT INTO files ( gid, file, mime ) VALUES ( '16222', 'http://www.gutenberg.org/ebooks/16222.rdf', 'application/rdf+xml' );
INSERT INTO files ( gid, file, mime ) VALUES ( '16222', 'http://www.gutenberg.org/ebooks/16222.txt.utf-8', 'text/plain' );
INSERT INTO files ( gid, file, mime ) VALUES ( '16222', 'http://www.gutenberg.org/files/16222/16222-8.txt', 'text/plain; charset=iso-8859-1' );
INSERT INTO files ( gid, file, mime ) VALUES ( '16222', 'http://www.gutenberg.org/files/16222/16222-8.zip', 'text/plain; charset=iso-8859-1application/zip' );
INSERT INTO files ( gid, file, mime ) VALUES ( '16222', 'http://www.gutenberg.org/files/16222/16222-h.zip', 'application/ziptext/html; charset=iso-8859-1' );
INSERT INTO files ( gid, file, mime ) VALUES ( '16222', 'http://www.gutenberg.org/files/16222/16222-h/16222-h.htm', 'text/html; charset=iso-8859-1' );
INSERT INTO files ( gid, file, mime ) VALUES ( '16222', 'http://www.gutenberg.org/files/16222/16222.txt', 'text/plain; charset=us-ascii' );
INSERT INTO files ( gid, file, mime ) VALUES ( '16222', 'http://www.gutenberg.org/files/16222/16222.zip', 'application/ziptext/plain; charset=us-ascii' );
INSERT INTO titles ( gid, title, author, language, rights ) VALUES ( '1622', 'The Law and the Lady', 'Collins, Wilkie', 'en', 'Public domain in the USA.' );
INSERT INTO classifications ( gid, classification ) VALUES ( '1622', 'PR' );
INSERT INTO subjects ( gid, subject ) VALUES ( '1622', 'Married people -- Fiction' );
INSERT INTO subjects ( gid, subject ) VALUES ( '1622', 'Mystery fiction' );
INSERT INTO subjects ( gid, subject ) VALUES ( '1622', 'England -- Social life and customs -- 19th century -- Fiction' );
INSERT INTO files ( gid, file, mime ) VALUES ( '1622', 'http://www.gutenberg.org/ebooks/1622.epub.images', 'application/epub+zip' );
INSERT INTO files ( gid, file, mime ) VALUES ( '1622', 'http://www.gutenberg.org/ebooks/1622.epub.noimages', 'application/epub+zip' );
INSERT INTO files ( gid, file, mime ) VALUES ( '1622', 'http://www.gutenberg.org/ebooks/1622.kindle.images', 'application/x-mobipocket-ebook' );
INSERT INTO files ( gid, file, mime ) VALUES ( '1622', 'http://www.gutenberg.org/ebooks/1622.kindle.noimages', 'application/x-mobipocket-ebook' );
INSERT INTO files ( gid, file, mime ) VALUES ( '1622', 'http://www.gutenberg.org/ebooks/1622.rdf', 'application/rdf+xml' );
INSERT INTO files ( gid, file, mime ) VALUES ( '1622', 'http://www.gutenberg.org/files/1622/1622-0.txt', 'text/plain; charset=utf-8' );
INSERT INTO files ( gid, file, mime ) VALUES ( '1622', 'http://www.gutenberg.org/files/1622/1622-0.zip', 'application/ziptext/plain; charset=utf-8' );
INSERT INTO files ( gid, file, mime ) VALUES ( '1622', 'http://www.gutenberg.org/files/1622/1622-8.txt', 'text/plain; charset=iso-8859-1' );
INSERT INTO files ( gid, file, mime ) VALUES ( '1622', 'http://www.gutenberg.org/files/1622/1622-8.zip', 'text/plain; charset=iso-8859-1application/zip' );
INSERT INTO files ( gid, file, mime ) VALUES ( '1622', 'http://www.gutenberg.org/files/1622/1622-h.zip', 'application/ziptext/html; charset=utf-8' );
INSERT INTO files ( gid, file, mime ) VALUES ( '1622', 'http://www.gutenberg.org/files/1622/1622-h/1622-h.htm', 'text/html; charset=utf-8' );
INSERT INTO files ( gid, file, mime ) VALUES ( '1622', 'http://www.gutenberg.org/files/1622/1622.txt', 'text/plain; charset=us-ascii' );
INSERT INTO files ( gid, file, mime ) VALUES ( '1622', 'http://www.gutenberg.org/files/1622/1622.zip', 'application/ziptext/plain; charset=us-ascii' );
INSERT INTO titles ( gid, title, author, language, rights ) VALUES ( '16322', 'Luther Examined and Reexamined A Review of Catholic Criticism and a Plea for Revaluation', 'Dau, W. H. T. (William Herman Theodore)', 'en', 'Public domain in the USA.' );
INSERT INTO classifications ( gid, classification ) VALUES ( '16322', 'BR' );
INSERT INTO subjects ( gid, subject ) VALUES ( '16322', 'Luther, Martin, 1483-1546' );
INSERT INTO files ( gid, file, mime ) VALUES ( '16322', 'http://www.gutenberg.org/ebooks/16322.epub.images', 'application/epub+zip' );
INSERT INTO files ( gid, file, mime ) VALUES ( '16322', 'http://www.gutenberg.org/ebooks/16322.epub.noimages', 'application/epub+zip' );
INSERT INTO files ( gid, file, mime ) VALUES ( '16322', 'http://www.gutenberg.org/ebooks/16322.html.images', 'text/html' );
INSERT INTO files ( gid, file, mime ) VALUES ( '16322', 'http://www.gutenberg.org/ebooks/16322.html.noimages', 'text/html' );
INSERT INTO files ( gid, file, mime ) VALUES ( '16322', 'http://www.gutenberg.org/ebooks/16322.kindle.images', 'application/x-mobipocket-ebook' );
INSERT INTO files ( gid, file, mime ) VALUES ( '16322', 'http://www.gutenberg.org/ebooks/16322.kindle.noimages', 'application/x-mobipocket-ebook' );
INSERT INTO files ( gid, file, mime ) VALUES ( '16322', 'http://www.gutenberg.org/ebooks/16322.rdf', 'application/rdf+xml' );
INSERT INTO files ( gid, file, mime ) VALUES ( '16322', 'http://www.gutenberg.org/ebooks/16322.txt.utf-8', 'text/plain' );
INSERT INTO files ( gid, file, mime ) VALUES ( '16322', 'http://www.gutenberg.org/files/16322/16322-8.txt', 'text/plain; charset=iso-8859-1' );
INSERT INTO files ( gid, file, mime ) VALUES ( '16322', 'http://www.gutenberg.org/files/16322/16322-8.zip', 'text/plain; charset=iso-8859-1application/zip' );
INSERT INTO files ( gid, file, mime ) VALUES ( '16322', 'http://www.gutenberg.org/files/16322/16322.txt', 'text/plain; charset=us-ascii' );
INSERT INTO files ( gid, file, mime ) VALUES ( '16322', 'http://www.gutenberg.org/files/16322/16322.zip', 'text/plain; charset=us-asciiapplication/zip' );
INSERT INTO titles ( gid, title, author, language, rights ) VALUES ( '16422', 'The Home in the Valley', 'Flygare-Carlén, Emilie', 'en', 'Public domain in the USA.' );
INSERT INTO classifications ( gid, classification ) VALUES ( '16422', 'PT' );
INSERT INTO subjects ( gid, subject ) VALUES ( '16422', 'Domestic fiction' );
INSERT INTO subjects ( gid, subject ) VALUES ( '16422', 'Sweden -- Fiction' );
INSERT INTO subjects ( gid, subject ) VALUES ( '16422', 'Swedish fiction -- Translations into English' );
INSERT INTO files ( gid, file, mime ) VALUES ( '16422', 'http://www.gutenberg.org/ebooks/16422.epub.images', 'application/epub+zip' );
INSERT INTO files ( gid, file, mime ) VALUES ( '16422', 'http://www.gutenberg.org/ebooks/16422.epub.noimages', 'application/epub+zip' );
INSERT INTO files ( gid, file, mime ) VALUES ( '16422', 'http://www.gutenberg.org/ebooks/16422.kindle.images', 'application/x-mobipocket-ebook' );
INSERT INTO files ( gid, file, mime ) VALUES ( '16422', 'http://www.gutenberg.org/ebooks/16422.kindle.noimages', 'application/x-mobipocket-ebook' );
INSERT INTO files ( gid, file, mime ) VALUES ( '16422', 'http://www.gutenberg.org/ebooks/16422.rdf', 'application/rdf+xml' );
INSERT INTO files ( gid, file, mime ) VALUES ( '16422', 'http://www.gutenberg.org/ebooks/16422.txt.utf-8', 'text/plain' );
INSERT INTO files ( gid, file, mime ) VALUES ( '16422', 'http://www.gutenberg.org/files/16422/16422-8.txt', 'text/plain; charset=iso-8859-1' );
INSERT INTO files ( gid, file, mime ) VALUES ( '16422', 'http://www.gutenberg.org/files/16422/16422-8.zip', 'text/plain; charset=iso-8859-1application/zip' );
INSERT INTO files ( gid, file, mime ) VALUES ( '16422', 'http://www.gutenberg.org/files/16422/16422-h.zip', 'application/ziptext/html; charset=iso-8859-1' );
INSERT INTO files ( gid, file, mime ) VALUES ( '16422', 'http://www.gutenberg.org/files/16422/16422-h/16422-h.htm', 'text/html; charset=iso-8859-1' );
INSERT INTO files ( gid, file, mime ) VALUES ( '16422', 'http://www.gutenberg.org/files/16422/16422.txt', 'text/plain; charset=us-ascii' );
INSERT INTO files ( gid, file, mime ) VALUES ( '16422', 'http://www.gutenberg.org/files/16422/16422.zip', 'text/plain; charset=us-asciiapplication/zip' );
INSERT INTO titles ( gid, title, author, language, rights ) VALUES ( '16522', 'The Nursery, No. 106, October, 1875. Vol. XVIII. A Monthly Magazine for Youngest Readers', 'Various', 'en', 'Public domain in the USA.' );
INSERT INTO classifications ( gid, classification ) VALUES ( '16522', 'AP' );
INSERT INTO classifications ( gid, classification ) VALUES ( '16522', 'PZ' );
INSERT INTO subjects ( gid, subject ) VALUES ( '16522', 'Children''s literature, American -- Periodicals' );
INSERT INTO files ( gid, file, mime ) VALUES ( '16522', 'http://www.gutenberg.org/cache/epub/16522/pg16522.cover.medium.jpg', 'image/jpeg' );
INSERT INTO files ( gid, file, mime ) VALUES ( '16522', 'http://www.gutenberg.org/cache/epub/16522/pg16522.cover.small.jpg', 'image/jpeg' );
INSERT INTO files ( gid, file, mime ) VALUES ( '16522', 'http://www.gutenberg.org/ebooks/16522.epub.images', 'application/epub+zip' );
INSERT INTO files ( gid, file, mime ) VALUES ( '16522', 'http://www.gutenberg.org/ebooks/16522.epub.noimages', 'application/epub+zip' );
INSERT INTO files ( gid, file, mime ) VALUES ( '16522', 'http://www.gutenberg.org/ebooks/16522.kindle.images', 'application/x-mobipocket-ebook' );
INSERT INTO files ( gid, file, mime ) VALUES ( '16522', 'http://www.gutenberg.org/ebooks/16522.kindle.noimages', 'application/x-mobipocket-ebook' );
INSERT INTO files ( gid, file, mime ) VALUES ( '16522', 'http://www.gutenberg.org/ebooks/16522.rdf', 'application/rdf+xml' );
INSERT INTO files ( gid, file, mime ) VALUES ( '16522', 'http://www.gutenberg.org/ebooks/16522.txt.utf-8', 'text/plain' );
INSERT INTO files ( gid, file, mime ) VALUES ( '16522', 'http://www.gutenberg.org/files/16522/16522-h.zip', 'text/html; charset=us-asciiapplication/zip' );
INSERT INTO files ( gid, file, mime ) VALUES ( '16522', 'http://www.gutenberg.org/files/16522/16522-h/16522-h.htm', 'text/html; charset=us-ascii' );
INSERT INTO files ( gid, file, mime ) VALUES ( '16522', 'http://www.gutenberg.org/files/16522/16522.txt', 'text/plain; charset=us-ascii' );
INSERT INTO files ( gid, file, mime ) VALUES ( '16522', 'http://www.gutenberg.org/files/16522/16522.zip', 'text/plain; charset=us-asciiapplication/zip' );
INSERT INTO titles ( gid, title, author, language, rights ) VALUES ( '16622', 'Literary Hearthstones of Dixie', 'Pickett, La Salle Corbell', 'en', 'Public domain in the USA.' );
INSERT INTO classifications ( gid, classification ) VALUES ( '16622', 'PS' );
INSERT INTO subjects ( gid, subject ) VALUES ( '16622', 'Southern States -- In literature' );
INSERT INTO subjects ( gid, subject ) VALUES ( '16622', 'American literature -- Southern States -- History and criticism' );
INSERT INTO subjects ( gid, subject ) VALUES ( '16622', 'Authors, American -- Homes and haunts -- Southern States' );
INSERT INTO subjects ( gid, subject ) VALUES ( '16622', 'Southern States -- Intellectual life' );
INSERT INTO files ( gid, file, mime ) VALUES ( '16622', 'http://www.gutenberg.org/ebooks/16622.epub.images', 'application/epub+zip' );
INSERT INTO files ( gid, file, mime ) VALUES ( '16622', 'http://www.gutenberg.org/ebooks/16622.epub.noimages', 'application/epub+zip' );
INSERT INTO files ( gid, file, mime ) VALUES ( '16622', 'http://www.gutenberg.org/ebooks/16622.kindle.images', 'application/x-mobipocket-ebook' );
INSERT INTO files ( gid, file, mime ) VALUES ( '16622', 'http://www.gutenberg.org/ebooks/16622.kindle.noimages', 'application/x-mobipocket-ebook' );
INSERT INTO files ( gid, file, mime ) VALUES ( '16622', 'http://www.gutenberg.org/ebooks/16622.rdf', 'application/rdf+xml' );
INSERT INTO files ( gid, file, mime ) VALUES ( '16622', 'http://www.gutenberg.org/ebooks/16622.txt.utf-8', 'text/plain' );
INSERT INTO files ( gid, file, mime ) VALUES ( '16622', 'http://www.gutenberg.org/files/16622/16622-8.txt', 'text/plain; charset=iso-8859-1' );
INSERT INTO files ( gid, file, mime ) VALUES ( '16622', 'http://www.gutenberg.org/files/16622/16622-8.zip', 'text/plain; charset=iso-8859-1application/zip' );
INSERT INTO files ( gid, file, mime ) VALUES ( '16622', 'http://www.gutenberg.org/files/16622/16622-h.zip', 'text/html; charset=iso-8859-1application/zip' );
INSERT INTO files ( gid, file, mime ) VALUES ( '16622', 'http://www.gutenberg.org/files/16622/16622-h/16622-h.htm', 'text/html; charset=iso-8859-1' );
INSERT INTO files ( gid, file, mime ) VALUES ( '16622', 'http://www.gutenberg.org/files/16622/16622.txt', 'text/plain; charset=us-ascii' );
INSERT INTO files ( gid, file, mime ) VALUES ( '16622', 'http://www.gutenberg.org/files/16622/16622.zip', 'application/ziptext/plain; charset=us-ascii' );
INSERT INTO titles ( gid, title, author, language, rights ) VALUES ( '16722', 'Americans and Others', 'Repplier, Agnes', 'en', 'Public domain in the USA.' );
INSERT INTO classifications ( gid, classification ) VALUES ( '16722', 'PS' );
INSERT INTO subjects ( gid, subject ) VALUES ( '16722', 'American essays' );
INSERT INTO files ( gid, file, mime ) VALUES ( '16722', 'http://www.gutenberg.org/ebooks/16722.epub.images', 'application/epub+zip' );
INSERT INTO files ( gid, file, mime ) VALUES ( '16722', 'http://www.gutenberg.org/ebooks/16722.epub.noimages', 'application/epub+zip' );
INSERT INTO files ( gid, file, mime ) VALUES ( '16722', 'http://www.gutenberg.org/ebooks/16722.kindle.images', 'application/x-mobipocket-ebook' );
INSERT INTO files ( gid, file, mime ) VALUES ( '16722', 'http://www.gutenberg.org/ebooks/16722.kindle.noimages', 'application/x-mobipocket-ebook' );
INSERT INTO files ( gid, file, mime ) VALUES ( '16722', 'http://www.gutenberg.org/ebooks/16722.rdf', 'application/rdf+xml' );
INSERT INTO files ( gid, file, mime ) VALUES ( '16722', 'http://www.gutenberg.org/ebooks/16722.txt.utf-8', 'text/plain' );
INSERT INTO files ( gid, file, mime ) VALUES ( '16722', 'http://www.gutenberg.org/files/16722/16722-h.zip', 'application/ziptext/html; charset=us-ascii' );
INSERT INTO files ( gid, file, mime ) VALUES ( '16722', 'http://www.gutenberg.org/files/16722/16722-h/16722-h.htm', 'text/html; charset=us-ascii' );
INSERT INTO files ( gid, file, mime ) VALUES ( '16722', 'http://www.gutenberg.org/files/16722/16722.txt', 'text/plain; charset=us-ascii' );
INSERT INTO files ( gid, file, mime ) VALUES ( '16722', 'http://www.gutenberg.org/files/16722/16722.zip', 'application/ziptext/plain; charset=us-ascii' );
INSERT INTO titles ( gid, title, author, language, rights ) VALUES ( '16822', 'Memorial Addresses on the Life and Character of William H. F. Lee (A Representative from Virginia) Delivered in the House of Representatives and in the Senate, Fifty-Second Congress, First Session', 'Various', 'en', 'Public domain in the USA.' );
INSERT INTO subjects ( gid, subject ) VALUES ( '16822', 'E456' );
INSERT INTO subjects ( gid, subject ) VALUES ( '16822', 'Lee, William Henry Fitzhugh, 1837-1891' );
INSERT INTO files ( gid, file, mime ) VALUES ( '16822', 'http://www.gutenberg.org/ebooks/16822.epub.images', 'application/epub+zip' );
INSERT INTO files ( gid, file, mime ) VALUES ( '16822', 'http://www.gutenberg.org/ebooks/16822.epub.noimages', 'application/epub+zip' );
INSERT INTO files ( gid, file, mime ) VALUES ( '16822', 'http://www.gutenberg.org/ebooks/16822.kindle.images', 'application/x-mobipocket-ebook' );
INSERT INTO files ( gid, file, mime ) VALUES ( '16822', 'http://www.gutenberg.org/ebooks/16822.kindle.noimages', 'application/x-mobipocket-ebook' );
INSERT INTO files ( gid, file, mime ) VALUES ( '16822', 'http://www.gutenberg.org/ebooks/16822.rdf', 'application/rdf+xml' );
INSERT INTO files ( gid, file, mime ) VALUES ( '16822', 'http://www.gutenberg.org/ebooks/16822.txt.utf-8', 'text/plain' );
INSERT INTO files ( gid, file, mime ) VALUES ( '16822', 'http://www.gutenberg.org/files/16822/16822-8.txt', 'text/plain; charset=iso-8859-1' );
INSERT INTO files ( gid, file, mime ) VALUES ( '16822', 'http://www.gutenberg.org/files/16822/16822-8.zip', 'application/ziptext/plain; charset=iso-8859-1' );
INSERT INTO files ( gid, file, mime ) VALUES ( '16822', 'http://www.gutenberg.org/files/16822/16822-h.zip', 'text/html; charset=iso-8859-1application/zip' );
INSERT INTO files ( gid, file, mime ) VALUES ( '16822', 'http://www.gutenberg.org/files/16822/16822-h/16822-h.htm', 'text/html; charset=iso-8859-1' );
INSERT INTO files ( gid, file, mime ) VALUES ( '16822', 'http://www.gutenberg.org/files/16822/16822.txt', 'text/plain; charset=us-ascii' );
INSERT INTO files ( gid, file, mime ) VALUES ( '16822', 'http://www.gutenberg.org/files/16822/16822.zip', 'application/ziptext/plain; charset=us-ascii' );
INSERT INTO titles ( gid, title, author, language, rights ) VALUES ( '16922', 'Opúsculos por Alexandre Herculano - Tomo 02', 'Herculano, Alexandre', 'pt', 'Public domain in the USA.' );
INSERT INTO classifications ( gid, classification ) VALUES ( '16922', 'PQ' );
INSERT INTO subjects ( gid, subject ) VALUES ( '16922', 'Portuguese literature -- 19th century' );
INSERT INTO files ( gid, file, mime ) VALUES ( '16922', 'http://www.gutenberg.org/ebooks/16922.epub.images', 'application/epub+zip' );
INSERT INTO files ( gid, file, mime ) VALUES ( '16922', 'http://www.gutenberg.org/ebooks/16922.epub.noimages', 'application/epub+zip' );
INSERT INTO files ( gid, file, mime ) VALUES ( '16922', 'http://www.gutenberg.org/ebooks/16922.html.images', 'text/html' );
INSERT INTO files ( gid, file, mime ) VALUES ( '16922', 'http://www.gutenberg.org/ebooks/16922.html.noimages', 'text/html' );
INSERT INTO files ( gid, file, mime ) VALUES ( '16922', 'http://www.gutenberg.org/ebooks/16922.kindle.images', 'application/x-mobipocket-ebook' );
INSERT INTO files ( gid, file, mime ) VALUES ( '16922', 'http://www.gutenberg.org/ebooks/16922.kindle.noimages', 'application/x-mobipocket-ebook' );
INSERT INTO files ( gid, file, mime ) VALUES ( '16922', 'http://www.gutenberg.org/ebooks/16922.rdf', 'application/rdf+xml' );
INSERT INTO files ( gid, file, mime ) VALUES ( '16922', 'http://www.gutenberg.org/ebooks/16922.txt.utf-8', 'text/plain' );
INSERT INTO files ( gid, file, mime ) VALUES ( '16922', 'http://www.gutenberg.org/files/16922/16922-8.txt', 'text/plain; charset=iso-8859-1' );
INSERT INTO files ( gid, file, mime ) VALUES ( '16922', 'http://www.gutenberg.org/files/16922/16922-8.zip', 'text/plain; charset=iso-8859-1application/zip' );
INSERT INTO titles ( gid, title, author, language, rights ) VALUES ( '58222', 'The Destinies of the Stars', 'Arrhenius, Svante', 'en', 'Public domain in the USA.' );
INSERT INTO classifications ( gid, classification ) VALUES ( '58222', 'QB' );
INSERT INTO subjects ( gid, subject ) VALUES ( '58222', 'Milky Way' );
INSERT INTO subjects ( gid, subject ) VALUES ( '58222', 'Mars (Planet)' );
INSERT INTO subjects ( gid, subject ) VALUES ( '58222', 'Cosmogony' );
INSERT INTO files ( gid, file, mime ) VALUES ( '58222', 'http://www.gutenberg.org/cache/epub/58222/pg58222.cover.medium.jpg', 'image/jpeg' );
INSERT INTO files ( gid, file, mime ) VALUES ( '58222', 'http://www.gutenberg.org/cache/epub/58222/pg58222.cover.small.jpg', 'image/jpeg' );
INSERT INTO files ( gid, file, mime ) VALUES ( '58222', 'http://www.gutenberg.org/ebooks/58222.epub.images', 'application/epub+zip' );
INSERT INTO files ( gid, file, mime ) VALUES ( '58222', 'http://www.gutenberg.org/ebooks/58222.epub.noimages', 'application/epub+zip' );
INSERT INTO files ( gid, file, mime ) VALUES ( '58222', 'http://www.gutenberg.org/ebooks/58222.kindle.images', 'application/x-mobipocket-ebook' );
INSERT INTO files ( gid, file, mime ) VALUES ( '58222', 'http://www.gutenberg.org/ebooks/58222.kindle.noimages', 'application/x-mobipocket-ebook' );
INSERT INTO files ( gid, file, mime ) VALUES ( '58222', 'http://www.gutenberg.org/ebooks/58222.rdf', 'application/rdf+xml' );
INSERT INTO files ( gid, file, mime ) VALUES ( '58222', 'http://www.gutenberg.org/files/58222/58222-0.txt', 'text/plain; charset=utf-8' );
INSERT INTO files ( gid, file, mime ) VALUES ( '58222', 'http://www.gutenberg.org/files/58222/58222-0.zip', 'application/ziptext/plain; charset=utf-8' );
INSERT INTO files ( gid, file, mime ) VALUES ( '58222', 'http://www.gutenberg.org/files/58222/58222-h.zip', 'text/html; charset=utf-8application/zip' );
INSERT INTO files ( gid, file, mime ) VALUES ( '58222', 'http://www.gutenberg.org/files/58222/58222-h/58222-h.htm', 'text/html; charset=utf-8' );
INSERT INTO titles ( gid, title, author, language, rights ) VALUES ( '58322', 'The Three Brothers; vol. 3/3', 'Oliphant, Mrs. (Margaret)', 'en', 'Public domain in the USA.' );
INSERT INTO classifications ( gid, classification ) VALUES ( '58322', 'PR' );
INSERT INTO subjects ( gid, subject ) VALUES ( '58322', 'Brothers -- Fiction' );
INSERT INTO files ( gid, file, mime ) VALUES ( '58322', 'http://www.gutenberg.org/cache/epub/58322/pg58322.cover.medium.jpg', 'image/jpeg' );
INSERT INTO files ( gid, file, mime ) VALUES ( '58322', 'http://www.gutenberg.org/cache/epub/58322/pg58322.cover.small.jpg', 'image/jpeg' );
INSERT INTO files ( gid, file, mime ) VALUES ( '58322', 'http://www.gutenberg.org/ebooks/58322.epub.images', 'application/epub+zip' );
INSERT INTO files ( gid, file, mime ) VALUES ( '58322', 'http://www.gutenberg.org/ebooks/58322.epub.noimages', 'application/epub+zip' );
INSERT INTO files ( gid, file, mime ) VALUES ( '58322', 'http://www.gutenberg.org/ebooks/58322.kindle.images', 'application/x-mobipocket-ebook' );
INSERT INTO files ( gid, file, mime ) VALUES ( '58322', 'http://www.gutenberg.org/ebooks/58322.kindle.noimages', 'application/x-mobipocket-ebook' );
INSERT INTO files ( gid, file, mime ) VALUES ( '58322', 'http://www.gutenberg.org/ebooks/58322.rdf', 'application/rdf+xml' );
INSERT INTO files ( gid, file, mime ) VALUES ( '58322', 'http://www.gutenberg.org/files/58322/58322-0.txt', 'text/plain; charset=utf-8' );
INSERT INTO files ( gid, file, mime ) VALUES ( '58322', 'http://www.gutenberg.org/files/58322/58322-0.zip', 'application/ziptext/plain; charset=utf-8' );
INSERT INTO files ( gid, file, mime ) VALUES ( '58322', 'http://www.gutenberg.org/files/58322/58322-h.zip', 'application/ziptext/html; charset=utf-8' );
INSERT INTO files ( gid, file, mime ) VALUES ( '58322', 'http://www.gutenberg.org/files/58322/58322-h/58322-h.htm', 'text/html; charset=utf-8' );
INSERT INTO titles ( gid, title, author, language, rights ) VALUES ( '5822', 'The Gilded Age, Part 5.', 'Warner, Charles Dudley', 'en', 'Public domain in the USA.' );
INSERT INTO classifications ( gid, classification ) VALUES ( '5822', 'PS' );
INSERT INTO subjects ( gid, subject ) VALUES ( '5822', 'Washington (D.C.) -- Fiction' );
INSERT INTO subjects ( gid, subject ) VALUES ( '5822', 'Political corruption -- Fiction' );
INSERT INTO subjects ( gid, subject ) VALUES ( '5822', 'Speculation -- Fiction' );
INSERT INTO subjects ( gid, subject ) VALUES ( '5822', 'Satire' );
INSERT INTO subjects ( gid, subject ) VALUES ( '5822', 'Legislators -- Fiction' );
INSERT INTO subjects ( gid, subject ) VALUES ( '5822', 'Political fiction' );
INSERT INTO subjects ( gid, subject ) VALUES ( '5822', 'Businessmen -- Fiction' );
INSERT INTO files ( gid, file, mime ) VALUES ( '5822', 'http://www.gutenberg.org/cache/epub/5822/pg5822.cover.medium.jpg', 'image/jpeg' );
INSERT INTO files ( gid, file, mime ) VALUES ( '5822', 'http://www.gutenberg.org/cache/epub/5822/pg5822.cover.small.jpg', 'image/jpeg' );
INSERT INTO files ( gid, file, mime ) VALUES ( '5822', 'http://www.gutenberg.org/ebooks/5822.epub.images', 'application/epub+zip' );
INSERT INTO files ( gid, file, mime ) VALUES ( '5822', 'http://www.gutenberg.org/ebooks/5822.epub.noimages', 'application/epub+zip' );
INSERT INTO files ( gid, file, mime ) VALUES ( '5822', 'http://www.gutenberg.org/ebooks/5822.kindle.images', 'application/x-mobipocket-ebook' );
INSERT INTO files ( gid, file, mime ) VALUES ( '5822', 'http://www.gutenberg.org/ebooks/5822.kindle.noimages', 'application/x-mobipocket-ebook' );
INSERT INTO files ( gid, file, mime ) VALUES ( '5822', 'http://www.gutenberg.org/ebooks/5822.rdf', 'application/rdf+xml' );
INSERT INTO files ( gid, file, mime ) VALUES ( '5822', 'http://www.gutenberg.org/ebooks/5822.txt.utf-8', 'text/plain' );
INSERT INTO files ( gid, file, mime ) VALUES ( '5822', 'http://www.gutenberg.org/files/5822/5822-h.zip', 'text/html; charset=iso-8859-1application/zip' );
INSERT INTO files ( gid, file, mime ) VALUES ( '5822', 'http://www.gutenberg.org/files/5822/5822-h/5822-h.htm', 'text/html; charset=iso-8859-1' );
INSERT INTO files ( gid, file, mime ) VALUES ( '5822', 'http://www.gutenberg.org/files/5822/5822.txt', 'text/plain; charset=us-ascii' );
INSERT INTO files ( gid, file, mime ) VALUES ( '5822', 'http://www.gutenberg.org/files/5822/5822.zip', 'text/plain; charset=us-asciiapplication/zip' );
INSERT INTO titles ( gid, title, author, language, rights ) VALUES ( '58422', 'Seth Jones or, The Captives of the Frontier', 'Ellis, Edward Sylvester', 'en', 'Public domain in the USA.' );
INSERT INTO files ( gid, file, mime ) VALUES ( '58422', 'http://www.gutenberg.org/cache/epub/58422/pg58422.cover.medium.jpg', 'image/jpeg' );
INSERT INTO files ( gid, file, mime ) VALUES ( '58422', 'http://www.gutenberg.org/cache/epub/58422/pg58422.cover.small.jpg', 'image/jpeg' );
INSERT INTO files ( gid, file, mime ) VALUES ( '58422', 'http://www.gutenberg.org/ebooks/58422.epub.images', 'application/epub+zip' );
INSERT INTO files ( gid, file, mime ) VALUES ( '58422', 'http://www.gutenberg.org/ebooks/58422.epub.noimages', 'application/epub+zip' );
INSERT INTO files ( gid, file, mime ) VALUES ( '58422', 'http://www.gutenberg.org/ebooks/58422.kindle.images', 'application/x-mobipocket-ebook' );
INSERT INTO files ( gid, file, mime ) VALUES ( '58422', 'http://www.gutenberg.org/ebooks/58422.kindle.noimages', 'application/x-mobipocket-ebook' );
INSERT INTO files ( gid, file, mime ) VALUES ( '58422', 'http://www.gutenberg.org/ebooks/58422.rdf', 'application/rdf+xml' );
INSERT INTO files ( gid, file, mime ) VALUES ( '58422', 'http://www.gutenberg.org/files/58422/58422-0.txt', 'text/plain; charset=utf-8' );
INSERT INTO files ( gid, file, mime ) VALUES ( '58422', 'http://www.gutenberg.org/files/58422/58422-0.zip', 'text/plain; charset=utf-8application/zip' );
INSERT INTO files ( gid, file, mime ) VALUES ( '58422', 'http://www.gutenberg.org/files/58422/58422-h.zip', 'application/ziptext/html; charset=utf-8' );
INSERT INTO files ( gid, file, mime ) VALUES ( '58422', 'http://www.gutenberg.org/files/58422/58422-h/58422-h.htm', 'text/html; charset=utf-8' );
INSERT INTO titles ( gid, title, author, language, rights ) VALUES ( '58522', 'Sexueele Zeden in Woord en Beeld De Humor in het Geslachtsleven', 'Vloten Elderinck, D. Ph. van', 'nl', 'Public domain in the USA.' );
INSERT INTO files ( gid, file, mime ) VALUES ( '58522', 'http://www.gutenberg.org/cache/epub/58522/pg58522.cover.medium.jpg', 'image/jpeg' );
INSERT INTO files ( gid, file, mime ) VALUES ( '58522', 'http://www.gutenberg.org/cache/epub/58522/pg58522.cover.small.jpg', 'image/jpeg' );
INSERT INTO files ( gid, file, mime ) VALUES ( '58522', 'http://www.gutenberg.org/ebooks/58522.epub.images', 'application/epub+zip' );
INSERT INTO files ( gid, file, mime ) VALUES ( '58522', 'http://www.gutenberg.org/ebooks/58522.epub.noimages', 'application/epub+zip' );
INSERT INTO files ( gid, file, mime ) VALUES ( '58522', 'http://www.gutenberg.org/ebooks/58522.kindle.images', 'application/x-mobipocket-ebook' );
INSERT INTO files ( gid, file, mime ) VALUES ( '58522', 'http://www.gutenberg.org/ebooks/58522.kindle.noimages', 'application/x-mobipocket-ebook' );
INSERT INTO files ( gid, file, mime ) VALUES ( '58522', 'http://www.gutenberg.org/ebooks/58522.rdf', 'application/rdf+xml' );
INSERT INTO files ( gid, file, mime ) VALUES ( '58522', 'http://www.gutenberg.org/ebooks/58522.txt.utf-8', 'text/plain' );
INSERT INTO files ( gid, file, mime ) VALUES ( '58522', 'http://www.gutenberg.org/files/58522/58522-8.txt', 'text/plain; charset=iso-8859-1' );
INSERT INTO files ( gid, file, mime ) VALUES ( '58522', 'http://www.gutenberg.org/files/58522/58522-8.zip', 'text/plain; charset=iso-8859-1application/zip' );
INSERT INTO files ( gid, file, mime ) VALUES ( '58522', 'http://www.gutenberg.org/files/58522/58522-h.zip', 'text/html; charset=iso-8859-1application/zip' );
INSERT INTO files ( gid, file, mime ) VALUES ( '58522', 'http://www.gutenberg.org/files/58522/58522-h/58522-h.htm', 'text/html; charset=iso-8859-1' );
INSERT INTO titles ( gid, title, author, language, rights ) VALUES ( '58722', 'Index of the Project Gutenberg Works of Richard F. Burton', 'Burton, Richard Francis, Sir', 'en', 'Public domain in the USA.' );
INSERT INTO files ( gid, file, mime ) VALUES ( '58722', 'http://www.gutenberg.org/ebooks/58722.rdf', 'application/rdf+xml' );
INSERT INTO files ( gid, file, mime ) VALUES ( '58722', 'http://www.gutenberg.org/files/58722/58722-0.txt', 'text/plain; charset=utf-8' );
INSERT INTO files ( gid, file, mime ) VALUES ( '58722', 'http://www.gutenberg.org/files/58722/58722-0.zip', 'application/ziptext/plain; charset=utf-8' );
INSERT INTO files ( gid, file, mime ) VALUES ( '58722', 'http://www.gutenberg.org/files/58722/58722-h.zip', 'text/html; charset=utf-8application/zip' );
INSERT INTO files ( gid, file, mime ) VALUES ( '58722', 'http://www.gutenberg.org/files/58722/58722-h/58722-h.htm', 'text/html; charset=utf-8' );
INSERT INTO titles ( gid, title, author, language, rights ) VALUES ( '58622', 'The Briary Bush A Novel', 'Dell, Floyd', 'en', 'Public domain in the USA.' );
INSERT INTO files ( gid, file, mime ) VALUES ( '58622', 'http://www.gutenberg.org/cache/epub/58622/pg58622.cover.medium.jpg', 'image/jpeg' );
INSERT INTO files ( gid, file, mime ) VALUES ( '58622', 'http://www.gutenberg.org/cache/epub/58622/pg58622.cover.small.jpg', 'image/jpeg' );
INSERT INTO files ( gid, file, mime ) VALUES ( '58622', 'http://www.gutenberg.org/ebooks/58622.epub.images', 'application/epub+zip' );
INSERT INTO files ( gid, file, mime ) VALUES ( '58622', 'http://www.gutenberg.org/ebooks/58622.epub.noimages', 'application/epub+zip' );
INSERT INTO files ( gid, file, mime ) VALUES ( '58622', 'http://www.gutenberg.org/ebooks/58622.kindle.images', 'application/x-mobipocket-ebook' );
INSERT INTO files ( gid, file, mime ) VALUES ( '58622', 'http://www.gutenberg.org/ebooks/58622.kindle.noimages', 'application/x-mobipocket-ebook' );
INSERT INTO files ( gid, file, mime ) VALUES ( '58622', 'http://www.gutenberg.org/ebooks/58622.rdf', 'application/rdf+xml' );
INSERT INTO files ( gid, file, mime ) VALUES ( '58622', 'http://www.gutenberg.org/files/58622/58622-0.txt', 'text/plain; charset=utf-8' );
INSERT INTO files ( gid, file, mime ) VALUES ( '58622', 'http://www.gutenberg.org/files/58622/58622-0.zip', 'application/ziptext/plain; charset=utf-8' );
INSERT INTO files ( gid, file, mime ) VALUES ( '58622', 'http://www.gutenberg.org/files/58622/58622-h.zip', 'text/html; charset=utf-8application/zip' );
INSERT INTO files ( gid, file, mime ) VALUES ( '58622', 'http://www.gutenberg.org/files/58622/58622-h/58622-h.htm', 'text/html; charset=utf-8' );
INSERT INTO titles ( gid, title, author, language, rights ) VALUES ( '58822', 'The Early Life of Washington Designed for the Instruction and Amusement of the Young', 'Anonymous', 'en', 'Public domain in the USA.' );
INSERT INTO files ( gid, file, mime ) VALUES ( '58822', 'http://www.gutenberg.org/cache/epub/58822/pg58822.cover.medium.jpg', 'image/jpeg' );
INSERT INTO files ( gid, file, mime ) VALUES ( '58822', 'http://www.gutenberg.org/cache/epub/58822/pg58822.cover.small.jpg', 'image/jpeg' );
INSERT INTO files ( gid, file, mime ) VALUES ( '58822', 'http://www.gutenberg.org/ebooks/58822.epub.images', 'application/epub+zip' );
INSERT INTO files ( gid, file, mime ) VALUES ( '58822', 'http://www.gutenberg.org/ebooks/58822.epub.noimages', 'application/epub+zip' );
INSERT INTO files ( gid, file, mime ) VALUES ( '58822', 'http://www.gutenberg.org/ebooks/58822.kindle.images', 'application/x-mobipocket-ebook' );
INSERT INTO files ( gid, file, mime ) VALUES ( '58822', 'http://www.gutenberg.org/ebooks/58822.kindle.noimages', 'application/x-mobipocket-ebook' );
INSERT INTO files ( gid, file, mime ) VALUES ( '58822', 'http://www.gutenberg.org/ebooks/58822.rdf', 'application/rdf+xml' );
INSERT INTO files ( gid, file, mime ) VALUES ( '58822', 'http://www.gutenberg.org/files/58822/58822-0.txt', 'text/plain; charset=utf-8' );
INSERT INTO files ( gid, file, mime ) VALUES ( '58822', 'http://www.gutenberg.org/files/58822/58822-0.zip', 'text/plain; charset=utf-8application/zip' );
INSERT INTO files ( gid, file, mime ) VALUES ( '58822', 'http://www.gutenberg.org/files/58822/58822-h.zip', 'application/ziptext/html; charset=utf-8' );
INSERT INTO files ( gid, file, mime ) VALUES ( '58822', 'http://www.gutenberg.org/files/58822/58822-h/58822-h.htm', 'text/html; charset=utf-8' );
INSERT INTO titles ( gid, title, author, language, rights ) VALUES ( '58922', 'Scotts Bluff National Monument, Nebraska National Park Service Historical Handbook Series No. 28', 'Mattes, Merrill J.', 'en', 'Public domain in the USA.' );
INSERT INTO files ( gid, file, mime ) VALUES ( '58922', 'http://www.gutenberg.org/cache/epub/58922/pg58922.cover.medium.jpg', 'image/jpeg' );
INSERT INTO files ( gid, file, mime ) VALUES ( '58922', 'http://www.gutenberg.org/cache/epub/58922/pg58922.cover.small.jpg', 'image/jpeg' );
INSERT INTO files ( gid, file, mime ) VALUES ( '58922', 'http://www.gutenberg.org/ebooks/58922.epub.images', 'application/epub+zip' );
INSERT INTO files ( gid, file, mime ) VALUES ( '58922', 'http://www.gutenberg.org/ebooks/58922.epub.noimages', 'application/epub+zip' );
INSERT INTO files ( gid, file, mime ) VALUES ( '58922', 'http://www.gutenberg.org/ebooks/58922.kindle.images', 'application/x-mobipocket-ebook' );
INSERT INTO files ( gid, file, mime ) VALUES ( '58922', 'http://www.gutenberg.org/ebooks/58922.kindle.noimages', 'application/x-mobipocket-ebook' );
INSERT INTO files ( gid, file, mime ) VALUES ( '58922', 'http://www.gutenberg.org/ebooks/58922.rdf', 'application/rdf+xml' );
INSERT INTO files ( gid, file, mime ) VALUES ( '58922', 'http://www.gutenberg.org/files/58922/58922-0.txt', 'text/plain; charset=utf-8' );
INSERT INTO files ( gid, file, mime ) VALUES ( '58922', 'http://www.gutenberg.org/files/58922/58922-0.zip', 'text/plain; charset=utf-8application/zip' );
INSERT INTO files ( gid, file, mime ) VALUES ( '58922', 'http://www.gutenberg.org/files/58922/58922-8.txt', 'text/plain; charset=iso-8859-1' );
INSERT INTO files ( gid, file, mime ) VALUES ( '58922', 'http://www.gutenberg.org/files/58922/58922-8.zip', 'text/plain; charset=iso-8859-1application/zip' );
INSERT INTO files ( gid, file, mime ) VALUES ( '58922', 'http://www.gutenberg.org/files/58922/58922-h.zip', 'application/octet-streamapplication/zip' );
INSERT INTO files ( gid, file, mime ) VALUES ( '58922', 'http://www.gutenberg.org/files/58922/58922-h/58922-h.htm', 'text/html' );
INSERT INTO titles ( gid, title, author, language, rights ) VALUES ( '59022', 'Myself when Young Confessions', 'Waugh, Alec (Alexander Raban)', 'en', 'Public domain in the USA.' );
INSERT INTO files ( gid, file, mime ) VALUES ( '59022', 'http://www.gutenberg.org/cache/epub/59022/pg59022.cover.medium.jpg', 'image/jpeg' );
INSERT INTO files ( gid, file, mime ) VALUES ( '59022', 'http://www.gutenberg.org/cache/epub/59022/pg59022.cover.small.jpg', 'image/jpeg' );
INSERT INTO files ( gid, file, mime ) VALUES ( '59022', 'http://www.gutenberg.org/ebooks/59022.epub.images', 'application/epub+zip' );
INSERT INTO files ( gid, file, mime ) VALUES ( '59022', 'http://www.gutenberg.org/ebooks/59022.epub.noimages', 'application/epub+zip' );
INSERT INTO files ( gid, file, mime ) VALUES ( '59022', 'http://www.gutenberg.org/ebooks/59022.kindle.images', 'application/x-mobipocket-ebook' );
INSERT INTO files ( gid, file, mime ) VALUES ( '59022', 'http://www.gutenberg.org/ebooks/59022.kindle.noimages', 'application/x-mobipocket-ebook' );
INSERT INTO files ( gid, file, mime ) VALUES ( '59022', 'http://www.gutenberg.org/ebooks/59022.rdf', 'application/rdf+xml' );
INSERT INTO files ( gid, file, mime ) VALUES ( '59022', 'http://www.gutenberg.org/files/59022/59022-0.txt', 'text/plain; charset=utf-8' );
INSERT INTO files ( gid, file, mime ) VALUES ( '59022', 'http://www.gutenberg.org/files/59022/59022-0.zip', 'text/plain; charset=utf-8application/zip' );
INSERT INTO files ( gid, file, mime ) VALUES ( '59022', 'http://www.gutenberg.org/files/59022/59022-h.zip', 'text/html; charset=utf-8application/zip' );
INSERT INTO files ( gid, file, mime ) VALUES ( '59022', 'http://www.gutenberg.org/files/59022/59022-h/59022-h.htm', 'text/html; charset=utf-8' );
INSERT INTO titles ( gid, title, author, language, rights ) VALUES ( '59122', 'Index of the Project Gutenberg Works of Lord Byron', 'Byron, George Gordon Byron, Baron', 'en', 'Public domain in the USA.' );
INSERT INTO files ( gid, file, mime ) VALUES ( '59122', 'http://www.gutenberg.org/cache/epub/59122/pg59122.cover.medium.jpg', 'image/jpeg' );
INSERT INTO files ( gid, file, mime ) VALUES ( '59122', 'http://www.gutenberg.org/cache/epub/59122/pg59122.cover.small.jpg', 'image/jpeg' );
INSERT INTO files ( gid, file, mime ) VALUES ( '59122', 'http://www.gutenberg.org/ebooks/59122.epub.images', 'application/epub+zip' );
INSERT INTO files ( gid, file, mime ) VALUES ( '59122', 'http://www.gutenberg.org/ebooks/59122.epub.noimages', 'application/epub+zip' );
INSERT INTO files ( gid, file, mime ) VALUES ( '59122', 'http://www.gutenberg.org/ebooks/59122.kindle.images', 'application/x-mobipocket-ebook' );
INSERT INTO files ( gid, file, mime ) VALUES ( '59122', 'http://www.gutenberg.org/ebooks/59122.kindle.noimages', 'application/x-mobipocket-ebook' );
INSERT INTO files ( gid, file, mime ) VALUES ( '59122', 'http://www.gutenberg.org/ebooks/59122.rdf', 'application/rdf+xml' );
INSERT INTO files ( gid, file, mime ) VALUES ( '59122', 'http://www.gutenberg.org/files/59122/59122-0.txt', 'text/plain; charset=utf-8' );
INSERT INTO files ( gid, file, mime ) VALUES ( '59122', 'http://www.gutenberg.org/files/59122/59122-0.zip', 'application/ziptext/plain; charset=utf-8' );
INSERT INTO files ( gid, file, mime ) VALUES ( '59122', 'http://www.gutenberg.org/files/59122/59122-h.zip', 'application/zipapplication/octet-stream' );
INSERT INTO files ( gid, file, mime ) VALUES ( '59122', 'http://www.gutenberg.org/files/59122/59122-h/59122-h.htm', 'text/html' );
INSERT INTO titles ( gid, title, author, language, rights ) VALUES ( '59222', 'Schwedenklees Erlebnis', 'Kellermann, Bernhard', 'de', 'Public domain in the USA.' );
INSERT INTO files ( gid, file, mime ) VALUES ( '59222', 'http://www.gutenberg.org/cache/epub/59222/pg59222.cover.medium.jpg', 'image/jpeg' );
INSERT INTO files ( gid, file, mime ) VALUES ( '59222', 'http://www.gutenberg.org/cache/epub/59222/pg59222.cover.small.jpg', 'image/jpeg' );
INSERT INTO files ( gid, file, mime ) VALUES ( '59222', 'http://www.gutenberg.org/ebooks/59222.epub.images', 'application/epub+zip' );
INSERT INTO files ( gid, file, mime ) VALUES ( '59222', 'http://www.gutenberg.org/ebooks/59222.epub.noimages', 'application/epub+zip' );
INSERT INTO files ( gid, file, mime ) VALUES ( '59222', 'http://www.gutenberg.org/ebooks/59222.kindle.images', 'application/x-mobipocket-ebook' );
INSERT INTO files ( gid, file, mime ) VALUES ( '59222', 'http://www.gutenberg.org/ebooks/59222.kindle.noimages', 'application/x-mobipocket-ebook' );
INSERT INTO files ( gid, file, mime ) VALUES ( '59222', 'http://www.gutenberg.org/ebooks/59222.rdf', 'application/rdf+xml' );
INSERT INTO files ( gid, file, mime ) VALUES ( '59222', 'http://www.gutenberg.org/ebooks/59222.txt.utf-8', 'text/plain' );
INSERT INTO files ( gid, file, mime ) VALUES ( '59222', 'http://www.gutenberg.org/files/59222/59222-8.txt', 'text/plain; charset=iso-8859-1' );
INSERT INTO files ( gid, file, mime ) VALUES ( '59222', 'http://www.gutenberg.org/files/59222/59222-8.zip', 'text/plain; charset=iso-8859-1application/zip' );
INSERT INTO files ( gid, file, mime ) VALUES ( '59222', 'http://www.gutenberg.org/files/59222/59222-h.zip', 'application/ziptext/html; charset=iso-8859-1' );
INSERT INTO files ( gid, file, mime ) VALUES ( '59222', 'http://www.gutenberg.org/files/59222/59222-h/59222-h.htm', 'text/html; charset=iso-8859-1' );
INSERT INTO files ( gid, file, mime ) VALUES ( '59222', 'http://www.gutenberg.org/files/59222/59222-page-images.zip', 'application/octet-streamapplication/zip' );
INSERT INTO titles ( gid, title, author, language, rights ) VALUES ( '5922', 'The History of Don Quixote, Volume 2, Part 19', 'Cervantes Saavedra, Miguel de', 'en', 'Public domain in the USA.' );
INSERT INTO classifications ( gid, classification ) VALUES ( '5922', 'PQ' );
INSERT INTO subjects ( gid, subject ) VALUES ( '5922', 'Spain -- Social life and customs -- 16th century -- Fiction' );
INSERT INTO subjects ( gid, subject ) VALUES ( '5922', 'Picaresque literature' );
INSERT INTO subjects ( gid, subject ) VALUES ( '5922', 'Romances' );
INSERT INTO subjects ( gid, subject ) VALUES ( '5922', 'Knights and knighthood -- Spain -- Fiction' );
INSERT INTO files ( gid, file, mime ) VALUES ( '5922', 'http://www.gutenberg.org/cache/epub/5922/pg5922.cover.medium.jpg', 'image/jpeg' );
INSERT INTO files ( gid, file, mime ) VALUES ( '5922', 'http://www.gutenberg.org/cache/epub/5922/pg5922.cover.small.jpg', 'image/jpeg' );
INSERT INTO files ( gid, file, mime ) VALUES ( '5922', 'http://www.gutenberg.org/ebooks/5922.epub.images', 'application/epub+zip' );
INSERT INTO files ( gid, file, mime ) VALUES ( '5922', 'http://www.gutenberg.org/ebooks/5922.epub.noimages', 'application/epub+zip' );
INSERT INTO files ( gid, file, mime ) VALUES ( '5922', 'http://www.gutenberg.org/ebooks/5922.kindle.images', 'application/x-mobipocket-ebook' );
INSERT INTO files ( gid, file, mime ) VALUES ( '5922', 'http://www.gutenberg.org/ebooks/5922.kindle.noimages', 'application/x-mobipocket-ebook' );
INSERT INTO files ( gid, file, mime ) VALUES ( '5922', 'http://www.gutenberg.org/ebooks/5922.rdf', 'application/rdf+xml' );
INSERT INTO files ( gid, file, mime ) VALUES ( '5922', 'http://www.gutenberg.org/ebooks/5922.txt.utf-8', 'text/plain' );
INSERT INTO files ( gid, file, mime ) VALUES ( '5922', 'http://www.gutenberg.org/files/5922/5922-h.zip', 'text/html; charset=iso-8859-1application/zip' );
INSERT INTO files ( gid, file, mime ) VALUES ( '5922', 'http://www.gutenberg.org/files/5922/5922-h/5922-h.htm', 'text/html; charset=iso-8859-1' );
INSERT INTO files ( gid, file, mime ) VALUES ( '5922', 'http://www.gutenberg.org/files/5922/5922.txt', 'text/plain; charset=us-ascii' );
INSERT INTO files ( gid, file, mime ) VALUES ( '5922', 'http://www.gutenberg.org/files/5922/5922.zip', 'text/plain; charset=us-asciiapplication/zip' );
INSERT INTO titles ( gid, title, author, language, rights ) VALUES ( '17022', 'The First Discovery of Australia and New Guinea Being The Narrative of Portuguese and Spanish Discoveries in the Australasian Regions, between the Years 1492-1606, with Descriptions of their Old Charts.', 'Collingridge, George', 'en', 'Public domain in the USA.' );
INSERT INTO classifications ( gid, classification ) VALUES ( '17022', 'DU' );
INSERT INTO subjects ( gid, subject ) VALUES ( '17022', 'Australia -- Discovery and exploration -- Spanish' );
INSERT INTO subjects ( gid, subject ) VALUES ( '17022', 'Australia -- Discovery and exploration -- Portuguese' );
INSERT INTO subjects ( gid, subject ) VALUES ( '17022', 'Oceania -- Discovery and exploration -- Portuguese' );
INSERT INTO subjects ( gid, subject ) VALUES ( '17022', 'Oceania -- Discovery and exploration -- Spanish' );
INSERT INTO files ( gid, file, mime ) VALUES ( '17022', 'http://www.gutenberg.org/ebooks/17022.epub.images', 'application/epub+zip' );
INSERT INTO files ( gid, file, mime ) VALUES ( '17022', 'http://www.gutenberg.org/ebooks/17022.epub.noimages', 'application/epub+zip' );
INSERT INTO files ( gid, file, mime ) VALUES ( '17022', 'http://www.gutenberg.org/ebooks/17022.kindle.images', 'application/x-mobipocket-ebook' );
INSERT INTO files ( gid, file, mime ) VALUES ( '17022', 'http://www.gutenberg.org/ebooks/17022.kindle.noimages', 'application/x-mobipocket-ebook' );
INSERT INTO files ( gid, file, mime ) VALUES ( '17022', 'http://www.gutenberg.org/ebooks/17022.rdf', 'application/rdf+xml' );
INSERT INTO files ( gid, file, mime ) VALUES ( '17022', 'http://www.gutenberg.org/ebooks/17022.txt.utf-8', 'text/plain' );
INSERT INTO files ( gid, file, mime ) VALUES ( '17022', 'http://www.gutenberg.org/files/17022/17022-8.txt', 'text/plain; charset=iso-8859-1' );
INSERT INTO files ( gid, file, mime ) VALUES ( '17022', 'http://www.gutenberg.org/files/17022/17022-8.zip', 'application/ziptext/plain; charset=iso-8859-1' );
INSERT INTO files ( gid, file, mime ) VALUES ( '17022', 'http://www.gutenberg.org/files/17022/17022-h.zip', 'text/html; charset=iso-8859-1application/zip' );
INSERT INTO files ( gid, file, mime ) VALUES ( '17022', 'http://www.gutenberg.org/files/17022/17022-h/17022-h.htm', 'text/html; charset=iso-8859-1' );
INSERT INTO files ( gid, file, mime ) VALUES ( '17022', 'http://www.gutenberg.org/files/17022/17022.txt', 'text/plain; charset=us-ascii' );
INSERT INTO files ( gid, file, mime ) VALUES ( '17022', 'http://www.gutenberg.org/files/17022/17022.zip', 'text/plain; charset=us-asciiapplication/zip' );
INSERT INTO titles ( gid, title, author, language, rights ) VALUES ( '17122', 'Twenty-Four Short Sermons On The Doctrine Of Universal Salvation', 'Dods, John Bovee', 'en', 'Public domain in the USA.' );
INSERT INTO classifications ( gid, classification ) VALUES ( '17122', 'BX' );
INSERT INTO subjects ( gid, subject ) VALUES ( '17122', 'Universalist churches -- Sermons' );
INSERT INTO subjects ( gid, subject ) VALUES ( '17122', 'Sermons, American' );
INSERT INTO files ( gid, file, mime ) VALUES ( '17122', 'http://www.gutenberg.org/ebooks/17122.epub.images', 'application/epub+zip' );
INSERT INTO files ( gid, file, mime ) VALUES ( '17122', 'http://www.gutenberg.org/ebooks/17122.epub.noimages', 'application/epub+zip' );
INSERT INTO files ( gid, file, mime ) VALUES ( '17122', 'http://www.gutenberg.org/ebooks/17122.html.images', 'text/html' );
INSERT INTO files ( gid, file, mime ) VALUES ( '17122', 'http://www.gutenberg.org/ebooks/17122.html.noimages', 'text/html' );
INSERT INTO files ( gid, file, mime ) VALUES ( '17122', 'http://www.gutenberg.org/ebooks/17122.kindle.images', 'application/x-mobipocket-ebook' );
INSERT INTO files ( gid, file, mime ) VALUES ( '17122', 'http://www.gutenberg.org/ebooks/17122.kindle.noimages', 'application/x-mobipocket-ebook' );
INSERT INTO files ( gid, file, mime ) VALUES ( '17122', 'http://www.gutenberg.org/ebooks/17122.rdf', 'application/rdf+xml' );
INSERT INTO files ( gid, file, mime ) VALUES ( '17122', 'http://www.gutenberg.org/ebooks/17122.txt.utf-8', 'text/plain' );
INSERT INTO files ( gid, file, mime ) VALUES ( '17122', 'http://www.gutenberg.org/files/17122/17122.txt', 'text/plain; charset=us-ascii' );
INSERT INTO files ( gid, file, mime ) VALUES ( '17122', 'http://www.gutenberg.org/files/17122/17122.zip', 'text/plain; charset=us-asciiapplication/zip' );
INSERT INTO titles ( gid, title, author, language, rights ) VALUES ( '17222', 'Water Baptism A Pagan and Jewish Rite but not Christian, Proven by Scripture and History Confirmed by the Lives of Saints Who Were Never Baptized with Water', 'Moon, James H.', 'en', 'Public domain in the USA.' );
INSERT INTO classifications ( gid, classification ) VALUES ( '17222', 'BV' );
INSERT INTO subjects ( gid, subject ) VALUES ( '17222', 'Baptism' );
INSERT INTO files ( gid, file, mime ) VALUES ( '17222', 'http://www.gutenberg.org/ebooks/17222.epub.images', 'application/epub+zip' );
INSERT INTO files ( gid, file, mime ) VALUES ( '17222', 'http://www.gutenberg.org/ebooks/17222.epub.noimages', 'application/epub+zip' );
INSERT INTO files ( gid, file, mime ) VALUES ( '17222', 'http://www.gutenberg.org/ebooks/17222.kindle.images', 'application/x-mobipocket-ebook' );
INSERT INTO files ( gid, file, mime ) VALUES ( '17222', 'http://www.gutenberg.org/ebooks/17222.kindle.noimages', 'application/x-mobipocket-ebook' );
INSERT INTO files ( gid, file, mime ) VALUES ( '17222', 'http://www.gutenberg.org/ebooks/17222.rdf', 'application/rdf+xml' );
INSERT INTO files ( gid, file, mime ) VALUES ( '17222', 'http://www.gutenberg.org/ebooks/17222.txt.utf-8', 'text/plain' );
INSERT INTO files ( gid, file, mime ) VALUES ( '17222', 'http://www.gutenberg.org/files/17222/17222-8.txt', 'text/plain; charset=iso-8859-1' );
INSERT INTO files ( gid, file, mime ) VALUES ( '17222', 'http://www.gutenberg.org/files/17222/17222-8.zip', 'application/ziptext/plain; charset=iso-8859-1' );
INSERT INTO files ( gid, file, mime ) VALUES ( '17222', 'http://www.gutenberg.org/files/17222/17222-h.zip', 'application/ziptext/html; charset=iso-8859-1' );
INSERT INTO files ( gid, file, mime ) VALUES ( '17222', 'http://www.gutenberg.org/files/17222/17222-h/17222-h.htm', 'text/html; charset=iso-8859-1' );
INSERT INTO files ( gid, file, mime ) VALUES ( '17222', 'http://www.gutenberg.org/files/17222/17222.txt', 'text/plain; charset=us-ascii' );
INSERT INTO files ( gid, file, mime ) VALUES ( '17222', 'http://www.gutenberg.org/files/17222/17222.zip', 'text/plain; charset=us-asciiapplication/zip' );
INSERT INTO titles ( gid, title, author, language, rights ) VALUES ( '1722', 'Martin Luther''s Large Catechism, translated by Bente and Dau', 'Luther, Martin', 'en', 'Public domain in the USA.' );
INSERT INTO classifications ( gid, classification ) VALUES ( '1722', 'BX' );
INSERT INTO subjects ( gid, subject ) VALUES ( '1722', 'Lutheran Church -- Catechisms -- English' );
INSERT INTO files ( gid, file, mime ) VALUES ( '1722', 'http://www.gutenberg.org/ebooks/1722.epub.images', 'application/epub+zip' );
INSERT INTO files ( gid, file, mime ) VALUES ( '1722', 'http://www.gutenberg.org/ebooks/1722.epub.noimages', 'application/epub+zip' );
INSERT INTO files ( gid, file, mime ) VALUES ( '1722', 'http://www.gutenberg.org/ebooks/1722.html.images', 'text/html' );
INSERT INTO files ( gid, file, mime ) VALUES ( '1722', 'http://www.gutenberg.org/ebooks/1722.html.noimages', 'text/html' );
INSERT INTO files ( gid, file, mime ) VALUES ( '1722', 'http://www.gutenberg.org/ebooks/1722.kindle.images', 'application/x-mobipocket-ebook' );
INSERT INTO files ( gid, file, mime ) VALUES ( '1722', 'http://www.gutenberg.org/ebooks/1722.kindle.noimages', 'application/x-mobipocket-ebook' );
INSERT INTO files ( gid, file, mime ) VALUES ( '1722', 'http://www.gutenberg.org/ebooks/1722.rdf', 'application/rdf+xml' );
INSERT INTO files ( gid, file, mime ) VALUES ( '1722', 'http://www.gutenberg.org/ebooks/1722.txt.utf-8', 'text/plain' );
INSERT INTO files ( gid, file, mime ) VALUES ( '1722', 'http://www.gutenberg.org/files/1722/1722.txt', 'text/plain; charset=us-ascii' );
INSERT INTO files ( gid, file, mime ) VALUES ( '1722', 'http://www.gutenberg.org/files/1722/1722.zip', 'text/plain; charset=us-asciiapplication/zip' );
INSERT INTO titles ( gid, title, author, language, rights ) VALUES ( '17422', 'Fine Knacks for Ladies', 'Dowland, John', 'en', 'Public domain in the USA.' );
INSERT INTO classifications ( gid, classification ) VALUES ( '17422', 'M' );
INSERT INTO subjects ( gid, subject ) VALUES ( '17422', 'Guitar music, Arranged' );
INSERT INTO files ( gid, file, mime ) VALUES ( '17422', 'http://www.gutenberg.org/ebooks/17422.epub.images', 'application/epub+zip' );
INSERT INTO files ( gid, file, mime ) VALUES ( '17422', 'http://www.gutenberg.org/ebooks/17422.epub.noimages', 'application/epub+zip' );
INSERT INTO files ( gid, file, mime ) VALUES ( '17422', 'http://www.gutenberg.org/ebooks/17422.html.images', 'text/html' );
INSERT INTO files ( gid, file, mime ) VALUES ( '17422', 'http://www.gutenberg.org/ebooks/17422.html.noimages', 'text/html' );
INSERT INTO files ( gid, file, mime ) VALUES ( '17422', 'http://www.gutenberg.org/ebooks/17422.kindle.images', 'application/x-mobipocket-ebook' );
INSERT INTO files ( gid, file, mime ) VALUES ( '17422', 'http://www.gutenberg.org/ebooks/17422.kindle.noimages', 'application/x-mobipocket-ebook' );
INSERT INTO files ( gid, file, mime ) VALUES ( '17422', 'http://www.gutenberg.org/ebooks/17422.rdf', 'application/rdf+xml' );
INSERT INTO files ( gid, file, mime ) VALUES ( '17422', 'http://www.gutenberg.org/ebooks/17422.txt.utf-8', 'text/plain' );
INSERT INTO files ( gid, file, mime ) VALUES ( '17422', 'http://www.gutenberg.org/files/17422/17422-mid/17422-mid.mid', 'audio/midi' );
INSERT INTO files ( gid, file, mime ) VALUES ( '17422', 'http://www.gutenberg.org/files/17422/17422-mus/17422-mus.mus', 'application/octet-stream' );
INSERT INTO files ( gid, file, mime ) VALUES ( '17422', 'http://www.gutenberg.org/files/17422/17422-pdf/17422-pdf.pdf', 'application/pdf' );
INSERT INTO files ( gid, file, mime ) VALUES ( '17422', 'http://www.gutenberg.org/files/17422/17422.txt', 'text/plain; charset=us-ascii' );
INSERT INTO files ( gid, file, mime ) VALUES ( '17422', 'http://www.gutenberg.org/files/17422/17422.zip', 'application/ziptext/plain; charset=us-ascii' );
INSERT INTO titles ( gid, title, author, language, rights ) VALUES ( '17322', 'History of Egypt, Chaldæa, Syria, Babylonia, and Assyria, Volume 2 (of 12)', 'Maspero, G. (Gaston)', 'en', 'Public domain in the USA.' );
INSERT INTO classifications ( gid, classification ) VALUES ( '17322', 'DS' );
INSERT INTO subjects ( gid, subject ) VALUES ( '17322', 'Middle East -- History' );
INSERT INTO subjects ( gid, subject ) VALUES ( '17322', 'History, Ancient' );
INSERT INTO subjects ( gid, subject ) VALUES ( '17322', 'Egypt -- History -- To 640 A.D.' );
INSERT INTO subjects ( gid, subject ) VALUES ( '17322', 'Civilization, Ancient' );
INSERT INTO files ( gid, file, mime ) VALUES ( '17322', 'http://www.gutenberg.org/2/8/8/7/28876/28876-h.zip', 'application/ziptext/html; charset=utf-8' );
INSERT INTO files ( gid, file, mime ) VALUES ( '17322', 'http://www.gutenberg.org/cache/epub/17322/pg17322.cover.medium.jpg', 'image/jpeg' );
INSERT INTO files ( gid, file, mime ) VALUES ( '17322', 'http://www.gutenberg.org/cache/epub/17322/pg17322.cover.small.jpg', 'image/jpeg' );
INSERT INTO files ( gid, file, mime ) VALUES ( '17322', 'http://www.gutenberg.org/ebooks/17322.epub.images', 'application/epub+zip' );
INSERT INTO files ( gid, file, mime ) VALUES ( '17322', 'http://www.gutenberg.org/ebooks/17322.epub.noimages', 'application/epub+zip' );
INSERT INTO files ( gid, file, mime ) VALUES ( '17322', 'http://www.gutenberg.org/ebooks/17322.kindle.images', 'application/x-mobipocket-ebook' );
INSERT INTO files ( gid, file, mime ) VALUES ( '17322', 'http://www.gutenberg.org/ebooks/17322.kindle.noimages', 'application/x-mobipocket-ebook' );
INSERT INTO files ( gid, file, mime ) VALUES ( '17322', 'http://www.gutenberg.org/ebooks/17322.rdf', 'application/rdf+xml' );
INSERT INTO files ( gid, file, mime ) VALUES ( '17322', 'http://www.gutenberg.org/files/17322/17322-0.txt', 'text/plain; charset=utf-8' );
INSERT INTO files ( gid, file, mime ) VALUES ( '17322', 'http://www.gutenberg.org/files/17322/17322-0.zip', 'text/plain; charset=utf-8application/zip' );
INSERT INTO files ( gid, file, mime ) VALUES ( '17322', 'http://www.gutenberg.org/files/17322/17322-8.txt', 'text/plain; charset=iso-8859-1' );
INSERT INTO files ( gid, file, mime ) VALUES ( '17322', 'http://www.gutenberg.org/files/17322/17322-8.zip', 'text/plain; charset=iso-8859-1application/zip' );
INSERT INTO files ( gid, file, mime ) VALUES ( '17322', 'http://www.gutenberg.org/files/17322/17322-h.zip', 'text/html; charset=utf-8application/zip' );
INSERT INTO files ( gid, file, mime ) VALUES ( '17322', 'http://www.gutenberg.org/files/17322/17322-h/17322-h.htm', 'text/html; charset=utf-8' );
INSERT INTO files ( gid, file, mime ) VALUES ( '17322', 'http://www.gutenberg.org/files/17322/17322.txt', 'text/plain; charset=us-ascii' );
INSERT INTO files ( gid, file, mime ) VALUES ( '17322', 'http://www.gutenberg.org/files/17322/17322.zip', 'text/plain; charset=us-asciiapplication/zip' );
INSERT INTO titles ( gid, title, author, language, rights ) VALUES ( '17522', 'Practical Essays', 'Bain, Alexander', 'en', 'Public domain in the USA.' );
INSERT INTO classifications ( gid, classification ) VALUES ( '17522', 'B' );
INSERT INTO subjects ( gid, subject ) VALUES ( '17522', 'Essays' );
INSERT INTO files ( gid, file, mime ) VALUES ( '17522', 'http://www.gutenberg.org/ebooks/17522.epub.images', 'application/epub+zip' );
INSERT INTO files ( gid, file, mime ) VALUES ( '17522', 'http://www.gutenberg.org/ebooks/17522.epub.noimages', 'application/epub+zip' );
INSERT INTO files ( gid, file, mime ) VALUES ( '17522', 'http://www.gutenberg.org/ebooks/17522.kindle.images', 'application/x-mobipocket-ebook' );
INSERT INTO files ( gid, file, mime ) VALUES ( '17522', 'http://www.gutenberg.org/ebooks/17522.kindle.noimages', 'application/x-mobipocket-ebook' );
INSERT INTO files ( gid, file, mime ) VALUES ( '17522', 'http://www.gutenberg.org/ebooks/17522.rdf', 'application/rdf+xml' );
INSERT INTO files ( gid, file, mime ) VALUES ( '17522', 'http://www.gutenberg.org/ebooks/17522.txt.utf-8', 'text/plain' );
INSERT INTO files ( gid, file, mime ) VALUES ( '17522', 'http://www.gutenberg.org/files/17522/17522-8.txt', 'text/plain; charset=iso-8859-1' );
INSERT INTO files ( gid, file, mime ) VALUES ( '17522', 'http://www.gutenberg.org/files/17522/17522-8.zip', 'application/ziptext/plain; charset=iso-8859-1' );
INSERT INTO files ( gid, file, mime ) VALUES ( '17522', 'http://www.gutenberg.org/files/17522/17522-h.zip', 'text/html; charset=iso-8859-1application/zip' );
INSERT INTO files ( gid, file, mime ) VALUES ( '17522', 'http://www.gutenberg.org/files/17522/17522-h/17522-h.htm', 'text/html; charset=iso-8859-1' );
INSERT INTO files ( gid, file, mime ) VALUES ( '17522', 'http://www.gutenberg.org/files/17522/17522.txt', 'text/plain; charset=us-ascii' );
INSERT INTO files ( gid, file, mime ) VALUES ( '17522', 'http://www.gutenberg.org/files/17522/17522.zip', 'text/plain; charset=us-asciiapplication/zip' );
INSERT INTO titles ( gid, title, author, language, rights ) VALUES ( '17622', 'Knulp: Drei Geschichten aus dem Leben Knulps', 'Hesse, Hermann', 'de', 'Public domain in the USA.' );
INSERT INTO classifications ( gid, classification ) VALUES ( '17622', 'PT' );
INSERT INTO subjects ( gid, subject ) VALUES ( '17622', 'Travelers -- Fiction' );
INSERT INTO subjects ( gid, subject ) VALUES ( '17622', 'Short stories' );
INSERT INTO subjects ( gid, subject ) VALUES ( '17622', 'Black Forest (Baden-Württemberg, Germany) -- Fiction' );
INSERT INTO files ( gid, file, mime ) VALUES ( '17622', 'http://www.gutenberg.org/ebooks/17622.epub.images', 'application/epub+zip' );
INSERT INTO files ( gid, file, mime ) VALUES ( '17622', 'http://www.gutenberg.org/ebooks/17622.epub.noimages', 'application/epub+zip' );
INSERT INTO files ( gid, file, mime ) VALUES ( '17622', 'http://www.gutenberg.org/ebooks/17622.kindle.images', 'application/x-mobipocket-ebook' );
INSERT INTO files ( gid, file, mime ) VALUES ( '17622', 'http://www.gutenberg.org/ebooks/17622.kindle.noimages', 'application/x-mobipocket-ebook' );
INSERT INTO files ( gid, file, mime ) VALUES ( '17622', 'http://www.gutenberg.org/ebooks/17622.rdf', 'application/rdf+xml' );
INSERT INTO files ( gid, file, mime ) VALUES ( '17622', 'http://www.gutenberg.org/files/17622/17622-0.txt', 'text/plain; charset=utf-8' );
INSERT INTO files ( gid, file, mime ) VALUES ( '17622', 'http://www.gutenberg.org/files/17622/17622-0.zip', 'application/ziptext/plain; charset=utf-8' );
INSERT INTO files ( gid, file, mime ) VALUES ( '17622', 'http://www.gutenberg.org/files/17622/17622-8.txt', 'text/plain; charset=iso-8859-1' );
INSERT INTO files ( gid, file, mime ) VALUES ( '17622', 'http://www.gutenberg.org/files/17622/17622-8.zip', 'application/ziptext/plain; charset=iso-8859-1' );
INSERT INTO files ( gid, file, mime ) VALUES ( '17622', 'http://www.gutenberg.org/files/17622/17622-h.zip', 'text/htmlapplication/zip' );
INSERT INTO files ( gid, file, mime ) VALUES ( '17622', 'http://www.gutenberg.org/files/17622/17622-h/17622-h.htm', 'text/html' );
INSERT INTO titles ( gid, title, author, language, rights ) VALUES ( '17722', 'The Bay State Monthly, Volume 3, No. 2', 'Various', 'en', 'Public domain in the USA.' );
INSERT INTO classifications ( gid, classification ) VALUES ( '17722', 'AP' );
INSERT INTO subjects ( gid, subject ) VALUES ( '17722', 'New England -- Periodicals' );
INSERT INTO subjects ( gid, subject ) VALUES ( '17722', 'Massachusetts -- Periodicals' );
INSERT INTO files ( gid, file, mime ) VALUES ( '17722', 'http://www.gutenberg.org/ebooks/17722.epub.images', 'application/epub+zip' );
INSERT INTO files ( gid, file, mime ) VALUES ( '17722', 'http://www.gutenberg.org/ebooks/17722.epub.noimages', 'application/epub+zip' );
INSERT INTO files ( gid, file, mime ) VALUES ( '17722', 'http://www.gutenberg.org/ebooks/17722.kindle.images', 'application/x-mobipocket-ebook' );
INSERT INTO files ( gid, file, mime ) VALUES ( '17722', 'http://www.gutenberg.org/ebooks/17722.kindle.noimages', 'application/x-mobipocket-ebook' );
INSERT INTO files ( gid, file, mime ) VALUES ( '17722', 'http://www.gutenberg.org/ebooks/17722.rdf', 'application/rdf+xml' );
INSERT INTO files ( gid, file, mime ) VALUES ( '17722', 'http://www.gutenberg.org/ebooks/17722.txt.utf-8', 'text/plain' );
INSERT INTO files ( gid, file, mime ) VALUES ( '17722', 'http://www.gutenberg.org/files/17722/17722-8.txt', 'text/plain; charset=iso-8859-1' );
INSERT INTO files ( gid, file, mime ) VALUES ( '17722', 'http://www.gutenberg.org/files/17722/17722-8.zip', 'application/ziptext/plain; charset=iso-8859-1' );
INSERT INTO files ( gid, file, mime ) VALUES ( '17722', 'http://www.gutenberg.org/files/17722/17722-h.zip', 'application/ziptext/html; charset=iso-8859-1' );
INSERT INTO files ( gid, file, mime ) VALUES ( '17722', 'http://www.gutenberg.org/files/17722/17722-h/17722-h.htm', 'text/html; charset=iso-8859-1' );
INSERT INTO files ( gid, file, mime ) VALUES ( '17722', 'http://www.gutenberg.org/files/17722/17722.txt', 'text/plain; charset=us-ascii' );
INSERT INTO files ( gid, file, mime ) VALUES ( '17722', 'http://www.gutenberg.org/files/17722/17722.zip', 'text/plain; charset=us-asciiapplication/zip' );
INSERT INTO titles ( gid, title, author, language, rights ) VALUES ( '17822', 'Prometheus ontboeid: Een lyrisch drama in vier bedrijven', 'Shelley, Percy Bysshe', 'nl', 'Public domain in the USA.' );
INSERT INTO classifications ( gid, classification ) VALUES ( '17822', 'PR' );
INSERT INTO subjects ( gid, subject ) VALUES ( '17822', 'Prometheus (Greek deity) -- Drama' );
INSERT INTO files ( gid, file, mime ) VALUES ( '17822', 'http://www.gutenberg.org/cache/epub/17822/pg17822.cover.medium.jpg', 'image/jpeg' );
INSERT INTO files ( gid, file, mime ) VALUES ( '17822', 'http://www.gutenberg.org/cache/epub/17822/pg17822.cover.small.jpg', 'image/jpeg' );
INSERT INTO files ( gid, file, mime ) VALUES ( '17822', 'http://www.gutenberg.org/ebooks/17822.epub.images', 'application/epub+zip' );
INSERT INTO files ( gid, file, mime ) VALUES ( '17822', 'http://www.gutenberg.org/ebooks/17822.epub.noimages', 'application/epub+zip' );
INSERT INTO files ( gid, file, mime ) VALUES ( '17822', 'http://www.gutenberg.org/ebooks/17822.kindle.images', 'application/x-mobipocket-ebook' );
INSERT INTO files ( gid, file, mime ) VALUES ( '17822', 'http://www.gutenberg.org/ebooks/17822.kindle.noimages', 'application/x-mobipocket-ebook' );
INSERT INTO files ( gid, file, mime ) VALUES ( '17822', 'http://www.gutenberg.org/ebooks/17822.rdf', 'application/rdf+xml' );
INSERT INTO files ( gid, file, mime ) VALUES ( '17822', 'http://www.gutenberg.org/ebooks/17822.txt.utf-8', 'text/plain' );
INSERT INTO files ( gid, file, mime ) VALUES ( '17822', 'http://www.gutenberg.org/files/17822/17822-8.txt', 'text/plain; charset=iso-8859-1' );
INSERT INTO files ( gid, file, mime ) VALUES ( '17822', 'http://www.gutenberg.org/files/17822/17822-8.zip', 'text/plain; charset=iso-8859-1application/zip' );
INSERT INTO files ( gid, file, mime ) VALUES ( '17822', 'http://www.gutenberg.org/files/17822/17822-h.zip', 'text/html; charset=iso-8859-1application/zip' );
INSERT INTO files ( gid, file, mime ) VALUES ( '17822', 'http://www.gutenberg.org/files/17822/17822-h/17822-h.htm', 'text/html; charset=iso-8859-1' );
INSERT INTO titles ( gid, title, author, language, rights ) VALUES ( '17922', 'Visionaries', 'Huneker, James', 'en', 'Public domain in the USA.' );
INSERT INTO classifications ( gid, classification ) VALUES ( '17922', 'PS' );
INSERT INTO subjects ( gid, subject ) VALUES ( '17922', 'Short stories' );
INSERT INTO files ( gid, file, mime ) VALUES ( '17922', 'http://www.gutenberg.org/ebooks/17922.epub.images', 'application/epub+zip' );
INSERT INTO files ( gid, file, mime ) VALUES ( '17922', 'http://www.gutenberg.org/ebooks/17922.epub.noimages', 'application/epub+zip' );
INSERT INTO files ( gid, file, mime ) VALUES ( '17922', 'http://www.gutenberg.org/ebooks/17922.kindle.images', 'application/x-mobipocket-ebook' );
INSERT INTO files ( gid, file, mime ) VALUES ( '17922', 'http://www.gutenberg.org/ebooks/17922.kindle.noimages', 'application/x-mobipocket-ebook' );
INSERT INTO files ( gid, file, mime ) VALUES ( '17922', 'http://www.gutenberg.org/ebooks/17922.rdf', 'application/rdf+xml' );
INSERT INTO files ( gid, file, mime ) VALUES ( '17922', 'http://www.gutenberg.org/files/17922/17922-0.txt', 'text/plain; charset=utf-8' );
INSERT INTO files ( gid, file, mime ) VALUES ( '17922', 'http://www.gutenberg.org/files/17922/17922-0.zip', 'text/plain; charset=utf-8application/zip' );
INSERT INTO files ( gid, file, mime ) VALUES ( '17922', 'http://www.gutenberg.org/files/17922/17922-8.txt', 'text/plain; charset=iso-8859-1' );
INSERT INTO files ( gid, file, mime ) VALUES ( '17922', 'http://www.gutenberg.org/files/17922/17922-8.zip', 'text/plain; charset=iso-8859-1application/zip' );
INSERT INTO files ( gid, file, mime ) VALUES ( '17922', 'http://www.gutenberg.org/files/17922/17922-h.zip', 'text/html; charset=iso-8859-1application/zip' );
INSERT INTO files ( gid, file, mime ) VALUES ( '17922', 'http://www.gutenberg.org/files/17922/17922-h/17922-h.htm', 'text/html; charset=iso-8859-1' );
INSERT INTO files ( gid, file, mime ) VALUES ( '17922', 'http://www.gutenberg.org/files/17922/17922.txt', 'text/plain; charset=us-ascii' );
INSERT INTO files ( gid, file, mime ) VALUES ( '17922', 'http://www.gutenberg.org/files/17922/17922.zip', 'application/ziptext/plain; charset=us-ascii' );
INSERT INTO titles ( gid, title, author, language, rights ) VALUES ( '18022', 'Betty at Fort Blizzard', 'Seawell, Molly Elliot', 'en', 'Public domain in the USA.' );
INSERT INTO classifications ( gid, classification ) VALUES ( '18022', 'PS' );
INSERT INTO subjects ( gid, subject ) VALUES ( '18022', 'Fiction' );
INSERT INTO files ( gid, file, mime ) VALUES ( '18022', 'http://www.gutenberg.org/ebooks/18022.epub.images', 'application/epub+zip' );
INSERT INTO files ( gid, file, mime ) VALUES ( '18022', 'http://www.gutenberg.org/ebooks/18022.epub.noimages', 'application/epub+zip' );
INSERT INTO files ( gid, file, mime ) VALUES ( '18022', 'http://www.gutenberg.org/ebooks/18022.kindle.images', 'application/x-mobipocket-ebook' );
INSERT INTO files ( gid, file, mime ) VALUES ( '18022', 'http://www.gutenberg.org/ebooks/18022.kindle.noimages', 'application/x-mobipocket-ebook' );
INSERT INTO files ( gid, file, mime ) VALUES ( '18022', 'http://www.gutenberg.org/ebooks/18022.rdf', 'application/rdf+xml' );
INSERT INTO files ( gid, file, mime ) VALUES ( '18022', 'http://www.gutenberg.org/ebooks/18022.txt.utf-8', 'text/plain' );
INSERT INTO files ( gid, file, mime ) VALUES ( '18022', 'http://www.gutenberg.org/files/18022/18022-8.txt', 'text/plain; charset=iso-8859-1' );
INSERT INTO files ( gid, file, mime ) VALUES ( '18022', 'http://www.gutenberg.org/files/18022/18022-8.zip', 'application/ziptext/plain; charset=iso-8859-1' );
INSERT INTO files ( gid, file, mime ) VALUES ( '18022', 'http://www.gutenberg.org/files/18022/18022-h.zip', 'application/ziptext/html; charset=iso-8859-1' );
INSERT INTO files ( gid, file, mime ) VALUES ( '18022', 'http://www.gutenberg.org/files/18022/18022-h/18022-h.htm', 'text/html; charset=iso-8859-1' );
INSERT INTO files ( gid, file, mime ) VALUES ( '18022', 'http://www.gutenberg.org/files/18022/18022.txt', 'text/plain; charset=us-ascii' );
INSERT INTO files ( gid, file, mime ) VALUES ( '18022', 'http://www.gutenberg.org/files/18022/18022.zip', 'application/ziptext/plain; charset=us-ascii' );
INSERT INTO titles ( gid, title, author, language, rights ) VALUES ( '18222', 'The Religion of Numa And Other Essays on the Religion of Ancient Rome', 'Carter, Jesse Benedict', 'en', 'Public domain in the USA.' );
INSERT INTO classifications ( gid, classification ) VALUES ( '18222', 'BL' );
INSERT INTO subjects ( gid, subject ) VALUES ( '18222', 'Rome -- Religion' );
INSERT INTO subjects ( gid, subject ) VALUES ( '18222', 'Augustus, Emperor of Rome, 63 B.C.-14 A.D. -- Religion' );
INSERT INTO subjects ( gid, subject ) VALUES ( '18222', 'Numa Pompilius, King of Rome, fl. 715-673 B.C. -- Religion' );
INSERT INTO files ( gid, file, mime ) VALUES ( '18222', 'http://www.gutenberg.org/ebooks/18222.epub.images', 'application/epub+zip' );
INSERT INTO files ( gid, file, mime ) VALUES ( '18222', 'http://www.gutenberg.org/ebooks/18222.epub.noimages', 'application/epub+zip' );
INSERT INTO files ( gid, file, mime ) VALUES ( '18222', 'http://www.gutenberg.org/ebooks/18222.kindle.images', 'application/x-mobipocket-ebook' );
INSERT INTO files ( gid, file, mime ) VALUES ( '18222', 'http://www.gutenberg.org/ebooks/18222.kindle.noimages', 'application/x-mobipocket-ebook' );
INSERT INTO files ( gid, file, mime ) VALUES ( '18222', 'http://www.gutenberg.org/ebooks/18222.rdf', 'application/rdf+xml' );
INSERT INTO files ( gid, file, mime ) VALUES ( '18222', 'http://www.gutenberg.org/ebooks/18222.txt.utf-8', 'text/plain' );
INSERT INTO files ( gid, file, mime ) VALUES ( '18222', 'http://www.gutenberg.org/files/18222/18222-8.txt', 'text/plain; charset=iso-8859-1' );
INSERT INTO files ( gid, file, mime ) VALUES ( '18222', 'http://www.gutenberg.org/files/18222/18222-8.zip', 'text/plain; charset=iso-8859-1application/zip' );
INSERT INTO files ( gid, file, mime ) VALUES ( '18222', 'http://www.gutenberg.org/files/18222/18222-h.zip', 'application/ziptext/html; charset=iso-8859-1' );
INSERT INTO files ( gid, file, mime ) VALUES ( '18222', 'http://www.gutenberg.org/files/18222/18222-h/18222-h.htm', 'text/html; charset=iso-8859-1' );
INSERT INTO files ( gid, file, mime ) VALUES ( '18222', 'http://www.gutenberg.org/files/18222/18222.txt', 'text/plain; charset=us-ascii' );
INSERT INTO files ( gid, file, mime ) VALUES ( '18222', 'http://www.gutenberg.org/files/18222/18222.zip', 'application/ziptext/plain; charset=us-ascii' );
INSERT INTO titles ( gid, title, author, language, rights ) VALUES ( '18122', 'A Canadian Heroine, Volume 2 A Novel', 'Coghill, Harry, Mrs.', 'en', 'Public domain in the USA.' );
INSERT INTO classifications ( gid, classification ) VALUES ( '18122', 'PR' );
INSERT INTO subjects ( gid, subject ) VALUES ( '18122', 'Canada -- Fiction' );
INSERT INTO subjects ( gid, subject ) VALUES ( '18122', 'Courtship -- Fiction' );
INSERT INTO subjects ( gid, subject ) VALUES ( '18122', 'Young women -- Fiction' );
INSERT INTO files ( gid, file, mime ) VALUES ( '18122', 'http://www.gutenberg.org/ebooks/18122.epub.images', 'application/epub+zip' );
INSERT INTO files ( gid, file, mime ) VALUES ( '18122', 'http://www.gutenberg.org/ebooks/18122.epub.noimages', 'application/epub+zip' );
INSERT INTO files ( gid, file, mime ) VALUES ( '18122', 'http://www.gutenberg.org/ebooks/18122.kindle.images', 'application/x-mobipocket-ebook' );
INSERT INTO files ( gid, file, mime ) VALUES ( '18122', 'http://www.gutenberg.org/ebooks/18122.kindle.noimages', 'application/x-mobipocket-ebook' );
INSERT INTO files ( gid, file, mime ) VALUES ( '18122', 'http://www.gutenberg.org/ebooks/18122.rdf', 'application/rdf+xml' );
INSERT INTO files ( gid, file, mime ) VALUES ( '18122', 'http://www.gutenberg.org/ebooks/18122.txt.utf-8', 'text/plain' );
INSERT INTO files ( gid, file, mime ) VALUES ( '18122', 'http://www.gutenberg.org/files/18122/18122-8.txt', 'text/plain; charset=iso-8859-1' );
INSERT INTO files ( gid, file, mime ) VALUES ( '18122', 'http://www.gutenberg.org/files/18122/18122-8.zip', 'application/ziptext/plain; charset=iso-8859-1' );
INSERT INTO files ( gid, file, mime ) VALUES ( '18122', 'http://www.gutenberg.org/files/18122/18122-h.zip', 'application/ziptext/html; charset=iso-8859-1' );
INSERT INTO files ( gid, file, mime ) VALUES ( '18122', 'http://www.gutenberg.org/files/18122/18122-h/18122-h.htm', 'text/html; charset=iso-8859-1' );
INSERT INTO files ( gid, file, mime ) VALUES ( '18122', 'http://www.gutenberg.org/files/18122/18122.txt', 'text/plain; charset=us-ascii' );
INSERT INTO files ( gid, file, mime ) VALUES ( '18122', 'http://www.gutenberg.org/files/18122/18122.zip', 'text/plain; charset=us-asciiapplication/zip' );
INSERT INTO titles ( gid, title, author, language, rights ) VALUES ( '1822', 'The Amateur', 'Davis, Richard Harding', 'en', 'Public domain in the USA.' );
INSERT INTO classifications ( gid, classification ) VALUES ( '1822', 'PS' );
INSERT INTO subjects ( gid, subject ) VALUES ( '1822', 'Fiction' );
INSERT INTO subjects ( gid, subject ) VALUES ( '1822', 'Short stories' );
INSERT INTO files ( gid, file, mime ) VALUES ( '1822', 'http://www.gutenberg.org/ebooks/1822.epub.images', 'application/epub+zip' );
INSERT INTO files ( gid, file, mime ) VALUES ( '1822', 'http://www.gutenberg.org/ebooks/1822.epub.noimages', 'application/epub+zip' );
INSERT INTO files ( gid, file, mime ) VALUES ( '1822', 'http://www.gutenberg.org/ebooks/1822.kindle.images', 'application/x-mobipocket-ebook' );
INSERT INTO files ( gid, file, mime ) VALUES ( '1822', 'http://www.gutenberg.org/ebooks/1822.kindle.noimages', 'application/x-mobipocket-ebook' );
INSERT INTO files ( gid, file, mime ) VALUES ( '1822', 'http://www.gutenberg.org/ebooks/1822.rdf', 'application/rdf+xml' );
INSERT INTO files ( gid, file, mime ) VALUES ( '1822', 'http://www.gutenberg.org/files/1822/1822-0.txt', 'text/plain; charset=utf-8' );
INSERT INTO files ( gid, file, mime ) VALUES ( '1822', 'http://www.gutenberg.org/files/1822/1822-0.zip', 'application/ziptext/plain; charset=utf-8' );
INSERT INTO files ( gid, file, mime ) VALUES ( '1822', 'http://www.gutenberg.org/files/1822/1822-h.zip', 'text/html; charset=utf-8application/zip' );
INSERT INTO files ( gid, file, mime ) VALUES ( '1822', 'http://www.gutenberg.org/files/1822/1822-h/1822-h.htm', 'text/html; charset=utf-8' );
INSERT INTO files ( gid, file, mime ) VALUES ( '1822', 'http://www.gutenberg.org/files/1822/1822.txt', 'text/plain; charset=us-ascii' );
INSERT INTO files ( gid, file, mime ) VALUES ( '1822', 'http://www.gutenberg.org/files/1822/1822.zip', 'text/plain; charset=us-asciiapplication/zip' );
INSERT INTO titles ( gid, title, author, language, rights ) VALUES ( '18322', 'Daniel Hjort: Murhenäytelmä viidessä näytöksessä ja neljässä kuvaelmassa', 'Wecksell, J. J. (Josef Julius)', 'fi', 'Public domain in the USA.' );
INSERT INTO classifications ( gid, classification ) VALUES ( '18322', 'PT' );
INSERT INTO subjects ( gid, subject ) VALUES ( '18322', 'Hjort, Daniel Theodori, -1615 -- Drama' );
INSERT INTO files ( gid, file, mime ) VALUES ( '18322', 'http://www.gutenberg.org/ebooks/18322.epub.images', 'application/epub+zip' );
INSERT INTO files ( gid, file, mime ) VALUES ( '18322', 'http://www.gutenberg.org/ebooks/18322.epub.noimages', 'application/epub+zip' );
INSERT INTO files ( gid, file, mime ) VALUES ( '18322', 'http://www.gutenberg.org/ebooks/18322.html.images', 'text/html' );
INSERT INTO files ( gid, file, mime ) VALUES ( '18322', 'http://www.gutenberg.org/ebooks/18322.html.noimages', 'text/html' );
INSERT INTO files ( gid, file, mime ) VALUES ( '18322', 'http://www.gutenberg.org/ebooks/18322.kindle.images', 'application/x-mobipocket-ebook' );
INSERT INTO files ( gid, file, mime ) VALUES ( '18322', 'http://www.gutenberg.org/ebooks/18322.kindle.noimages', 'application/x-mobipocket-ebook' );
INSERT INTO files ( gid, file, mime ) VALUES ( '18322', 'http://www.gutenberg.org/ebooks/18322.rdf', 'application/rdf+xml' );
INSERT INTO files ( gid, file, mime ) VALUES ( '18322', 'http://www.gutenberg.org/ebooks/18322.txt.utf-8', 'text/plain' );
INSERT INTO files ( gid, file, mime ) VALUES ( '18322', 'http://www.gutenberg.org/files/18322/18322-8.txt', 'text/plain; charset=iso-8859-1' );
INSERT INTO files ( gid, file, mime ) VALUES ( '18322', 'http://www.gutenberg.org/files/18322/18322-8.zip', 'application/ziptext/plain; charset=iso-8859-1' );
INSERT INTO titles ( gid, title, author, language, rights ) VALUES ( '59322', 'A Life of Napoleon Bonaparte With a Sketch of Josephine, Empress of the French. Illustrated from the Collection Of Napoleon Engravings Made by the Late Hon. G. G. Hubbard, and Now Owned by the Congressional Library, Washington, D. C., Supplemented by Pictures from the Best French Collections....', 'Tarbell, Ida M. (Ida Minerva)', 'en', 'Public domain in the USA.' );
INSERT INTO files ( gid, file, mime ) VALUES ( '59322', 'http://www.gutenberg.org/cache/epub/59322/pg59322.cover.medium.jpg', 'image/jpeg' );
INSERT INTO files ( gid, file, mime ) VALUES ( '59322', 'http://www.gutenberg.org/cache/epub/59322/pg59322.cover.small.jpg', 'image/jpeg' );
INSERT INTO files ( gid, file, mime ) VALUES ( '59322', 'http://www.gutenberg.org/ebooks/59322.epub.images', 'application/epub+zip' );
INSERT INTO files ( gid, file, mime ) VALUES ( '59322', 'http://www.gutenberg.org/ebooks/59322.epub.noimages', 'application/epub+zip' );
INSERT INTO files ( gid, file, mime ) VALUES ( '59322', 'http://www.gutenberg.org/ebooks/59322.kindle.images', 'application/x-mobipocket-ebook' );
INSERT INTO files ( gid, file, mime ) VALUES ( '59322', 'http://www.gutenberg.org/ebooks/59322.kindle.noimages', 'application/x-mobipocket-ebook' );
INSERT INTO files ( gid, file, mime ) VALUES ( '59322', 'http://www.gutenberg.org/ebooks/59322.rdf', 'application/rdf+xml' );
INSERT INTO files ( gid, file, mime ) VALUES ( '59322', 'http://www.gutenberg.org/files/59322/59322-0.txt', 'text/plain; charset=utf-8' );
INSERT INTO files ( gid, file, mime ) VALUES ( '59322', 'http://www.gutenberg.org/files/59322/59322-0.zip', 'text/plain; charset=utf-8application/zip' );
INSERT INTO files ( gid, file, mime ) VALUES ( '59322', 'http://www.gutenberg.org/files/59322/59322-h.zip', 'text/htmlapplication/zip' );
INSERT INTO files ( gid, file, mime ) VALUES ( '59322', 'http://www.gutenberg.org/files/59322/59322-h/59322-h.htm', 'text/html' );
INSERT INTO titles ( gid, title, author, language, rights ) VALUES ( '6022', 'Stories by Foreign Authors: German — Volume 2', '', 'en', 'Public domain in the USA.' );
INSERT INTO classifications ( gid, classification ) VALUES ( '6022', 'PT' );
INSERT INTO subjects ( gid, subject ) VALUES ( '6022', 'Short stories, German -- Translations into English' );
INSERT INTO files ( gid, file, mime ) VALUES ( '6022', 'http://www.gutenberg.org/ebooks/6022.epub.images', 'application/epub+zip' );
INSERT INTO files ( gid, file, mime ) VALUES ( '6022', 'http://www.gutenberg.org/ebooks/6022.epub.noimages', 'application/epub+zip' );
INSERT INTO files ( gid, file, mime ) VALUES ( '6022', 'http://www.gutenberg.org/ebooks/6022.html.images', 'text/html' );
INSERT INTO files ( gid, file, mime ) VALUES ( '6022', 'http://www.gutenberg.org/ebooks/6022.html.noimages', 'text/html' );
INSERT INTO files ( gid, file, mime ) VALUES ( '6022', 'http://www.gutenberg.org/ebooks/6022.kindle.images', 'application/x-mobipocket-ebook' );
INSERT INTO files ( gid, file, mime ) VALUES ( '6022', 'http://www.gutenberg.org/ebooks/6022.kindle.noimages', 'application/x-mobipocket-ebook' );
INSERT INTO files ( gid, file, mime ) VALUES ( '6022', 'http://www.gutenberg.org/ebooks/6022.rdf', 'application/rdf+xml' );
INSERT INTO files ( gid, file, mime ) VALUES ( '6022', 'http://www.gutenberg.org/ebooks/6022.txt.utf-8', 'text/plain' );
INSERT INTO files ( gid, file, mime ) VALUES ( '6022', 'http://www.gutenberg.org/files/6022/6022.txt', 'text/plain; charset=us-ascii' );
INSERT INTO files ( gid, file, mime ) VALUES ( '6022', 'http://www.gutenberg.org/files/6022/6022.zip', 'text/plain; charset=us-asciiapplication/zip' );
INSERT INTO titles ( gid, title, author, language, rights ) VALUES ( '6122', 'Tobogganing on Parnassus', 'Adams, Franklin P. (Franklin Pierce)', 'en', 'Public domain in the USA.' );
INSERT INTO classifications ( gid, classification ) VALUES ( '6122', 'PS' );
INSERT INTO subjects ( gid, subject ) VALUES ( '6122', 'Humorous poetry, American' );
INSERT INTO files ( gid, file, mime ) VALUES ( '6122', 'http://www.gutenberg.org/ebooks/6122.epub.images', 'application/epub+zip' );
INSERT INTO files ( gid, file, mime ) VALUES ( '6122', 'http://www.gutenberg.org/ebooks/6122.epub.noimages', 'application/epub+zip' );
INSERT INTO files ( gid, file, mime ) VALUES ( '6122', 'http://www.gutenberg.org/ebooks/6122.html.images', 'text/html' );
INSERT INTO files ( gid, file, mime ) VALUES ( '6122', 'http://www.gutenberg.org/ebooks/6122.html.noimages', 'text/html' );
INSERT INTO files ( gid, file, mime ) VALUES ( '6122', 'http://www.gutenberg.org/ebooks/6122.kindle.images', 'application/x-mobipocket-ebook' );
INSERT INTO files ( gid, file, mime ) VALUES ( '6122', 'http://www.gutenberg.org/ebooks/6122.kindle.noimages', 'application/x-mobipocket-ebook' );
INSERT INTO files ( gid, file, mime ) VALUES ( '6122', 'http://www.gutenberg.org/ebooks/6122.rdf', 'application/rdf+xml' );
INSERT INTO files ( gid, file, mime ) VALUES ( '6122', 'http://www.gutenberg.org/ebooks/6122.txt.utf-8', 'text/plain' );
INSERT INTO files ( gid, file, mime ) VALUES ( '6122', 'http://www.gutenberg.org/files/6122/6122.txt', 'text/plain; charset=us-ascii' );
INSERT INTO files ( gid, file, mime ) VALUES ( '6122', 'http://www.gutenberg.org/files/6122/6122.zip', 'text/plain; charset=us-asciiapplication/zip' );
INSERT INTO titles ( gid, title, author, language, rights ) VALUES ( '6222', 'The Trespasser, Complete', 'Parker, Gilbert', 'en', 'Public domain in the USA.' );
INSERT INTO classifications ( gid, classification ) VALUES ( '6222', 'PS' );
INSERT INTO subjects ( gid, subject ) VALUES ( '6222', 'Canadian fiction' );
INSERT INTO files ( gid, file, mime ) VALUES ( '6222', 'http://www.gutenberg.org/ebooks/6222.epub.images', 'application/epub+zip' );
INSERT INTO files ( gid, file, mime ) VALUES ( '6222', 'http://www.gutenberg.org/ebooks/6222.epub.noimages', 'application/epub+zip' );
INSERT INTO files ( gid, file, mime ) VALUES ( '6222', 'http://www.gutenberg.org/ebooks/6222.kindle.images', 'application/x-mobipocket-ebook' );
INSERT INTO files ( gid, file, mime ) VALUES ( '6222', 'http://www.gutenberg.org/ebooks/6222.kindle.noimages', 'application/x-mobipocket-ebook' );
INSERT INTO files ( gid, file, mime ) VALUES ( '6222', 'http://www.gutenberg.org/ebooks/6222.rdf', 'application/rdf+xml' );
INSERT INTO files ( gid, file, mime ) VALUES ( '6222', 'http://www.gutenberg.org/files/6222/6222-0.txt', 'text/plain; charset=utf-8' );
INSERT INTO files ( gid, file, mime ) VALUES ( '6222', 'http://www.gutenberg.org/files/6222/6222-0.zip', 'text/plain; charset=utf-8application/zip' );
INSERT INTO files ( gid, file, mime ) VALUES ( '6222', 'http://www.gutenberg.org/files/6222/6222-h.zip', 'application/ziptext/html; charset=utf-8' );
INSERT INTO files ( gid, file, mime ) VALUES ( '6222', 'http://www.gutenberg.org/files/6222/6222-h/6222-h.htm', 'text/html; charset=utf-8' );
INSERT INTO files ( gid, file, mime ) VALUES ( '6222', 'http://www.gutenberg.org/files/6222/6222.txt', 'text/plain; charset=us-ascii' );
INSERT INTO files ( gid, file, mime ) VALUES ( '6222', 'http://www.gutenberg.org/files/6222/6222.zip', 'application/ziptext/plain; charset=us-ascii' );
INSERT INTO titles ( gid, title, author, language, rights ) VALUES ( '622', 'The Letters of Robert Louis Stevenson — Volume 1', 'Stevenson, Robert Louis', 'en', 'Public domain in the USA.' );
INSERT INTO classifications ( gid, classification ) VALUES ( '622', 'PR' );
INSERT INTO subjects ( gid, subject ) VALUES ( '622', 'Authors, Scottish -- 19th century -- Correspondence' );
INSERT INTO subjects ( gid, subject ) VALUES ( '622', 'Stevenson, Robert Louis, 1850-1894 -- Correspondence' );
INSERT INTO files ( gid, file, mime ) VALUES ( '622', 'http://www.gutenberg.org/dirs/etext96/rlsl110.txt', 'text/plain' );
INSERT INTO files ( gid, file, mime ) VALUES ( '622', 'http://www.gutenberg.org/dirs/etext96/rlsl110.zip', 'text/plainapplication/zip' );
INSERT INTO files ( gid, file, mime ) VALUES ( '622', 'http://www.gutenberg.org/ebooks/622.epub.images', 'application/epub+zip' );
INSERT INTO files ( gid, file, mime ) VALUES ( '622', 'http://www.gutenberg.org/ebooks/622.epub.noimages', 'application/epub+zip' );
INSERT INTO files ( gid, file, mime ) VALUES ( '622', 'http://www.gutenberg.org/ebooks/622.html.images', 'text/html' );
INSERT INTO files ( gid, file, mime ) VALUES ( '622', 'http://www.gutenberg.org/ebooks/622.html.noimages', 'text/html' );
INSERT INTO files ( gid, file, mime ) VALUES ( '622', 'http://www.gutenberg.org/ebooks/622.kindle.images', 'application/x-mobipocket-ebook' );
INSERT INTO files ( gid, file, mime ) VALUES ( '622', 'http://www.gutenberg.org/ebooks/622.kindle.noimages', 'application/x-mobipocket-ebook' );
INSERT INTO files ( gid, file, mime ) VALUES ( '622', 'http://www.gutenberg.org/ebooks/622.rdf', 'application/rdf+xml' );
INSERT INTO files ( gid, file, mime ) VALUES ( '622', 'http://www.gutenberg.org/ebooks/622.txt.utf-8', 'text/plain' );
INSERT INTO titles ( gid, title, author, language, rights ) VALUES ( '6322', 'Personal Narrative of Travels to the Equinoctial Regions of America, During the Year 1799-1804 — Volume 1', 'Bonpland, Aimé', 'en', 'Public domain in the USA.' );
INSERT INTO classifications ( gid, classification ) VALUES ( '6322', 'QE' );
INSERT INTO classifications ( gid, classification ) VALUES ( '6322', 'G' );
INSERT INTO classifications ( gid, classification ) VALUES ( '6322', 'QH' );
INSERT INTO subjects ( gid, subject ) VALUES ( '6322', 'F2301' );
INSERT INTO subjects ( gid, subject ) VALUES ( '6322', 'Humboldt, Alexander von, 1769-1859 -- Travel -- South America' );
INSERT INTO subjects ( gid, subject ) VALUES ( '6322', 'Natural history -- South America' );
INSERT INTO subjects ( gid, subject ) VALUES ( '6322', 'Voyages and travels' );
INSERT INTO subjects ( gid, subject ) VALUES ( '6322', 'F2201' );
INSERT INTO subjects ( gid, subject ) VALUES ( '6322', 'Scientific expeditions' );
INSERT INTO subjects ( gid, subject ) VALUES ( '6322', 'South America -- Description and travel' );
INSERT INTO files ( gid, file, mime ) VALUES ( '6322', 'http://www.gutenberg.org/ebooks/6322.epub.images', 'application/epub+zip' );
INSERT INTO files ( gid, file, mime ) VALUES ( '6322', 'http://www.gutenberg.org/ebooks/6322.epub.noimages', 'application/epub+zip' );
INSERT INTO files ( gid, file, mime ) VALUES ( '6322', 'http://www.gutenberg.org/ebooks/6322.html.images', 'text/html' );
INSERT INTO files ( gid, file, mime ) VALUES ( '6322', 'http://www.gutenberg.org/ebooks/6322.html.noimages', 'text/html' );
INSERT INTO files ( gid, file, mime ) VALUES ( '6322', 'http://www.gutenberg.org/ebooks/6322.kindle.images', 'application/x-mobipocket-ebook' );
INSERT INTO files ( gid, file, mime ) VALUES ( '6322', 'http://www.gutenberg.org/ebooks/6322.kindle.noimages', 'application/x-mobipocket-ebook' );
INSERT INTO files ( gid, file, mime ) VALUES ( '6322', 'http://www.gutenberg.org/ebooks/6322.rdf', 'application/rdf+xml' );
INSERT INTO files ( gid, file, mime ) VALUES ( '6322', 'http://www.gutenberg.org/ebooks/6322.txt.utf-8', 'text/plain' );
INSERT INTO files ( gid, file, mime ) VALUES ( '6322', 'http://www.gutenberg.org/files/6322/6322.txt', 'text/plain; charset=us-ascii' );
INSERT INTO files ( gid, file, mime ) VALUES ( '6322', 'http://www.gutenberg.org/files/6322/6322.zip', 'application/ziptext/plain; charset=us-ascii' );
INSERT INTO titles ( gid, title, author, language, rights ) VALUES ( '6422', 'The Life, Adventures & Piracies of the Famous Captain Singleton', 'Defoe, Daniel', 'en', 'Public domain in the USA.' );
INSERT INTO classifications ( gid, classification ) VALUES ( '6422', 'PR' );
INSERT INTO subjects ( gid, subject ) VALUES ( '6422', 'Sea stories' );
INSERT INTO subjects ( gid, subject ) VALUES ( '6422', 'Pirates -- Fiction' );
INSERT INTO subjects ( gid, subject ) VALUES ( '6422', 'Picaresque literature' );
INSERT INTO subjects ( gid, subject ) VALUES ( '6422', 'Adventure stories' );
INSERT INTO files ( gid, file, mime ) VALUES ( '6422', 'http://www.gutenberg.org/ebooks/6422.epub.images', 'application/epub+zip' );
INSERT INTO files ( gid, file, mime ) VALUES ( '6422', 'http://www.gutenberg.org/ebooks/6422.epub.noimages', 'application/epub+zip' );
INSERT INTO files ( gid, file, mime ) VALUES ( '6422', 'http://www.gutenberg.org/ebooks/6422.kindle.images', 'application/x-mobipocket-ebook' );
INSERT INTO files ( gid, file, mime ) VALUES ( '6422', 'http://www.gutenberg.org/ebooks/6422.kindle.noimages', 'application/x-mobipocket-ebook' );
INSERT INTO files ( gid, file, mime ) VALUES ( '6422', 'http://www.gutenberg.org/ebooks/6422.rdf', 'application/rdf+xml' );
INSERT INTO files ( gid, file, mime ) VALUES ( '6422', 'http://www.gutenberg.org/ebooks/6422.txt.utf-8', 'text/plain' );
INSERT INTO files ( gid, file, mime ) VALUES ( '6422', 'http://www.gutenberg.org/files/6422/6422-h.zip', 'application/ziptext/html; charset=us-ascii' );
INSERT INTO files ( gid, file, mime ) VALUES ( '6422', 'http://www.gutenberg.org/files/6422/6422-h/6422-h.htm', 'text/html; charset=us-ascii' );
INSERT INTO files ( gid, file, mime ) VALUES ( '6422', 'http://www.gutenberg.org/files/6422/6422.txt', 'text/plain; charset=us-ascii' );
INSERT INTO files ( gid, file, mime ) VALUES ( '6422', 'http://www.gutenberg.org/files/6422/6422.zip', 'text/plain; charset=us-asciiapplication/zip' );
INSERT INTO titles ( gid, title, author, language, rights ) VALUES ( '6522', 'Fruit-Gathering', 'Tagore, Rabindranath', 'en', 'Public domain in the USA.' );
INSERT INTO classifications ( gid, classification ) VALUES ( '6522', 'PK' );
INSERT INTO subjects ( gid, subject ) VALUES ( '6522', 'Tagore, Rabindranath, 1861-1941 -- Translations into English' );
INSERT INTO subjects ( gid, subject ) VALUES ( '6522', 'Indic poetry -- Translations into English' );
INSERT INTO subjects ( gid, subject ) VALUES ( '6522', 'Bengali poetry -- Translations into English' );
INSERT INTO files ( gid, file, mime ) VALUES ( '6522', 'http://www.gutenberg.org/ebooks/6522.epub.noimages', 'application/epub+zip' );
INSERT INTO files ( gid, file, mime ) VALUES ( '6522', 'http://www.gutenberg.org/ebooks/6522.kindle.noimages', 'application/x-mobipocket-ebook' );
INSERT INTO files ( gid, file, mime ) VALUES ( '6522', 'http://www.gutenberg.org/ebooks/6522.rdf', 'application/rdf+xml' );
INSERT INTO files ( gid, file, mime ) VALUES ( '6522', 'http://www.gutenberg.org/ebooks/6522.txt.utf-8', 'text/plain' );
INSERT INTO files ( gid, file, mime ) VALUES ( '6522', 'http://www.gutenberg.org/files/6522/6522-8.txt', 'text/plain; charset=iso-8859-1' );
INSERT INTO files ( gid, file, mime ) VALUES ( '6522', 'http://www.gutenberg.org/files/6522/6522-8.zip', 'text/plain; charset=iso-8859-1application/zip' );
INSERT INTO files ( gid, file, mime ) VALUES ( '6522', 'http://www.gutenberg.org/files/6522/6522-h.zip', 'text/html; charset=iso-8859-1application/zip' );
INSERT INTO files ( gid, file, mime ) VALUES ( '6522', 'http://www.gutenberg.org/files/6522/6522-h/6522-h.htm', 'text/html; charset=iso-8859-1' );
INSERT INTO files ( gid, file, mime ) VALUES ( '6522', 'http://www.gutenberg.org/files/6522/6522.txt', 'text/plain; charset=us-ascii' );
INSERT INTO files ( gid, file, mime ) VALUES ( '6522', 'http://www.gutenberg.org/files/6522/6522.zip', 'application/ziptext/plain; charset=us-ascii' );
INSERT INTO titles ( gid, title, author, language, rights ) VALUES ( '6622', 'Legends That Every Child Should Know; a Selection of the Great Legends of All Times for Young People', 'Mabie, Hamilton Wright', 'en', 'Public domain in the USA.' );
INSERT INTO classifications ( gid, classification ) VALUES ( '6622', 'PZ' );
INSERT INTO subjects ( gid, subject ) VALUES ( '6622', 'Folklore -- England' );
INSERT INTO subjects ( gid, subject ) VALUES ( '6622', 'Folklore -- Scandinavia' );
INSERT INTO subjects ( gid, subject ) VALUES ( '6622', 'Folklore -- Germany' );
INSERT INTO files ( gid, file, mime ) VALUES ( '6622', 'http://www.gutenberg.org/ebooks/6622.epub.images', 'application/epub+zip' );
INSERT INTO files ( gid, file, mime ) VALUES ( '6622', 'http://www.gutenberg.org/ebooks/6622.epub.noimages', 'application/epub+zip' );
INSERT INTO files ( gid, file, mime ) VALUES ( '6622', 'http://www.gutenberg.org/ebooks/6622.html.images', 'text/html' );
INSERT INTO files ( gid, file, mime ) VALUES ( '6622', 'http://www.gutenberg.org/ebooks/6622.html.noimages', 'text/html' );
INSERT INTO files ( gid, file, mime ) VALUES ( '6622', 'http://www.gutenberg.org/ebooks/6622.kindle.images', 'application/x-mobipocket-ebook' );
INSERT INTO files ( gid, file, mime ) VALUES ( '6622', 'http://www.gutenberg.org/ebooks/6622.kindle.noimages', 'application/x-mobipocket-ebook' );
INSERT INTO files ( gid, file, mime ) VALUES ( '6622', 'http://www.gutenberg.org/ebooks/6622.rdf', 'application/rdf+xml' );
INSERT INTO files ( gid, file, mime ) VALUES ( '6622', 'http://www.gutenberg.org/ebooks/6622.txt.utf-8', 'text/plain' );
INSERT INTO files ( gid, file, mime ) VALUES ( '6622', 'http://www.gutenberg.org/files/6622/6622.txt', 'text/plain; charset=us-ascii' );
INSERT INTO files ( gid, file, mime ) VALUES ( '6622', 'http://www.gutenberg.org/files/6622/6622.zip', 'text/plain; charset=us-asciiapplication/zip' );
INSERT INTO titles ( gid, title, author, language, rights ) VALUES ( '6722', 'The Seven Who Were Hanged', 'Andreyev, Leonid', 'en', 'Public domain in the USA.' );
INSERT INTO classifications ( gid, classification ) VALUES ( '6722', 'PG' );
INSERT INTO subjects ( gid, subject ) VALUES ( '6722', 'Executions and executioners -- Russia -- Fiction' );
INSERT INTO files ( gid, file, mime ) VALUES ( '6722', 'http://www.gutenberg.org/ebooks/6722.epub.images', 'application/epub+zip' );
INSERT INTO files ( gid, file, mime ) VALUES ( '6722', 'http://www.gutenberg.org/ebooks/6722.epub.noimages', 'application/epub+zip' );
INSERT INTO files ( gid, file, mime ) VALUES ( '6722', 'http://www.gutenberg.org/ebooks/6722.kindle.images', 'application/x-mobipocket-ebook' );
INSERT INTO files ( gid, file, mime ) VALUES ( '6722', 'http://www.gutenberg.org/ebooks/6722.kindle.noimages', 'application/x-mobipocket-ebook' );
INSERT INTO files ( gid, file, mime ) VALUES ( '6722', 'http://www.gutenberg.org/ebooks/6722.rdf', 'application/rdf+xml' );
INSERT INTO files ( gid, file, mime ) VALUES ( '6722', 'http://www.gutenberg.org/files/6722/6722-0.txt', 'text/plain; charset=utf-8' );
INSERT INTO files ( gid, file, mime ) VALUES ( '6722', 'http://www.gutenberg.org/files/6722/6722-0.zip', 'text/plain; charset=utf-8application/zip' );
INSERT INTO files ( gid, file, mime ) VALUES ( '6722', 'http://www.gutenberg.org/files/6722/6722-h.zip', 'application/ziptext/html; charset=utf-8' );
INSERT INTO files ( gid, file, mime ) VALUES ( '6722', 'http://www.gutenberg.org/files/6722/6722-h/6722-h.htm', 'text/html; charset=utf-8' );
INSERT INTO files ( gid, file, mime ) VALUES ( '6722', 'http://www.gutenberg.org/files/6722/6722.txt', 'text/plain; charset=us-ascii' );
INSERT INTO files ( gid, file, mime ) VALUES ( '6722', 'http://www.gutenberg.org/files/6722/6722.zip', 'application/ziptext/plain; charset=us-ascii' );
INSERT INTO titles ( gid, title, author, language, rights ) VALUES ( '6822', 'Lieder von Lessing', 'Lessing, Gotthold Ephraim', 'de', 'Public domain in the USA.' );
INSERT INTO classifications ( gid, classification ) VALUES ( '6822', 'PT' );
INSERT INTO subjects ( gid, subject ) VALUES ( '6822', 'German poetry -- 18th century' );
INSERT INTO files ( gid, file, mime ) VALUES ( '6822', 'http://www.gutenberg.org/ebooks/6822.epub.images', 'application/epub+zip' );
INSERT INTO files ( gid, file, mime ) VALUES ( '6822', 'http://www.gutenberg.org/ebooks/6822.epub.noimages', 'application/epub+zip' );
INSERT INTO files ( gid, file, mime ) VALUES ( '6822', 'http://www.gutenberg.org/ebooks/6822.html.images', 'text/html' );
INSERT INTO files ( gid, file, mime ) VALUES ( '6822', 'http://www.gutenberg.org/ebooks/6822.html.noimages', 'text/html' );
INSERT INTO files ( gid, file, mime ) VALUES ( '6822', 'http://www.gutenberg.org/ebooks/6822.kindle.images', 'application/x-mobipocket-ebook' );
INSERT INTO files ( gid, file, mime ) VALUES ( '6822', 'http://www.gutenberg.org/ebooks/6822.kindle.noimages', 'application/x-mobipocket-ebook' );
INSERT INTO files ( gid, file, mime ) VALUES ( '6822', 'http://www.gutenberg.org/ebooks/6822.rdf', 'application/rdf+xml' );
INSERT INTO files ( gid, file, mime ) VALUES ( '6822', 'http://www.gutenberg.org/ebooks/6822.txt.utf-8', 'text/plain' );
INSERT INTO files ( gid, file, mime ) VALUES ( '6822', 'http://www.gutenberg.org/files/6822/6822-8.txt', 'text/plain; charset=iso-8859-1' );
INSERT INTO files ( gid, file, mime ) VALUES ( '6822', 'http://www.gutenberg.org/files/6822/6822-8.zip', 'application/ziptext/plain; charset=iso-8859-1' );
INSERT INTO titles ( gid, title, author, language, rights ) VALUES ( '18422', 'Modern Eloquence: Vol III, After-Dinner Speeches P-Z', '', 'en', 'Public domain in the USA.' );
INSERT INTO classifications ( gid, classification ) VALUES ( '18422', 'PN' );
INSERT INTO subjects ( gid, subject ) VALUES ( '18422', 'Speeches, addresses, etc.' );
INSERT INTO files ( gid, file, mime ) VALUES ( '18422', 'http://www.gutenberg.org/cache/epub/18422/pg18422.cover.medium.jpg', 'image/jpeg' );
INSERT INTO files ( gid, file, mime ) VALUES ( '18422', 'http://www.gutenberg.org/cache/epub/18422/pg18422.cover.small.jpg', 'image/jpeg' );
INSERT INTO files ( gid, file, mime ) VALUES ( '18422', 'http://www.gutenberg.org/ebooks/18422.epub.images', 'application/epub+zip' );
INSERT INTO files ( gid, file, mime ) VALUES ( '18422', 'http://www.gutenberg.org/ebooks/18422.epub.noimages', 'application/epub+zip' );
INSERT INTO files ( gid, file, mime ) VALUES ( '18422', 'http://www.gutenberg.org/ebooks/18422.kindle.images', 'application/x-mobipocket-ebook' );
INSERT INTO files ( gid, file, mime ) VALUES ( '18422', 'http://www.gutenberg.org/ebooks/18422.kindle.noimages', 'application/x-mobipocket-ebook' );
INSERT INTO files ( gid, file, mime ) VALUES ( '18422', 'http://www.gutenberg.org/ebooks/18422.rdf', 'application/rdf+xml' );
INSERT INTO files ( gid, file, mime ) VALUES ( '18422', 'http://www.gutenberg.org/ebooks/18422.txt.utf-8', 'text/plain' );
INSERT INTO files ( gid, file, mime ) VALUES ( '18422', 'http://www.gutenberg.org/files/18422/18422-8.txt', 'text/plain; charset=iso-8859-1' );
INSERT INTO files ( gid, file, mime ) VALUES ( '18422', 'http://www.gutenberg.org/files/18422/18422-8.zip', 'application/ziptext/plain; charset=iso-8859-1' );
INSERT INTO files ( gid, file, mime ) VALUES ( '18422', 'http://www.gutenberg.org/files/18422/18422-h.zip', 'application/ziptext/html; charset=iso-8859-1' );
INSERT INTO files ( gid, file, mime ) VALUES ( '18422', 'http://www.gutenberg.org/files/18422/18422-h/18422-h.htm', 'text/html; charset=iso-8859-1' );
INSERT INTO files ( gid, file, mime ) VALUES ( '18422', 'http://www.gutenberg.org/files/18422/18422.txt', 'text/plain; charset=us-ascii' );
INSERT INTO files ( gid, file, mime ) VALUES ( '18422', 'http://www.gutenberg.org/files/18422/18422.zip', 'application/ziptext/plain; charset=us-ascii' );
INSERT INTO titles ( gid, title, author, language, rights ) VALUES ( '18522', 'The Wreck', 'Anonymous', 'en', 'Public domain in the USA.' );
INSERT INTO classifications ( gid, classification ) VALUES ( '18522', 'PZ' );
INSERT INTO subjects ( gid, subject ) VALUES ( '18522', 'Children''s stories' );
INSERT INTO subjects ( gid, subject ) VALUES ( '18522', 'Brothers and sisters -- Juvenile fiction' );
INSERT INTO subjects ( gid, subject ) VALUES ( '18522', 'Shipwrecks -- Juvenile fiction' );
INSERT INTO files ( gid, file, mime ) VALUES ( '18522', 'http://www.gutenberg.org/ebooks/18522.epub.images', 'application/epub+zip' );
INSERT INTO files ( gid, file, mime ) VALUES ( '18522', 'http://www.gutenberg.org/ebooks/18522.epub.noimages', 'application/epub+zip' );
INSERT INTO files ( gid, file, mime ) VALUES ( '18522', 'http://www.gutenberg.org/ebooks/18522.kindle.images', 'application/x-mobipocket-ebook' );
INSERT INTO files ( gid, file, mime ) VALUES ( '18522', 'http://www.gutenberg.org/ebooks/18522.kindle.noimages', 'application/x-mobipocket-ebook' );
INSERT INTO files ( gid, file, mime ) VALUES ( '18522', 'http://www.gutenberg.org/ebooks/18522.rdf', 'application/rdf+xml' );
INSERT INTO files ( gid, file, mime ) VALUES ( '18522', 'http://www.gutenberg.org/ebooks/18522.txt.utf-8', 'text/plain' );
INSERT INTO files ( gid, file, mime ) VALUES ( '18522', 'http://www.gutenberg.org/files/18522/18522-h.zip', 'text/html; charset=iso-8859-1application/zip' );
INSERT INTO files ( gid, file, mime ) VALUES ( '18522', 'http://www.gutenberg.org/files/18522/18522-h/18522-h.htm', 'text/html; charset=iso-8859-1' );
INSERT INTO files ( gid, file, mime ) VALUES ( '18522', 'http://www.gutenberg.org/files/18522/18522.txt', 'text/plain; charset=us-ascii' );
INSERT INTO files ( gid, file, mime ) VALUES ( '18522', 'http://www.gutenberg.org/files/18522/18522.zip', 'application/ziptext/plain; charset=us-ascii' );
INSERT INTO titles ( gid, title, author, language, rights ) VALUES ( '18622', 'Captain Sam: The Boy Scouts of 1814', 'Eggleston, George Cary', 'en', 'Public domain in the USA.' );
INSERT INTO classifications ( gid, classification ) VALUES ( '18622', 'PS' );
INSERT INTO subjects ( gid, subject ) VALUES ( '18622', 'United States -- History -- War of 1812 -- Fiction' );
INSERT INTO files ( gid, file, mime ) VALUES ( '18622', 'http://www.gutenberg.org/ebooks/18622.epub.images', 'application/epub+zip' );
INSERT INTO files ( gid, file, mime ) VALUES ( '18622', 'http://www.gutenberg.org/ebooks/18622.epub.noimages', 'application/epub+zip' );
INSERT INTO files ( gid, file, mime ) VALUES ( '18622', 'http://www.gutenberg.org/ebooks/18622.kindle.images', 'application/x-mobipocket-ebook' );
INSERT INTO files ( gid, file, mime ) VALUES ( '18622', 'http://www.gutenberg.org/ebooks/18622.kindle.noimages', 'application/x-mobipocket-ebook' );
INSERT INTO files ( gid, file, mime ) VALUES ( '18622', 'http://www.gutenberg.org/ebooks/18622.rdf', 'application/rdf+xml' );
INSERT INTO files ( gid, file, mime ) VALUES ( '18622', 'http://www.gutenberg.org/ebooks/18622.txt.utf-8', 'text/plain' );
INSERT INTO files ( gid, file, mime ) VALUES ( '18622', 'http://www.gutenberg.org/files/18622/18622-8.txt', 'text/plain; charset=iso-8859-1' );
INSERT INTO files ( gid, file, mime ) VALUES ( '18622', 'http://www.gutenberg.org/files/18622/18622-8.zip', 'text/plain; charset=iso-8859-1application/zip' );
INSERT INTO files ( gid, file, mime ) VALUES ( '18622', 'http://www.gutenberg.org/files/18622/18622-h.zip', 'application/ziptext/html; charset=iso-8859-1' );
INSERT INTO files ( gid, file, mime ) VALUES ( '18622', 'http://www.gutenberg.org/files/18622/18622-h/18622-h.htm', 'text/html; charset=iso-8859-1' );
INSERT INTO files ( gid, file, mime ) VALUES ( '18622', 'http://www.gutenberg.org/files/18622/18622.txt', 'text/plain; charset=us-ascii' );
INSERT INTO files ( gid, file, mime ) VALUES ( '18622', 'http://www.gutenberg.org/files/18622/18622.zip', 'application/ziptext/plain; charset=us-ascii' );
INSERT INTO titles ( gid, title, author, language, rights ) VALUES ( '18722', 'Transactions of the American Society of Civil Engineers, vol. LXVIII, Sept. 1910 The New York Tunnel Extension of the Pennsylvania Railroad. The East River Tunnels. Paper No. 1159', 'Brace, James H.', 'en', 'Public domain in the USA.' );
INSERT INTO classifications ( gid, classification ) VALUES ( '18722', 'TA' );
INSERT INTO subjects ( gid, subject ) VALUES ( '18722', 'Railroad tunnels -- Design and construction' );
INSERT INTO subjects ( gid, subject ) VALUES ( '18722', 'Civil engineering -- Periodicals' );
INSERT INTO files ( gid, file, mime ) VALUES ( '18722', 'http://www.gutenberg.org/ebooks/18722.epub.images', 'application/epub+zip' );
INSERT INTO files ( gid, file, mime ) VALUES ( '18722', 'http://www.gutenberg.org/ebooks/18722.epub.noimages', 'application/epub+zip' );
INSERT INTO files ( gid, file, mime ) VALUES ( '18722', 'http://www.gutenberg.org/ebooks/18722.kindle.images', 'application/x-mobipocket-ebook' );
INSERT INTO files ( gid, file, mime ) VALUES ( '18722', 'http://www.gutenberg.org/ebooks/18722.kindle.noimages', 'application/x-mobipocket-ebook' );
INSERT INTO files ( gid, file, mime ) VALUES ( '18722', 'http://www.gutenberg.org/ebooks/18722.rdf', 'application/rdf+xml' );
INSERT INTO files ( gid, file, mime ) VALUES ( '18722', 'http://www.gutenberg.org/ebooks/18722.txt.utf-8', 'text/plain' );
INSERT INTO files ( gid, file, mime ) VALUES ( '18722', 'http://www.gutenberg.org/files/18722/18722-8.txt', 'text/plain; charset=iso-8859-1' );
INSERT INTO files ( gid, file, mime ) VALUES ( '18722', 'http://www.gutenberg.org/files/18722/18722-8.zip', 'application/ziptext/plain; charset=iso-8859-1' );
INSERT INTO files ( gid, file, mime ) VALUES ( '18722', 'http://www.gutenberg.org/files/18722/18722-h.zip', 'text/html; charset=iso-8859-1application/zip' );
INSERT INTO files ( gid, file, mime ) VALUES ( '18722', 'http://www.gutenberg.org/files/18722/18722-h/18722-h.htm', 'text/html; charset=iso-8859-1' );
INSERT INTO files ( gid, file, mime ) VALUES ( '18722', 'http://www.gutenberg.org/files/18722/18722.txt', 'text/plain; charset=us-ascii' );
INSERT INTO files ( gid, file, mime ) VALUES ( '18722', 'http://www.gutenberg.org/files/18722/18722.zip', 'application/ziptext/plain; charset=us-ascii' );
INSERT INTO titles ( gid, title, author, language, rights ) VALUES ( '18922', 'Les mystères de Paris, Tome II', 'Sue, Eugène', 'fr', 'Public domain in the USA.' );
INSERT INTO classifications ( gid, classification ) VALUES ( '18922', 'PQ' );
INSERT INTO subjects ( gid, subject ) VALUES ( '18922', 'Paris (France) -- Fiction' );
INSERT INTO files ( gid, file, mime ) VALUES ( '18922', 'http://www.gutenberg.org/ebooks/18922.epub.images', 'application/epub+zip' );
INSERT INTO files ( gid, file, mime ) VALUES ( '18922', 'http://www.gutenberg.org/ebooks/18922.epub.noimages', 'application/epub+zip' );
INSERT INTO files ( gid, file, mime ) VALUES ( '18922', 'http://www.gutenberg.org/ebooks/18922.kindle.images', 'application/x-mobipocket-ebook' );
INSERT INTO files ( gid, file, mime ) VALUES ( '18922', 'http://www.gutenberg.org/ebooks/18922.kindle.noimages', 'application/x-mobipocket-ebook' );
INSERT INTO files ( gid, file, mime ) VALUES ( '18922', 'http://www.gutenberg.org/ebooks/18922.rdf', 'application/rdf+xml' );
INSERT INTO files ( gid, file, mime ) VALUES ( '18922', 'http://www.gutenberg.org/ebooks/18922.txt.utf-8', 'text/plain' );
INSERT INTO files ( gid, file, mime ) VALUES ( '18922', 'http://www.gutenberg.org/files/18922/18922-8.txt', 'text/plain; charset=iso-8859-1' );
INSERT INTO files ( gid, file, mime ) VALUES ( '18922', 'http://www.gutenberg.org/files/18922/18922-8.zip', 'text/plain; charset=iso-8859-1application/zip' );
INSERT INTO files ( gid, file, mime ) VALUES ( '18922', 'http://www.gutenberg.org/files/18922/18922-h.zip', 'text/html; charset=iso-8859-1application/zip' );
INSERT INTO files ( gid, file, mime ) VALUES ( '18922', 'http://www.gutenberg.org/files/18922/18922-h/18922-h.htm', 'text/html; charset=iso-8859-1' );
INSERT INTO titles ( gid, title, author, language, rights ) VALUES ( '18822', 'The House of Martha', 'Stockton, Frank Richard', 'en', 'Public domain in the USA.' );
INSERT INTO classifications ( gid, classification ) VALUES ( '18822', 'PS' );
INSERT INTO subjects ( gid, subject ) VALUES ( '18822', 'Fiction' );
INSERT INTO files ( gid, file, mime ) VALUES ( '18822', 'http://www.gutenberg.org/cache/epub/18822/pg18822.cover.medium.jpg', 'image/jpeg' );
INSERT INTO files ( gid, file, mime ) VALUES ( '18822', 'http://www.gutenberg.org/cache/epub/18822/pg18822.cover.small.jpg', 'image/jpeg' );
INSERT INTO files ( gid, file, mime ) VALUES ( '18822', 'http://www.gutenberg.org/ebooks/18822.epub.images', 'application/epub+zip' );
INSERT INTO files ( gid, file, mime ) VALUES ( '18822', 'http://www.gutenberg.org/ebooks/18822.epub.noimages', 'application/epub+zip' );
INSERT INTO files ( gid, file, mime ) VALUES ( '18822', 'http://www.gutenberg.org/ebooks/18822.kindle.images', 'application/x-mobipocket-ebook' );
INSERT INTO files ( gid, file, mime ) VALUES ( '18822', 'http://www.gutenberg.org/ebooks/18822.kindle.noimages', 'application/x-mobipocket-ebook' );
INSERT INTO files ( gid, file, mime ) VALUES ( '18822', 'http://www.gutenberg.org/ebooks/18822.rdf', 'application/rdf+xml' );
INSERT INTO files ( gid, file, mime ) VALUES ( '18822', 'http://www.gutenberg.org/ebooks/18822.txt.utf-8', 'text/plain' );
INSERT INTO files ( gid, file, mime ) VALUES ( '18822', 'http://www.gutenberg.org/files/18822/18822-8.txt', 'text/plain; charset=iso-8859-1' );
INSERT INTO files ( gid, file, mime ) VALUES ( '18822', 'http://www.gutenberg.org/files/18822/18822-8.zip', 'text/plain; charset=iso-8859-1application/zip' );
INSERT INTO files ( gid, file, mime ) VALUES ( '18822', 'http://www.gutenberg.org/files/18822/18822-h.zip', 'application/ziptext/html; charset=iso-8859-1' );
INSERT INTO files ( gid, file, mime ) VALUES ( '18822', 'http://www.gutenberg.org/files/18822/18822-h/18822-h.htm', 'text/html; charset=iso-8859-1' );
INSERT INTO files ( gid, file, mime ) VALUES ( '18822', 'http://www.gutenberg.org/files/18822/18822.txt', 'text/plain; charset=us-ascii' );
INSERT INTO files ( gid, file, mime ) VALUES ( '18822', 'http://www.gutenberg.org/files/18822/18822.zip', 'text/plain; charset=us-asciiapplication/zip' );
INSERT INTO titles ( gid, title, author, language, rights ) VALUES ( '19122', 'Love Instigated: The Story of a Carved Ivory Umbrella Handle', 'Sherley, Douglass', 'en', 'Public domain in the USA.' );
INSERT INTO classifications ( gid, classification ) VALUES ( '19122', 'PS' );
INSERT INTO subjects ( gid, subject ) VALUES ( '19122', 'Short stories' );
INSERT INTO files ( gid, file, mime ) VALUES ( '19122', 'http://www.gutenberg.org/ebooks/19122.epub.images', 'application/epub+zip' );
INSERT INTO files ( gid, file, mime ) VALUES ( '19122', 'http://www.gutenberg.org/ebooks/19122.epub.noimages', 'application/epub+zip' );
INSERT INTO files ( gid, file, mime ) VALUES ( '19122', 'http://www.gutenberg.org/ebooks/19122.kindle.images', 'application/x-mobipocket-ebook' );
INSERT INTO files ( gid, file, mime ) VALUES ( '19122', 'http://www.gutenberg.org/ebooks/19122.kindle.noimages', 'application/x-mobipocket-ebook' );
INSERT INTO files ( gid, file, mime ) VALUES ( '19122', 'http://www.gutenberg.org/ebooks/19122.rdf', 'application/rdf+xml' );
INSERT INTO files ( gid, file, mime ) VALUES ( '19122', 'http://www.gutenberg.org/ebooks/19122.txt.utf-8', 'text/plain' );
INSERT INTO files ( gid, file, mime ) VALUES ( '19122', 'http://www.gutenberg.org/files/19122/19122-8.txt', 'text/plain; charset=iso-8859-1' );
INSERT INTO files ( gid, file, mime ) VALUES ( '19122', 'http://www.gutenberg.org/files/19122/19122-8.zip', 'text/plain; charset=iso-8859-1application/zip' );
INSERT INTO files ( gid, file, mime ) VALUES ( '19122', 'http://www.gutenberg.org/files/19122/19122-h.zip', 'application/ziptext/html; charset=iso-8859-1' );
INSERT INTO files ( gid, file, mime ) VALUES ( '19122', 'http://www.gutenberg.org/files/19122/19122-h/19122-h.htm', 'text/html; charset=iso-8859-1' );
INSERT INTO files ( gid, file, mime ) VALUES ( '19122', 'http://www.gutenberg.org/files/19122/19122.txt', 'text/plain; charset=us-ascii' );
INSERT INTO files ( gid, file, mime ) VALUES ( '19122', 'http://www.gutenberg.org/files/19122/19122.zip', 'application/ziptext/plain; charset=us-ascii' );
INSERT INTO titles ( gid, title, author, language, rights ) VALUES ( '19022', 'The Science of Fingerprints: Classification and Uses', 'United States. Federal Bureau of Investigation', 'en', 'Public domain in the USA.' );
INSERT INTO classifications ( gid, classification ) VALUES ( '19022', 'HV' );
INSERT INTO subjects ( gid, subject ) VALUES ( '19022', 'Fingerprints' );
INSERT INTO files ( gid, file, mime ) VALUES ( '19022', 'http://www.gutenberg.org/ebooks/19022.epub.images', 'application/epub+zip' );
INSERT INTO files ( gid, file, mime ) VALUES ( '19022', 'http://www.gutenberg.org/ebooks/19022.epub.noimages', 'application/epub+zip' );
INSERT INTO files ( gid, file, mime ) VALUES ( '19022', 'http://www.gutenberg.org/ebooks/19022.kindle.images', 'application/x-mobipocket-ebook' );
INSERT INTO files ( gid, file, mime ) VALUES ( '19022', 'http://www.gutenberg.org/ebooks/19022.kindle.noimages', 'application/x-mobipocket-ebook' );
INSERT INTO files ( gid, file, mime ) VALUES ( '19022', 'http://www.gutenberg.org/ebooks/19022.rdf', 'application/rdf+xml' );
INSERT INTO files ( gid, file, mime ) VALUES ( '19022', 'http://www.gutenberg.org/ebooks/19022.txt.utf-8', 'text/plain' );
INSERT INTO files ( gid, file, mime ) VALUES ( '19022', 'http://www.gutenberg.org/files/19022/19022-8.txt', 'text/plain; charset=iso-8859-1' );
INSERT INTO files ( gid, file, mime ) VALUES ( '19022', 'http://www.gutenberg.org/files/19022/19022-8.zip', 'text/plain; charset=iso-8859-1application/zip' );
INSERT INTO files ( gid, file, mime ) VALUES ( '19022', 'http://www.gutenberg.org/files/19022/19022-h.zip', 'text/html; charset=iso-8859-1application/zip' );
INSERT INTO files ( gid, file, mime ) VALUES ( '19022', 'http://www.gutenberg.org/files/19022/19022-h/19022-h.htm', 'text/html; charset=iso-8859-1' );
INSERT INTO files ( gid, file, mime ) VALUES ( '19022', 'http://www.gutenberg.org/files/19022/19022.txt', 'text/plain; charset=us-ascii' );
INSERT INTO files ( gid, file, mime ) VALUES ( '19022', 'http://www.gutenberg.org/files/19022/19022.zip', 'application/ziptext/plain; charset=us-ascii' );
INSERT INTO titles ( gid, title, author, language, rights ) VALUES ( '1922', 'Deirdre of the Sorrows', 'Synge, J. M. (John Millington)', 'en', 'Public domain in the USA.' );
INSERT INTO classifications ( gid, classification ) VALUES ( '1922', 'PR' );
INSERT INTO subjects ( gid, subject ) VALUES ( '1922', 'Deirdre (Legendary character) -- Drama' );
INSERT INTO subjects ( gid, subject ) VALUES ( '1922', 'Queens -- Drama' );
INSERT INTO subjects ( gid, subject ) VALUES ( '1922', 'Epic literature, Irish -- Adaptations' );
INSERT INTO subjects ( gid, subject ) VALUES ( '1922', 'Ireland -- Drama' );
INSERT INTO subjects ( gid, subject ) VALUES ( '1922', 'Tales -- Ireland -- Adaptations' );
INSERT INTO files ( gid, file, mime ) VALUES ( '1922', 'http://www.gutenberg.org/ebooks/1922.epub.images', 'application/epub+zip' );
INSERT INTO files ( gid, file, mime ) VALUES ( '1922', 'http://www.gutenberg.org/ebooks/1922.epub.noimages', 'application/epub+zip' );
INSERT INTO files ( gid, file, mime ) VALUES ( '1922', 'http://www.gutenberg.org/ebooks/1922.kindle.images', 'application/x-mobipocket-ebook' );
INSERT INTO files ( gid, file, mime ) VALUES ( '1922', 'http://www.gutenberg.org/ebooks/1922.kindle.noimages', 'application/x-mobipocket-ebook' );
INSERT INTO files ( gid, file, mime ) VALUES ( '1922', 'http://www.gutenberg.org/ebooks/1922.rdf', 'application/rdf+xml' );
INSERT INTO files ( gid, file, mime ) VALUES ( '1922', 'http://www.gutenberg.org/ebooks/1922.txt.utf-8', 'text/plain' );
INSERT INTO files ( gid, file, mime ) VALUES ( '1922', 'http://www.gutenberg.org/files/1922/1922-h.zip', 'text/html; charset=us-asciiapplication/zip' );
INSERT INTO files ( gid, file, mime ) VALUES ( '1922', 'http://www.gutenberg.org/files/1922/1922-h/1922-h.htm', 'text/html; charset=us-ascii' );
INSERT INTO files ( gid, file, mime ) VALUES ( '1922', 'http://www.gutenberg.org/files/1922/1922.txt', 'text/plain; charset=us-ascii' );
INSERT INTO files ( gid, file, mime ) VALUES ( '1922', 'http://www.gutenberg.org/files/1922/1922.zip', 'text/plain; charset=us-asciiapplication/zip' );
INSERT INTO titles ( gid, title, author, language, rights ) VALUES ( '19222', 'Modern English Books of Power', 'Fitch, George Hamlin', 'en', 'Public domain in the USA.' );
INSERT INTO classifications ( gid, classification ) VALUES ( '19222', 'PR' );
INSERT INTO subjects ( gid, subject ) VALUES ( '19222', 'English literature -- 19th century -- History and criticism' );
INSERT INTO files ( gid, file, mime ) VALUES ( '19222', 'http://www.gutenberg.org/ebooks/19222.epub.images', 'application/epub+zip' );
INSERT INTO files ( gid, file, mime ) VALUES ( '19222', 'http://www.gutenberg.org/ebooks/19222.epub.noimages', 'application/epub+zip' );
INSERT INTO files ( gid, file, mime ) VALUES ( '19222', 'http://www.gutenberg.org/ebooks/19222.kindle.images', 'application/x-mobipocket-ebook' );
INSERT INTO files ( gid, file, mime ) VALUES ( '19222', 'http://www.gutenberg.org/ebooks/19222.kindle.noimages', 'application/x-mobipocket-ebook' );
INSERT INTO files ( gid, file, mime ) VALUES ( '19222', 'http://www.gutenberg.org/ebooks/19222.rdf', 'application/rdf+xml' );
INSERT INTO files ( gid, file, mime ) VALUES ( '19222', 'http://www.gutenberg.org/ebooks/19222.txt.utf-8', 'text/plain' );
INSERT INTO files ( gid, file, mime ) VALUES ( '19222', 'http://www.gutenberg.org/files/19222/19222-8.txt', 'text/plain; charset=iso-8859-1' );
INSERT INTO files ( gid, file, mime ) VALUES ( '19222', 'http://www.gutenberg.org/files/19222/19222-8.zip', 'application/ziptext/plain; charset=iso-8859-1' );
INSERT INTO files ( gid, file, mime ) VALUES ( '19222', 'http://www.gutenberg.org/files/19222/19222-h.zip', 'application/ziptext/html; charset=iso-8859-1' );
INSERT INTO files ( gid, file, mime ) VALUES ( '19222', 'http://www.gutenberg.org/files/19222/19222-h/19222-h.htm', 'text/html; charset=iso-8859-1' );
INSERT INTO files ( gid, file, mime ) VALUES ( '19222', 'http://www.gutenberg.org/files/19222/19222.txt', 'text/plain; charset=us-ascii' );
INSERT INTO files ( gid, file, mime ) VALUES ( '19222', 'http://www.gutenberg.org/files/19222/19222.zip', 'text/plain; charset=us-asciiapplication/zip' );
INSERT INTO titles ( gid, title, author, language, rights ) VALUES ( '19422', 'The Organization of the Congregation in the Early Lutheran Churches in America', 'Schmucker, B. M. (Beale Melanchthon)', 'en', 'Public domain in the USA.' );
INSERT INTO classifications ( gid, classification ) VALUES ( '19422', 'BX' );
INSERT INTO subjects ( gid, subject ) VALUES ( '19422', 'Lutheran Church -- United States -- History' );
INSERT INTO files ( gid, file, mime ) VALUES ( '19422', 'http://www.gutenberg.org/ebooks/19422.epub.images', 'application/epub+zip' );
INSERT INTO files ( gid, file, mime ) VALUES ( '19422', 'http://www.gutenberg.org/ebooks/19422.epub.noimages', 'application/epub+zip' );
INSERT INTO files ( gid, file, mime ) VALUES ( '19422', 'http://www.gutenberg.org/ebooks/19422.html.images', 'text/html' );
INSERT INTO files ( gid, file, mime ) VALUES ( '19422', 'http://www.gutenberg.org/ebooks/19422.html.noimages', 'text/html' );
INSERT INTO files ( gid, file, mime ) VALUES ( '19422', 'http://www.gutenberg.org/ebooks/19422.kindle.images', 'application/x-mobipocket-ebook' );
INSERT INTO files ( gid, file, mime ) VALUES ( '19422', 'http://www.gutenberg.org/ebooks/19422.kindle.noimages', 'application/x-mobipocket-ebook' );
INSERT INTO files ( gid, file, mime ) VALUES ( '19422', 'http://www.gutenberg.org/ebooks/19422.rdf', 'application/rdf+xml' );
INSERT INTO files ( gid, file, mime ) VALUES ( '19422', 'http://www.gutenberg.org/ebooks/19422.txt.utf-8', 'text/plain' );
INSERT INTO files ( gid, file, mime ) VALUES ( '19422', 'http://www.gutenberg.org/files/19422/19422.txt', 'text/plain; charset=us-ascii' );
INSERT INTO files ( gid, file, mime ) VALUES ( '19422', 'http://www.gutenberg.org/files/19422/19422.zip', 'text/plain; charset=us-asciiapplication/zip' );
INSERT INTO titles ( gid, title, author, language, rights ) VALUES ( '19322', 'The Antichrist', 'Nietzsche, Friedrich Wilhelm', 'en', 'Public domain in the USA.' );
INSERT INTO classifications ( gid, classification ) VALUES ( '19322', 'B' );
INSERT INTO subjects ( gid, subject ) VALUES ( '19322', 'Christianity -- Controversial literature' );
INSERT INTO files ( gid, file, mime ) VALUES ( '19322', 'http://www.gutenberg.org/ebooks/19322.epub.images', 'application/epub+zip' );
INSERT INTO files ( gid, file, mime ) VALUES ( '19322', 'http://www.gutenberg.org/ebooks/19322.epub.noimages', 'application/epub+zip' );
INSERT INTO files ( gid, file, mime ) VALUES ( '19322', 'http://www.gutenberg.org/ebooks/19322.kindle.images', 'application/x-mobipocket-ebook' );
INSERT INTO files ( gid, file, mime ) VALUES ( '19322', 'http://www.gutenberg.org/ebooks/19322.kindle.noimages', 'application/x-mobipocket-ebook' );
INSERT INTO files ( gid, file, mime ) VALUES ( '19322', 'http://www.gutenberg.org/ebooks/19322.rdf', 'application/rdf+xml' );
INSERT INTO files ( gid, file, mime ) VALUES ( '19322', 'http://www.gutenberg.org/ebooks/19322.txt.utf-8', 'text/plain' );
INSERT INTO files ( gid, file, mime ) VALUES ( '19322', 'http://www.gutenberg.org/files/19322/19322-8.txt', 'text/plain; charset=iso-8859-1' );
INSERT INTO files ( gid, file, mime ) VALUES ( '19322', 'http://www.gutenberg.org/files/19322/19322-8.zip', 'application/ziptext/plain; charset=iso-8859-1' );
INSERT INTO files ( gid, file, mime ) VALUES ( '19322', 'http://www.gutenberg.org/files/19322/19322-h.zip', 'application/ziptext/html; charset=iso-8859-1' );
INSERT INTO files ( gid, file, mime ) VALUES ( '19322', 'http://www.gutenberg.org/files/19322/19322-h/19322-h.htm', 'text/html; charset=iso-8859-1' );
INSERT INTO files ( gid, file, mime ) VALUES ( '19322', 'http://www.gutenberg.org/files/19322/19322.txt', 'text/plain; charset=us-ascii' );
INSERT INTO files ( gid, file, mime ) VALUES ( '19322', 'http://www.gutenberg.org/files/19322/19322.zip', 'text/plain; charset=us-asciiapplication/zip' );
INSERT INTO titles ( gid, title, author, language, rights ) VALUES ( '19522', 'Tom Slade at Temple Camp', 'Fitzhugh, Percy Keese', 'en', 'Public domain in the USA.' );
