INSERT INTO classifications ( gid, classification ) VALUES ( '19522', 'PZ' );
INSERT INTO subjects ( gid, subject ) VALUES ( '19522', 'Camps -- Juvenile fiction' );
INSERT INTO subjects ( gid, subject ) VALUES ( '19522', 'Boy Scouts of America -- Juvenile fiction' );
INSERT INTO subjects ( gid, subject ) VALUES ( '19522', 'Adirondack Mountains (N.Y.) -- Juvenile fiction' );
INSERT INTO files ( gid, file, mime ) VALUES ( '19522', 'http://www.gutenberg.org/ebooks/19522.epub.images', 'application/epub+zip' );
INSERT INTO files ( gid, file, mime ) VALUES ( '19522', 'http://www.gutenberg.org/ebooks/19522.epub.noimages', 'application/epub+zip' );
INSERT INTO files ( gid, file, mime ) VALUES ( '19522', 'http://www.gutenberg.org/ebooks/19522.kindle.images', 'application/x-mobipocket-ebook' );
INSERT INTO files ( gid, file, mime ) VALUES ( '19522', 'http://www.gutenberg.org/ebooks/19522.kindle.noimages', 'application/x-mobipocket-ebook' );
INSERT INTO files ( gid, file, mime ) VALUES ( '19522', 'http://www.gutenberg.org/ebooks/19522.rdf', 'application/rdf+xml' );
INSERT INTO files ( gid, file, mime ) VALUES ( '19522', 'http://www.gutenberg.org/ebooks/19522.txt.utf-8', 'text/plain' );
INSERT INTO files ( gid, file, mime ) VALUES ( '19522', 'http://www.gutenberg.org/files/19522/19522-8.txt', 'text/plain; charset=iso-8859-1' );
INSERT INTO files ( gid, file, mime ) VALUES ( '19522', 'http://www.gutenberg.org/files/19522/19522-8.zip', 'application/ziptext/plain; charset=iso-8859-1' );
INSERT INTO files ( gid, file, mime ) VALUES ( '19522', 'http://www.gutenberg.org/files/19522/19522-h.zip', 'text/html; charset=iso-8859-1application/zip' );
INSERT INTO files ( gid, file, mime ) VALUES ( '19522', 'http://www.gutenberg.org/files/19522/19522-h/19522-h.htm', 'text/html; charset=iso-8859-1' );
INSERT INTO files ( gid, file, mime ) VALUES ( '19522', 'http://www.gutenberg.org/files/19522/19522.txt', 'text/plain; charset=us-ascii' );
INSERT INTO files ( gid, file, mime ) VALUES ( '19522', 'http://www.gutenberg.org/files/19522/19522.zip', 'application/ziptext/plain; charset=us-ascii' );
INSERT INTO titles ( gid, title, author, language, rights ) VALUES ( '19722', 'A Child''s Garden of Verses', 'Stevenson, Robert Louis', 'en', 'Public domain in the USA.' );
INSERT INTO classifications ( gid, classification ) VALUES ( '19722', 'PZ' );
INSERT INTO classifications ( gid, classification ) VALUES ( '19722', 'PR' );
INSERT INTO subjects ( gid, subject ) VALUES ( '19722', 'Children''s poetry, English' );
INSERT INTO files ( gid, file, mime ) VALUES ( '19722', 'http://www.gutenberg.org/ebooks/19722.epub.images', 'application/epub+zip' );
INSERT INTO files ( gid, file, mime ) VALUES ( '19722', 'http://www.gutenberg.org/ebooks/19722.epub.noimages', 'application/epub+zip' );
INSERT INTO files ( gid, file, mime ) VALUES ( '19722', 'http://www.gutenberg.org/ebooks/19722.kindle.images', 'application/x-mobipocket-ebook' );
INSERT INTO files ( gid, file, mime ) VALUES ( '19722', 'http://www.gutenberg.org/ebooks/19722.kindle.noimages', 'application/x-mobipocket-ebook' );
INSERT INTO files ( gid, file, mime ) VALUES ( '19722', 'http://www.gutenberg.org/ebooks/19722.rdf', 'application/rdf+xml' );
INSERT INTO files ( gid, file, mime ) VALUES ( '19722', 'http://www.gutenberg.org/ebooks/19722.txt.utf-8', 'text/plain' );
INSERT INTO files ( gid, file, mime ) VALUES ( '19722', 'http://www.gutenberg.org/files/19722/19722-h.zip', 'application/ziptext/html; charset=iso-8859-1' );
INSERT INTO files ( gid, file, mime ) VALUES ( '19722', 'http://www.gutenberg.org/files/19722/19722-h/19722-h.htm', 'text/html; charset=iso-8859-1' );
INSERT INTO files ( gid, file, mime ) VALUES ( '19722', 'http://www.gutenberg.org/files/19722/19722.txt', 'text/plain; charset=us-ascii' );
INSERT INTO files ( gid, file, mime ) VALUES ( '19722', 'http://www.gutenberg.org/files/19722/19722.zip', 'application/ziptext/plain; charset=us-ascii' );
INSERT INTO titles ( gid, title, author, language, rights ) VALUES ( '6922', 'De Liereman', 'Schipper, Lieuwe', 'nl', 'Public domain in the USA.' );
INSERT INTO classifications ( gid, classification ) VALUES ( '6922', 'PT' );
INSERT INTO subjects ( gid, subject ) VALUES ( '6922', 'Poetry' );
INSERT INTO files ( gid, file, mime ) VALUES ( '6922', 'http://www.gutenberg.org/ebooks/6922.epub.images', 'application/epub+zip' );
INSERT INTO files ( gid, file, mime ) VALUES ( '6922', 'http://www.gutenberg.org/ebooks/6922.epub.noimages', 'application/epub+zip' );
INSERT INTO files ( gid, file, mime ) VALUES ( '6922', 'http://www.gutenberg.org/ebooks/6922.html.images', 'text/html' );
INSERT INTO files ( gid, file, mime ) VALUES ( '6922', 'http://www.gutenberg.org/ebooks/6922.html.noimages', 'text/html' );
INSERT INTO files ( gid, file, mime ) VALUES ( '6922', 'http://www.gutenberg.org/ebooks/6922.kindle.images', 'application/x-mobipocket-ebook' );
INSERT INTO files ( gid, file, mime ) VALUES ( '6922', 'http://www.gutenberg.org/ebooks/6922.kindle.noimages', 'application/x-mobipocket-ebook' );
INSERT INTO files ( gid, file, mime ) VALUES ( '6922', 'http://www.gutenberg.org/ebooks/6922.rdf', 'application/rdf+xml' );
INSERT INTO files ( gid, file, mime ) VALUES ( '6922', 'http://www.gutenberg.org/ebooks/6922.txt.utf-8', 'text/plain' );
INSERT INTO files ( gid, file, mime ) VALUES ( '6922', 'http://www.gutenberg.org/files/6922/6922-8.txt', 'text/plain; charset=iso-8859-1' );
INSERT INTO files ( gid, file, mime ) VALUES ( '6922', 'http://www.gutenberg.org/files/6922/6922-8.zip', 'application/ziptext/plain; charset=iso-8859-1' );
INSERT INTO titles ( gid, title, author, language, rights ) VALUES ( '7022', 'Ein Sommernachtstraum', 'Shakespeare, William', 'de', 'Public domain in the USA.' );
INSERT INTO classifications ( gid, classification ) VALUES ( '7022', 'PR' );
INSERT INTO subjects ( gid, subject ) VALUES ( '7022', 'Comedies' );
INSERT INTO subjects ( gid, subject ) VALUES ( '7022', 'Athens (Greece) -- Drama' );
INSERT INTO subjects ( gid, subject ) VALUES ( '7022', 'Fairy plays' );
INSERT INTO subjects ( gid, subject ) VALUES ( '7022', 'Courtship -- Drama' );
INSERT INTO files ( gid, file, mime ) VALUES ( '7022', 'http://www.gutenberg.org/ebooks/7022.epub.images', 'application/epub+zip' );
INSERT INTO files ( gid, file, mime ) VALUES ( '7022', 'http://www.gutenberg.org/ebooks/7022.epub.noimages', 'application/epub+zip' );
INSERT INTO files ( gid, file, mime ) VALUES ( '7022', 'http://www.gutenberg.org/ebooks/7022.html.images', 'text/html' );
INSERT INTO files ( gid, file, mime ) VALUES ( '7022', 'http://www.gutenberg.org/ebooks/7022.html.noimages', 'text/html' );
INSERT INTO files ( gid, file, mime ) VALUES ( '7022', 'http://www.gutenberg.org/ebooks/7022.kindle.images', 'application/x-mobipocket-ebook' );
INSERT INTO files ( gid, file, mime ) VALUES ( '7022', 'http://www.gutenberg.org/ebooks/7022.kindle.noimages', 'application/x-mobipocket-ebook' );
INSERT INTO files ( gid, file, mime ) VALUES ( '7022', 'http://www.gutenberg.org/ebooks/7022.rdf', 'application/rdf+xml' );
INSERT INTO files ( gid, file, mime ) VALUES ( '7022', 'http://www.gutenberg.org/ebooks/7022.txt.utf-8', 'text/plain' );
INSERT INTO files ( gid, file, mime ) VALUES ( '7022', 'http://www.gutenberg.org/files/7022/7022-8.txt', 'text/plain; charset=iso-8859-1' );
INSERT INTO files ( gid, file, mime ) VALUES ( '7022', 'http://www.gutenberg.org/files/7022/7022-8.zip', 'text/plain; charset=iso-8859-1application/zip' );
INSERT INTO titles ( gid, title, author, language, rights ) VALUES ( '19622', 'Aesop''s Fables - Volume 07', 'Aesop', 'en', 'Public domain in the USA.' );
INSERT INTO classifications ( gid, classification ) VALUES ( '19622', 'PA' );
INSERT INTO subjects ( gid, subject ) VALUES ( '19622', 'Fables, Greek -- Translations into English' );
INSERT INTO files ( gid, file, mime ) VALUES ( '19622', 'http://www.gutenberg.org/ebooks/19622.rdf', 'application/rdf+xml' );
INSERT INTO files ( gid, file, mime ) VALUES ( '19622', 'http://www.gutenberg.org/files/19622/19622-index.html', 'text/html' );
INSERT INTO files ( gid, file, mime ) VALUES ( '19622', 'http://www.gutenberg.org/files/19622/19622-m4b.zip', 'application/zipaudio/mp4' );
INSERT INTO files ( gid, file, mime ) VALUES ( '19622', 'http://www.gutenberg.org/files/19622/19622-mp3.zip', 'audio/mpegapplication/zip' );
INSERT INTO files ( gid, file, mime ) VALUES ( '19622', 'http://www.gutenberg.org/files/19622/19622-ogg.zip', 'audio/oggapplication/zip' );
INSERT INTO files ( gid, file, mime ) VALUES ( '19622', 'http://www.gutenberg.org/files/19622/19622-spx.zip', 'audio/oggapplication/zip' );
INSERT INTO files ( gid, file, mime ) VALUES ( '19622', 'http://www.gutenberg.org/files/19622/19622.txt', 'text/plain; charset=us-ascii' );
INSERT INTO files ( gid, file, mime ) VALUES ( '19622', 'http://www.gutenberg.org/files/19622/m4b/19622-01.m4b', 'audio/mp4' );
INSERT INTO files ( gid, file, mime ) VALUES ( '19622', 'http://www.gutenberg.org/files/19622/m4b/19622-02.m4b', 'audio/mp4' );
INSERT INTO files ( gid, file, mime ) VALUES ( '19622', 'http://www.gutenberg.org/files/19622/m4b/19622-03.m4b', 'audio/mp4' );
INSERT INTO files ( gid, file, mime ) VALUES ( '19622', 'http://www.gutenberg.org/files/19622/m4b/19622-04.m4b', 'audio/mp4' );
INSERT INTO files ( gid, file, mime ) VALUES ( '19622', 'http://www.gutenberg.org/files/19622/m4b/19622-05.m4b', 'audio/mp4' );
INSERT INTO files ( gid, file, mime ) VALUES ( '19622', 'http://www.gutenberg.org/files/19622/m4b/19622-06.m4b', 'audio/mp4' );
INSERT INTO files ( gid, file, mime ) VALUES ( '19622', 'http://www.gutenberg.org/files/19622/m4b/19622-07.m4b', 'audio/mp4' );
INSERT INTO files ( gid, file, mime ) VALUES ( '19622', 'http://www.gutenberg.org/files/19622/m4b/19622-08.m4b', 'audio/mp4' );
INSERT INTO files ( gid, file, mime ) VALUES ( '19622', 'http://www.gutenberg.org/files/19622/m4b/19622-09.m4b', 'audio/mp4' );
INSERT INTO files ( gid, file, mime ) VALUES ( '19622', 'http://www.gutenberg.org/files/19622/m4b/19622-10.m4b', 'audio/mp4' );
INSERT INTO files ( gid, file, mime ) VALUES ( '19622', 'http://www.gutenberg.org/files/19622/m4b/19622-11.m4b', 'audio/mp4' );
INSERT INTO files ( gid, file, mime ) VALUES ( '19622', 'http://www.gutenberg.org/files/19622/m4b/19622-12.m4b', 'audio/mp4' );
INSERT INTO files ( gid, file, mime ) VALUES ( '19622', 'http://www.gutenberg.org/files/19622/m4b/19622-13.m4b', 'audio/mp4' );
INSERT INTO files ( gid, file, mime ) VALUES ( '19622', 'http://www.gutenberg.org/files/19622/m4b/19622-14.m4b', 'audio/mp4' );
INSERT INTO files ( gid, file, mime ) VALUES ( '19622', 'http://www.gutenberg.org/files/19622/m4b/19622-15.m4b', 'audio/mp4' );
INSERT INTO files ( gid, file, mime ) VALUES ( '19622', 'http://www.gutenberg.org/files/19622/m4b/19622-16.m4b', 'audio/mp4' );
INSERT INTO files ( gid, file, mime ) VALUES ( '19622', 'http://www.gutenberg.org/files/19622/m4b/19622-17.m4b', 'audio/mp4' );
INSERT INTO files ( gid, file, mime ) VALUES ( '19622', 'http://www.gutenberg.org/files/19622/m4b/19622-18.m4b', 'audio/mp4' );
INSERT INTO files ( gid, file, mime ) VALUES ( '19622', 'http://www.gutenberg.org/files/19622/m4b/19622-19.m4b', 'audio/mp4' );
INSERT INTO files ( gid, file, mime ) VALUES ( '19622', 'http://www.gutenberg.org/files/19622/m4b/19622-20.m4b', 'audio/mp4' );
INSERT INTO files ( gid, file, mime ) VALUES ( '19622', 'http://www.gutenberg.org/files/19622/m4b/19622-21.m4b', 'audio/mp4' );
INSERT INTO files ( gid, file, mime ) VALUES ( '19622', 'http://www.gutenberg.org/files/19622/m4b/19622-22.m4b', 'audio/mp4' );
INSERT INTO files ( gid, file, mime ) VALUES ( '19622', 'http://www.gutenberg.org/files/19622/m4b/19622-23.m4b', 'audio/mp4' );
INSERT INTO files ( gid, file, mime ) VALUES ( '19622', 'http://www.gutenberg.org/files/19622/m4b/19622-24.m4b', 'audio/mp4' );
INSERT INTO files ( gid, file, mime ) VALUES ( '19622', 'http://www.gutenberg.org/files/19622/m4b/19622-25.m4b', 'audio/mp4' );
INSERT INTO files ( gid, file, mime ) VALUES ( '19622', 'http://www.gutenberg.org/files/19622/mp3/19622-01.mp3', 'audio/mpeg' );
INSERT INTO files ( gid, file, mime ) VALUES ( '19622', 'http://www.gutenberg.org/files/19622/mp3/19622-02.mp3', 'audio/mpeg' );
INSERT INTO files ( gid, file, mime ) VALUES ( '19622', 'http://www.gutenberg.org/files/19622/mp3/19622-03.mp3', 'audio/mpeg' );
INSERT INTO files ( gid, file, mime ) VALUES ( '19622', 'http://www.gutenberg.org/files/19622/mp3/19622-04.mp3', 'audio/mpeg' );
INSERT INTO files ( gid, file, mime ) VALUES ( '19622', 'http://www.gutenberg.org/files/19622/mp3/19622-05.mp3', 'audio/mpeg' );
INSERT INTO files ( gid, file, mime ) VALUES ( '19622', 'http://www.gutenberg.org/files/19622/mp3/19622-06.mp3', 'audio/mpeg' );
INSERT INTO files ( gid, file, mime ) VALUES ( '19622', 'http://www.gutenberg.org/files/19622/mp3/19622-07.mp3', 'audio/mpeg' );
INSERT INTO files ( gid, file, mime ) VALUES ( '19622', 'http://www.gutenberg.org/files/19622/mp3/19622-08.mp3', 'audio/mpeg' );
INSERT INTO files ( gid, file, mime ) VALUES ( '19622', 'http://www.gutenberg.org/files/19622/mp3/19622-09.mp3', 'audio/mpeg' );
INSERT INTO files ( gid, file, mime ) VALUES ( '19622', 'http://www.gutenberg.org/files/19622/mp3/19622-10.mp3', 'audio/mpeg' );
INSERT INTO files ( gid, file, mime ) VALUES ( '19622', 'http://www.gutenberg.org/files/19622/mp3/19622-11.mp3', 'audio/mpeg' );
INSERT INTO files ( gid, file, mime ) VALUES ( '19622', 'http://www.gutenberg.org/files/19622/mp3/19622-12.mp3', 'audio/mpeg' );
INSERT INTO files ( gid, file, mime ) VALUES ( '19622', 'http://www.gutenberg.org/files/19622/mp3/19622-13.mp3', 'audio/mpeg' );
INSERT INTO files ( gid, file, mime ) VALUES ( '19622', 'http://www.gutenberg.org/files/19622/mp3/19622-14.mp3', 'audio/mpeg' );
INSERT INTO files ( gid, file, mime ) VALUES ( '19622', 'http://www.gutenberg.org/files/19622/mp3/19622-15.mp3', 'audio/mpeg' );
INSERT INTO files ( gid, file, mime ) VALUES ( '19622', 'http://www.gutenberg.org/files/19622/mp3/19622-16.mp3', 'audio/mpeg' );
INSERT INTO files ( gid, file, mime ) VALUES ( '19622', 'http://www.gutenberg.org/files/19622/mp3/19622-17.mp3', 'audio/mpeg' );
INSERT INTO files ( gid, file, mime ) VALUES ( '19622', 'http://www.gutenberg.org/files/19622/mp3/19622-18.mp3', 'audio/mpeg' );
INSERT INTO files ( gid, file, mime ) VALUES ( '19622', 'http://www.gutenberg.org/files/19622/mp3/19622-19.mp3', 'audio/mpeg' );
INSERT INTO files ( gid, file, mime ) VALUES ( '19622', 'http://www.gutenberg.org/files/19622/mp3/19622-20.mp3', 'audio/mpeg' );
INSERT INTO files ( gid, file, mime ) VALUES ( '19622', 'http://www.gutenberg.org/files/19622/mp3/19622-21.mp3', 'audio/mpeg' );
INSERT INTO files ( gid, file, mime ) VALUES ( '19622', 'http://www.gutenberg.org/files/19622/mp3/19622-22.mp3', 'audio/mpeg' );
INSERT INTO files ( gid, file, mime ) VALUES ( '19622', 'http://www.gutenberg.org/files/19622/mp3/19622-23.mp3', 'audio/mpeg' );
INSERT INTO files ( gid, file, mime ) VALUES ( '19622', 'http://www.gutenberg.org/files/19622/mp3/19622-24.mp3', 'audio/mpeg' );
INSERT INTO files ( gid, file, mime ) VALUES ( '19622', 'http://www.gutenberg.org/files/19622/mp3/19622-25.mp3', 'audio/mpeg' );
INSERT INTO files ( gid, file, mime ) VALUES ( '19622', 'http://www.gutenberg.org/files/19622/ogg/19622-01.ogg', 'audio/ogg' );
INSERT INTO files ( gid, file, mime ) VALUES ( '19622', 'http://www.gutenberg.org/files/19622/ogg/19622-02.ogg', 'audio/ogg' );
INSERT INTO files ( gid, file, mime ) VALUES ( '19622', 'http://www.gutenberg.org/files/19622/ogg/19622-03.ogg', 'audio/ogg' );
INSERT INTO files ( gid, file, mime ) VALUES ( '19622', 'http://www.gutenberg.org/files/19622/ogg/19622-04.ogg', 'audio/ogg' );
INSERT INTO files ( gid, file, mime ) VALUES ( '19622', 'http://www.gutenberg.org/files/19622/ogg/19622-05.ogg', 'audio/ogg' );
INSERT INTO files ( gid, file, mime ) VALUES ( '19622', 'http://www.gutenberg.org/files/19622/ogg/19622-06.ogg', 'audio/ogg' );
INSERT INTO files ( gid, file, mime ) VALUES ( '19622', 'http://www.gutenberg.org/files/19622/ogg/19622-07.ogg', 'audio/ogg' );
INSERT INTO files ( gid, file, mime ) VALUES ( '19622', 'http://www.gutenberg.org/files/19622/ogg/19622-08.ogg', 'audio/ogg' );
INSERT INTO files ( gid, file, mime ) VALUES ( '19622', 'http://www.gutenberg.org/files/19622/ogg/19622-09.ogg', 'audio/ogg' );
INSERT INTO files ( gid, file, mime ) VALUES ( '19622', 'http://www.gutenberg.org/files/19622/ogg/19622-10.ogg', 'audio/ogg' );
INSERT INTO files ( gid, file, mime ) VALUES ( '19622', 'http://www.gutenberg.org/files/19622/ogg/19622-11.ogg', 'audio/ogg' );
INSERT INTO files ( gid, file, mime ) VALUES ( '19622', 'http://www.gutenberg.org/files/19622/ogg/19622-12.ogg', 'audio/ogg' );
INSERT INTO files ( gid, file, mime ) VALUES ( '19622', 'http://www.gutenberg.org/files/19622/ogg/19622-13.ogg', 'audio/ogg' );
INSERT INTO files ( gid, file, mime ) VALUES ( '19622', 'http://www.gutenberg.org/files/19622/ogg/19622-14.ogg', 'audio/ogg' );
INSERT INTO files ( gid, file, mime ) VALUES ( '19622', 'http://www.gutenberg.org/files/19622/ogg/19622-15.ogg', 'audio/ogg' );
INSERT INTO files ( gid, file, mime ) VALUES ( '19622', 'http://www.gutenberg.org/files/19622/ogg/19622-16.ogg', 'audio/ogg' );
INSERT INTO files ( gid, file, mime ) VALUES ( '19622', 'http://www.gutenberg.org/files/19622/ogg/19622-17.ogg', 'audio/ogg' );
INSERT INTO files ( gid, file, mime ) VALUES ( '19622', 'http://www.gutenberg.org/files/19622/ogg/19622-18.ogg', 'audio/ogg' );
INSERT INTO files ( gid, file, mime ) VALUES ( '19622', 'http://www.gutenberg.org/files/19622/ogg/19622-19.ogg', 'audio/ogg' );
INSERT INTO files ( gid, file, mime ) VALUES ( '19622', 'http://www.gutenberg.org/files/19622/ogg/19622-20.ogg', 'audio/ogg' );
INSERT INTO files ( gid, file, mime ) VALUES ( '19622', 'http://www.gutenberg.org/files/19622/ogg/19622-21.ogg', 'audio/ogg' );
INSERT INTO files ( gid, file, mime ) VALUES ( '19622', 'http://www.gutenberg.org/files/19622/ogg/19622-22.ogg', 'audio/ogg' );
INSERT INTO files ( gid, file, mime ) VALUES ( '19622', 'http://www.gutenberg.org/files/19622/ogg/19622-23.ogg', 'audio/ogg' );
INSERT INTO files ( gid, file, mime ) VALUES ( '19622', 'http://www.gutenberg.org/files/19622/ogg/19622-24.ogg', 'audio/ogg' );
INSERT INTO files ( gid, file, mime ) VALUES ( '19622', 'http://www.gutenberg.org/files/19622/ogg/19622-25.ogg', 'audio/ogg' );
INSERT INTO files ( gid, file, mime ) VALUES ( '19622', 'http://www.gutenberg.org/files/19622/spx/19622-01.spx', 'audio/ogg' );
INSERT INTO files ( gid, file, mime ) VALUES ( '19622', 'http://www.gutenberg.org/files/19622/spx/19622-02.spx', 'audio/ogg' );
INSERT INTO files ( gid, file, mime ) VALUES ( '19622', 'http://www.gutenberg.org/files/19622/spx/19622-03.spx', 'audio/ogg' );
INSERT INTO files ( gid, file, mime ) VALUES ( '19622', 'http://www.gutenberg.org/files/19622/spx/19622-04.spx', 'audio/ogg' );
INSERT INTO files ( gid, file, mime ) VALUES ( '19622', 'http://www.gutenberg.org/files/19622/spx/19622-05.spx', 'audio/ogg' );
INSERT INTO files ( gid, file, mime ) VALUES ( '19622', 'http://www.gutenberg.org/files/19622/spx/19622-06.spx', 'audio/ogg' );
INSERT INTO files ( gid, file, mime ) VALUES ( '19622', 'http://www.gutenberg.org/files/19622/spx/19622-07.spx', 'audio/ogg' );
INSERT INTO files ( gid, file, mime ) VALUES ( '19622', 'http://www.gutenberg.org/files/19622/spx/19622-08.spx', 'audio/ogg' );
INSERT INTO files ( gid, file, mime ) VALUES ( '19622', 'http://www.gutenberg.org/files/19622/spx/19622-09.spx', 'audio/ogg' );
INSERT INTO files ( gid, file, mime ) VALUES ( '19622', 'http://www.gutenberg.org/files/19622/spx/19622-10.spx', 'audio/ogg' );
INSERT INTO files ( gid, file, mime ) VALUES ( '19622', 'http://www.gutenberg.org/files/19622/spx/19622-11.spx', 'audio/ogg' );
INSERT INTO files ( gid, file, mime ) VALUES ( '19622', 'http://www.gutenberg.org/files/19622/spx/19622-12.spx', 'audio/ogg' );
INSERT INTO files ( gid, file, mime ) VALUES ( '19622', 'http://www.gutenberg.org/files/19622/spx/19622-13.spx', 'audio/ogg' );
INSERT INTO files ( gid, file, mime ) VALUES ( '19622', 'http://www.gutenberg.org/files/19622/spx/19622-14.spx', 'audio/ogg' );
INSERT INTO files ( gid, file, mime ) VALUES ( '19622', 'http://www.gutenberg.org/files/19622/spx/19622-15.spx', 'audio/ogg' );
INSERT INTO files ( gid, file, mime ) VALUES ( '19622', 'http://www.gutenberg.org/files/19622/spx/19622-16.spx', 'audio/ogg' );
INSERT INTO files ( gid, file, mime ) VALUES ( '19622', 'http://www.gutenberg.org/files/19622/spx/19622-17.spx', 'audio/ogg' );
INSERT INTO files ( gid, file, mime ) VALUES ( '19622', 'http://www.gutenberg.org/files/19622/spx/19622-18.spx', 'audio/ogg' );
INSERT INTO files ( gid, file, mime ) VALUES ( '19622', 'http://www.gutenberg.org/files/19622/spx/19622-19.spx', 'audio/ogg' );
INSERT INTO files ( gid, file, mime ) VALUES ( '19622', 'http://www.gutenberg.org/files/19622/spx/19622-20.spx', 'audio/ogg' );
INSERT INTO files ( gid, file, mime ) VALUES ( '19622', 'http://www.gutenberg.org/files/19622/spx/19622-21.spx', 'audio/ogg' );
INSERT INTO files ( gid, file, mime ) VALUES ( '19622', 'http://www.gutenberg.org/files/19622/spx/19622-22.spx', 'audio/ogg' );
INSERT INTO files ( gid, file, mime ) VALUES ( '19622', 'http://www.gutenberg.org/files/19622/spx/19622-23.spx', 'audio/ogg' );
INSERT INTO files ( gid, file, mime ) VALUES ( '19622', 'http://www.gutenberg.org/files/19622/spx/19622-24.spx', 'audio/ogg' );
INSERT INTO files ( gid, file, mime ) VALUES ( '19622', 'http://www.gutenberg.org/files/19622/spx/19622-25.spx', 'audio/ogg' );
INSERT INTO titles ( gid, title, author, language, rights ) VALUES ( '7122', 'The Emigrant Mechanic and Other Tales in Verse Together with Numerous Songs Upon Canadian Subjects', 'Cowherd, Thomas', 'en', 'Public domain in the USA.' );
INSERT INTO classifications ( gid, classification ) VALUES ( '7122', 'PS' );
INSERT INTO subjects ( gid, subject ) VALUES ( '7122', 'Poetry' );
INSERT INTO files ( gid, file, mime ) VALUES ( '7122', 'http://www.gutenberg.org/ebooks/7122.epub.images', 'application/epub+zip' );
INSERT INTO files ( gid, file, mime ) VALUES ( '7122', 'http://www.gutenberg.org/ebooks/7122.epub.noimages', 'application/epub+zip' );
INSERT INTO files ( gid, file, mime ) VALUES ( '7122', 'http://www.gutenberg.org/ebooks/7122.html.images', 'text/html' );
INSERT INTO files ( gid, file, mime ) VALUES ( '7122', 'http://www.gutenberg.org/ebooks/7122.html.noimages', 'text/html' );
INSERT INTO files ( gid, file, mime ) VALUES ( '7122', 'http://www.gutenberg.org/ebooks/7122.kindle.images', 'application/x-mobipocket-ebook' );
INSERT INTO files ( gid, file, mime ) VALUES ( '7122', 'http://www.gutenberg.org/ebooks/7122.kindle.noimages', 'application/x-mobipocket-ebook' );
INSERT INTO files ( gid, file, mime ) VALUES ( '7122', 'http://www.gutenberg.org/ebooks/7122.rdf', 'application/rdf+xml' );
INSERT INTO files ( gid, file, mime ) VALUES ( '7122', 'http://www.gutenberg.org/ebooks/7122.txt.utf-8', 'text/plain' );
INSERT INTO files ( gid, file, mime ) VALUES ( '7122', 'http://www.gutenberg.org/files/7122/7122.txt', 'text/plain; charset=us-ascii' );
INSERT INTO files ( gid, file, mime ) VALUES ( '7122', 'http://www.gutenberg.org/files/7122/7122.zip', 'text/plain; charset=us-asciiapplication/zip' );
INSERT INTO titles ( gid, title, author, language, rights ) VALUES ( '722', 'James Otis, the Pre-Revolutionist', 'Edmunds, Charles K. (Charles Keyser)', 'en', 'Public domain in the USA.' );
INSERT INTO subjects ( gid, subject ) VALUES ( '722', 'E300' );
INSERT INTO subjects ( gid, subject ) VALUES ( '722', 'Otis, James, 1725-1783' );
INSERT INTO files ( gid, file, mime ) VALUES ( '722', 'http://www.gutenberg.org/ebooks/722.epub.images', 'application/epub+zip' );
INSERT INTO files ( gid, file, mime ) VALUES ( '722', 'http://www.gutenberg.org/ebooks/722.epub.noimages', 'application/epub+zip' );
INSERT INTO files ( gid, file, mime ) VALUES ( '722', 'http://www.gutenberg.org/ebooks/722.html.images', 'text/html' );
INSERT INTO files ( gid, file, mime ) VALUES ( '722', 'http://www.gutenberg.org/ebooks/722.html.noimages', 'text/html' );
INSERT INTO files ( gid, file, mime ) VALUES ( '722', 'http://www.gutenberg.org/ebooks/722.kindle.images', 'application/x-mobipocket-ebook' );
INSERT INTO files ( gid, file, mime ) VALUES ( '722', 'http://www.gutenberg.org/ebooks/722.kindle.noimages', 'application/x-mobipocket-ebook' );
INSERT INTO files ( gid, file, mime ) VALUES ( '722', 'http://www.gutenberg.org/ebooks/722.rdf', 'application/rdf+xml' );
INSERT INTO files ( gid, file, mime ) VALUES ( '722', 'http://www.gutenberg.org/ebooks/722.txt.utf-8', 'text/plain' );
INSERT INTO files ( gid, file, mime ) VALUES ( '722', 'http://www.gutenberg.org/files/722/722.txt', 'text/plain; charset=us-ascii' );
INSERT INTO files ( gid, file, mime ) VALUES ( '722', 'http://www.gutenberg.org/files/722/722.zip', 'text/plain; charset=us-asciiapplication/zip' );
INSERT INTO titles ( gid, title, author, language, rights ) VALUES ( '7222', 'Fra Bartolommeo', 'Scott, Leader', 'en', 'Public domain in the USA.' );
INSERT INTO classifications ( gid, classification ) VALUES ( '7222', 'ND' );
INSERT INTO subjects ( gid, subject ) VALUES ( '7222', 'Albertinelli, Mariotto, 1474-1515' );
INSERT INTO subjects ( gid, subject ) VALUES ( '7222', 'Sarto, Andrea del, 1486-1530' );
INSERT INTO subjects ( gid, subject ) VALUES ( '7222', 'Bartolomeo, fra, 1472-1517' );
INSERT INTO files ( gid, file, mime ) VALUES ( '7222', 'http://www.gutenberg.org/ebooks/7222.epub.images', 'application/epub+zip' );
INSERT INTO files ( gid, file, mime ) VALUES ( '7222', 'http://www.gutenberg.org/ebooks/7222.epub.noimages', 'application/epub+zip' );
INSERT INTO files ( gid, file, mime ) VALUES ( '7222', 'http://www.gutenberg.org/ebooks/7222.kindle.images', 'application/x-mobipocket-ebook' );
INSERT INTO files ( gid, file, mime ) VALUES ( '7222', 'http://www.gutenberg.org/ebooks/7222.kindle.noimages', 'application/x-mobipocket-ebook' );
INSERT INTO files ( gid, file, mime ) VALUES ( '7222', 'http://www.gutenberg.org/ebooks/7222.rdf', 'application/rdf+xml' );
INSERT INTO files ( gid, file, mime ) VALUES ( '7222', 'http://www.gutenberg.org/ebooks/7222.txt.utf-8', 'text/plain' );
INSERT INTO files ( gid, file, mime ) VALUES ( '7222', 'http://www.gutenberg.org/files/7222/7222-8.txt', 'text/plain; charset=iso-8859-1' );
INSERT INTO files ( gid, file, mime ) VALUES ( '7222', 'http://www.gutenberg.org/files/7222/7222-8.zip', 'text/plain; charset=iso-8859-1application/zip' );
INSERT INTO files ( gid, file, mime ) VALUES ( '7222', 'http://www.gutenberg.org/files/7222/7222-h.zip', 'application/ziptext/html; charset=iso-8859-1' );
INSERT INTO files ( gid, file, mime ) VALUES ( '7222', 'http://www.gutenberg.org/files/7222/7222-h/7222-h.htm', 'text/html; charset=iso-8859-1' );
INSERT INTO files ( gid, file, mime ) VALUES ( '7222', 'http://www.gutenberg.org/files/7222/7222.txt', 'text/plain; charset=us-ascii' );
INSERT INTO files ( gid, file, mime ) VALUES ( '7222', 'http://www.gutenberg.org/files/7222/7222.zip', 'text/plain; charset=us-asciiapplication/zip' );
INSERT INTO titles ( gid, title, author, language, rights ) VALUES ( '7322', 'Our Hundred Days in Europe', 'Holmes, Oliver Wendell', 'en', 'Public domain in the USA.' );
INSERT INTO classifications ( gid, classification ) VALUES ( '7322', 'DA' );
INSERT INTO subjects ( gid, subject ) VALUES ( '7322', 'England -- Description and travel' );
INSERT INTO files ( gid, file, mime ) VALUES ( '7322', 'http://www.gutenberg.org/ebooks/7322.epub.images', 'application/epub+zip' );
INSERT INTO files ( gid, file, mime ) VALUES ( '7322', 'http://www.gutenberg.org/ebooks/7322.epub.noimages', 'application/epub+zip' );
INSERT INTO files ( gid, file, mime ) VALUES ( '7322', 'http://www.gutenberg.org/ebooks/7322.kindle.images', 'application/x-mobipocket-ebook' );
INSERT INTO files ( gid, file, mime ) VALUES ( '7322', 'http://www.gutenberg.org/ebooks/7322.kindle.noimages', 'application/x-mobipocket-ebook' );
INSERT INTO files ( gid, file, mime ) VALUES ( '7322', 'http://www.gutenberg.org/ebooks/7322.rdf', 'application/rdf+xml' );
INSERT INTO files ( gid, file, mime ) VALUES ( '7322', 'http://www.gutenberg.org/ebooks/7322.txt.utf-8', 'text/plain' );
INSERT INTO files ( gid, file, mime ) VALUES ( '7322', 'http://www.gutenberg.org/files/7322/7322-8.txt', 'text/plain; charset=iso-8859-1' );
INSERT INTO files ( gid, file, mime ) VALUES ( '7322', 'http://www.gutenberg.org/files/7322/7322-8.zip', 'text/plain; charset=iso-8859-1application/zip' );
INSERT INTO files ( gid, file, mime ) VALUES ( '7322', 'http://www.gutenberg.org/files/7322/7322-h.zip', 'application/ziptext/html; charset=iso-8859-1' );
INSERT INTO files ( gid, file, mime ) VALUES ( '7322', 'http://www.gutenberg.org/files/7322/7322-h/7322-h.htm', 'text/html; charset=iso-8859-1' );
INSERT INTO titles ( gid, title, author, language, rights ) VALUES ( '7422', 'Roman Holidays, and Others', 'Howells, William Dean', 'en', 'Public domain in the USA.' );
INSERT INTO classifications ( gid, classification ) VALUES ( '7422', 'DG' );
INSERT INTO subjects ( gid, subject ) VALUES ( '7422', 'Rome (Italy) -- Description and travel' );
INSERT INTO subjects ( gid, subject ) VALUES ( '7422', 'Italy -- Description and travel' );
INSERT INTO files ( gid, file, mime ) VALUES ( '7422', 'http://www.gutenberg.org/ebooks/7422.epub.images', 'application/epub+zip' );
INSERT INTO files ( gid, file, mime ) VALUES ( '7422', 'http://www.gutenberg.org/ebooks/7422.epub.noimages', 'application/epub+zip' );
INSERT INTO files ( gid, file, mime ) VALUES ( '7422', 'http://www.gutenberg.org/ebooks/7422.kindle.images', 'application/x-mobipocket-ebook' );
INSERT INTO files ( gid, file, mime ) VALUES ( '7422', 'http://www.gutenberg.org/ebooks/7422.kindle.noimages', 'application/x-mobipocket-ebook' );
INSERT INTO files ( gid, file, mime ) VALUES ( '7422', 'http://www.gutenberg.org/ebooks/7422.rdf', 'application/rdf+xml' );
INSERT INTO files ( gid, file, mime ) VALUES ( '7422', 'http://www.gutenberg.org/files/7422/7422-0.txt', 'text/plain; charset=utf-8' );
INSERT INTO files ( gid, file, mime ) VALUES ( '7422', 'http://www.gutenberg.org/files/7422/7422-0.zip', 'text/plain; charset=utf-8application/zip' );
INSERT INTO files ( gid, file, mime ) VALUES ( '7422', 'http://www.gutenberg.org/files/7422/7422-h.zip', 'application/ziptext/html; charset=utf-8' );
INSERT INTO files ( gid, file, mime ) VALUES ( '7422', 'http://www.gutenberg.org/files/7422/7422-h/7422-h.htm', 'text/html; charset=utf-8' );
INSERT INTO titles ( gid, title, author, language, rights ) VALUES ( '7522', 'King Coal : a Novel', 'Sinclair, Upton', 'en', 'Public domain in the USA.' );
INSERT INTO classifications ( gid, classification ) VALUES ( '7522', 'PS' );
INSERT INTO subjects ( gid, subject ) VALUES ( '7522', 'Coal miners -- Fiction' );
INSERT INTO subjects ( gid, subject ) VALUES ( '7522', 'Coal mines and mining -- Fiction' );
INSERT INTO files ( gid, file, mime ) VALUES ( '7522', 'http://www.gutenberg.org/ebooks/7522.epub.images', 'application/epub+zip' );
INSERT INTO files ( gid, file, mime ) VALUES ( '7522', 'http://www.gutenberg.org/ebooks/7522.epub.noimages', 'application/epub+zip' );
INSERT INTO files ( gid, file, mime ) VALUES ( '7522', 'http://www.gutenberg.org/ebooks/7522.kindle.images', 'application/x-mobipocket-ebook' );
INSERT INTO files ( gid, file, mime ) VALUES ( '7522', 'http://www.gutenberg.org/ebooks/7522.kindle.noimages', 'application/x-mobipocket-ebook' );
INSERT INTO files ( gid, file, mime ) VALUES ( '7522', 'http://www.gutenberg.org/ebooks/7522.rdf', 'application/rdf+xml' );
INSERT INTO files ( gid, file, mime ) VALUES ( '7522', 'http://www.gutenberg.org/files/7522/7522-0.txt', 'text/plain; charset=utf-8' );
INSERT INTO files ( gid, file, mime ) VALUES ( '7522', 'http://www.gutenberg.org/files/7522/7522-0.zip', 'text/plain; charset=utf-8application/zip' );
INSERT INTO files ( gid, file, mime ) VALUES ( '7522', 'http://www.gutenberg.org/files/7522/7522-8.txt', 'text/plain; charset=iso-8859-1' );
INSERT INTO files ( gid, file, mime ) VALUES ( '7522', 'http://www.gutenberg.org/files/7522/7522-8.zip', 'text/plain; charset=iso-8859-1application/zip' );
INSERT INTO files ( gid, file, mime ) VALUES ( '7522', 'http://www.gutenberg.org/files/7522/7522-h.zip', 'application/ziptext/html; charset=utf-8' );
INSERT INTO files ( gid, file, mime ) VALUES ( '7522', 'http://www.gutenberg.org/files/7522/7522-h/7522-h.htm', 'text/html; charset=utf-8' );
INSERT INTO files ( gid, file, mime ) VALUES ( '7522', 'http://www.gutenberg.org/files/7522/7522.txt', 'text/plain; charset=us-ascii' );
INSERT INTO files ( gid, file, mime ) VALUES ( '7522', 'http://www.gutenberg.org/files/7522/7522.zip', 'text/plain; charset=us-asciiapplication/zip' );
INSERT INTO titles ( gid, title, author, language, rights ) VALUES ( '7622', 'Pelham — Volume 08', 'Lytton, Edward Bulwer Lytton, Baron', 'en', 'Public domain in the USA.' );
INSERT INTO classifications ( gid, classification ) VALUES ( '7622', 'PR' );
INSERT INTO subjects ( gid, subject ) VALUES ( '7622', 'Adventure stories' );
INSERT INTO subjects ( gid, subject ) VALUES ( '7622', 'English fiction -- 19th century' );
INSERT INTO subjects ( gid, subject ) VALUES ( '7622', 'Great Britain -- History -- 19th century -- Fiction' );
INSERT INTO files ( gid, file, mime ) VALUES ( '7622', 'http://www.gutenberg.org/ebooks/7622.epub.images', 'application/epub+zip' );
INSERT INTO files ( gid, file, mime ) VALUES ( '7622', 'http://www.gutenberg.org/ebooks/7622.epub.noimages', 'application/epub+zip' );
INSERT INTO files ( gid, file, mime ) VALUES ( '7622', 'http://www.gutenberg.org/ebooks/7622.html.images', 'text/html' );
INSERT INTO files ( gid, file, mime ) VALUES ( '7622', 'http://www.gutenberg.org/ebooks/7622.html.noimages', 'text/html' );
INSERT INTO files ( gid, file, mime ) VALUES ( '7622', 'http://www.gutenberg.org/ebooks/7622.kindle.images', 'application/x-mobipocket-ebook' );
INSERT INTO files ( gid, file, mime ) VALUES ( '7622', 'http://www.gutenberg.org/ebooks/7622.kindle.noimages', 'application/x-mobipocket-ebook' );
INSERT INTO files ( gid, file, mime ) VALUES ( '7622', 'http://www.gutenberg.org/ebooks/7622.rdf', 'application/rdf+xml' );
INSERT INTO files ( gid, file, mime ) VALUES ( '7622', 'http://www.gutenberg.org/ebooks/7622.txt.utf-8', 'text/plain' );
INSERT INTO files ( gid, file, mime ) VALUES ( '7622', 'http://www.gutenberg.org/files/7622/7622.txt', 'text/plain; charset=us-ascii' );
INSERT INTO files ( gid, file, mime ) VALUES ( '7622', 'http://www.gutenberg.org/files/7622/7622.zip', 'text/plain; charset=us-asciiapplication/zip' );
INSERT INTO titles ( gid, title, author, language, rights ) VALUES ( '7722', 'The Last of the Barons — Volume 08', 'Lytton, Edward Bulwer Lytton, Baron', 'en', 'Public domain in the USA.' );
INSERT INTO classifications ( gid, classification ) VALUES ( '7722', 'PR' );
INSERT INTO subjects ( gid, subject ) VALUES ( '7722', 'Great Britain -- History -- Wars of the Roses, 1455-1485 -- Fiction' );
INSERT INTO subjects ( gid, subject ) VALUES ( '7722', 'Warwick, Richard Neville, Earl of, 1428-1471 -- Fiction' );
INSERT INTO files ( gid, file, mime ) VALUES ( '7722', 'http://www.gutenberg.org/ebooks/7722.epub.images', 'application/epub+zip' );
INSERT INTO files ( gid, file, mime ) VALUES ( '7722', 'http://www.gutenberg.org/ebooks/7722.epub.noimages', 'application/epub+zip' );
INSERT INTO files ( gid, file, mime ) VALUES ( '7722', 'http://www.gutenberg.org/ebooks/7722.html.images', 'text/html' );
INSERT INTO files ( gid, file, mime ) VALUES ( '7722', 'http://www.gutenberg.org/ebooks/7722.html.noimages', 'text/html' );
INSERT INTO files ( gid, file, mime ) VALUES ( '7722', 'http://www.gutenberg.org/ebooks/7722.kindle.images', 'application/x-mobipocket-ebook' );
INSERT INTO files ( gid, file, mime ) VALUES ( '7722', 'http://www.gutenberg.org/ebooks/7722.kindle.noimages', 'application/x-mobipocket-ebook' );
INSERT INTO files ( gid, file, mime ) VALUES ( '7722', 'http://www.gutenberg.org/ebooks/7722.rdf', 'application/rdf+xml' );
INSERT INTO files ( gid, file, mime ) VALUES ( '7722', 'http://www.gutenberg.org/ebooks/7722.txt.utf-8', 'text/plain' );
INSERT INTO files ( gid, file, mime ) VALUES ( '7722', 'http://www.gutenberg.org/files/7722/7722.txt', 'text/plain; charset=us-ascii' );
INSERT INTO files ( gid, file, mime ) VALUES ( '7722', 'http://www.gutenberg.org/files/7722/7722.zip', 'application/ziptext/plain; charset=us-ascii' );
INSERT INTO titles ( gid, title, author, language, rights ) VALUES ( '7822', 'The Attaché; or, Sam Slick in England — Volume 02', 'Haliburton, Thomas Chandler', 'en', 'Public domain in the USA.' );
INSERT INTO classifications ( gid, classification ) VALUES ( '7822', 'PS' );
INSERT INTO subjects ( gid, subject ) VALUES ( '7822', 'Humorous stories, Canadian' );
INSERT INTO subjects ( gid, subject ) VALUES ( '7822', 'Slick, Sam (Fictitious character) -- Fiction' );
INSERT INTO subjects ( gid, subject ) VALUES ( '7822', 'Canadians -- England -- Fiction' );
INSERT INTO subjects ( gid, subject ) VALUES ( '7822', 'Canada -- Social life and customs -- Fiction' );
INSERT INTO files ( gid, file, mime ) VALUES ( '7822', 'http://www.gutenberg.org/ebooks/7822.epub.images', 'application/epub+zip' );
INSERT INTO files ( gid, file, mime ) VALUES ( '7822', 'http://www.gutenberg.org/ebooks/7822.epub.noimages', 'application/epub+zip' );
INSERT INTO files ( gid, file, mime ) VALUES ( '7822', 'http://www.gutenberg.org/ebooks/7822.kindle.images', 'application/x-mobipocket-ebook' );
INSERT INTO files ( gid, file, mime ) VALUES ( '7822', 'http://www.gutenberg.org/ebooks/7822.kindle.noimages', 'application/x-mobipocket-ebook' );
INSERT INTO files ( gid, file, mime ) VALUES ( '7822', 'http://www.gutenberg.org/ebooks/7822.rdf', 'application/rdf+xml' );
INSERT INTO files ( gid, file, mime ) VALUES ( '7822', 'http://www.gutenberg.org/files/7822/7822-0.txt', 'text/plain; charset=utf-8' );
INSERT INTO files ( gid, file, mime ) VALUES ( '7822', 'http://www.gutenberg.org/files/7822/7822-0.zip', 'text/plain; charset=utf-8application/zip' );
INSERT INTO files ( gid, file, mime ) VALUES ( '7822', 'http://www.gutenberg.org/files/7822/7822-h.zip', 'application/ziptext/html; charset=utf-8' );
INSERT INTO files ( gid, file, mime ) VALUES ( '7822', 'http://www.gutenberg.org/files/7822/7822-h/7822-h.htm', 'text/html; charset=utf-8' );
INSERT INTO files ( gid, file, mime ) VALUES ( '7822', 'http://www.gutenberg.org/files/7822/7822.txt', 'text/plain; charset=us-ascii' );
INSERT INTO files ( gid, file, mime ) VALUES ( '7822', 'http://www.gutenberg.org/files/7822/7822.zip', 'text/plain; charset=us-asciiapplication/zip' );
INSERT INTO titles ( gid, title, author, language, rights ) VALUES ( '19822', 'With the British Army in The Holy Land', 'Lock, H. O. (Henry Osmond)', 'en', 'Public domain in the USA.' );
INSERT INTO subjects ( gid, subject ) VALUES ( '19822', 'D501' );
INSERT INTO subjects ( gid, subject ) VALUES ( '19822', 'World War, 1914-1918 -- Campaigns -- Palestine' );
INSERT INTO files ( gid, file, mime ) VALUES ( '19822', 'http://www.gutenberg.org/ebooks/19822.epub.images', 'application/epub+zip' );
INSERT INTO files ( gid, file, mime ) VALUES ( '19822', 'http://www.gutenberg.org/ebooks/19822.epub.noimages', 'application/epub+zip' );
INSERT INTO files ( gid, file, mime ) VALUES ( '19822', 'http://www.gutenberg.org/ebooks/19822.kindle.images', 'application/x-mobipocket-ebook' );
INSERT INTO files ( gid, file, mime ) VALUES ( '19822', 'http://www.gutenberg.org/ebooks/19822.kindle.noimages', 'application/x-mobipocket-ebook' );
INSERT INTO files ( gid, file, mime ) VALUES ( '19822', 'http://www.gutenberg.org/ebooks/19822.rdf', 'application/rdf+xml' );
INSERT INTO files ( gid, file, mime ) VALUES ( '19822', 'http://www.gutenberg.org/ebooks/19822.txt.utf-8', 'text/plain' );
INSERT INTO files ( gid, file, mime ) VALUES ( '19822', 'http://www.gutenberg.org/files/19822/19822-8.txt', 'text/plain; charset=iso-8859-1' );
INSERT INTO files ( gid, file, mime ) VALUES ( '19822', 'http://www.gutenberg.org/files/19822/19822-8.zip', 'text/plain; charset=iso-8859-1application/zip' );
INSERT INTO files ( gid, file, mime ) VALUES ( '19822', 'http://www.gutenberg.org/files/19822/19822-h.zip', 'text/html; charset=iso-8859-1application/zip' );
INSERT INTO files ( gid, file, mime ) VALUES ( '19822', 'http://www.gutenberg.org/files/19822/19822-h/19822-h.htm', 'text/html; charset=iso-8859-1' );
INSERT INTO files ( gid, file, mime ) VALUES ( '19822', 'http://www.gutenberg.org/files/19822/19822.txt', 'text/plain; charset=us-ascii' );
INSERT INTO files ( gid, file, mime ) VALUES ( '19822', 'http://www.gutenberg.org/files/19822/19822.zip', 'text/plain; charset=us-asciiapplication/zip' );
INSERT INTO titles ( gid, title, author, language, rights ) VALUES ( '19922', 'The Scientific Evidences of Organic Evolution', 'Romanes, George John', 'en', 'Public domain in the USA.' );
INSERT INTO classifications ( gid, classification ) VALUES ( '19922', 'QH' );
INSERT INTO subjects ( gid, subject ) VALUES ( '19922', 'Evolution' );
INSERT INTO files ( gid, file, mime ) VALUES ( '19922', 'http://www.gutenberg.org/ebooks/19922.epub.images', 'application/epub+zip' );
INSERT INTO files ( gid, file, mime ) VALUES ( '19922', 'http://www.gutenberg.org/ebooks/19922.epub.noimages', 'application/epub+zip' );
INSERT INTO files ( gid, file, mime ) VALUES ( '19922', 'http://www.gutenberg.org/ebooks/19922.kindle.images', 'application/x-mobipocket-ebook' );
INSERT INTO files ( gid, file, mime ) VALUES ( '19922', 'http://www.gutenberg.org/ebooks/19922.kindle.noimages', 'application/x-mobipocket-ebook' );
INSERT INTO files ( gid, file, mime ) VALUES ( '19922', 'http://www.gutenberg.org/ebooks/19922.rdf', 'application/rdf+xml' );
INSERT INTO files ( gid, file, mime ) VALUES ( '19922', 'http://www.gutenberg.org/ebooks/19922.txt.utf-8', 'text/plain' );
INSERT INTO files ( gid, file, mime ) VALUES ( '19922', 'http://www.gutenberg.org/files/19922/19922-8.txt', 'text/plain; charset=iso-8859-1' );
INSERT INTO files ( gid, file, mime ) VALUES ( '19922', 'http://www.gutenberg.org/files/19922/19922-8.zip', 'text/plain; charset=iso-8859-1application/zip' );
INSERT INTO files ( gid, file, mime ) VALUES ( '19922', 'http://www.gutenberg.org/files/19922/19922-h.zip', 'text/html; charset=iso-8859-1application/zip' );
INSERT INTO files ( gid, file, mime ) VALUES ( '19922', 'http://www.gutenberg.org/files/19922/19922-h/19922-h.htm', 'text/html; charset=iso-8859-1' );
INSERT INTO files ( gid, file, mime ) VALUES ( '19922', 'http://www.gutenberg.org/files/19922/19922.txt', 'text/plain; charset=us-ascii' );
INSERT INTO files ( gid, file, mime ) VALUES ( '19922', 'http://www.gutenberg.org/files/19922/19922.zip', 'application/ziptext/plain; charset=us-ascii' );
INSERT INTO titles ( gid, title, author, language, rights ) VALUES ( '20022', '"Sequil"; Or, Things Whitch Aint Finished in the First', 'Shute, Henry A. (Henry Augustus)', 'en', 'Public domain in the USA.' );
INSERT INTO classifications ( gid, classification ) VALUES ( '20022', 'PZ' );
INSERT INTO subjects ( gid, subject ) VALUES ( '20022', 'Diary fiction' );
INSERT INTO subjects ( gid, subject ) VALUES ( '20022', 'Boys -- Juvenile fiction' );
INSERT INTO files ( gid, file, mime ) VALUES ( '20022', 'http://www.gutenberg.org/ebooks/20022.epub.images', 'application/epub+zip' );
INSERT INTO files ( gid, file, mime ) VALUES ( '20022', 'http://www.gutenberg.org/ebooks/20022.epub.noimages', 'application/epub+zip' );
INSERT INTO files ( gid, file, mime ) VALUES ( '20022', 'http://www.gutenberg.org/ebooks/20022.html.images', 'text/html' );
INSERT INTO files ( gid, file, mime ) VALUES ( '20022', 'http://www.gutenberg.org/ebooks/20022.html.noimages', 'text/html' );
INSERT INTO files ( gid, file, mime ) VALUES ( '20022', 'http://www.gutenberg.org/ebooks/20022.kindle.images', 'application/x-mobipocket-ebook' );
INSERT INTO files ( gid, file, mime ) VALUES ( '20022', 'http://www.gutenberg.org/ebooks/20022.kindle.noimages', 'application/x-mobipocket-ebook' );
INSERT INTO files ( gid, file, mime ) VALUES ( '20022', 'http://www.gutenberg.org/ebooks/20022.rdf', 'application/rdf+xml' );
INSERT INTO files ( gid, file, mime ) VALUES ( '20022', 'http://www.gutenberg.org/ebooks/20022.txt.utf-8', 'text/plain' );
INSERT INTO files ( gid, file, mime ) VALUES ( '20022', 'http://www.gutenberg.org/files/20022/20022.txt', 'text/plain; charset=us-ascii' );
INSERT INTO files ( gid, file, mime ) VALUES ( '20022', 'http://www.gutenberg.org/files/20022/20022.zip', 'text/plain; charset=us-asciiapplication/zip' );
INSERT INTO titles ( gid, title, author, language, rights ) VALUES ( '20122', 'The Queen''s Necklace', 'Dumas, Alexandre', 'en', 'Public domain in the USA.' );
INSERT INTO classifications ( gid, classification ) VALUES ( '20122', 'PQ' );
INSERT INTO subjects ( gid, subject ) VALUES ( '20122', 'Biographical fiction' );
INSERT INTO subjects ( gid, subject ) VALUES ( '20122', 'Queens -- France -- Fiction' );
INSERT INTO subjects ( gid, subject ) VALUES ( '20122', 'Cagliostro, Alessandro, conte di, 1743-1795 -- Fiction' );
INSERT INTO subjects ( gid, subject ) VALUES ( '20122', 'France -- History -- Louis XVI, 1774-1793 -- Fiction' );
INSERT INTO subjects ( gid, subject ) VALUES ( '20122', 'Marie Antoinette, Queen, consort of Louis XVI, King of France, 1755-1793 -- Fiction' );
INSERT INTO files ( gid, file, mime ) VALUES ( '20122', 'http://www.gutenberg.org/ebooks/20122.epub.images', 'application/epub+zip' );
INSERT INTO files ( gid, file, mime ) VALUES ( '20122', 'http://www.gutenberg.org/ebooks/20122.epub.noimages', 'application/epub+zip' );
INSERT INTO files ( gid, file, mime ) VALUES ( '20122', 'http://www.gutenberg.org/ebooks/20122.kindle.images', 'application/x-mobipocket-ebook' );
INSERT INTO files ( gid, file, mime ) VALUES ( '20122', 'http://www.gutenberg.org/ebooks/20122.kindle.noimages', 'application/x-mobipocket-ebook' );
INSERT INTO files ( gid, file, mime ) VALUES ( '20122', 'http://www.gutenberg.org/ebooks/20122.rdf', 'application/rdf+xml' );
INSERT INTO files ( gid, file, mime ) VALUES ( '20122', 'http://www.gutenberg.org/ebooks/20122.txt.utf-8', 'text/plain' );
INSERT INTO files ( gid, file, mime ) VALUES ( '20122', 'http://www.gutenberg.org/files/20122/20122-8.txt', 'text/plain; charset=iso-8859-1' );
INSERT INTO files ( gid, file, mime ) VALUES ( '20122', 'http://www.gutenberg.org/files/20122/20122-8.zip', 'text/plain; charset=iso-8859-1application/zip' );
INSERT INTO files ( gid, file, mime ) VALUES ( '20122', 'http://www.gutenberg.org/files/20122/20122-h.zip', 'application/ziptext/html; charset=iso-8859-1' );
INSERT INTO files ( gid, file, mime ) VALUES ( '20122', 'http://www.gutenberg.org/files/20122/20122-h/20122-h.htm', 'text/html; charset=iso-8859-1' );
INSERT INTO files ( gid, file, mime ) VALUES ( '20122', 'http://www.gutenberg.org/files/20122/20122.txt', 'text/plain; charset=us-ascii' );
INSERT INTO files ( gid, file, mime ) VALUES ( '20122', 'http://www.gutenberg.org/files/20122/20122.zip', 'application/ziptext/plain; charset=us-ascii' );
INSERT INTO titles ( gid, title, author, language, rights ) VALUES ( '20222', 'An Ethical Problem Or, Sidelights upon Scientific Experimentation on Man and Animals', 'Leffingwell, Albert', 'en', 'Public domain in the USA.' );
INSERT INTO classifications ( gid, classification ) VALUES ( '20222', 'HV' );
INSERT INTO subjects ( gid, subject ) VALUES ( '20222', 'Vivisection' );
INSERT INTO subjects ( gid, subject ) VALUES ( '20222', 'Medicine, Experimental' );
INSERT INTO files ( gid, file, mime ) VALUES ( '20222', 'http://www.gutenberg.org/ebooks/20222.epub.images', 'application/epub+zip' );
INSERT INTO files ( gid, file, mime ) VALUES ( '20222', 'http://www.gutenberg.org/ebooks/20222.epub.noimages', 'application/epub+zip' );
INSERT INTO files ( gid, file, mime ) VALUES ( '20222', 'http://www.gutenberg.org/ebooks/20222.html.images', 'text/html' );
INSERT INTO files ( gid, file, mime ) VALUES ( '20222', 'http://www.gutenberg.org/ebooks/20222.html.noimages', 'text/html' );
INSERT INTO files ( gid, file, mime ) VALUES ( '20222', 'http://www.gutenberg.org/ebooks/20222.kindle.images', 'application/x-mobipocket-ebook' );
INSERT INTO files ( gid, file, mime ) VALUES ( '20222', 'http://www.gutenberg.org/ebooks/20222.kindle.noimages', 'application/x-mobipocket-ebook' );
INSERT INTO files ( gid, file, mime ) VALUES ( '20222', 'http://www.gutenberg.org/ebooks/20222.rdf', 'application/rdf+xml' );
INSERT INTO files ( gid, file, mime ) VALUES ( '20222', 'http://www.gutenberg.org/ebooks/20222.txt.utf-8', 'text/plain' );
INSERT INTO files ( gid, file, mime ) VALUES ( '20222', 'http://www.gutenberg.org/files/20222/20222.txt', 'text/plain; charset=us-ascii' );
INSERT INTO files ( gid, file, mime ) VALUES ( '20222', 'http://www.gutenberg.org/files/20222/20222.zip', 'application/ziptext/plain; charset=us-ascii' );
INSERT INTO titles ( gid, title, author, language, rights ) VALUES ( '2022', 'Angling Sketches', 'Lang, Andrew', 'en', 'Public domain in the USA.' );
INSERT INTO classifications ( gid, classification ) VALUES ( '2022', 'SH' );
INSERT INTO subjects ( gid, subject ) VALUES ( '2022', 'Fishing' );
INSERT INTO files ( gid, file, mime ) VALUES ( '2022', 'http://www.gutenberg.org/ebooks/2022.epub.images', 'application/epub+zip' );
INSERT INTO files ( gid, file, mime ) VALUES ( '2022', 'http://www.gutenberg.org/ebooks/2022.epub.noimages', 'application/epub+zip' );
INSERT INTO files ( gid, file, mime ) VALUES ( '2022', 'http://www.gutenberg.org/ebooks/2022.kindle.images', 'application/x-mobipocket-ebook' );
INSERT INTO files ( gid, file, mime ) VALUES ( '2022', 'http://www.gutenberg.org/ebooks/2022.kindle.noimages', 'application/x-mobipocket-ebook' );
INSERT INTO files ( gid, file, mime ) VALUES ( '2022', 'http://www.gutenberg.org/ebooks/2022.rdf', 'application/rdf+xml' );
INSERT INTO files ( gid, file, mime ) VALUES ( '2022', 'http://www.gutenberg.org/ebooks/2022.txt.utf-8', 'text/plain' );
INSERT INTO files ( gid, file, mime ) VALUES ( '2022', 'http://www.gutenberg.org/files/2022/2022-h.zip', 'text/htmlapplication/zip' );
INSERT INTO files ( gid, file, mime ) VALUES ( '2022', 'http://www.gutenberg.org/files/2022/2022-h/2022-h.htm', 'text/html' );
INSERT INTO files ( gid, file, mime ) VALUES ( '2022', 'http://www.gutenberg.org/files/2022/2022.txt', 'text/plain; charset=us-ascii' );
INSERT INTO files ( gid, file, mime ) VALUES ( '2022', 'http://www.gutenberg.org/files/2022/2022.zip', 'application/ziptext/plain; charset=us-ascii' );
INSERT INTO titles ( gid, title, author, language, rights ) VALUES ( '20322', 'Notes and Queries, Number 188, June 4, 1853 A Medium of Inter-communication for Literary Men, Artists, Antiquaries, Genealogists, etc.', 'Various', 'en', 'Public domain in the USA.' );
INSERT INTO classifications ( gid, classification ) VALUES ( '20322', 'AG' );
INSERT INTO subjects ( gid, subject ) VALUES ( '20322', 'Questions and answers -- Periodicals' );
INSERT INTO files ( gid, file, mime ) VALUES ( '20322', 'http://www.gutenberg.org/ebooks/20322.epub.images', 'application/epub+zip' );
INSERT INTO files ( gid, file, mime ) VALUES ( '20322', 'http://www.gutenberg.org/ebooks/20322.epub.noimages', 'application/epub+zip' );
INSERT INTO files ( gid, file, mime ) VALUES ( '20322', 'http://www.gutenberg.org/ebooks/20322.kindle.images', 'application/x-mobipocket-ebook' );
INSERT INTO files ( gid, file, mime ) VALUES ( '20322', 'http://www.gutenberg.org/ebooks/20322.kindle.noimages', 'application/x-mobipocket-ebook' );
INSERT INTO files ( gid, file, mime ) VALUES ( '20322', 'http://www.gutenberg.org/ebooks/20322.rdf', 'application/rdf+xml' );
INSERT INTO files ( gid, file, mime ) VALUES ( '20322', 'http://www.gutenberg.org/ebooks/20322.txt.utf-8', 'text/plain' );
INSERT INTO files ( gid, file, mime ) VALUES ( '20322', 'http://www.gutenberg.org/files/20322/20322-8.txt', 'text/plain; charset=iso-8859-1' );
INSERT INTO files ( gid, file, mime ) VALUES ( '20322', 'http://www.gutenberg.org/files/20322/20322-8.zip', 'text/plain; charset=iso-8859-1application/zip' );
INSERT INTO files ( gid, file, mime ) VALUES ( '20322', 'http://www.gutenberg.org/files/20322/20322-h.zip', 'text/html; charset=iso-8859-1application/zip' );
INSERT INTO files ( gid, file, mime ) VALUES ( '20322', 'http://www.gutenberg.org/files/20322/20322-h/20322-h.htm', 'text/html; charset=iso-8859-1' );
INSERT INTO files ( gid, file, mime ) VALUES ( '20322', 'http://www.gutenberg.org/files/20322/20322.txt', 'text/plain; charset=us-ascii' );
INSERT INTO files ( gid, file, mime ) VALUES ( '20322', 'http://www.gutenberg.org/files/20322/20322.zip', 'application/ziptext/plain; charset=us-ascii' );
INSERT INTO titles ( gid, title, author, language, rights ) VALUES ( '20422', 'Runoelmia', 'Goethe, Johann Wolfgang von', 'fi', 'Public domain in the USA.' );
INSERT INTO classifications ( gid, classification ) VALUES ( '20422', 'PT' );
INSERT INTO subjects ( gid, subject ) VALUES ( '20422', 'Poetry' );
INSERT INTO files ( gid, file, mime ) VALUES ( '20422', 'http://www.gutenberg.org/ebooks/20422.epub.images', 'application/epub+zip' );
INSERT INTO files ( gid, file, mime ) VALUES ( '20422', 'http://www.gutenberg.org/ebooks/20422.epub.noimages', 'application/epub+zip' );
INSERT INTO files ( gid, file, mime ) VALUES ( '20422', 'http://www.gutenberg.org/ebooks/20422.html.images', 'text/html' );
INSERT INTO files ( gid, file, mime ) VALUES ( '20422', 'http://www.gutenberg.org/ebooks/20422.html.noimages', 'text/html' );
INSERT INTO files ( gid, file, mime ) VALUES ( '20422', 'http://www.gutenberg.org/ebooks/20422.kindle.images', 'application/x-mobipocket-ebook' );
INSERT INTO files ( gid, file, mime ) VALUES ( '20422', 'http://www.gutenberg.org/ebooks/20422.kindle.noimages', 'application/x-mobipocket-ebook' );
INSERT INTO files ( gid, file, mime ) VALUES ( '20422', 'http://www.gutenberg.org/ebooks/20422.rdf', 'application/rdf+xml' );
INSERT INTO files ( gid, file, mime ) VALUES ( '20422', 'http://www.gutenberg.org/ebooks/20422.txt.utf-8', 'text/plain' );
INSERT INTO files ( gid, file, mime ) VALUES ( '20422', 'http://www.gutenberg.org/files/20422/20422-8.txt', 'text/plain; charset=iso-8859-1' );
INSERT INTO files ( gid, file, mime ) VALUES ( '20422', 'http://www.gutenberg.org/files/20422/20422-8.zip', 'application/ziptext/plain; charset=iso-8859-1' );
INSERT INTO titles ( gid, title, author, language, rights ) VALUES ( '20622', 'The Kentucky Ranger', 'Curnick, Edward T.', 'en', 'Public domain in the USA.' );
INSERT INTO classifications ( gid, classification ) VALUES ( '20622', 'PS' );
INSERT INTO subjects ( gid, subject ) VALUES ( '20622', 'Christian fiction' );
INSERT INTO subjects ( gid, subject ) VALUES ( '20622', 'Kentucky -- Fiction' );
INSERT INTO files ( gid, file, mime ) VALUES ( '20622', 'http://www.gutenberg.org/ebooks/20622.epub.images', 'application/epub+zip' );
INSERT INTO files ( gid, file, mime ) VALUES ( '20622', 'http://www.gutenberg.org/ebooks/20622.epub.noimages', 'application/epub+zip' );
INSERT INTO files ( gid, file, mime ) VALUES ( '20622', 'http://www.gutenberg.org/ebooks/20622.kindle.images', 'application/x-mobipocket-ebook' );
INSERT INTO files ( gid, file, mime ) VALUES ( '20622', 'http://www.gutenberg.org/ebooks/20622.kindle.noimages', 'application/x-mobipocket-ebook' );
INSERT INTO files ( gid, file, mime ) VALUES ( '20622', 'http://www.gutenberg.org/ebooks/20622.rdf', 'application/rdf+xml' );
INSERT INTO files ( gid, file, mime ) VALUES ( '20622', 'http://www.gutenberg.org/ebooks/20622.txt.utf-8', 'text/plain' );
INSERT INTO files ( gid, file, mime ) VALUES ( '20622', 'http://www.gutenberg.org/files/20622/20622-h.zip', 'application/ziptext/html; charset=iso-8859-1' );
INSERT INTO files ( gid, file, mime ) VALUES ( '20622', 'http://www.gutenberg.org/files/20622/20622-h/20622-h.htm', 'text/html; charset=iso-8859-1' );
INSERT INTO files ( gid, file, mime ) VALUES ( '20622', 'http://www.gutenberg.org/files/20622/20622.txt', 'text/plain; charset=us-ascii' );
INSERT INTO files ( gid, file, mime ) VALUES ( '20622', 'http://www.gutenberg.org/files/20622/20622.zip', 'application/ziptext/plain; charset=us-ascii' );
INSERT INTO titles ( gid, title, author, language, rights ) VALUES ( '20522', 'The Story of the Mind', 'Baldwin, James Mark', 'en', 'Public domain in the USA.' );
INSERT INTO classifications ( gid, classification ) VALUES ( '20522', 'BF' );
INSERT INTO subjects ( gid, subject ) VALUES ( '20522', 'Psychology' );
INSERT INTO files ( gid, file, mime ) VALUES ( '20522', 'http://www.gutenberg.org/ebooks/20522.epub.images', 'application/epub+zip' );
INSERT INTO files ( gid, file, mime ) VALUES ( '20522', 'http://www.gutenberg.org/ebooks/20522.epub.noimages', 'application/epub+zip' );
INSERT INTO files ( gid, file, mime ) VALUES ( '20522', 'http://www.gutenberg.org/ebooks/20522.kindle.images', 'application/x-mobipocket-ebook' );
INSERT INTO files ( gid, file, mime ) VALUES ( '20522', 'http://www.gutenberg.org/ebooks/20522.kindle.noimages', 'application/x-mobipocket-ebook' );
INSERT INTO files ( gid, file, mime ) VALUES ( '20522', 'http://www.gutenberg.org/ebooks/20522.rdf', 'application/rdf+xml' );
INSERT INTO files ( gid, file, mime ) VALUES ( '20522', 'http://www.gutenberg.org/ebooks/20522.txt.utf-8', 'text/plain' );
INSERT INTO files ( gid, file, mime ) VALUES ( '20522', 'http://www.gutenberg.org/files/20522/20522-8.txt', 'text/plain; charset=iso-8859-1' );
INSERT INTO files ( gid, file, mime ) VALUES ( '20522', 'http://www.gutenberg.org/files/20522/20522-8.zip', 'text/plain; charset=iso-8859-1application/zip' );
INSERT INTO files ( gid, file, mime ) VALUES ( '20522', 'http://www.gutenberg.org/files/20522/20522-h.zip', 'text/html; charset=iso-8859-1application/zip' );
INSERT INTO files ( gid, file, mime ) VALUES ( '20522', 'http://www.gutenberg.org/files/20522/20522-h/20522-h.htm', 'text/html; charset=iso-8859-1' );
INSERT INTO files ( gid, file, mime ) VALUES ( '20522', 'http://www.gutenberg.org/files/20522/20522.txt', 'text/plain; charset=us-ascii' );
INSERT INTO files ( gid, file, mime ) VALUES ( '20522', 'http://www.gutenberg.org/files/20522/20522.zip', 'application/ziptext/plain; charset=us-ascii' );
INSERT INTO titles ( gid, title, author, language, rights ) VALUES ( '20822', 'The Camp Fire Girls on the March; Or, Bessie King''s Test of Friendship', 'Stewart, Jane L.', 'en', 'Public domain in the USA.' );
INSERT INTO classifications ( gid, classification ) VALUES ( '20822', 'PZ' );
INSERT INTO subjects ( gid, subject ) VALUES ( '20822', 'Camp Fire Girls -- Juvenile fiction' );
INSERT INTO files ( gid, file, mime ) VALUES ( '20822', 'http://www.gutenberg.org/ebooks/20822.epub.images', 'application/epub+zip' );
INSERT INTO files ( gid, file, mime ) VALUES ( '20822', 'http://www.gutenberg.org/ebooks/20822.epub.noimages', 'application/epub+zip' );
INSERT INTO files ( gid, file, mime ) VALUES ( '20822', 'http://www.gutenberg.org/ebooks/20822.kindle.images', 'application/x-mobipocket-ebook' );
INSERT INTO files ( gid, file, mime ) VALUES ( '20822', 'http://www.gutenberg.org/ebooks/20822.kindle.noimages', 'application/x-mobipocket-ebook' );
INSERT INTO files ( gid, file, mime ) VALUES ( '20822', 'http://www.gutenberg.org/ebooks/20822.rdf', 'application/rdf+xml' );
INSERT INTO files ( gid, file, mime ) VALUES ( '20822', 'http://www.gutenberg.org/ebooks/20822.txt.utf-8', 'text/plain' );
INSERT INTO files ( gid, file, mime ) VALUES ( '20822', 'http://www.gutenberg.org/files/20822/20822-h.zip', 'text/html; charset=iso-8859-1application/zip' );
INSERT INTO files ( gid, file, mime ) VALUES ( '20822', 'http://www.gutenberg.org/files/20822/20822-h/20822-h.htm', 'text/html; charset=iso-8859-1' );
INSERT INTO files ( gid, file, mime ) VALUES ( '20822', 'http://www.gutenberg.org/files/20822/20822.txt', 'text/plain; charset=us-ascii' );
INSERT INTO files ( gid, file, mime ) VALUES ( '20822', 'http://www.gutenberg.org/files/20822/20822.zip', 'text/plain; charset=us-asciiapplication/zip' );
INSERT INTO titles ( gid, title, author, language, rights ) VALUES ( '20722', 'A Little Girl in Old Salem', 'Douglas, Amanda M.', 'en', 'Public domain in the USA.' );
INSERT INTO classifications ( gid, classification ) VALUES ( '20722', 'PZ' );
INSERT INTO subjects ( gid, subject ) VALUES ( '20722', 'Salem (Mass.) -- Fiction' );
INSERT INTO files ( gid, file, mime ) VALUES ( '20722', 'http://www.gutenberg.org/cache/epub/20722/pg20722.cover.medium.jpg', 'image/jpeg' );
INSERT INTO files ( gid, file, mime ) VALUES ( '20722', 'http://www.gutenberg.org/cache/epub/20722/pg20722.cover.small.jpg', 'image/jpeg' );
INSERT INTO files ( gid, file, mime ) VALUES ( '20722', 'http://www.gutenberg.org/ebooks/20722.epub.images', 'application/epub+zip' );
INSERT INTO files ( gid, file, mime ) VALUES ( '20722', 'http://www.gutenberg.org/ebooks/20722.epub.noimages', 'application/epub+zip' );
INSERT INTO files ( gid, file, mime ) VALUES ( '20722', 'http://www.gutenberg.org/ebooks/20722.kindle.images', 'application/x-mobipocket-ebook' );
INSERT INTO files ( gid, file, mime ) VALUES ( '20722', 'http://www.gutenberg.org/ebooks/20722.kindle.noimages', 'application/x-mobipocket-ebook' );
INSERT INTO files ( gid, file, mime ) VALUES ( '20722', 'http://www.gutenberg.org/ebooks/20722.rdf', 'application/rdf+xml' );
INSERT INTO files ( gid, file, mime ) VALUES ( '20722', 'http://www.gutenberg.org/ebooks/20722.txt.utf-8', 'text/plain' );
INSERT INTO files ( gid, file, mime ) VALUES ( '20722', 'http://www.gutenberg.org/files/20722/20722-8.txt', 'text/plain; charset=iso-8859-1' );
INSERT INTO files ( gid, file, mime ) VALUES ( '20722', 'http://www.gutenberg.org/files/20722/20722-8.zip', 'text/plain; charset=iso-8859-1application/zip' );
INSERT INTO files ( gid, file, mime ) VALUES ( '20722', 'http://www.gutenberg.org/files/20722/20722-h.zip', 'application/ziptext/html; charset=iso-8859-1' );
INSERT INTO files ( gid, file, mime ) VALUES ( '20722', 'http://www.gutenberg.org/files/20722/20722-h/20722-h.htm', 'text/html; charset=iso-8859-1' );
INSERT INTO files ( gid, file, mime ) VALUES ( '20722', 'http://www.gutenberg.org/files/20722/20722-page-images.zip', 'application/zipapplication/octet-stream' );
INSERT INTO files ( gid, file, mime ) VALUES ( '20722', 'http://www.gutenberg.org/files/20722/20722.txt', 'text/plain; charset=us-ascii' );
INSERT INTO files ( gid, file, mime ) VALUES ( '20722', 'http://www.gutenberg.org/files/20722/20722.zip', 'application/ziptext/plain; charset=us-ascii' );
INSERT INTO titles ( gid, title, author, language, rights ) VALUES ( '20922', 'The Young Treasure Hunter; Or, Fred Stanley''s Trip to Alaska', 'Webster, Frank V.', 'en', 'Public domain in the USA.' );
INSERT INTO classifications ( gid, classification ) VALUES ( '20922', 'PZ' );
INSERT INTO subjects ( gid, subject ) VALUES ( '20922', 'Alaska -- Juvenile fiction' );
INSERT INTO subjects ( gid, subject ) VALUES ( '20922', 'Treasure troves -- Juvenile fiction' );
INSERT INTO subjects ( gid, subject ) VALUES ( '20922', 'Gold mines and mining -- Alaska -- Juvenile fiction' );
INSERT INTO files ( gid, file, mime ) VALUES ( '20922', 'http://www.gutenberg.org/ebooks/20922.epub.images', 'application/epub+zip' );
INSERT INTO files ( gid, file, mime ) VALUES ( '20922', 'http://www.gutenberg.org/ebooks/20922.epub.noimages', 'application/epub+zip' );
INSERT INTO files ( gid, file, mime ) VALUES ( '20922', 'http://www.gutenberg.org/ebooks/20922.kindle.images', 'application/x-mobipocket-ebook' );
INSERT INTO files ( gid, file, mime ) VALUES ( '20922', 'http://www.gutenberg.org/ebooks/20922.kindle.noimages', 'application/x-mobipocket-ebook' );
INSERT INTO files ( gid, file, mime ) VALUES ( '20922', 'http://www.gutenberg.org/ebooks/20922.rdf', 'application/rdf+xml' );
INSERT INTO files ( gid, file, mime ) VALUES ( '20922', 'http://www.gutenberg.org/ebooks/20922.txt.utf-8', 'text/plain' );
INSERT INTO files ( gid, file, mime ) VALUES ( '20922', 'http://www.gutenberg.org/files/20922/20922-h.zip', 'application/ziptext/html; charset=iso-8859-1' );
INSERT INTO files ( gid, file, mime ) VALUES ( '20922', 'http://www.gutenberg.org/files/20922/20922-h/20922-h.htm', 'text/html; charset=iso-8859-1' );
INSERT INTO files ( gid, file, mime ) VALUES ( '20922', 'http://www.gutenberg.org/files/20922/20922.txt', 'text/plain; charset=us-ascii' );
INSERT INTO files ( gid, file, mime ) VALUES ( '20922', 'http://www.gutenberg.org/files/20922/20922.zip', 'text/plain; charset=us-asciiapplication/zip' );
INSERT INTO titles ( gid, title, author, language, rights ) VALUES ( '21022', 'Lessons on Soil', 'Russell, Edward J. (Edward John), Sir', 'en', 'Public domain in the USA.' );
INSERT INTO classifications ( gid, classification ) VALUES ( '21022', 'S' );
INSERT INTO subjects ( gid, subject ) VALUES ( '21022', 'Soils' );
INSERT INTO files ( gid, file, mime ) VALUES ( '21022', 'http://www.gutenberg.org/ebooks/21022.epub.images', 'application/epub+zip' );
INSERT INTO files ( gid, file, mime ) VALUES ( '21022', 'http://www.gutenberg.org/ebooks/21022.epub.noimages', 'application/epub+zip' );
INSERT INTO files ( gid, file, mime ) VALUES ( '21022', 'http://www.gutenberg.org/ebooks/21022.kindle.images', 'application/x-mobipocket-ebook' );
INSERT INTO files ( gid, file, mime ) VALUES ( '21022', 'http://www.gutenberg.org/ebooks/21022.kindle.noimages', 'application/x-mobipocket-ebook' );
INSERT INTO files ( gid, file, mime ) VALUES ( '21022', 'http://www.gutenberg.org/ebooks/21022.rdf', 'application/rdf+xml' );
INSERT INTO files ( gid, file, mime ) VALUES ( '21022', 'http://www.gutenberg.org/ebooks/21022.txt.utf-8', 'text/plain' );
INSERT INTO files ( gid, file, mime ) VALUES ( '21022', 'http://www.gutenberg.org/files/21022/21022-h.zip', 'application/ziptext/html; charset=iso-8859-1' );
INSERT INTO files ( gid, file, mime ) VALUES ( '21022', 'http://www.gutenberg.org/files/21022/21022-h/21022-h.htm', 'text/html; charset=iso-8859-1' );
INSERT INTO files ( gid, file, mime ) VALUES ( '21022', 'http://www.gutenberg.org/files/21022/21022.txt', 'text/plain; charset=us-ascii' );
INSERT INTO files ( gid, file, mime ) VALUES ( '21022', 'http://www.gutenberg.org/files/21022/21022.zip', 'text/plain; charset=us-asciiapplication/zip' );
INSERT INTO titles ( gid, title, author, language, rights ) VALUES ( '21222', 'The Armourer''s Prentices', 'Yonge, Charlotte M. (Charlotte Mary)', 'en', 'Public domain in the USA.' );
INSERT INTO classifications ( gid, classification ) VALUES ( '21222', 'PR' );
INSERT INTO subjects ( gid, subject ) VALUES ( '21222', 'Great Britain -- History -- Henry VIII, 1509-1547 -- Fiction' );
INSERT INTO files ( gid, file, mime ) VALUES ( '21222', 'http://www.gutenberg.org/ebooks/21222.epub.images', 'application/epub+zip' );
INSERT INTO files ( gid, file, mime ) VALUES ( '21222', 'http://www.gutenberg.org/ebooks/21222.epub.noimages', 'application/epub+zip' );
INSERT INTO files ( gid, file, mime ) VALUES ( '21222', 'http://www.gutenberg.org/ebooks/21222.kindle.images', 'application/x-mobipocket-ebook' );
INSERT INTO files ( gid, file, mime ) VALUES ( '21222', 'http://www.gutenberg.org/ebooks/21222.kindle.noimages', 'application/x-mobipocket-ebook' );
INSERT INTO files ( gid, file, mime ) VALUES ( '21222', 'http://www.gutenberg.org/ebooks/21222.rdf', 'application/rdf+xml' );
INSERT INTO files ( gid, file, mime ) VALUES ( '21222', 'http://www.gutenberg.org/ebooks/21222.txt.utf-8', 'text/plain' );
INSERT INTO files ( gid, file, mime ) VALUES ( '21222', 'http://www.gutenberg.org/files/21222/21222-h.zip', 'application/ziptext/html' );
INSERT INTO files ( gid, file, mime ) VALUES ( '21222', 'http://www.gutenberg.org/files/21222/21222-h/21222-h.htm', 'text/html' );
INSERT INTO files ( gid, file, mime ) VALUES ( '21222', 'http://www.gutenberg.org/files/21222/21222.txt', 'text/plain; charset=us-ascii' );
INSERT INTO files ( gid, file, mime ) VALUES ( '21222', 'http://www.gutenberg.org/files/21222/21222.zip', 'text/plain; charset=us-asciiapplication/zip' );
INSERT INTO titles ( gid, title, author, language, rights ) VALUES ( '21122', 'More about Pixie', 'Vaizey, George de Horne, Mrs.', 'en', 'Public domain in the USA.' );
INSERT INTO classifications ( gid, classification ) VALUES ( '21122', 'PZ' );
INSERT INTO subjects ( gid, subject ) VALUES ( '21122', 'Ireland -- Juvenile fiction' );
INSERT INTO subjects ( gid, subject ) VALUES ( '21122', 'Girls -- Juvenile fiction' );
INSERT INTO files ( gid, file, mime ) VALUES ( '21122', 'http://www.gutenberg.org/ebooks/21122.epub.images', 'application/epub+zip' );
INSERT INTO files ( gid, file, mime ) VALUES ( '21122', 'http://www.gutenberg.org/ebooks/21122.epub.noimages', 'application/epub+zip' );
INSERT INTO files ( gid, file, mime ) VALUES ( '21122', 'http://www.gutenberg.org/ebooks/21122.kindle.images', 'application/x-mobipocket-ebook' );
INSERT INTO files ( gid, file, mime ) VALUES ( '21122', 'http://www.gutenberg.org/ebooks/21122.kindle.noimages', 'application/x-mobipocket-ebook' );
INSERT INTO files ( gid, file, mime ) VALUES ( '21122', 'http://www.gutenberg.org/ebooks/21122.rdf', 'application/rdf+xml' );
INSERT INTO files ( gid, file, mime ) VALUES ( '21122', 'http://www.gutenberg.org/ebooks/21122.txt.utf-8', 'text/plain' );
INSERT INTO files ( gid, file, mime ) VALUES ( '21122', 'http://www.gutenberg.org/files/21122/21122-h.zip', 'application/ziptext/html' );
INSERT INTO files ( gid, file, mime ) VALUES ( '21122', 'http://www.gutenberg.org/files/21122/21122-h/21122-h.htm', 'text/html' );
INSERT INTO files ( gid, file, mime ) VALUES ( '21122', 'http://www.gutenberg.org/files/21122/21122.txt', 'text/plain; charset=us-ascii' );
INSERT INTO files ( gid, file, mime ) VALUES ( '21122', 'http://www.gutenberg.org/files/21122/21122.zip', 'application/ziptext/plain; charset=us-ascii' );
INSERT INTO titles ( gid, title, author, language, rights ) VALUES ( '2122', 'History of Friedrich II of Prussia — Appendix', 'Carlyle, Thomas', 'en', 'Public domain in the USA.' );
INSERT INTO classifications ( gid, classification ) VALUES ( '2122', 'DD' );
INSERT INTO subjects ( gid, subject ) VALUES ( '2122', 'Prussia (Germany) -- History -- Frederick II, 1740-1786' );
INSERT INTO subjects ( gid, subject ) VALUES ( '2122', 'Social problems' );
INSERT INTO subjects ( gid, subject ) VALUES ( '2122', 'Frederick II, King of Prussia, 1712-1786' );
INSERT INTO files ( gid, file, mime ) VALUES ( '2122', 'http://www.gutenberg.org/ebooks/2122.epub.images', 'application/epub+zip' );
INSERT INTO files ( gid, file, mime ) VALUES ( '2122', 'http://www.gutenberg.org/ebooks/2122.epub.noimages', 'application/epub+zip' );
INSERT INTO files ( gid, file, mime ) VALUES ( '2122', 'http://www.gutenberg.org/ebooks/2122.kindle.images', 'application/x-mobipocket-ebook' );
INSERT INTO files ( gid, file, mime ) VALUES ( '2122', 'http://www.gutenberg.org/ebooks/2122.kindle.noimages', 'application/x-mobipocket-ebook' );
INSERT INTO files ( gid, file, mime ) VALUES ( '2122', 'http://www.gutenberg.org/ebooks/2122.rdf', 'application/rdf+xml' );
INSERT INTO files ( gid, file, mime ) VALUES ( '2122', 'http://www.gutenberg.org/ebooks/2122.txt.utf-8', 'text/plain' );
INSERT INTO files ( gid, file, mime ) VALUES ( '2122', 'http://www.gutenberg.org/files/2122/2122-h.zip', 'application/ziptext/html; charset=us-ascii' );
INSERT INTO files ( gid, file, mime ) VALUES ( '2122', 'http://www.gutenberg.org/files/2122/2122-h/2122-h.htm', 'text/html; charset=us-ascii' );
INSERT INTO files ( gid, file, mime ) VALUES ( '2122', 'http://www.gutenberg.org/files/2122/2122.txt', 'text/plain; charset=us-ascii' );
INSERT INTO files ( gid, file, mime ) VALUES ( '2122', 'http://www.gutenberg.org/files/2122/2122.zip', 'application/ziptext/plain; charset=us-ascii' );
INSERT INTO titles ( gid, title, author, language, rights ) VALUES ( '7922', 'American Historical and Literary Curiosities, Part 22. Second Series', 'Smith, J. Jay (John Jay)', 'en', 'Public domain in the USA.' );
INSERT INTO classifications ( gid, classification ) VALUES ( '7922', 'Z' );
INSERT INTO subjects ( gid, subject ) VALUES ( '7922', 'Autographs -- United States -- Facsimiles' );
INSERT INTO subjects ( gid, subject ) VALUES ( '7922', 'United States -- History -- Revolution, 1775-1783 -- Sources' );
INSERT INTO files ( gid, file, mime ) VALUES ( '7922', 'http://www.gutenberg.org/ebooks/7922.epub.images', 'application/epub+zip' );
INSERT INTO files ( gid, file, mime ) VALUES ( '7922', 'http://www.gutenberg.org/ebooks/7922.epub.noimages', 'application/epub+zip' );
INSERT INTO files ( gid, file, mime ) VALUES ( '7922', 'http://www.gutenberg.org/ebooks/7922.kindle.images', 'application/x-mobipocket-ebook' );
INSERT INTO files ( gid, file, mime ) VALUES ( '7922', 'http://www.gutenberg.org/ebooks/7922.kindle.noimages', 'application/x-mobipocket-ebook' );
INSERT INTO files ( gid, file, mime ) VALUES ( '7922', 'http://www.gutenberg.org/ebooks/7922.rdf', 'application/rdf+xml' );
INSERT INTO files ( gid, file, mime ) VALUES ( '7922', 'http://www.gutenberg.org/ebooks/7922.txt.utf-8', 'text/plain' );
INSERT INTO files ( gid, file, mime ) VALUES ( '7922', 'http://www.gutenberg.org/files/7922/7922-h.zip', 'text/html; charset=iso-8859-1application/zip' );
INSERT INTO files ( gid, file, mime ) VALUES ( '7922', 'http://www.gutenberg.org/files/7922/7922-h/7922-h.htm', 'text/html; charset=iso-8859-1' );
INSERT INTO files ( gid, file, mime ) VALUES ( '7922', 'http://www.gutenberg.org/files/7922/7922.txt', 'text/plain; charset=iso-8859-1' );
INSERT INTO files ( gid, file, mime ) VALUES ( '7922', 'http://www.gutenberg.org/files/7922/7922.zip', 'text/plain; charset=iso-8859-1application/zip' );
INSERT INTO titles ( gid, title, author, language, rights ) VALUES ( '8022', 'The Bible, King James version, Book 22: Song of Solomon', 'Anonymous', 'en', 'Public domain in the USA.' );
INSERT INTO classifications ( gid, classification ) VALUES ( '8022', 'BS' );
INSERT INTO subjects ( gid, subject ) VALUES ( '8022', 'Bible. Song of Solomon' );
INSERT INTO files ( gid, file, mime ) VALUES ( '8022', 'http://www.gutenberg.org/ebooks/8022.epub.images', 'application/epub+zip' );
INSERT INTO files ( gid, file, mime ) VALUES ( '8022', 'http://www.gutenberg.org/ebooks/8022.epub.noimages', 'application/epub+zip' );
INSERT INTO files ( gid, file, mime ) VALUES ( '8022', 'http://www.gutenberg.org/ebooks/8022.html.images', 'text/html' );
INSERT INTO files ( gid, file, mime ) VALUES ( '8022', 'http://www.gutenberg.org/ebooks/8022.html.noimages', 'text/html' );
INSERT INTO files ( gid, file, mime ) VALUES ( '8022', 'http://www.gutenberg.org/ebooks/8022.kindle.images', 'application/x-mobipocket-ebook' );
INSERT INTO files ( gid, file, mime ) VALUES ( '8022', 'http://www.gutenberg.org/ebooks/8022.kindle.noimages', 'application/x-mobipocket-ebook' );
INSERT INTO files ( gid, file, mime ) VALUES ( '8022', 'http://www.gutenberg.org/ebooks/8022.rdf', 'application/rdf+xml' );
INSERT INTO files ( gid, file, mime ) VALUES ( '8022', 'http://www.gutenberg.org/ebooks/8022.txt.utf-8', 'text/plain' );
INSERT INTO files ( gid, file, mime ) VALUES ( '8022', 'http://www.gutenberg.org/files/8022/8022.txt', 'text/plain; charset=us-ascii' );
INSERT INTO files ( gid, file, mime ) VALUES ( '8022', 'http://www.gutenberg.org/files/8022/8022.zip', 'application/ziptext/plain; charset=us-ascii' );
INSERT INTO titles ( gid, title, author, language, rights ) VALUES ( '8122', 'Legends of the Northwest', 'Gordon, Hanford Lennox', 'en', 'Public domain in the USA.' );
INSERT INTO subjects ( gid, subject ) VALUES ( '8122', 'Ojibwa Indians -- Folklore' );
INSERT INTO subjects ( gid, subject ) VALUES ( '8122', 'Ojibwa Indians -- Poetry' );
INSERT INTO subjects ( gid, subject ) VALUES ( '8122', 'Dakota Indians -- Poetry' );
INSERT INTO subjects ( gid, subject ) VALUES ( '8122', 'Dakota Indians -- Folklore' );
INSERT INTO subjects ( gid, subject ) VALUES ( '8122', 'F590.3' );
INSERT INTO files ( gid, file, mime ) VALUES ( '8122', 'http://www.gutenberg.org/ebooks/8122.epub.images', 'application/epub+zip' );
INSERT INTO files ( gid, file, mime ) VALUES ( '8122', 'http://www.gutenberg.org/ebooks/8122.epub.noimages', 'application/epub+zip' );
INSERT INTO files ( gid, file, mime ) VALUES ( '8122', 'http://www.gutenberg.org/ebooks/8122.kindle.images', 'application/x-mobipocket-ebook' );
INSERT INTO files ( gid, file, mime ) VALUES ( '8122', 'http://www.gutenberg.org/ebooks/8122.kindle.noimages', 'application/x-mobipocket-ebook' );
INSERT INTO files ( gid, file, mime ) VALUES ( '8122', 'http://www.gutenberg.org/ebooks/8122.rdf', 'application/rdf+xml' );
INSERT INTO files ( gid, file, mime ) VALUES ( '8122', 'http://www.gutenberg.org/ebooks/8122.txt.utf-8', 'text/plain' );
INSERT INTO files ( gid, file, mime ) VALUES ( '8122', 'http://www.gutenberg.org/files/8122/8122-8.txt', 'text/plain; charset=iso-8859-1' );
INSERT INTO files ( gid, file, mime ) VALUES ( '8122', 'http://www.gutenberg.org/files/8122/8122-8.zip', 'text/plain; charset=iso-8859-1application/zip' );
INSERT INTO files ( gid, file, mime ) VALUES ( '8122', 'http://www.gutenberg.org/files/8122/8122-h.zip', 'application/ziptext/html; charset=iso-8859-1' );
INSERT INTO files ( gid, file, mime ) VALUES ( '8122', 'http://www.gutenberg.org/files/8122/8122-h/8122-h.htm', 'text/html; charset=iso-8859-1' );
INSERT INTO files ( gid, file, mime ) VALUES ( '8122', 'http://www.gutenberg.org/files/8122/8122.txt', 'text/plain; charset=us-ascii' );
INSERT INTO files ( gid, file, mime ) VALUES ( '8122', 'http://www.gutenberg.org/files/8122/8122.zip', 'application/ziptext/plain; charset=us-ascii' );
INSERT INTO titles ( gid, title, author, language, rights ) VALUES ( '8222', 'Early Letters of George Wm. Curtis to John S. Dwight; Brook Farm and Concord', 'Curtis, George William', 'en', 'Public domain in the USA.' );
INSERT INTO classifications ( gid, classification ) VALUES ( '8222', 'PS' );
INSERT INTO subjects ( gid, subject ) VALUES ( '8222', 'Authors, American -- 19th century -- Correspondence' );
INSERT INTO subjects ( gid, subject ) VALUES ( '8222', 'Brook Farm Phalanx (West Roxbury, Boston, Mass.)' );
INSERT INTO subjects ( gid, subject ) VALUES ( '8222', 'Dwight, John Sullivan, 1813-1893 -- Correspondence' );
INSERT INTO subjects ( gid, subject ) VALUES ( '8222', 'Curtis, George William, 1824-1892 -- Correspondence' );
INSERT INTO files ( gid, file, mime ) VALUES ( '8222', 'http://www.gutenberg.org/ebooks/8222.epub.images', 'application/epub+zip' );
INSERT INTO files ( gid, file, mime ) VALUES ( '8222', 'http://www.gutenberg.org/ebooks/8222.epub.noimages', 'application/epub+zip' );
INSERT INTO files ( gid, file, mime ) VALUES ( '8222', 'http://www.gutenberg.org/ebooks/8222.html.images', 'text/html' );
INSERT INTO files ( gid, file, mime ) VALUES ( '8222', 'http://www.gutenberg.org/ebooks/8222.html.noimages', 'text/html' );
INSERT INTO files ( gid, file, mime ) VALUES ( '8222', 'http://www.gutenberg.org/ebooks/8222.kindle.images', 'application/x-mobipocket-ebook' );
INSERT INTO files ( gid, file, mime ) VALUES ( '8222', 'http://www.gutenberg.org/ebooks/8222.kindle.noimages', 'application/x-mobipocket-ebook' );
INSERT INTO files ( gid, file, mime ) VALUES ( '8222', 'http://www.gutenberg.org/ebooks/8222.rdf', 'application/rdf+xml' );
INSERT INTO files ( gid, file, mime ) VALUES ( '8222', 'http://www.gutenberg.org/ebooks/8222.txt.utf-8', 'text/plain' );
INSERT INTO files ( gid, file, mime ) VALUES ( '8222', 'http://www.gutenberg.org/files/8222/8222.txt', 'text/plain; charset=us-ascii' );
INSERT INTO files ( gid, file, mime ) VALUES ( '8222', 'http://www.gutenberg.org/files/8222/8222.zip', 'application/ziptext/plain; charset=us-ascii' );
INSERT INTO titles ( gid, title, author, language, rights ) VALUES ( '822', 'The Tarn of Eternity', 'Tymon, Frank', 'en', 'Copyrighted. Read the copyright notice inside this book for details.' );
INSERT INTO classifications ( gid, classification ) VALUES ( '822', 'PS' );
INSERT INTO subjects ( gid, subject ) VALUES ( '822', 'American fiction' );
INSERT INTO files ( gid, file, mime ) VALUES ( '822', 'http://www.gutenberg.org/ebooks/822.epub.images', 'application/epub+zip' );
INSERT INTO files ( gid, file, mime ) VALUES ( '822', 'http://www.gutenberg.org/ebooks/822.epub.noimages', 'application/epub+zip' );
INSERT INTO files ( gid, file, mime ) VALUES ( '822', 'http://www.gutenberg.org/ebooks/822.html.images', 'text/html' );
INSERT INTO files ( gid, file, mime ) VALUES ( '822', 'http://www.gutenberg.org/ebooks/822.html.noimages', 'text/html' );
INSERT INTO files ( gid, file, mime ) VALUES ( '822', 'http://www.gutenberg.org/ebooks/822.kindle.images', 'application/x-mobipocket-ebook' );
INSERT INTO files ( gid, file, mime ) VALUES ( '822', 'http://www.gutenberg.org/ebooks/822.kindle.noimages', 'application/x-mobipocket-ebook' );
INSERT INTO files ( gid, file, mime ) VALUES ( '822', 'http://www.gutenberg.org/ebooks/822.rdf', 'application/rdf+xml' );
INSERT INTO files ( gid, file, mime ) VALUES ( '822', 'http://www.gutenberg.org/ebooks/822.txt.utf-8', 'text/plain' );
INSERT INTO files ( gid, file, mime ) VALUES ( '822', 'http://www.gutenberg.org/files/822/822-8.txt', 'text/plain; charset=iso-8859-1' );
INSERT INTO files ( gid, file, mime ) VALUES ( '822', 'http://www.gutenberg.org/files/822/822-8.zip', 'application/ziptext/plain; charset=iso-8859-1' );
INSERT INTO files ( gid, file, mime ) VALUES ( '822', 'http://www.gutenberg.org/files/822/822.txt', 'text/plain; charset=us-ascii' );
INSERT INTO files ( gid, file, mime ) VALUES ( '822', 'http://www.gutenberg.org/files/822/822.zip', 'text/plain; charset=us-asciiapplication/zip' );
INSERT INTO titles ( gid, title, author, language, rights ) VALUES ( '8322', 'The Bible, Douay-Rheims, Book 22: Proverbs The Challoner Revision', '', 'en', 'Public domain in the USA.' );
INSERT INTO classifications ( gid, classification ) VALUES ( '8322', 'BS' );
INSERT INTO subjects ( gid, subject ) VALUES ( '8322', 'Bible. Proverbs' );
INSERT INTO files ( gid, file, mime ) VALUES ( '8322', 'http://www.gutenberg.org/ebooks/8322.epub.images', 'application/epub+zip' );
INSERT INTO files ( gid, file, mime ) VALUES ( '8322', 'http://www.gutenberg.org/ebooks/8322.epub.noimages', 'application/epub+zip' );
INSERT INTO files ( gid, file, mime ) VALUES ( '8322', 'http://www.gutenberg.org/ebooks/8322.html.images', 'text/html' );
INSERT INTO files ( gid, file, mime ) VALUES ( '8322', 'http://www.gutenberg.org/ebooks/8322.html.noimages', 'text/html' );
INSERT INTO files ( gid, file, mime ) VALUES ( '8322', 'http://www.gutenberg.org/ebooks/8322.kindle.images', 'application/x-mobipocket-ebook' );
INSERT INTO files ( gid, file, mime ) VALUES ( '8322', 'http://www.gutenberg.org/ebooks/8322.kindle.noimages', 'application/x-mobipocket-ebook' );
INSERT INTO files ( gid, file, mime ) VALUES ( '8322', 'http://www.gutenberg.org/ebooks/8322.rdf', 'application/rdf+xml' );
INSERT INTO files ( gid, file, mime ) VALUES ( '8322', 'http://www.gutenberg.org/ebooks/8322.txt.utf-8', 'text/plain' );
INSERT INTO files ( gid, file, mime ) VALUES ( '8322', 'http://www.gutenberg.org/files/8322/8322.txt', 'text/plain; charset=us-ascii' );
INSERT INTO files ( gid, file, mime ) VALUES ( '8322', 'http://www.gutenberg.org/files/8322/8322.zip', 'text/plain; charset=us-asciiapplication/zip' );
INSERT INTO titles ( gid, title, author, language, rights ) VALUES ( '8422', 'Moral Deliberations in Modern Cinema', 'Vaknin, Samuel', 'en', 'Copyrighted. Read the copyright notice inside this book for details.' );
INSERT INTO classifications ( gid, classification ) VALUES ( '8422', 'PN' );
INSERT INTO subjects ( gid, subject ) VALUES ( '8422', 'Motion pictures -- Reviews' );
INSERT INTO files ( gid, file, mime ) VALUES ( '8422', 'http://www.gutenberg.org/ebooks/8422.epub.images', 'application/epub+zip' );
INSERT INTO files ( gid, file, mime ) VALUES ( '8422', 'http://www.gutenberg.org/ebooks/8422.epub.noimages', 'application/epub+zip' );
INSERT INTO files ( gid, file, mime ) VALUES ( '8422', 'http://www.gutenberg.org/ebooks/8422.html.images', 'text/html' );
INSERT INTO files ( gid, file, mime ) VALUES ( '8422', 'http://www.gutenberg.org/ebooks/8422.html.noimages', 'text/html' );
INSERT INTO files ( gid, file, mime ) VALUES ( '8422', 'http://www.gutenberg.org/ebooks/8422.kindle.images', 'application/x-mobipocket-ebook' );
INSERT INTO files ( gid, file, mime ) VALUES ( '8422', 'http://www.gutenberg.org/ebooks/8422.kindle.noimages', 'application/x-mobipocket-ebook' );
INSERT INTO files ( gid, file, mime ) VALUES ( '8422', 'http://www.gutenberg.org/ebooks/8422.rdf', 'application/rdf+xml' );
INSERT INTO files ( gid, file, mime ) VALUES ( '8422', 'http://www.gutenberg.org/ebooks/8422.txt.utf-8', 'text/plain' );
INSERT INTO files ( gid, file, mime ) VALUES ( '8422', 'http://www.gutenberg.org/files/8422/8422-8.txt', 'text/plain; charset=iso-8859-1' );
INSERT INTO files ( gid, file, mime ) VALUES ( '8422', 'http://www.gutenberg.org/files/8422/8422-8.zip', 'application/ziptext/plain; charset=iso-8859-1' );
INSERT INTO files ( gid, file, mime ) VALUES ( '8422', 'http://www.gutenberg.org/files/8422/8422-r.rtf', 'text/rtf' );
INSERT INTO files ( gid, file, mime ) VALUES ( '8422', 'http://www.gutenberg.org/files/8422/8422-r.zip', 'application/zipapplication/octet-stream' );
INSERT INTO files ( gid, file, mime ) VALUES ( '8422', 'http://www.gutenberg.org/files/8422/8422.txt', 'text/plain; charset=us-ascii' );
INSERT INTO files ( gid, file, mime ) VALUES ( '8422', 'http://www.gutenberg.org/files/8422/8422.zip', 'text/plain; charset=us-asciiapplication/zip' );
INSERT INTO titles ( gid, title, author, language, rights ) VALUES ( '8522', 'The Puritans', 'Bates, Arlo', 'en', 'Public domain in the USA.' );
INSERT INTO classifications ( gid, classification ) VALUES ( '8522', 'PS' );
INSERT INTO subjects ( gid, subject ) VALUES ( '8522', 'Fiction' );
INSERT INTO files ( gid, file, mime ) VALUES ( '8522', 'http://www.gutenberg.org/ebooks/8522.epub.images', 'application/epub+zip' );
INSERT INTO files ( gid, file, mime ) VALUES ( '8522', 'http://www.gutenberg.org/ebooks/8522.epub.noimages', 'application/epub+zip' );
INSERT INTO files ( gid, file, mime ) VALUES ( '8522', 'http://www.gutenberg.org/ebooks/8522.html.images', 'text/html' );
INSERT INTO files ( gid, file, mime ) VALUES ( '8522', 'http://www.gutenberg.org/ebooks/8522.html.noimages', 'text/html' );
INSERT INTO files ( gid, file, mime ) VALUES ( '8522', 'http://www.gutenberg.org/ebooks/8522.kindle.images', 'application/x-mobipocket-ebook' );
INSERT INTO files ( gid, file, mime ) VALUES ( '8522', 'http://www.gutenberg.org/ebooks/8522.kindle.noimages', 'application/x-mobipocket-ebook' );
INSERT INTO files ( gid, file, mime ) VALUES ( '8522', 'http://www.gutenberg.org/ebooks/8522.rdf', 'application/rdf+xml' );
INSERT INTO files ( gid, file, mime ) VALUES ( '8522', 'http://www.gutenberg.org/ebooks/8522.txt.utf-8', 'text/plain' );
INSERT INTO files ( gid, file, mime ) VALUES ( '8522', 'http://www.gutenberg.org/files/8522/8522-8.txt', 'text/plain; charset=iso-8859-1' );
INSERT INTO files ( gid, file, mime ) VALUES ( '8522', 'http://www.gutenberg.org/files/8522/8522-8.zip', 'text/plain; charset=iso-8859-1application/zip' );
INSERT INTO files ( gid, file, mime ) VALUES ( '8522', 'http://www.gutenberg.org/files/8522/8522.txt', 'text/plain; charset=us-ascii' );
INSERT INTO files ( gid, file, mime ) VALUES ( '8522', 'http://www.gutenberg.org/files/8522/8522.zip', 'text/plain; charset=us-asciiapplication/zip' );
INSERT INTO titles ( gid, title, author, language, rights ) VALUES ( '8622', 'The New Revelation', 'Doyle, Arthur Conan', 'en', 'Copyrighted. Read the copyright notice inside this book for details.' );
INSERT INTO classifications ( gid, classification ) VALUES ( '8622', 'BF' );
INSERT INTO subjects ( gid, subject ) VALUES ( '8622', 'Spiritualism' );
INSERT INTO files ( gid, file, mime ) VALUES ( '8622', 'http://www.gutenberg.org/ebooks/8622.rdf', 'application/rdf+xml' );
INSERT INTO files ( gid, file, mime ) VALUES ( '8622', 'http://www.gutenberg.org/files/8622/8622-index.htm', 'text/html; charset=iso-8859-1' );
INSERT INTO files ( gid, file, mime ) VALUES ( '8622', 'http://www.gutenberg.org/files/8622/8622-mp3.zip', 'application/octet-streamapplication/zip' );
INSERT INTO files ( gid, file, mime ) VALUES ( '8622', 'http://www.gutenberg.org/files/8622/8622-readme.txt', 'text/plain; charset=us-ascii' );
INSERT INTO files ( gid, file, mime ) VALUES ( '8622', 'http://www.gutenberg.org/files/8622/mp3/8622-000.mp3', 'audio/mpeg' );
INSERT INTO files ( gid, file, mime ) VALUES ( '8622', 'http://www.gutenberg.org/files/8622/mp3/8622-001.mp3', 'audio/mpeg' );
INSERT INTO files ( gid, file, mime ) VALUES ( '8622', 'http://www.gutenberg.org/files/8622/mp3/8622-002.mp3', 'audio/mpeg' );
INSERT INTO files ( gid, file, mime ) VALUES ( '8622', 'http://www.gutenberg.org/files/8622/mp3/8622-003.mp3', 'audio/mpeg' );
INSERT INTO files ( gid, file, mime ) VALUES ( '8622', 'http://www.gutenberg.org/files/8622/mp3/8622-004.mp3', 'audio/mpeg' );
INSERT INTO files ( gid, file, mime ) VALUES ( '8622', 'http://www.gutenberg.org/files/8622/mp3/8622-005.mp3', 'audio/mpeg' );
INSERT INTO files ( gid, file, mime ) VALUES ( '8622', 'http://www.gutenberg.org/files/8622/mp3/8622-006.mp3', 'audio/mpeg' );
INSERT INTO titles ( gid, title, author, language, rights ) VALUES ( '8722', 'The Three Cities Trilogy: Rome, Volume 2', 'Zola, Émile', 'en', 'Public domain in the USA.' );
INSERT INTO classifications ( gid, classification ) VALUES ( '8722', 'PQ' );
INSERT INTO subjects ( gid, subject ) VALUES ( '8722', 'Clergy -- Fiction' );
INSERT INTO subjects ( gid, subject ) VALUES ( '8722', 'Christian pilgrims and pilgrimages -- Fiction' );
INSERT INTO subjects ( gid, subject ) VALUES ( '8722', 'Rome (Italy) -- Fiction' );
INSERT INTO subjects ( gid, subject ) VALUES ( '8722', 'Catholics -- Fiction' );
INSERT INTO files ( gid, file, mime ) VALUES ( '8722', 'http://www.gutenberg.org/ebooks/8722.epub.images', 'application/epub+zip' );
INSERT INTO files ( gid, file, mime ) VALUES ( '8722', 'http://www.gutenberg.org/ebooks/8722.epub.noimages', 'application/epub+zip' );
INSERT INTO files ( gid, file, mime ) VALUES ( '8722', 'http://www.gutenberg.org/ebooks/8722.html.images', 'text/html' );
INSERT INTO files ( gid, file, mime ) VALUES ( '8722', 'http://www.gutenberg.org/ebooks/8722.html.noimages', 'text/html' );
INSERT INTO files ( gid, file, mime ) VALUES ( '8722', 'http://www.gutenberg.org/ebooks/8722.kindle.images', 'application/x-mobipocket-ebook' );
INSERT INTO files ( gid, file, mime ) VALUES ( '8722', 'http://www.gutenberg.org/ebooks/8722.kindle.noimages', 'application/x-mobipocket-ebook' );
INSERT INTO files ( gid, file, mime ) VALUES ( '8722', 'http://www.gutenberg.org/ebooks/8722.rdf', 'application/rdf+xml' );
INSERT INTO files ( gid, file, mime ) VALUES ( '8722', 'http://www.gutenberg.org/ebooks/8722.txt.utf-8', 'text/plain' );
INSERT INTO files ( gid, file, mime ) VALUES ( '8722', 'http://www.gutenberg.org/files/8722/8722.txt', 'text/plain; charset=us-ascii' );
INSERT INTO files ( gid, file, mime ) VALUES ( '8722', 'http://www.gutenberg.org/files/8722/8722.zip', 'text/plain; charset=us-asciiapplication/zip' );
INSERT INTO titles ( gid, title, author, language, rights ) VALUES ( '8822', 'Les grands orateurs de la Révolution Mirabeau, Vergniaud, Danton, Robespierre', 'Aulard, F.-A. (François-Alphonse)', 'fr', 'Public domain in the USA.' );
INSERT INTO classifications ( gid, classification ) VALUES ( '8822', 'DC' );
INSERT INTO subjects ( gid, subject ) VALUES ( '8822', 'Orators -- France -- 18th century -- Biography' );
INSERT INTO subjects ( gid, subject ) VALUES ( '8822', 'Mirabeau, Victor de Riquetti, marquis de, 1715-1789' );
INSERT INTO subjects ( gid, subject ) VALUES ( '8822', 'Danton, Georges Jacques, 1759-1794' );
INSERT INTO subjects ( gid, subject ) VALUES ( '8822', 'Robespierre, Maximilien, 1758-1794' );
INSERT INTO subjects ( gid, subject ) VALUES ( '8822', 'Vergniaud, Pierre-Victurnien, 1753-1793' );
INSERT INTO subjects ( gid, subject ) VALUES ( '8822', 'France -- History -- Revolution, 1789-1799 -- Biography' );
INSERT INTO files ( gid, file, mime ) VALUES ( '8822', 'http://www.gutenberg.org/ebooks/8822.epub.images', 'application/epub+zip' );
INSERT INTO files ( gid, file, mime ) VALUES ( '8822', 'http://www.gutenberg.org/ebooks/8822.epub.noimages', 'application/epub+zip' );
INSERT INTO files ( gid, file, mime ) VALUES ( '8822', 'http://www.gutenberg.org/ebooks/8822.html.images', 'text/html' );
INSERT INTO files ( gid, file, mime ) VALUES ( '8822', 'http://www.gutenberg.org/ebooks/8822.html.noimages', 'text/html' );
INSERT INTO files ( gid, file, mime ) VALUES ( '8822', 'http://www.gutenberg.org/ebooks/8822.kindle.images', 'application/x-mobipocket-ebook' );
INSERT INTO files ( gid, file, mime ) VALUES ( '8822', 'http://www.gutenberg.org/ebooks/8822.kindle.noimages', 'application/x-mobipocket-ebook' );
INSERT INTO files ( gid, file, mime ) VALUES ( '8822', 'http://www.gutenberg.org/ebooks/8822.rdf', 'application/rdf+xml' );
INSERT INTO files ( gid, file, mime ) VALUES ( '8822', 'http://www.gutenberg.org/ebooks/8822.txt.utf-8', 'text/plain' );
INSERT INTO files ( gid, file, mime ) VALUES ( '8822', 'http://www.gutenberg.org/files/8822/8822-8.txt', 'text/plain; charset=iso-8859-1' );
INSERT INTO files ( gid, file, mime ) VALUES ( '8822', 'http://www.gutenberg.org/files/8822/8822-8.zip', 'text/plain; charset=iso-8859-1application/zip' );
INSERT INTO titles ( gid, title, author, language, rights ) VALUES ( '21422', 'Novelle lombarde', 'Avancini, Avancinio', 'it', 'Public domain in the USA.' );
INSERT INTO classifications ( gid, classification ) VALUES ( '21422', 'PQ' );
INSERT INTO subjects ( gid, subject ) VALUES ( '21422', 'Short stories' );
INSERT INTO files ( gid, file, mime ) VALUES ( '21422', 'http://www.gutenberg.org/ebooks/21422.epub.images', 'application/epub+zip' );
INSERT INTO files ( gid, file, mime ) VALUES ( '21422', 'http://www.gutenberg.org/ebooks/21422.epub.noimages', 'application/epub+zip' );
INSERT INTO files ( gid, file, mime ) VALUES ( '21422', 'http://www.gutenberg.org/ebooks/21422.html.images', 'text/html' );
INSERT INTO files ( gid, file, mime ) VALUES ( '21422', 'http://www.gutenberg.org/ebooks/21422.html.noimages', 'text/html' );
INSERT INTO files ( gid, file, mime ) VALUES ( '21422', 'http://www.gutenberg.org/ebooks/21422.kindle.images', 'application/x-mobipocket-ebook' );
INSERT INTO files ( gid, file, mime ) VALUES ( '21422', 'http://www.gutenberg.org/ebooks/21422.kindle.noimages', 'application/x-mobipocket-ebook' );
INSERT INTO files ( gid, file, mime ) VALUES ( '21422', 'http://www.gutenberg.org/ebooks/21422.rdf', 'application/rdf+xml' );
INSERT INTO files ( gid, file, mime ) VALUES ( '21422', 'http://www.gutenberg.org/ebooks/21422.txt.utf-8', 'text/plain' );
INSERT INTO files ( gid, file, mime ) VALUES ( '21422', 'http://www.gutenberg.org/files/21422/21422-8.txt', 'text/plain; charset=iso-8859-1' );
INSERT INTO files ( gid, file, mime ) VALUES ( '21422', 'http://www.gutenberg.org/files/21422/21422-8.zip', 'text/plain; charset=iso-8859-1application/zip' );
INSERT INTO titles ( gid, title, author, language, rights ) VALUES ( '21322', 'The Tale of Betsy Butterfly Tuck-Me-In Tales', 'Bailey, Arthur Scott', 'en', 'Public domain in the USA.' );
INSERT INTO classifications ( gid, classification ) VALUES ( '21322', 'PZ' );
INSERT INTO subjects ( gid, subject ) VALUES ( '21322', 'Animals -- Juvenile fiction' );
INSERT INTO subjects ( gid, subject ) VALUES ( '21322', 'Butterflies -- Juvenile fiction' );
INSERT INTO subjects ( gid, subject ) VALUES ( '21322', 'Insects -- Juvenile fiction' );
INSERT INTO subjects ( gid, subject ) VALUES ( '21322', 'Friendship -- Juvenile fiction' );
INSERT INTO files ( gid, file, mime ) VALUES ( '21322', 'http://www.gutenberg.org/cache/epub/21322/pg21322.cover.medium.jpg', 'image/jpeg' );
INSERT INTO files ( gid, file, mime ) VALUES ( '21322', 'http://www.gutenberg.org/cache/epub/21322/pg21322.cover.small.jpg', 'image/jpeg' );
INSERT INTO files ( gid, file, mime ) VALUES ( '21322', 'http://www.gutenberg.org/ebooks/21322.epub.images', 'application/epub+zip' );
INSERT INTO files ( gid, file, mime ) VALUES ( '21322', 'http://www.gutenberg.org/ebooks/21322.epub.noimages', 'application/epub+zip' );
INSERT INTO files ( gid, file, mime ) VALUES ( '21322', 'http://www.gutenberg.org/ebooks/21322.kindle.images', 'application/x-mobipocket-ebook' );
INSERT INTO files ( gid, file, mime ) VALUES ( '21322', 'http://www.gutenberg.org/ebooks/21322.kindle.noimages', 'application/x-mobipocket-ebook' );
INSERT INTO files ( gid, file, mime ) VALUES ( '21322', 'http://www.gutenberg.org/ebooks/21322.rdf', 'application/rdf+xml' );
INSERT INTO files ( gid, file, mime ) VALUES ( '21322', 'http://www.gutenberg.org/ebooks/21322.txt.utf-8', 'text/plain' );
INSERT INTO files ( gid, file, mime ) VALUES ( '21322', 'http://www.gutenberg.org/files/21322/21322-h.zip', 'text/html; charset=iso-8859-1application/zip' );
INSERT INTO files ( gid, file, mime ) VALUES ( '21322', 'http://www.gutenberg.org/files/21322/21322-h/21322-h.htm', 'text/html; charset=iso-8859-1' );
INSERT INTO files ( gid, file, mime ) VALUES ( '21322', 'http://www.gutenberg.org/files/21322/21322.txt', 'text/plain; charset=us-ascii' );
INSERT INTO files ( gid, file, mime ) VALUES ( '21322', 'http://www.gutenberg.org/files/21322/21322.zip', 'application/ziptext/plain; charset=us-ascii' );
INSERT INTO titles ( gid, title, author, language, rights ) VALUES ( '21622', 'Architects of Fate; Or, Steps to Success and Power', 'Marden, Orison Swett', 'en', 'Public domain in the USA.' );
INSERT INTO classifications ( gid, classification ) VALUES ( '21622', 'HF' );
INSERT INTO subjects ( gid, subject ) VALUES ( '21622', 'Success' );
INSERT INTO files ( gid, file, mime ) VALUES ( '21622', 'http://www.gutenberg.org/ebooks/21622.epub.images', 'application/epub+zip' );
INSERT INTO files ( gid, file, mime ) VALUES ( '21622', 'http://www.gutenberg.org/ebooks/21622.epub.noimages', 'application/epub+zip' );
INSERT INTO files ( gid, file, mime ) VALUES ( '21622', 'http://www.gutenberg.org/ebooks/21622.kindle.images', 'application/x-mobipocket-ebook' );
INSERT INTO files ( gid, file, mime ) VALUES ( '21622', 'http://www.gutenberg.org/ebooks/21622.kindle.noimages', 'application/x-mobipocket-ebook' );
INSERT INTO files ( gid, file, mime ) VALUES ( '21622', 'http://www.gutenberg.org/ebooks/21622.rdf', 'application/rdf+xml' );
INSERT INTO files ( gid, file, mime ) VALUES ( '21622', 'http://www.gutenberg.org/ebooks/21622.txt.utf-8', 'text/plain' );
INSERT INTO files ( gid, file, mime ) VALUES ( '21622', 'http://www.gutenberg.org/files/21622/21622-8.txt', 'text/plain; charset=iso-8859-1' );
INSERT INTO files ( gid, file, mime ) VALUES ( '21622', 'http://www.gutenberg.org/files/21622/21622-8.zip', 'text/plain; charset=iso-8859-1application/zip' );
INSERT INTO files ( gid, file, mime ) VALUES ( '21622', 'http://www.gutenberg.org/files/21622/21622-h.zip', 'application/ziptext/html; charset=iso-8859-1' );
INSERT INTO files ( gid, file, mime ) VALUES ( '21622', 'http://www.gutenberg.org/files/21622/21622-h/21622-h.htm', 'text/html; charset=iso-8859-1' );
INSERT INTO files ( gid, file, mime ) VALUES ( '21622', 'http://www.gutenberg.org/files/21622/21622.txt', 'text/plain; charset=us-ascii' );
INSERT INTO files ( gid, file, mime ) VALUES ( '21622', 'http://www.gutenberg.org/files/21622/21622.zip', 'text/plain; charset=us-asciiapplication/zip' );
INSERT INTO titles ( gid, title, author, language, rights ) VALUES ( '21722', 'A Practical Discourse on Some Principles of Hymn-Singing', 'Bridges, Robert', 'en', 'Public domain in the USA.' );
INSERT INTO classifications ( gid, classification ) VALUES ( '21722', 'BV' );
INSERT INTO classifications ( gid, classification ) VALUES ( '21722', 'ML' );
INSERT INTO subjects ( gid, subject ) VALUES ( '21722', 'Hymns' );
INSERT INTO subjects ( gid, subject ) VALUES ( '21722', 'Church music -- Protestant churches' );
INSERT INTO files ( gid, file, mime ) VALUES ( '21722', 'http://www.gutenberg.org/ebooks/21722.epub.images', 'application/epub+zip' );
INSERT INTO files ( gid, file, mime ) VALUES ( '21722', 'http://www.gutenberg.org/ebooks/21722.epub.noimages', 'application/epub+zip' );
INSERT INTO files ( gid, file, mime ) VALUES ( '21722', 'http://www.gutenberg.org/ebooks/21722.kindle.images', 'application/x-mobipocket-ebook' );
INSERT INTO files ( gid, file, mime ) VALUES ( '21722', 'http://www.gutenberg.org/ebooks/21722.kindle.noimages', 'application/x-mobipocket-ebook' );
INSERT INTO files ( gid, file, mime ) VALUES ( '21722', 'http://www.gutenberg.org/ebooks/21722.rdf', 'application/rdf+xml' );
INSERT INTO files ( gid, file, mime ) VALUES ( '21722', 'http://www.gutenberg.org/ebooks/21722.txt.utf-8', 'text/plain' );
INSERT INTO files ( gid, file, mime ) VALUES ( '21722', 'http://www.gutenberg.org/files/21722/21722-8.txt', 'text/plain; charset=iso-8859-1' );
INSERT INTO files ( gid, file, mime ) VALUES ( '21722', 'http://www.gutenberg.org/files/21722/21722-8.zip', 'application/ziptext/plain; charset=iso-8859-1' );
INSERT INTO files ( gid, file, mime ) VALUES ( '21722', 'http://www.gutenberg.org/files/21722/21722-h.zip', 'application/ziptext/html; charset=utf-8' );
INSERT INTO files ( gid, file, mime ) VALUES ( '21722', 'http://www.gutenberg.org/files/21722/21722-h/21722-h.htm', 'text/html; charset=utf-8' );
INSERT INTO files ( gid, file, mime ) VALUES ( '21722', 'http://www.gutenberg.org/files/21722/21722.txt', 'text/plain; charset=us-ascii' );
INSERT INTO files ( gid, file, mime ) VALUES ( '21722', 'http://www.gutenberg.org/files/21722/21722.zip', 'application/ziptext/plain; charset=us-ascii' );
INSERT INTO titles ( gid, title, author, language, rights ) VALUES ( '21522', 'The Innocence of Father Brown', 'Chesterton, G. K. (Gilbert Keith)', 'en', 'Public domain in the USA.' );
INSERT INTO classifications ( gid, classification ) VALUES ( '21522', 'PR' );
INSERT INTO subjects ( gid, subject ) VALUES ( '21522', 'Clergy -- Fiction' );
INSERT INTO subjects ( gid, subject ) VALUES ( '21522', 'Brown, Father (Fictitious character) -- Fiction' );
INSERT INTO subjects ( gid, subject ) VALUES ( '21522', 'England -- Fiction' );
INSERT INTO subjects ( gid, subject ) VALUES ( '21522', 'Catholics -- Fiction' );
INSERT INTO subjects ( gid, subject ) VALUES ( '21522', 'Detective and mystery stories, English' );
INSERT INTO files ( gid, file, mime ) VALUES ( '21522', 'http://www.gutenberg.org/ebooks/21522.rdf', 'application/rdf+xml' );
INSERT INTO files ( gid, file, mime ) VALUES ( '21522', 'http://www.gutenberg.org/files/21522/21522-index.html', 'text/html' );
INSERT INTO files ( gid, file, mime ) VALUES ( '21522', 'http://www.gutenberg.org/files/21522/21522-readme.txt', 'text/plain' );
INSERT INTO files ( gid, file, mime ) VALUES ( '21522', 'http://www.gutenberg.org/files/21522/m4b/21522-01.m4b', 'audio/mp4' );
INSERT INTO files ( gid, file, mime ) VALUES ( '21522', 'http://www.gutenberg.org/files/21522/m4b/21522-02.m4b', 'audio/mp4' );
INSERT INTO files ( gid, file, mime ) VALUES ( '21522', 'http://www.gutenberg.org/files/21522/m4b/21522-03.m4b', 'audio/mp4' );
INSERT INTO files ( gid, file, mime ) VALUES ( '21522', 'http://www.gutenberg.org/files/21522/m4b/21522-04.m4b', 'audio/mp4' );
INSERT INTO files ( gid, file, mime ) VALUES ( '21522', 'http://www.gutenberg.org/files/21522/m4b/21522-05.m4b', 'audio/mp4' );
INSERT INTO files ( gid, file, mime ) VALUES ( '21522', 'http://www.gutenberg.org/files/21522/m4b/21522-06.m4b', 'audio/mp4' );
INSERT INTO files ( gid, file, mime ) VALUES ( '21522', 'http://www.gutenberg.org/files/21522/m4b/21522-07.m4b', 'audio/mp4' );
INSERT INTO files ( gid, file, mime ) VALUES ( '21522', 'http://www.gutenberg.org/files/21522/m4b/21522-08.m4b', 'audio/mp4' );
INSERT INTO files ( gid, file, mime ) VALUES ( '21522', 'http://www.gutenberg.org/files/21522/m4b/21522-09.m4b', 'audio/mp4' );
INSERT INTO files ( gid, file, mime ) VALUES ( '21522', 'http://www.gutenberg.org/files/21522/m4b/21522-10.m4b', 'audio/mp4' );
INSERT INTO files ( gid, file, mime ) VALUES ( '21522', 'http://www.gutenberg.org/files/21522/m4b/21522-11.m4b', 'audio/mp4' );
INSERT INTO files ( gid, file, mime ) VALUES ( '21522', 'http://www.gutenberg.org/files/21522/m4b/21522-12.m4b', 'audio/mp4' );
INSERT INTO files ( gid, file, mime ) VALUES ( '21522', 'http://www.gutenberg.org/files/21522/mp3/21522-01.mp3', 'audio/mpeg' );
INSERT INTO files ( gid, file, mime ) VALUES ( '21522', 'http://www.gutenberg.org/files/21522/mp3/21522-02.mp3', 'audio/mpeg' );
INSERT INTO files ( gid, file, mime ) VALUES ( '21522', 'http://www.gutenberg.org/files/21522/mp3/21522-03.mp3', 'audio/mpeg' );
INSERT INTO files ( gid, file, mime ) VALUES ( '21522', 'http://www.gutenberg.org/files/21522/mp3/21522-04.mp3', 'audio/mpeg' );
INSERT INTO files ( gid, file, mime ) VALUES ( '21522', 'http://www.gutenberg.org/files/21522/mp3/21522-05.mp3', 'audio/mpeg' );
INSERT INTO files ( gid, file, mime ) VALUES ( '21522', 'http://www.gutenberg.org/files/21522/mp3/21522-06.mp3', 'audio/mpeg' );
INSERT INTO files ( gid, file, mime ) VALUES ( '21522', 'http://www.gutenberg.org/files/21522/mp3/21522-07.mp3', 'audio/mpeg' );
INSERT INTO files ( gid, file, mime ) VALUES ( '21522', 'http://www.gutenberg.org/files/21522/mp3/21522-08.mp3', 'audio/mpeg' );
INSERT INTO files ( gid, file, mime ) VALUES ( '21522', 'http://www.gutenberg.org/files/21522/mp3/21522-09.mp3', 'audio/mpeg' );
INSERT INTO files ( gid, file, mime ) VALUES ( '21522', 'http://www.gutenberg.org/files/21522/mp3/21522-10.mp3', 'audio/mpeg' );
INSERT INTO files ( gid, file, mime ) VALUES ( '21522', 'http://www.gutenberg.org/files/21522/mp3/21522-11.mp3', 'audio/mpeg' );
INSERT INTO files ( gid, file, mime ) VALUES ( '21522', 'http://www.gutenberg.org/files/21522/mp3/21522-12.mp3', 'audio/mpeg' );
INSERT INTO files ( gid, file, mime ) VALUES ( '21522', 'http://www.gutenberg.org/files/21522/ogg/21522-01.ogg', 'audio/ogg' );
INSERT INTO files ( gid, file, mime ) VALUES ( '21522', 'http://www.gutenberg.org/files/21522/ogg/21522-02.ogg', 'audio/ogg' );
INSERT INTO files ( gid, file, mime ) VALUES ( '21522', 'http://www.gutenberg.org/files/21522/ogg/21522-03.ogg', 'audio/ogg' );
INSERT INTO files ( gid, file, mime ) VALUES ( '21522', 'http://www.gutenberg.org/files/21522/ogg/21522-04.ogg', 'audio/ogg' );
INSERT INTO files ( gid, file, mime ) VALUES ( '21522', 'http://www.gutenberg.org/files/21522/ogg/21522-05.ogg', 'audio/ogg' );
INSERT INTO files ( gid, file, mime ) VALUES ( '21522', 'http://www.gutenberg.org/files/21522/ogg/21522-06.ogg', 'audio/ogg' );
INSERT INTO files ( gid, file, mime ) VALUES ( '21522', 'http://www.gutenberg.org/files/21522/ogg/21522-07.ogg', 'audio/ogg' );
INSERT INTO files ( gid, file, mime ) VALUES ( '21522', 'http://www.gutenberg.org/files/21522/ogg/21522-08.ogg', 'audio/ogg' );
INSERT INTO files ( gid, file, mime ) VALUES ( '21522', 'http://www.gutenberg.org/files/21522/ogg/21522-09.ogg', 'audio/ogg' );
INSERT INTO files ( gid, file, mime ) VALUES ( '21522', 'http://www.gutenberg.org/files/21522/ogg/21522-10.ogg', 'audio/ogg' );
INSERT INTO files ( gid, file, mime ) VALUES ( '21522', 'http://www.gutenberg.org/files/21522/ogg/21522-11.ogg', 'audio/ogg' );
INSERT INTO files ( gid, file, mime ) VALUES ( '21522', 'http://www.gutenberg.org/files/21522/ogg/21522-12.ogg', 'audio/ogg' );
INSERT INTO files ( gid, file, mime ) VALUES ( '21522', 'http://www.gutenberg.org/files/21522/spx/21522-01.spx', 'audio/ogg' );
INSERT INTO files ( gid, file, mime ) VALUES ( '21522', 'http://www.gutenberg.org/files/21522/spx/21522-02.spx', 'audio/ogg' );
INSERT INTO files ( gid, file, mime ) VALUES ( '21522', 'http://www.gutenberg.org/files/21522/spx/21522-03.spx', 'audio/ogg' );
INSERT INTO files ( gid, file, mime ) VALUES ( '21522', 'http://www.gutenberg.org/files/21522/spx/21522-04.spx', 'audio/ogg' );
INSERT INTO files ( gid, file, mime ) VALUES ( '21522', 'http://www.gutenberg.org/files/21522/spx/21522-05.spx', 'audio/ogg' );
INSERT INTO files ( gid, file, mime ) VALUES ( '21522', 'http://www.gutenberg.org/files/21522/spx/21522-06.spx', 'audio/ogg' );
INSERT INTO files ( gid, file, mime ) VALUES ( '21522', 'http://www.gutenberg.org/files/21522/spx/21522-07.spx', 'audio/ogg' );
INSERT INTO files ( gid, file, mime ) VALUES ( '21522', 'http://www.gutenberg.org/files/21522/spx/21522-08.spx', 'audio/ogg' );
INSERT INTO files ( gid, file, mime ) VALUES ( '21522', 'http://www.gutenberg.org/files/21522/spx/21522-09.spx', 'audio/ogg' );
INSERT INTO files ( gid, file, mime ) VALUES ( '21522', 'http://www.gutenberg.org/files/21522/spx/21522-10.spx', 'audio/ogg' );
INSERT INTO files ( gid, file, mime ) VALUES ( '21522', 'http://www.gutenberg.org/files/21522/spx/21522-11.spx', 'audio/ogg' );
INSERT INTO files ( gid, file, mime ) VALUES ( '21522', 'http://www.gutenberg.org/files/21522/spx/21522-12.spx', 'audio/ogg' );
INSERT INTO titles ( gid, title, author, language, rights ) VALUES ( '21922', 'Vrouwenkiesrecht', 'Jacobs, Aletta H. (Aletta Henriette)', 'nl', 'Public domain in the USA.' );
INSERT INTO classifications ( gid, classification ) VALUES ( '21922', 'JN' );
INSERT INTO subjects ( gid, subject ) VALUES ( '21922', 'Women -- Suffrage' );
INSERT INTO files ( gid, file, mime ) VALUES ( '21922', 'http://www.gutenberg.org/ebooks/21922.epub.images', 'application/epub+zip' );
INSERT INTO files ( gid, file, mime ) VALUES ( '21922', 'http://www.gutenberg.org/ebooks/21922.epub.noimages', 'application/epub+zip' );
INSERT INTO files ( gid, file, mime ) VALUES ( '21922', 'http://www.gutenberg.org/ebooks/21922.kindle.images', 'application/x-mobipocket-ebook' );
INSERT INTO files ( gid, file, mime ) VALUES ( '21922', 'http://www.gutenberg.org/ebooks/21922.kindle.noimages', 'application/x-mobipocket-ebook' );
INSERT INTO files ( gid, file, mime ) VALUES ( '21922', 'http://www.gutenberg.org/ebooks/21922.rdf', 'application/rdf+xml' );
INSERT INTO files ( gid, file, mime ) VALUES ( '21922', 'http://www.gutenberg.org/ebooks/21922.txt.utf-8', 'text/plain' );
INSERT INTO files ( gid, file, mime ) VALUES ( '21922', 'http://www.gutenberg.org/files/21922/21922-8.txt', 'text/plain; charset=iso-8859-1' );
INSERT INTO files ( gid, file, mime ) VALUES ( '21922', 'http://www.gutenberg.org/files/21922/21922-8.zip', 'application/ziptext/plain; charset=iso-8859-1' );
INSERT INTO files ( gid, file, mime ) VALUES ( '21922', 'http://www.gutenberg.org/files/21922/21922-h.zip', 'text/htmlapplication/zip' );
INSERT INTO files ( gid, file, mime ) VALUES ( '21922', 'http://www.gutenberg.org/files/21922/21922-h/21922-h.htm', 'text/html' );
INSERT INTO titles ( gid, title, author, language, rights ) VALUES ( '21822', 'A Lecture On Heads As Delivered By Mr. Charles Lee Lewes, To Which Is Added, An Essay On Satire, With Forty-Seven Heads By Nesbit, From Designs By Thurston, 1812', 'Stevens, George Alexander', 'en', 'Public domain in the USA.' );
INSERT INTO classifications ( gid, classification ) VALUES ( '21822', 'PR' );
INSERT INTO subjects ( gid, subject ) VALUES ( '21822', 'Satire' );
INSERT INTO subjects ( gid, subject ) VALUES ( '21822', 'Characters and characteristics' );
INSERT INTO files ( gid, file, mime ) VALUES ( '21822', 'http://www.gutenberg.org/cache/epub/21822/pg21822.cover.medium.jpg', 'image/jpeg' );
INSERT INTO files ( gid, file, mime ) VALUES ( '21822', 'http://www.gutenberg.org/cache/epub/21822/pg21822.cover.small.jpg', 'image/jpeg' );
INSERT INTO files ( gid, file, mime ) VALUES ( '21822', 'http://www.gutenberg.org/ebooks/21822.epub.images', 'application/epub+zip' );
INSERT INTO files ( gid, file, mime ) VALUES ( '21822', 'http://www.gutenberg.org/ebooks/21822.epub.noimages', 'application/epub+zip' );
INSERT INTO files ( gid, file, mime ) VALUES ( '21822', 'http://www.gutenberg.org/ebooks/21822.kindle.images', 'application/x-mobipocket-ebook' );
INSERT INTO files ( gid, file, mime ) VALUES ( '21822', 'http://www.gutenberg.org/ebooks/21822.kindle.noimages', 'application/x-mobipocket-ebook' );
INSERT INTO files ( gid, file, mime ) VALUES ( '21822', 'http://www.gutenberg.org/ebooks/21822.rdf', 'application/rdf+xml' );
INSERT INTO files ( gid, file, mime ) VALUES ( '21822', 'http://www.gutenberg.org/ebooks/21822.txt.utf-8', 'text/plain' );
INSERT INTO files ( gid, file, mime ) VALUES ( '21822', 'http://www.gutenberg.org/files/21822/21822-8.txt', 'text/plain; charset=iso-8859-1' );
INSERT INTO files ( gid, file, mime ) VALUES ( '21822', 'http://www.gutenberg.org/files/21822/21822-8.zip', 'text/plain; charset=iso-8859-1application/zip' );
INSERT INTO files ( gid, file, mime ) VALUES ( '21822', 'http://www.gutenberg.org/files/21822/21822-h.zip', 'text/html; charset=iso-8859-1application/zip' );
INSERT INTO files ( gid, file, mime ) VALUES ( '21822', 'http://www.gutenberg.org/files/21822/21822-h/21822-h.htm', 'text/html; charset=iso-8859-1' );
INSERT INTO files ( gid, file, mime ) VALUES ( '21822', 'http://www.gutenberg.org/files/21822/21822.txt', 'text/plain; charset=us-ascii' );
INSERT INTO files ( gid, file, mime ) VALUES ( '21822', 'http://www.gutenberg.org/files/21822/21822.zip', 'application/ziptext/plain; charset=us-ascii' );
INSERT INTO titles ( gid, title, author, language, rights ) VALUES ( '22122', 'Elias Lönnrot: Biografiskt utkast', 'Ahlqvist, August', 'sv', 'Public domain in the USA.' );
INSERT INTO classifications ( gid, classification ) VALUES ( '22122', 'PH' );
INSERT INTO subjects ( gid, subject ) VALUES ( '22122', 'Lönnrot, Elias, 1802-1884' );
INSERT INTO files ( gid, file, mime ) VALUES ( '22122', 'http://www.gutenberg.org/ebooks/22122.epub.images', 'application/epub+zip' );
INSERT INTO files ( gid, file, mime ) VALUES ( '22122', 'http://www.gutenberg.org/ebooks/22122.epub.noimages', 'application/epub+zip' );
INSERT INTO files ( gid, file, mime ) VALUES ( '22122', 'http://www.gutenberg.org/ebooks/22122.html.images', 'text/html' );
INSERT INTO files ( gid, file, mime ) VALUES ( '22122', 'http://www.gutenberg.org/ebooks/22122.html.noimages', 'text/html' );
INSERT INTO files ( gid, file, mime ) VALUES ( '22122', 'http://www.gutenberg.org/ebooks/22122.kindle.images', 'application/x-mobipocket-ebook' );
INSERT INTO files ( gid, file, mime ) VALUES ( '22122', 'http://www.gutenberg.org/ebooks/22122.kindle.noimages', 'application/x-mobipocket-ebook' );
INSERT INTO files ( gid, file, mime ) VALUES ( '22122', 'http://www.gutenberg.org/ebooks/22122.rdf', 'application/rdf+xml' );
INSERT INTO files ( gid, file, mime ) VALUES ( '22122', 'http://www.gutenberg.org/ebooks/22122.txt.utf-8', 'text/plain' );
INSERT INTO files ( gid, file, mime ) VALUES ( '22122', 'http://www.gutenberg.org/files/22122/22122-8.txt', 'text/plain; charset=iso-8859-1' );
INSERT INTO files ( gid, file, mime ) VALUES ( '22122', 'http://www.gutenberg.org/files/22122/22122-8.zip', 'application/ziptext/plain; charset=iso-8859-1' );
INSERT INTO titles ( gid, title, author, language, rights ) VALUES ( '22022', 'Aunt Jo''s Scrap Bag, Volume 2 Shawl-Straps', 'Alcott, Louisa May', 'en', 'Public domain in the USA.' );
INSERT INTO classifications ( gid, classification ) VALUES ( '22022', 'PZ' );
INSERT INTO subjects ( gid, subject ) VALUES ( '22022', 'Children''s stories' );
INSERT INTO subjects ( gid, subject ) VALUES ( '22022', 'Europe -- Juvenile fiction' );
INSERT INTO subjects ( gid, subject ) VALUES ( '22022', 'Travel -- Juvenile fiction' );
INSERT INTO files ( gid, file, mime ) VALUES ( '22022', 'http://www.gutenberg.org/ebooks/22022.epub.images', 'application/epub+zip' );
INSERT INTO files ( gid, file, mime ) VALUES ( '22022', 'http://www.gutenberg.org/ebooks/22022.epub.noimages', 'application/epub+zip' );
INSERT INTO files ( gid, file, mime ) VALUES ( '22022', 'http://www.gutenberg.org/ebooks/22022.kindle.images', 'application/x-mobipocket-ebook' );
INSERT INTO files ( gid, file, mime ) VALUES ( '22022', 'http://www.gutenberg.org/ebooks/22022.kindle.noimages', 'application/x-mobipocket-ebook' );
INSERT INTO files ( gid, file, mime ) VALUES ( '22022', 'http://www.gutenberg.org/ebooks/22022.rdf', 'application/rdf+xml' );
INSERT INTO files ( gid, file, mime ) VALUES ( '22022', 'http://www.gutenberg.org/ebooks/22022.txt.utf-8', 'text/plain' );
INSERT INTO files ( gid, file, mime ) VALUES ( '22022', 'http://www.gutenberg.org/files/22022/22022-8.txt', 'text/plain; charset=iso-8859-1' );
INSERT INTO files ( gid, file, mime ) VALUES ( '22022', 'http://www.gutenberg.org/files/22022/22022-8.zip', 'text/plain; charset=iso-8859-1application/zip' );
INSERT INTO files ( gid, file, mime ) VALUES ( '22022', 'http://www.gutenberg.org/files/22022/22022-h.zip', 'application/ziptext/html; charset=iso-8859-1' );
INSERT INTO files ( gid, file, mime ) VALUES ( '22022', 'http://www.gutenberg.org/files/22022/22022-h/22022-h.htm', 'text/html; charset=iso-8859-1' );
INSERT INTO files ( gid, file, mime ) VALUES ( '22022', 'http://www.gutenberg.org/files/22022/22022.txt', 'text/plain; charset=us-ascii' );
INSERT INTO files ( gid, file, mime ) VALUES ( '22022', 'http://www.gutenberg.org/files/22022/22022.zip', 'text/plain; charset=us-asciiapplication/zip' );
INSERT INTO titles ( gid, title, author, language, rights ) VALUES ( '2222', 'Human Genome Project, rough draft, Chromosome Number 22', 'Human Genome Project', 'en', 'Public domain in the USA.' );
INSERT INTO classifications ( gid, classification ) VALUES ( '2222', 'QP' );
INSERT INTO classifications ( gid, classification ) VALUES ( '2222', 'QH' );
INSERT INTO subjects ( gid, subject ) VALUES ( '2222', 'Human gene mapping' );
INSERT INTO subjects ( gid, subject ) VALUES ( '2222', 'Human genetics' );
INSERT INTO subjects ( gid, subject ) VALUES ( '2222', 'Nucleotide sequence' );
INSERT INTO subjects ( gid, subject ) VALUES ( '2222', 'Human Genome Project' );
INSERT INTO files ( gid, file, mime ) VALUES ( '2222', 'http://www.gutenberg.org/ebooks/2222.rdf', 'application/rdf+xml' );
INSERT INTO files ( gid, file, mime ) VALUES ( '2222', 'http://www.gutenberg.org/files/2222/2222.zip', 'application/ziptext/plain; charset=us-ascii' );
INSERT INTO titles ( gid, title, author, language, rights ) VALUES ( '22222', 'How to Write Letters (Formerly The Book of Letters) A Complete Guide to Correct Business and Personal Correspondence', 'Crowther, Mary Owens', 'en', 'Public domain in the USA.' );
INSERT INTO classifications ( gid, classification ) VALUES ( '22222', 'PE' );
INSERT INTO subjects ( gid, subject ) VALUES ( '22222', 'Etiquette' );
INSERT INTO subjects ( gid, subject ) VALUES ( '22222', 'Letter writing' );
INSERT INTO files ( gid, file, mime ) VALUES ( '22222', 'http://www.gutenberg.org/ebooks/22222.epub.images', 'application/epub+zip' );
INSERT INTO files ( gid, file, mime ) VALUES ( '22222', 'http://www.gutenberg.org/ebooks/22222.epub.noimages', 'application/epub+zip' );
INSERT INTO files ( gid, file, mime ) VALUES ( '22222', 'http://www.gutenberg.org/ebooks/22222.kindle.images', 'application/x-mobipocket-ebook' );
INSERT INTO files ( gid, file, mime ) VALUES ( '22222', 'http://www.gutenberg.org/ebooks/22222.kindle.noimages', 'application/x-mobipocket-ebook' );
INSERT INTO files ( gid, file, mime ) VALUES ( '22222', 'http://www.gutenberg.org/ebooks/22222.rdf', 'application/rdf+xml' );
INSERT INTO files ( gid, file, mime ) VALUES ( '22222', 'http://www.gutenberg.org/ebooks/22222.txt.utf-8', 'text/plain' );
INSERT INTO files ( gid, file, mime ) VALUES ( '22222', 'http://www.gutenberg.org/files/22222/22222-8.txt', 'text/plain; charset=iso-8859-1' );
INSERT INTO files ( gid, file, mime ) VALUES ( '22222', 'http://www.gutenberg.org/files/22222/22222-8.zip', 'application/ziptext/plain; charset=iso-8859-1' );
INSERT INTO files ( gid, file, mime ) VALUES ( '22222', 'http://www.gutenberg.org/files/22222/22222-h.zip', 'application/ziptext/html; charset=iso-8859-1' );
INSERT INTO files ( gid, file, mime ) VALUES ( '22222', 'http://www.gutenberg.org/files/22222/22222-h/22222-h.htm', 'text/html; charset=iso-8859-1' );
INSERT INTO files ( gid, file, mime ) VALUES ( '22222', 'http://www.gutenberg.org/files/22222/22222.txt', 'text/plain; charset=us-ascii' );
INSERT INTO files ( gid, file, mime ) VALUES ( '22222', 'http://www.gutenberg.org/files/22222/22222.zip', 'application/ziptext/plain; charset=us-ascii' );
INSERT INTO titles ( gid, title, author, language, rights ) VALUES ( '222', 'The Moon and Sixpence', 'Maugham, W. Somerset (William Somerset)', 'en', 'Public domain in the USA.' );
INSERT INTO classifications ( gid, classification ) VALUES ( '222', 'PR' );
INSERT INTO subjects ( gid, subject ) VALUES ( '222', 'Painters -- Fiction' );
INSERT INTO subjects ( gid, subject ) VALUES ( '222', 'Psychological fiction' );
INSERT INTO subjects ( gid, subject ) VALUES ( '222', 'England -- Fiction' );
INSERT INTO subjects ( gid, subject ) VALUES ( '222', 'Tahiti (French Polynesia : Island) -- Fiction' );
INSERT INTO files ( gid, file, mime ) VALUES ( '222', 'http://www.gutenberg.org/ebooks/222.epub.images', 'application/epub+zip' );
INSERT INTO files ( gid, file, mime ) VALUES ( '222', 'http://www.gutenberg.org/ebooks/222.epub.noimages', 'application/epub+zip' );
INSERT INTO files ( gid, file, mime ) VALUES ( '222', 'http://www.gutenberg.org/ebooks/222.kindle.images', 'application/x-mobipocket-ebook' );
INSERT INTO files ( gid, file, mime ) VALUES ( '222', 'http://www.gutenberg.org/ebooks/222.kindle.noimages', 'application/x-mobipocket-ebook' );
INSERT INTO files ( gid, file, mime ) VALUES ( '222', 'http://www.gutenberg.org/ebooks/222.rdf', 'application/rdf+xml' );
INSERT INTO files ( gid, file, mime ) VALUES ( '222', 'http://www.gutenberg.org/ebooks/222.txt.utf-8', 'text/plain' );
INSERT INTO files ( gid, file, mime ) VALUES ( '222', 'http://www.gutenberg.org/files/222/222-h.zip', 'application/ziptext/html; charset=us-ascii' );
INSERT INTO files ( gid, file, mime ) VALUES ( '222', 'http://www.gutenberg.org/files/222/222-h/222-h.htm', 'text/html; charset=us-ascii' );
INSERT INTO files ( gid, file, mime ) VALUES ( '222', 'http://www.gutenberg.org/files/222/222.txt', 'text/plain; charset=us-ascii' );
INSERT INTO files ( gid, file, mime ) VALUES ( '222', 'http://www.gutenberg.org/files/222/222.zip', 'text/plain; charset=us-asciiapplication/zip' );
INSERT INTO titles ( gid, title, author, language, rights ) VALUES ( '22322', 'A Legend of Old Persia and Other Poems', 'Tennyson, A. B. S. (Alfred Browning Stanley)', 'en', 'Public domain in the USA.' );
INSERT INTO classifications ( gid, classification ) VALUES ( '22322', 'PR' );
INSERT INTO subjects ( gid, subject ) VALUES ( '22322', 'Poetry' );
INSERT INTO files ( gid, file, mime ) VALUES ( '22322', 'http://www.gutenberg.org/ebooks/22322.epub.images', 'application/epub+zip' );
INSERT INTO files ( gid, file, mime ) VALUES ( '22322', 'http://www.gutenberg.org/ebooks/22322.epub.noimages', 'application/epub+zip' );
INSERT INTO files ( gid, file, mime ) VALUES ( '22322', 'http://www.gutenberg.org/ebooks/22322.kindle.images', 'application/x-mobipocket-ebook' );
INSERT INTO files ( gid, file, mime ) VALUES ( '22322', 'http://www.gutenberg.org/ebooks/22322.kindle.noimages', 'application/x-mobipocket-ebook' );
INSERT INTO files ( gid, file, mime ) VALUES ( '22322', 'http://www.gutenberg.org/ebooks/22322.rdf', 'application/rdf+xml' );
INSERT INTO files ( gid, file, mime ) VALUES ( '22322', 'http://www.gutenberg.org/ebooks/22322.txt.utf-8', 'text/plain' );
INSERT INTO files ( gid, file, mime ) VALUES ( '22322', 'http://www.gutenberg.org/files/22322/22322-8.txt', 'text/plain; charset=iso-8859-1' );
INSERT INTO files ( gid, file, mime ) VALUES ( '22322', 'http://www.gutenberg.org/files/22322/22322-8.zip', 'application/ziptext/plain; charset=iso-8859-1' );
INSERT INTO files ( gid, file, mime ) VALUES ( '22322', 'http://www.gutenberg.org/files/22322/22322-h.zip', 'text/html; charset=iso-8859-1application/zip' );
INSERT INTO files ( gid, file, mime ) VALUES ( '22322', 'http://www.gutenberg.org/files/22322/22322-h/22322-h.htm', 'text/html; charset=iso-8859-1' );
INSERT INTO files ( gid, file, mime ) VALUES ( '22322', 'http://www.gutenberg.org/files/22322/22322.txt', 'text/plain; charset=us-ascii' );
INSERT INTO files ( gid, file, mime ) VALUES ( '22322', 'http://www.gutenberg.org/files/22322/22322.zip', 'application/ziptext/plain; charset=us-ascii' );
INSERT INTO titles ( gid, title, author, language, rights ) VALUES ( '22422', 'Tired Church Members', 'Warner, Anna Bartlett', 'en', 'Public domain in the USA.' );
INSERT INTO classifications ( gid, classification ) VALUES ( '22422', 'BV' );
INSERT INTO subjects ( gid, subject ) VALUES ( '22422', 'Amusements -- Religious aspects' );
INSERT INTO files ( gid, file, mime ) VALUES ( '22422', 'http://www.gutenberg.org/ebooks/22422.epub.images', 'application/epub+zip' );
INSERT INTO files ( gid, file, mime ) VALUES ( '22422', 'http://www.gutenberg.org/ebooks/22422.epub.noimages', 'application/epub+zip' );
INSERT INTO files ( gid, file, mime ) VALUES ( '22422', 'http://www.gutenberg.org/ebooks/22422.html.images', 'text/html' );
INSERT INTO files ( gid, file, mime ) VALUES ( '22422', 'http://www.gutenberg.org/ebooks/22422.html.noimages', 'text/html' );
INSERT INTO files ( gid, file, mime ) VALUES ( '22422', 'http://www.gutenberg.org/ebooks/22422.kindle.images', 'application/x-mobipocket-ebook' );
INSERT INTO files ( gid, file, mime ) VALUES ( '22422', 'http://www.gutenberg.org/ebooks/22422.kindle.noimages', 'application/x-mobipocket-ebook' );
INSERT INTO files ( gid, file, mime ) VALUES ( '22422', 'http://www.gutenberg.org/ebooks/22422.rdf', 'application/rdf+xml' );
INSERT INTO files ( gid, file, mime ) VALUES ( '22422', 'http://www.gutenberg.org/ebooks/22422.txt.utf-8', 'text/plain' );
INSERT INTO files ( gid, file, mime ) VALUES ( '22422', 'http://www.gutenberg.org/files/22422/22422.txt', 'text/plain; charset=us-ascii' );
INSERT INTO files ( gid, file, mime ) VALUES ( '22422', 'http://www.gutenberg.org/files/22422/22422.zip', 'text/plain; charset=us-asciiapplication/zip' );
INSERT INTO titles ( gid, title, author, language, rights ) VALUES ( '22522', 'Artists'' Wives', 'Daudet, Alphonse', 'en', 'Public domain in the USA.' );
INSERT INTO classifications ( gid, classification ) VALUES ( '22522', 'PQ' );
INSERT INTO subjects ( gid, subject ) VALUES ( '22522', 'Short stories' );
INSERT INTO files ( gid, file, mime ) VALUES ( '22522', 'http://www.gutenberg.org/cache/epub/22522/pg22522.cover.medium.jpg', 'image/jpeg' );
INSERT INTO files ( gid, file, mime ) VALUES ( '22522', 'http://www.gutenberg.org/cache/epub/22522/pg22522.cover.small.jpg', 'image/jpeg' );
INSERT INTO files ( gid, file, mime ) VALUES ( '22522', 'http://www.gutenberg.org/ebooks/22522.epub.images', 'application/epub+zip' );
INSERT INTO files ( gid, file, mime ) VALUES ( '22522', 'http://www.gutenberg.org/ebooks/22522.epub.noimages', 'application/epub+zip' );
INSERT INTO files ( gid, file, mime ) VALUES ( '22522', 'http://www.gutenberg.org/ebooks/22522.kindle.images', 'application/x-mobipocket-ebook' );
INSERT INTO files ( gid, file, mime ) VALUES ( '22522', 'http://www.gutenberg.org/ebooks/22522.kindle.noimages', 'application/x-mobipocket-ebook' );
INSERT INTO files ( gid, file, mime ) VALUES ( '22522', 'http://www.gutenberg.org/ebooks/22522.rdf', 'application/rdf+xml' );
INSERT INTO files ( gid, file, mime ) VALUES ( '22522', 'http://www.gutenberg.org/ebooks/22522.txt.utf-8', 'text/plain' );
INSERT INTO files ( gid, file, mime ) VALUES ( '22522', 'http://www.gutenberg.org/files/22522/22522-8.txt', 'text/plain; charset=iso-8859-1' );
INSERT INTO files ( gid, file, mime ) VALUES ( '22522', 'http://www.gutenberg.org/files/22522/22522-8.zip', 'text/plain; charset=iso-8859-1application/zip' );
INSERT INTO files ( gid, file, mime ) VALUES ( '22522', 'http://www.gutenberg.org/files/22522/22522-h.zip', 'text/html; charset=iso-8859-1application/zip' );
INSERT INTO files ( gid, file, mime ) VALUES ( '22522', 'http://www.gutenberg.org/files/22522/22522-h/22522-h.htm', 'text/html; charset=iso-8859-1' );
INSERT INTO files ( gid, file, mime ) VALUES ( '22522', 'http://www.gutenberg.org/files/22522/22522.txt', 'text/plain; charset=us-ascii' );
INSERT INTO files ( gid, file, mime ) VALUES ( '22522', 'http://www.gutenberg.org/files/22522/22522.zip', 'text/plain; charset=us-asciiapplication/zip' );
INSERT INTO titles ( gid, title, author, language, rights ) VALUES ( '22622', 'Aves Migradoras', 'Almeida, José Valentim Fialho de', 'pt', 'Public domain in the USA.' );
INSERT INTO classifications ( gid, classification ) VALUES ( '22622', 'PQ' );
INSERT INTO subjects ( gid, subject ) VALUES ( '22622', 'Fiction' );
INSERT INTO files ( gid, file, mime ) VALUES ( '22622', 'http://www.gutenberg.org/ebooks/22622.epub.images', 'application/epub+zip' );
INSERT INTO files ( gid, file, mime ) VALUES ( '22622', 'http://www.gutenberg.org/ebooks/22622.epub.noimages', 'application/epub+zip' );
INSERT INTO files ( gid, file, mime ) VALUES ( '22622', 'http://www.gutenberg.org/ebooks/22622.kindle.images', 'application/x-mobipocket-ebook' );
INSERT INTO files ( gid, file, mime ) VALUES ( '22622', 'http://www.gutenberg.org/ebooks/22622.kindle.noimages', 'application/x-mobipocket-ebook' );
INSERT INTO files ( gid, file, mime ) VALUES ( '22622', 'http://www.gutenberg.org/ebooks/22622.rdf', 'application/rdf+xml' );
INSERT INTO files ( gid, file, mime ) VALUES ( '22622', 'http://www.gutenberg.org/ebooks/22622.txt.utf-8', 'text/plain' );
INSERT INTO files ( gid, file, mime ) VALUES ( '22622', 'http://www.gutenberg.org/files/22622/22622-8.txt', 'text/plain; charset=iso-8859-1' );
INSERT INTO files ( gid, file, mime ) VALUES ( '22622', 'http://www.gutenberg.org/files/22622/22622-8.zip', 'application/ziptext/plain; charset=iso-8859-1' );
INSERT INTO files ( gid, file, mime ) VALUES ( '22622', 'http://www.gutenberg.org/files/22622/22622-h.zip', 'application/ziptext/html; charset=iso-8859-1' );
INSERT INTO files ( gid, file, mime ) VALUES ( '22622', 'http://www.gutenberg.org/files/22622/22622-h/22622-h.htm', 'text/html; charset=iso-8859-1' );
INSERT INTO titles ( gid, title, author, language, rights ) VALUES ( '22722', 'Woordenlijst voor de spelling der Nederlandsche Taal Met aanwijzing van de geslachten der naamwoorden en de vervoeging der werkwoorden', 'Vries, M. de (Matthias)', 'nl', 'Public domain in the USA.' );
INSERT INTO classifications ( gid, classification ) VALUES ( '22722', 'PF' );
INSERT INTO subjects ( gid, subject ) VALUES ( '22722', 'Dutch language -- Orthography and spelling' );
INSERT INTO files ( gid, file, mime ) VALUES ( '22722', 'http://www.gutenberg.org/ebooks/22722.epub.images', 'application/epub+zip' );
INSERT INTO files ( gid, file, mime ) VALUES ( '22722', 'http://www.gutenberg.org/ebooks/22722.epub.noimages', 'application/epub+zip' );
INSERT INTO files ( gid, file, mime ) VALUES ( '22722', 'http://www.gutenberg.org/ebooks/22722.kindle.images', 'application/x-mobipocket-ebook' );
INSERT INTO files ( gid, file, mime ) VALUES ( '22722', 'http://www.gutenberg.org/ebooks/22722.kindle.noimages', 'application/x-mobipocket-ebook' );
INSERT INTO files ( gid, file, mime ) VALUES ( '22722', 'http://www.gutenberg.org/ebooks/22722.rdf', 'application/rdf+xml' );
INSERT INTO files ( gid, file, mime ) VALUES ( '22722', 'http://www.gutenberg.org/ebooks/22722.txt.utf-8', 'text/plain' );
INSERT INTO files ( gid, file, mime ) VALUES ( '22722', 'http://www.gutenberg.org/files/22722/22722-8.txt', 'text/plain; charset=iso-8859-1' );
INSERT INTO files ( gid, file, mime ) VALUES ( '22722', 'http://www.gutenberg.org/files/22722/22722-8.zip', 'text/plain; charset=iso-8859-1application/zip' );
INSERT INTO files ( gid, file, mime ) VALUES ( '22722', 'http://www.gutenberg.org/files/22722/22722-h.zip', 'application/ziptext/html' );
INSERT INTO files ( gid, file, mime ) VALUES ( '22722', 'http://www.gutenberg.org/files/22722/22722-h/22722-h.htm', 'text/html' );
INSERT INTO files ( gid, file, mime ) VALUES ( '22722', 'http://www.gutenberg.org/files/22722/22722-h/woordenlijst1914-full.html', 'text/html' );
INSERT INTO files ( gid, file, mime ) VALUES ( '22722', 'http://www.gutenberg.org/files/22722/22722-h/woordenlijst1914-full.txt', 'text/plain; charset=us-ascii' );
INSERT INTO files ( gid, file, mime ) VALUES ( '22722', 'http://www.gutenberg.org/files/22722/22722-h/woordenlijst1914-words-ansi.txt', 'text/plain; charset=us-ascii' );
INSERT INTO files ( gid, file, mime ) VALUES ( '22722', 'http://www.gutenberg.org/files/22722/22722-h/woordenlijst1914-words-utf8.txt', 'text/plain; charset=us-ascii' );
INSERT INTO files ( gid, file, mime ) VALUES ( '22722', 'http://www.gutenberg.org/files/22722/22722-h/woordenlijst1914.html', 'text/html' );
INSERT INTO files ( gid, file, mime ) VALUES ( '22722', 'http://www.gutenberg.org/files/22722/22722-h/woordenlijst1914.txt', 'text/plain; charset=us-ascii' );
INSERT INTO titles ( gid, title, author, language, rights ) VALUES ( '8922', 'Viola Tricolor', 'Storm, Theodor', 'de', 'Public domain in the USA.' );
INSERT INTO classifications ( gid, classification ) VALUES ( '8922', 'PT' );
INSERT INTO subjects ( gid, subject ) VALUES ( '8922', 'Germany, Northern -- Fiction' );
INSERT INTO files ( gid, file, mime ) VALUES ( '8922', 'http://www.gutenberg.org/ebooks/8922.epub.images', 'application/epub+zip' );
INSERT INTO files ( gid, file, mime ) VALUES ( '8922', 'http://www.gutenberg.org/ebooks/8922.epub.noimages', 'application/epub+zip' );
INSERT INTO files ( gid, file, mime ) VALUES ( '8922', 'http://www.gutenberg.org/ebooks/8922.html.images', 'text/html' );
INSERT INTO files ( gid, file, mime ) VALUES ( '8922', 'http://www.gutenberg.org/ebooks/8922.html.noimages', 'text/html' );
INSERT INTO files ( gid, file, mime ) VALUES ( '8922', 'http://www.gutenberg.org/ebooks/8922.kindle.images', 'application/x-mobipocket-ebook' );
INSERT INTO files ( gid, file, mime ) VALUES ( '8922', 'http://www.gutenberg.org/ebooks/8922.kindle.noimages', 'application/x-mobipocket-ebook' );
INSERT INTO files ( gid, file, mime ) VALUES ( '8922', 'http://www.gutenberg.org/ebooks/8922.rdf', 'application/rdf+xml' );
INSERT INTO files ( gid, file, mime ) VALUES ( '8922', 'http://www.gutenberg.org/ebooks/8922.txt.utf-8', 'text/plain' );
INSERT INTO files ( gid, file, mime ) VALUES ( '8922', 'http://www.gutenberg.org/files/8922/8922-8.txt', 'text/plain; charset=iso-8859-1' );
INSERT INTO files ( gid, file, mime ) VALUES ( '8922', 'http://www.gutenberg.org/files/8922/8922-8.zip', 'application/ziptext/plain; charset=iso-8859-1' );
INSERT INTO titles ( gid, title, author, language, rights ) VALUES ( '9122', '', '', 'en', 'None' );
INSERT INTO titles ( gid, title, author, language, rights ) VALUES ( '9022', 'Goldsmith''s Friend Abroad Again', 'Twain, Mark', 'en', 'Copyrighted. Read the copyright notice inside this book for details.' );
INSERT INTO classifications ( gid, classification ) VALUES ( '9022', 'PS' );
INSERT INTO subjects ( gid, subject ) VALUES ( '9022', 'Satire' );
INSERT INTO subjects ( gid, subject ) VALUES ( '9022', 'Imaginary letters' );
INSERT INTO subjects ( gid, subject ) VALUES ( '9022', 'United States -- Fiction' );
INSERT INTO files ( gid, file, mime ) VALUES ( '9022', 'http://www.gutenberg.org/ebooks/9022.rdf', 'application/rdf+xml' );
INSERT INTO files ( gid, file, mime ) VALUES ( '9022', 'http://www.gutenberg.org/files/9022/9022-index.htm', 'text/html; charset=iso-8859-1' );
INSERT INTO files ( gid, file, mime ) VALUES ( '9022', 'http://www.gutenberg.org/files/9022/9022-mp3.zip', 'application/zipapplication/octet-stream' );
INSERT INTO files ( gid, file, mime ) VALUES ( '9022', 'http://www.gutenberg.org/files/9022/9022-readme.txt', 'text/plain; charset=us-ascii' );
INSERT INTO files ( gid, file, mime ) VALUES ( '9022', 'http://www.gutenberg.org/files/9022/mp3/9022-000.mp3', 'audio/mpeg' );
INSERT INTO files ( gid, file, mime ) VALUES ( '9022', 'http://www.gutenberg.org/files/9022/mp3/9022-001.mp3', 'audio/mpeg' );
INSERT INTO files ( gid, file, mime ) VALUES ( '9022', 'http://www.gutenberg.org/files/9022/mp3/9022-002.mp3', 'audio/mpeg' );
INSERT INTO files ( gid, file, mime ) VALUES ( '9022', 'http://www.gutenberg.org/files/9022/mp3/9022-003.mp3', 'audio/mpeg' );
INSERT INTO titles ( gid, title, author, language, rights ) VALUES ( '9222', 'A Select Party', 'Hawthorne, Nathaniel', 'en', 'Public domain in the USA.' );
INSERT INTO classifications ( gid, classification ) VALUES ( '9222', 'PS' );
INSERT INTO subjects ( gid, subject ) VALUES ( '9222', 'Short stories' );
INSERT INTO files ( gid, file, mime ) VALUES ( '9222', 'http://www.gutenberg.org/ebooks/9222.epub.images', 'application/epub+zip' );
INSERT INTO files ( gid, file, mime ) VALUES ( '9222', 'http://www.gutenberg.org/ebooks/9222.epub.noimages', 'application/epub+zip' );
INSERT INTO files ( gid, file, mime ) VALUES ( '9222', 'http://www.gutenberg.org/ebooks/9222.kindle.images', 'application/x-mobipocket-ebook' );
INSERT INTO files ( gid, file, mime ) VALUES ( '9222', 'http://www.gutenberg.org/ebooks/9222.kindle.noimages', 'application/x-mobipocket-ebook' );
INSERT INTO files ( gid, file, mime ) VALUES ( '9222', 'http://www.gutenberg.org/ebooks/9222.rdf', 'application/rdf+xml' );
INSERT INTO files ( gid, file, mime ) VALUES ( '9222', 'http://www.gutenberg.org/files/9222/9222-0.txt', 'text/plain; charset=utf-8' );
INSERT INTO files ( gid, file, mime ) VALUES ( '9222', 'http://www.gutenberg.org/files/9222/9222-0.zip', 'text/plain; charset=utf-8application/zip' );
INSERT INTO files ( gid, file, mime ) VALUES ( '9222', 'http://www.gutenberg.org/files/9222/9222-h.zip', 'application/ziptext/html; charset=utf-8' );
INSERT INTO files ( gid, file, mime ) VALUES ( '9222', 'http://www.gutenberg.org/files/9222/9222-h/9222-h.htm', 'text/html; charset=utf-8' );
INSERT INTO files ( gid, file, mime ) VALUES ( '9222', 'http://www.gutenberg.org/files/9222/9222.txt', 'text/plain; charset=us-ascii' );
INSERT INTO files ( gid, file, mime ) VALUES ( '9222', 'http://www.gutenberg.org/files/9222/9222.zip', 'application/ziptext/plain; charset=us-ascii' );
INSERT INTO titles ( gid, title, author, language, rights ) VALUES ( '922', 'Sunday Under Three Heads', 'Dickens, Charles', 'en', 'Public domain in the USA.' );
INSERT INTO classifications ( gid, classification ) VALUES ( '922', 'BV' );
INSERT INTO subjects ( gid, subject ) VALUES ( '922', 'England -- Social life and customs -- 19th century' );
INSERT INTO subjects ( gid, subject ) VALUES ( '922', 'Sunday' );
INSERT INTO files ( gid, file, mime ) VALUES ( '922', 'http://www.gutenberg.org/cache/epub/922/pg922.cover.medium.jpg', 'image/jpeg' );
INSERT INTO files ( gid, file, mime ) VALUES ( '922', 'http://www.gutenberg.org/cache/epub/922/pg922.cover.small.jpg', 'image/jpeg' );
INSERT INTO files ( gid, file, mime ) VALUES ( '922', 'http://www.gutenberg.org/ebooks/922.epub.images', 'application/epub+zip' );
INSERT INTO files ( gid, file, mime ) VALUES ( '922', 'http://www.gutenberg.org/ebooks/922.epub.noimages', 'application/epub+zip' );
INSERT INTO files ( gid, file, mime ) VALUES ( '922', 'http://www.gutenberg.org/ebooks/922.kindle.images', 'application/x-mobipocket-ebook' );
INSERT INTO files ( gid, file, mime ) VALUES ( '922', 'http://www.gutenberg.org/ebooks/922.kindle.noimages', 'application/x-mobipocket-ebook' );
INSERT INTO files ( gid, file, mime ) VALUES ( '922', 'http://www.gutenberg.org/ebooks/922.rdf', 'application/rdf+xml' );
INSERT INTO files ( gid, file, mime ) VALUES ( '922', 'http://www.gutenberg.org/files/922/922-0.txt', 'text/plain; charset=utf-8' );
INSERT INTO files ( gid, file, mime ) VALUES ( '922', 'http://www.gutenberg.org/files/922/922-0.zip', 'text/plain; charset=utf-8application/zip' );
INSERT INTO files ( gid, file, mime ) VALUES ( '922', 'http://www.gutenberg.org/files/922/922-h.zip', 'application/ziptext/html' );
INSERT INTO files ( gid, file, mime ) VALUES ( '922', 'http://www.gutenberg.org/files/922/922-h/922-h.htm', 'text/html' );
INSERT INTO titles ( gid, title, author, language, rights ) VALUES ( '9322', 'The Nation in a Nutshell', 'Towle, George M. (George Makepeace)', 'en', 'Public domain in the USA.' );
INSERT INTO subjects ( gid, subject ) VALUES ( '9322', 'E151' );
INSERT INTO subjects ( gid, subject ) VALUES ( '9322', 'United States -- History -- Outlines, syllabi, etc.' );
INSERT INTO files ( gid, file, mime ) VALUES ( '9322', 'http://www.gutenberg.org/ebooks/9322.epub.images', 'application/epub+zip' );
INSERT INTO files ( gid, file, mime ) VALUES ( '9322', 'http://www.gutenberg.org/ebooks/9322.epub.noimages', 'application/epub+zip' );
INSERT INTO files ( gid, file, mime ) VALUES ( '9322', 'http://www.gutenberg.org/ebooks/9322.kindle.images', 'application/x-mobipocket-ebook' );
INSERT INTO files ( gid, file, mime ) VALUES ( '9322', 'http://www.gutenberg.org/ebooks/9322.kindle.noimages', 'application/x-mobipocket-ebook' );
INSERT INTO files ( gid, file, mime ) VALUES ( '9322', 'http://www.gutenberg.org/ebooks/9322.rdf', 'application/rdf+xml' );
INSERT INTO files ( gid, file, mime ) VALUES ( '9322', 'http://www.gutenberg.org/ebooks/9322.txt.utf-8', 'text/plain' );
INSERT INTO files ( gid, file, mime ) VALUES ( '9322', 'http://www.gutenberg.org/files/9322/9322-8.txt', 'text/plain; charset=iso-8859-1' );
INSERT INTO files ( gid, file, mime ) VALUES ( '9322', 'http://www.gutenberg.org/files/9322/9322-8.zip', 'application/ziptext/plain; charset=iso-8859-1' );
INSERT INTO files ( gid, file, mime ) VALUES ( '9322', 'http://www.gutenberg.org/files/9322/9322-h.zip', 'application/ziptext/html; charset=iso-8859-1' );
INSERT INTO files ( gid, file, mime ) VALUES ( '9322', 'http://www.gutenberg.org/files/9322/9322-h/9322-h.htm', 'text/html; charset=iso-8859-1' );
INSERT INTO files ( gid, file, mime ) VALUES ( '9322', 'http://www.gutenberg.org/files/9322/9322.txt', 'text/plain; charset=us-ascii' );
INSERT INTO files ( gid, file, mime ) VALUES ( '9322', 'http://www.gutenberg.org/files/9322/9322.zip', 'text/plain; charset=us-asciiapplication/zip' );
INSERT INTO titles ( gid, title, author, language, rights ) VALUES ( '9522', 'Barry Lyndon', 'Thackeray, William Makepeace', 'en', 'Copyrighted. Read the copyright notice inside this book for details.' );
INSERT INTO classifications ( gid, classification ) VALUES ( '9522', 'PR' );
INSERT INTO subjects ( gid, subject ) VALUES ( '9522', 'Ireland -- Fiction' );
INSERT INTO subjects ( gid, subject ) VALUES ( '9522', 'Rogues and vagabonds -- Fiction' );
INSERT INTO subjects ( gid, subject ) VALUES ( '9522', 'Humorous stories' );
INSERT INTO subjects ( gid, subject ) VALUES ( '9522', 'Gamblers -- Fiction' );
INSERT INTO subjects ( gid, subject ) VALUES ( '9522', 'Satire' );
INSERT INTO subjects ( gid, subject ) VALUES ( '9522', 'Europe -- Fiction' );
INSERT INTO subjects ( gid, subject ) VALUES ( '9522', 'Irish -- Foreign countries -- Fiction' );
INSERT INTO files ( gid, file, mime ) VALUES ( '9522', 'http://www.gutenberg.org/ebooks/9522.rdf', 'application/rdf+xml' );
INSERT INTO files ( gid, file, mime ) VALUES ( '9522', 'http://www.gutenberg.org/files/9522/9522-index.htm', 'text/html; charset=iso-8859-1' );
INSERT INTO files ( gid, file, mime ) VALUES ( '9522', 'http://www.gutenberg.org/files/9522/9522-mp3.zip', 'application/zipapplication/octet-stream' );
INSERT INTO files ( gid, file, mime ) VALUES ( '9522', 'http://www.gutenberg.org/files/9522/9522-readme.txt', 'text/plain; charset=us-ascii' );
INSERT INTO files ( gid, file, mime ) VALUES ( '9522', 'http://www.gutenberg.org/files/9522/mp3/9522-000.mp3', 'audio/mpeg' );
INSERT INTO files ( gid, file, mime ) VALUES ( '9522', 'http://www.gutenberg.org/files/9522/mp3/9522-001.mp3', 'audio/mpeg' );
INSERT INTO titles ( gid, title, author, language, rights ) VALUES ( '9622', 'Lyrical Ballads, With a Few Other Poems (1798)', 'Coleridge, Samuel Taylor', 'en', 'Public domain in the USA.' );
INSERT INTO classifications ( gid, classification ) VALUES ( '9622', 'PR' );
INSERT INTO subjects ( gid, subject ) VALUES ( '9622', 'English poetry -- 18th century' );
INSERT INTO files ( gid, file, mime ) VALUES ( '9622', 'http://www.gutenberg.org/ebooks/9622.epub.images', 'application/epub+zip' );
INSERT INTO files ( gid, file, mime ) VALUES ( '9622', 'http://www.gutenberg.org/ebooks/9622.epub.noimages', 'application/epub+zip' );
INSERT INTO files ( gid, file, mime ) VALUES ( '9622', 'http://www.gutenberg.org/ebooks/9622.kindle.images', 'application/x-mobipocket-ebook' );
INSERT INTO files ( gid, file, mime ) VALUES ( '9622', 'http://www.gutenberg.org/ebooks/9622.kindle.noimages', 'application/x-mobipocket-ebook' );
INSERT INTO files ( gid, file, mime ) VALUES ( '9622', 'http://www.gutenberg.org/ebooks/9622.rdf', 'application/rdf+xml' );
INSERT INTO files ( gid, file, mime ) VALUES ( '9622', 'http://www.gutenberg.org/ebooks/9622.txt.utf-8', 'text/plain' );
INSERT INTO files ( gid, file, mime ) VALUES ( '9622', 'http://www.gutenberg.org/files/9622/9622-8.txt', 'text/plain; charset=iso-8859-1' );
INSERT INTO files ( gid, file, mime ) VALUES ( '9622', 'http://www.gutenberg.org/files/9622/9622-8.zip', 'application/ziptext/plain; charset=iso-8859-1' );
INSERT INTO files ( gid, file, mime ) VALUES ( '9622', 'http://www.gutenberg.org/files/9622/9622-h.zip', 'text/html; charset=iso-8859-1application/zip' );
INSERT INTO files ( gid, file, mime ) VALUES ( '9622', 'http://www.gutenberg.org/files/9622/9622-h/9622-h.htm', 'text/html; charset=iso-8859-1' );
INSERT INTO files ( gid, file, mime ) VALUES ( '9622', 'http://www.gutenberg.org/files/9622/9622.txt', 'text/plain; charset=us-ascii' );
INSERT INTO files ( gid, file, mime ) VALUES ( '9622', 'http://www.gutenberg.org/files/9622/9622.zip', 'application/ziptext/plain; charset=us-ascii' );
INSERT INTO titles ( gid, title, author, language, rights ) VALUES ( '9422', 'A Laodicean', 'Hardy, Thomas', 'en', 'Copyrighted. Read the copyright notice inside this book for details.' );
INSERT INTO classifications ( gid, classification ) VALUES ( '9422', 'PR' );
INSERT INTO subjects ( gid, subject ) VALUES ( '9422', 'Castles -- Conservation and restoration -- Fiction' );
INSERT INTO subjects ( gid, subject ) VALUES ( '9422', 'Architects -- Fiction' );
INSERT INTO subjects ( gid, subject ) VALUES ( '9422', 'Love stories' );
INSERT INTO subjects ( gid, subject ) VALUES ( '9422', 'Wessex (England) -- Fiction' );
INSERT INTO files ( gid, file, mime ) VALUES ( '9422', 'http://www.gutenberg.org/ebooks/9422.rdf', 'application/rdf+xml' );
INSERT INTO files ( gid, file, mime ) VALUES ( '9422', 'http://www.gutenberg.org/files/9422/9422-index.htm', 'text/html; charset=iso-8859-1' );
INSERT INTO files ( gid, file, mime ) VALUES ( '9422', 'http://www.gutenberg.org/files/9422/9422-mp3.zip', 'application/zipapplication/octet-stream' );
INSERT INTO files ( gid, file, mime ) VALUES ( '9422', 'http://www.gutenberg.org/files/9422/9422-readme.txt', 'text/plain; charset=us-ascii' );
INSERT INTO files ( gid, file, mime ) VALUES ( '9422', 'http://www.gutenberg.org/files/9422/mp3/9422-000.mp3', 'audio/mpeg' );
INSERT INTO files ( gid, file, mime ) VALUES ( '9422', 'http://www.gutenberg.org/files/9422/mp3/9422-001.mp3', 'audio/mpeg' );
INSERT INTO files ( gid, file, mime ) VALUES ( '9422', 'http://www.gutenberg.org/files/9422/mp3/9422-002.mp3', 'audio/mpeg' );
INSERT INTO files ( gid, file, mime ) VALUES ( '9422', 'http://www.gutenberg.org/files/9422/mp3/9422-003.mp3', 'audio/mpeg' );
INSERT INTO files ( gid, file, mime ) VALUES ( '9422', 'http://www.gutenberg.org/files/9422/mp3/9422-004.mp3', 'audio/mpeg' );
INSERT INTO files ( gid, file, mime ) VALUES ( '9422', 'http://www.gutenberg.org/files/9422/mp3/9422-005.mp3', 'audio/mpeg' );
INSERT INTO files ( gid, file, mime ) VALUES ( '9422', 'http://www.gutenberg.org/files/9422/mp3/9422-006.mp3', 'audio/mpeg' );
INSERT INTO files ( gid, file, mime ) VALUES ( '9422', 'http://www.gutenberg.org/files/9422/mp3/9422-007.mp3', 'audio/mpeg' );
INSERT INTO files ( gid, file, mime ) VALUES ( '9422', 'http://www.gutenberg.org/files/9422/mp3/9422-008.mp3', 'audio/mpeg' );
INSERT INTO files ( gid, file, mime ) VALUES ( '9422', 'http://www.gutenberg.org/files/9422/mp3/9422-009.mp3', 'audio/mpeg' );
INSERT INTO files ( gid, file, mime ) VALUES ( '9422', 'http://www.gutenberg.org/files/9422/mp3/9422-010.mp3', 'audio/mpeg' );
INSERT INTO files ( gid, file, mime ) VALUES ( '9422', 'http://www.gutenberg.org/files/9422/mp3/9422-011.mp3', 'audio/mpeg' );
INSERT INTO files ( gid, file, mime ) VALUES ( '9422', 'http://www.gutenberg.org/files/9422/mp3/9422-012.mp3', 'audio/mpeg' );
INSERT INTO files ( gid, file, mime ) VALUES ( '9422', 'http://www.gutenberg.org/files/9422/mp3/9422-013.mp3', 'audio/mpeg' );
INSERT INTO files ( gid, file, mime ) VALUES ( '9422', 'http://www.gutenberg.org/files/9422/mp3/9422-014.mp3', 'audio/mpeg' );
INSERT INTO files ( gid, file, mime ) VALUES ( '9422', 'http://www.gutenberg.org/files/9422/mp3/9422-015.mp3', 'audio/mpeg' );
INSERT INTO files ( gid, file, mime ) VALUES ( '9422', 'http://www.gutenberg.org/files/9422/mp3/9422-016.mp3', 'audio/mpeg' );
INSERT INTO files ( gid, file, mime ) VALUES ( '9422', 'http://www.gutenberg.org/files/9422/mp3/9422-017.mp3', 'audio/mpeg' );
INSERT INTO files ( gid, file, mime ) VALUES ( '9422', 'http://www.gutenberg.org/files/9422/mp3/9422-018.mp3', 'audio/mpeg' );
INSERT INTO files ( gid, file, mime ) VALUES ( '9422', 'http://www.gutenberg.org/files/9422/mp3/9422-019.mp3', 'audio/mpeg' );
INSERT INTO files ( gid, file, mime ) VALUES ( '9422', 'http://www.gutenberg.org/files/9422/mp3/9422-020.mp3', 'audio/mpeg' );
INSERT INTO files ( gid, file, mime ) VALUES ( '9422', 'http://www.gutenberg.org/files/9422/mp3/9422-021.mp3', 'audio/mpeg' );
INSERT INTO files ( gid, file, mime ) VALUES ( '9422', 'http://www.gutenberg.org/files/9422/mp3/9422-022.mp3', 'audio/mpeg' );
INSERT INTO files ( gid, file, mime ) VALUES ( '9422', 'http://www.gutenberg.org/files/9422/mp3/9422-023.mp3', 'audio/mpeg' );
INSERT INTO files ( gid, file, mime ) VALUES ( '9422', 'http://www.gutenberg.org/files/9422/mp3/9422-024.mp3', 'audio/mpeg' );
INSERT INTO files ( gid, file, mime ) VALUES ( '9422', 'http://www.gutenberg.org/files/9422/mp3/9422-025.mp3', 'audio/mpeg' );
INSERT INTO files ( gid, file, mime ) VALUES ( '9422', 'http://www.gutenberg.org/files/9422/mp3/9422-026.mp3', 'audio/mpeg' );
INSERT INTO files ( gid, file, mime ) VALUES ( '9422', 'http://www.gutenberg.org/files/9422/mp3/9422-027.mp3', 'audio/mpeg' );
INSERT INTO files ( gid, file, mime ) VALUES ( '9422', 'http://www.gutenberg.org/files/9422/mp3/9422-028.mp3', 'audio/mpeg' );
INSERT INTO files ( gid, file, mime ) VALUES ( '9422', 'http://www.gutenberg.org/files/9422/mp3/9422-029.mp3', 'audio/mpeg' );
INSERT INTO files ( gid, file, mime ) VALUES ( '9422', 'http://www.gutenberg.org/files/9422/mp3/9422-030.mp3', 'audio/mpeg' );
INSERT INTO files ( gid, file, mime ) VALUES ( '9422', 'http://www.gutenberg.org/files/9422/mp3/9422-031.mp3', 'audio/mpeg' );
INSERT INTO files ( gid, file, mime ) VALUES ( '9422', 'http://www.gutenberg.org/files/9422/mp3/9422-032.mp3', 'audio/mpeg' );
INSERT INTO files ( gid, file, mime ) VALUES ( '9422', 'http://www.gutenberg.org/files/9422/mp3/9422-033.mp3', 'audio/mpeg' );
INSERT INTO files ( gid, file, mime ) VALUES ( '9422', 'http://www.gutenberg.org/files/9422/mp3/9422-034.mp3', 'audio/mpeg' );
INSERT INTO files ( gid, file, mime ) VALUES ( '9422', 'http://www.gutenberg.org/files/9422/mp3/9422-035.mp3', 'audio/mpeg' );
INSERT INTO files ( gid, file, mime ) VALUES ( '9422', 'http://www.gutenberg.org/files/9422/mp3/9422-036.mp3', 'audio/mpeg' );
INSERT INTO files ( gid, file, mime ) VALUES ( '9422', 'http://www.gutenberg.org/files/9422/mp3/9422-037.mp3', 'audio/mpeg' );
INSERT INTO files ( gid, file, mime ) VALUES ( '9422', 'http://www.gutenberg.org/files/9422/mp3/9422-038.mp3', 'audio/mpeg' );
INSERT INTO files ( gid, file, mime ) VALUES ( '9422', 'http://www.gutenberg.org/files/9422/mp3/9422-039.mp3', 'audio/mpeg' );
INSERT INTO files ( gid, file, mime ) VALUES ( '9422', 'http://www.gutenberg.org/files/9422/mp3/9422-040.mp3', 'audio/mpeg' );
INSERT INTO files ( gid, file, mime ) VALUES ( '9422', 'http://www.gutenberg.org/files/9422/mp3/9422-041.mp3', 'audio/mpeg' );
INSERT INTO files ( gid, file, mime ) VALUES ( '9422', 'http://www.gutenberg.org/files/9422/mp3/9422-042.mp3', 'audio/mpeg' );
INSERT INTO files ( gid, file, mime ) VALUES ( '9422', 'http://www.gutenberg.org/files/9422/mp3/9422-043.mp3', 'audio/mpeg' );
INSERT INTO files ( gid, file, mime ) VALUES ( '9422', 'http://www.gutenberg.org/files/9422/mp3/9422-044.mp3', 'audio/mpeg' );
INSERT INTO files ( gid, file, mime ) VALUES ( '9422', 'http://www.gutenberg.org/files/9422/mp3/9422-045.mp3', 'audio/mpeg' );
INSERT INTO files ( gid, file, mime ) VALUES ( '9422', 'http://www.gutenberg.org/files/9422/mp3/9422-046.mp3', 'audio/mpeg' );
INSERT INTO files ( gid, file, mime ) VALUES ( '9422', 'http://www.gutenberg.org/files/9422/mp3/9422-047.mp3', 'audio/mpeg' );
INSERT INTO files ( gid, file, mime ) VALUES ( '9422', 'http://www.gutenberg.org/files/9422/mp3/9422-048.mp3', 'audio/mpeg' );
INSERT INTO files ( gid, file, mime ) VALUES ( '9422', 'http://www.gutenberg.org/files/9422/mp3/9422-049.mp3', 'audio/mpeg' );
INSERT INTO files ( gid, file, mime ) VALUES ( '9422', 'http://www.gutenberg.org/files/9422/mp3/9422-050.mp3', 'audio/mpeg' );
INSERT INTO files ( gid, file, mime ) VALUES ( '9422', 'http://www.gutenberg.org/files/9422/mp3/9422-051.mp3', 'audio/mpeg' );
INSERT INTO files ( gid, file, mime ) VALUES ( '9422', 'http://www.gutenberg.org/files/9422/mp3/9422-052.mp3', 'audio/mpeg' );
INSERT INTO files ( gid, file, mime ) VALUES ( '9422', 'http://www.gutenberg.org/files/9422/mp3/9422-053.mp3', 'audio/mpeg' );
INSERT INTO files ( gid, file, mime ) VALUES ( '9422', 'http://www.gutenberg.org/files/9422/mp3/9422-054.mp3', 'audio/mpeg' );
INSERT INTO files ( gid, file, mime ) VALUES ( '9422', 'http://www.gutenberg.org/files/9422/mp3/9422-055.mp3', 'audio/mpeg' );
INSERT INTO files ( gid, file, mime ) VALUES ( '9422', 'http://www.gutenberg.org/files/9422/mp3/9422-056.mp3', 'audio/mpeg' );
INSERT INTO files ( gid, file, mime ) VALUES ( '9422', 'http://www.gutenberg.org/files/9422/mp3/9422-057.mp3', 'audio/mpeg' );
INSERT INTO files ( gid, file, mime ) VALUES ( '9422', 'http://www.gutenberg.org/files/9422/mp3/9422-058.mp3', 'audio/mpeg' );
INSERT INTO files ( gid, file, mime ) VALUES ( '9422', 'http://www.gutenberg.org/files/9422/mp3/9422-059.mp3', 'audio/mpeg' );
INSERT INTO files ( gid, file, mime ) VALUES ( '9422', 'http://www.gutenberg.org/files/9422/mp3/9422-060.mp3', 'audio/mpeg' );
INSERT INTO files ( gid, file, mime ) VALUES ( '9422', 'http://www.gutenberg.org/files/9422/mp3/9422-061.mp3', 'audio/mpeg' );
INSERT INTO titles ( gid, title, author, language, rights ) VALUES ( '9722', 'Mrs. Lirriper''s Lodgings', 'Dickens, Charles', 'en', 'Copyrighted. Read the copyright notice inside this book for details.' );
INSERT INTO classifications ( gid, classification ) VALUES ( '9722', 'PR' );
INSERT INTO subjects ( gid, subject ) VALUES ( '9722', 'Widows -- Fiction' );
INSERT INTO subjects ( gid, subject ) VALUES ( '9722', 'Great Britain -- History -- Victoria, 1837-1901 -- Fiction' );
INSERT INTO subjects ( gid, subject ) VALUES ( '9722', 'Boardinghouses -- Fiction' );
INSERT INTO files ( gid, file, mime ) VALUES ( '9722', 'http://www.gutenberg.org/ebooks/9722.rdf', 'application/rdf+xml' );
INSERT INTO files ( gid, file, mime ) VALUES ( '9722', 'http://www.gutenberg.org/files/9722/9722-index.htm', 'text/html; charset=iso-8859-1' );
INSERT INTO files ( gid, file, mime ) VALUES ( '9722', 'http://www.gutenberg.org/files/9722/9722-mp3.zip', 'application/zipapplication/octet-stream' );
INSERT INTO files ( gid, file, mime ) VALUES ( '9722', 'http://www.gutenberg.org/files/9722/9722-readme.txt', 'text/plain; charset=us-ascii' );
INSERT INTO files ( gid, file, mime ) VALUES ( '9722', 'http://www.gutenberg.org/files/9722/mp3/9722-000.mp3', 'audio/mpeg' );
INSERT INTO files ( gid, file, mime ) VALUES ( '9722', 'http://www.gutenberg.org/files/9722/mp3/9722-001.mp3', 'audio/mpeg' );
INSERT INTO files ( gid, file, mime ) VALUES ( '9722', 'http://www.gutenberg.org/files/9722/mp3/9722-002.mp3', 'audio/mpeg' );
INSERT INTO files ( gid, file, mime ) VALUES ( '9722', 'http://www.gutenberg.org/files/9722/mp3/9722-003.mp3', 'audio/mpeg' );
INSERT INTO files ( gid, file, mime ) VALUES ( '9722', 'http://www.gutenberg.org/files/9722/mp3/9722-004.mp3', 'audio/mpeg' );
INSERT INTO files ( gid, file, mime ) VALUES ( '9722', 'http://www.gutenberg.org/files/9722/mp3/9722-005.mp3', 'audio/mpeg' );
INSERT INTO files ( gid, file, mime ) VALUES ( '9722', 'http://www.gutenberg.org/files/9722/mp3/9722-006.mp3', 'audio/mpeg' );
INSERT INTO titles ( gid, title, author, language, rights ) VALUES ( '9822', 'Mrs. Mary Robinson, Written by Herself, With the lives of the Duchesses of Gordon and Devonshire', 'Thomson, A. T., Mrs.', 'en', 'Public domain in the USA.' );
INSERT INTO classifications ( gid, classification ) VALUES ( '9822', 'DA' );
INSERT INTO subjects ( gid, subject ) VALUES ( '9822', 'Gordon, Jane Gordon, Duchess of, 1748-1812' );
INSERT INTO subjects ( gid, subject ) VALUES ( '9822', 'Devonshire, Georgiana Spencer Cavendish, Duchess of, 1757-1806' );
INSERT INTO subjects ( gid, subject ) VALUES ( '9822', 'Robinson, Mary, 1758-1800' );
INSERT INTO files ( gid, file, mime ) VALUES ( '9822', 'http://www.gutenberg.org/ebooks/9822.epub.images', 'application/epub+zip' );
INSERT INTO files ( gid, file, mime ) VALUES ( '9822', 'http://www.gutenberg.org/ebooks/9822.epub.noimages', 'application/epub+zip' );
INSERT INTO files ( gid, file, mime ) VALUES ( '9822', 'http://www.gutenberg.org/ebooks/9822.kindle.images', 'application/x-mobipocket-ebook' );
INSERT INTO files ( gid, file, mime ) VALUES ( '9822', 'http://www.gutenberg.org/ebooks/9822.kindle.noimages', 'application/x-mobipocket-ebook' );
INSERT INTO files ( gid, file, mime ) VALUES ( '9822', 'http://www.gutenberg.org/ebooks/9822.rdf', 'application/rdf+xml' );
INSERT INTO files ( gid, file, mime ) VALUES ( '9822', 'http://www.gutenberg.org/ebooks/9822.txt.utf-8', 'text/plain' );
INSERT INTO files ( gid, file, mime ) VALUES ( '9822', 'http://www.gutenberg.org/files/9822/9822-8.txt', 'text/plain; charset=iso-8859-1' );
INSERT INTO files ( gid, file, mime ) VALUES ( '9822', 'http://www.gutenberg.org/files/9822/9822-8.zip', 'application/ziptext/plain; charset=iso-8859-1' );
INSERT INTO files ( gid, file, mime ) VALUES ( '9822', 'http://www.gutenberg.org/files/9822/9822-h.zip', 'text/html; charset=iso-8859-1application/zip' );
INSERT INTO files ( gid, file, mime ) VALUES ( '9822', 'http://www.gutenberg.org/files/9822/9822-h/9822-h.htm', 'text/html; charset=iso-8859-1' );
INSERT INTO files ( gid, file, mime ) VALUES ( '9822', 'http://www.gutenberg.org/files/9822/9822.txt', 'text/plain; charset=us-ascii' );
INSERT INTO files ( gid, file, mime ) VALUES ( '9822', 'http://www.gutenberg.org/files/9822/9822.zip', 'text/plain; charset=us-asciiapplication/zip' );
INSERT INTO titles ( gid, title, author, language, rights ) VALUES ( '9922', 'The Mirror of Literature, Amusement, and Instruction Volume 10, No. 267, August 4, 1827', 'Various', 'en', 'Public domain in the USA.' );
INSERT INTO classifications ( gid, classification ) VALUES ( '9922', 'AP' );
INSERT INTO subjects ( gid, subject ) VALUES ( '9922', 'Popular literature -- Great Britain -- Periodicals' );
INSERT INTO files ( gid, file, mime ) VALUES ( '9922', 'http://www.gutenberg.org/ebooks/9922.epub.images', 'application/epub+zip' );
INSERT INTO files ( gid, file, mime ) VALUES ( '9922', 'http://www.gutenberg.org/ebooks/9922.epub.noimages', 'application/epub+zip' );
INSERT INTO files ( gid, file, mime ) VALUES ( '9922', 'http://www.gutenberg.org/ebooks/9922.kindle.images', 'application/x-mobipocket-ebook' );
INSERT INTO files ( gid, file, mime ) VALUES ( '9922', 'http://www.gutenberg.org/ebooks/9922.kindle.noimages', 'application/x-mobipocket-ebook' );
INSERT INTO files ( gid, file, mime ) VALUES ( '9922', 'http://www.gutenberg.org/ebooks/9922.rdf', 'application/rdf+xml' );
INSERT INTO files ( gid, file, mime ) VALUES ( '9922', 'http://www.gutenberg.org/ebooks/9922.txt.utf-8', 'text/plain' );
INSERT INTO files ( gid, file, mime ) VALUES ( '9922', 'http://www.gutenberg.org/files/9922/9922-8.txt', 'text/plain; charset=iso-8859-1' );
INSERT INTO files ( gid, file, mime ) VALUES ( '9922', 'http://www.gutenberg.org/files/9922/9922-8.zip', 'text/plain; charset=iso-8859-1application/zip' );
INSERT INTO files ( gid, file, mime ) VALUES ( '9922', 'http://www.gutenberg.org/files/9922/9922-h.zip', 'application/ziptext/html; charset=iso-8859-1' );
INSERT INTO files ( gid, file, mime ) VALUES ( '9922', 'http://www.gutenberg.org/files/9922/9922-h/9922-h.htm', 'text/html; charset=iso-8859-1' );
INSERT INTO files ( gid, file, mime ) VALUES ( '9922', 'http://www.gutenberg.org/files/9922/9922.txt', 'text/plain; charset=us-ascii' );
INSERT INTO files ( gid, file, mime ) VALUES ( '9922', 'http://www.gutenberg.org/files/9922/9922.zip', 'text/plain; charset=us-asciiapplication/zip' );
INSERT INTO titles ( gid, title, author, language, rights ) VALUES ( '22822', 'The Superstitions of Witchcraft', 'Williams, Howard', 'en', 'Public domain in the USA.' );
INSERT INTO classifications ( gid, classification ) VALUES ( '22822', 'BF' );
INSERT INTO subjects ( gid, subject ) VALUES ( '22822', 'Witchcraft' );
INSERT INTO files ( gid, file, mime ) VALUES ( '22822', 'http://www.gutenberg.org/ebooks/22822.epub.images', 'application/epub+zip' );
INSERT INTO files ( gid, file, mime ) VALUES ( '22822', 'http://www.gutenberg.org/ebooks/22822.epub.noimages', 'application/epub+zip' );
INSERT INTO files ( gid, file, mime ) VALUES ( '22822', 'http://www.gutenberg.org/ebooks/22822.kindle.images', 'application/x-mobipocket-ebook' );
INSERT INTO files ( gid, file, mime ) VALUES ( '22822', 'http://www.gutenberg.org/ebooks/22822.kindle.noimages', 'application/x-mobipocket-ebook' );
INSERT INTO files ( gid, file, mime ) VALUES ( '22822', 'http://www.gutenberg.org/ebooks/22822.rdf', 'application/rdf+xml' );
INSERT INTO files ( gid, file, mime ) VALUES ( '22822', 'http://www.gutenberg.org/ebooks/22822.txt.utf-8', 'text/plain' );
INSERT INTO files ( gid, file, mime ) VALUES ( '22822', 'http://www.gutenberg.org/files/22822/22822-8.txt', 'text/plain; charset=iso-8859-1' );
INSERT INTO files ( gid, file, mime ) VALUES ( '22822', 'http://www.gutenberg.org/files/22822/22822-8.zip', 'application/ziptext/plain; charset=iso-8859-1' );
INSERT INTO files ( gid, file, mime ) VALUES ( '22822', 'http://www.gutenberg.org/files/22822/22822-h.zip', 'text/html; charset=iso-8859-1application/zip' );
INSERT INTO files ( gid, file, mime ) VALUES ( '22822', 'http://www.gutenberg.org/files/22822/22822-h/22822-h.htm', 'text/html; charset=iso-8859-1' );
INSERT INTO files ( gid, file, mime ) VALUES ( '22822', 'http://www.gutenberg.org/files/22822/22822.txt', 'text/plain; charset=us-ascii' );
INSERT INTO files ( gid, file, mime ) VALUES ( '22822', 'http://www.gutenberg.org/files/22822/22822.zip', 'application/ziptext/plain; charset=us-ascii' );
INSERT INTO titles ( gid, title, author, language, rights ) VALUES ( '22', 'Roget''s Thesaurus', 'Roget, Peter Mark', 'en', 'Public domain in the USA.' );
INSERT INTO classifications ( gid, classification ) VALUES ( '22', 'PE' );
INSERT INTO subjects ( gid, subject ) VALUES ( '22', 'English language -- Synonyms and antonyms' );
INSERT INTO files ( gid, file, mime ) VALUES ( '22', 'http://www.gutenberg.org/ebooks/22.epub.images', 'application/epub+zip' );
INSERT INTO files ( gid, file, mime ) VALUES ( '22', 'http://www.gutenberg.org/ebooks/22.epub.noimages', 'application/epub+zip' );
INSERT INTO files ( gid, file, mime ) VALUES ( '22', 'http://www.gutenberg.org/ebooks/22.html.images', 'text/html' );
INSERT INTO files ( gid, file, mime ) VALUES ( '22', 'http://www.gutenberg.org/ebooks/22.html.noimages', 'text/html' );
INSERT INTO files ( gid, file, mime ) VALUES ( '22', 'http://www.gutenberg.org/ebooks/22.kindle.images', 'application/x-mobipocket-ebook' );
INSERT INTO files ( gid, file, mime ) VALUES ( '22', 'http://www.gutenberg.org/ebooks/22.kindle.noimages', 'application/x-mobipocket-ebook' );
INSERT INTO files ( gid, file, mime ) VALUES ( '22', 'http://www.gutenberg.org/ebooks/22.rdf', 'application/rdf+xml' );
INSERT INTO files ( gid, file, mime ) VALUES ( '22', 'http://www.gutenberg.org/ebooks/22.txt.utf-8', 'text/plain' );
INSERT INTO files ( gid, file, mime ) VALUES ( '22', 'http://www.gutenberg.org/files/22/22.txt', 'text/plain; charset=us-ascii' );
INSERT INTO files ( gid, file, mime ) VALUES ( '22', 'http://www.gutenberg.org/files/22/22.zip', 'text/plain; charset=us-asciiapplication/zip' );
INSERT INTO titles ( gid, title, author, language, rights ) VALUES ( '22922', 'The Posy Ring: A Book of Verse for Children', '', 'en', 'Public domain in the USA.' );
INSERT INTO classifications ( gid, classification ) VALUES ( '22922', 'PZ' );
INSERT INTO classifications ( gid, classification ) VALUES ( '22922', 'PN' );
INSERT INTO subjects ( gid, subject ) VALUES ( '22922', 'Children''s poetry' );
INSERT INTO subjects ( gid, subject ) VALUES ( '22922', 'English poetry -- Collections' );
INSERT INTO subjects ( gid, subject ) VALUES ( '22922', 'American poetry -- Collections' );
INSERT INTO files ( gid, file, mime ) VALUES ( '22922', 'http://www.gutenberg.org/cache/epub/22922/pg22922.cover.medium.jpg', 'image/jpeg' );
INSERT INTO files ( gid, file, mime ) VALUES ( '22922', 'http://www.gutenberg.org/cache/epub/22922/pg22922.cover.small.jpg', 'image/jpeg' );
INSERT INTO files ( gid, file, mime ) VALUES ( '22922', 'http://www.gutenberg.org/ebooks/22922.epub.images', 'application/epub+zip' );
INSERT INTO files ( gid, file, mime ) VALUES ( '22922', 'http://www.gutenberg.org/ebooks/22922.epub.noimages', 'application/epub+zip' );
INSERT INTO files ( gid, file, mime ) VALUES ( '22922', 'http://www.gutenberg.org/ebooks/22922.kindle.images', 'application/x-mobipocket-ebook' );
INSERT INTO files ( gid, file, mime ) VALUES ( '22922', 'http://www.gutenberg.org/ebooks/22922.kindle.noimages', 'application/x-mobipocket-ebook' );
INSERT INTO files ( gid, file, mime ) VALUES ( '22922', 'http://www.gutenberg.org/ebooks/22922.rdf', 'application/rdf+xml' );
INSERT INTO files ( gid, file, mime ) VALUES ( '22922', 'http://www.gutenberg.org/ebooks/22922.txt.utf-8', 'text/plain' );
INSERT INTO files ( gid, file, mime ) VALUES ( '22922', 'http://www.gutenberg.org/files/22922/22922-8.txt', 'text/plain; charset=iso-8859-1' );
INSERT INTO files ( gid, file, mime ) VALUES ( '22922', 'http://www.gutenberg.org/files/22922/22922-8.zip', 'application/ziptext/plain; charset=iso-8859-1' );
INSERT INTO files ( gid, file, mime ) VALUES ( '22922', 'http://www.gutenberg.org/files/22922/22922-h.zip', 'text/html; charset=iso-8859-1application/zip' );
INSERT INTO files ( gid, file, mime ) VALUES ( '22922', 'http://www.gutenberg.org/files/22922/22922-h/22922-h.htm', 'text/html; charset=iso-8859-1' );
INSERT INTO files ( gid, file, mime ) VALUES ( '22922', 'http://www.gutenberg.org/files/22922/22922.txt', 'text/plain; charset=us-ascii' );
INSERT INTO files ( gid, file, mime ) VALUES ( '22922', 'http://www.gutenberg.org/files/22922/22922.zip', 'application/ziptext/plain; charset=us-ascii' );
INSERT INTO titles ( gid, title, author, language, rights ) VALUES ( '23022', 'Red Rose and Tiger Lily; Or, In a Wider World', 'Meade, L. T.', 'en', 'Public domain in the USA.' );
INSERT INTO classifications ( gid, classification ) VALUES ( '23022', 'PZ' );
INSERT INTO subjects ( gid, subject ) VALUES ( '23022', 'Conduct of life -- Juvenile fiction' );
INSERT INTO subjects ( gid, subject ) VALUES ( '23022', 'Sisters -- Juvenile fiction' );
INSERT INTO subjects ( gid, subject ) VALUES ( '23022', 'Friendship -- Juvenile fiction' );
INSERT INTO subjects ( gid, subject ) VALUES ( '23022', 'Fathers and daughters -- Juvenile fiction' );
INSERT INTO subjects ( gid, subject ) VALUES ( '23022', 'Stepfamilies -- Juvenile fiction' );
INSERT INTO files ( gid, file, mime ) VALUES ( '23022', 'http://www.gutenberg.org/cache/epub/23022/pg23022.cover.medium.jpg', 'image/jpeg' );
INSERT INTO files ( gid, file, mime ) VALUES ( '23022', 'http://www.gutenberg.org/cache/epub/23022/pg23022.cover.small.jpg', 'image/jpeg' );
INSERT INTO files ( gid, file, mime ) VALUES ( '23022', 'http://www.gutenberg.org/ebooks/23022.epub.images', 'application/epub+zip' );
INSERT INTO files ( gid, file, mime ) VALUES ( '23022', 'http://www.gutenberg.org/ebooks/23022.epub.noimages', 'application/epub+zip' );
INSERT INTO files ( gid, file, mime ) VALUES ( '23022', 'http://www.gutenberg.org/ebooks/23022.kindle.images', 'application/x-mobipocket-ebook' );
INSERT INTO files ( gid, file, mime ) VALUES ( '23022', 'http://www.gutenberg.org/ebooks/23022.kindle.noimages', 'application/x-mobipocket-ebook' );
INSERT INTO files ( gid, file, mime ) VALUES ( '23022', 'http://www.gutenberg.org/ebooks/23022.rdf', 'application/rdf+xml' );
INSERT INTO files ( gid, file, mime ) VALUES ( '23022', 'http://www.gutenberg.org/ebooks/23022.txt.utf-8', 'text/plain' );
INSERT INTO files ( gid, file, mime ) VALUES ( '23022', 'http://www.gutenberg.org/files/23022/23022-8.txt', 'text/plain; charset=iso-8859-1' );
INSERT INTO files ( gid, file, mime ) VALUES ( '23022', 'http://www.gutenberg.org/files/23022/23022-8.zip', 'application/ziptext/plain; charset=iso-8859-1' );
INSERT INTO files ( gid, file, mime ) VALUES ( '23022', 'http://www.gutenberg.org/files/23022/23022-h.zip', 'text/html; charset=iso-8859-1application/zip' );
INSERT INTO files ( gid, file, mime ) VALUES ( '23022', 'http://www.gutenberg.org/files/23022/23022-h/23022-h.htm', 'text/html; charset=iso-8859-1' );
INSERT INTO files ( gid, file, mime ) VALUES ( '23022', 'http://www.gutenberg.org/files/23022/23022.txt', 'text/plain; charset=us-ascii' );
INSERT INTO files ( gid, file, mime ) VALUES ( '23022', 'http://www.gutenberg.org/files/23022/23022.zip', 'text/plain; charset=us-asciiapplication/zip' );
INSERT INTO titles ( gid, title, author, language, rights ) VALUES ( '23122', 'The Well in the Desert An Old Legend of the House of Arundel', 'Holt, Emily Sarah', 'en', 'Public domain in the USA.' );
INSERT INTO classifications ( gid, classification ) VALUES ( '23122', 'PR' );
INSERT INTO subjects ( gid, subject ) VALUES ( '23122', 'Historical fiction' );
INSERT INTO files ( gid, file, mime ) VALUES ( '23122', 'http://www.gutenberg.org/ebooks/23122.epub.images', 'application/epub+zip' );
INSERT INTO files ( gid, file, mime ) VALUES ( '23122', 'http://www.gutenberg.org/ebooks/23122.epub.noimages', 'application/epub+zip' );
INSERT INTO files ( gid, file, mime ) VALUES ( '23122', 'http://www.gutenberg.org/ebooks/23122.kindle.images', 'application/x-mobipocket-ebook' );
INSERT INTO files ( gid, file, mime ) VALUES ( '23122', 'http://www.gutenberg.org/ebooks/23122.kindle.noimages', 'application/x-mobipocket-ebook' );
INSERT INTO files ( gid, file, mime ) VALUES ( '23122', 'http://www.gutenberg.org/ebooks/23122.rdf', 'application/rdf+xml' );
INSERT INTO files ( gid, file, mime ) VALUES ( '23122', 'http://www.gutenberg.org/ebooks/23122.txt.utf-8', 'text/plain' );
INSERT INTO files ( gid, file, mime ) VALUES ( '23122', 'http://www.gutenberg.org/files/23122/23122-h.zip', 'text/htmlapplication/zip' );
INSERT INTO files ( gid, file, mime ) VALUES ( '23122', 'http://www.gutenberg.org/files/23122/23122-h/23122-h.htm', 'text/html' );
INSERT INTO files ( gid, file, mime ) VALUES ( '23122', 'http://www.gutenberg.org/files/23122/23122.txt', 'text/plain; charset=us-ascii' );
INSERT INTO files ( gid, file, mime ) VALUES ( '23122', 'http://www.gutenberg.org/files/23122/23122.zip', 'text/plain; charset=us-asciiapplication/zip' );
INSERT INTO titles ( gid, title, author, language, rights ) VALUES ( '2322', 'Hans Huckebein', 'Busch, Wilhelm', 'de', 'Public domain in the USA.' );
INSERT INTO classifications ( gid, classification ) VALUES ( '2322', 'PZ' );
INSERT INTO classifications ( gid, classification ) VALUES ( '2322', 'PT' );
INSERT INTO subjects ( gid, subject ) VALUES ( '2322', 'German poetry -- 19th century' );
INSERT INTO subjects ( gid, subject ) VALUES ( '2322', 'Children''s poetry, German' );
INSERT INTO files ( gid, file, mime ) VALUES ( '2322', 'http://www.gutenberg.org/ebooks/2322.epub.images', 'application/epub+zip' );
INSERT INTO files ( gid, file, mime ) VALUES ( '2322', 'http://www.gutenberg.org/ebooks/2322.epub.noimages', 'application/epub+zip' );
INSERT INTO files ( gid, file, mime ) VALUES ( '2322', 'http://www.gutenberg.org/ebooks/2322.html.images', 'text/html' );
INSERT INTO files ( gid, file, mime ) VALUES ( '2322', 'http://www.gutenberg.org/ebooks/2322.html.noimages', 'text/html' );
INSERT INTO files ( gid, file, mime ) VALUES ( '2322', 'http://www.gutenberg.org/ebooks/2322.kindle.images', 'application/x-mobipocket-ebook' );
INSERT INTO files ( gid, file, mime ) VALUES ( '2322', 'http://www.gutenberg.org/ebooks/2322.kindle.noimages', 'application/x-mobipocket-ebook' );
INSERT INTO files ( gid, file, mime ) VALUES ( '2322', 'http://www.gutenberg.org/ebooks/2322.rdf', 'application/rdf+xml' );
INSERT INTO files ( gid, file, mime ) VALUES ( '2322', 'http://www.gutenberg.org/ebooks/2322.txt.utf-8', 'text/plain' );
INSERT INTO files ( gid, file, mime ) VALUES ( '2322', 'http://www.gutenberg.org/files/2322/2322-8.txt', 'text/plain; charset=us-ascii' );
INSERT INTO files ( gid, file, mime ) VALUES ( '2322', 'http://www.gutenberg.org/files/2322/2322-8.zip', 'application/ziptext/plain; charset=us-ascii' );
INSERT INTO titles ( gid, title, author, language, rights ) VALUES ( '23222', 'The Fête At Coqueville 1907', 'Zola, Émile', 'en', 'Public domain in the USA.' );
INSERT INTO classifications ( gid, classification ) VALUES ( '23222', 'PQ' );
INSERT INTO subjects ( gid, subject ) VALUES ( '23222', 'Fiction' );
INSERT INTO files ( gid, file, mime ) VALUES ( '23222', 'http://www.gutenberg.org/ebooks/23222.epub.images', 'application/epub+zip' );
INSERT INTO files ( gid, file, mime ) VALUES ( '23222', 'http://www.gutenberg.org/ebooks/23222.epub.noimages', 'application/epub+zip' );
INSERT INTO files ( gid, file, mime ) VALUES ( '23222', 'http://www.gutenberg.org/ebooks/23222.kindle.images', 'application/x-mobipocket-ebook' );
INSERT INTO files ( gid, file, mime ) VALUES ( '23222', 'http://www.gutenberg.org/ebooks/23222.kindle.noimages', 'application/x-mobipocket-ebook' );
INSERT INTO files ( gid, file, mime ) VALUES ( '23222', 'http://www.gutenberg.org/ebooks/23222.rdf', 'application/rdf+xml' );
INSERT INTO files ( gid, file, mime ) VALUES ( '23222', 'http://www.gutenberg.org/files/23222/23222-0.txt', 'text/plain; charset=utf-8' );
INSERT INTO files ( gid, file, mime ) VALUES ( '23222', 'http://www.gutenberg.org/files/23222/23222-0.zip', 'text/plain; charset=utf-8application/zip' );
INSERT INTO files ( gid, file, mime ) VALUES ( '23222', 'http://www.gutenberg.org/files/23222/23222-8.txt', 'text/plain; charset=iso-8859-1' );
INSERT INTO files ( gid, file, mime ) VALUES ( '23222', 'http://www.gutenberg.org/files/23222/23222-8.zip', 'text/plain; charset=iso-8859-1application/zip' );
INSERT INTO files ( gid, file, mime ) VALUES ( '23222', 'http://www.gutenberg.org/files/23222/23222-h.zip', 'text/html; charset=utf-8application/zip' );
INSERT INTO files ( gid, file, mime ) VALUES ( '23222', 'http://www.gutenberg.org/files/23222/23222-h/23222-h.htm', 'text/html; charset=utf-8' );
INSERT INTO files ( gid, file, mime ) VALUES ( '23222', 'http://www.gutenberg.org/files/23222/23222.txt', 'text/plain; charset=us-ascii' );
INSERT INTO files ( gid, file, mime ) VALUES ( '23222', 'http://www.gutenberg.org/files/23222/23222.zip', 'application/ziptext/plain; charset=us-ascii' );
INSERT INTO titles ( gid, title, author, language, rights ) VALUES ( '23322', 'The Three Bears', 'Anonymous', 'en', 'Public domain in the USA.' );
INSERT INTO classifications ( gid, classification ) VALUES ( '23322', 'PZ' );
INSERT INTO subjects ( gid, subject ) VALUES ( '23322', 'Fairy tales' );
INSERT INTO subjects ( gid, subject ) VALUES ( '23322', 'Children''s poetry' );
INSERT INTO subjects ( gid, subject ) VALUES ( '23322', 'Bears -- Juvenile poetry' );
INSERT INTO files ( gid, file, mime ) VALUES ( '23322', 'http://www.gutenberg.org/cache/epub/23322/pg23322.cover.medium.jpg', 'image/jpeg' );
INSERT INTO files ( gid, file, mime ) VALUES ( '23322', 'http://www.gutenberg.org/cache/epub/23322/pg23322.cover.small.jpg', 'image/jpeg' );
INSERT INTO files ( gid, file, mime ) VALUES ( '23322', 'http://www.gutenberg.org/ebooks/23322.epub.images', 'application/epub+zip' );
INSERT INTO files ( gid, file, mime ) VALUES ( '23322', 'http://www.gutenberg.org/ebooks/23322.epub.noimages', 'application/epub+zip' );
INSERT INTO files ( gid, file, mime ) VALUES ( '23322', 'http://www.gutenberg.org/ebooks/23322.kindle.images', 'application/x-mobipocket-ebook' );
INSERT INTO files ( gid, file, mime ) VALUES ( '23322', 'http://www.gutenberg.org/ebooks/23322.kindle.noimages', 'application/x-mobipocket-ebook' );
INSERT INTO files ( gid, file, mime ) VALUES ( '23322', 'http://www.gutenberg.org/ebooks/23322.rdf', 'application/rdf+xml' );
INSERT INTO files ( gid, file, mime ) VALUES ( '23322', 'http://www.gutenberg.org/ebooks/23322.txt.utf-8', 'text/plain' );
INSERT INTO files ( gid, file, mime ) VALUES ( '23322', 'http://www.gutenberg.org/files/23322/23322-8.txt', 'text/plain; charset=iso-8859-1' );
INSERT INTO files ( gid, file, mime ) VALUES ( '23322', 'http://www.gutenberg.org/files/23322/23322-8.zip', 'application/ziptext/plain; charset=iso-8859-1' );
INSERT INTO files ( gid, file, mime ) VALUES ( '23322', 'http://www.gutenberg.org/files/23322/23322-h.zip', 'text/html; charset=iso-8859-1application/zip' );
INSERT INTO files ( gid, file, mime ) VALUES ( '23322', 'http://www.gutenberg.org/files/23322/23322-h/23322-h.htm', 'text/html; charset=iso-8859-1' );
INSERT INTO files ( gid, file, mime ) VALUES ( '23322', 'http://www.gutenberg.org/files/23322/23322.txt', 'text/plain; charset=us-ascii' );
INSERT INTO files ( gid, file, mime ) VALUES ( '23322', 'http://www.gutenberg.org/files/23322/23322.zip', 'text/plain; charset=us-asciiapplication/zip' );
INSERT INTO titles ( gid, title, author, language, rights ) VALUES ( '23422', 'Essays Towards a Theory of Knowledge', 'Philip, Alexander', 'en', 'Public domain in the USA.' );
INSERT INTO classifications ( gid, classification ) VALUES ( '23422', 'Q' );
INSERT INTO subjects ( gid, subject ) VALUES ( '23422', 'Knowledge, Theory of' );
INSERT INTO subjects ( gid, subject ) VALUES ( '23422', 'Cycles' );
INSERT INTO subjects ( gid, subject ) VALUES ( '23422', 'Force and energy' );
INSERT INTO files ( gid, file, mime ) VALUES ( '23422', 'http://www.gutenberg.org/cache/epub/23422/pg23422.cover.medium.jpg', 'image/jpeg' );
INSERT INTO files ( gid, file, mime ) VALUES ( '23422', 'http://www.gutenberg.org/cache/epub/23422/pg23422.cover.small.jpg', 'image/jpeg' );
INSERT INTO files ( gid, file, mime ) VALUES ( '23422', 'http://www.gutenberg.org/ebooks/23422.epub.images', 'application/epub+zip' );
INSERT INTO files ( gid, file, mime ) VALUES ( '23422', 'http://www.gutenberg.org/ebooks/23422.epub.noimages', 'application/epub+zip' );
INSERT INTO files ( gid, file, mime ) VALUES ( '23422', 'http://www.gutenberg.org/ebooks/23422.kindle.images', 'application/x-mobipocket-ebook' );
INSERT INTO files ( gid, file, mime ) VALUES ( '23422', 'http://www.gutenberg.org/ebooks/23422.kindle.noimages', 'application/x-mobipocket-ebook' );
INSERT INTO files ( gid, file, mime ) VALUES ( '23422', 'http://www.gutenberg.org/ebooks/23422.rdf', 'application/rdf+xml' );
INSERT INTO files ( gid, file, mime ) VALUES ( '23422', 'http://www.gutenberg.org/files/23422/23422-0.txt', 'text/plain; charset=utf-8' );
INSERT INTO files ( gid, file, mime ) VALUES ( '23422', 'http://www.gutenberg.org/files/23422/23422-0.zip', 'text/plain; charset=utf-8application/zip' );
INSERT INTO files ( gid, file, mime ) VALUES ( '23422', 'http://www.gutenberg.org/files/23422/23422-8.txt', 'text/plain; charset=iso-8859-1' );
INSERT INTO files ( gid, file, mime ) VALUES ( '23422', 'http://www.gutenberg.org/files/23422/23422-8.zip', 'application/ziptext/plain; charset=iso-8859-1' );
INSERT INTO files ( gid, file, mime ) VALUES ( '23422', 'http://www.gutenberg.org/files/23422/23422-h.zip', 'text/html; charset=iso-8859-1application/zip' );
INSERT INTO files ( gid, file, mime ) VALUES ( '23422', 'http://www.gutenberg.org/files/23422/23422-h/23422-h.htm', 'text/html; charset=iso-8859-1' );
INSERT INTO files ( gid, file, mime ) VALUES ( '23422', 'http://www.gutenberg.org/files/23422/23422.txt', 'text/plain; charset=us-ascii' );
INSERT INTO files ( gid, file, mime ) VALUES ( '23422', 'http://www.gutenberg.org/files/23422/23422.zip', 'application/ziptext/plain; charset=us-ascii' );
INSERT INTO titles ( gid, title, author, language, rights ) VALUES ( '23522', 'Whiffet Squirrel', 'Greene, Julia', 'en', 'Public domain in the USA.' );
INSERT INTO classifications ( gid, classification ) VALUES ( '23522', 'PZ' );
INSERT INTO subjects ( gid, subject ) VALUES ( '23522', 'Squirrels -- Juvenile fiction' );
INSERT INTO files ( gid, file, mime ) VALUES ( '23522', 'http://www.gutenberg.org/ebooks/23522.epub.images', 'application/epub+zip' );
INSERT INTO files ( gid, file, mime ) VALUES ( '23522', 'http://www.gutenberg.org/ebooks/23522.epub.noimages', 'application/epub+zip' );
INSERT INTO files ( gid, file, mime ) VALUES ( '23522', 'http://www.gutenberg.org/ebooks/23522.kindle.images', 'application/x-mobipocket-ebook' );
INSERT INTO files ( gid, file, mime ) VALUES ( '23522', 'http://www.gutenberg.org/ebooks/23522.kindle.noimages', 'application/x-mobipocket-ebook' );
INSERT INTO files ( gid, file, mime ) VALUES ( '23522', 'http://www.gutenberg.org/ebooks/23522.rdf', 'application/rdf+xml' );
INSERT INTO files ( gid, file, mime ) VALUES ( '23522', 'http://www.gutenberg.org/ebooks/23522.txt.utf-8', 'text/plain' );
INSERT INTO files ( gid, file, mime ) VALUES ( '23522', 'http://www.gutenberg.org/files/23522/23522-h.zip', 'text/html; charset=iso-8859-1application/zip' );
INSERT INTO files ( gid, file, mime ) VALUES ( '23522', 'http://www.gutenberg.org/files/23522/23522-h/23522-h.htm', 'text/html; charset=iso-8859-1' );
INSERT INTO files ( gid, file, mime ) VALUES ( '23522', 'http://www.gutenberg.org/files/23522/23522.txt', 'text/plain; charset=us-ascii' );
INSERT INTO files ( gid, file, mime ) VALUES ( '23522', 'http://www.gutenberg.org/files/23522/23522.zip', 'text/plain; charset=us-asciiapplication/zip' );
INSERT INTO titles ( gid, title, author, language, rights ) VALUES ( '23622', 'About Peggy Saville', 'Vaizey, George de Horne, Mrs.', 'en', 'Public domain in the USA.' );
INSERT INTO classifications ( gid, classification ) VALUES ( '23622', 'PZ' );
INSERT INTO subjects ( gid, subject ) VALUES ( '23622', 'Young women -- Conduct of life -- Juvenile fiction' );
INSERT INTO files ( gid, file, mime ) VALUES ( '23622', 'http://www.gutenberg.org/ebooks/23622.epub.images', 'application/epub+zip' );
INSERT INTO files ( gid, file, mime ) VALUES ( '23622', 'http://www.gutenberg.org/ebooks/23622.epub.noimages', 'application/epub+zip' );
INSERT INTO files ( gid, file, mime ) VALUES ( '23622', 'http://www.gutenberg.org/ebooks/23622.kindle.images', 'application/x-mobipocket-ebook' );
INSERT INTO files ( gid, file, mime ) VALUES ( '23622', 'http://www.gutenberg.org/ebooks/23622.kindle.noimages', 'application/x-mobipocket-ebook' );
INSERT INTO files ( gid, file, mime ) VALUES ( '23622', 'http://www.gutenberg.org/ebooks/23622.rdf', 'application/rdf+xml' );
INSERT INTO files ( gid, file, mime ) VALUES ( '23622', 'http://www.gutenberg.org/ebooks/23622.txt.utf-8', 'text/plain' );
INSERT INTO files ( gid, file, mime ) VALUES ( '23622', 'http://www.gutenberg.org/files/23622/23622-h.zip', 'text/html; charset=iso-8859-1application/zip' );
INSERT INTO files ( gid, file, mime ) VALUES ( '23622', 'http://www.gutenberg.org/files/23622/23622-h/23622-h.htm', 'text/html; charset=iso-8859-1' );
INSERT INTO files ( gid, file, mime ) VALUES ( '23622', 'http://www.gutenberg.org/files/23622/23622.txt', 'text/plain; charset=us-ascii' );
INSERT INTO files ( gid, file, mime ) VALUES ( '23622', 'http://www.gutenberg.org/files/23622/23622.zip', 'application/ziptext/plain; charset=us-ascii' );
INSERT INTO titles ( gid, title, author, language, rights ) VALUES ( '23822', '文心雕龍', 'Liu, Xie', 'zh', 'Public domain in the USA.' );
INSERT INTO classifications ( gid, classification ) VALUES ( '23822', 'PL' );
INSERT INTO subjects ( gid, subject ) VALUES ( '23822', 'Chinese literature -- History and criticism' );
INSERT INTO files ( gid, file, mime ) VALUES ( '23822', 'http://www.gutenberg.org/ebooks/23822.epub.images', 'application/epub+zip' );
INSERT INTO files ( gid, file, mime ) VALUES ( '23822', 'http://www.gutenberg.org/ebooks/23822.epub.noimages', 'application/epub+zip' );
INSERT INTO files ( gid, file, mime ) VALUES ( '23822', 'http://www.gutenberg.org/ebooks/23822.html.images', 'text/html' );
INSERT INTO files ( gid, file, mime ) VALUES ( '23822', 'http://www.gutenberg.org/ebooks/23822.html.noimages', 'text/html' );
INSERT INTO files ( gid, file, mime ) VALUES ( '23822', 'http://www.gutenberg.org/ebooks/23822.kindle.images', 'application/x-mobipocket-ebook' );
INSERT INTO files ( gid, file, mime ) VALUES ( '23822', 'http://www.gutenberg.org/ebooks/23822.kindle.noimages', 'application/x-mobipocket-ebook' );
INSERT INTO files ( gid, file, mime ) VALUES ( '23822', 'http://www.gutenberg.org/ebooks/23822.rdf', 'application/rdf+xml' );
INSERT INTO files ( gid, file, mime ) VALUES ( '23822', 'http://www.gutenberg.org/files/23822/23822-0.txt', 'text/plain; charset=utf-8' );
INSERT INTO files ( gid, file, mime ) VALUES ( '23822', 'http://www.gutenberg.org/files/23822/23822-0.zip', 'text/plain; charset=utf-8application/zip' );
INSERT INTO titles ( gid, title, author, language, rights ) VALUES ( '23922', 'Dead Man''s Land Being the Voyage to Zimbambangwe of certain and uncertain blacks and whites', 'Fenn, George Manville', 'en', 'Public domain in the USA.' );
INSERT INTO classifications ( gid, classification ) VALUES ( '23922', 'PZ' );
INSERT INTO classifications ( gid, classification ) VALUES ( '23922', 'PR' );
INSERT INTO subjects ( gid, subject ) VALUES ( '23922', 'Africa -- Fiction' );
INSERT INTO subjects ( gid, subject ) VALUES ( '23922', 'Travel -- Fiction' );
INSERT INTO subjects ( gid, subject ) VALUES ( '23922', 'Hunting stories' );
INSERT INTO files ( gid, file, mime ) VALUES ( '23922', 'http://www.gutenberg.org/ebooks/23922.epub.images', 'application/epub+zip' );
INSERT INTO files ( gid, file, mime ) VALUES ( '23922', 'http://www.gutenberg.org/ebooks/23922.epub.noimages', 'application/epub+zip' );
INSERT INTO files ( gid, file, mime ) VALUES ( '23922', 'http://www.gutenberg.org/ebooks/23922.kindle.images', 'application/x-mobipocket-ebook' );
INSERT INTO files ( gid, file, mime ) VALUES ( '23922', 'http://www.gutenberg.org/ebooks/23922.kindle.noimages', 'application/x-mobipocket-ebook' );
INSERT INTO files ( gid, file, mime ) VALUES ( '23922', 'http://www.gutenberg.org/ebooks/23922.rdf', 'application/rdf+xml' );
INSERT INTO files ( gid, file, mime ) VALUES ( '23922', 'http://www.gutenberg.org/ebooks/23922.txt.utf-8', 'text/plain' );
INSERT INTO files ( gid, file, mime ) VALUES ( '23922', 'http://www.gutenberg.org/files/23922/23922-h.zip', 'text/htmlapplication/zip' );
INSERT INTO files ( gid, file, mime ) VALUES ( '23922', 'http://www.gutenberg.org/files/23922/23922-h/23922-h.htm', 'text/html' );
INSERT INTO files ( gid, file, mime ) VALUES ( '23922', 'http://www.gutenberg.org/files/23922/23922.txt', 'text/plain; charset=us-ascii' );
INSERT INTO files ( gid, file, mime ) VALUES ( '23922', 'http://www.gutenberg.org/files/23922/23922.zip', 'application/ziptext/plain; charset=us-ascii' );
INSERT INTO titles ( gid, title, author, language, rights ) VALUES ( '24022', 'A Christmas Carol', 'Dickens, Charles', 'en', 'Public domain in the USA.' );
INSERT INTO classifications ( gid, classification ) VALUES ( '24022', 'PR' );
INSERT INTO subjects ( gid, subject ) VALUES ( '24022', 'Christmas stories' );
INSERT INTO subjects ( gid, subject ) VALUES ( '24022', 'Poor families -- Fiction' );
INSERT INTO subjects ( gid, subject ) VALUES ( '24022', 'Ghost stories' );
INSERT INTO subjects ( gid, subject ) VALUES ( '24022', 'London (England) -- Fiction' );
INSERT INTO subjects ( gid, subject ) VALUES ( '24022', 'Misers -- Fiction' );
INSERT INTO subjects ( gid, subject ) VALUES ( '24022', 'Scrooge, Ebenezer (Fictitious character) -- Fiction' );
INSERT INTO subjects ( gid, subject ) VALUES ( '24022', 'Sick children -- Fiction' );
INSERT INTO files ( gid, file, mime ) VALUES ( '24022', 'http://www.gutenberg.org/ebooks/24022.epub.images', 'application/epub+zip' );
INSERT INTO files ( gid, file, mime ) VALUES ( '24022', 'http://www.gutenberg.org/ebooks/24022.epub.noimages', 'application/epub+zip' );
INSERT INTO files ( gid, file, mime ) VALUES ( '24022', 'http://www.gutenberg.org/ebooks/24022.kindle.images', 'application/x-mobipocket-ebook' );
INSERT INTO files ( gid, file, mime ) VALUES ( '24022', 'http://www.gutenberg.org/ebooks/24022.kindle.noimages', 'application/x-mobipocket-ebook' );
INSERT INTO files ( gid, file, mime ) VALUES ( '24022', 'http://www.gutenberg.org/ebooks/24022.rdf', 'application/rdf+xml' );
INSERT INTO files ( gid, file, mime ) VALUES ( '24022', 'http://www.gutenberg.org/files/24022/24022-0.txt', 'text/plain; charset=utf-8' );
INSERT INTO files ( gid, file, mime ) VALUES ( '24022', 'http://www.gutenberg.org/files/24022/24022-0.zip', 'application/ziptext/plain; charset=utf-8' );
INSERT INTO files ( gid, file, mime ) VALUES ( '24022', 'http://www.gutenberg.org/files/24022/24022-8.txt', 'text/plain; charset=iso-8859-1' );
INSERT INTO files ( gid, file, mime ) VALUES ( '24022', 'http://www.gutenberg.org/files/24022/24022-8.zip', 'application/ziptext/plain; charset=iso-8859-1' );
INSERT INTO files ( gid, file, mime ) VALUES ( '24022', 'http://www.gutenberg.org/files/24022/24022-h.zip', 'text/html; charset=iso-8859-1application/zip' );
INSERT INTO files ( gid, file, mime ) VALUES ( '24022', 'http://www.gutenberg.org/files/24022/24022-h/24022-h.htm', 'text/html; charset=iso-8859-1' );
INSERT INTO files ( gid, file, mime ) VALUES ( '24022', 'http://www.gutenberg.org/files/24022/24022.txt', 'text/plain; charset=us-ascii' );
INSERT INTO files ( gid, file, mime ) VALUES ( '24022', 'http://www.gutenberg.org/files/24022/24022.zip', 'application/ziptext/plain; charset=us-ascii' );
INSERT INTO titles ( gid, title, author, language, rights ) VALUES ( '24122', 'Pushbutton War', 'Martino, Joseph Paul', 'en', 'Public domain in the USA.' );
INSERT INTO classifications ( gid, classification ) VALUES ( '24122', 'PS' );
INSERT INTO subjects ( gid, subject ) VALUES ( '24122', 'War stories' );
INSERT INTO subjects ( gid, subject ) VALUES ( '24122', 'Science fiction' );
INSERT INTO subjects ( gid, subject ) VALUES ( '24122', 'Short stories' );
INSERT INTO files ( gid, file, mime ) VALUES ( '24122', 'http://www.gutenberg.org/ebooks/24122.epub.images', 'application/epub+zip' );
INSERT INTO files ( gid, file, mime ) VALUES ( '24122', 'http://www.gutenberg.org/ebooks/24122.epub.noimages', 'application/epub+zip' );
INSERT INTO files ( gid, file, mime ) VALUES ( '24122', 'http://www.gutenberg.org/ebooks/24122.kindle.images', 'application/x-mobipocket-ebook' );
INSERT INTO files ( gid, file, mime ) VALUES ( '24122', 'http://www.gutenberg.org/ebooks/24122.kindle.noimages', 'application/x-mobipocket-ebook' );
INSERT INTO files ( gid, file, mime ) VALUES ( '24122', 'http://www.gutenberg.org/ebooks/24122.rdf', 'application/rdf+xml' );
INSERT INTO files ( gid, file, mime ) VALUES ( '24122', 'http://www.gutenberg.org/ebooks/24122.txt.utf-8', 'text/plain' );
INSERT INTO files ( gid, file, mime ) VALUES ( '24122', 'http://www.gutenberg.org/files/24122/24122-8.txt', 'text/plain; charset=iso-8859-1' );
INSERT INTO files ( gid, file, mime ) VALUES ( '24122', 'http://www.gutenberg.org/files/24122/24122-8.zip', 'text/plain; charset=iso-8859-1application/zip' );
INSERT INTO files ( gid, file, mime ) VALUES ( '24122', 'http://www.gutenberg.org/files/24122/24122-h.zip', 'application/ziptext/html; charset=iso-8859-1' );
INSERT INTO files ( gid, file, mime ) VALUES ( '24122', 'http://www.gutenberg.org/files/24122/24122-h/24122-h.htm', 'text/html; charset=iso-8859-1' );
INSERT INTO files ( gid, file, mime ) VALUES ( '24122', 'http://www.gutenberg.org/files/24122/24122.txt', 'text/plain; charset=us-ascii' );
INSERT INTO files ( gid, file, mime ) VALUES ( '24122', 'http://www.gutenberg.org/files/24122/24122.zip', 'application/ziptext/plain; charset=us-ascii' );
INSERT INTO titles ( gid, title, author, language, rights ) VALUES ( '23722', 'The Canterbury Tales', 'Chaucer, Geoffrey', 'en', 'Public domain in the USA.' );
INSERT INTO classifications ( gid, classification ) VALUES ( '23722', 'PR' );
INSERT INTO subjects ( gid, subject ) VALUES ( '23722', 'Christian pilgrims and pilgrimages -- Poetry' );
INSERT INTO files ( gid, file, mime ) VALUES ( '23722', 'http://www.gutenberg.org/ebooks/23722.rdf', 'application/rdf+xml' );
INSERT INTO files ( gid, file, mime ) VALUES ( '23722', 'http://www.gutenberg.org/files/23722/23722-index.html', 'text/html' );
INSERT INTO files ( gid, file, mime ) VALUES ( '23722', 'http://www.gutenberg.org/files/23722/23722-readme.txt', 'text/plain' );
INSERT INTO files ( gid, file, mime ) VALUES ( '23722', 'http://www.gutenberg.org/files/23722/m4b/23722-01.m4b', 'audio/mp4' );
INSERT INTO files ( gid, file, mime ) VALUES ( '23722', 'http://www.gutenberg.org/files/23722/m4b/23722-02.m4b', 'audio/mp4' );
INSERT INTO files ( gid, file, mime ) VALUES ( '23722', 'http://www.gutenberg.org/files/23722/m4b/23722-03.m4b', 'audio/mp4' );
INSERT INTO files ( gid, file, mime ) VALUES ( '23722', 'http://www.gutenberg.org/files/23722/m4b/23722-04.m4b', 'audio/mp4' );
INSERT INTO files ( gid, file, mime ) VALUES ( '23722', 'http://www.gutenberg.org/files/23722/m4b/23722-05.m4b', 'audio/mp4' );
INSERT INTO files ( gid, file, mime ) VALUES ( '23722', 'http://www.gutenberg.org/files/23722/m4b/23722-06.m4b', 'audio/mp4' );
INSERT INTO files ( gid, file, mime ) VALUES ( '23722', 'http://www.gutenberg.org/files/23722/m4b/23722-07.m4b', 'audio/mp4' );
INSERT INTO files ( gid, file, mime ) VALUES ( '23722', 'http://www.gutenberg.org/files/23722/m4b/23722-08.m4b', 'audio/mp4' );
INSERT INTO files ( gid, file, mime ) VALUES ( '23722', 'http://www.gutenberg.org/files/23722/m4b/23722-09.m4b', 'audio/mp4' );
INSERT INTO files ( gid, file, mime ) VALUES ( '23722', 'http://www.gutenberg.org/files/23722/m4b/23722-10.m4b', 'audio/mp4' );
INSERT INTO files ( gid, file, mime ) VALUES ( '23722', 'http://www.gutenberg.org/files/23722/m4b/23722-11.m4b', 'audio/mp4' );
INSERT INTO files ( gid, file, mime ) VALUES ( '23722', 'http://www.gutenberg.org/files/23722/m4b/23722-12.m4b', 'audio/mp4' );
INSERT INTO files ( gid, file, mime ) VALUES ( '23722', 'http://www.gutenberg.org/files/23722/m4b/23722-13.m4b', 'audio/mp4' );
INSERT INTO files ( gid, file, mime ) VALUES ( '23722', 'http://www.gutenberg.org/files/23722/m4b/23722-14.m4b', 'audio/mp4' );
INSERT INTO files ( gid, file, mime ) VALUES ( '23722', 'http://www.gutenberg.org/files/23722/m4b/23722-15.m4b', 'audio/mp4' );
INSERT INTO files ( gid, file, mime ) VALUES ( '23722', 'http://www.gutenberg.org/files/23722/m4b/23722-16.m4b', 'audio/mp4' );
INSERT INTO files ( gid, file, mime ) VALUES ( '23722', 'http://www.gutenberg.org/files/23722/m4b/23722-17.m4b', 'audio/mp4' );
INSERT INTO files ( gid, file, mime ) VALUES ( '23722', 'http://www.gutenberg.org/files/23722/m4b/23722-18.m4b', 'audio/mp4' );
INSERT INTO files ( gid, file, mime ) VALUES ( '23722', 'http://www.gutenberg.org/files/23722/m4b/23722-19.m4b', 'audio/mp4' );
INSERT INTO files ( gid, file, mime ) VALUES ( '23722', 'http://www.gutenberg.org/files/23722/m4b/23722-20.m4b', 'audio/mp4' );
INSERT INTO files ( gid, file, mime ) VALUES ( '23722', 'http://www.gutenberg.org/files/23722/m4b/23722-21.m4b', 'audio/mp4' );
INSERT INTO files ( gid, file, mime ) VALUES ( '23722', 'http://www.gutenberg.org/files/23722/m4b/23722-22.m4b', 'audio/mp4' );
INSERT INTO files ( gid, file, mime ) VALUES ( '23722', 'http://www.gutenberg.org/files/23722/m4b/23722-23.m4b', 'audio/mp4' );
INSERT INTO files ( gid, file, mime ) VALUES ( '23722', 'http://www.gutenberg.org/files/23722/m4b/23722-24.m4b', 'audio/mp4' );
INSERT INTO files ( gid, file, mime ) VALUES ( '23722', 'http://www.gutenberg.org/files/23722/m4b/23722-25.m4b', 'audio/mp4' );
INSERT INTO files ( gid, file, mime ) VALUES ( '23722', 'http://www.gutenberg.org/files/23722/m4b/23722-26.m4b', 'audio/mp4' );
INSERT INTO files ( gid, file, mime ) VALUES ( '23722', 'http://www.gutenberg.org/files/23722/m4b/23722-27.m4b', 'audio/mp4' );
INSERT INTO files ( gid, file, mime ) VALUES ( '23722', 'http://www.gutenberg.org/files/23722/m4b/23722-28.m4b', 'audio/mp4' );
INSERT INTO files ( gid, file, mime ) VALUES ( '23722', 'http://www.gutenberg.org/files/23722/m4b/23722-29.m4b', 'audio/mp4' );
INSERT INTO files ( gid, file, mime ) VALUES ( '23722', 'http://www.gutenberg.org/files/23722/mp3/23722-01.mp3', 'audio/mpeg' );
INSERT INTO files ( gid, file, mime ) VALUES ( '23722', 'http://www.gutenberg.org/files/23722/mp3/23722-02.mp3', 'audio/mpeg' );
INSERT INTO files ( gid, file, mime ) VALUES ( '23722', 'http://www.gutenberg.org/files/23722/mp3/23722-03.mp3', 'audio/mpeg' );
INSERT INTO files ( gid, file, mime ) VALUES ( '23722', 'http://www.gutenberg.org/files/23722/mp3/23722-04.mp3', 'audio/mpeg' );
INSERT INTO files ( gid, file, mime ) VALUES ( '23722', 'http://www.gutenberg.org/files/23722/mp3/23722-05.mp3', 'audio/mpeg' );
INSERT INTO files ( gid, file, mime ) VALUES ( '23722', 'http://www.gutenberg.org/files/23722/mp3/23722-06.mp3', 'audio/mpeg' );
INSERT INTO files ( gid, file, mime ) VALUES ( '23722', 'http://www.gutenberg.org/files/23722/mp3/23722-07.mp3', 'audio/mpeg' );
INSERT INTO files ( gid, file, mime ) VALUES ( '23722', 'http://www.gutenberg.org/files/23722/mp3/23722-08.mp3', 'audio/mpeg' );
INSERT INTO files ( gid, file, mime ) VALUES ( '23722', 'http://www.gutenberg.org/files/23722/mp3/23722-09.mp3', 'audio/mpeg' );
INSERT INTO files ( gid, file, mime ) VALUES ( '23722', 'http://www.gutenberg.org/files/23722/mp3/23722-10.mp3', 'audio/mpeg' );
INSERT INTO files ( gid, file, mime ) VALUES ( '23722', 'http://www.gutenberg.org/files/23722/mp3/23722-11.mp3', 'audio/mpeg' );
INSERT INTO files ( gid, file, mime ) VALUES ( '23722', 'http://www.gutenberg.org/files/23722/mp3/23722-12.mp3', 'audio/mpeg' );
INSERT INTO files ( gid, file, mime ) VALUES ( '23722', 'http://www.gutenberg.org/files/23722/mp3/23722-13.mp3', 'audio/mpeg' );
INSERT INTO files ( gid, file, mime ) VALUES ( '23722', 'http://www.gutenberg.org/files/23722/mp3/23722-14.mp3', 'audio/mpeg' );
INSERT INTO files ( gid, file, mime ) VALUES ( '23722', 'http://www.gutenberg.org/files/23722/mp3/23722-15.mp3', 'audio/mpeg' );
INSERT INTO files ( gid, file, mime ) VALUES ( '23722', 'http://www.gutenberg.org/files/23722/mp3/23722-16.mp3', 'audio/mpeg' );
INSERT INTO files ( gid, file, mime ) VALUES ( '23722', 'http://www.gutenberg.org/files/23722/mp3/23722-17.mp3', 'audio/mpeg' );
INSERT INTO files ( gid, file, mime ) VALUES ( '23722', 'http://www.gutenberg.org/files/23722/mp3/23722-18.mp3', 'audio/mpeg' );
INSERT INTO files ( gid, file, mime ) VALUES ( '23722', 'http://www.gutenberg.org/files/23722/mp3/23722-19.mp3', 'audio/mpeg' );
INSERT INTO files ( gid, file, mime ) VALUES ( '23722', 'http://www.gutenberg.org/files/23722/mp3/23722-20.mp3', 'audio/mpeg' );
INSERT INTO files ( gid, file, mime ) VALUES ( '23722', 'http://www.gutenberg.org/files/23722/mp3/23722-21.mp3', 'audio/mpeg' );
INSERT INTO files ( gid, file, mime ) VALUES ( '23722', 'http://www.gutenberg.org/files/23722/mp3/23722-22.mp3', 'audio/mpeg' );
INSERT INTO files ( gid, file, mime ) VALUES ( '23722', 'http://www.gutenberg.org/files/23722/mp3/23722-23.mp3', 'audio/mpeg' );
INSERT INTO files ( gid, file, mime ) VALUES ( '23722', 'http://www.gutenberg.org/files/23722/mp3/23722-24.mp3', 'audio/mpeg' );
INSERT INTO files ( gid, file, mime ) VALUES ( '23722', 'http://www.gutenberg.org/files/23722/mp3/23722-25.mp3', 'audio/mpeg' );
INSERT INTO files ( gid, file, mime ) VALUES ( '23722', 'http://www.gutenberg.org/files/23722/mp3/23722-26.mp3', 'audio/mpeg' );
INSERT INTO files ( gid, file, mime ) VALUES ( '23722', 'http://www.gutenberg.org/files/23722/mp3/23722-27.mp3', 'audio/mpeg' );
INSERT INTO files ( gid, file, mime ) VALUES ( '23722', 'http://www.gutenberg.org/files/23722/mp3/23722-28.mp3', 'audio/mpeg' );
INSERT INTO files ( gid, file, mime ) VALUES ( '23722', 'http://www.gutenberg.org/files/23722/mp3/23722-29.mp3', 'audio/mpeg' );
INSERT INTO files ( gid, file, mime ) VALUES ( '23722', 'http://www.gutenberg.org/files/23722/ogg/23722-01.ogg', 'audio/ogg' );
INSERT INTO files ( gid, file, mime ) VALUES ( '23722', 'http://www.gutenberg.org/files/23722/ogg/23722-02.ogg', 'audio/ogg' );
INSERT INTO files ( gid, file, mime ) VALUES ( '23722', 'http://www.gutenberg.org/files/23722/ogg/23722-03.ogg', 'audio/ogg' );
INSERT INTO files ( gid, file, mime ) VALUES ( '23722', 'http://www.gutenberg.org/files/23722/ogg/23722-04.ogg', 'audio/ogg' );
INSERT INTO files ( gid, file, mime ) VALUES ( '23722', 'http://www.gutenberg.org/files/23722/ogg/23722-05.ogg', 'audio/ogg' );
INSERT INTO files ( gid, file, mime ) VALUES ( '23722', 'http://www.gutenberg.org/files/23722/ogg/23722-06.ogg', 'audio/ogg' );
INSERT INTO files ( gid, file, mime ) VALUES ( '23722', 'http://www.gutenberg.org/files/23722/ogg/23722-07.ogg', 'audio/ogg' );
INSERT INTO files ( gid, file, mime ) VALUES ( '23722', 'http://www.gutenberg.org/files/23722/ogg/23722-08.ogg', 'audio/ogg' );
INSERT INTO files ( gid, file, mime ) VALUES ( '23722', 'http://www.gutenberg.org/files/23722/ogg/23722-09.ogg', 'audio/ogg' );
INSERT INTO files ( gid, file, mime ) VALUES ( '23722', 'http://www.gutenberg.org/files/23722/ogg/23722-10.ogg', 'audio/ogg' );
INSERT INTO files ( gid, file, mime ) VALUES ( '23722', 'http://www.gutenberg.org/files/23722/ogg/23722-11.ogg', 'audio/ogg' );
INSERT INTO files ( gid, file, mime ) VALUES ( '23722', 'http://www.gutenberg.org/files/23722/ogg/23722-12.ogg', 'audio/ogg' );
INSERT INTO files ( gid, file, mime ) VALUES ( '23722', 'http://www.gutenberg.org/files/23722/ogg/23722-13.ogg', 'audio/ogg' );
INSERT INTO files ( gid, file, mime ) VALUES ( '23722', 'http://www.gutenberg.org/files/23722/ogg/23722-14.ogg', 'audio/ogg' );
INSERT INTO files ( gid, file, mime ) VALUES ( '23722', 'http://www.gutenberg.org/files/23722/ogg/23722-15.ogg', 'audio/ogg' );
INSERT INTO files ( gid, file, mime ) VALUES ( '23722', 'http://www.gutenberg.org/files/23722/ogg/23722-16.ogg', 'audio/ogg' );
INSERT INTO files ( gid, file, mime ) VALUES ( '23722', 'http://www.gutenberg.org/files/23722/ogg/23722-17.ogg', 'audio/ogg' );
INSERT INTO files ( gid, file, mime ) VALUES ( '23722', 'http://www.gutenberg.org/files/23722/ogg/23722-18.ogg', 'audio/ogg' );
INSERT INTO files ( gid, file, mime ) VALUES ( '23722', 'http://www.gutenberg.org/files/23722/ogg/23722-19.ogg', 'audio/ogg' );
INSERT INTO files ( gid, file, mime ) VALUES ( '23722', 'http://www.gutenberg.org/files/23722/ogg/23722-20.ogg', 'audio/ogg' );
INSERT INTO files ( gid, file, mime ) VALUES ( '23722', 'http://www.gutenberg.org/files/23722/ogg/23722-21.ogg', 'audio/ogg' );
INSERT INTO files ( gid, file, mime ) VALUES ( '23722', 'http://www.gutenberg.org/files/23722/ogg/23722-22.ogg', 'audio/ogg' );
INSERT INTO files ( gid, file, mime ) VALUES ( '23722', 'http://www.gutenberg.org/files/23722/ogg/23722-23.ogg', 'audio/ogg' );
INSERT INTO files ( gid, file, mime ) VALUES ( '23722', 'http://www.gutenberg.org/files/23722/ogg/23722-24.ogg', 'audio/ogg' );
INSERT INTO files ( gid, file, mime ) VALUES ( '23722', 'http://www.gutenberg.org/files/23722/ogg/23722-25.ogg', 'audio/ogg' );
INSERT INTO files ( gid, file, mime ) VALUES ( '23722', 'http://www.gutenberg.org/files/23722/ogg/23722-26.ogg', 'audio/ogg' );
INSERT INTO files ( gid, file, mime ) VALUES ( '23722', 'http://www.gutenberg.org/files/23722/ogg/23722-27.ogg', 'audio/ogg' );
INSERT INTO files ( gid, file, mime ) VALUES ( '23722', 'http://www.gutenberg.org/files/23722/ogg/23722-28.ogg', 'audio/ogg' );
INSERT INTO files ( gid, file, mime ) VALUES ( '23722', 'http://www.gutenberg.org/files/23722/ogg/23722-29.ogg', 'audio/ogg' );
INSERT INTO files ( gid, file, mime ) VALUES ( '23722', 'http://www.gutenberg.org/files/23722/spx/23722-01.spx', 'audio/ogg' );
INSERT INTO files ( gid, file, mime ) VALUES ( '23722', 'http://www.gutenberg.org/files/23722/spx/23722-02.spx', 'audio/ogg' );
INSERT INTO files ( gid, file, mime ) VALUES ( '23722', 'http://www.gutenberg.org/files/23722/spx/23722-03.spx', 'audio/ogg' );
INSERT INTO files ( gid, file, mime ) VALUES ( '23722', 'http://www.gutenberg.org/files/23722/spx/23722-04.spx', 'audio/ogg' );
INSERT INTO files ( gid, file, mime ) VALUES ( '23722', 'http://www.gutenberg.org/files/23722/spx/23722-05.spx', 'audio/ogg' );
INSERT INTO files ( gid, file, mime ) VALUES ( '23722', 'http://www.gutenberg.org/files/23722/spx/23722-06.spx', 'audio/ogg' );
INSERT INTO files ( gid, file, mime ) VALUES ( '23722', 'http://www.gutenberg.org/files/23722/spx/23722-07.spx', 'audio/ogg' );
INSERT INTO files ( gid, file, mime ) VALUES ( '23722', 'http://www.gutenberg.org/files/23722/spx/23722-08.spx', 'audio/ogg' );
INSERT INTO files ( gid, file, mime ) VALUES ( '23722', 'http://www.gutenberg.org/files/23722/spx/23722-09.spx', 'audio/ogg' );
INSERT INTO files ( gid, file, mime ) VALUES ( '23722', 'http://www.gutenberg.org/files/23722/spx/23722-10.spx', 'audio/ogg' );
INSERT INTO files ( gid, file, mime ) VALUES ( '23722', 'http://www.gutenberg.org/files/23722/spx/23722-11.spx', 'audio/ogg' );
INSERT INTO files ( gid, file, mime ) VALUES ( '23722', 'http://www.gutenberg.org/files/23722/spx/23722-12.spx', 'audio/ogg' );
INSERT INTO files ( gid, file, mime ) VALUES ( '23722', 'http://www.gutenberg.org/files/23722/spx/23722-13.spx', 'audio/ogg' );
INSERT INTO files ( gid, file, mime ) VALUES ( '23722', 'http://www.gutenberg.org/files/23722/spx/23722-14.spx', 'audio/ogg' );
INSERT INTO files ( gid, file, mime ) VALUES ( '23722', 'http://www.gutenberg.org/files/23722/spx/23722-15.spx', 'audio/ogg' );
INSERT INTO files ( gid, file, mime ) VALUES ( '23722', 'http://www.gutenberg.org/files/23722/spx/23722-16.spx', 'audio/ogg' );
INSERT INTO files ( gid, file, mime ) VALUES ( '23722', 'http://www.gutenberg.org/files/23722/spx/23722-17.spx', 'audio/ogg' );
INSERT INTO files ( gid, file, mime ) VALUES ( '23722', 'http://www.gutenberg.org/files/23722/spx/23722-18.spx', 'audio/ogg' );
INSERT INTO files ( gid, file, mime ) VALUES ( '23722', 'http://www.gutenberg.org/files/23722/spx/23722-19.spx', 'audio/ogg' );
INSERT INTO files ( gid, file, mime ) VALUES ( '23722', 'http://www.gutenberg.org/files/23722/spx/23722-20.spx', 'audio/ogg' );
INSERT INTO files ( gid, file, mime ) VALUES ( '23722', 'http://www.gutenberg.org/files/23722/spx/23722-21.spx', 'audio/ogg' );
INSERT INTO files ( gid, file, mime ) VALUES ( '23722', 'http://www.gutenberg.org/files/23722/spx/23722-22.spx', 'audio/ogg' );
INSERT INTO files ( gid, file, mime ) VALUES ( '23722', 'http://www.gutenberg.org/files/23722/spx/23722-23.spx', 'audio/ogg' );
INSERT INTO files ( gid, file, mime ) VALUES ( '23722', 'http://www.gutenberg.org/files/23722/spx/23722-24.spx', 'audio/ogg' );
INSERT INTO files ( gid, file, mime ) VALUES ( '23722', 'http://www.gutenberg.org/files/23722/spx/23722-25.spx', 'audio/ogg' );
INSERT INTO files ( gid, file, mime ) VALUES ( '23722', 'http://www.gutenberg.org/files/23722/spx/23722-26.spx', 'audio/ogg' );
INSERT INTO files ( gid, file, mime ) VALUES ( '23722', 'http://www.gutenberg.org/files/23722/spx/23722-27.spx', 'audio/ogg' );
INSERT INTO files ( gid, file, mime ) VALUES ( '23722', 'http://www.gutenberg.org/files/23722/spx/23722-28.spx', 'audio/ogg' );
INSERT INTO files ( gid, file, mime ) VALUES ( '23722', 'http://www.gutenberg.org/files/23722/spx/23722-29.spx', 'audio/ogg' );
INSERT INTO titles ( gid, title, author, language, rights ) VALUES ( '2422', 'Introduction to the Compleat Angler', 'Lang, Andrew', 'en', 'Public domain in the USA.' );
INSERT INTO classifications ( gid, classification ) VALUES ( '2422', 'SH' );
INSERT INTO subjects ( gid, subject ) VALUES ( '2422', 'Fishing' );
INSERT INTO subjects ( gid, subject ) VALUES ( '2422', 'Walton, Izaak, 1593-1683. Compleat angler' );
INSERT INTO files ( gid, file, mime ) VALUES ( '2422', 'http://www.gutenberg.org/ebooks/2422.epub.images', 'application/epub+zip' );
INSERT INTO files ( gid, file, mime ) VALUES ( '2422', 'http://www.gutenberg.org/ebooks/2422.epub.noimages', 'application/epub+zip' );
INSERT INTO files ( gid, file, mime ) VALUES ( '2422', 'http://www.gutenberg.org/ebooks/2422.kindle.images', 'application/x-mobipocket-ebook' );
INSERT INTO files ( gid, file, mime ) VALUES ( '2422', 'http://www.gutenberg.org/ebooks/2422.kindle.noimages', 'application/x-mobipocket-ebook' );
INSERT INTO files ( gid, file, mime ) VALUES ( '2422', 'http://www.gutenberg.org/ebooks/2422.rdf', 'application/rdf+xml' );
INSERT INTO files ( gid, file, mime ) VALUES ( '2422', 'http://www.gutenberg.org/ebooks/2422.txt.utf-8', 'text/plain' );
INSERT INTO files ( gid, file, mime ) VALUES ( '2422', 'http://www.gutenberg.org/files/2422/2422-h.zip', 'text/htmlapplication/zip' );
INSERT INTO files ( gid, file, mime ) VALUES ( '2422', 'http://www.gutenberg.org/files/2422/2422-h/2422-h.htm', 'text/html' );
INSERT INTO files ( gid, file, mime ) VALUES ( '2422', 'http://www.gutenberg.org/files/2422/2422.txt', 'text/plain; charset=us-ascii' );
INSERT INTO files ( gid, file, mime ) VALUES ( '2422', 'http://www.gutenberg.org/files/2422/2422.zip', 'text/plain; charset=us-asciiapplication/zip' );
INSERT INTO titles ( gid, title, author, language, rights ) VALUES ( '24222', 'The Story of Eclipses', 'Chambers, George F. (George Frederick)', 'en', 'Public domain in the USA.' );
INSERT INTO classifications ( gid, classification ) VALUES ( '24222', 'QB' );
INSERT INTO subjects ( gid, subject ) VALUES ( '24222', 'Eclipses' );
INSERT INTO files ( gid, file, mime ) VALUES ( '24222', 'http://www.gutenberg.org/ebooks/24222.epub.images', 'application/epub+zip' );
INSERT INTO files ( gid, file, mime ) VALUES ( '24222', 'http://www.gutenberg.org/ebooks/24222.epub.noimages', 'application/epub+zip' );
INSERT INTO files ( gid, file, mime ) VALUES ( '24222', 'http://www.gutenberg.org/ebooks/24222.kindle.images', 'application/x-mobipocket-ebook' );
INSERT INTO files ( gid, file, mime ) VALUES ( '24222', 'http://www.gutenberg.org/ebooks/24222.kindle.noimages', 'application/x-mobipocket-ebook' );
INSERT INTO files ( gid, file, mime ) VALUES ( '24222', 'http://www.gutenberg.org/ebooks/24222.rdf', 'application/rdf+xml' );
INSERT INTO files ( gid, file, mime ) VALUES ( '24222', 'http://www.gutenberg.org/files/24222/24222-0.txt', 'text/plain; charset=utf-8' );
INSERT INTO files ( gid, file, mime ) VALUES ( '24222', 'http://www.gutenberg.org/files/24222/24222-0.zip', 'text/plain; charset=utf-8application/zip' );
INSERT INTO files ( gid, file, mime ) VALUES ( '24222', 'http://www.gutenberg.org/files/24222/24222-8.txt', 'text/plain; charset=iso-8859-1' );
INSERT INTO files ( gid, file, mime ) VALUES ( '24222', 'http://www.gutenberg.org/files/24222/24222-8.zip', 'text/plain; charset=iso-8859-1application/zip' );
INSERT INTO files ( gid, file, mime ) VALUES ( '24222', 'http://www.gutenberg.org/files/24222/24222-h.zip', 'application/ziptext/html' );
INSERT INTO files ( gid, file, mime ) VALUES ( '24222', 'http://www.gutenberg.org/files/24222/24222-h/24222-h.htm', 'text/html' );
INSERT INTO files ( gid, file, mime ) VALUES ( '24222', 'http://www.gutenberg.org/files/24222/24222.txt', 'text/plain; charset=us-ascii' );
INSERT INTO files ( gid, file, mime ) VALUES ( '24222', 'http://www.gutenberg.org/files/24222/24222.zip', 'application/ziptext/plain; charset=us-ascii' );
INSERT INTO titles ( gid, title, author, language, rights ) VALUES ( '24322', 'Scientific American Supplement, No. 664, September 22,1888', 'Various', 'en', 'Public domain in the USA.' );
INSERT INTO classifications ( gid, classification ) VALUES ( '24322', 'T' );
INSERT INTO subjects ( gid, subject ) VALUES ( '24322', 'Science -- Periodicals' );
INSERT INTO files ( gid, file, mime ) VALUES ( '24322', 'http://www.gutenberg.org/cache/epub/24322/pg24322.cover.medium.jpg', 'image/jpeg' );
INSERT INTO files ( gid, file, mime ) VALUES ( '24322', 'http://www.gutenberg.org/cache/epub/24322/pg24322.cover.small.jpg', 'image/jpeg' );
INSERT INTO files ( gid, file, mime ) VALUES ( '24322', 'http://www.gutenberg.org/ebooks/24322.epub.images', 'application/epub+zip' );
INSERT INTO files ( gid, file, mime ) VALUES ( '24322', 'http://www.gutenberg.org/ebooks/24322.epub.noimages', 'application/epub+zip' );
INSERT INTO files ( gid, file, mime ) VALUES ( '24322', 'http://www.gutenberg.org/ebooks/24322.kindle.images', 'application/x-mobipocket-ebook' );
INSERT INTO files ( gid, file, mime ) VALUES ( '24322', 'http://www.gutenberg.org/ebooks/24322.kindle.noimages', 'application/x-mobipocket-ebook' );
INSERT INTO files ( gid, file, mime ) VALUES ( '24322', 'http://www.gutenberg.org/ebooks/24322.rdf', 'application/rdf+xml' );
INSERT INTO files ( gid, file, mime ) VALUES ( '24322', 'http://www.gutenberg.org/ebooks/24322.txt.utf-8', 'text/plain' );
INSERT INTO files ( gid, file, mime ) VALUES ( '24322', 'http://www.gutenberg.org/files/24322/24322-8.txt', 'text/plain; charset=iso-8859-1' );
INSERT INTO files ( gid, file, mime ) VALUES ( '24322', 'http://www.gutenberg.org/files/24322/24322-8.zip', 'application/ziptext/plain; charset=iso-8859-1' );
INSERT INTO files ( gid, file, mime ) VALUES ( '24322', 'http://www.gutenberg.org/files/24322/24322-h.zip', 'text/html; charset=iso-8859-1application/zip' );
INSERT INTO files ( gid, file, mime ) VALUES ( '24322', 'http://www.gutenberg.org/files/24322/24322-h/24322-h.htm', 'text/html; charset=iso-8859-1' );
INSERT INTO titles ( gid, title, author, language, rights ) VALUES ( '24422', '定情人', 'Tianhuazangzhuren', 'zh', 'Public domain in the USA.' );
INSERT INTO classifications ( gid, classification ) VALUES ( '24422', 'PL' );
INSERT INTO subjects ( gid, subject ) VALUES ( '24422', 'Chinese fiction -- Qing dynasty, 1644-1912' );
INSERT INTO files ( gid, file, mime ) VALUES ( '24422', 'http://www.gutenberg.org/ebooks/24422.epub.images', 'application/epub+zip' );
INSERT INTO files ( gid, file, mime ) VALUES ( '24422', 'http://www.gutenberg.org/ebooks/24422.epub.noimages', 'application/epub+zip' );
INSERT INTO files ( gid, file, mime ) VALUES ( '24422', 'http://www.gutenberg.org/ebooks/24422.html.images', 'text/html' );
INSERT INTO files ( gid, file, mime ) VALUES ( '24422', 'http://www.gutenberg.org/ebooks/24422.html.noimages', 'text/html' );
INSERT INTO files ( gid, file, mime ) VALUES ( '24422', 'http://www.gutenberg.org/ebooks/24422.kindle.images', 'application/x-mobipocket-ebook' );
INSERT INTO files ( gid, file, mime ) VALUES ( '24422', 'http://www.gutenberg.org/ebooks/24422.kindle.noimages', 'application/x-mobipocket-ebook' );
INSERT INTO files ( gid, file, mime ) VALUES ( '24422', 'http://www.gutenberg.org/ebooks/24422.rdf', 'application/rdf+xml' );
INSERT INTO files ( gid, file, mime ) VALUES ( '24422', 'http://www.gutenberg.org/files/24422/24422-0.txt', 'text/plain; charset=utf-8' );
INSERT INTO files ( gid, file, mime ) VALUES ( '24422', 'http://www.gutenberg.org/files/24422/24422-0.zip', 'application/ziptext/plain; charset=utf-8' );
INSERT INTO titles ( gid, title, author, language, rights ) VALUES ( '24522', 'The Black Phantom', 'Miller, Leo E. (Leo Edward)', 'en', 'Public domain in the USA.' );
INSERT INTO classifications ( gid, classification ) VALUES ( '24522', 'PS' );
INSERT INTO subjects ( gid, subject ) VALUES ( '24522', 'Animals -- Fiction' );
INSERT INTO subjects ( gid, subject ) VALUES ( '24522', 'Amazon River Valley -- Fiction' );
INSERT INTO subjects ( gid, subject ) VALUES ( '24522', 'Jungles -- Fiction' );
INSERT INTO files ( gid, file, mime ) VALUES ( '24522', 'http://www.gutenberg.org/ebooks/24522.epub.images', 'application/epub+zip' );
INSERT INTO files ( gid, file, mime ) VALUES ( '24522', 'http://www.gutenberg.org/ebooks/24522.epub.noimages', 'application/epub+zip' );
INSERT INTO files ( gid, file, mime ) VALUES ( '24522', 'http://www.gutenberg.org/ebooks/24522.kindle.images', 'application/x-mobipocket-ebook' );
INSERT INTO files ( gid, file, mime ) VALUES ( '24522', 'http://www.gutenberg.org/ebooks/24522.kindle.noimages', 'application/x-mobipocket-ebook' );
INSERT INTO files ( gid, file, mime ) VALUES ( '24522', 'http://www.gutenberg.org/ebooks/24522.rdf', 'application/rdf+xml' );
INSERT INTO files ( gid, file, mime ) VALUES ( '24522', 'http://www.gutenberg.org/ebooks/24522.txt.utf-8', 'text/plain' );
INSERT INTO files ( gid, file, mime ) VALUES ( '24522', 'http://www.gutenberg.org/files/24522/24522-8.txt', 'text/plain; charset=iso-8859-1' );
INSERT INTO files ( gid, file, mime ) VALUES ( '24522', 'http://www.gutenberg.org/files/24522/24522-8.zip', 'text/plain; charset=iso-8859-1application/zip' );
INSERT INTO files ( gid, file, mime ) VALUES ( '24522', 'http://www.gutenberg.org/files/24522/24522-h.zip', 'application/ziptext/html; charset=iso-8859-1' );
INSERT INTO files ( gid, file, mime ) VALUES ( '24522', 'http://www.gutenberg.org/files/24522/24522-h/24522-h.htm', 'text/html; charset=iso-8859-1' );
INSERT INTO files ( gid, file, mime ) VALUES ( '24522', 'http://www.gutenberg.org/files/24522/24522.txt', 'text/plain; charset=us-ascii' );
INSERT INTO files ( gid, file, mime ) VALUES ( '24522', 'http://www.gutenberg.org/files/24522/24522.zip', 'text/plain; charset=us-asciiapplication/zip' );
INSERT INTO titles ( gid, title, author, language, rights ) VALUES ( '24622', 'The Pianolist: A Guide for Pianola Players', 'Kobbé, Gustav', 'en', 'Public domain in the USA.' );
INSERT INTO classifications ( gid, classification ) VALUES ( '24622', 'MT' );
INSERT INTO subjects ( gid, subject ) VALUES ( '24622', 'Pianola' );
INSERT INTO subjects ( gid, subject ) VALUES ( '24622', 'Music -- Instruction and study' );
INSERT INTO files ( gid, file, mime ) VALUES ( '24622', 'http://www.gutenberg.org/ebooks/24622.epub.images', 'application/epub+zip' );
INSERT INTO files ( gid, file, mime ) VALUES ( '24622', 'http://www.gutenberg.org/ebooks/24622.epub.noimages', 'application/epub+zip' );
INSERT INTO files ( gid, file, mime ) VALUES ( '24622', 'http://www.gutenberg.org/ebooks/24622.kindle.images', 'application/x-mobipocket-ebook' );
INSERT INTO files ( gid, file, mime ) VALUES ( '24622', 'http://www.gutenberg.org/ebooks/24622.kindle.noimages', 'application/x-mobipocket-ebook' );
INSERT INTO files ( gid, file, mime ) VALUES ( '24622', 'http://www.gutenberg.org/ebooks/24622.rdf', 'application/rdf+xml' );
INSERT INTO files ( gid, file, mime ) VALUES ( '24622', 'http://www.gutenberg.org/ebooks/24622.txt.utf-8', 'text/plain' );
INSERT INTO files ( gid, file, mime ) VALUES ( '24622', 'http://www.gutenberg.org/files/24622/24622-8.txt', 'text/plain; charset=iso-8859-1' );
INSERT INTO files ( gid, file, mime ) VALUES ( '24622', 'http://www.gutenberg.org/files/24622/24622-8.zip', 'text/plain; charset=iso-8859-1application/zip' );
INSERT INTO files ( gid, file, mime ) VALUES ( '24622', 'http://www.gutenberg.org/files/24622/24622-h.zip', 'application/ziptext/html; charset=iso-8859-1' );
INSERT INTO files ( gid, file, mime ) VALUES ( '24622', 'http://www.gutenberg.org/files/24622/24622-h/24622-h.htm', 'text/html; charset=iso-8859-1' );
INSERT INTO files ( gid, file, mime ) VALUES ( '24622', 'http://www.gutenberg.org/files/24622/24622.txt', 'text/plain; charset=us-ascii' );
INSERT INTO files ( gid, file, mime ) VALUES ( '24622', 'http://www.gutenberg.org/files/24622/24622.zip', 'application/ziptext/plain; charset=us-ascii' );
INSERT INTO titles ( gid, title, author, language, rights ) VALUES ( '24722', 'Letters from Port Royal Written at the Time of the Civil War (1862-1868)', '', 'en', 'Public domain in the USA.' );
INSERT INTO subjects ( gid, subject ) VALUES ( '24722', 'South Carolina -- History -- Civil War, 1861-1865' );
INSERT INTO subjects ( gid, subject ) VALUES ( '24722', 'E456' );
INSERT INTO subjects ( gid, subject ) VALUES ( '24722', 'F206' );
INSERT INTO subjects ( gid, subject ) VALUES ( '24722', 'Beaufort (S.C.) -- History' );
INSERT INTO subjects ( gid, subject ) VALUES ( '24722', 'African Americans -- South Carolina' );
INSERT INTO files ( gid, file, mime ) VALUES ( '24722', 'http://www.gutenberg.org/ebooks/24722.epub.images', 'application/epub+zip' );
INSERT INTO files ( gid, file, mime ) VALUES ( '24722', 'http://www.gutenberg.org/ebooks/24722.epub.noimages', 'application/epub+zip' );
INSERT INTO files ( gid, file, mime ) VALUES ( '24722', 'http://www.gutenberg.org/ebooks/24722.kindle.images', 'application/x-mobipocket-ebook' );
INSERT INTO files ( gid, file, mime ) VALUES ( '24722', 'http://www.gutenberg.org/ebooks/24722.kindle.noimages', 'application/x-mobipocket-ebook' );
INSERT INTO files ( gid, file, mime ) VALUES ( '24722', 'http://www.gutenberg.org/ebooks/24722.rdf', 'application/rdf+xml' );
INSERT INTO files ( gid, file, mime ) VALUES ( '24722', 'http://www.gutenberg.org/ebooks/24722.txt.utf-8', 'text/plain' );
INSERT INTO files ( gid, file, mime ) VALUES ( '24722', 'http://www.gutenberg.org/files/24722/24722-8.txt', 'text/plain; charset=iso-8859-1' );
INSERT INTO files ( gid, file, mime ) VALUES ( '24722', 'http://www.gutenberg.org/files/24722/24722-8.zip', 'text/plain; charset=iso-8859-1application/zip' );
INSERT INTO files ( gid, file, mime ) VALUES ( '24722', 'http://www.gutenberg.org/files/24722/24722-h.zip', 'application/ziptext/html; charset=iso-8859-1' );
INSERT INTO files ( gid, file, mime ) VALUES ( '24722', 'http://www.gutenberg.org/files/24722/24722-h/24722-h.htm', 'text/html; charset=iso-8859-1' );
INSERT INTO files ( gid, file, mime ) VALUES ( '24722', 'http://www.gutenberg.org/files/24722/24722.txt', 'text/plain; charset=us-ascii' );
INSERT INTO files ( gid, file, mime ) VALUES ( '24722', 'http://www.gutenberg.org/files/24722/24722.zip', 'application/ziptext/plain; charset=us-ascii' );
INSERT INTO titles ( gid, title, author, language, rights ) VALUES ( '24822', 'The Queen''s Twin and Other Stories', 'Jewett, Sarah Orne', 'en', 'Public domain in the USA.' );
INSERT INTO classifications ( gid, classification ) VALUES ( '24822', 'PZ' );
INSERT INTO subjects ( gid, subject ) VALUES ( '24822', 'New England -- Social life and customs -- Fiction' );
INSERT INTO subjects ( gid, subject ) VALUES ( '24822', 'United States -- Social life and customs -- 19th century -- Fiction' );
INSERT INTO subjects ( gid, subject ) VALUES ( '24822', 'Short stories' );
INSERT INTO subjects ( gid, subject ) VALUES ( '24822', 'Women -- Fiction' );
INSERT INTO files ( gid, file, mime ) VALUES ( '24822', 'http://www.gutenberg.org/ebooks/24822.epub.images', 'application/epub+zip' );
INSERT INTO files ( gid, file, mime ) VALUES ( '24822', 'http://www.gutenberg.org/ebooks/24822.epub.noimages', 'application/epub+zip' );
INSERT INTO files ( gid, file, mime ) VALUES ( '24822', 'http://www.gutenberg.org/ebooks/24822.html.images', 'text/html' );
INSERT INTO files ( gid, file, mime ) VALUES ( '24822', 'http://www.gutenberg.org/ebooks/24822.html.noimages', 'text/html' );
INSERT INTO files ( gid, file, mime ) VALUES ( '24822', 'http://www.gutenberg.org/ebooks/24822.kindle.images', 'application/x-mobipocket-ebook' );
INSERT INTO files ( gid, file, mime ) VALUES ( '24822', 'http://www.gutenberg.org/ebooks/24822.kindle.noimages', 'application/x-mobipocket-ebook' );
INSERT INTO files ( gid, file, mime ) VALUES ( '24822', 'http://www.gutenberg.org/ebooks/24822.rdf', 'application/rdf+xml' );
INSERT INTO files ( gid, file, mime ) VALUES ( '24822', 'http://www.gutenberg.org/ebooks/24822.txt.utf-8', 'text/plain' );
INSERT INTO files ( gid, file, mime ) VALUES ( '24822', 'http://www.gutenberg.org/files/24822/24822-8.txt', 'text/plain; charset=iso-8859-1' );
INSERT INTO files ( gid, file, mime ) VALUES ( '24822', 'http://www.gutenberg.org/files/24822/24822-8.zip', 'text/plain; charset=iso-8859-1application/zip' );
INSERT INTO files ( gid, file, mime ) VALUES ( '24822', 'http://www.gutenberg.org/files/24822/24822.txt', 'text/plain; charset=us-ascii' );
INSERT INTO files ( gid, file, mime ) VALUES ( '24822', 'http://www.gutenberg.org/files/24822/24822.zip', 'text/plain; charset=us-asciiapplication/zip' );
INSERT INTO titles ( gid, title, author, language, rights ) VALUES ( '25022', 'Narrative of the shipwreck of the brig Betsey, of Wiscasset, Maine, and murder of five of her crew, by pirates, on the coast of Cuba, Dec. 1824.', 'Collins, Daniel', 'en', 'Public domain in the USA.' );
INSERT INTO subjects ( gid, subject ) VALUES ( '25022', 'Shipwrecks' );
INSERT INTO subjects ( gid, subject ) VALUES ( '25022', 'Pirates' );
INSERT INTO subjects ( gid, subject ) VALUES ( '25022', 'F2155' );
INSERT INTO subjects ( gid, subject ) VALUES ( '25022', 'Caribbean Area -- History' );
INSERT INTO files ( gid, file, mime ) VALUES ( '25022', 'http://www.gutenberg.org/ebooks/25022.epub.images', 'application/epub+zip' );
INSERT INTO files ( gid, file, mime ) VALUES ( '25022', 'http://www.gutenberg.org/ebooks/25022.epub.noimages', 'application/epub+zip' );
INSERT INTO files ( gid, file, mime ) VALUES ( '25022', 'http://www.gutenberg.org/ebooks/25022.kindle.images', 'application/x-mobipocket-ebook' );
INSERT INTO files ( gid, file, mime ) VALUES ( '25022', 'http://www.gutenberg.org/ebooks/25022.kindle.noimages', 'application/x-mobipocket-ebook' );
INSERT INTO files ( gid, file, mime ) VALUES ( '25022', 'http://www.gutenberg.org/ebooks/25022.rdf', 'application/rdf+xml' );
INSERT INTO files ( gid, file, mime ) VALUES ( '25022', 'http://www.gutenberg.org/ebooks/25022.txt.utf-8', 'text/plain' );
INSERT INTO files ( gid, file, mime ) VALUES ( '25022', 'http://www.gutenberg.org/files/25022/25022-8.txt', 'text/plain; charset=iso-8859-1' );
INSERT INTO files ( gid, file, mime ) VALUES ( '25022', 'http://www.gutenberg.org/files/25022/25022-8.zip', 'text/plain; charset=iso-8859-1application/zip' );
INSERT INTO files ( gid, file, mime ) VALUES ( '25022', 'http://www.gutenberg.org/files/25022/25022-h.zip', 'application/ziptext/html; charset=iso-8859-1' );
INSERT INTO files ( gid, file, mime ) VALUES ( '25022', 'http://www.gutenberg.org/files/25022/25022-h/25022-h.htm', 'text/html; charset=iso-8859-1' );
INSERT INTO files ( gid, file, mime ) VALUES ( '25022', 'http://www.gutenberg.org/files/25022/25022.txt', 'text/plain; charset=us-ascii' );
INSERT INTO files ( gid, file, mime ) VALUES ( '25022', 'http://www.gutenberg.org/files/25022/25022.zip', 'text/plain; charset=us-asciiapplication/zip' );
INSERT INTO titles ( gid, title, author, language, rights ) VALUES ( '24922', 'The Honourable Mr. Tawnish', 'Farnol, Jeffery', 'en', 'Public domain in the USA.' );
INSERT INTO classifications ( gid, classification ) VALUES ( '24922', 'PR' );
INSERT INTO subjects ( gid, subject ) VALUES ( '24922', 'Great Britain -- History -- Regency, 1800-1837 -- Fiction' );
INSERT INTO files ( gid, file, mime ) VALUES ( '24922', 'http://www.gutenberg.org/cache/epub/24922/pg24922.cover.medium.jpg', 'image/jpeg' );
INSERT INTO files ( gid, file, mime ) VALUES ( '24922', 'http://www.gutenberg.org/cache/epub/24922/pg24922.cover.small.jpg', 'image/jpeg' );
INSERT INTO files ( gid, file, mime ) VALUES ( '24922', 'http://www.gutenberg.org/ebooks/24922.epub.images', 'application/epub+zip' );
INSERT INTO files ( gid, file, mime ) VALUES ( '24922', 'http://www.gutenberg.org/ebooks/24922.epub.noimages', 'application/epub+zip' );
INSERT INTO files ( gid, file, mime ) VALUES ( '24922', 'http://www.gutenberg.org/ebooks/24922.kindle.images', 'application/x-mobipocket-ebook' );
INSERT INTO files ( gid, file, mime ) VALUES ( '24922', 'http://www.gutenberg.org/ebooks/24922.kindle.noimages', 'application/x-mobipocket-ebook' );
INSERT INTO files ( gid, file, mime ) VALUES ( '24922', 'http://www.gutenberg.org/ebooks/24922.rdf', 'application/rdf+xml' );
INSERT INTO files ( gid, file, mime ) VALUES ( '24922', 'http://www.gutenberg.org/ebooks/24922.txt.utf-8', 'text/plain' );
INSERT INTO files ( gid, file, mime ) VALUES ( '24922', 'http://www.gutenberg.org/files/24922/24922-h.zip', 'application/ziptext/html; charset=iso-8859-1' );
INSERT INTO files ( gid, file, mime ) VALUES ( '24922', 'http://www.gutenberg.org/files/24922/24922-h/24922-h.htm', 'text/html; charset=iso-8859-1' );
INSERT INTO files ( gid, file, mime ) VALUES ( '24922', 'http://www.gutenberg.org/files/24922/24922.txt', 'text/plain; charset=us-ascii' );
INSERT INTO files ( gid, file, mime ) VALUES ( '24922', 'http://www.gutenberg.org/files/24922/24922.zip', 'text/plain; charset=us-asciiapplication/zip' );
INSERT INTO titles ( gid, title, author, language, rights ) VALUES ( '25222', 'Transactions of the American Society of Civil Engineers, vol. LXX, Dec. 1910 The Ultimate Load on Pile Foundations', 'Griffith, John Howell', 'en', 'Public domain in the USA.' );
INSERT INTO classifications ( gid, classification ) VALUES ( '25222', 'TA' );
INSERT INTO subjects ( gid, subject ) VALUES ( '25222', 'Civil engineering -- Periodicals' );
INSERT INTO subjects ( gid, subject ) VALUES ( '25222', 'Foundations' );
INSERT INTO subjects ( gid, subject ) VALUES ( '25222', 'Piling (Civil engineering)' );
INSERT INTO files ( gid, file, mime ) VALUES ( '25222', 'http://www.gutenberg.org/ebooks/25222.rdf', 'application/rdf+xml' );
INSERT INTO files ( gid, file, mime ) VALUES ( '25222', 'http://www.gutenberg.org/files/25222/25222-pdf.pdf', 'application/pdf' );
INSERT INTO files ( gid, file, mime ) VALUES ( '25222', 'http://www.gutenberg.org/files/25222/25222-pdf.zip', 'application/zipapplication/pdf' );
INSERT INTO files ( gid, file, mime ) VALUES ( '25222', 'http://www.gutenberg.org/files/25222/25222-t.zip', 'application/zipapplication/prs.tex' );
INSERT INTO files ( gid, file, mime ) VALUES ( '25222', 'http://www.gutenberg.org/files/25222/25222-t/25222-t.tex', 'application/prs.tex' );
INSERT INTO titles ( gid, title, author, language, rights ) VALUES ( '25122', 'From Sail to Steam, Recollections of Naval Life', 'Mahan, A. T. (Alfred Thayer)', 'en', 'Public domain in the USA.' );
INSERT INTO classifications ( gid, classification ) VALUES ( '25122', 'VA' );
INSERT INTO subjects ( gid, subject ) VALUES ( '25122', 'United States. Navy -- History' );
INSERT INTO files ( gid, file, mime ) VALUES ( '25122', 'http://www.gutenberg.org/ebooks/25122.epub.images', 'application/epub+zip' );
INSERT INTO files ( gid, file, mime ) VALUES ( '25122', 'http://www.gutenberg.org/ebooks/25122.epub.noimages', 'application/epub+zip' );
INSERT INTO files ( gid, file, mime ) VALUES ( '25122', 'http://www.gutenberg.org/ebooks/25122.kindle.images', 'application/x-mobipocket-ebook' );
INSERT INTO files ( gid, file, mime ) VALUES ( '25122', 'http://www.gutenberg.org/ebooks/25122.kindle.noimages', 'application/x-mobipocket-ebook' );
INSERT INTO files ( gid, file, mime ) VALUES ( '25122', 'http://www.gutenberg.org/ebooks/25122.rdf', 'application/rdf+xml' );
INSERT INTO files ( gid, file, mime ) VALUES ( '25122', 'http://www.gutenberg.org/ebooks/25122.txt.utf-8', 'text/plain' );
INSERT INTO files ( gid, file, mime ) VALUES ( '25122', 'http://www.gutenberg.org/files/25122/25122-8.txt', 'text/plain; charset=iso-8859-1' );
INSERT INTO files ( gid, file, mime ) VALUES ( '25122', 'http://www.gutenberg.org/files/25122/25122-8.zip', 'application/ziptext/plain; charset=iso-8859-1' );
INSERT INTO files ( gid, file, mime ) VALUES ( '25122', 'http://www.gutenberg.org/files/25122/25122-h.zip', 'text/html; charset=iso-8859-1application/zip' );
INSERT INTO files ( gid, file, mime ) VALUES ( '25122', 'http://www.gutenberg.org/files/25122/25122-h/25122-h.htm', 'text/html; charset=iso-8859-1' );
INSERT INTO files ( gid, file, mime ) VALUES ( '25122', 'http://www.gutenberg.org/files/25122/25122.txt', 'text/plain; charset=us-ascii' );
INSERT INTO files ( gid, file, mime ) VALUES ( '25122', 'http://www.gutenberg.org/files/25122/25122.zip', 'application/ziptext/plain; charset=us-ascii' );
INSERT INTO titles ( gid, title, author, language, rights ) VALUES ( '2522', 'A Dark Night''s Work', 'Gaskell, Elizabeth Cleghorn', 'en', 'Public domain in the USA.' );
INSERT INTO classifications ( gid, classification ) VALUES ( '2522', 'PR' );
INSERT INTO subjects ( gid, subject ) VALUES ( '2522', 'England -- Social life and customs -- 19th century -- Fiction' );
INSERT INTO files ( gid, file, mime ) VALUES ( '2522', 'http://www.gutenberg.org/ebooks/2522.epub.images', 'application/epub+zip' );
INSERT INTO files ( gid, file, mime ) VALUES ( '2522', 'http://www.gutenberg.org/ebooks/2522.epub.noimages', 'application/epub+zip' );
INSERT INTO files ( gid, file, mime ) VALUES ( '2522', 'http://www.gutenberg.org/ebooks/2522.kindle.images', 'application/x-mobipocket-ebook' );
INSERT INTO files ( gid, file, mime ) VALUES ( '2522', 'http://www.gutenberg.org/ebooks/2522.kindle.noimages', 'application/x-mobipocket-ebook' );
INSERT INTO files ( gid, file, mime ) VALUES ( '2522', 'http://www.gutenberg.org/ebooks/2522.rdf', 'application/rdf+xml' );
INSERT INTO files ( gid, file, mime ) VALUES ( '2522', 'http://www.gutenberg.org/ebooks/2522.txt.utf-8', 'text/plain' );
INSERT INTO files ( gid, file, mime ) VALUES ( '2522', 'http://www.gutenberg.org/files/2522/2522-h.zip', 'application/ziptext/html' );
INSERT INTO files ( gid, file, mime ) VALUES ( '2522', 'http://www.gutenberg.org/files/2522/2522-h/2522-h.htm', 'text/html' );
INSERT INTO files ( gid, file, mime ) VALUES ( '2522', 'http://www.gutenberg.org/files/2522/2522.txt', 'text/plain; charset=us-ascii' );
INSERT INTO files ( gid, file, mime ) VALUES ( '2522', 'http://www.gutenberg.org/files/2522/2522.zip', 'application/ziptext/plain; charset=us-ascii' );
INSERT INTO titles ( gid, title, author, language, rights ) VALUES ( '25322', 'Fables in Slang', 'Ade, George', 'en', 'Public domain in the USA.' );
INSERT INTO classifications ( gid, classification ) VALUES ( '25322', 'PS' );
INSERT INTO subjects ( gid, subject ) VALUES ( '25322', 'American wit and humor' );
INSERT INTO subjects ( gid, subject ) VALUES ( '25322', 'Fables' );
INSERT INTO files ( gid, file, mime ) VALUES ( '25322', 'http://www.gutenberg.org/ebooks/25322.epub.images', 'application/epub+zip' );
INSERT INTO files ( gid, file, mime ) VALUES ( '25322', 'http://www.gutenberg.org/ebooks/25322.epub.noimages', 'application/epub+zip' );
INSERT INTO files ( gid, file, mime ) VALUES ( '25322', 'http://www.gutenberg.org/ebooks/25322.kindle.images', 'application/x-mobipocket-ebook' );
INSERT INTO files ( gid, file, mime ) VALUES ( '25322', 'http://www.gutenberg.org/ebooks/25322.kindle.noimages', 'application/x-mobipocket-ebook' );
INSERT INTO files ( gid, file, mime ) VALUES ( '25322', 'http://www.gutenberg.org/ebooks/25322.rdf', 'application/rdf+xml' );
INSERT INTO files ( gid, file, mime ) VALUES ( '25322', 'http://www.gutenberg.org/ebooks/25322.txt.utf-8', 'text/plain' );
INSERT INTO files ( gid, file, mime ) VALUES ( '25322', 'http://www.gutenberg.org/files/25322/25322-8.txt', 'text/plain; charset=iso-8859-1' );
INSERT INTO files ( gid, file, mime ) VALUES ( '25322', 'http://www.gutenberg.org/files/25322/25322-8.zip', 'text/plain; charset=iso-8859-1application/zip' );
INSERT INTO files ( gid, file, mime ) VALUES ( '25322', 'http://www.gutenberg.org/files/25322/25322-h.zip', 'application/ziptext/html; charset=iso-8859-1' );
INSERT INTO files ( gid, file, mime ) VALUES ( '25322', 'http://www.gutenberg.org/files/25322/25322-h/25322-h.htm', 'text/html; charset=iso-8859-1' );
INSERT INTO files ( gid, file, mime ) VALUES ( '25322', 'http://www.gutenberg.org/files/25322/25322.txt', 'text/plain; charset=us-ascii' );
INSERT INTO files ( gid, file, mime ) VALUES ( '25322', 'http://www.gutenberg.org/files/25322/25322.zip', 'application/ziptext/plain; charset=us-ascii' );
INSERT INTO titles ( gid, title, author, language, rights ) VALUES ( '25422', '玉樓春', 'Baiyundaoren', 'zh', 'Public domain in the USA.' );
INSERT INTO classifications ( gid, classification ) VALUES ( '25422', 'PL' );
INSERT INTO files ( gid, file, mime ) VALUES ( '25422', 'http://www.gutenberg.org/ebooks/25422.epub.images', 'application/epub+zip' );
INSERT INTO files ( gid, file, mime ) VALUES ( '25422', 'http://www.gutenberg.org/ebooks/25422.epub.noimages', 'application/epub+zip' );
INSERT INTO files ( gid, file, mime ) VALUES ( '25422', 'http://www.gutenberg.org/ebooks/25422.html.images', 'text/html' );
INSERT INTO files ( gid, file, mime ) VALUES ( '25422', 'http://www.gutenberg.org/ebooks/25422.html.noimages', 'text/html' );
INSERT INTO files ( gid, file, mime ) VALUES ( '25422', 'http://www.gutenberg.org/ebooks/25422.kindle.images', 'application/x-mobipocket-ebook' );
INSERT INTO files ( gid, file, mime ) VALUES ( '25422', 'http://www.gutenberg.org/ebooks/25422.kindle.noimages', 'application/x-mobipocket-ebook' );
INSERT INTO files ( gid, file, mime ) VALUES ( '25422', 'http://www.gutenberg.org/ebooks/25422.rdf', 'application/rdf+xml' );
INSERT INTO files ( gid, file, mime ) VALUES ( '25422', 'http://www.gutenberg.org/files/25422/25422-0.txt', 'text/plain; charset=utf-8' );
INSERT INTO files ( gid, file, mime ) VALUES ( '25422', 'http://www.gutenberg.org/files/25422/25422-0.zip', 'application/ziptext/plain; charset=utf-8' );
INSERT INTO titles ( gid, title, author, language, rights ) VALUES ( '25522', 'Freedom In Service Six Essays on Matters Concerning Britain''s Safety and Good Government', 'Hearnshaw, F. J. C. (Fossey John Cobb)', 'en', 'Public domain in the USA.' );
INSERT INTO classifications ( gid, classification ) VALUES ( '25522', 'UA' );
INSERT INTO subjects ( gid, subject ) VALUES ( '25522', 'Great Britain -- Politics and government' );
INSERT INTO subjects ( gid, subject ) VALUES ( '25522', 'Great Britain -- Defenses' );
INSERT INTO subjects ( gid, subject ) VALUES ( '25522', 'Draft' );
INSERT INTO files ( gid, file, mime ) VALUES ( '25522', 'http://www.gutenberg.org/ebooks/25522.epub.images', 'application/epub+zip' );
INSERT INTO files ( gid, file, mime ) VALUES ( '25522', 'http://www.gutenberg.org/ebooks/25522.epub.noimages', 'application/epub+zip' );
INSERT INTO files ( gid, file, mime ) VALUES ( '25522', 'http://www.gutenberg.org/ebooks/25522.kindle.images', 'application/x-mobipocket-ebook' );
INSERT INTO files ( gid, file, mime ) VALUES ( '25522', 'http://www.gutenberg.org/ebooks/25522.kindle.noimages', 'application/x-mobipocket-ebook' );
INSERT INTO files ( gid, file, mime ) VALUES ( '25522', 'http://www.gutenberg.org/ebooks/25522.rdf', 'application/rdf+xml' );
INSERT INTO files ( gid, file, mime ) VALUES ( '25522', 'http://www.gutenberg.org/ebooks/25522.txt.utf-8', 'text/plain' );
INSERT INTO files ( gid, file, mime ) VALUES ( '25522', 'http://www.gutenberg.org/files/25522/25522-8.txt', 'text/plain; charset=iso-8859-1' );
INSERT INTO files ( gid, file, mime ) VALUES ( '25522', 'http://www.gutenberg.org/files/25522/25522-8.zip', 'text/plain; charset=iso-8859-1application/zip' );
INSERT INTO files ( gid, file, mime ) VALUES ( '25522', 'http://www.gutenberg.org/files/25522/25522-h.zip', 'application/ziptext/html; charset=iso-8859-1' );
INSERT INTO files ( gid, file, mime ) VALUES ( '25522', 'http://www.gutenberg.org/files/25522/25522-h/25522-h.htm', 'text/html; charset=iso-8859-1' );
INSERT INTO files ( gid, file, mime ) VALUES ( '25522', 'http://www.gutenberg.org/files/25522/25522.txt', 'text/plain; charset=us-ascii' );
INSERT INTO files ( gid, file, mime ) VALUES ( '25522', 'http://www.gutenberg.org/files/25522/25522.zip', 'text/plain; charset=us-asciiapplication/zip' );
INSERT INTO titles ( gid, title, author, language, rights ) VALUES ( '25622', 'Beatrice d''Este, Duchess of Milan, 1475-1497', 'Cartwright, Julia', 'en', 'Public domain in the USA.' );
INSERT INTO classifications ( gid, classification ) VALUES ( '25622', 'DG' );
INSERT INTO classifications ( gid, classification ) VALUES ( '25622', 'CT' );
INSERT INTO subjects ( gid, subject ) VALUES ( '25622', 'Beatrice, consort of Lodovico Sforza il Moro, Duke of Milan, 1475-1497' );
INSERT INTO subjects ( gid, subject ) VALUES ( '25622', 'Nobility -- Italy -- Milan -- Biography' );
INSERT INTO subjects ( gid, subject ) VALUES ( '25622', 'Renaissance -- Italy -- Milan' );
INSERT INTO subjects ( gid, subject ) VALUES ( '25622', 'Nobility -- Italy -- Milan -- History -- To 1500' );
INSERT INTO subjects ( gid, subject ) VALUES ( '25622', 'Women -- Biography' );
INSERT INTO subjects ( gid, subject ) VALUES ( '25622', 'Italy -- History -- 1268-1492' );
INSERT INTO files ( gid, file, mime ) VALUES ( '25622', 'http://www.gutenberg.org/ebooks/25622.epub.images', 'application/epub+zip' );
INSERT INTO files ( gid, file, mime ) VALUES ( '25622', 'http://www.gutenberg.org/ebooks/25622.epub.noimages', 'application/epub+zip' );
INSERT INTO files ( gid, file, mime ) VALUES ( '25622', 'http://www.gutenberg.org/ebooks/25622.kindle.images', 'application/x-mobipocket-ebook' );
INSERT INTO files ( gid, file, mime ) VALUES ( '25622', 'http://www.gutenberg.org/ebooks/25622.kindle.noimages', 'application/x-mobipocket-ebook' );
INSERT INTO files ( gid, file, mime ) VALUES ( '25622', 'http://www.gutenberg.org/ebooks/25622.rdf', 'application/rdf+xml' );
INSERT INTO files ( gid, file, mime ) VALUES ( '25622', 'http://www.gutenberg.org/ebooks/25622.txt.utf-8', 'text/plain' );
INSERT INTO files ( gid, file, mime ) VALUES ( '25622', 'http://www.gutenberg.org/files/25622-8.txt', 'text/plain; charset=iso-8859-1' );
INSERT INTO files ( gid, file, mime ) VALUES ( '25622', 'http://www.gutenberg.org/files/25622/25622-8.txt', 'text/plain; charset=iso-8859-1' );
INSERT INTO files ( gid, file, mime ) VALUES ( '25622', 'http://www.gutenberg.org/files/25622/25622-8.zip', 'text/plain; charset=iso-8859-1application/zip' );
INSERT INTO files ( gid, file, mime ) VALUES ( '25622', 'http://www.gutenberg.org/files/25622/25622-h.zip', 'text/html; charset=iso-8859-1application/zip' );
INSERT INTO files ( gid, file, mime ) VALUES ( '25622', 'http://www.gutenberg.org/files/25622/25622-h/25622-h.htm', 'text/html; charset=iso-8859-1' );
INSERT INTO files ( gid, file, mime ) VALUES ( '25622', 'http://www.gutenberg.org/files/25622/25622.txt', 'text/plain; charset=us-ascii' );
INSERT INTO files ( gid, file, mime ) VALUES ( '25622', 'http://www.gutenberg.org/files/25622/25622.zip', 'application/ziptext/plain; charset=us-ascii' );
INSERT INTO titles ( gid, title, author, language, rights ) VALUES ( '25722', 'Leben und Schicksale des Katers Rosaurus oder die kleine Prinzessin und ihre Katze', 'Winter, Amalie', 'de', 'Public domain in the USA.' );
INSERT INTO classifications ( gid, classification ) VALUES ( '25722', 'PZ' );
INSERT INTO subjects ( gid, subject ) VALUES ( '25722', 'Cats -- Juvenile fiction' );
INSERT INTO subjects ( gid, subject ) VALUES ( '25722', 'Princesses -- Juvenile fiction' );
INSERT INTO files ( gid, file, mime ) VALUES ( '25722', 'http://www.gutenberg.org/ebooks/25722.epub.images', 'application/epub+zip' );
INSERT INTO files ( gid, file, mime ) VALUES ( '25722', 'http://www.gutenberg.org/ebooks/25722.epub.noimages', 'application/epub+zip' );
INSERT INTO files ( gid, file, mime ) VALUES ( '25722', 'http://www.gutenberg.org/ebooks/25722.kindle.images', 'application/x-mobipocket-ebook' );
INSERT INTO files ( gid, file, mime ) VALUES ( '25722', 'http://www.gutenberg.org/ebooks/25722.kindle.noimages', 'application/x-mobipocket-ebook' );
INSERT INTO files ( gid, file, mime ) VALUES ( '25722', 'http://www.gutenberg.org/ebooks/25722.rdf', 'application/rdf+xml' );
INSERT INTO files ( gid, file, mime ) VALUES ( '25722', 'http://www.gutenberg.org/files/25722/25722-0.txt', 'text/plain; charset=utf-8' );
INSERT INTO files ( gid, file, mime ) VALUES ( '25722', 'http://www.gutenberg.org/files/25722/25722-0.zip', 'text/plain; charset=utf-8application/zip' );
INSERT INTO files ( gid, file, mime ) VALUES ( '25722', 'http://www.gutenberg.org/files/25722/25722-8.txt', 'text/plain; charset=iso-8859-1' );
INSERT INTO files ( gid, file, mime ) VALUES ( '25722', 'http://www.gutenberg.org/files/25722/25722-8.zip', 'text/plain; charset=iso-8859-1application/zip' );
INSERT INTO files ( gid, file, mime ) VALUES ( '25722', 'http://www.gutenberg.org/files/25722/25722-h.zip', 'text/html; charset=utf-8application/zip' );
INSERT INTO files ( gid, file, mime ) VALUES ( '25722', 'http://www.gutenberg.org/files/25722/25722-h/25722-h.htm', 'text/html; charset=utf-8' );
INSERT INTO titles ( gid, title, author, language, rights ) VALUES ( '25822', 'Illustrated Science for Boys and Girls', 'Anonymous', 'en', 'Public domain in the USA.' );
INSERT INTO classifications ( gid, classification ) VALUES ( '25822', 'T' );
INSERT INTO subjects ( gid, subject ) VALUES ( '25822', 'Technology -- Juvenile literature' );
INSERT INTO subjects ( gid, subject ) VALUES ( '25822', 'Industrial arts' );
INSERT INTO files ( gid, file, mime ) VALUES ( '25822', 'http://www.gutenberg.org/ebooks/25822.epub.images', 'application/epub+zip' );
INSERT INTO files ( gid, file, mime ) VALUES ( '25822', 'http://www.gutenberg.org/ebooks/25822.epub.noimages', 'application/epub+zip' );
INSERT INTO files ( gid, file, mime ) VALUES ( '25822', 'http://www.gutenberg.org/ebooks/25822.kindle.images', 'application/x-mobipocket-ebook' );
INSERT INTO files ( gid, file, mime ) VALUES ( '25822', 'http://www.gutenberg.org/ebooks/25822.kindle.noimages', 'application/x-mobipocket-ebook' );
INSERT INTO files ( gid, file, mime ) VALUES ( '25822', 'http://www.gutenberg.org/ebooks/25822.rdf', 'application/rdf+xml' );
INSERT INTO files ( gid, file, mime ) VALUES ( '25822', 'http://www.gutenberg.org/ebooks/25822.txt.utf-8', 'text/plain' );
INSERT INTO files ( gid, file, mime ) VALUES ( '25822', 'http://www.gutenberg.org/files/25822/25822-8.txt', 'text/plain; charset=iso-8859-1' );
INSERT INTO files ( gid, file, mime ) VALUES ( '25822', 'http://www.gutenberg.org/files/25822/25822-8.zip', 'application/ziptext/plain; charset=iso-8859-1' );
INSERT INTO files ( gid, file, mime ) VALUES ( '25822', 'http://www.gutenberg.org/files/25822/25822-h.zip', 'text/html; charset=iso-8859-1application/zip' );
INSERT INTO files ( gid, file, mime ) VALUES ( '25822', 'http://www.gutenberg.org/files/25822/25822-h/25822-h.htm', 'text/html; charset=iso-8859-1' );
INSERT INTO files ( gid, file, mime ) VALUES ( '25822', 'http://www.gutenberg.org/files/25822/25822.txt', 'text/plain; charset=us-ascii' );
INSERT INTO files ( gid, file, mime ) VALUES ( '25822', 'http://www.gutenberg.org/files/25822/25822.zip', 'application/ziptext/plain; charset=us-ascii' );
INSERT INTO titles ( gid, title, author, language, rights ) VALUES ( '25922', 'Masters of the Wheat-Lands', 'Bindloss, Harold', 'en', 'Public domain in the USA.' );
INSERT INTO classifications ( gid, classification ) VALUES ( '25922', 'PR' );
INSERT INTO subjects ( gid, subject ) VALUES ( '25922', 'Canada -- Fiction' );
INSERT INTO subjects ( gid, subject ) VALUES ( '25922', 'Man-woman relationships -- Fiction' );
INSERT INTO subjects ( gid, subject ) VALUES ( '25922', 'Triangles (Interpersonal relations) -- Fiction' );
INSERT INTO files ( gid, file, mime ) VALUES ( '25922', 'http://www.gutenberg.org/ebooks/25922.epub.images', 'application/epub+zip' );
INSERT INTO files ( gid, file, mime ) VALUES ( '25922', 'http://www.gutenberg.org/ebooks/25922.epub.noimages', 'application/epub+zip' );
INSERT INTO files ( gid, file, mime ) VALUES ( '25922', 'http://www.gutenberg.org/ebooks/25922.kindle.images', 'application/x-mobipocket-ebook' );
INSERT INTO files ( gid, file, mime ) VALUES ( '25922', 'http://www.gutenberg.org/ebooks/25922.kindle.noimages', 'application/x-mobipocket-ebook' );
INSERT INTO files ( gid, file, mime ) VALUES ( '25922', 'http://www.gutenberg.org/ebooks/25922.rdf', 'application/rdf+xml' );
INSERT INTO files ( gid, file, mime ) VALUES ( '25922', 'http://www.gutenberg.org/ebooks/25922.txt.utf-8', 'text/plain' );
INSERT INTO files ( gid, file, mime ) VALUES ( '25922', 'http://www.gutenberg.org/files/25922/25922-8.txt', 'text/plain; charset=iso-8859-1' );
INSERT INTO files ( gid, file, mime ) VALUES ( '25922', 'http://www.gutenberg.org/files/25922/25922-8.zip', 'text/plain; charset=iso-8859-1application/zip' );
INSERT INTO files ( gid, file, mime ) VALUES ( '25922', 'http://www.gutenberg.org/files/25922/25922-h.zip', 'application/ziptext/html; charset=iso-8859-1' );
INSERT INTO files ( gid, file, mime ) VALUES ( '25922', 'http://www.gutenberg.org/files/25922/25922-h/25922-h.htm', 'text/html; charset=iso-8859-1' );
INSERT INTO files ( gid, file, mime ) VALUES ( '25922', 'http://www.gutenberg.org/files/25922/25922.txt', 'text/plain; charset=us-ascii' );
INSERT INTO files ( gid, file, mime ) VALUES ( '25922', 'http://www.gutenberg.org/files/25922/25922.zip', 'text/plain; charset=us-asciiapplication/zip' );
INSERT INTO titles ( gid, title, author, language, rights ) VALUES ( '26022', 'The American Missionary — Volume 50, No. 01, January, 1896', 'Various', 'en', 'Public domain in the USA.' );
INSERT INTO classifications ( gid, classification ) VALUES ( '26022', 'BV' );
INSERT INTO subjects ( gid, subject ) VALUES ( '26022', 'Congregational churches -- Missions -- Periodicals' );
INSERT INTO subjects ( gid, subject ) VALUES ( '26022', 'Home missions -- Periodicals' );
INSERT INTO files ( gid, file, mime ) VALUES ( '26022', 'http://www.gutenberg.org/cache/epub/26022/pg26022.cover.medium.jpg', 'image/jpeg' );
INSERT INTO files ( gid, file, mime ) VALUES ( '26022', 'http://www.gutenberg.org/cache/epub/26022/pg26022.cover.small.jpg', 'image/jpeg' );
INSERT INTO files ( gid, file, mime ) VALUES ( '26022', 'http://www.gutenberg.org/ebooks/26022.epub.images', 'application/epub+zip' );
INSERT INTO files ( gid, file, mime ) VALUES ( '26022', 'http://www.gutenberg.org/ebooks/26022.epub.noimages', 'application/epub+zip' );
INSERT INTO files ( gid, file, mime ) VALUES ( '26022', 'http://www.gutenberg.org/ebooks/26022.kindle.images', 'application/x-mobipocket-ebook' );
INSERT INTO files ( gid, file, mime ) VALUES ( '26022', 'http://www.gutenberg.org/ebooks/26022.kindle.noimages', 'application/x-mobipocket-ebook' );
INSERT INTO files ( gid, file, mime ) VALUES ( '26022', 'http://www.gutenberg.org/ebooks/26022.rdf', 'application/rdf+xml' );
INSERT INTO files ( gid, file, mime ) VALUES ( '26022', 'http://www.gutenberg.org/ebooks/26022.txt.utf-8', 'text/plain' );
INSERT INTO files ( gid, file, mime ) VALUES ( '26022', 'http://www.gutenberg.org/files/26022/26022-8.txt', 'text/plain; charset=iso-8859-1' );
INSERT INTO files ( gid, file, mime ) VALUES ( '26022', 'http://www.gutenberg.org/files/26022/26022-8.zip', 'text/plain; charset=iso-8859-1application/zip' );
INSERT INTO files ( gid, file, mime ) VALUES ( '26022', 'http://www.gutenberg.org/files/26022/26022-h.zip', 'application/ziptext/html; charset=iso-8859-1' );
INSERT INTO files ( gid, file, mime ) VALUES ( '26022', 'http://www.gutenberg.org/files/26022/26022-h/26022-h.htm', 'text/html; charset=iso-8859-1' );
INSERT INTO files ( gid, file, mime ) VALUES ( '26022', 'http://www.gutenberg.org/files/26022/26022.txt', 'text/plain; charset=us-ascii' );
INSERT INTO files ( gid, file, mime ) VALUES ( '26022', 'http://www.gutenberg.org/files/26022/26022.zip', 'application/ziptext/plain; charset=us-ascii' );
INSERT INTO titles ( gid, title, author, language, rights ) VALUES ( '26122', 'Five Little Peppers at School', 'Sidney, Margaret', 'en', 'Public domain in the USA.' );
INSERT INTO classifications ( gid, classification ) VALUES ( '26122', 'PZ' );
INSERT INTO subjects ( gid, subject ) VALUES ( '26122', 'Schools -- Juvenile fiction' );
INSERT INTO subjects ( gid, subject ) VALUES ( '26122', 'Five Little Peppers (Fictitious characters) -- Juvenile fiction' );
INSERT INTO files ( gid, file, mime ) VALUES ( '26122', 'http://www.gutenberg.org/cache/epub/26122/pg26122.cover.medium.jpg', 'image/jpeg' );
INSERT INTO files ( gid, file, mime ) VALUES ( '26122', 'http://www.gutenberg.org/cache/epub/26122/pg26122.cover.small.jpg', 'image/jpeg' );
INSERT INTO files ( gid, file, mime ) VALUES ( '26122', 'http://www.gutenberg.org/ebooks/26122.epub.images', 'application/epub+zip' );
INSERT INTO files ( gid, file, mime ) VALUES ( '26122', 'http://www.gutenberg.org/ebooks/26122.epub.noimages', 'application/epub+zip' );
INSERT INTO files ( gid, file, mime ) VALUES ( '26122', 'http://www.gutenberg.org/ebooks/26122.kindle.images', 'application/x-mobipocket-ebook' );
INSERT INTO files ( gid, file, mime ) VALUES ( '26122', 'http://www.gutenberg.org/ebooks/26122.kindle.noimages', 'application/x-mobipocket-ebook' );
INSERT INTO files ( gid, file, mime ) VALUES ( '26122', 'http://www.gutenberg.org/ebooks/26122.rdf', 'application/rdf+xml' );
INSERT INTO files ( gid, file, mime ) VALUES ( '26122', 'http://www.gutenberg.org/ebooks/26122.txt.utf-8', 'text/plain' );
INSERT INTO files ( gid, file, mime ) VALUES ( '26122', 'http://www.gutenberg.org/files/26122/26122-8.txt', 'text/plain; charset=iso-8859-1' );
INSERT INTO files ( gid, file, mime ) VALUES ( '26122', 'http://www.gutenberg.org/files/26122/26122-8.zip', 'application/ziptext/plain; charset=iso-8859-1' );
INSERT INTO files ( gid, file, mime ) VALUES ( '26122', 'http://www.gutenberg.org/files/26122/26122-h.zip', 'application/ziptext/html; charset=iso-8859-1' );
INSERT INTO files ( gid, file, mime ) VALUES ( '26122', 'http://www.gutenberg.org/files/26122/26122-h/26122-h.htm', 'text/html; charset=iso-8859-1' );
INSERT INTO files ( gid, file, mime ) VALUES ( '26122', 'http://www.gutenberg.org/files/26122/26122.txt', 'text/plain; charset=us-ascii' );
INSERT INTO files ( gid, file, mime ) VALUES ( '26122', 'http://www.gutenberg.org/files/26122/26122.zip', 'application/ziptext/plain; charset=us-ascii' );
INSERT INTO titles ( gid, title, author, language, rights ) VALUES ( '2622', 'The Home Book of Verse — Volume 4', 'Stevenson, Burton Egbert', 'en', 'Public domain in the USA.' );
INSERT INTO classifications ( gid, classification ) VALUES ( '2622', 'PR' );
INSERT INTO subjects ( gid, subject ) VALUES ( '2622', 'Children''s poetry' );
INSERT INTO subjects ( gid, subject ) VALUES ( '2622', 'English poetry' );
INSERT INTO subjects ( gid, subject ) VALUES ( '2622', 'American poetry' );
INSERT INTO files ( gid, file, mime ) VALUES ( '2622', 'http://www.gutenberg.org/ebooks/2622.epub.images', 'application/epub+zip' );
INSERT INTO files ( gid, file, mime ) VALUES ( '2622', 'http://www.gutenberg.org/ebooks/2622.epub.noimages', 'application/epub+zip' );
INSERT INTO files ( gid, file, mime ) VALUES ( '2622', 'http://www.gutenberg.org/ebooks/2622.kindle.images', 'application/x-mobipocket-ebook' );
INSERT INTO files ( gid, file, mime ) VALUES ( '2622', 'http://www.gutenberg.org/ebooks/2622.kindle.noimages', 'application/x-mobipocket-ebook' );
INSERT INTO files ( gid, file, mime ) VALUES ( '2622', 'http://www.gutenberg.org/ebooks/2622.rdf', 'application/rdf+xml' );
INSERT INTO files ( gid, file, mime ) VALUES ( '2622', 'http://www.gutenberg.org/ebooks/2622.txt.utf-8', 'text/plain' );
INSERT INTO files ( gid, file, mime ) VALUES ( '2622', 'http://www.gutenberg.org/files/2622/2622-h.zip', 'application/ziptext/html; charset=us-ascii' );
INSERT INTO files ( gid, file, mime ) VALUES ( '2622', 'http://www.gutenberg.org/files/2622/2622-h/2622-h.htm', 'text/html; charset=us-ascii' );
INSERT INTO files ( gid, file, mime ) VALUES ( '2622', 'http://www.gutenberg.org/files/2622/2622.txt', 'text/plain; charset=us-ascii' );
INSERT INTO files ( gid, file, mime ) VALUES ( '2622', 'http://www.gutenberg.org/files/2622/2622.zip', 'application/ziptext/plain; charset=us-ascii' );
INSERT INTO titles ( gid, title, author, language, rights ) VALUES ( '26222', 'The Imitation of Christ', 'Thomas, à Kempis', 'en', 'Public domain in the USA.' );
INSERT INTO classifications ( gid, classification ) VALUES ( '26222', 'BV' );
INSERT INTO subjects ( gid, subject ) VALUES ( '26222', 'Meditations' );
INSERT INTO files ( gid, file, mime ) VALUES ( '26222', 'http://www.gutenberg.org/ebooks/26222.rdf', 'application/rdf+xml' );
INSERT INTO files ( gid, file, mime ) VALUES ( '26222', 'http://www.gutenberg.org/files/26222/26222-index.html', 'text/html' );
INSERT INTO files ( gid, file, mime ) VALUES ( '26222', 'http://www.gutenberg.org/files/26222/26222-readme.txt', 'text/plain' );
INSERT INTO files ( gid, file, mime ) VALUES ( '26222', 'http://www.gutenberg.org/files/26222/m4b/26222-01.m4b', 'audio/mp4' );
INSERT INTO files ( gid, file, mime ) VALUES ( '26222', 'http://www.gutenberg.org/files/26222/m4b/26222-02.m4b', 'audio/mp4' );
INSERT INTO files ( gid, file, mime ) VALUES ( '26222', 'http://www.gutenberg.org/files/26222/m4b/26222-03.m4b', 'audio/mp4' );
INSERT INTO files ( gid, file, mime ) VALUES ( '26222', 'http://www.gutenberg.org/files/26222/m4b/26222-04.m4b', 'audio/mp4' );
INSERT INTO files ( gid, file, mime ) VALUES ( '26222', 'http://www.gutenberg.org/files/26222/m4b/26222-05.m4b', 'audio/mp4' );
INSERT INTO files ( gid, file, mime ) VALUES ( '26222', 'http://www.gutenberg.org/files/26222/m4b/26222-06.m4b', 'audio/mp4' );
INSERT INTO files ( gid, file, mime ) VALUES ( '26222', 'http://www.gutenberg.org/files/26222/m4b/26222-07.m4b', 'audio/mp4' );
INSERT INTO files ( gid, file, mime ) VALUES ( '26222', 'http://www.gutenberg.org/files/26222/m4b/26222-08.m4b', 'audio/mp4' );
INSERT INTO files ( gid, file, mime ) VALUES ( '26222', 'http://www.gutenberg.org/files/26222/m4b/26222-09.m4b', 'audio/mp4' );
INSERT INTO files ( gid, file, mime ) VALUES ( '26222', 'http://www.gutenberg.org/files/26222/m4b/26222-10.m4b', 'audio/mp4' );
INSERT INTO files ( gid, file, mime ) VALUES ( '26222', 'http://www.gutenberg.org/files/26222/m4b/26222-11.m4b', 'audio/mp4' );
INSERT INTO files ( gid, file, mime ) VALUES ( '26222', 'http://www.gutenberg.org/files/26222/m4b/26222-12.m4b', 'audio/mp4' );
INSERT INTO files ( gid, file, mime ) VALUES ( '26222', 'http://www.gutenberg.org/files/26222/m4b/26222-13.m4b', 'audio/mp4' );
INSERT INTO files ( gid, file, mime ) VALUES ( '26222', 'http://www.gutenberg.org/files/26222/mp3/26222-01.mp3', 'audio/mpeg' );
INSERT INTO files ( gid, file, mime ) VALUES ( '26222', 'http://www.gutenberg.org/files/26222/mp3/26222-02.mp3', 'audio/mpeg' );
INSERT INTO files ( gid, file, mime ) VALUES ( '26222', 'http://www.gutenberg.org/files/26222/mp3/26222-03.mp3', 'audio/mpeg' );
INSERT INTO files ( gid, file, mime ) VALUES ( '26222', 'http://www.gutenberg.org/files/26222/mp3/26222-04.mp3', 'audio/mpeg' );
INSERT INTO files ( gid, file, mime ) VALUES ( '26222', 'http://www.gutenberg.org/files/26222/mp3/26222-05.mp3', 'audio/mpeg' );
INSERT INTO files ( gid, file, mime ) VALUES ( '26222', 'http://www.gutenberg.org/files/26222/mp3/26222-06.mp3', 'audio/mpeg' );
INSERT INTO files ( gid, file, mime ) VALUES ( '26222', 'http://www.gutenberg.org/files/26222/mp3/26222-07.mp3', 'audio/mpeg' );
INSERT INTO files ( gid, file, mime ) VALUES ( '26222', 'http://www.gutenberg.org/files/26222/mp3/26222-08.mp3', 'audio/mpeg' );
INSERT INTO files ( gid, file, mime ) VALUES ( '26222', 'http://www.gutenberg.org/files/26222/mp3/26222-09.mp3', 'audio/mpeg' );
INSERT INTO files ( gid, file, mime ) VALUES ( '26222', 'http://www.gutenberg.org/files/26222/mp3/26222-10.mp3', 'audio/mpeg' );
INSERT INTO files ( gid, file, mime ) VALUES ( '26222', 'http://www.gutenberg.org/files/26222/mp3/26222-11.mp3', 'audio/mpeg' );
INSERT INTO files ( gid, file, mime ) VALUES ( '26222', 'http://www.gutenberg.org/files/26222/mp3/26222-12.mp3', 'audio/mpeg' );
INSERT INTO files ( gid, file, mime ) VALUES ( '26222', 'http://www.gutenberg.org/files/26222/mp3/26222-13.mp3', 'audio/mpeg' );
INSERT INTO files ( gid, file, mime ) VALUES ( '26222', 'http://www.gutenberg.org/files/26222/ogg/26222-01.ogg', 'audio/ogg' );
INSERT INTO files ( gid, file, mime ) VALUES ( '26222', 'http://www.gutenberg.org/files/26222/ogg/26222-02.ogg', 'audio/ogg' );
INSERT INTO files ( gid, file, mime ) VALUES ( '26222', 'http://www.gutenberg.org/files/26222/ogg/26222-03.ogg', 'audio/ogg' );
INSERT INTO files ( gid, file, mime ) VALUES ( '26222', 'http://www.gutenberg.org/files/26222/ogg/26222-04.ogg', 'audio/ogg' );
INSERT INTO files ( gid, file, mime ) VALUES ( '26222', 'http://www.gutenberg.org/files/26222/ogg/26222-05.ogg', 'audio/ogg' );
INSERT INTO files ( gid, file, mime ) VALUES ( '26222', 'http://www.gutenberg.org/files/26222/ogg/26222-06.ogg', 'audio/ogg' );
INSERT INTO files ( gid, file, mime ) VALUES ( '26222', 'http://www.gutenberg.org/files/26222/ogg/26222-07.ogg', 'audio/ogg' );
INSERT INTO files ( gid, file, mime ) VALUES ( '26222', 'http://www.gutenberg.org/files/26222/ogg/26222-08.ogg', 'audio/ogg' );
INSERT INTO files ( gid, file, mime ) VALUES ( '26222', 'http://www.gutenberg.org/files/26222/ogg/26222-09.ogg', 'audio/ogg' );
INSERT INTO files ( gid, file, mime ) VALUES ( '26222', 'http://www.gutenberg.org/files/26222/ogg/26222-10.ogg', 'audio/ogg' );
INSERT INTO files ( gid, file, mime ) VALUES ( '26222', 'http://www.gutenberg.org/files/26222/ogg/26222-11.ogg', 'audio/ogg' );
INSERT INTO files ( gid, file, mime ) VALUES ( '26222', 'http://www.gutenberg.org/files/26222/ogg/26222-12.ogg', 'audio/ogg' );
INSERT INTO files ( gid, file, mime ) VALUES ( '26222', 'http://www.gutenberg.org/files/26222/ogg/26222-13.ogg', 'audio/ogg' );
INSERT INTO files ( gid, file, mime ) VALUES ( '26222', 'http://www.gutenberg.org/files/26222/spx/26222-01.spx', 'audio/ogg' );
INSERT INTO files ( gid, file, mime ) VALUES ( '26222', 'http://www.gutenberg.org/files/26222/spx/26222-02.spx', 'audio/ogg' );
INSERT INTO files ( gid, file, mime ) VALUES ( '26222', 'http://www.gutenberg.org/files/26222/spx/26222-03.spx', 'audio/ogg' );
INSERT INTO files ( gid, file, mime ) VALUES ( '26222', 'http://www.gutenberg.org/files/26222/spx/26222-04.spx', 'audio/ogg' );
INSERT INTO files ( gid, file, mime ) VALUES ( '26222', 'http://www.gutenberg.org/files/26222/spx/26222-05.spx', 'audio/ogg' );
INSERT INTO files ( gid, file, mime ) VALUES ( '26222', 'http://www.gutenberg.org/files/26222/spx/26222-06.spx', 'audio/ogg' );
INSERT INTO files ( gid, file, mime ) VALUES ( '26222', 'http://www.gutenberg.org/files/26222/spx/26222-07.spx', 'audio/ogg' );
INSERT INTO files ( gid, file, mime ) VALUES ( '26222', 'http://www.gutenberg.org/files/26222/spx/26222-08.spx', 'audio/ogg' );
INSERT INTO files ( gid, file, mime ) VALUES ( '26222', 'http://www.gutenberg.org/files/26222/spx/26222-09.spx', 'audio/ogg' );
INSERT INTO files ( gid, file, mime ) VALUES ( '26222', 'http://www.gutenberg.org/files/26222/spx/26222-10.spx', 'audio/ogg' );
INSERT INTO files ( gid, file, mime ) VALUES ( '26222', 'http://www.gutenberg.org/files/26222/spx/26222-11.spx', 'audio/ogg' );
INSERT INTO files ( gid, file, mime ) VALUES ( '26222', 'http://www.gutenberg.org/files/26222/spx/26222-12.spx', 'audio/ogg' );
INSERT INTO files ( gid, file, mime ) VALUES ( '26222', 'http://www.gutenberg.org/files/26222/spx/26222-13.spx', 'audio/ogg' );
INSERT INTO titles ( gid, title, author, language, rights ) VALUES ( '26322', 'Peterkin', 'Molesworth, Mrs.', 'en', 'Public domain in the USA.' );
INSERT INTO classifications ( gid, classification ) VALUES ( '26322', 'PZ' );
INSERT INTO subjects ( gid, subject ) VALUES ( '26322', 'Girls -- England -- Juvenile fiction' );
INSERT INTO subjects ( gid, subject ) VALUES ( '26322', 'Brothers -- Juvenile fiction' );
INSERT INTO subjects ( gid, subject ) VALUES ( '26322', 'Parrots -- Juvenile fiction' );
INSERT INTO subjects ( gid, subject ) VALUES ( '26322', 'Family -- England -- Juvenile fiction' );
INSERT INTO subjects ( gid, subject ) VALUES ( '26322', 'Imagination -- Juvenile fiction' );
INSERT INTO subjects ( gid, subject ) VALUES ( '26322', 'Children -- England -- Social life and customs -- Juvenile fiction' );
INSERT INTO files ( gid, file, mime ) VALUES ( '26322', 'http://www.gutenberg.org/cache/epub/26322/pg26322.cover.medium.jpg', 'image/jpeg' );
INSERT INTO files ( gid, file, mime ) VALUES ( '26322', 'http://www.gutenberg.org/cache/epub/26322/pg26322.cover.small.jpg', 'image/jpeg' );
INSERT INTO files ( gid, file, mime ) VALUES ( '26322', 'http://www.gutenberg.org/ebooks/26322.epub.images', 'application/epub+zip' );
INSERT INTO files ( gid, file, mime ) VALUES ( '26322', 'http://www.gutenberg.org/ebooks/26322.epub.noimages', 'application/epub+zip' );
INSERT INTO files ( gid, file, mime ) VALUES ( '26322', 'http://www.gutenberg.org/ebooks/26322.kindle.images', 'application/x-mobipocket-ebook' );
INSERT INTO files ( gid, file, mime ) VALUES ( '26322', 'http://www.gutenberg.org/ebooks/26322.kindle.noimages', 'application/x-mobipocket-ebook' );
INSERT INTO files ( gid, file, mime ) VALUES ( '26322', 'http://www.gutenberg.org/ebooks/26322.rdf', 'application/rdf+xml' );
INSERT INTO files ( gid, file, mime ) VALUES ( '26322', 'http://www.gutenberg.org/ebooks/26322.txt.utf-8', 'text/plain' );
INSERT INTO files ( gid, file, mime ) VALUES ( '26322', 'http://www.gutenberg.org/files/26322/26322-8.txt', 'text/plain; charset=iso-8859-1' );
INSERT INTO files ( gid, file, mime ) VALUES ( '26322', 'http://www.gutenberg.org/files/26322/26322-8.zip', 'text/plain; charset=iso-8859-1application/zip' );
INSERT INTO files ( gid, file, mime ) VALUES ( '26322', 'http://www.gutenberg.org/files/26322/26322-h.zip', 'application/ziptext/html; charset=iso-8859-1' );
INSERT INTO files ( gid, file, mime ) VALUES ( '26322', 'http://www.gutenberg.org/files/26322/26322-h/26322-h.htm', 'text/html; charset=iso-8859-1' );
INSERT INTO files ( gid, file, mime ) VALUES ( '26322', 'http://www.gutenberg.org/files/26322/26322.txt', 'text/plain; charset=us-ascii' );
INSERT INTO files ( gid, file, mime ) VALUES ( '26322', 'http://www.gutenberg.org/files/26322/26322.zip', 'text/plain; charset=us-asciiapplication/zip' );
INSERT INTO titles ( gid, title, author, language, rights ) VALUES ( '26422', 'Great Men and Famous Women. Vol. 2 A series of pen and pencil sketches of the lives of more than 200 of the most prominent personages in History', '', 'en', 'Public domain in the USA.' );
INSERT INTO classifications ( gid, classification ) VALUES ( '26422', 'CT' );
INSERT INTO subjects ( gid, subject ) VALUES ( '26422', 'Biography' );
INSERT INTO files ( gid, file, mime ) VALUES ( '26422', 'http://www.gutenberg.org/ebooks/26422.epub.images', 'application/epub+zip' );
INSERT INTO files ( gid, file, mime ) VALUES ( '26422', 'http://www.gutenberg.org/ebooks/26422.epub.noimages', 'application/epub+zip' );
INSERT INTO files ( gid, file, mime ) VALUES ( '26422', 'http://www.gutenberg.org/ebooks/26422.kindle.images', 'application/x-mobipocket-ebook' );
INSERT INTO files ( gid, file, mime ) VALUES ( '26422', 'http://www.gutenberg.org/ebooks/26422.kindle.noimages', 'application/x-mobipocket-ebook' );
INSERT INTO files ( gid, file, mime ) VALUES ( '26422', 'http://www.gutenberg.org/ebooks/26422.rdf', 'application/rdf+xml' );
INSERT INTO files ( gid, file, mime ) VALUES ( '26422', 'http://www.gutenberg.org/ebooks/26422.txt.utf-8', 'text/plain' );
INSERT INTO files ( gid, file, mime ) VALUES ( '26422', 'http://www.gutenberg.org/files/26422/26422-8.txt', 'text/plain; charset=iso-8859-1' );
INSERT INTO files ( gid, file, mime ) VALUES ( '26422', 'http://www.gutenberg.org/files/26422/26422-8.zip', 'application/ziptext/plain; charset=iso-8859-1' );
INSERT INTO files ( gid, file, mime ) VALUES ( '26422', 'http://www.gutenberg.org/files/26422/26422-h.zip', 'application/ziptext/html; charset=iso-8859-1' );
INSERT INTO files ( gid, file, mime ) VALUES ( '26422', 'http://www.gutenberg.org/files/26422/26422-h/26422-h.htm', 'text/html; charset=iso-8859-1' );
INSERT INTO files ( gid, file, mime ) VALUES ( '26422', 'http://www.gutenberg.org/files/26422/26422.txt', 'text/plain; charset=us-ascii' );
INSERT INTO files ( gid, file, mime ) VALUES ( '26422', 'http://www.gutenberg.org/files/26422/26422.zip', 'application/ziptext/plain; charset=us-ascii' );
INSERT INTO titles ( gid, title, author, language, rights ) VALUES ( '26522', 'George Müller of Bristol, and His Witness to a Prayer-Hearing God', 'Pierson, Arthur T. (Arthur Tappan)', 'en', 'Public domain in the USA.' );
INSERT INTO classifications ( gid, classification ) VALUES ( '26522', 'HV' );
INSERT INTO subjects ( gid, subject ) VALUES ( '26522', 'Orphanages -- Great Britain' );
INSERT INTO subjects ( gid, subject ) VALUES ( '26522', 'Prayer' );
INSERT INTO subjects ( gid, subject ) VALUES ( '26522', 'Müller, George, 1805-1898' );
INSERT INTO files ( gid, file, mime ) VALUES ( '26522', 'http://www.gutenberg.org/ebooks/26522.epub.images', 'application/epub+zip' );
INSERT INTO files ( gid, file, mime ) VALUES ( '26522', 'http://www.gutenberg.org/ebooks/26522.epub.noimages', 'application/epub+zip' );
INSERT INTO files ( gid, file, mime ) VALUES ( '26522', 'http://www.gutenberg.org/ebooks/26522.kindle.images', 'application/x-mobipocket-ebook' );
INSERT INTO files ( gid, file, mime ) VALUES ( '26522', 'http://www.gutenberg.org/ebooks/26522.kindle.noimages', 'application/x-mobipocket-ebook' );
INSERT INTO files ( gid, file, mime ) VALUES ( '26522', 'http://www.gutenberg.org/ebooks/26522.rdf', 'application/rdf+xml' );
INSERT INTO files ( gid, file, mime ) VALUES ( '26522', 'http://www.gutenberg.org/ebooks/26522.txt.utf-8', 'text/plain' );
INSERT INTO files ( gid, file, mime ) VALUES ( '26522', 'http://www.gutenberg.org/files/26522/26522-h.zip', 'text/html; charset=iso-8859-1application/zip' );
INSERT INTO files ( gid, file, mime ) VALUES ( '26522', 'http://www.gutenberg.org/files/26522/26522-h/26522-h.htm', 'text/html; charset=iso-8859-1' );
INSERT INTO files ( gid, file, mime ) VALUES ( '26522', 'http://www.gutenberg.org/files/26522/26522.txt', 'text/plain; charset=us-ascii' );
INSERT INTO files ( gid, file, mime ) VALUES ( '26522', 'http://www.gutenberg.org/files/26522/26522.zip', 'application/ziptext/plain; charset=us-ascii' );
INSERT INTO titles ( gid, title, author, language, rights ) VALUES ( '26722', 'DIR: Gedichte', 'Vogeler, Heinrich', 'de', 'Public domain in the USA.' );
INSERT INTO classifications ( gid, classification ) VALUES ( '26722', 'PT' );
INSERT INTO subjects ( gid, subject ) VALUES ( '26722', 'Poetry' );
INSERT INTO files ( gid, file, mime ) VALUES ( '26722', 'http://www.gutenberg.org/ebooks/26722.epub.images', 'application/epub+zip' );
INSERT INTO files ( gid, file, mime ) VALUES ( '26722', 'http://www.gutenberg.org/ebooks/26722.epub.noimages', 'application/epub+zip' );
INSERT INTO files ( gid, file, mime ) VALUES ( '26722', 'http://www.gutenberg.org/ebooks/26722.kindle.images', 'application/x-mobipocket-ebook' );
INSERT INTO files ( gid, file, mime ) VALUES ( '26722', 'http://www.gutenberg.org/ebooks/26722.kindle.noimages', 'application/x-mobipocket-ebook' );
INSERT INTO files ( gid, file, mime ) VALUES ( '26722', 'http://www.gutenberg.org/ebooks/26722.rdf', 'application/rdf+xml' );
INSERT INTO files ( gid, file, mime ) VALUES ( '26722', 'http://www.gutenberg.org/ebooks/26722.txt.utf-8', 'text/plain' );
INSERT INTO files ( gid, file, mime ) VALUES ( '26722', 'http://www.gutenberg.org/files/26722/26722-8.txt', 'text/plain; charset=iso-8859-1' );
INSERT INTO files ( gid, file, mime ) VALUES ( '26722', 'http://www.gutenberg.org/files/26722/26722-8.zip', 'text/plain; charset=iso-8859-1application/zip' );
INSERT INTO files ( gid, file, mime ) VALUES ( '26722', 'http://www.gutenberg.org/files/26722/26722-h.zip', 'text/html; charset=iso-8859-1application/zip' );
INSERT INTO files ( gid, file, mime ) VALUES ( '26722', 'http://www.gutenberg.org/files/26722/26722-h/26722-h.htm', 'text/html; charset=iso-8859-1' );
INSERT INTO titles ( gid, title, author, language, rights ) VALUES ( '26622', 'How to Read the Crystal; or, Crystal and Seer', 'Sepharial', 'en', 'Public domain in the USA.' );
INSERT INTO classifications ( gid, classification ) VALUES ( '26622', 'BF' );
INSERT INTO subjects ( gid, subject ) VALUES ( '26622', 'Crystal gazing' );
INSERT INTO files ( gid, file, mime ) VALUES ( '26622', 'http://www.gutenberg.org/ebooks/26622.epub.images', 'application/epub+zip' );
INSERT INTO files ( gid, file, mime ) VALUES ( '26622', 'http://www.gutenberg.org/ebooks/26622.epub.noimages', 'application/epub+zip' );
INSERT INTO files ( gid, file, mime ) VALUES ( '26622', 'http://www.gutenberg.org/ebooks/26622.kindle.images', 'application/x-mobipocket-ebook' );
INSERT INTO files ( gid, file, mime ) VALUES ( '26622', 'http://www.gutenberg.org/ebooks/26622.kindle.noimages', 'application/x-mobipocket-ebook' );
INSERT INTO files ( gid, file, mime ) VALUES ( '26622', 'http://www.gutenberg.org/ebooks/26622.rdf', 'application/rdf+xml' );
INSERT INTO files ( gid, file, mime ) VALUES ( '26622', 'http://www.gutenberg.org/ebooks/26622.txt.utf-8', 'text/plain' );
INSERT INTO files ( gid, file, mime ) VALUES ( '26622', 'http://www.gutenberg.org/files/26622/26622-8.txt', 'text/plain; charset=iso-8859-1' );
INSERT INTO files ( gid, file, mime ) VALUES ( '26622', 'http://www.gutenberg.org/files/26622/26622-8.zip', 'text/plain; charset=iso-8859-1application/zip' );
INSERT INTO files ( gid, file, mime ) VALUES ( '26622', 'http://www.gutenberg.org/files/26622/26622-h.zip', 'text/html; charset=iso-8859-1application/zip' );
INSERT INTO files ( gid, file, mime ) VALUES ( '26622', 'http://www.gutenberg.org/files/26622/26622-h/26622-h.htm', 'text/html; charset=iso-8859-1' );
INSERT INTO files ( gid, file, mime ) VALUES ( '26622', 'http://www.gutenberg.org/files/26622/26622.txt', 'text/plain; charset=us-ascii' );
INSERT INTO files ( gid, file, mime ) VALUES ( '26622', 'http://www.gutenberg.org/files/26622/26622.zip', 'text/plain; charset=us-asciiapplication/zip' );
INSERT INTO titles ( gid, title, author, language, rights ) VALUES ( '26922', '春柳鶯', 'Nanbeiheguanshizhe', 'zh', 'Public domain in the USA.' );
INSERT INTO classifications ( gid, classification ) VALUES ( '26922', 'PL' );
INSERT INTO subjects ( gid, subject ) VALUES ( '26922', 'Chinese fiction -- Qing dynasty, 1644-1912' );
INSERT INTO files ( gid, file, mime ) VALUES ( '26922', 'http://www.gutenberg.org/ebooks/26922.epub.images', 'application/epub+zip' );
INSERT INTO files ( gid, file, mime ) VALUES ( '26922', 'http://www.gutenberg.org/ebooks/26922.epub.noimages', 'application/epub+zip' );
INSERT INTO files ( gid, file, mime ) VALUES ( '26922', 'http://www.gutenberg.org/ebooks/26922.html.images', 'text/html' );
INSERT INTO files ( gid, file, mime ) VALUES ( '26922', 'http://www.gutenberg.org/ebooks/26922.html.noimages', 'text/html' );
INSERT INTO files ( gid, file, mime ) VALUES ( '26922', 'http://www.gutenberg.org/ebooks/26922.kindle.images', 'application/x-mobipocket-ebook' );
INSERT INTO files ( gid, file, mime ) VALUES ( '26922', 'http://www.gutenberg.org/ebooks/26922.kindle.noimages', 'application/x-mobipocket-ebook' );
INSERT INTO files ( gid, file, mime ) VALUES ( '26922', 'http://www.gutenberg.org/ebooks/26922.rdf', 'application/rdf+xml' );
INSERT INTO files ( gid, file, mime ) VALUES ( '26922', 'http://www.gutenberg.org/files/26922/26922-0.txt', 'text/plain; charset=utf-8' );
INSERT INTO files ( gid, file, mime ) VALUES ( '26922', 'http://www.gutenberg.org/files/26922/26922-0.zip', 'text/plain; charset=utf-8application/zip' );
INSERT INTO titles ( gid, title, author, language, rights ) VALUES ( '26822', 'La Pupille', 'Fagan', 'fr', 'Public domain in the USA.' );
INSERT INTO classifications ( gid, classification ) VALUES ( '26822', 'PQ' );
INSERT INTO subjects ( gid, subject ) VALUES ( '26822', 'Comedies' );
INSERT INTO subjects ( gid, subject ) VALUES ( '26822', 'French drama -- 18th century' );
INSERT INTO files ( gid, file, mime ) VALUES ( '26822', 'http://www.gutenberg.org/ebooks/26822.epub.images', 'application/epub+zip' );
INSERT INTO files ( gid, file, mime ) VALUES ( '26822', 'http://www.gutenberg.org/ebooks/26822.epub.noimages', 'application/epub+zip' );
INSERT INTO files ( gid, file, mime ) VALUES ( '26822', 'http://www.gutenberg.org/ebooks/26822.html.images', 'text/html' );
INSERT INTO files ( gid, file, mime ) VALUES ( '26822', 'http://www.gutenberg.org/ebooks/26822.html.noimages', 'text/html' );
INSERT INTO files ( gid, file, mime ) VALUES ( '26822', 'http://www.gutenberg.org/ebooks/26822.kindle.images', 'application/x-mobipocket-ebook' );
INSERT INTO files ( gid, file, mime ) VALUES ( '26822', 'http://www.gutenberg.org/ebooks/26822.kindle.noimages', 'application/x-mobipocket-ebook' );
INSERT INTO files ( gid, file, mime ) VALUES ( '26822', 'http://www.gutenberg.org/ebooks/26822.rdf', 'application/rdf+xml' );
INSERT INTO files ( gid, file, mime ) VALUES ( '26822', 'http://www.gutenberg.org/ebooks/26822.txt.utf-8', 'text/plain' );
INSERT INTO files ( gid, file, mime ) VALUES ( '26822', 'http://www.gutenberg.org/files/26822/26822-8.txt', 'text/plain; charset=iso-8859-1' );
INSERT INTO files ( gid, file, mime ) VALUES ( '26822', 'http://www.gutenberg.org/files/26822/26822-8.zip', 'application/ziptext/plain; charset=iso-8859-1' );
INSERT INTO titles ( gid, title, author, language, rights ) VALUES ( '27122', '老學庵筆記', 'Lu, You', 'zh', 'Public domain in the USA.' );
INSERT INTO classifications ( gid, classification ) VALUES ( '27122', 'PL' );
INSERT INTO subjects ( gid, subject ) VALUES ( '27122', 'China -- History -- Song dynasty, 960-1279 -- Anecdotes' );
INSERT INTO files ( gid, file, mime ) VALUES ( '27122', 'http://www.gutenberg.org/ebooks/27122.epub.images', 'application/epub+zip' );
INSERT INTO files ( gid, file, mime ) VALUES ( '27122', 'http://www.gutenberg.org/ebooks/27122.epub.noimages', 'application/epub+zip' );
INSERT INTO files ( gid, file, mime ) VALUES ( '27122', 'http://www.gutenberg.org/ebooks/27122.html.images', 'text/html' );
INSERT INTO files ( gid, file, mime ) VALUES ( '27122', 'http://www.gutenberg.org/ebooks/27122.html.noimages', 'text/html' );
INSERT INTO files ( gid, file, mime ) VALUES ( '27122', 'http://www.gutenberg.org/ebooks/27122.kindle.images', 'application/x-mobipocket-ebook' );
INSERT INTO files ( gid, file, mime ) VALUES ( '27122', 'http://www.gutenberg.org/ebooks/27122.kindle.noimages', 'application/x-mobipocket-ebook' );
INSERT INTO files ( gid, file, mime ) VALUES ( '27122', 'http://www.gutenberg.org/ebooks/27122.rdf', 'application/rdf+xml' );
INSERT INTO files ( gid, file, mime ) VALUES ( '27122', 'http://www.gutenberg.org/files/27122/27122-0.txt', 'text/plain; charset=utf-8' );
INSERT INTO files ( gid, file, mime ) VALUES ( '27122', 'http://www.gutenberg.org/files/27122/27122-0.zip', 'application/ziptext/plain; charset=utf-8' );
INSERT INTO titles ( gid, title, author, language, rights ) VALUES ( '27022', 'A New Subspecies of the Black Myotis (Bat) from Eastern Mexico', 'Alvarez, Ticul', 'en', 'Public domain in the USA.' );
INSERT INTO classifications ( gid, classification ) VALUES ( '27022', 'QH' );
INSERT INTO subjects ( gid, subject ) VALUES ( '27022', 'Bats' );
INSERT INTO files ( gid, file, mime ) VALUES ( '27022', 'http://www.gutenberg.org/ebooks/27022.epub.images', 'application/epub+zip' );
INSERT INTO files ( gid, file, mime ) VALUES ( '27022', 'http://www.gutenberg.org/ebooks/27022.epub.noimages', 'application/epub+zip' );
INSERT INTO files ( gid, file, mime ) VALUES ( '27022', 'http://www.gutenberg.org/ebooks/27022.kindle.images', 'application/x-mobipocket-ebook' );
INSERT INTO files ( gid, file, mime ) VALUES ( '27022', 'http://www.gutenberg.org/ebooks/27022.kindle.noimages', 'application/x-mobipocket-ebook' );
INSERT INTO files ( gid, file, mime ) VALUES ( '27022', 'http://www.gutenberg.org/ebooks/27022.rdf', 'application/rdf+xml' );
INSERT INTO files ( gid, file, mime ) VALUES ( '27022', 'http://www.gutenberg.org/ebooks/27022.txt.utf-8', 'text/plain' );
INSERT INTO files ( gid, file, mime ) VALUES ( '27022', 'http://www.gutenberg.org/files/27022/27022-8.txt', 'text/plain; charset=iso-8859-1' );
INSERT INTO files ( gid, file, mime ) VALUES ( '27022', 'http://www.gutenberg.org/files/27022/27022-8.zip', 'text/plain; charset=iso-8859-1application/zip' );
INSERT INTO files ( gid, file, mime ) VALUES ( '27022', 'http://www.gutenberg.org/files/27022/27022-h.zip', 'application/ziptext/html; charset=iso-8859-1' );
INSERT INTO files ( gid, file, mime ) VALUES ( '27022', 'http://www.gutenberg.org/files/27022/27022-h/27022-h.htm', 'text/html; charset=iso-8859-1' );
INSERT INTO files ( gid, file, mime ) VALUES ( '27022', 'http://www.gutenberg.org/files/27022/27022.txt', 'text/plain; charset=us-ascii' );
INSERT INTO files ( gid, file, mime ) VALUES ( '27022', 'http://www.gutenberg.org/files/27022/27022.zip', 'text/plain; charset=us-asciiapplication/zip' );
INSERT INTO titles ( gid, title, author, language, rights ) VALUES ( '27222', 'The Tin Box, and What it Contained', 'Alger, Horatio, Jr.', 'en', 'Public domain in the USA.' );
INSERT INTO classifications ( gid, classification ) VALUES ( '27222', 'PZ' );
INSERT INTO subjects ( gid, subject ) VALUES ( '27222', 'Diligence -- Juvenile fiction' );
INSERT INTO subjects ( gid, subject ) VALUES ( '27222', 'Youth -- Conduct of life -- Juvenile fiction' );
INSERT INTO subjects ( gid, subject ) VALUES ( '27222', 'Success -- Juvenile fiction' );
INSERT INTO files ( gid, file, mime ) VALUES ( '27222', 'http://www.gutenberg.org/ebooks/27222.epub.images', 'application/epub+zip' );
INSERT INTO files ( gid, file, mime ) VALUES ( '27222', 'http://www.gutenberg.org/ebooks/27222.epub.noimages', 'application/epub+zip' );
INSERT INTO files ( gid, file, mime ) VALUES ( '27222', 'http://www.gutenberg.org/ebooks/27222.kindle.images', 'application/x-mobipocket-ebook' );
INSERT INTO files ( gid, file, mime ) VALUES ( '27222', 'http://www.gutenberg.org/ebooks/27222.kindle.noimages', 'application/x-mobipocket-ebook' );
INSERT INTO files ( gid, file, mime ) VALUES ( '27222', 'http://www.gutenberg.org/ebooks/27222.rdf', 'application/rdf+xml' );
INSERT INTO files ( gid, file, mime ) VALUES ( '27222', 'http://www.gutenberg.org/ebooks/27222.txt.utf-8', 'text/plain' );
INSERT INTO files ( gid, file, mime ) VALUES ( '27222', 'http://www.gutenberg.org/files/27222/27222-h.zip', 'application/octet-streamapplication/zip' );
INSERT INTO files ( gid, file, mime ) VALUES ( '27222', 'http://www.gutenberg.org/files/27222/27222-h/27222-h.htm', 'text/html' );
INSERT INTO files ( gid, file, mime ) VALUES ( '27222', 'http://www.gutenberg.org/files/27222/27222.txt', 'text/plain; charset=us-ascii' );
INSERT INTO files ( gid, file, mime ) VALUES ( '27222', 'http://www.gutenberg.org/files/27222/27222.zip', 'text/plain; charset=us-asciiapplication/zip' );
INSERT INTO titles ( gid, title, author, language, rights ) VALUES ( '2722', 'Morning Star', 'Haggard, H. Rider (Henry Rider)', 'en', 'Public domain in the USA.' );
INSERT INTO classifications ( gid, classification ) VALUES ( '2722', 'PR' );
INSERT INTO subjects ( gid, subject ) VALUES ( '2722', 'Pharaohs -- Fiction' );
INSERT INTO subjects ( gid, subject ) VALUES ( '2722', 'Fantasy fiction' );
INSERT INTO subjects ( gid, subject ) VALUES ( '2722', 'Egypt -- History -- To 332 B.C. -- Fiction' );
INSERT INTO files ( gid, file, mime ) VALUES ( '2722', 'http://www.gutenberg.org/ebooks/2722.epub.images', 'application/epub+zip' );
INSERT INTO files ( gid, file, mime ) VALUES ( '2722', 'http://www.gutenberg.org/ebooks/2722.epub.noimages', 'application/epub+zip' );
INSERT INTO files ( gid, file, mime ) VALUES ( '2722', 'http://www.gutenberg.org/ebooks/2722.kindle.images', 'application/x-mobipocket-ebook' );
INSERT INTO files ( gid, file, mime ) VALUES ( '2722', 'http://www.gutenberg.org/ebooks/2722.kindle.noimages', 'application/x-mobipocket-ebook' );
INSERT INTO files ( gid, file, mime ) VALUES ( '2722', 'http://www.gutenberg.org/ebooks/2722.rdf', 'application/rdf+xml' );
INSERT INTO files ( gid, file, mime ) VALUES ( '2722', 'http://www.gutenberg.org/files/2722/2722-0.txt', 'text/plain; charset=utf-8' );
INSERT INTO files ( gid, file, mime ) VALUES ( '2722', 'http://www.gutenberg.org/files/2722/2722-0.zip', 'application/ziptext/plain; charset=utf-8' );
INSERT INTO files ( gid, file, mime ) VALUES ( '2722', 'http://www.gutenberg.org/files/2722/2722-8.txt', 'text/plain; charset=iso-8859-1' );
INSERT INTO files ( gid, file, mime ) VALUES ( '2722', 'http://www.gutenberg.org/files/2722/2722-8.zip', 'text/plain; charset=iso-8859-1application/zip' );
INSERT INTO files ( gid, file, mime ) VALUES ( '2722', 'http://www.gutenberg.org/files/2722/2722-h.zip', 'text/html; charset=utf-8application/zip' );
INSERT INTO files ( gid, file, mime ) VALUES ( '2722', 'http://www.gutenberg.org/files/2722/2722-h/2722-h.htm', 'text/html; charset=utf-8' );
INSERT INTO files ( gid, file, mime ) VALUES ( '2722', 'http://www.gutenberg.org/files/2722/2722.txt', 'text/plain; charset=us-ascii' );
INSERT INTO files ( gid, file, mime ) VALUES ( '2722', 'http://www.gutenberg.org/files/2722/2722.zip', 'text/plain; charset=us-asciiapplication/zip' );
INSERT INTO titles ( gid, title, author, language, rights ) VALUES ( '27322', 'An Appeal to the British Nation on the Humanity and Policy of Forming a National Institution for the Preservation of Lives and Property from Shipwreck (1825)', 'Hillary, William, Sir', 'en', 'Public domain in the USA.' );
INSERT INTO classifications ( gid, classification ) VALUES ( '27322', 'VK' );
INSERT INTO subjects ( gid, subject ) VALUES ( '27322', 'Lifesaving -- Great Britain' );
INSERT INTO subjects ( gid, subject ) VALUES ( '27322', 'Shipwrecks' );
INSERT INTO files ( gid, file, mime ) VALUES ( '27322', 'http://www.gutenberg.org/ebooks/27322.epub.images', 'application/epub+zip' );
INSERT INTO files ( gid, file, mime ) VALUES ( '27322', 'http://www.gutenberg.org/ebooks/27322.epub.noimages', 'application/epub+zip' );
INSERT INTO files ( gid, file, mime ) VALUES ( '27322', 'http://www.gutenberg.org/ebooks/27322.kindle.images', 'application/x-mobipocket-ebook' );
INSERT INTO files ( gid, file, mime ) VALUES ( '27322', 'http://www.gutenberg.org/ebooks/27322.kindle.noimages', 'application/x-mobipocket-ebook' );
INSERT INTO files ( gid, file, mime ) VALUES ( '27322', 'http://www.gutenberg.org/ebooks/27322.rdf', 'application/rdf+xml' );
INSERT INTO files ( gid, file, mime ) VALUES ( '27322', 'http://www.gutenberg.org/ebooks/27322.txt.utf-8', 'text/plain' );
INSERT INTO files ( gid, file, mime ) VALUES ( '27322', 'http://www.gutenberg.org/files/27322/27322-8.txt', 'text/plain; charset=iso-8859-1' );
INSERT INTO files ( gid, file, mime ) VALUES ( '27322', 'http://www.gutenberg.org/files/27322/27322-8.zip', 'application/ziptext/plain; charset=iso-8859-1' );
INSERT INTO files ( gid, file, mime ) VALUES ( '27322', 'http://www.gutenberg.org/files/27322/27322-h.zip', 'text/html; charset=iso-8859-1application/zip' );
INSERT INTO files ( gid, file, mime ) VALUES ( '27322', 'http://www.gutenberg.org/files/27322/27322-h/27322-h.htm', 'text/html; charset=iso-8859-1' );
INSERT INTO files ( gid, file, mime ) VALUES ( '27322', 'http://www.gutenberg.org/files/27322/27322.txt', 'text/plain; charset=us-ascii' );
INSERT INTO files ( gid, file, mime ) VALUES ( '27322', 'http://www.gutenberg.org/files/27322/27322.zip', 'application/ziptext/plain; charset=us-ascii' );
INSERT INTO titles ( gid, title, author, language, rights ) VALUES ( '27422', 'Through the Malay Archipelago', 'Richings, Emily', 'en', 'Public domain in the USA.' );
INSERT INTO classifications ( gid, classification ) VALUES ( '27422', 'DS' );
INSERT INTO subjects ( gid, subject ) VALUES ( '27422', 'Malay Archipelago -- Description and travel' );
INSERT INTO files ( gid, file, mime ) VALUES ( '27422', 'http://www.gutenberg.org/cache/epub/27422/pg27422.cover.medium.jpg', 'image/jpeg' );
INSERT INTO files ( gid, file, mime ) VALUES ( '27422', 'http://www.gutenberg.org/cache/epub/27422/pg27422.cover.small.jpg', 'image/jpeg' );
INSERT INTO files ( gid, file, mime ) VALUES ( '27422', 'http://www.gutenberg.org/ebooks/27422.epub.images', 'application/epub+zip' );
INSERT INTO files ( gid, file, mime ) VALUES ( '27422', 'http://www.gutenberg.org/ebooks/27422.epub.noimages', 'application/epub+zip' );
INSERT INTO files ( gid, file, mime ) VALUES ( '27422', 'http://www.gutenberg.org/ebooks/27422.kindle.images', 'application/x-mobipocket-ebook' );
INSERT INTO files ( gid, file, mime ) VALUES ( '27422', 'http://www.gutenberg.org/ebooks/27422.kindle.noimages', 'application/x-mobipocket-ebook' );
INSERT INTO files ( gid, file, mime ) VALUES ( '27422', 'http://www.gutenberg.org/ebooks/27422.rdf', 'application/rdf+xml' );
INSERT INTO files ( gid, file, mime ) VALUES ( '27422', 'http://www.gutenberg.org/ebooks/27422.txt.utf-8', 'text/plain' );
INSERT INTO files ( gid, file, mime ) VALUES ( '27422', 'http://www.gutenberg.org/files/27422/27422-8.txt', 'text/plain; charset=iso-8859-1' );
INSERT INTO files ( gid, file, mime ) VALUES ( '27422', 'http://www.gutenberg.org/files/27422/27422-8.zip', 'application/ziptext/plain; charset=iso-8859-1' );
INSERT INTO files ( gid, file, mime ) VALUES ( '27422', 'http://www.gutenberg.org/files/27422/27422-h.zip', 'text/html; charset=iso-8859-1application/zip' );
INSERT INTO files ( gid, file, mime ) VALUES ( '27422', 'http://www.gutenberg.org/files/27422/27422-h/27422-h.htm', 'text/html; charset=iso-8859-1' );
INSERT INTO files ( gid, file, mime ) VALUES ( '27422', 'http://www.gutenberg.org/files/27422/27422.txt', 'text/plain; charset=us-ascii' );
INSERT INTO files ( gid, file, mime ) VALUES ( '27422', 'http://www.gutenberg.org/files/27422/27422.zip', 'text/plain; charset=us-asciiapplication/zip' );
INSERT INTO titles ( gid, title, author, language, rights ) VALUES ( '27522', 'Virginia of Elk Creek Valley', 'Chase, Mary Ellen', 'en', 'Public domain in the USA.' );
INSERT INTO classifications ( gid, classification ) VALUES ( '27522', 'PS' );
INSERT INTO subjects ( gid, subject ) VALUES ( '27522', 'Vacations -- Fiction' );
INSERT INTO subjects ( gid, subject ) VALUES ( '27522', 'Ranch life -- Fiction' );
INSERT INTO subjects ( gid, subject ) VALUES ( '27522', 'Wyoming -- Fiction' );
INSERT INTO files ( gid, file, mime ) VALUES ( '27522', 'http://www.gutenberg.org/ebooks/27522.epub.images', 'application/epub+zip' );
INSERT INTO files ( gid, file, mime ) VALUES ( '27522', 'http://www.gutenberg.org/ebooks/27522.epub.noimages', 'application/epub+zip' );
INSERT INTO files ( gid, file, mime ) VALUES ( '27522', 'http://www.gutenberg.org/ebooks/27522.kindle.images', 'application/x-mobipocket-ebook' );
INSERT INTO files ( gid, file, mime ) VALUES ( '27522', 'http://www.gutenberg.org/ebooks/27522.kindle.noimages', 'application/x-mobipocket-ebook' );
INSERT INTO files ( gid, file, mime ) VALUES ( '27522', 'http://www.gutenberg.org/ebooks/27522.rdf', 'application/rdf+xml' );
INSERT INTO files ( gid, file, mime ) VALUES ( '27522', 'http://www.gutenberg.org/ebooks/27522.txt.utf-8', 'text/plain' );
INSERT INTO files ( gid, file, mime ) VALUES ( '27522', 'http://www.gutenberg.org/files/27522/27522-8.txt', 'text/plain; charset=iso-8859-1' );
INSERT INTO files ( gid, file, mime ) VALUES ( '27522', 'http://www.gutenberg.org/files/27522/27522-8.zip', 'text/plain; charset=iso-8859-1application/zip' );
INSERT INTO files ( gid, file, mime ) VALUES ( '27522', 'http://www.gutenberg.org/files/27522/27522-h.zip', 'text/html; charset=iso-8859-1application/zip' );
INSERT INTO files ( gid, file, mime ) VALUES ( '27522', 'http://www.gutenberg.org/files/27522/27522-h/27522-h.htm', 'text/html; charset=iso-8859-1' );
INSERT INTO files ( gid, file, mime ) VALUES ( '27522', 'http://www.gutenberg.org/files/27522/27522.txt', 'text/plain; charset=us-ascii' );
INSERT INTO files ( gid, file, mime ) VALUES ( '27522', 'http://www.gutenberg.org/files/27522/27522.zip', 'application/ziptext/plain; charset=us-ascii' );
INSERT INTO titles ( gid, title, author, language, rights ) VALUES ( '27622', 'The story of my first novel; How a novel is written', 'Duchess', 'en', 'Public domain in the USA.' );
INSERT INTO classifications ( gid, classification ) VALUES ( '27622', 'PR' );
INSERT INTO subjects ( gid, subject ) VALUES ( '27622', 'Authorship' );
INSERT INTO files ( gid, file, mime ) VALUES ( '27622', 'http://www.gutenberg.org/ebooks/27622.epub.images', 'application/epub+zip' );
INSERT INTO files ( gid, file, mime ) VALUES ( '27622', 'http://www.gutenberg.org/ebooks/27622.epub.noimages', 'application/epub+zip' );
INSERT INTO files ( gid, file, mime ) VALUES ( '27622', 'http://www.gutenberg.org/ebooks/27622.html.images', 'text/html' );
INSERT INTO files ( gid, file, mime ) VALUES ( '27622', 'http://www.gutenberg.org/ebooks/27622.html.noimages', 'text/html' );
INSERT INTO files ( gid, file, mime ) VALUES ( '27622', 'http://www.gutenberg.org/ebooks/27622.kindle.images', 'application/x-mobipocket-ebook' );
INSERT INTO files ( gid, file, mime ) VALUES ( '27622', 'http://www.gutenberg.org/ebooks/27622.kindle.noimages', 'application/x-mobipocket-ebook' );
INSERT INTO files ( gid, file, mime ) VALUES ( '27622', 'http://www.gutenberg.org/ebooks/27622.rdf', 'application/rdf+xml' );
INSERT INTO files ( gid, file, mime ) VALUES ( '27622', 'http://www.gutenberg.org/ebooks/27622.txt.utf-8', 'text/plain' );
INSERT INTO files ( gid, file, mime ) VALUES ( '27622', 'http://www.gutenberg.org/files/27622/27622.txt', 'text/plain; charset=us-ascii' );
INSERT INTO files ( gid, file, mime ) VALUES ( '27622', 'http://www.gutenberg.org/files/27622/27622.zip', 'application/ziptext/plain; charset=us-ascii' );
INSERT INTO titles ( gid, title, author, language, rights ) VALUES ( '27722', 'Masterpieces of Mystery in Four Volumes: Ghost Stories', '', 'en', 'Public domain in the USA.' );
INSERT INTO classifications ( gid, classification ) VALUES ( '27722', 'PN' );
INSERT INTO subjects ( gid, subject ) VALUES ( '27722', 'Ghost stories' );
INSERT INTO subjects ( gid, subject ) VALUES ( '27722', 'Detective and mystery stories' );
INSERT INTO subjects ( gid, subject ) VALUES ( '27722', 'Short stories' );
INSERT INTO files ( gid, file, mime ) VALUES ( '27722', 'http://www.gutenberg.org/ebooks/27722.epub.images', 'application/epub+zip' );
INSERT INTO files ( gid, file, mime ) VALUES ( '27722', 'http://www.gutenberg.org/ebooks/27722.epub.noimages', 'application/epub+zip' );
INSERT INTO files ( gid, file, mime ) VALUES ( '27722', 'http://www.gutenberg.org/ebooks/27722.kindle.images', 'application/x-mobipocket-ebook' );
INSERT INTO files ( gid, file, mime ) VALUES ( '27722', 'http://www.gutenberg.org/ebooks/27722.kindle.noimages', 'application/x-mobipocket-ebook' );
INSERT INTO files ( gid, file, mime ) VALUES ( '27722', 'http://www.gutenberg.org/ebooks/27722.rdf', 'application/rdf+xml' );
INSERT INTO files ( gid, file, mime ) VALUES ( '27722', 'http://www.gutenberg.org/ebooks/27722.txt.utf-8', 'text/plain' );
INSERT INTO files ( gid, file, mime ) VALUES ( '27722', 'http://www.gutenberg.org/files/27722/27722-8.txt', 'text/plain; charset=iso-8859-1' );
INSERT INTO files ( gid, file, mime ) VALUES ( '27722', 'http://www.gutenberg.org/files/27722/27722-8.zip', 'application/ziptext/plain; charset=iso-8859-1' );
INSERT INTO files ( gid, file, mime ) VALUES ( '27722', 'http://www.gutenberg.org/files/27722/27722-h.zip', 'application/ziptext/html; charset=iso-8859-1' );
INSERT INTO files ( gid, file, mime ) VALUES ( '27722', 'http://www.gutenberg.org/files/27722/27722-h/27722-h.htm', 'text/html; charset=iso-8859-1' );
INSERT INTO files ( gid, file, mime ) VALUES ( '27722', 'http://www.gutenberg.org/files/27722/27722.txt', 'text/plain; charset=us-ascii' );
INSERT INTO files ( gid, file, mime ) VALUES ( '27722', 'http://www.gutenberg.org/files/27722/27722.zip', 'text/plain; charset=us-asciiapplication/zip' );
INSERT INTO titles ( gid, title, author, language, rights ) VALUES ( '27822', 'Zwei Prager Geschichten', 'Rilke, Rainer Maria', 'de', 'Public domain in the USA.' );
INSERT INTO classifications ( gid, classification ) VALUES ( '27822', 'PT' );
INSERT INTO subjects ( gid, subject ) VALUES ( '27822', 'Prague (Czech Republic) -- Fiction' );
INSERT INTO subjects ( gid, subject ) VALUES ( '27822', 'Short stories, German' );
INSERT INTO files ( gid, file, mime ) VALUES ( '27822', 'http://www.gutenberg.org/ebooks/27822.epub.images', 'application/epub+zip' );
INSERT INTO files ( gid, file, mime ) VALUES ( '27822', 'http://www.gutenberg.org/ebooks/27822.epub.noimages', 'application/epub+zip' );
INSERT INTO files ( gid, file, mime ) VALUES ( '27822', 'http://www.gutenberg.org/ebooks/27822.kindle.images', 'application/x-mobipocket-ebook' );
INSERT INTO files ( gid, file, mime ) VALUES ( '27822', 'http://www.gutenberg.org/ebooks/27822.kindle.noimages', 'application/x-mobipocket-ebook' );
INSERT INTO files ( gid, file, mime ) VALUES ( '27822', 'http://www.gutenberg.org/ebooks/27822.rdf', 'application/rdf+xml' );
INSERT INTO files ( gid, file, mime ) VALUES ( '27822', 'http://www.gutenberg.org/files/27822/27822-0.txt', 'text/plain; charset=utf-8' );
INSERT INTO files ( gid, file, mime ) VALUES ( '27822', 'http://www.gutenberg.org/files/27822/27822-0.zip', 'text/plain; charset=utf-8application/zip' );
INSERT INTO files ( gid, file, mime ) VALUES ( '27822', 'http://www.gutenberg.org/files/27822/27822-8.txt', 'text/plain; charset=iso-8859-1' );
INSERT INTO files ( gid, file, mime ) VALUES ( '27822', 'http://www.gutenberg.org/files/27822/27822-8.zip', 'text/plain; charset=iso-8859-1application/zip' );
INSERT INTO files ( gid, file, mime ) VALUES ( '27822', 'http://www.gutenberg.org/files/27822/27822-h.zip', 'application/ziptext/html; charset=iso-8859-1' );
INSERT INTO files ( gid, file, mime ) VALUES ( '27822', 'http://www.gutenberg.org/files/27822/27822-h/27822-h.htm', 'text/html; charset=iso-8859-1' );
INSERT INTO titles ( gid, title, author, language, rights ) VALUES ( '28022', 'El Diablo', 'Norton, Brayton', 'en', 'Public domain in the USA.' );
INSERT INTO classifications ( gid, classification ) VALUES ( '28022', 'PS' );
INSERT INTO subjects ( gid, subject ) VALUES ( '28022', 'Adventure stories' );
INSERT INTO subjects ( gid, subject ) VALUES ( '28022', 'Fishers -- Fiction' );
INSERT INTO subjects ( gid, subject ) VALUES ( '28022', 'California, Southern -- Fiction' );
INSERT INTO subjects ( gid, subject ) VALUES ( '28022', 'Islands -- Fiction' );
INSERT INTO files ( gid, file, mime ) VALUES ( '28022', 'http://www.gutenberg.org/ebooks/28022.epub.images', 'application/epub+zip' );
INSERT INTO files ( gid, file, mime ) VALUES ( '28022', 'http://www.gutenberg.org/ebooks/28022.epub.noimages', 'application/epub+zip' );
INSERT INTO files ( gid, file, mime ) VALUES ( '28022', 'http://www.gutenberg.org/ebooks/28022.kindle.images', 'application/x-mobipocket-ebook' );
INSERT INTO files ( gid, file, mime ) VALUES ( '28022', 'http://www.gutenberg.org/ebooks/28022.kindle.noimages', 'application/x-mobipocket-ebook' );
INSERT INTO files ( gid, file, mime ) VALUES ( '28022', 'http://www.gutenberg.org/ebooks/28022.rdf', 'application/rdf+xml' );
INSERT INTO files ( gid, file, mime ) VALUES ( '28022', 'http://www.gutenberg.org/ebooks/28022.txt.utf-8', 'text/plain' );
INSERT INTO files ( gid, file, mime ) VALUES ( '28022', 'http://www.gutenberg.org/files/28022/28022-8.txt', 'text/plain; charset=iso-8859-1' );
INSERT INTO files ( gid, file, mime ) VALUES ( '28022', 'http://www.gutenberg.org/files/28022/28022-8.zip', 'application/ziptext/plain; charset=iso-8859-1' );
INSERT INTO files ( gid, file, mime ) VALUES ( '28022', 'http://www.gutenberg.org/files/28022/28022-h.zip', 'application/ziptext/html; charset=iso-8859-1' );
INSERT INTO files ( gid, file, mime ) VALUES ( '28022', 'http://www.gutenberg.org/files/28022/28022-h/28022-h.htm', 'text/html; charset=iso-8859-1' );
INSERT INTO files ( gid, file, mime ) VALUES ( '28022', 'http://www.gutenberg.org/files/28022/28022.txt', 'text/plain; charset=us-ascii' );
INSERT INTO files ( gid, file, mime ) VALUES ( '28022', 'http://www.gutenberg.org/files/28022/28022.zip', 'application/ziptext/plain; charset=us-ascii' );
INSERT INTO titles ( gid, title, author, language, rights ) VALUES ( '27922', 'David and the Phoenix', 'Ormondroyd, Edward', 'en', 'Public domain in the USA.' );
INSERT INTO classifications ( gid, classification ) VALUES ( '27922', 'PZ' );
INSERT INTO subjects ( gid, subject ) VALUES ( '27922', 'Humorous stories' );
INSERT INTO subjects ( gid, subject ) VALUES ( '27922', 'Fantasy literature' );
INSERT INTO subjects ( gid, subject ) VALUES ( '27922', 'Adventure and adventurers -- Fiction' );
INSERT INTO subjects ( gid, subject ) VALUES ( '27922', 'Phoenix (Mythical bird) -- Fiction' );
INSERT INTO files ( gid, file, mime ) VALUES ( '27922', 'http://www.gutenberg.org/cache/epub/27922/pg27922.cover.medium.jpg', 'image/jpeg' );
INSERT INTO files ( gid, file, mime ) VALUES ( '27922', 'http://www.gutenberg.org/cache/epub/27922/pg27922.cover.small.jpg', 'image/jpeg' );
INSERT INTO files ( gid, file, mime ) VALUES ( '27922', 'http://www.gutenberg.org/ebooks/27922.epub.images', 'application/epub+zip' );
INSERT INTO files ( gid, file, mime ) VALUES ( '27922', 'http://www.gutenberg.org/ebooks/27922.epub.noimages', 'application/epub+zip' );
INSERT INTO files ( gid, file, mime ) VALUES ( '27922', 'http://www.gutenberg.org/ebooks/27922.kindle.images', 'application/x-mobipocket-ebook' );
INSERT INTO files ( gid, file, mime ) VALUES ( '27922', 'http://www.gutenberg.org/ebooks/27922.kindle.noimages', 'application/x-mobipocket-ebook' );
INSERT INTO files ( gid, file, mime ) VALUES ( '27922', 'http://www.gutenberg.org/ebooks/27922.rdf', 'application/rdf+xml' );
INSERT INTO files ( gid, file, mime ) VALUES ( '27922', 'http://www.gutenberg.org/ebooks/27922.txt.utf-8', 'text/plain' );
INSERT INTO files ( gid, file, mime ) VALUES ( '27922', 'http://www.gutenberg.org/files/27922/27922-8.txt', 'text/plain; charset=iso-8859-1' );
INSERT INTO files ( gid, file, mime ) VALUES ( '27922', 'http://www.gutenberg.org/files/27922/27922-8.zip', 'application/ziptext/plain; charset=iso-8859-1' );
INSERT INTO files ( gid, file, mime ) VALUES ( '27922', 'http://www.gutenberg.org/files/27922/27922-h.zip', 'text/html; charset=iso-8859-1application/zip' );
INSERT INTO files ( gid, file, mime ) VALUES ( '27922', 'http://www.gutenberg.org/files/27922/27922-h/27922-h.htm', 'text/html; charset=iso-8859-1' );
INSERT INTO files ( gid, file, mime ) VALUES ( '27922', 'http://www.gutenberg.org/files/27922/27922.txt', 'text/plain; charset=us-ascii' );
INSERT INTO files ( gid, file, mime ) VALUES ( '27922', 'http://www.gutenberg.org/files/27922/27922.zip', 'text/plain; charset=us-asciiapplication/zip' );
INSERT INTO titles ( gid, title, author, language, rights ) VALUES ( '28122', 'Tractado da terra do Brasil no qual se contem a informação das cousas que ha nestas partes feito por P.º de Magalhaes', 'Gandavo, Pero de Magalhães', 'pt', 'Public domain in the USA.' );
INSERT INTO subjects ( gid, subject ) VALUES ( '28122', 'Brazil' );
INSERT INTO subjects ( gid, subject ) VALUES ( '28122', 'F2501' );
INSERT INTO files ( gid, file, mime ) VALUES ( '28122', 'http://www.gutenberg.org/ebooks/28122.epub.images', 'application/epub+zip' );
INSERT INTO files ( gid, file, mime ) VALUES ( '28122', 'http://www.gutenberg.org/ebooks/28122.epub.noimages', 'application/epub+zip' );
INSERT INTO files ( gid, file, mime ) VALUES ( '28122', 'http://www.gutenberg.org/ebooks/28122.kindle.images', 'application/x-mobipocket-ebook' );
INSERT INTO files ( gid, file, mime ) VALUES ( '28122', 'http://www.gutenberg.org/ebooks/28122.kindle.noimages', 'application/x-mobipocket-ebook' );
INSERT INTO files ( gid, file, mime ) VALUES ( '28122', 'http://www.gutenberg.org/ebooks/28122.rdf', 'application/rdf+xml' );
INSERT INTO files ( gid, file, mime ) VALUES ( '28122', 'http://www.gutenberg.org/files/28122/28122-0.txt', 'text/plain; charset=utf-8' );
INSERT INTO files ( gid, file, mime ) VALUES ( '28122', 'http://www.gutenberg.org/files/28122/28122-0.zip', 'text/plain; charset=utf-8application/zip' );
INSERT INTO files ( gid, file, mime ) VALUES ( '28122', 'http://www.gutenberg.org/files/28122/28122-8.txt', 'text/plain; charset=iso-8859-1' );
INSERT INTO files ( gid, file, mime ) VALUES ( '28122', 'http://www.gutenberg.org/files/28122/28122-8.zip', 'application/ziptext/plain; charset=iso-8859-1' );
INSERT INTO files ( gid, file, mime ) VALUES ( '28122', 'http://www.gutenberg.org/files/28122/28122-h.zip', 'application/ziptext/html; charset=utf-8' );
INSERT INTO files ( gid, file, mime ) VALUES ( '28122', 'http://www.gutenberg.org/files/28122/28122-h/28122-h.htm', 'text/html; charset=utf-8' );
INSERT INTO files ( gid, file, mime ) VALUES ( '28122', 'http://www.gutenberg.org/files/28122/28122-h/tractado-lt1.html', 'text/html' );
INSERT INTO files ( gid, file, mime ) VALUES ( '28122', 'http://www.gutenberg.org/files/28122/28122-h/tractado-utf8.html', 'text/html' );
INSERT INTO titles ( gid, title, author, language, rights ) VALUES ( '28222', 'Due West; Or, Round the World in Ten Months', 'Ballou, Maturin Murray', 'en', 'Public domain in the USA.' );
INSERT INTO classifications ( gid, classification ) VALUES ( '28222', 'G' );
INSERT INTO subjects ( gid, subject ) VALUES ( '28222', 'Voyages around the world' );
INSERT INTO files ( gid, file, mime ) VALUES ( '28222', 'http://www.gutenberg.org/ebooks/28222.epub.images', 'application/epub+zip' );
INSERT INTO files ( gid, file, mime ) VALUES ( '28222', 'http://www.gutenberg.org/ebooks/28222.epub.noimages', 'application/epub+zip' );
INSERT INTO files ( gid, file, mime ) VALUES ( '28222', 'http://www.gutenberg.org/ebooks/28222.kindle.images', 'application/x-mobipocket-ebook' );
INSERT INTO files ( gid, file, mime ) VALUES ( '28222', 'http://www.gutenberg.org/ebooks/28222.kindle.noimages', 'application/x-mobipocket-ebook' );
INSERT INTO files ( gid, file, mime ) VALUES ( '28222', 'http://www.gutenberg.org/ebooks/28222.rdf', 'application/rdf+xml' );
INSERT INTO files ( gid, file, mime ) VALUES ( '28222', 'http://www.gutenberg.org/ebooks/28222.txt.utf-8', 'text/plain' );
INSERT INTO files ( gid, file, mime ) VALUES ( '28222', 'http://www.gutenberg.org/files/28222/28222-8.txt', 'text/plain; charset=iso-8859-1' );
INSERT INTO files ( gid, file, mime ) VALUES ( '28222', 'http://www.gutenberg.org/files/28222/28222-8.zip', 'application/ziptext/plain; charset=iso-8859-1' );
INSERT INTO files ( gid, file, mime ) VALUES ( '28222', 'http://www.gutenberg.org/files/28222/28222-h.zip', 'application/ziptext/html; charset=iso-8859-1' );
INSERT INTO files ( gid, file, mime ) VALUES ( '28222', 'http://www.gutenberg.org/files/28222/28222-h/28222-h.htm', 'text/html; charset=iso-8859-1' );
INSERT INTO files ( gid, file, mime ) VALUES ( '28222', 'http://www.gutenberg.org/files/28222/28222.txt', 'text/plain; charset=us-ascii' );
INSERT INTO files ( gid, file, mime ) VALUES ( '28222', 'http://www.gutenberg.org/files/28222/28222.zip', 'text/plain; charset=us-asciiapplication/zip' );
INSERT INTO titles ( gid, title, author, language, rights ) VALUES ( '2822', 'London in 1731', 'Gonzales, Manoel, Don', 'en', 'Public domain in the USA.' );
INSERT INTO classifications ( gid, classification ) VALUES ( '2822', 'DA' );
INSERT INTO subjects ( gid, subject ) VALUES ( '2822', 'London (England) -- History -- 18th century' );
INSERT INTO subjects ( gid, subject ) VALUES ( '2822', 'London (England) -- Description and travel' );
INSERT INTO files ( gid, file, mime ) VALUES ( '2822', 'http://www.gutenberg.org/ebooks/2822.epub.images', 'application/epub+zip' );
INSERT INTO files ( gid, file, mime ) VALUES ( '2822', 'http://www.gutenberg.org/ebooks/2822.epub.noimages', 'application/epub+zip' );
INSERT INTO files ( gid, file, mime ) VALUES ( '2822', 'http://www.gutenberg.org/ebooks/2822.kindle.images', 'application/x-mobipocket-ebook' );
INSERT INTO files ( gid, file, mime ) VALUES ( '2822', 'http://www.gutenberg.org/ebooks/2822.kindle.noimages', 'application/x-mobipocket-ebook' );
INSERT INTO files ( gid, file, mime ) VALUES ( '2822', 'http://www.gutenberg.org/ebooks/2822.rdf', 'application/rdf+xml' );
INSERT INTO files ( gid, file, mime ) VALUES ( '2822', 'http://www.gutenberg.org/files/2822/2822-0.txt', 'text/plain; charset=utf-8' );
INSERT INTO files ( gid, file, mime ) VALUES ( '2822', 'http://www.gutenberg.org/files/2822/2822-0.zip', 'text/plain; charset=utf-8application/zip' );
INSERT INTO files ( gid, file, mime ) VALUES ( '2822', 'http://www.gutenberg.org/files/2822/2822-h.zip', 'text/htmlapplication/zip' );
INSERT INTO files ( gid, file, mime ) VALUES ( '2822', 'http://www.gutenberg.org/files/2822/2822-h/2822-h.htm', 'text/html' );
INSERT INTO titles ( gid, title, author, language, rights ) VALUES ( '28322', 'Pioneer Surgery in Kentucky: A Sketch', 'Yandell, David Wendel', 'en', 'Public domain in the USA.' );
INSERT INTO classifications ( gid, classification ) VALUES ( '28322', 'R' );
INSERT INTO subjects ( gid, subject ) VALUES ( '28322', 'Surgery -- Kentucky -- History' );
INSERT INTO subjects ( gid, subject ) VALUES ( '28322', 'Surgeons -- Kentucky' );
INSERT INTO files ( gid, file, mime ) VALUES ( '28322', 'http://www.gutenberg.org/ebooks/28322.epub.images', 'application/epub+zip' );
INSERT INTO files ( gid, file, mime ) VALUES ( '28322', 'http://www.gutenberg.org/ebooks/28322.epub.noimages', 'application/epub+zip' );
INSERT INTO files ( gid, file, mime ) VALUES ( '28322', 'http://www.gutenberg.org/ebooks/28322.kindle.images', 'application/x-mobipocket-ebook' );
INSERT INTO files ( gid, file, mime ) VALUES ( '28322', 'http://www.gutenberg.org/ebooks/28322.kindle.noimages', 'application/x-mobipocket-ebook' );
INSERT INTO files ( gid, file, mime ) VALUES ( '28322', 'http://www.gutenberg.org/ebooks/28322.rdf', 'application/rdf+xml' );
INSERT INTO files ( gid, file, mime ) VALUES ( '28322', 'http://www.gutenberg.org/ebooks/28322.txt.utf-8', 'text/plain' );
INSERT INTO files ( gid, file, mime ) VALUES ( '28322', 'http://www.gutenberg.org/files/28322/28322-8.txt', 'text/plain; charset=iso-8859-1' );
INSERT INTO files ( gid, file, mime ) VALUES ( '28322', 'http://www.gutenberg.org/files/28322/28322-8.zip', 'application/ziptext/plain; charset=iso-8859-1' );
INSERT INTO files ( gid, file, mime ) VALUES ( '28322', 'http://www.gutenberg.org/files/28322/28322-h.zip', 'text/html; charset=iso-8859-1application/zip' );
INSERT INTO files ( gid, file, mime ) VALUES ( '28322', 'http://www.gutenberg.org/files/28322/28322-h/28322-h.htm', 'text/html; charset=iso-8859-1' );
INSERT INTO files ( gid, file, mime ) VALUES ( '28322', 'http://www.gutenberg.org/files/28322/28322.txt', 'text/plain; charset=us-ascii' );
INSERT INTO files ( gid, file, mime ) VALUES ( '28322', 'http://www.gutenberg.org/files/28322/28322.zip', 'text/plain; charset=us-asciiapplication/zip' );
INSERT INTO titles ( gid, title, author, language, rights ) VALUES ( '28422', 'Lives of the most Eminent Painters Sculptors and Architects, Vol. 06 (of 10) Fra Giocondo to Niccolo Soggi', 'Vasari, Giorgio', 'en', 'Public domain in the USA.' );
INSERT INTO classifications ( gid, classification ) VALUES ( '28422', 'N' );
INSERT INTO subjects ( gid, subject ) VALUES ( '28422', 'Art, Italian' );
INSERT INTO subjects ( gid, subject ) VALUES ( '28422', 'Artists -- Italy -- Biography' );
INSERT INTO files ( gid, file, mime ) VALUES ( '28422', 'http://www.gutenberg.org/ebooks/28422.epub.images', 'application/epub+zip' );
INSERT INTO files ( gid, file, mime ) VALUES ( '28422', 'http://www.gutenberg.org/ebooks/28422.epub.noimages', 'application/epub+zip' );
INSERT INTO files ( gid, file, mime ) VALUES ( '28422', 'http://www.gutenberg.org/ebooks/28422.kindle.images', 'application/x-mobipocket-ebook' );
INSERT INTO files ( gid, file, mime ) VALUES ( '28422', 'http://www.gutenberg.org/ebooks/28422.kindle.noimages', 'application/x-mobipocket-ebook' );
INSERT INTO files ( gid, file, mime ) VALUES ( '28422', 'http://www.gutenberg.org/ebooks/28422.rdf', 'application/rdf+xml' );
INSERT INTO files ( gid, file, mime ) VALUES ( '28422', 'http://www.gutenberg.org/ebooks/28422.txt.utf-8', 'text/plain' );
INSERT INTO files ( gid, file, mime ) VALUES ( '28422', 'http://www.gutenberg.org/files/28422/28422-8.txt', 'text/plain; charset=iso-8859-1' );
INSERT INTO files ( gid, file, mime ) VALUES ( '28422', 'http://www.gutenberg.org/files/28422/28422-8.zip', 'application/ziptext/plain; charset=iso-8859-1' );
INSERT INTO files ( gid, file, mime ) VALUES ( '28422', 'http://www.gutenberg.org/files/28422/28422-h.zip', 'text/html; charset=iso-8859-1application/zip' );
INSERT INTO files ( gid, file, mime ) VALUES ( '28422', 'http://www.gutenberg.org/files/28422/28422-h/28422-h.htm', 'text/html; charset=iso-8859-1' );
INSERT INTO files ( gid, file, mime ) VALUES ( '28422', 'http://www.gutenberg.org/files/28422/28422.txt', 'text/plain; charset=us-ascii' );
INSERT INTO files ( gid, file, mime ) VALUES ( '28422', 'http://www.gutenberg.org/files/28422/28422.zip', 'application/ziptext/plain; charset=us-ascii' );
INSERT INTO titles ( gid, title, author, language, rights ) VALUES ( '28522', 'Laura Middleton; Her Brother and her Lover', 'Anonymous', 'en', 'Public domain in the USA.' );
INSERT INTO classifications ( gid, classification ) VALUES ( '28522', 'PR' );
INSERT INTO subjects ( gid, subject ) VALUES ( '28522', 'Erotic stories' );
INSERT INTO files ( gid, file, mime ) VALUES ( '28522', 'http://www.gutenberg.org/ebooks/28522.epub.images', 'application/epub+zip' );
INSERT INTO files ( gid, file, mime ) VALUES ( '28522', 'http://www.gutenberg.org/ebooks/28522.epub.noimages', 'application/epub+zip' );
INSERT INTO files ( gid, file, mime ) VALUES ( '28522', 'http://www.gutenberg.org/ebooks/28522.html.images', 'text/html' );
INSERT INTO files ( gid, file, mime ) VALUES ( '28522', 'http://www.gutenberg.org/ebooks/28522.html.noimages', 'text/html' );
INSERT INTO files ( gid, file, mime ) VALUES ( '28522', 'http://www.gutenberg.org/ebooks/28522.kindle.images', 'application/x-mobipocket-ebook' );
INSERT INTO files ( gid, file, mime ) VALUES ( '28522', 'http://www.gutenberg.org/ebooks/28522.kindle.noimages', 'application/x-mobipocket-ebook' );
INSERT INTO files ( gid, file, mime ) VALUES ( '28522', 'http://www.gutenberg.org/ebooks/28522.rdf', 'application/rdf+xml' );
INSERT INTO files ( gid, file, mime ) VALUES ( '28522', 'http://www.gutenberg.org/ebooks/28522.txt.utf-8', 'text/plain' );
INSERT INTO files ( gid, file, mime ) VALUES ( '28522', 'http://www.gutenberg.org/files/28522/28522.txt', 'text/plain; charset=us-ascii' );
INSERT INTO files ( gid, file, mime ) VALUES ( '28522', 'http://www.gutenberg.org/files/28522/28522.zip', 'application/ziptext/plain; charset=us-ascii' );
INSERT INTO titles ( gid, title, author, language, rights ) VALUES ( '28622', 'Œuvres complètes de lord Byron, Tome 7 comprenant ses mémoires publiées par Thomas Moore', 'Byron, George Gordon Byron, Baron', 'fr', 'Public domain in the USA.' );
INSERT INTO classifications ( gid, classification ) VALUES ( '28622', 'PR' );
INSERT INTO subjects ( gid, subject ) VALUES ( '28622', 'English literature -- Translations into French' );
INSERT INTO files ( gid, file, mime ) VALUES ( '28622', 'http://www.gutenberg.org/ebooks/28622.epub.images', 'application/epub+zip' );
INSERT INTO files ( gid, file, mime ) VALUES ( '28622', 'http://www.gutenberg.org/ebooks/28622.epub.noimages', 'application/epub+zip' );
INSERT INTO files ( gid, file, mime ) VALUES ( '28622', 'http://www.gutenberg.org/ebooks/28622.kindle.images', 'application/x-mobipocket-ebook' );
INSERT INTO files ( gid, file, mime ) VALUES ( '28622', 'http://www.gutenberg.org/ebooks/28622.kindle.noimages', 'application/x-mobipocket-ebook' );
INSERT INTO files ( gid, file, mime ) VALUES ( '28622', 'http://www.gutenberg.org/ebooks/28622.rdf', 'application/rdf+xml' );
INSERT INTO files ( gid, file, mime ) VALUES ( '28622', 'http://www.gutenberg.org/files/28622/28622-0.txt', 'text/plain; charset=utf-8' );
INSERT INTO files ( gid, file, mime ) VALUES ( '28622', 'http://www.gutenberg.org/files/28622/28622-0.zip', 'application/ziptext/plain; charset=utf-8' );
INSERT INTO files ( gid, file, mime ) VALUES ( '28622', 'http://www.gutenberg.org/files/28622/28622-8.txt', 'text/plain; charset=iso-8859-1' );
INSERT INTO files ( gid, file, mime ) VALUES ( '28622', 'http://www.gutenberg.org/files/28622/28622-8.zip', 'text/plain; charset=iso-8859-1application/zip' );
INSERT INTO files ( gid, file, mime ) VALUES ( '28622', 'http://www.gutenberg.org/files/28622/28622-h.zip', 'text/html; charset=utf-8application/zip' );
INSERT INTO files ( gid, file, mime ) VALUES ( '28622', 'http://www.gutenberg.org/files/28622/28622-h/28622-h.htm', 'text/html; charset=utf-8' );
INSERT INTO titles ( gid, title, author, language, rights ) VALUES ( '28722', 'A Child''s Garden of Verses', 'Stevenson, Robert Louis', 'en', 'Public domain in the USA.' );
INSERT INTO classifications ( gid, classification ) VALUES ( '28722', 'PZ' );
INSERT INTO classifications ( gid, classification ) VALUES ( '28722', 'PR' );
INSERT INTO subjects ( gid, subject ) VALUES ( '28722', 'Children''s poetry, English' );
INSERT INTO files ( gid, file, mime ) VALUES ( '28722', 'http://www.gutenberg.org/ebooks/28722.epub.images', 'application/epub+zip' );
INSERT INTO files ( gid, file, mime ) VALUES ( '28722', 'http://www.gutenberg.org/ebooks/28722.epub.noimages', 'application/epub+zip' );
INSERT INTO files ( gid, file, mime ) VALUES ( '28722', 'http://www.gutenberg.org/ebooks/28722.kindle.images', 'application/x-mobipocket-ebook' );
INSERT INTO files ( gid, file, mime ) VALUES ( '28722', 'http://www.gutenberg.org/ebooks/28722.kindle.noimages', 'application/x-mobipocket-ebook' );
INSERT INTO files ( gid, file, mime ) VALUES ( '28722', 'http://www.gutenberg.org/ebooks/28722.rdf', 'application/rdf+xml' );
INSERT INTO files ( gid, file, mime ) VALUES ( '28722', 'http://www.gutenberg.org/ebooks/28722.txt.utf-8', 'text/plain' );
INSERT INTO files ( gid, file, mime ) VALUES ( '28722', 'http://www.gutenberg.org/files/28722/28722-8.txt', 'text/plain; charset=iso-8859-1' );
INSERT INTO files ( gid, file, mime ) VALUES ( '28722', 'http://www.gutenberg.org/files/28722/28722-8.zip', 'application/ziptext/plain; charset=iso-8859-1' );
INSERT INTO files ( gid, file, mime ) VALUES ( '28722', 'http://www.gutenberg.org/files/28722/28722-h.zip', 'text/html; charset=iso-8859-1application/zip' );
INSERT INTO files ( gid, file, mime ) VALUES ( '28722', 'http://www.gutenberg.org/files/28722/28722-h/28722-h.htm', 'text/html; charset=iso-8859-1' );
INSERT INTO files ( gid, file, mime ) VALUES ( '28722', 'http://www.gutenberg.org/files/28722/28722.txt', 'text/plain; charset=us-ascii' );
INSERT INTO files ( gid, file, mime ) VALUES ( '28722', 'http://www.gutenberg.org/files/28722/28722.zip', 'application/ziptext/plain; charset=us-ascii' );
INSERT INTO titles ( gid, title, author, language, rights ) VALUES ( '28922', 'Compatible', 'Smith, Richard Rein', 'en', 'Public domain in the USA.' );
INSERT INTO classifications ( gid, classification ) VALUES ( '28922', 'PS' );
INSERT INTO subjects ( gid, subject ) VALUES ( '28922', 'Science fiction' );
INSERT INTO subjects ( gid, subject ) VALUES ( '28922', 'Short stories' );
INSERT INTO subjects ( gid, subject ) VALUES ( '28922', 'Medical fiction' );
INSERT INTO files ( gid, file, mime ) VALUES ( '28922', 'http://www.gutenberg.org/ebooks/28922.epub.images', 'application/epub+zip' );
INSERT INTO files ( gid, file, mime ) VALUES ( '28922', 'http://www.gutenberg.org/ebooks/28922.epub.noimages', 'application/epub+zip' );
INSERT INTO files ( gid, file, mime ) VALUES ( '28922', 'http://www.gutenberg.org/ebooks/28922.kindle.images', 'application/x-mobipocket-ebook' );
INSERT INTO files ( gid, file, mime ) VALUES ( '28922', 'http://www.gutenberg.org/ebooks/28922.kindle.noimages', 'application/x-mobipocket-ebook' );
INSERT INTO files ( gid, file, mime ) VALUES ( '28922', 'http://www.gutenberg.org/ebooks/28922.rdf', 'application/rdf+xml' );
INSERT INTO files ( gid, file, mime ) VALUES ( '28922', 'http://www.gutenberg.org/ebooks/28922.txt.utf-8', 'text/plain' );
INSERT INTO files ( gid, file, mime ) VALUES ( '28922', 'http://www.gutenberg.org/files/28922/28922-h.zip', 'application/ziptext/html; charset=iso-8859-1' );
INSERT INTO files ( gid, file, mime ) VALUES ( '28922', 'http://www.gutenberg.org/files/28922/28922-h/28922-h.htm', 'text/html; charset=iso-8859-1' );
INSERT INTO files ( gid, file, mime ) VALUES ( '28922', 'http://www.gutenberg.org/files/28922/28922.txt', 'text/plain; charset=us-ascii' );
INSERT INTO files ( gid, file, mime ) VALUES ( '28922', 'http://www.gutenberg.org/files/28922/28922.zip', 'text/plain; charset=us-asciiapplication/zip' );
INSERT INTO titles ( gid, title, author, language, rights ) VALUES ( '28822', 'The Works of Winston Churchill: A Linked Index of the Project Gutenberg Editions', 'Churchill, Winston', 'en', 'Public domain in the USA.' );
INSERT INTO classifications ( gid, classification ) VALUES ( '28822', 'PS' );
INSERT INTO subjects ( gid, subject ) VALUES ( '28822', 'Indexes' );
INSERT INTO files ( gid, file, mime ) VALUES ( '28822', 'http://www.gutenberg.org/cache/epub/28822/pg28822.cover.medium.jpg', 'image/jpeg' );
INSERT INTO files ( gid, file, mime ) VALUES ( '28822', 'http://www.gutenberg.org/cache/epub/28822/pg28822.cover.small.jpg', 'image/jpeg' );
INSERT INTO files ( gid, file, mime ) VALUES ( '28822', 'http://www.gutenberg.org/ebooks/28822.epub.images', 'application/epub+zip' );
INSERT INTO files ( gid, file, mime ) VALUES ( '28822', 'http://www.gutenberg.org/ebooks/28822.epub.noimages', 'application/epub+zip' );
INSERT INTO files ( gid, file, mime ) VALUES ( '28822', 'http://www.gutenberg.org/ebooks/28822.kindle.images', 'application/x-mobipocket-ebook' );
INSERT INTO files ( gid, file, mime ) VALUES ( '28822', 'http://www.gutenberg.org/ebooks/28822.kindle.noimages', 'application/x-mobipocket-ebook' );
INSERT INTO files ( gid, file, mime ) VALUES ( '28822', 'http://www.gutenberg.org/ebooks/28822.rdf', 'application/rdf+xml' );
INSERT INTO files ( gid, file, mime ) VALUES ( '28822', 'http://www.gutenberg.org/files/28822/28822-0.txt', 'text/plain; charset=utf-8' );
INSERT INTO files ( gid, file, mime ) VALUES ( '28822', 'http://www.gutenberg.org/files/28822/28822-0.zip', 'text/plain; charset=utf-8application/zip' );
INSERT INTO files ( gid, file, mime ) VALUES ( '28822', 'http://www.gutenberg.org/files/28822/28822-8.txt', 'text/plain; charset=iso-8859-1' );
INSERT INTO files ( gid, file, mime ) VALUES ( '28822', 'http://www.gutenberg.org/files/28822/28822-8.zip', 'application/ziptext/plain; charset=iso-8859-1' );
INSERT INTO files ( gid, file, mime ) VALUES ( '28822', 'http://www.gutenberg.org/files/28822/28822-h.zip', 'application/ziptext/html; charset=utf-8' );
INSERT INTO files ( gid, file, mime ) VALUES ( '28822', 'http://www.gutenberg.org/files/28822/28822-h/28822-h.htm', 'text/html; charset=iso-8859-1' );
INSERT INTO files ( gid, file, mime ) VALUES ( '28822', 'http://www.gutenberg.org/files/28822/28822.txt', 'text/plain; charset=us-ascii' );
INSERT INTO files ( gid, file, mime ) VALUES ( '28822', 'http://www.gutenberg.org/files/28822/28822.zip', 'application/ziptext/plain; charset=us-ascii' );
INSERT INTO files ( gid, file, mime ) VALUES ( '28822', 'http://www.gutenberg.org/files/28822/instructions.txt', 'text/plain; charset=us-ascii' );
INSERT INTO titles ( gid, title, author, language, rights ) VALUES ( '29022', 'Mr. Punch Awheel: The Humours of Motoring and Cycling', '', 'en', 'Public domain in the USA.' );
INSERT INTO classifications ( gid, classification ) VALUES ( '29022', 'PN' );
INSERT INTO subjects ( gid, subject ) VALUES ( '29022', 'Cycling -- Anecdotes' );
INSERT INTO subjects ( gid, subject ) VALUES ( '29022', 'English wit and humor' );
INSERT INTO subjects ( gid, subject ) VALUES ( '29022', 'English wit and humor, Pictorial' );
INSERT INTO subjects ( gid, subject ) VALUES ( '29022', 'Automobiles -- Anecdotes' );
INSERT INTO files ( gid, file, mime ) VALUES ( '29022', 'http://www.gutenberg.org/ebooks/29022.epub.images', 'application/epub+zip' );
INSERT INTO files ( gid, file, mime ) VALUES ( '29022', 'http://www.gutenberg.org/ebooks/29022.epub.noimages', 'application/epub+zip' );
INSERT INTO files ( gid, file, mime ) VALUES ( '29022', 'http://www.gutenberg.org/ebooks/29022.kindle.images', 'application/x-mobipocket-ebook' );
INSERT INTO files ( gid, file, mime ) VALUES ( '29022', 'http://www.gutenberg.org/ebooks/29022.kindle.noimages', 'application/x-mobipocket-ebook' );
INSERT INTO files ( gid, file, mime ) VALUES ( '29022', 'http://www.gutenberg.org/ebooks/29022.rdf', 'application/rdf+xml' );
INSERT INTO files ( gid, file, mime ) VALUES ( '29022', 'http://www.gutenberg.org/ebooks/29022.txt.utf-8', 'text/plain' );
INSERT INTO files ( gid, file, mime ) VALUES ( '29022', 'http://www.gutenberg.org/files/29022/29022-8.txt', 'text/plain; charset=iso-8859-1' );
INSERT INTO files ( gid, file, mime ) VALUES ( '29022', 'http://www.gutenberg.org/files/29022/29022-8.zip', 'text/plain; charset=iso-8859-1application/zip' );
INSERT INTO files ( gid, file, mime ) VALUES ( '29022', 'http://www.gutenberg.org/files/29022/29022-h.zip', 'text/html; charset=iso-8859-1application/zip' );
INSERT INTO files ( gid, file, mime ) VALUES ( '29022', 'http://www.gutenberg.org/files/29022/29022-h/29022-h.htm', 'text/html; charset=iso-8859-1' );
INSERT INTO files ( gid, file, mime ) VALUES ( '29022', 'http://www.gutenberg.org/files/29022/29022.txt', 'text/plain; charset=us-ascii' );
INSERT INTO files ( gid, file, mime ) VALUES ( '29022', 'http://www.gutenberg.org/files/29022/29022.zip', 'text/plain; charset=us-asciiapplication/zip' );
INSERT INTO titles ( gid, title, author, language, rights ) VALUES ( '29122', 'Mammals Obtained by Dr. Curt von Wedel from the Barrier Beach of Tamaulipas, Mexico', 'Hall, E. Raymond (Eugene Raymond)', 'en', 'Public domain in the USA.' );
INSERT INTO classifications ( gid, classification ) VALUES ( '29122', 'QH' );
INSERT INTO subjects ( gid, subject ) VALUES ( '29122', 'Mammals -- Mexico -- Tamaulipas' );
INSERT INTO files ( gid, file, mime ) VALUES ( '29122', 'http://www.gutenberg.org/ebooks/29122.epub.images', 'application/epub+zip' );
INSERT INTO files ( gid, file, mime ) VALUES ( '29122', 'http://www.gutenberg.org/ebooks/29122.epub.noimages', 'application/epub+zip' );
INSERT INTO files ( gid, file, mime ) VALUES ( '29122', 'http://www.gutenberg.org/ebooks/29122.kindle.images', 'application/x-mobipocket-ebook' );
INSERT INTO files ( gid, file, mime ) VALUES ( '29122', 'http://www.gutenberg.org/ebooks/29122.kindle.noimages', 'application/x-mobipocket-ebook' );
INSERT INTO files ( gid, file, mime ) VALUES ( '29122', 'http://www.gutenberg.org/ebooks/29122.rdf', 'application/rdf+xml' );
INSERT INTO files ( gid, file, mime ) VALUES ( '29122', 'http://www.gutenberg.org/ebooks/29122.txt.utf-8', 'text/plain' );
INSERT INTO files ( gid, file, mime ) VALUES ( '29122', 'http://www.gutenberg.org/files/29122/29122-8.txt', 'text/plain; charset=iso-8859-1' );
INSERT INTO files ( gid, file, mime ) VALUES ( '29122', 'http://www.gutenberg.org/files/29122/29122-8.zip', 'text/plain; charset=iso-8859-1application/zip' );
INSERT INTO files ( gid, file, mime ) VALUES ( '29122', 'http://www.gutenberg.org/files/29122/29122-h.zip', 'application/ziptext/html; charset=iso-8859-1' );
INSERT INTO files ( gid, file, mime ) VALUES ( '29122', 'http://www.gutenberg.org/files/29122/29122-h/29122-h.htm', 'text/html; charset=iso-8859-1' );
INSERT INTO files ( gid, file, mime ) VALUES ( '29122', 'http://www.gutenberg.org/files/29122/29122.txt', 'text/plain; charset=us-ascii' );
INSERT INTO files ( gid, file, mime ) VALUES ( '29122', 'http://www.gutenberg.org/files/29122/29122.zip', 'application/ziptext/plain; charset=us-ascii' );
INSERT INTO titles ( gid, title, author, language, rights ) VALUES ( '2922', 'The Past Condition of Organic Nature Lecture II. (of VI.), "Lectures to Working Men", at the Museum of Practical Geology, 1863, on Darwin''s Work: "Origin of Species"', 'Huxley, Thomas Henry', 'en', 'Public domain in the USA.' );
INSERT INTO classifications ( gid, classification ) VALUES ( '2922', 'QH' );
INSERT INTO subjects ( gid, subject ) VALUES ( '2922', 'Evolution (Biology)' );
INSERT INTO subjects ( gid, subject ) VALUES ( '2922', 'Darwin, Charles, 1809-1882. On the origin of species' );
INSERT INTO files ( gid, file, mime ) VALUES ( '2922', 'http://www.gutenberg.org/ebooks/2922.epub.images', 'application/epub+zip' );
INSERT INTO files ( gid, file, mime ) VALUES ( '2922', 'http://www.gutenberg.org/ebooks/2922.epub.noimages', 'application/epub+zip' );
INSERT INTO files ( gid, file, mime ) VALUES ( '2922', 'http://www.gutenberg.org/ebooks/2922.kindle.images', 'application/x-mobipocket-ebook' );
INSERT INTO files ( gid, file, mime ) VALUES ( '2922', 'http://www.gutenberg.org/ebooks/2922.kindle.noimages', 'application/x-mobipocket-ebook' );
INSERT INTO files ( gid, file, mime ) VALUES ( '2922', 'http://www.gutenberg.org/ebooks/2922.rdf', 'application/rdf+xml' );
INSERT INTO files ( gid, file, mime ) VALUES ( '2922', 'http://www.gutenberg.org/ebooks/2922.txt.utf-8', 'text/plain' );
INSERT INTO files ( gid, file, mime ) VALUES ( '2922', 'http://www.gutenberg.org/files/2922/2922-h.zip', 'text/html; charset=us-asciiapplication/zip' );
INSERT INTO files ( gid, file, mime ) VALUES ( '2922', 'http://www.gutenberg.org/files/2922/2922-h/2922-h.htm', 'text/html; charset=us-ascii' );
INSERT INTO files ( gid, file, mime ) VALUES ( '2922', 'http://www.gutenberg.org/files/2922/2922.txt', 'text/plain; charset=us-ascii' );
INSERT INTO files ( gid, file, mime ) VALUES ( '2922', 'http://www.gutenberg.org/files/2922/2922.zip', 'text/plain; charset=us-asciiapplication/zip' );
INSERT INTO titles ( gid, title, author, language, rights ) VALUES ( '29222', 'The Prince of Parthia A Tragedy', 'Godfrey, Thomas', 'en', 'Public domain in the USA.' );
INSERT INTO classifications ( gid, classification ) VALUES ( '29222', 'PS' );
INSERT INTO subjects ( gid, subject ) VALUES ( '29222', 'American drama' );
INSERT INTO subjects ( gid, subject ) VALUES ( '29222', 'Tragedies' );
INSERT INTO files ( gid, file, mime ) VALUES ( '29222', 'http://www.gutenberg.org/ebooks/29222.epub.images', 'application/epub+zip' );
INSERT INTO files ( gid, file, mime ) VALUES ( '29222', 'http://www.gutenberg.org/ebooks/29222.epub.noimages', 'application/epub+zip' );
INSERT INTO files ( gid, file, mime ) VALUES ( '29222', 'http://www.gutenberg.org/ebooks/29222.kindle.images', 'application/x-mobipocket-ebook' );
INSERT INTO files ( gid, file, mime ) VALUES ( '29222', 'http://www.gutenberg.org/ebooks/29222.kindle.noimages', 'application/x-mobipocket-ebook' );
INSERT INTO files ( gid, file, mime ) VALUES ( '29222', 'http://www.gutenberg.org/ebooks/29222.rdf', 'application/rdf+xml' );
INSERT INTO files ( gid, file, mime ) VALUES ( '29222', 'http://www.gutenberg.org/ebooks/29222.txt.utf-8', 'text/plain' );
INSERT INTO files ( gid, file, mime ) VALUES ( '29222', 'http://www.gutenberg.org/files/29222/29222-8.txt', 'text/plain; charset=iso-8859-1' );
INSERT INTO files ( gid, file, mime ) VALUES ( '29222', 'http://www.gutenberg.org/files/29222/29222-8.zip', 'text/plain; charset=iso-8859-1application/zip' );
INSERT INTO files ( gid, file, mime ) VALUES ( '29222', 'http://www.gutenberg.org/files/29222/29222-h.zip', 'text/html; charset=iso-8859-1application/zip' );
INSERT INTO files ( gid, file, mime ) VALUES ( '29222', 'http://www.gutenberg.org/files/29222/29222-h/29222-h.htm', 'text/html; charset=iso-8859-1' );
INSERT INTO files ( gid, file, mime ) VALUES ( '29222', 'http://www.gutenberg.org/files/29222/29222.txt', 'text/plain; charset=us-ascii' );
INSERT INTO files ( gid, file, mime ) VALUES ( '29222', 'http://www.gutenberg.org/files/29222/29222.zip', 'application/ziptext/plain; charset=us-ascii' );
INSERT INTO titles ( gid, title, author, language, rights ) VALUES ( '29322', 'When the Sleepers Woke', 'Zagat, Arthur Leo', 'en', 'Public domain in the USA.' );
INSERT INTO classifications ( gid, classification ) VALUES ( '29322', 'PS' );
INSERT INTO subjects ( gid, subject ) VALUES ( '29322', 'Science fiction' );
INSERT INTO files ( gid, file, mime ) VALUES ( '29322', 'http://www.gutenberg.org/ebooks/29322.epub.images', 'application/epub+zip' );
INSERT INTO files ( gid, file, mime ) VALUES ( '29322', 'http://www.gutenberg.org/ebooks/29322.epub.noimages', 'application/epub+zip' );
INSERT INTO files ( gid, file, mime ) VALUES ( '29322', 'http://www.gutenberg.org/ebooks/29322.kindle.images', 'application/x-mobipocket-ebook' );
INSERT INTO files ( gid, file, mime ) VALUES ( '29322', 'http://www.gutenberg.org/ebooks/29322.kindle.noimages', 'application/x-mobipocket-ebook' );
INSERT INTO files ( gid, file, mime ) VALUES ( '29322', 'http://www.gutenberg.org/ebooks/29322.rdf', 'application/rdf+xml' );
INSERT INTO files ( gid, file, mime ) VALUES ( '29322', 'http://www.gutenberg.org/ebooks/29322.txt.utf-8', 'text/plain' );
INSERT INTO files ( gid, file, mime ) VALUES ( '29322', 'http://www.gutenberg.org/files/29322/29322-h.zip', 'application/ziptext/html; charset=iso-8859-1' );
INSERT INTO files ( gid, file, mime ) VALUES ( '29322', 'http://www.gutenberg.org/files/29322/29322-h/29322-h.htm', 'text/html; charset=iso-8859-1' );
INSERT INTO files ( gid, file, mime ) VALUES ( '29322', 'http://www.gutenberg.org/files/29322/29322.txt', 'text/plain; charset=us-ascii' );
INSERT INTO files ( gid, file, mime ) VALUES ( '29322', 'http://www.gutenberg.org/files/29322/29322.zip', 'text/plain; charset=us-asciiapplication/zip' );
INSERT INTO titles ( gid, title, author, language, rights ) VALUES ( '29422', 'The Meaning of Evolution', 'Schmucker, Samuel Christian', 'en', 'Public domain in the USA.' );
INSERT INTO classifications ( gid, classification ) VALUES ( '29422', 'QH' );
INSERT INTO subjects ( gid, subject ) VALUES ( '29422', 'Evolution' );
INSERT INTO files ( gid, file, mime ) VALUES ( '29422', 'http://www.gutenberg.org/ebooks/29422.epub.images', 'application/epub+zip' );
INSERT INTO files ( gid, file, mime ) VALUES ( '29422', 'http://www.gutenberg.org/ebooks/29422.epub.noimages', 'application/epub+zip' );
INSERT INTO files ( gid, file, mime ) VALUES ( '29422', 'http://www.gutenberg.org/ebooks/29422.kindle.images', 'application/x-mobipocket-ebook' );
INSERT INTO files ( gid, file, mime ) VALUES ( '29422', 'http://www.gutenberg.org/ebooks/29422.kindle.noimages', 'application/x-mobipocket-ebook' );
INSERT INTO files ( gid, file, mime ) VALUES ( '29422', 'http://www.gutenberg.org/ebooks/29422.rdf', 'application/rdf+xml' );
INSERT INTO files ( gid, file, mime ) VALUES ( '29422', 'http://www.gutenberg.org/ebooks/29422.txt.utf-8', 'text/plain' );
INSERT INTO files ( gid, file, mime ) VALUES ( '29422', 'http://www.gutenberg.org/files/29422/29422-8.txt', 'text/plain; charset=iso-8859-1' );
INSERT INTO files ( gid, file, mime ) VALUES ( '29422', 'http://www.gutenberg.org/files/29422/29422-8.zip', 'application/ziptext/plain; charset=iso-8859-1' );
INSERT INTO files ( gid, file, mime ) VALUES ( '29422', 'http://www.gutenberg.org/files/29422/29422-h.zip', 'application/ziptext/html; charset=iso-8859-1' );
INSERT INTO files ( gid, file, mime ) VALUES ( '29422', 'http://www.gutenberg.org/files/29422/29422-h/29422-h.htm', 'text/html; charset=iso-8859-1' );
INSERT INTO files ( gid, file, mime ) VALUES ( '29422', 'http://www.gutenberg.org/files/29422/29422.txt', 'text/plain; charset=us-ascii' );
INSERT INTO files ( gid, file, mime ) VALUES ( '29422', 'http://www.gutenberg.org/files/29422/29422.zip', 'application/ziptext/plain; charset=us-ascii' );
INSERT INTO titles ( gid, title, author, language, rights ) VALUES ( '29522', 'Punch or the London Charivari, Vol. 147, December 23, 1914', 'Various', 'en', 'Public domain in the USA.' );
INSERT INTO classifications ( gid, classification ) VALUES ( '29522', 'AP' );
INSERT INTO subjects ( gid, subject ) VALUES ( '29522', 'English wit and humor -- Periodicals' );
INSERT INTO files ( gid, file, mime ) VALUES ( '29522', 'http://www.gutenberg.org/ebooks/29522.epub.images', 'application/epub+zip' );
INSERT INTO files ( gid, file, mime ) VALUES ( '29522', 'http://www.gutenberg.org/ebooks/29522.epub.noimages', 'application/epub+zip' );
INSERT INTO files ( gid, file, mime ) VALUES ( '29522', 'http://www.gutenberg.org/ebooks/29522.kindle.images', 'application/x-mobipocket-ebook' );
INSERT INTO files ( gid, file, mime ) VALUES ( '29522', 'http://www.gutenberg.org/ebooks/29522.kindle.noimages', 'application/x-mobipocket-ebook' );
INSERT INTO files ( gid, file, mime ) VALUES ( '29522', 'http://www.gutenberg.org/ebooks/29522.rdf', 'application/rdf+xml' );
INSERT INTO files ( gid, file, mime ) VALUES ( '29522', 'http://www.gutenberg.org/ebooks/29522.txt.utf-8', 'text/plain' );
INSERT INTO files ( gid, file, mime ) VALUES ( '29522', 'http://www.gutenberg.org/files/29522/29522-8.txt', 'text/plain; charset=iso-8859-1' );
INSERT INTO files ( gid, file, mime ) VALUES ( '29522', 'http://www.gutenberg.org/files/29522/29522-8.zip', 'application/ziptext/plain; charset=iso-8859-1' );
INSERT INTO files ( gid, file, mime ) VALUES ( '29522', 'http://www.gutenberg.org/files/29522/29522-h.zip', 'application/ziptext/html; charset=iso-8859-1' );
INSERT INTO files ( gid, file, mime ) VALUES ( '29522', 'http://www.gutenberg.org/files/29522/29522-h/29522-h.htm', 'text/html; charset=iso-8859-1' );
INSERT INTO files ( gid, file, mime ) VALUES ( '29522', 'http://www.gutenberg.org/files/29522/29522.txt', 'text/plain; charset=us-ascii' );
INSERT INTO files ( gid, file, mime ) VALUES ( '29522', 'http://www.gutenberg.org/files/29522/29522.zip', 'text/plain; charset=us-asciiapplication/zip' );
INSERT INTO titles ( gid, title, author, language, rights ) VALUES ( '29622', 'The Book of Common Prayer and The Scottish Liturgy', 'Episcopal Church in Scotland', 'en', 'Public domain in the USA.' );
INSERT INTO classifications ( gid, classification ) VALUES ( '29622', 'BX' );
INSERT INTO subjects ( gid, subject ) VALUES ( '29622', 'Episcopal Church in Scotland -- Liturgy -- Texts' );
INSERT INTO files ( gid, file, mime ) VALUES ( '29622', 'http://www.gutenberg.org/ebooks/29622.epub.images', 'application/epub+zip' );
INSERT INTO files ( gid, file, mime ) VALUES ( '29622', 'http://www.gutenberg.org/ebooks/29622.epub.noimages', 'application/epub+zip' );
INSERT INTO files ( gid, file, mime ) VALUES ( '29622', 'http://www.gutenberg.org/ebooks/29622.html.images', 'text/html' );
INSERT INTO files ( gid, file, mime ) VALUES ( '29622', 'http://www.gutenberg.org/ebooks/29622.html.noimages', 'text/html' );
INSERT INTO files ( gid, file, mime ) VALUES ( '29622', 'http://www.gutenberg.org/ebooks/29622.kindle.images', 'application/x-mobipocket-ebook' );
INSERT INTO files ( gid, file, mime ) VALUES ( '29622', 'http://www.gutenberg.org/ebooks/29622.kindle.noimages', 'application/x-mobipocket-ebook' );
INSERT INTO files ( gid, file, mime ) VALUES ( '29622', 'http://www.gutenberg.org/ebooks/29622.rdf', 'application/rdf+xml' );
INSERT INTO files ( gid, file, mime ) VALUES ( '29622', 'http://www.gutenberg.org/ebooks/29622.txt.utf-8', 'text/plain' );
INSERT INTO files ( gid, file, mime ) VALUES ( '29622', 'http://www.gutenberg.org/files/29622/29622.txt', 'text/plain; charset=us-ascii' );
INSERT INTO files ( gid, file, mime ) VALUES ( '29622', 'http://www.gutenberg.org/files/29622/29622.zip', 'application/ziptext/plain; charset=us-ascii' );
INSERT INTO titles ( gid, title, author, language, rights ) VALUES ( '29822', 'Rescue Squad', 'O''Hara, Thomas J.', 'en', 'Public domain in the USA.' );
INSERT INTO classifications ( gid, classification ) VALUES ( '29822', 'PS' );
INSERT INTO subjects ( gid, subject ) VALUES ( '29822', 'Space flight -- Fiction' );
INSERT INTO subjects ( gid, subject ) VALUES ( '29822', 'Short stories' );
INSERT INTO subjects ( gid, subject ) VALUES ( '29822', 'Science fiction' );
INSERT INTO files ( gid, file, mime ) VALUES ( '29822', 'http://www.gutenberg.org/ebooks/29822.epub.images', 'application/epub+zip' );
INSERT INTO files ( gid, file, mime ) VALUES ( '29822', 'http://www.gutenberg.org/ebooks/29822.epub.noimages', 'application/epub+zip' );
INSERT INTO files ( gid, file, mime ) VALUES ( '29822', 'http://www.gutenberg.org/ebooks/29822.kindle.images', 'application/x-mobipocket-ebook' );
INSERT INTO files ( gid, file, mime ) VALUES ( '29822', 'http://www.gutenberg.org/ebooks/29822.kindle.noimages', 'application/x-mobipocket-ebook' );
INSERT INTO files ( gid, file, mime ) VALUES ( '29822', 'http://www.gutenberg.org/ebooks/29822.rdf', 'application/rdf+xml' );
INSERT INTO files ( gid, file, mime ) VALUES ( '29822', 'http://www.gutenberg.org/ebooks/29822.txt.utf-8', 'text/plain' );
INSERT INTO files ( gid, file, mime ) VALUES ( '29822', 'http://www.gutenberg.org/files/29822/29822-h.zip', 'application/ziptext/html; charset=iso-8859-1' );
INSERT INTO files ( gid, file, mime ) VALUES ( '29822', 'http://www.gutenberg.org/files/29822/29822-h/29822-h.htm', 'text/html; charset=iso-8859-1' );
INSERT INTO files ( gid, file, mime ) VALUES ( '29822', 'http://www.gutenberg.org/files/29822/29822.txt', 'text/plain; charset=us-ascii' );
INSERT INTO files ( gid, file, mime ) VALUES ( '29822', 'http://www.gutenberg.org/files/29822/29822.zip', 'application/ziptext/plain; charset=us-ascii' );
INSERT INTO titles ( gid, title, author, language, rights ) VALUES ( '29722', 'The Baron''s Yule Feast: A Christmas Rhyme', 'Cooper, Thomas', 'en', 'Public domain in the USA.' );
INSERT INTO classifications ( gid, classification ) VALUES ( '29722', 'PR' );
INSERT INTO subjects ( gid, subject ) VALUES ( '29722', 'Christmas -- Poetry' );
INSERT INTO files ( gid, file, mime ) VALUES ( '29722', 'http://www.gutenberg.org/cache/epub/29722/pg29722.cover.medium.jpg', 'image/jpeg' );
INSERT INTO files ( gid, file, mime ) VALUES ( '29722', 'http://www.gutenberg.org/cache/epub/29722/pg29722.cover.small.jpg', 'image/jpeg' );
INSERT INTO files ( gid, file, mime ) VALUES ( '29722', 'http://www.gutenberg.org/ebooks/29722.epub.images', 'application/epub+zip' );
INSERT INTO files ( gid, file, mime ) VALUES ( '29722', 'http://www.gutenberg.org/ebooks/29722.epub.noimages', 'application/epub+zip' );
INSERT INTO files ( gid, file, mime ) VALUES ( '29722', 'http://www.gutenberg.org/ebooks/29722.kindle.images', 'application/x-mobipocket-ebook' );
INSERT INTO files ( gid, file, mime ) VALUES ( '29722', 'http://www.gutenberg.org/ebooks/29722.kindle.noimages', 'application/x-mobipocket-ebook' );
INSERT INTO files ( gid, file, mime ) VALUES ( '29722', 'http://www.gutenberg.org/ebooks/29722.rdf', 'application/rdf+xml' );
INSERT INTO files ( gid, file, mime ) VALUES ( '29722', 'http://www.gutenberg.org/ebooks/29722.txt.utf-8', 'text/plain' );
INSERT INTO files ( gid, file, mime ) VALUES ( '29722', 'http://www.gutenberg.org/files/29722/29722-8.txt', 'text/plain; charset=iso-8859-1' );
INSERT INTO files ( gid, file, mime ) VALUES ( '29722', 'http://www.gutenberg.org/files/29722/29722-8.zip', 'text/plain; charset=iso-8859-1application/zip' );
INSERT INTO files ( gid, file, mime ) VALUES ( '29722', 'http://www.gutenberg.org/files/29722/29722-h.zip', 'text/html; charset=iso-8859-1application/zip' );
INSERT INTO files ( gid, file, mime ) VALUES ( '29722', 'http://www.gutenberg.org/files/29722/29722-h/29722-h.htm', 'text/html; charset=iso-8859-1' );
INSERT INTO files ( gid, file, mime ) VALUES ( '29722', 'http://www.gutenberg.org/files/29722/29722.txt', 'text/plain; charset=us-ascii' );
INSERT INTO files ( gid, file, mime ) VALUES ( '29722', 'http://www.gutenberg.org/files/29722/29722.zip', 'application/ziptext/plain; charset=us-ascii' );
INSERT INTO titles ( gid, title, author, language, rights ) VALUES ( '29922', 'Le Tour du Monde; La Russie, race colonisatrice Journal des voyages et des voyageurs; 2e Sem. 1905', 'Various', 'fr', 'Public domain in the USA.' );
INSERT INTO classifications ( gid, classification ) VALUES ( '29922', 'G' );
INSERT INTO subjects ( gid, subject ) VALUES ( '29922', 'Voyages and travels -- Periodicals' );
INSERT INTO subjects ( gid, subject ) VALUES ( '29922', 'Travelers -- Periodicals' );
INSERT INTO subjects ( gid, subject ) VALUES ( '29922', 'Geography -- Pictorial works -- Periodicals' );
INSERT INTO files ( gid, file, mime ) VALUES ( '29922', 'http://www.gutenberg.org/ebooks/29922.epub.images', 'application/epub+zip' );
INSERT INTO files ( gid, file, mime ) VALUES ( '29922', 'http://www.gutenberg.org/ebooks/29922.epub.noimages', 'application/epub+zip' );
INSERT INTO files ( gid, file, mime ) VALUES ( '29922', 'http://www.gutenberg.org/ebooks/29922.kindle.images', 'application/x-mobipocket-ebook' );
INSERT INTO files ( gid, file, mime ) VALUES ( '29922', 'http://www.gutenberg.org/ebooks/29922.kindle.noimages', 'application/x-mobipocket-ebook' );
INSERT INTO files ( gid, file, mime ) VALUES ( '29922', 'http://www.gutenberg.org/ebooks/29922.rdf', 'application/rdf+xml' );
INSERT INTO files ( gid, file, mime ) VALUES ( '29922', 'http://www.gutenberg.org/ebooks/29922.txt.utf-8', 'text/plain' );
INSERT INTO files ( gid, file, mime ) VALUES ( '29922', 'http://www.gutenberg.org/files/29922/29922-8.txt', 'text/plain; charset=iso-8859-1' );
INSERT INTO files ( gid, file, mime ) VALUES ( '29922', 'http://www.gutenberg.org/files/29922/29922-8.zip', 'text/plain; charset=iso-8859-1application/zip' );
INSERT INTO files ( gid, file, mime ) VALUES ( '29922', 'http://www.gutenberg.org/files/29922/29922-h.zip', 'text/html; charset=iso-8859-1application/zip' );
INSERT INTO files ( gid, file, mime ) VALUES ( '29922', 'http://www.gutenberg.org/files/29922/29922-h/29922-h.htm', 'text/html; charset=iso-8859-1' );
INSERT INTO titles ( gid, title, author, language, rights ) VALUES ( '30022', 'Graham of Claverhouse', 'Maclaren, Ian', 'en', 'Public domain in the USA.' );
INSERT INTO classifications ( gid, classification ) VALUES ( '30022', 'PR' );
INSERT INTO subjects ( gid, subject ) VALUES ( '30022', 'Graham, John, Viscount Dundee, 1648-1689 -- Fiction' );
INSERT INTO files ( gid, file, mime ) VALUES ( '30022', 'http://www.gutenberg.org/cache/epub/30022/pg30022.cover.medium.jpg', 'image/jpeg' );
INSERT INTO files ( gid, file, mime ) VALUES ( '30022', 'http://www.gutenberg.org/cache/epub/30022/pg30022.cover.small.jpg', 'image/jpeg' );
INSERT INTO files ( gid, file, mime ) VALUES ( '30022', 'http://www.gutenberg.org/ebooks/30022.epub.images', 'application/epub+zip' );
INSERT INTO files ( gid, file, mime ) VALUES ( '30022', 'http://www.gutenberg.org/ebooks/30022.epub.noimages', 'application/epub+zip' );
INSERT INTO files ( gid, file, mime ) VALUES ( '30022', 'http://www.gutenberg.org/ebooks/30022.kindle.images', 'application/x-mobipocket-ebook' );
INSERT INTO files ( gid, file, mime ) VALUES ( '30022', 'http://www.gutenberg.org/ebooks/30022.kindle.noimages', 'application/x-mobipocket-ebook' );
INSERT INTO files ( gid, file, mime ) VALUES ( '30022', 'http://www.gutenberg.org/ebooks/30022.rdf', 'application/rdf+xml' );
INSERT INTO files ( gid, file, mime ) VALUES ( '30022', 'http://www.gutenberg.org/ebooks/30022.txt.utf-8', 'text/plain' );
INSERT INTO files ( gid, file, mime ) VALUES ( '30022', 'http://www.gutenberg.org/files/30022/30022-8.txt', 'text/plain; charset=iso-8859-1' );
INSERT INTO files ( gid, file, mime ) VALUES ( '30022', 'http://www.gutenberg.org/files/30022/30022-8.zip', 'application/ziptext/plain; charset=iso-8859-1' );
INSERT INTO files ( gid, file, mime ) VALUES ( '30022', 'http://www.gutenberg.org/files/30022/30022-h.zip', 'application/ziptext/html; charset=iso-8859-1' );
INSERT INTO files ( gid, file, mime ) VALUES ( '30022', 'http://www.gutenberg.org/files/30022/30022-h/30022-h.htm', 'text/html; charset=iso-8859-1' );
INSERT INTO files ( gid, file, mime ) VALUES ( '30022', 'http://www.gutenberg.org/files/30022/30022.txt', 'text/plain; charset=us-ascii' );
INSERT INTO files ( gid, file, mime ) VALUES ( '30022', 'http://www.gutenberg.org/files/30022/30022.zip', 'text/plain; charset=us-asciiapplication/zip' );
INSERT INTO titles ( gid, title, author, language, rights ) VALUES ( '30122', 'Entre naranjos', 'Blasco Ibáñez, Vicente', 'es', 'Public domain in the USA.' );
INSERT INTO classifications ( gid, classification ) VALUES ( '30122', 'PQ' );
INSERT INTO subjects ( gid, subject ) VALUES ( '30122', 'Spanish fiction' );
INSERT INTO files ( gid, file, mime ) VALUES ( '30122', 'http://www.gutenberg.org/ebooks/30122.epub.images', 'application/epub+zip' );
INSERT INTO files ( gid, file, mime ) VALUES ( '30122', 'http://www.gutenberg.org/ebooks/30122.epub.noimages', 'application/epub+zip' );
INSERT INTO files ( gid, file, mime ) VALUES ( '30122', 'http://www.gutenberg.org/ebooks/30122.kindle.images', 'application/x-mobipocket-ebook' );
INSERT INTO files ( gid, file, mime ) VALUES ( '30122', 'http://www.gutenberg.org/ebooks/30122.kindle.noimages', 'application/x-mobipocket-ebook' );
INSERT INTO files ( gid, file, mime ) VALUES ( '30122', 'http://www.gutenberg.org/ebooks/30122.rdf', 'application/rdf+xml' );
INSERT INTO files ( gid, file, mime ) VALUES ( '30122', 'http://www.gutenberg.org/ebooks/30122.txt.utf-8', 'text/plain' );
INSERT INTO files ( gid, file, mime ) VALUES ( '30122', 'http://www.gutenberg.org/files/30122/30122-8.txt', 'text/plain; charset=iso-8859-1' );
INSERT INTO files ( gid, file, mime ) VALUES ( '30122', 'http://www.gutenberg.org/files/30122/30122-8.zip', 'application/ziptext/plain; charset=iso-8859-1' );
INSERT INTO files ( gid, file, mime ) VALUES ( '30122', 'http://www.gutenberg.org/files/30122/30122-h.zip', 'application/ziptext/html; charset=iso-8859-1' );
INSERT INTO files ( gid, file, mime ) VALUES ( '30122', 'http://www.gutenberg.org/files/30122/30122-h/30122-h.htm', 'text/html; charset=iso-8859-1' );
INSERT INTO titles ( gid, title, author, language, rights ) VALUES ( '30222', 'The Strand Magazine, Vol. 05, Issue 27, March 1893 An Illustrated Monthly', 'Various', 'en', 'Public domain in the USA.' );
INSERT INTO classifications ( gid, classification ) VALUES ( '30222', 'AP' );
INSERT INTO subjects ( gid, subject ) VALUES ( '30222', 'English literature -- Periodicals' );
INSERT INTO subjects ( gid, subject ) VALUES ( '30222', 'Short stories, English -- Periodicals' );
INSERT INTO files ( gid, file, mime ) VALUES ( '30222', 'http://www.gutenberg.org/ebooks/30222.epub.images', 'application/epub+zip' );
INSERT INTO files ( gid, file, mime ) VALUES ( '30222', 'http://www.gutenberg.org/ebooks/30222.epub.noimages', 'application/epub+zip' );
INSERT INTO files ( gid, file, mime ) VALUES ( '30222', 'http://www.gutenberg.org/ebooks/30222.kindle.images', 'application/x-mobipocket-ebook' );
INSERT INTO files ( gid, file, mime ) VALUES ( '30222', 'http://www.gutenberg.org/ebooks/30222.kindle.noimages', 'application/x-mobipocket-ebook' );
INSERT INTO files ( gid, file, mime ) VALUES ( '30222', 'http://www.gutenberg.org/ebooks/30222.rdf', 'application/rdf+xml' );
INSERT INTO files ( gid, file, mime ) VALUES ( '30222', 'http://www.gutenberg.org/ebooks/30222.txt.utf-8', 'text/plain' );
INSERT INTO files ( gid, file, mime ) VALUES ( '30222', 'http://www.gutenberg.org/files/30222/30222-8.txt', 'text/plain; charset=iso-8859-1' );
INSERT INTO files ( gid, file, mime ) VALUES ( '30222', 'http://www.gutenberg.org/files/30222/30222-8.zip', 'text/plain; charset=iso-8859-1application/zip' );
INSERT INTO files ( gid, file, mime ) VALUES ( '30222', 'http://www.gutenberg.org/files/30222/30222-h.zip', 'text/html; charset=iso-8859-1application/zip' );
INSERT INTO files ( gid, file, mime ) VALUES ( '30222', 'http://www.gutenberg.org/files/30222/30222-h/30222-h.htm', 'text/html; charset=iso-8859-1' );
INSERT INTO files ( gid, file, mime ) VALUES ( '30222', 'http://www.gutenberg.org/files/30222/30222.txt', 'text/plain; charset=us-ascii' );
INSERT INTO files ( gid, file, mime ) VALUES ( '30222', 'http://www.gutenberg.org/files/30222/30222.zip', 'application/ziptext/plain; charset=us-ascii' );
INSERT INTO titles ( gid, title, author, language, rights ) VALUES ( '3022', 'A Cumberland Vendetta', 'Fox, John, Jr.', 'en', 'Public domain in the USA.' );
INSERT INTO classifications ( gid, classification ) VALUES ( '3022', 'PS' );
INSERT INTO subjects ( gid, subject ) VALUES ( '3022', 'Mountain life -- Fiction' );
INSERT INTO subjects ( gid, subject ) VALUES ( '3022', 'Vendetta -- Fiction' );
INSERT INTO subjects ( gid, subject ) VALUES ( '3022', 'Cumberland Mountains -- Fiction' );
INSERT INTO files ( gid, file, mime ) VALUES ( '3022', 'http://www.gutenberg.org/ebooks/3022.epub.images', 'application/epub+zip' );
INSERT INTO files ( gid, file, mime ) VALUES ( '3022', 'http://www.gutenberg.org/ebooks/3022.epub.noimages', 'application/epub+zip' );
INSERT INTO files ( gid, file, mime ) VALUES ( '3022', 'http://www.gutenberg.org/ebooks/3022.kindle.images', 'application/x-mobipocket-ebook' );
INSERT INTO files ( gid, file, mime ) VALUES ( '3022', 'http://www.gutenberg.org/ebooks/3022.kindle.noimages', 'application/x-mobipocket-ebook' );
INSERT INTO files ( gid, file, mime ) VALUES ( '3022', 'http://www.gutenberg.org/ebooks/3022.rdf', 'application/rdf+xml' );
INSERT INTO files ( gid, file, mime ) VALUES ( '3022', 'http://www.gutenberg.org/files/3022/3022-0.txt', 'text/plain; charset=utf-8' );
INSERT INTO files ( gid, file, mime ) VALUES ( '3022', 'http://www.gutenberg.org/files/3022/3022-0.zip', 'application/ziptext/plain; charset=utf-8' );
INSERT INTO files ( gid, file, mime ) VALUES ( '3022', 'http://www.gutenberg.org/files/3022/3022-h.zip', 'text/html; charset=utf-8application/zip' );
INSERT INTO files ( gid, file, mime ) VALUES ( '3022', 'http://www.gutenberg.org/files/3022/3022-h/3022-h.htm', 'text/html; charset=utf-8' );
INSERT INTO files ( gid, file, mime ) VALUES ( '3022', 'http://www.gutenberg.org/files/3022/3022.txt', 'text/plain; charset=us-ascii' );
INSERT INTO files ( gid, file, mime ) VALUES ( '3022', 'http://www.gutenberg.org/files/3022/3022.zip', 'text/plain; charset=us-asciiapplication/zip' );
INSERT INTO titles ( gid, title, author, language, rights ) VALUES ( '30322', 'The Helpful Hand of God', 'Godwin, Tom', 'en', 'Public domain in the USA.' );
INSERT INTO classifications ( gid, classification ) VALUES ( '30322', 'PS' );
INSERT INTO subjects ( gid, subject ) VALUES ( '30322', 'Science fiction' );
INSERT INTO files ( gid, file, mime ) VALUES ( '30322', 'http://www.gutenberg.org/ebooks/30322.epub.images', 'application/epub+zip' );
INSERT INTO files ( gid, file, mime ) VALUES ( '30322', 'http://www.gutenberg.org/ebooks/30322.epub.noimages', 'application/epub+zip' );
INSERT INTO files ( gid, file, mime ) VALUES ( '30322', 'http://www.gutenberg.org/ebooks/30322.kindle.images', 'application/x-mobipocket-ebook' );
INSERT INTO files ( gid, file, mime ) VALUES ( '30322', 'http://www.gutenberg.org/ebooks/30322.kindle.noimages', 'application/x-mobipocket-ebook' );
INSERT INTO files ( gid, file, mime ) VALUES ( '30322', 'http://www.gutenberg.org/ebooks/30322.rdf', 'application/rdf+xml' );
INSERT INTO files ( gid, file, mime ) VALUES ( '30322', 'http://www.gutenberg.org/ebooks/30322.txt.utf-8', 'text/plain' );
INSERT INTO files ( gid, file, mime ) VALUES ( '30322', 'http://www.gutenberg.org/files/30322/30322-h.zip', 'text/html; charset=iso-8859-1application/zip' );
INSERT INTO files ( gid, file, mime ) VALUES ( '30322', 'http://www.gutenberg.org/files/30322/30322-h/30322-h.htm', 'text/html; charset=iso-8859-1' );
INSERT INTO files ( gid, file, mime ) VALUES ( '30322', 'http://www.gutenberg.org/files/30322/30322.txt', 'text/plain; charset=us-ascii' );
INSERT INTO files ( gid, file, mime ) VALUES ( '30322', 'http://www.gutenberg.org/files/30322/30322.zip', 'application/ziptext/plain; charset=us-ascii' );
INSERT INTO titles ( gid, title, author, language, rights ) VALUES ( '30422', 'The Internet and Languages [around the year 2000]', 'Lebert, Marie', 'en', 'Copyrighted. Read the copyright notice inside this book for details.' );
INSERT INTO classifications ( gid, classification ) VALUES ( '30422', 'TK' );
INSERT INTO subjects ( gid, subject ) VALUES ( '30422', 'Internet' );
INSERT INTO subjects ( gid, subject ) VALUES ( '30422', 'Language and languages' );
INSERT INTO subjects ( gid, subject ) VALUES ( '30422', 'World Wide Web' );
INSERT INTO files ( gid, file, mime ) VALUES ( '30422', 'http://www.gutenberg.org/ebooks/30422.epub.images', 'application/epub+zip' );
INSERT INTO files ( gid, file, mime ) VALUES ( '30422', 'http://www.gutenberg.org/ebooks/30422.epub.noimages', 'application/epub+zip' );
INSERT INTO files ( gid, file, mime ) VALUES ( '30422', 'http://www.gutenberg.org/ebooks/30422.html.images', 'text/html' );
INSERT INTO files ( gid, file, mime ) VALUES ( '30422', 'http://www.gutenberg.org/ebooks/30422.html.noimages', 'text/html' );
INSERT INTO files ( gid, file, mime ) VALUES ( '30422', 'http://www.gutenberg.org/ebooks/30422.kindle.images', 'application/x-mobipocket-ebook' );
INSERT INTO files ( gid, file, mime ) VALUES ( '30422', 'http://www.gutenberg.org/ebooks/30422.kindle.noimages', 'application/x-mobipocket-ebook' );
INSERT INTO files ( gid, file, mime ) VALUES ( '30422', 'http://www.gutenberg.org/ebooks/30422.rdf', 'application/rdf+xml' );
INSERT INTO files ( gid, file, mime ) VALUES ( '30422', 'http://www.gutenberg.org/files/30422/30422-0.txt', 'text/plain; charset=utf-8' );
INSERT INTO files ( gid, file, mime ) VALUES ( '30422', 'http://www.gutenberg.org/files/30422/30422-0.zip', 'text/plain; charset=utf-8application/zip' );
INSERT INTO files ( gid, file, mime ) VALUES ( '30422', 'http://www.gutenberg.org/files/30422/30422-8.txt', 'text/plain; charset=iso-8859-1' );
INSERT INTO files ( gid, file, mime ) VALUES ( '30422', 'http://www.gutenberg.org/files/30422/30422-8.zip', 'text/plain; charset=iso-8859-1application/zip' );
INSERT INTO files ( gid, file, mime ) VALUES ( '30422', 'http://www.gutenberg.org/files/30422/30422.txt', 'text/plain; charset=us-ascii' );
INSERT INTO files ( gid, file, mime ) VALUES ( '30422', 'http://www.gutenberg.org/files/30422/30422.zip', 'application/ziptext/plain; charset=us-ascii' );
INSERT INTO titles ( gid, title, author, language, rights ) VALUES ( '30522', 'The Etiquette of Engagement and Marriage Describing Modern Manners and Customs of Courtship and Marriage, and giving Full Details regarding the Wedding Ceremony and Arrangements', 'Devereux, G. R. M.', 'en', 'Public domain in the USA.' );
INSERT INTO classifications ( gid, classification ) VALUES ( '30522', 'GT' );
INSERT INTO subjects ( gid, subject ) VALUES ( '30522', 'Wedding etiquette' );
INSERT INTO subjects ( gid, subject ) VALUES ( '30522', 'Courtship' );
INSERT INTO files ( gid, file, mime ) VALUES ( '30522', 'http://www.gutenberg.org/ebooks/30522.epub.images', 'application/epub+zip' );
INSERT INTO files ( gid, file, mime ) VALUES ( '30522', 'http://www.gutenberg.org/ebooks/30522.epub.noimages', 'application/epub+zip' );
INSERT INTO files ( gid, file, mime ) VALUES ( '30522', 'http://www.gutenberg.org/ebooks/30522.kindle.images', 'application/x-mobipocket-ebook' );
INSERT INTO files ( gid, file, mime ) VALUES ( '30522', 'http://www.gutenberg.org/ebooks/30522.kindle.noimages', 'application/x-mobipocket-ebook' );
INSERT INTO files ( gid, file, mime ) VALUES ( '30522', 'http://www.gutenberg.org/ebooks/30522.rdf', 'application/rdf+xml' );
INSERT INTO files ( gid, file, mime ) VALUES ( '30522', 'http://www.gutenberg.org/ebooks/30522.txt.utf-8', 'text/plain' );
INSERT INTO files ( gid, file, mime ) VALUES ( '30522', 'http://www.gutenberg.org/files/30522/30522-8.txt', 'text/plain; charset=iso-8859-1' );
INSERT INTO files ( gid, file, mime ) VALUES ( '30522', 'http://www.gutenberg.org/files/30522/30522-8.zip', 'text/plain; charset=iso-8859-1application/zip' );
INSERT INTO files ( gid, file, mime ) VALUES ( '30522', 'http://www.gutenberg.org/files/30522/30522-h.zip', 'text/html; charset=us-asciiapplication/zip' );
INSERT INTO files ( gid, file, mime ) VALUES ( '30522', 'http://www.gutenberg.org/files/30522/30522-h/30522-h.htm', 'text/html; charset=us-ascii' );
INSERT INTO files ( gid, file, mime ) VALUES ( '30522', 'http://www.gutenberg.org/files/30522/30522.txt', 'text/plain; charset=us-ascii' );
INSERT INTO files ( gid, file, mime ) VALUES ( '30522', 'http://www.gutenberg.org/files/30522/30522.zip', 'text/plain; charset=us-asciiapplication/zip' );
INSERT INTO titles ( gid, title, author, language, rights ) VALUES ( '30722', 'Subjectivity', 'Spinrad, Norman', 'en', 'Public domain in the USA.' );
INSERT INTO classifications ( gid, classification ) VALUES ( '30722', 'PS' );
INSERT INTO subjects ( gid, subject ) VALUES ( '30722', 'Short stories' );
INSERT INTO subjects ( gid, subject ) VALUES ( '30722', 'Science fiction' );
INSERT INTO files ( gid, file, mime ) VALUES ( '30722', 'http://www.gutenberg.org/ebooks/30722.epub.images', 'application/epub+zip' );
INSERT INTO files ( gid, file, mime ) VALUES ( '30722', 'http://www.gutenberg.org/ebooks/30722.epub.noimages', 'application/epub+zip' );
INSERT INTO files ( gid, file, mime ) VALUES ( '30722', 'http://www.gutenberg.org/ebooks/30722.kindle.images', 'application/x-mobipocket-ebook' );
INSERT INTO files ( gid, file, mime ) VALUES ( '30722', 'http://www.gutenberg.org/ebooks/30722.kindle.noimages', 'application/x-mobipocket-ebook' );
INSERT INTO files ( gid, file, mime ) VALUES ( '30722', 'http://www.gutenberg.org/ebooks/30722.rdf', 'application/rdf+xml' );
INSERT INTO files ( gid, file, mime ) VALUES ( '30722', 'http://www.gutenberg.org/ebooks/30722.txt.utf-8', 'text/plain' );
INSERT INTO files ( gid, file, mime ) VALUES ( '30722', 'http://www.gutenberg.org/files/30722/30722-h.zip', 'text/html; charset=iso-8859-1application/zip' );
INSERT INTO files ( gid, file, mime ) VALUES ( '30722', 'http://www.gutenberg.org/files/30722/30722-h/30722-h.htm', 'text/html; charset=iso-8859-1' );
INSERT INTO files ( gid, file, mime ) VALUES ( '30722', 'http://www.gutenberg.org/files/30722/30722.txt', 'text/plain; charset=us-ascii' );
INSERT INTO files ( gid, file, mime ) VALUES ( '30722', 'http://www.gutenberg.org/files/30722/30722.zip', 'text/plain; charset=us-asciiapplication/zip' );
INSERT INTO titles ( gid, title, author, language, rights ) VALUES ( '30622', 'The Unknown Quantity: A Book of Romance and Some Half-Told Tales', 'Van Dyke, Henry', 'en', 'Public domain in the USA.' );
INSERT INTO classifications ( gid, classification ) VALUES ( '30622', 'PS' );
INSERT INTO subjects ( gid, subject ) VALUES ( '30622', 'Short stories' );
INSERT INTO files ( gid, file, mime ) VALUES ( '30622', 'http://www.gutenberg.org/cache/epub/30622/pg30622.cover.medium.jpg', 'image/jpeg' );
INSERT INTO files ( gid, file, mime ) VALUES ( '30622', 'http://www.gutenberg.org/cache/epub/30622/pg30622.cover.small.jpg', 'image/jpeg' );
INSERT INTO files ( gid, file, mime ) VALUES ( '30622', 'http://www.gutenberg.org/ebooks/30622.epub.images', 'application/epub+zip' );
INSERT INTO files ( gid, file, mime ) VALUES ( '30622', 'http://www.gutenberg.org/ebooks/30622.epub.noimages', 'application/epub+zip' );
INSERT INTO files ( gid, file, mime ) VALUES ( '30622', 'http://www.gutenberg.org/ebooks/30622.kindle.images', 'application/x-mobipocket-ebook' );
INSERT INTO files ( gid, file, mime ) VALUES ( '30622', 'http://www.gutenberg.org/ebooks/30622.kindle.noimages', 'application/x-mobipocket-ebook' );
INSERT INTO files ( gid, file, mime ) VALUES ( '30622', 'http://www.gutenberg.org/ebooks/30622.rdf', 'application/rdf+xml' );
INSERT INTO files ( gid, file, mime ) VALUES ( '30622', 'http://www.gutenberg.org/ebooks/30622.txt.utf-8', 'text/plain' );
INSERT INTO files ( gid, file, mime ) VALUES ( '30622', 'http://www.gutenberg.org/files/30622/30622-8.txt', 'text/plain; charset=iso-8859-1' );
INSERT INTO files ( gid, file, mime ) VALUES ( '30622', 'http://www.gutenberg.org/files/30622/30622-8.zip', 'text/plain; charset=iso-8859-1application/zip' );
INSERT INTO files ( gid, file, mime ) VALUES ( '30622', 'http://www.gutenberg.org/files/30622/30622-h.zip', 'application/ziptext/html; charset=iso-8859-1' );
INSERT INTO files ( gid, file, mime ) VALUES ( '30622', 'http://www.gutenberg.org/files/30622/30622-h/30622-h.htm', 'text/html; charset=iso-8859-1' );
INSERT INTO files ( gid, file, mime ) VALUES ( '30622', 'http://www.gutenberg.org/files/30622/30622.txt', 'text/plain; charset=us-ascii' );
INSERT INTO files ( gid, file, mime ) VALUES ( '30622', 'http://www.gutenberg.org/files/30622/30622.zip', 'application/ziptext/plain; charset=us-ascii' );
INSERT INTO titles ( gid, title, author, language, rights ) VALUES ( '30922', 'Vie de Christophe Colomb', 'Bonnefoux, Pierre-Marie-Joseph, baron de', 'fr', 'Public domain in the USA.' );
INSERT INTO subjects ( gid, subject ) VALUES ( '30922', 'America -- Discovery and exploration -- Spanish' );
INSERT INTO subjects ( gid, subject ) VALUES ( '30922', 'E011' );
INSERT INTO subjects ( gid, subject ) VALUES ( '30922', 'Explorers -- America -- Biography' );
INSERT INTO subjects ( gid, subject ) VALUES ( '30922', 'Explorers -- Spain -- Biography' );
INSERT INTO subjects ( gid, subject ) VALUES ( '30922', 'Columbus, Christopher' );
INSERT INTO files ( gid, file, mime ) VALUES ( '30922', 'http://www.gutenberg.org/ebooks/30922.epub.images', 'application/epub+zip' );
INSERT INTO files ( gid, file, mime ) VALUES ( '30922', 'http://www.gutenberg.org/ebooks/30922.epub.noimages', 'application/epub+zip' );
INSERT INTO files ( gid, file, mime ) VALUES ( '30922', 'http://www.gutenberg.org/ebooks/30922.kindle.images', 'application/x-mobipocket-ebook' );
INSERT INTO files ( gid, file, mime ) VALUES ( '30922', 'http://www.gutenberg.org/ebooks/30922.kindle.noimages', 'application/x-mobipocket-ebook' );
INSERT INTO files ( gid, file, mime ) VALUES ( '30922', 'http://www.gutenberg.org/ebooks/30922.rdf', 'application/rdf+xml' );
INSERT INTO files ( gid, file, mime ) VALUES ( '30922', 'http://www.gutenberg.org/ebooks/30922.txt.utf-8', 'text/plain' );
INSERT INTO files ( gid, file, mime ) VALUES ( '30922', 'http://www.gutenberg.org/files/30922/30922-8.txt', 'text/plain; charset=iso-8859-1' );
INSERT INTO files ( gid, file, mime ) VALUES ( '30922', 'http://www.gutenberg.org/files/30922/30922-8.zip', 'text/plain; charset=iso-8859-1application/zip' );
INSERT INTO files ( gid, file, mime ) VALUES ( '30922', 'http://www.gutenberg.org/files/30922/30922-h.zip', 'text/html; charset=iso-8859-1application/zip' );
INSERT INTO files ( gid, file, mime ) VALUES ( '30922', 'http://www.gutenberg.org/files/30922/30922-h/30922-h.htm', 'text/html; charset=iso-8859-1' );
INSERT INTO titles ( gid, title, author, language, rights ) VALUES ( '30822', 'Campaign of Battery D, First Rhode Island Light Artillery', 'Parker, Ezra Knight', 'en', 'Public domain in the USA.' );
INSERT INTO subjects ( gid, subject ) VALUES ( '30822', 'United States -- History -- Civil War, 1861-1865 -- Personal narratives' );
INSERT INTO subjects ( gid, subject ) VALUES ( '30822', 'E456' );
INSERT INTO subjects ( gid, subject ) VALUES ( '30822', 'United States -- History -- Civil War, 1861-1865 -- Regimental histories -- Rhode Island Artillery -- 1st -- Battery D' );
INSERT INTO files ( gid, file, mime ) VALUES ( '30822', 'http://www.gutenberg.org/ebooks/30822.epub.images', 'application/epub+zip' );
INSERT INTO files ( gid, file, mime ) VALUES ( '30822', 'http://www.gutenberg.org/ebooks/30822.epub.noimages', 'application/epub+zip' );
INSERT INTO files ( gid, file, mime ) VALUES ( '30822', 'http://www.gutenberg.org/ebooks/30822.kindle.images', 'application/x-mobipocket-ebook' );
INSERT INTO files ( gid, file, mime ) VALUES ( '30822', 'http://www.gutenberg.org/ebooks/30822.kindle.noimages', 'application/x-mobipocket-ebook' );
INSERT INTO files ( gid, file, mime ) VALUES ( '30822', 'http://www.gutenberg.org/ebooks/30822.rdf', 'application/rdf+xml' );
INSERT INTO files ( gid, file, mime ) VALUES ( '30822', 'http://www.gutenberg.org/ebooks/30822.txt.utf-8', 'text/plain' );
INSERT INTO files ( gid, file, mime ) VALUES ( '30822', 'http://www.gutenberg.org/files/30822/30822-8.txt', 'text/plain; charset=iso-8859-1' );
INSERT INTO files ( gid, file, mime ) VALUES ( '30822', 'http://www.gutenberg.org/files/30822/30822-8.zip', 'application/ziptext/plain; charset=iso-8859-1' );
INSERT INTO files ( gid, file, mime ) VALUES ( '30822', 'http://www.gutenberg.org/files/30822/30822-h.zip', 'text/html; charset=iso-8859-1application/zip' );
INSERT INTO files ( gid, file, mime ) VALUES ( '30822', 'http://www.gutenberg.org/files/30822/30822-h/30822-h.htm', 'text/html; charset=iso-8859-1' );
INSERT INTO files ( gid, file, mime ) VALUES ( '30822', 'http://www.gutenberg.org/files/30822/30822.txt', 'text/plain; charset=us-ascii' );
INSERT INTO files ( gid, file, mime ) VALUES ( '30822', 'http://www.gutenberg.org/files/30822/30822.zip', 'application/ziptext/plain; charset=us-ascii' );
INSERT INTO titles ( gid, title, author, language, rights ) VALUES ( '31022', 'Reproduction, par les procédés héliographiques Motteroz, du Carnet de Robespierre trouvé sur lui au moment de son arrestation', 'Robespierre, Maximilien', 'fr', 'Public domain in the USA.' );
INSERT INTO classifications ( gid, classification ) VALUES ( '31022', 'DC' );
INSERT INTO subjects ( gid, subject ) VALUES ( '31022', 'Robespierre, Maximilien, 1758-1794' );
INSERT INTO subjects ( gid, subject ) VALUES ( '31022', 'France -- History -- Revolution, 1789-1799 -- Sources' );
INSERT INTO files ( gid, file, mime ) VALUES ( '31022', 'http://www.gutenberg.org/ebooks/31022.epub.images', 'application/epub+zip' );
INSERT INTO files ( gid, file, mime ) VALUES ( '31022', 'http://www.gutenberg.org/ebooks/31022.epub.noimages', 'application/epub+zip' );
INSERT INTO files ( gid, file, mime ) VALUES ( '31022', 'http://www.gutenberg.org/ebooks/31022.html.images', 'text/html' );
INSERT INTO files ( gid, file, mime ) VALUES ( '31022', 'http://www.gutenberg.org/ebooks/31022.html.noimages', 'text/html' );
INSERT INTO files ( gid, file, mime ) VALUES ( '31022', 'http://www.gutenberg.org/ebooks/31022.kindle.images', 'application/x-mobipocket-ebook' );
INSERT INTO files ( gid, file, mime ) VALUES ( '31022', 'http://www.gutenberg.org/ebooks/31022.kindle.noimages', 'application/x-mobipocket-ebook' );
INSERT INTO files ( gid, file, mime ) VALUES ( '31022', 'http://www.gutenberg.org/ebooks/31022.rdf', 'application/rdf+xml' );
INSERT INTO files ( gid, file, mime ) VALUES ( '31022', 'http://www.gutenberg.org/ebooks/31022.txt.utf-8', 'text/plain' );
INSERT INTO files ( gid, file, mime ) VALUES ( '31022', 'http://www.gutenberg.org/files/31022/31022-8.txt', 'text/plain; charset=iso-8859-1' );
INSERT INTO files ( gid, file, mime ) VALUES ( '31022', 'http://www.gutenberg.org/files/31022/31022-8.zip', 'text/plain; charset=iso-8859-1application/zip' );
INSERT INTO titles ( gid, title, author, language, rights ) VALUES ( '31122', 'The Mystery of Witch-Face Mountain, and Other Stories', 'Murfree, Mary Noailles', 'en', 'Public domain in the USA.' );
INSERT INTO classifications ( gid, classification ) VALUES ( '31122', 'PS' );
INSERT INTO subjects ( gid, subject ) VALUES ( '31122', 'Cumberland Mountains -- Fiction' );
INSERT INTO subjects ( gid, subject ) VALUES ( '31122', 'Tennessee -- Social life and customs -- Fiction' );
INSERT INTO subjects ( gid, subject ) VALUES ( '31122', 'Mountain life -- Fiction' );
INSERT INTO files ( gid, file, mime ) VALUES ( '31122', 'http://www.gutenberg.org/ebooks/31122.epub.images', 'application/epub+zip' );
INSERT INTO files ( gid, file, mime ) VALUES ( '31122', 'http://www.gutenberg.org/ebooks/31122.epub.noimages', 'application/epub+zip' );
INSERT INTO files ( gid, file, mime ) VALUES ( '31122', 'http://www.gutenberg.org/ebooks/31122.html.images', 'text/html' );
INSERT INTO files ( gid, file, mime ) VALUES ( '31122', 'http://www.gutenberg.org/ebooks/31122.html.noimages', 'text/html' );
INSERT INTO files ( gid, file, mime ) VALUES ( '31122', 'http://www.gutenberg.org/ebooks/31122.kindle.images', 'application/x-mobipocket-ebook' );
INSERT INTO files ( gid, file, mime ) VALUES ( '31122', 'http://www.gutenberg.org/ebooks/31122.kindle.noimages', 'application/x-mobipocket-ebook' );
INSERT INTO files ( gid, file, mime ) VALUES ( '31122', 'http://www.gutenberg.org/ebooks/31122.rdf', 'application/rdf+xml' );
INSERT INTO files ( gid, file, mime ) VALUES ( '31122', 'http://www.gutenberg.org/ebooks/31122.txt.utf-8', 'text/plain' );
INSERT INTO files ( gid, file, mime ) VALUES ( '31122', 'http://www.gutenberg.org/files/31122/31122-8.txt', 'text/plain; charset=iso-8859-1' );
INSERT INTO files ( gid, file, mime ) VALUES ( '31122', 'http://www.gutenberg.org/files/31122/31122-8.zip', 'text/plain; charset=iso-8859-1application/zip' );
INSERT INTO files ( gid, file, mime ) VALUES ( '31122', 'http://www.gutenberg.org/files/31122/31122.txt', 'text/plain; charset=us-ascii' );
INSERT INTO files ( gid, file, mime ) VALUES ( '31122', 'http://www.gutenberg.org/files/31122/31122.zip', 'application/ziptext/plain; charset=us-ascii' );
INSERT INTO titles ( gid, title, author, language, rights ) VALUES ( '31222', 'The Homicidal Diary', 'Peirce, Earl', 'en', 'Public domain in the USA.' );
INSERT INTO classifications ( gid, classification ) VALUES ( '31222', 'PS' );
INSERT INTO subjects ( gid, subject ) VALUES ( '31222', 'Short stories' );
INSERT INTO subjects ( gid, subject ) VALUES ( '31222', 'Murderers -- Fiction' );
INSERT INTO files ( gid, file, mime ) VALUES ( '31222', 'http://www.gutenberg.org/cache/epub/31222/pg31222.cover.medium.jpg', 'image/jpeg' );
INSERT INTO files ( gid, file, mime ) VALUES ( '31222', 'http://www.gutenberg.org/cache/epub/31222/pg31222.cover.small.jpg', 'image/jpeg' );
INSERT INTO files ( gid, file, mime ) VALUES ( '31222', 'http://www.gutenberg.org/ebooks/31222.epub.images', 'application/epub+zip' );
INSERT INTO files ( gid, file, mime ) VALUES ( '31222', 'http://www.gutenberg.org/ebooks/31222.epub.noimages', 'application/epub+zip' );
INSERT INTO files ( gid, file, mime ) VALUES ( '31222', 'http://www.gutenberg.org/ebooks/31222.kindle.images', 'application/x-mobipocket-ebook' );
INSERT INTO files ( gid, file, mime ) VALUES ( '31222', 'http://www.gutenberg.org/ebooks/31222.kindle.noimages', 'application/x-mobipocket-ebook' );
INSERT INTO files ( gid, file, mime ) VALUES ( '31222', 'http://www.gutenberg.org/ebooks/31222.rdf', 'application/rdf+xml' );
INSERT INTO files ( gid, file, mime ) VALUES ( '31222', 'http://www.gutenberg.org/ebooks/31222.txt.utf-8', 'text/plain' );
INSERT INTO files ( gid, file, mime ) VALUES ( '31222', 'http://www.gutenberg.org/files/31222/31222-8.txt', 'text/plain; charset=iso-8859-1' );
INSERT INTO files ( gid, file, mime ) VALUES ( '31222', 'http://www.gutenberg.org/files/31222/31222-8.zip', 'application/ziptext/plain; charset=iso-8859-1' );
INSERT INTO files ( gid, file, mime ) VALUES ( '31222', 'http://www.gutenberg.org/files/31222/31222-h.zip', 'text/html; charset=iso-8859-1application/zip' );
INSERT INTO files ( gid, file, mime ) VALUES ( '31222', 'http://www.gutenberg.org/files/31222/31222-h/31222-h.htm', 'text/html; charset=iso-8859-1' );
INSERT INTO files ( gid, file, mime ) VALUES ( '31222', 'http://www.gutenberg.org/files/31222/31222.txt', 'text/plain; charset=us-ascii' );
INSERT INTO files ( gid, file, mime ) VALUES ( '31222', 'http://www.gutenberg.org/files/31222/31222.zip', 'text/plain; charset=us-asciiapplication/zip' );
INSERT INTO titles ( gid, title, author, language, rights ) VALUES ( '3122', 'England', 'Warner, Charles Dudley', 'en', 'Public domain in the USA.' );
INSERT INTO classifications ( gid, classification ) VALUES ( '3122', 'PS' );
INSERT INTO subjects ( gid, subject ) VALUES ( '3122', 'England' );
INSERT INTO files ( gid, file, mime ) VALUES ( '3122', 'http://www.gutenberg.org/ebooks/3122.epub.images', 'application/epub+zip' );
INSERT INTO files ( gid, file, mime ) VALUES ( '3122', 'http://www.gutenberg.org/ebooks/3122.epub.noimages', 'application/epub+zip' );
INSERT INTO files ( gid, file, mime ) VALUES ( '3122', 'http://www.gutenberg.org/ebooks/3122.html.images', 'text/html' );
INSERT INTO files ( gid, file, mime ) VALUES ( '3122', 'http://www.gutenberg.org/ebooks/3122.html.noimages', 'text/html' );
INSERT INTO files ( gid, file, mime ) VALUES ( '3122', 'http://www.gutenberg.org/ebooks/3122.kindle.images', 'application/x-mobipocket-ebook' );
INSERT INTO files ( gid, file, mime ) VALUES ( '3122', 'http://www.gutenberg.org/ebooks/3122.kindle.noimages', 'application/x-mobipocket-ebook' );
INSERT INTO files ( gid, file, mime ) VALUES ( '3122', 'http://www.gutenberg.org/ebooks/3122.rdf', 'application/rdf+xml' );
INSERT INTO files ( gid, file, mime ) VALUES ( '3122', 'http://www.gutenberg.org/ebooks/3122.txt.utf-8', 'text/plain' );
INSERT INTO files ( gid, file, mime ) VALUES ( '3122', 'http://www.gutenberg.org/files/3122/3122.txt', 'text/plain; charset=us-ascii' );
INSERT INTO files ( gid, file, mime ) VALUES ( '3122', 'http://www.gutenberg.org/files/3122/3122.zip', 'text/plain; charset=us-asciiapplication/zip' );
INSERT INTO titles ( gid, title, author, language, rights ) VALUES ( '31322', 'Alexander Crummell: An Apostle of Negro Culture The American Negro Academy. Occasional Papers No. 20', 'Ferris, William Henry', 'en', 'Public domain in the USA.' );
INSERT INTO subjects ( gid, subject ) VALUES ( '31322', 'Crummell, Alexander, 1819-1898' );
INSERT INTO subjects ( gid, subject ) VALUES ( '31322', 'E151' );
INSERT INTO files ( gid, file, mime ) VALUES ( '31322', 'http://www.gutenberg.org/ebooks/31322.epub.images', 'application/epub+zip' );
INSERT INTO files ( gid, file, mime ) VALUES ( '31322', 'http://www.gutenberg.org/ebooks/31322.epub.noimages', 'application/epub+zip' );
INSERT INTO files ( gid, file, mime ) VALUES ( '31322', 'http://www.gutenberg.org/ebooks/31322.kindle.images', 'application/x-mobipocket-ebook' );
INSERT INTO files ( gid, file, mime ) VALUES ( '31322', 'http://www.gutenberg.org/ebooks/31322.kindle.noimages', 'application/x-mobipocket-ebook' );
INSERT INTO files ( gid, file, mime ) VALUES ( '31322', 'http://www.gutenberg.org/ebooks/31322.rdf', 'application/rdf+xml' );
INSERT INTO files ( gid, file, mime ) VALUES ( '31322', 'http://www.gutenberg.org/ebooks/31322.txt.utf-8', 'text/plain' );
INSERT INTO files ( gid, file, mime ) VALUES ( '31322', 'http://www.gutenberg.org/files/31322/31322-h.zip', 'text/html; charset=iso-8859-1application/zip' );
INSERT INTO files ( gid, file, mime ) VALUES ( '31322', 'http://www.gutenberg.org/files/31322/31322-h/31322-h.htm', 'text/html; charset=iso-8859-1' );
INSERT INTO files ( gid, file, mime ) VALUES ( '31322', 'http://www.gutenberg.org/files/31322/31322.txt', 'text/plain; charset=us-ascii' );
INSERT INTO files ( gid, file, mime ) VALUES ( '31322', 'http://www.gutenberg.org/files/31322/31322.zip', 'application/ziptext/plain; charset=us-ascii' );
INSERT INTO titles ( gid, title, author, language, rights ) VALUES ( '31422', 'The Kempton-Wace Letters', 'London, Jack', 'en', 'Public domain in the USA.' );
INSERT INTO classifications ( gid, classification ) VALUES ( '31422', 'PS' );
INSERT INTO subjects ( gid, subject ) VALUES ( '31422', 'Epistolary fiction' );
INSERT INTO files ( gid, file, mime ) VALUES ( '31422', 'http://www.gutenberg.org/ebooks/31422.epub.images', 'application/epub+zip' );
INSERT INTO files ( gid, file, mime ) VALUES ( '31422', 'http://www.gutenberg.org/ebooks/31422.epub.noimages', 'application/epub+zip' );
INSERT INTO files ( gid, file, mime ) VALUES ( '31422', 'http://www.gutenberg.org/ebooks/31422.kindle.images', 'application/x-mobipocket-ebook' );
INSERT INTO files ( gid, file, mime ) VALUES ( '31422', 'http://www.gutenberg.org/ebooks/31422.kindle.noimages', 'application/x-mobipocket-ebook' );
INSERT INTO files ( gid, file, mime ) VALUES ( '31422', 'http://www.gutenberg.org/ebooks/31422.rdf', 'application/rdf+xml' );
INSERT INTO files ( gid, file, mime ) VALUES ( '31422', 'http://www.gutenberg.org/ebooks/31422.txt.utf-8', 'text/plain' );
INSERT INTO files ( gid, file, mime ) VALUES ( '31422', 'http://www.gutenberg.org/files/31422/31422-8.txt', 'text/plain; charset=iso-8859-1' );
INSERT INTO files ( gid, file, mime ) VALUES ( '31422', 'http://www.gutenberg.org/files/31422/31422-8.zip', 'application/ziptext/plain; charset=iso-8859-1' );
INSERT INTO files ( gid, file, mime ) VALUES ( '31422', 'http://www.gutenberg.org/files/31422/31422-h.zip', 'application/ziptext/html; charset=iso-8859-1' );
INSERT INTO files ( gid, file, mime ) VALUES ( '31422', 'http://www.gutenberg.org/files/31422/31422-h/31422-h.htm', 'text/html; charset=iso-8859-1' );
INSERT INTO files ( gid, file, mime ) VALUES ( '31422', 'http://www.gutenberg.org/files/31422/31422.txt', 'text/plain; charset=us-ascii' );
INSERT INTO files ( gid, file, mime ) VALUES ( '31422', 'http://www.gutenberg.org/files/31422/31422.zip', 'application/ziptext/plain; charset=us-ascii' );
INSERT INTO titles ( gid, title, author, language, rights ) VALUES ( '31522', 'The Pearl of Orr''s Island: A Story of the Coast of Maine', 'Stowe, Harriet Beecher', 'en', 'Public domain in the USA.' );
INSERT INTO classifications ( gid, classification ) VALUES ( '31522', 'PS' );
INSERT INTO subjects ( gid, subject ) VALUES ( '31522', 'Bildungsromans' );
INSERT INTO subjects ( gid, subject ) VALUES ( '31522', 'Maine -- Fiction' );
INSERT INTO subjects ( gid, subject ) VALUES ( '31522', 'Girls -- Fiction' );
INSERT INTO subjects ( gid, subject ) VALUES ( '31522', 'Islands -- Fiction' );
INSERT INTO files ( gid, file, mime ) VALUES ( '31522', 'http://www.gutenberg.org/ebooks/31522.epub.images', 'application/epub+zip' );
INSERT INTO files ( gid, file, mime ) VALUES ( '31522', 'http://www.gutenberg.org/ebooks/31522.epub.noimages', 'application/epub+zip' );
INSERT INTO files ( gid, file, mime ) VALUES ( '31522', 'http://www.gutenberg.org/ebooks/31522.kindle.images', 'application/x-mobipocket-ebook' );
INSERT INTO files ( gid, file, mime ) VALUES ( '31522', 'http://www.gutenberg.org/ebooks/31522.kindle.noimages', 'application/x-mobipocket-ebook' );
INSERT INTO files ( gid, file, mime ) VALUES ( '31522', 'http://www.gutenberg.org/ebooks/31522.rdf', 'application/rdf+xml' );
INSERT INTO files ( gid, file, mime ) VALUES ( '31522', 'http://www.gutenberg.org/ebooks/31522.txt.utf-8', 'text/plain' );
INSERT INTO files ( gid, file, mime ) VALUES ( '31522', 'http://www.gutenberg.org/files/31522/31522-8.txt', 'text/plain; charset=iso-8859-1' );
INSERT INTO files ( gid, file, mime ) VALUES ( '31522', 'http://www.gutenberg.org/files/31522/31522-8.zip', 'application/ziptext/plain; charset=iso-8859-1' );
INSERT INTO files ( gid, file, mime ) VALUES ( '31522', 'http://www.gutenberg.org/files/31522/31522-h.zip', 'application/ziptext/html; charset=iso-8859-1' );
INSERT INTO files ( gid, file, mime ) VALUES ( '31522', 'http://www.gutenberg.org/files/31522/31522-h/31522-h.htm', 'text/html; charset=iso-8859-1' );
INSERT INTO files ( gid, file, mime ) VALUES ( '31522', 'http://www.gutenberg.org/files/31522/31522.txt', 'text/plain; charset=us-ascii' );
INSERT INTO files ( gid, file, mime ) VALUES ( '31522', 'http://www.gutenberg.org/files/31522/31522.zip', 'application/ziptext/plain; charset=us-ascii' );
INSERT INTO titles ( gid, title, author, language, rights ) VALUES ( '31622', 'Optimism: An Essay', 'Keller, Helen', 'en', 'Public domain in the USA.' );
INSERT INTO classifications ( gid, classification ) VALUES ( '31622', 'BJ' );
INSERT INTO subjects ( gid, subject ) VALUES ( '31622', 'Optimism' );
INSERT INTO files ( gid, file, mime ) VALUES ( '31622', 'http://www.gutenberg.org/ebooks/31622.epub.images', 'application/epub+zip' );
INSERT INTO files ( gid, file, mime ) VALUES ( '31622', 'http://www.gutenberg.org/ebooks/31622.epub.noimages', 'application/epub+zip' );
INSERT INTO files ( gid, file, mime ) VALUES ( '31622', 'http://www.gutenberg.org/ebooks/31622.kindle.images', 'application/x-mobipocket-ebook' );
INSERT INTO files ( gid, file, mime ) VALUES ( '31622', 'http://www.gutenberg.org/ebooks/31622.kindle.noimages', 'application/x-mobipocket-ebook' );
INSERT INTO files ( gid, file, mime ) VALUES ( '31622', 'http://www.gutenberg.org/ebooks/31622.rdf', 'application/rdf+xml' );
INSERT INTO files ( gid, file, mime ) VALUES ( '31622', 'http://www.gutenberg.org/files/31622/31622-0.txt', 'text/plain; charset=utf-8' );
INSERT INTO files ( gid, file, mime ) VALUES ( '31622', 'http://www.gutenberg.org/files/31622/31622-0.zip', 'text/plain; charset=utf-8application/zip' );
INSERT INTO files ( gid, file, mime ) VALUES ( '31622', 'http://www.gutenberg.org/files/31622/31622-8.txt', 'text/plain; charset=iso-8859-1' );
INSERT INTO files ( gid, file, mime ) VALUES ( '31622', 'http://www.gutenberg.org/files/31622/31622-8.zip', 'text/plain; charset=iso-8859-1application/zip' );
INSERT INTO files ( gid, file, mime ) VALUES ( '31622', 'http://www.gutenberg.org/files/31622/31622-h.zip', 'application/ziptext/html; charset=utf-8' );
INSERT INTO files ( gid, file, mime ) VALUES ( '31622', 'http://www.gutenberg.org/files/31622/31622-h/31622-h.htm', 'text/html; charset=utf-8' );
INSERT INTO files ( gid, file, mime ) VALUES ( '31622', 'http://www.gutenberg.org/files/31622/31622.txt', 'text/plain; charset=us-ascii' );
INSERT INTO files ( gid, file, mime ) VALUES ( '31622', 'http://www.gutenberg.org/files/31622/31622.zip', 'application/ziptext/plain; charset=us-ascii' );
INSERT INTO titles ( gid, title, author, language, rights ) VALUES ( '31722', 'The Corner House Girls in a Play How they rehearsed, how they acted, and what the play brought in', 'Hill, Grace Brooks', 'en', 'Public domain in the USA.' );
INSERT INTO classifications ( gid, classification ) VALUES ( '31722', 'PZ' );
INSERT INTO subjects ( gid, subject ) VALUES ( '31722', 'Girls -- Juvenile fiction' );
INSERT INTO subjects ( gid, subject ) VALUES ( '31722', 'Sisters -- Juvenile fiction' );
INSERT INTO subjects ( gid, subject ) VALUES ( '31722', 'Theater -- Juvenile fiction' );
INSERT INTO files ( gid, file, mime ) VALUES ( '31722', 'http://www.gutenberg.org/ebooks/31722.epub.images', 'application/epub+zip' );
INSERT INTO files ( gid, file, mime ) VALUES ( '31722', 'http://www.gutenberg.org/ebooks/31722.epub.noimages', 'application/epub+zip' );
INSERT INTO files ( gid, file, mime ) VALUES ( '31722', 'http://www.gutenberg.org/ebooks/31722.kindle.images', 'application/x-mobipocket-ebook' );
INSERT INTO files ( gid, file, mime ) VALUES ( '31722', 'http://www.gutenberg.org/ebooks/31722.kindle.noimages', 'application/x-mobipocket-ebook' );
INSERT INTO files ( gid, file, mime ) VALUES ( '31722', 'http://www.gutenberg.org/ebooks/31722.rdf', 'application/rdf+xml' );
INSERT INTO files ( gid, file, mime ) VALUES ( '31722', 'http://www.gutenberg.org/ebooks/31722.txt.utf-8', 'text/plain' );
INSERT INTO files ( gid, file, mime ) VALUES ( '31722', 'http://www.gutenberg.org/files/31722/31722-8.txt', 'text/plain; charset=iso-8859-1' );
INSERT INTO files ( gid, file, mime ) VALUES ( '31722', 'http://www.gutenberg.org/files/31722/31722-8.zip', 'application/ziptext/plain; charset=iso-8859-1' );
INSERT INTO files ( gid, file, mime ) VALUES ( '31722', 'http://www.gutenberg.org/files/31722/31722-h.zip', 'application/ziptext/html; charset=iso-8859-1' );
INSERT INTO files ( gid, file, mime ) VALUES ( '31722', 'http://www.gutenberg.org/files/31722/31722-h/31722-h.htm', 'text/html; charset=iso-8859-1' );
INSERT INTO files ( gid, file, mime ) VALUES ( '31722', 'http://www.gutenberg.org/files/31722/31722.txt', 'text/plain; charset=us-ascii' );
INSERT INTO files ( gid, file, mime ) VALUES ( '31722', 'http://www.gutenberg.org/files/31722/31722.zip', 'application/ziptext/plain; charset=us-ascii' );
INSERT INTO titles ( gid, title, author, language, rights ) VALUES ( '31822', 'Atlanta: A Twentieth-Century City', 'Atlanta Chamber of Commerce', 'en', 'Public domain in the USA.' );
INSERT INTO subjects ( gid, subject ) VALUES ( '31822', 'F206' );
INSERT INTO subjects ( gid, subject ) VALUES ( '31822', 'Atlanta (Ga.) -- Description and travel' );
INSERT INTO files ( gid, file, mime ) VALUES ( '31822', 'http://www.gutenberg.org/cache/epub/31822/pg31822.cover.medium.jpg', 'image/jpeg' );
INSERT INTO files ( gid, file, mime ) VALUES ( '31822', 'http://www.gutenberg.org/cache/epub/31822/pg31822.cover.small.jpg', 'image/jpeg' );
INSERT INTO files ( gid, file, mime ) VALUES ( '31822', 'http://www.gutenberg.org/ebooks/31822.epub.images', 'application/epub+zip' );
INSERT INTO files ( gid, file, mime ) VALUES ( '31822', 'http://www.gutenberg.org/ebooks/31822.epub.noimages', 'application/epub+zip' );
INSERT INTO files ( gid, file, mime ) VALUES ( '31822', 'http://www.gutenberg.org/ebooks/31822.kindle.images', 'application/x-mobipocket-ebook' );
INSERT INTO files ( gid, file, mime ) VALUES ( '31822', 'http://www.gutenberg.org/ebooks/31822.kindle.noimages', 'application/x-mobipocket-ebook' );
INSERT INTO files ( gid, file, mime ) VALUES ( '31822', 'http://www.gutenberg.org/ebooks/31822.rdf', 'application/rdf+xml' );
INSERT INTO files ( gid, file, mime ) VALUES ( '31822', 'http://www.gutenberg.org/ebooks/31822.txt.utf-8', 'text/plain' );
INSERT INTO files ( gid, file, mime ) VALUES ( '31822', 'http://www.gutenberg.org/files/31822/31822-h.zip', 'text/html; charset=iso-8859-1application/zip' );
INSERT INTO files ( gid, file, mime ) VALUES ( '31822', 'http://www.gutenberg.org/files/31822/31822-h/31822-h.htm', 'text/html; charset=iso-8859-1' );
INSERT INTO files ( gid, file, mime ) VALUES ( '31822', 'http://www.gutenberg.org/files/31822/31822.txt', 'text/plain; charset=us-ascii' );
INSERT INTO files ( gid, file, mime ) VALUES ( '31822', 'http://www.gutenberg.org/files/31822/31822.zip', 'application/ziptext/plain; charset=us-ascii' );
INSERT INTO titles ( gid, title, author, language, rights ) VALUES ( '31922', 'Felony', 'Causey, James', 'en', 'Public domain in the USA.' );
INSERT INTO classifications ( gid, classification ) VALUES ( '31922', 'PS' );
INSERT INTO subjects ( gid, subject ) VALUES ( '31922', 'Human-alien encounters -- Fiction' );
INSERT INTO subjects ( gid, subject ) VALUES ( '31922', 'Science fiction' );
INSERT INTO subjects ( gid, subject ) VALUES ( '31922', 'Short stories' );
INSERT INTO files ( gid, file, mime ) VALUES ( '31922', 'http://www.gutenberg.org/cache/epub/31922/pg31922.cover.medium.jpg', 'image/jpeg' );
INSERT INTO files ( gid, file, mime ) VALUES ( '31922', 'http://www.gutenberg.org/cache/epub/31922/pg31922.cover.small.jpg', 'image/jpeg' );
INSERT INTO files ( gid, file, mime ) VALUES ( '31922', 'http://www.gutenberg.org/ebooks/31922.epub.images', 'application/epub+zip' );
INSERT INTO files ( gid, file, mime ) VALUES ( '31922', 'http://www.gutenberg.org/ebooks/31922.epub.noimages', 'application/epub+zip' );
INSERT INTO files ( gid, file, mime ) VALUES ( '31922', 'http://www.gutenberg.org/ebooks/31922.kindle.images', 'application/x-mobipocket-ebook' );
INSERT INTO files ( gid, file, mime ) VALUES ( '31922', 'http://www.gutenberg.org/ebooks/31922.kindle.noimages', 'application/x-mobipocket-ebook' );
INSERT INTO files ( gid, file, mime ) VALUES ( '31922', 'http://www.gutenberg.org/ebooks/31922.rdf', 'application/rdf+xml' );
INSERT INTO files ( gid, file, mime ) VALUES ( '31922', 'http://www.gutenberg.org/ebooks/31922.txt.utf-8', 'text/plain' );
INSERT INTO files ( gid, file, mime ) VALUES ( '31922', 'http://www.gutenberg.org/files/31922/31922-h.zip', 'application/ziptext/html; charset=iso-8859-1' );
