INSERT INTO files ( gid, file, mime ) VALUES ( '11900', 'http://www.gutenberg.org/ebooks/11900.kindle.images', 'application/x-mobipocket-ebook' );
INSERT INTO files ( gid, file, mime ) VALUES ( '11900', 'http://www.gutenberg.org/ebooks/11900.kindle.noimages', 'application/x-mobipocket-ebook' );
INSERT INTO files ( gid, file, mime ) VALUES ( '11900', 'http://www.gutenberg.org/ebooks/11900.rdf', 'application/rdf+xml' );
INSERT INTO files ( gid, file, mime ) VALUES ( '11900', 'http://www.gutenberg.org/ebooks/11900.txt.utf-8', 'text/plain' );
INSERT INTO files ( gid, file, mime ) VALUES ( '11900', 'http://www.gutenberg.org/files/11900/11900-8.txt', 'text/plain; charset=iso-8859-1' );
INSERT INTO files ( gid, file, mime ) VALUES ( '11900', 'http://www.gutenberg.org/files/11900/11900-8.zip', 'text/plain; charset=iso-8859-1application/zip' );
INSERT INTO files ( gid, file, mime ) VALUES ( '11900', 'http://www.gutenberg.org/files/11900/11900.txt', 'text/plain; charset=us-ascii' );
INSERT INTO files ( gid, file, mime ) VALUES ( '11900', 'http://www.gutenberg.org/files/11900/11900.zip', 'application/ziptext/plain' );
INSERT INTO titles ( gid, title, author, language, rights ) VALUES ( '12000', 'A Walk from London to John O''Groat''s With Notes by the Way', 'Burritt, Elihu', 'en', 'Public domain in the USA.' );
INSERT INTO classifications ( gid, classification ) VALUES ( '12000', 'DA' );
INSERT INTO subjects ( gid, subject ) VALUES ( '12000', 'Agriculture -- Great Britain' );
INSERT INTO subjects ( gid, subject ) VALUES ( '12000', 'England -- Description and travel' );
INSERT INTO files ( gid, file, mime ) VALUES ( '12000', 'http://www.gutenberg.org/ebooks/12000.epub.images', 'application/epub+zip' );
INSERT INTO files ( gid, file, mime ) VALUES ( '12000', 'http://www.gutenberg.org/ebooks/12000.epub.noimages', 'application/epub+zip' );
INSERT INTO files ( gid, file, mime ) VALUES ( '12000', 'http://www.gutenberg.org/ebooks/12000.kindle.images', 'application/x-mobipocket-ebook' );
INSERT INTO files ( gid, file, mime ) VALUES ( '12000', 'http://www.gutenberg.org/ebooks/12000.kindle.noimages', 'application/x-mobipocket-ebook' );
INSERT INTO files ( gid, file, mime ) VALUES ( '12000', 'http://www.gutenberg.org/ebooks/12000.rdf', 'application/rdf+xml' );
INSERT INTO files ( gid, file, mime ) VALUES ( '12000', 'http://www.gutenberg.org/ebooks/12000.txt.utf-8', 'text/plain' );
INSERT INTO files ( gid, file, mime ) VALUES ( '12000', 'http://www.gutenberg.org/files/12000/12000-h.zip', 'application/ziptext/html; charset=us-ascii' );
INSERT INTO files ( gid, file, mime ) VALUES ( '12000', 'http://www.gutenberg.org/files/12000/12000-h/12000-h.htm', 'text/html; charset=us-ascii' );
INSERT INTO files ( gid, file, mime ) VALUES ( '12000', 'http://www.gutenberg.org/files/12000/12000.txt', 'text/plain; charset=us-ascii' );
INSERT INTO files ( gid, file, mime ) VALUES ( '12000', 'http://www.gutenberg.org/files/12000/12000.zip', 'application/ziptext/plain; charset=us-ascii' );
INSERT INTO titles ( gid, title, author, language, rights ) VALUES ( '1200', 'Gargantua and Pantagruel', 'Rabelais, François', 'en', 'Public domain in the USA.' );
INSERT INTO classifications ( gid, classification ) VALUES ( '1200', 'PQ' );
INSERT INTO subjects ( gid, subject ) VALUES ( '1200', 'Giants -- Fiction' );
INSERT INTO subjects ( gid, subject ) VALUES ( '1200', 'Fantasy fiction, French -- Translations into English' );
INSERT INTO subjects ( gid, subject ) VALUES ( '1200', 'Gargantua (Legendary character) -- Fiction' );
INSERT INTO files ( gid, file, mime ) VALUES ( '1200', 'http://www.gutenberg.org/cache/epub/1200/pg1200.cover.medium.jpg', 'image/jpeg' );
INSERT INTO files ( gid, file, mime ) VALUES ( '1200', 'http://www.gutenberg.org/cache/epub/1200/pg1200.cover.small.jpg', 'image/jpeg' );
INSERT INTO files ( gid, file, mime ) VALUES ( '1200', 'http://www.gutenberg.org/ebooks/1200.epub.images', 'application/epub+zip' );
INSERT INTO files ( gid, file, mime ) VALUES ( '1200', 'http://www.gutenberg.org/ebooks/1200.epub.noimages', 'application/epub+zip' );
INSERT INTO files ( gid, file, mime ) VALUES ( '1200', 'http://www.gutenberg.org/ebooks/1200.kindle.images', 'application/x-mobipocket-ebook' );
INSERT INTO files ( gid, file, mime ) VALUES ( '1200', 'http://www.gutenberg.org/ebooks/1200.kindle.noimages', 'application/x-mobipocket-ebook' );
INSERT INTO files ( gid, file, mime ) VALUES ( '1200', 'http://www.gutenberg.org/ebooks/1200.rdf', 'application/rdf+xml' );
INSERT INTO files ( gid, file, mime ) VALUES ( '1200', 'http://www.gutenberg.org/files/1200/1200-0.txt', 'text/plain; charset=utf-8' );
INSERT INTO files ( gid, file, mime ) VALUES ( '1200', 'http://www.gutenberg.org/files/1200/1200-0.zip', 'application/ziptext/plain; charset=utf-8' );
INSERT INTO files ( gid, file, mime ) VALUES ( '1200', 'http://www.gutenberg.org/files/1200/1200-h.zip', 'application/ziptext/html; charset=iso-8859-1' );
INSERT INTO files ( gid, file, mime ) VALUES ( '1200', 'http://www.gutenberg.org/files/1200/1200-h/1200-h.htm', 'text/html; charset=iso-8859-1' );
INSERT INTO files ( gid, file, mime ) VALUES ( '1200', 'http://www.gutenberg.org/files/1200/1200.txt', 'text/plain; charset=us-ascii' );
INSERT INTO files ( gid, file, mime ) VALUES ( '1200', 'http://www.gutenberg.org/files/1200/1200.zip', 'application/ziptext/plain; charset=us-ascii' );
INSERT INTO titles ( gid, title, author, language, rights ) VALUES ( '12100', 'Between the Dark and the Daylight', 'Howells, William Dean', 'en', 'Public domain in the USA.' );
INSERT INTO classifications ( gid, classification ) VALUES ( '12100', 'PS' );
INSERT INTO subjects ( gid, subject ) VALUES ( '12100', 'Short stories' );
INSERT INTO files ( gid, file, mime ) VALUES ( '12100', 'http://www.gutenberg.org/ebooks/12100.epub.images', 'application/epub+zip' );
INSERT INTO files ( gid, file, mime ) VALUES ( '12100', 'http://www.gutenberg.org/ebooks/12100.epub.noimages', 'application/epub+zip' );
INSERT INTO files ( gid, file, mime ) VALUES ( '12100', 'http://www.gutenberg.org/ebooks/12100.kindle.images', 'application/x-mobipocket-ebook' );
INSERT INTO files ( gid, file, mime ) VALUES ( '12100', 'http://www.gutenberg.org/ebooks/12100.kindle.noimages', 'application/x-mobipocket-ebook' );
INSERT INTO files ( gid, file, mime ) VALUES ( '12100', 'http://www.gutenberg.org/ebooks/12100.rdf', 'application/rdf+xml' );
INSERT INTO files ( gid, file, mime ) VALUES ( '12100', 'http://www.gutenberg.org/ebooks/12100.txt.utf-8', 'text/plain' );
INSERT INTO files ( gid, file, mime ) VALUES ( '12100', 'http://www.gutenberg.org/files/12100/12100-8.txt', 'text/plain; charset=iso-8859-1' );
INSERT INTO files ( gid, file, mime ) VALUES ( '12100', 'http://www.gutenberg.org/files/12100/12100-8.zip', 'application/ziptext/plain; charset=iso-8859-1' );
INSERT INTO files ( gid, file, mime ) VALUES ( '12100', 'http://www.gutenberg.org/files/12100/12100-h.zip', 'application/ziptext/html' );
INSERT INTO files ( gid, file, mime ) VALUES ( '12100', 'http://www.gutenberg.org/files/12100/12100-h/12100-h.htm', 'text/html; charset=iso-8859-1' );
INSERT INTO files ( gid, file, mime ) VALUES ( '12100', 'http://www.gutenberg.org/files/12100/12100.txt', 'text/plain; charset=us-ascii' );
INSERT INTO files ( gid, file, mime ) VALUES ( '12100', 'http://www.gutenberg.org/files/12100/12100.zip', 'application/ziptext/plain' );
INSERT INTO titles ( gid, title, author, language, rights ) VALUES ( '12200', 'Delsarte System of Oratory', 'Delaumosne', 'en', 'Public domain in the USA.' );
INSERT INTO classifications ( gid, classification ) VALUES ( '12200', 'PN' );
INSERT INTO subjects ( gid, subject ) VALUES ( '12200', 'Delsarte system' );
INSERT INTO subjects ( gid, subject ) VALUES ( '12200', 'Elocution' );
INSERT INTO subjects ( gid, subject ) VALUES ( '12200', 'Oratory' );
INSERT INTO files ( gid, file, mime ) VALUES ( '12200', 'http://www.gutenberg.org/ebooks/12200.epub.images', 'application/epub+zip' );
INSERT INTO files ( gid, file, mime ) VALUES ( '12200', 'http://www.gutenberg.org/ebooks/12200.epub.noimages', 'application/epub+zip' );
INSERT INTO files ( gid, file, mime ) VALUES ( '12200', 'http://www.gutenberg.org/ebooks/12200.kindle.images', 'application/x-mobipocket-ebook' );
INSERT INTO files ( gid, file, mime ) VALUES ( '12200', 'http://www.gutenberg.org/ebooks/12200.kindle.noimages', 'application/x-mobipocket-ebook' );
INSERT INTO files ( gid, file, mime ) VALUES ( '12200', 'http://www.gutenberg.org/ebooks/12200.rdf', 'application/rdf+xml' );
INSERT INTO files ( gid, file, mime ) VALUES ( '12200', 'http://www.gutenberg.org/files/12200/12200-0.txt', 'text/plain; charset=utf-8' );
INSERT INTO files ( gid, file, mime ) VALUES ( '12200', 'http://www.gutenberg.org/files/12200/12200-0.zip', 'application/ziptext/plain; charset=utf-8' );
INSERT INTO files ( gid, file, mime ) VALUES ( '12200', 'http://www.gutenberg.org/files/12200/12200-8.txt', 'text/plain; charset=iso-8859-1' );
INSERT INTO files ( gid, file, mime ) VALUES ( '12200', 'http://www.gutenberg.org/files/12200/12200-8.zip', 'text/plain; charset=iso-8859-1application/zip' );
INSERT INTO files ( gid, file, mime ) VALUES ( '12200', 'http://www.gutenberg.org/files/12200/12200-h.zip', 'application/ziptext/html; charset=utf-8' );
INSERT INTO files ( gid, file, mime ) VALUES ( '12200', 'http://www.gutenberg.org/files/12200/12200-h/12200-h.htm', 'text/html; charset=utf-8' );
INSERT INTO files ( gid, file, mime ) VALUES ( '12200', 'http://www.gutenberg.org/files/12200/12200.txt', 'text/plain; charset=us-ascii' );
INSERT INTO files ( gid, file, mime ) VALUES ( '12200', 'http://www.gutenberg.org/files/12200/12200.zip', 'text/plain; charset=us-asciiapplication/zip' );
INSERT INTO titles ( gid, title, author, language, rights ) VALUES ( '12300', 'The True George Washington [10th Ed.]', 'Ford, Paul Leicester', 'en', 'Public domain in the USA.' );
INSERT INTO subjects ( gid, subject ) VALUES ( '12300', 'E300' );
INSERT INTO subjects ( gid, subject ) VALUES ( '12300', 'Generals -- United States -- Biography' );
INSERT INTO subjects ( gid, subject ) VALUES ( '12300', 'Presidents -- United States -- Biography' );
INSERT INTO subjects ( gid, subject ) VALUES ( '12300', 'Washington, George, 1732-1799' );
INSERT INTO files ( gid, file, mime ) VALUES ( '12300', 'http://www.gutenberg.org/ebooks/12300.epub.images', 'application/epub+zip' );
INSERT INTO files ( gid, file, mime ) VALUES ( '12300', 'http://www.gutenberg.org/ebooks/12300.epub.noimages', 'application/epub+zip' );
INSERT INTO files ( gid, file, mime ) VALUES ( '12300', 'http://www.gutenberg.org/ebooks/12300.html.images', 'text/html' );
INSERT INTO files ( gid, file, mime ) VALUES ( '12300', 'http://www.gutenberg.org/ebooks/12300.html.noimages', 'text/html' );
INSERT INTO files ( gid, file, mime ) VALUES ( '12300', 'http://www.gutenberg.org/ebooks/12300.kindle.images', 'application/x-mobipocket-ebook' );
INSERT INTO files ( gid, file, mime ) VALUES ( '12300', 'http://www.gutenberg.org/ebooks/12300.kindle.noimages', 'application/x-mobipocket-ebook' );
INSERT INTO files ( gid, file, mime ) VALUES ( '12300', 'http://www.gutenberg.org/ebooks/12300.rdf', 'application/rdf+xml' );
INSERT INTO files ( gid, file, mime ) VALUES ( '12300', 'http://www.gutenberg.org/ebooks/12300.txt.utf-8', 'text/plain' );
INSERT INTO files ( gid, file, mime ) VALUES ( '12300', 'http://www.gutenberg.org/files/12300/12300-8.txt', 'text/plain; charset=iso-8859-1' );
INSERT INTO files ( gid, file, mime ) VALUES ( '12300', 'http://www.gutenberg.org/files/12300/12300-8.zip', 'application/ziptext/plain; charset=iso-8859-1' );
INSERT INTO files ( gid, file, mime ) VALUES ( '12300', 'http://www.gutenberg.org/files/12300/12300.txt', 'text/plain; charset=us-ascii' );
INSERT INTO files ( gid, file, mime ) VALUES ( '12300', 'http://www.gutenberg.org/files/12300/12300.zip', 'application/ziptext/plain' );
INSERT INTO titles ( gid, title, author, language, rights ) VALUES ( '12400', 'Bismarck and the Foundation of the German Empire', 'Headlam, James Wycliffe', 'en', 'Public domain in the USA.' );
INSERT INTO classifications ( gid, classification ) VALUES ( '12400', 'DD' );
INSERT INTO subjects ( gid, subject ) VALUES ( '12400', 'Bismarck, Otto, Fürst von, 1815-1898' );
INSERT INTO subjects ( gid, subject ) VALUES ( '12400', 'Germany -- History' );
INSERT INTO files ( gid, file, mime ) VALUES ( '12400', 'http://www.gutenberg.org/ebooks/12400.epub.images', 'application/epub+zip' );
INSERT INTO files ( gid, file, mime ) VALUES ( '12400', 'http://www.gutenberg.org/ebooks/12400.epub.noimages', 'application/epub+zip' );
INSERT INTO files ( gid, file, mime ) VALUES ( '12400', 'http://www.gutenberg.org/ebooks/12400.kindle.images', 'application/x-mobipocket-ebook' );
INSERT INTO files ( gid, file, mime ) VALUES ( '12400', 'http://www.gutenberg.org/ebooks/12400.kindle.noimages', 'application/x-mobipocket-ebook' );
INSERT INTO files ( gid, file, mime ) VALUES ( '12400', 'http://www.gutenberg.org/ebooks/12400.rdf', 'application/rdf+xml' );
INSERT INTO files ( gid, file, mime ) VALUES ( '12400', 'http://www.gutenberg.org/ebooks/12400.txt.utf-8', 'text/plain' );
INSERT INTO files ( gid, file, mime ) VALUES ( '12400', 'http://www.gutenberg.org/files/12400/12400-8.txt', 'text/plain; charset=iso-8859-1' );
INSERT INTO files ( gid, file, mime ) VALUES ( '12400', 'http://www.gutenberg.org/files/12400/12400-8.zip', 'text/plain; charset=iso-8859-1application/zip' );
INSERT INTO files ( gid, file, mime ) VALUES ( '12400', 'http://www.gutenberg.org/files/12400/12400-h.zip', 'application/ziptext/html' );
INSERT INTO files ( gid, file, mime ) VALUES ( '12400', 'http://www.gutenberg.org/files/12400/12400-h/12400-h.htm', 'text/html; charset=iso-8859-1' );
INSERT INTO files ( gid, file, mime ) VALUES ( '12400', 'http://www.gutenberg.org/files/12400/12400.txt', 'text/plain; charset=us-ascii' );
INSERT INTO files ( gid, file, mime ) VALUES ( '12400', 'http://www.gutenberg.org/files/12400/12400.zip', 'application/ziptext/plain' );
INSERT INTO titles ( gid, title, author, language, rights ) VALUES ( '12500', 'Buena Nueva de acuerdo a Mateo: Traducción de dominio público abierta a mejoras', '', 'es', 'Public domain in the USA.' );
INSERT INTO classifications ( gid, classification ) VALUES ( '12500', 'BS' );
INSERT INTO subjects ( gid, subject ) VALUES ( '12500', 'Bible. Matthew' );
INSERT INTO files ( gid, file, mime ) VALUES ( '12500', 'http://www.gutenberg.org/ebooks/12500.epub.images', 'application/epub+zip' );
INSERT INTO files ( gid, file, mime ) VALUES ( '12500', 'http://www.gutenberg.org/ebooks/12500.epub.noimages', 'application/epub+zip' );
INSERT INTO files ( gid, file, mime ) VALUES ( '12500', 'http://www.gutenberg.org/ebooks/12500.kindle.images', 'application/x-mobipocket-ebook' );
INSERT INTO files ( gid, file, mime ) VALUES ( '12500', 'http://www.gutenberg.org/ebooks/12500.kindle.noimages', 'application/x-mobipocket-ebook' );
INSERT INTO files ( gid, file, mime ) VALUES ( '12500', 'http://www.gutenberg.org/ebooks/12500.rdf', 'application/rdf+xml' );
INSERT INTO files ( gid, file, mime ) VALUES ( '12500', 'http://www.gutenberg.org/ebooks/12500.txt.utf-8', 'text/plain' );
INSERT INTO files ( gid, file, mime ) VALUES ( '12500', 'http://www.gutenberg.org/files/12500/12500-8.txt', 'text/plain; charset=iso-8859-1' );
INSERT INTO files ( gid, file, mime ) VALUES ( '12500', 'http://www.gutenberg.org/files/12500/12500-8.zip', 'text/plain; charset=iso-8859-1application/zip' );
INSERT INTO files ( gid, file, mime ) VALUES ( '12500', 'http://www.gutenberg.org/files/12500/12500-h.zip', 'application/ziptext/html; charset=iso-8859-1' );
INSERT INTO files ( gid, file, mime ) VALUES ( '12500', 'http://www.gutenberg.org/files/12500/12500-h/12500-h.htm', 'text/html; charset=iso-8859-1' );
INSERT INTO files ( gid, file, mime ) VALUES ( '12500', 'http://www.gutenberg.org/files/12500/12500-x.zip', 'application/ziptext/xml; charset=iso-8859-1' );
INSERT INTO files ( gid, file, mime ) VALUES ( '12500', 'http://www.gutenberg.org/files/12500/12500-x/12500-x.xml', 'text/xml; charset=iso-8859-1' );
INSERT INTO titles ( gid, title, author, language, rights ) VALUES ( '12600', 'Old and New Masters', 'Lynd, Robert', 'en', 'Public domain in the USA.' );
INSERT INTO classifications ( gid, classification ) VALUES ( '12600', 'PN' );
INSERT INTO subjects ( gid, subject ) VALUES ( '12600', 'English literature -- 20th century -- History and criticism' );
INSERT INTO subjects ( gid, subject ) VALUES ( '12600', 'Literature, Modern -- History and criticism' );
INSERT INTO subjects ( gid, subject ) VALUES ( '12600', 'English literature -- 19th century -- History and criticism' );
INSERT INTO files ( gid, file, mime ) VALUES ( '12600', 'http://www.gutenberg.org/ebooks/12600.epub.images', 'application/epub+zip' );
INSERT INTO files ( gid, file, mime ) VALUES ( '12600', 'http://www.gutenberg.org/ebooks/12600.epub.noimages', 'application/epub+zip' );
INSERT INTO files ( gid, file, mime ) VALUES ( '12600', 'http://www.gutenberg.org/ebooks/12600.kindle.images', 'application/x-mobipocket-ebook' );
INSERT INTO files ( gid, file, mime ) VALUES ( '12600', 'http://www.gutenberg.org/ebooks/12600.kindle.noimages', 'application/x-mobipocket-ebook' );
INSERT INTO files ( gid, file, mime ) VALUES ( '12600', 'http://www.gutenberg.org/ebooks/12600.rdf', 'application/rdf+xml' );
INSERT INTO files ( gid, file, mime ) VALUES ( '12600', 'http://www.gutenberg.org/ebooks/12600.txt.utf-8', 'text/plain' );
INSERT INTO files ( gid, file, mime ) VALUES ( '12600', 'http://www.gutenberg.org/files/12600/12600-8.txt', 'text/plain; charset=iso-8859-1' );
INSERT INTO files ( gid, file, mime ) VALUES ( '12600', 'http://www.gutenberg.org/files/12600/12600-8.zip', 'application/ziptext/plain; charset=iso-8859-1' );
INSERT INTO files ( gid, file, mime ) VALUES ( '12600', 'http://www.gutenberg.org/files/12600/12600-h.zip', 'application/ziptext/html; charset=iso-8859-1' );
INSERT INTO files ( gid, file, mime ) VALUES ( '12600', 'http://www.gutenberg.org/files/12600/12600-h/12600-h.htm', 'text/html; charset=iso-8859-1' );
INSERT INTO files ( gid, file, mime ) VALUES ( '12600', 'http://www.gutenberg.org/files/12600/12600.txt', 'text/plain; charset=us-ascii' );
INSERT INTO files ( gid, file, mime ) VALUES ( '12600', 'http://www.gutenberg.org/files/12600/12600.zip', 'application/ziptext/plain; charset=us-ascii' );
INSERT INTO titles ( gid, title, author, language, rights ) VALUES ( '12700', 'Ralph Waldo Emerson', 'Holmes, Oliver Wendell', 'en', 'Public domain in the USA.' );
INSERT INTO classifications ( gid, classification ) VALUES ( '12700', 'PS' );
INSERT INTO subjects ( gid, subject ) VALUES ( '12700', 'Emerson, Ralph Waldo, 1803-1882' );
INSERT INTO subjects ( gid, subject ) VALUES ( '12700', 'Authors, American -- 19th century -- Biography' );
INSERT INTO files ( gid, file, mime ) VALUES ( '12700', 'http://www.gutenberg.org/ebooks/12700.epub.images', 'application/epub+zip' );
INSERT INTO files ( gid, file, mime ) VALUES ( '12700', 'http://www.gutenberg.org/ebooks/12700.epub.noimages', 'application/epub+zip' );
INSERT INTO files ( gid, file, mime ) VALUES ( '12700', 'http://www.gutenberg.org/ebooks/12700.html.images', 'text/html' );
INSERT INTO files ( gid, file, mime ) VALUES ( '12700', 'http://www.gutenberg.org/ebooks/12700.html.noimages', 'text/html' );
INSERT INTO files ( gid, file, mime ) VALUES ( '12700', 'http://www.gutenberg.org/ebooks/12700.kindle.images', 'application/x-mobipocket-ebook' );
INSERT INTO files ( gid, file, mime ) VALUES ( '12700', 'http://www.gutenberg.org/ebooks/12700.kindle.noimages', 'application/x-mobipocket-ebook' );
INSERT INTO files ( gid, file, mime ) VALUES ( '12700', 'http://www.gutenberg.org/ebooks/12700.rdf', 'application/rdf+xml' );
INSERT INTO files ( gid, file, mime ) VALUES ( '12700', 'http://www.gutenberg.org/ebooks/12700.txt.utf-8', 'text/plain' );
INSERT INTO files ( gid, file, mime ) VALUES ( '12700', 'http://www.gutenberg.org/files/12700/12700-8.txt', 'text/plain; charset=iso-8859-1' );
INSERT INTO files ( gid, file, mime ) VALUES ( '12700', 'http://www.gutenberg.org/files/12700/12700-8.zip', 'text/plain; charset=iso-8859-1application/zip' );
INSERT INTO files ( gid, file, mime ) VALUES ( '12700', 'http://www.gutenberg.org/files/12700/12700.txt', 'text/plain; charset=us-ascii' );
INSERT INTO files ( gid, file, mime ) VALUES ( '12700', 'http://www.gutenberg.org/files/12700/12700.zip', 'application/ziptext/plain; charset=us-ascii' );
INSERT INTO titles ( gid, title, author, language, rights ) VALUES ( '12800', 'Abraham Lincoln, Volume I', 'Morse, John Torrey', 'en', 'Public domain in the USA.' );
INSERT INTO subjects ( gid, subject ) VALUES ( '12800', 'E456' );
INSERT INTO subjects ( gid, subject ) VALUES ( '12800', 'Presidents -- United States -- Biography' );
INSERT INTO subjects ( gid, subject ) VALUES ( '12800', 'Lincoln, Abraham, 1809-1865' );
INSERT INTO files ( gid, file, mime ) VALUES ( '12800', 'http://www.gutenberg.org/ebooks/12800.epub.images', 'application/epub+zip' );
INSERT INTO files ( gid, file, mime ) VALUES ( '12800', 'http://www.gutenberg.org/ebooks/12800.epub.noimages', 'application/epub+zip' );
INSERT INTO files ( gid, file, mime ) VALUES ( '12800', 'http://www.gutenberg.org/ebooks/12800.kindle.images', 'application/x-mobipocket-ebook' );
INSERT INTO files ( gid, file, mime ) VALUES ( '12800', 'http://www.gutenberg.org/ebooks/12800.kindle.noimages', 'application/x-mobipocket-ebook' );
INSERT INTO files ( gid, file, mime ) VALUES ( '12800', 'http://www.gutenberg.org/ebooks/12800.rdf', 'application/rdf+xml' );
INSERT INTO files ( gid, file, mime ) VALUES ( '12800', 'http://www.gutenberg.org/ebooks/12800.txt.utf-8', 'text/plain' );
INSERT INTO files ( gid, file, mime ) VALUES ( '12800', 'http://www.gutenberg.org/files/12800/12800-8.txt', 'text/plain; charset=iso-8859-1' );
INSERT INTO files ( gid, file, mime ) VALUES ( '12800', 'http://www.gutenberg.org/files/12800/12800-8.zip', 'text/plain; charset=iso-8859-1application/zip' );
INSERT INTO files ( gid, file, mime ) VALUES ( '12800', 'http://www.gutenberg.org/files/12800/12800-h.zip', 'text/html; charset=iso-8859-1application/zip' );
INSERT INTO files ( gid, file, mime ) VALUES ( '12800', 'http://www.gutenberg.org/files/12800/12800-h/12800-h.htm', 'text/html; charset=iso-8859-1' );
INSERT INTO files ( gid, file, mime ) VALUES ( '12800', 'http://www.gutenberg.org/files/12800/12800.txt', 'text/plain; charset=us-ascii' );
INSERT INTO files ( gid, file, mime ) VALUES ( '12800', 'http://www.gutenberg.org/files/12800/12800.zip', 'text/plain; charset=us-asciiapplication/zip' );
INSERT INTO titles ( gid, title, author, language, rights ) VALUES ( '53000', 'France and England in North America, Part IV: The Old Régime In Canada', 'Parkman, Francis', 'en', 'Public domain in the USA.' );
INSERT INTO subjects ( gid, subject ) VALUES ( '53000', 'Canada -- History -- To 1763 (New France)' );
INSERT INTO subjects ( gid, subject ) VALUES ( '53000', 'F1001' );
INSERT INTO files ( gid, file, mime ) VALUES ( '53000', 'http://www.gutenberg.org/cache/epub/53000/pg53000.cover.medium.jpg', 'image/jpeg' );
INSERT INTO files ( gid, file, mime ) VALUES ( '53000', 'http://www.gutenberg.org/cache/epub/53000/pg53000.cover.small.jpg', 'image/jpeg' );
INSERT INTO files ( gid, file, mime ) VALUES ( '53000', 'http://www.gutenberg.org/ebooks/53000.epub.images', 'application/epub+zip' );
INSERT INTO files ( gid, file, mime ) VALUES ( '53000', 'http://www.gutenberg.org/ebooks/53000.epub.noimages', 'application/epub+zip' );
INSERT INTO files ( gid, file, mime ) VALUES ( '53000', 'http://www.gutenberg.org/ebooks/53000.kindle.images', 'application/x-mobipocket-ebook' );
INSERT INTO files ( gid, file, mime ) VALUES ( '53000', 'http://www.gutenberg.org/ebooks/53000.kindle.noimages', 'application/x-mobipocket-ebook' );
INSERT INTO files ( gid, file, mime ) VALUES ( '53000', 'http://www.gutenberg.org/ebooks/53000.rdf', 'application/rdf+xml' );
INSERT INTO files ( gid, file, mime ) VALUES ( '53000', 'http://www.gutenberg.org/files/53000/53000-0.txt', 'text/plain; charset=utf-8' );
INSERT INTO files ( gid, file, mime ) VALUES ( '53000', 'http://www.gutenberg.org/files/53000/53000-0.zip', 'text/plain; charset=utf-8application/zip' );
INSERT INTO files ( gid, file, mime ) VALUES ( '53000', 'http://www.gutenberg.org/files/53000/53000-h.zip', 'application/ziptext/html; charset=utf-8' );
INSERT INTO files ( gid, file, mime ) VALUES ( '53000', 'http://www.gutenberg.org/files/53000/53000-h/53000-h.htm', 'text/html; charset=utf-8' );
INSERT INTO titles ( gid, title, author, language, rights ) VALUES ( '5300', 'Tales and Novels of J. de La Fontaine — Complete', 'La Fontaine, Jean de', 'en', 'Public domain in the USA.' );
INSERT INTO classifications ( gid, classification ) VALUES ( '5300', 'PQ' );
INSERT INTO subjects ( gid, subject ) VALUES ( '5300', 'French poetry -- Translations into English' );
INSERT INTO subjects ( gid, subject ) VALUES ( '5300', 'Fables, French -- Translations into English' );
INSERT INTO files ( gid, file, mime ) VALUES ( '5300', 'http://www.gutenberg.org/cache/epub/5300/pg5300.cover.medium.jpg', 'image/jpeg' );
INSERT INTO files ( gid, file, mime ) VALUES ( '5300', 'http://www.gutenberg.org/cache/epub/5300/pg5300.cover.small.jpg', 'image/jpeg' );
INSERT INTO files ( gid, file, mime ) VALUES ( '5300', 'http://www.gutenberg.org/ebooks/5300.epub.images', 'application/epub+zip' );
INSERT INTO files ( gid, file, mime ) VALUES ( '5300', 'http://www.gutenberg.org/ebooks/5300.epub.noimages', 'application/epub+zip' );
INSERT INTO files ( gid, file, mime ) VALUES ( '5300', 'http://www.gutenberg.org/ebooks/5300.kindle.images', 'application/x-mobipocket-ebook' );
INSERT INTO files ( gid, file, mime ) VALUES ( '5300', 'http://www.gutenberg.org/ebooks/5300.kindle.noimages', 'application/x-mobipocket-ebook' );
INSERT INTO files ( gid, file, mime ) VALUES ( '5300', 'http://www.gutenberg.org/ebooks/5300.rdf', 'application/rdf+xml' );
INSERT INTO files ( gid, file, mime ) VALUES ( '5300', 'http://www.gutenberg.org/files/5300/5300-0.txt', 'text/plain; charset=utf-8' );
INSERT INTO files ( gid, file, mime ) VALUES ( '5300', 'http://www.gutenberg.org/files/5300/5300-0.zip', 'application/ziptext/plain; charset=utf-8' );
INSERT INTO files ( gid, file, mime ) VALUES ( '5300', 'http://www.gutenberg.org/files/5300/5300-h.zip', 'application/ziptext/html; charset=utf-8' );
INSERT INTO files ( gid, file, mime ) VALUES ( '5300', 'http://www.gutenberg.org/files/5300/5300-h/5300-h.htm', 'text/html; charset=utf-8' );
INSERT INTO files ( gid, file, mime ) VALUES ( '5300', 'http://www.gutenberg.org/files/5300/5300.txt', 'text/plain; charset=us-ascii' );
INSERT INTO files ( gid, file, mime ) VALUES ( '5300', 'http://www.gutenberg.org/files/5300/5300.zip', 'text/plain; charset=us-asciiapplication/zip' );
INSERT INTO titles ( gid, title, author, language, rights ) VALUES ( '53100', 'Aus zwei Welttheilen. Zweiter Band. Gesammelte Erzählungen', 'Gerstäcker, Friedrich', 'de', 'Public domain in the USA.' );
INSERT INTO classifications ( gid, classification ) VALUES ( '53100', 'PT' );
INSERT INTO subjects ( gid, subject ) VALUES ( '53100', 'German fiction -- 19th century' );
INSERT INTO files ( gid, file, mime ) VALUES ( '53100', 'http://www.gutenberg.org/cache/epub/53100/pg53100.cover.medium.jpg', 'image/jpeg' );
INSERT INTO files ( gid, file, mime ) VALUES ( '53100', 'http://www.gutenberg.org/cache/epub/53100/pg53100.cover.small.jpg', 'image/jpeg' );
INSERT INTO files ( gid, file, mime ) VALUES ( '53100', 'http://www.gutenberg.org/ebooks/53100.epub.images', 'application/epub+zip' );
INSERT INTO files ( gid, file, mime ) VALUES ( '53100', 'http://www.gutenberg.org/ebooks/53100.epub.noimages', 'application/epub+zip' );
INSERT INTO files ( gid, file, mime ) VALUES ( '53100', 'http://www.gutenberg.org/ebooks/53100.kindle.images', 'application/x-mobipocket-ebook' );
INSERT INTO files ( gid, file, mime ) VALUES ( '53100', 'http://www.gutenberg.org/ebooks/53100.kindle.noimages', 'application/x-mobipocket-ebook' );
INSERT INTO files ( gid, file, mime ) VALUES ( '53100', 'http://www.gutenberg.org/ebooks/53100.rdf', 'application/rdf+xml' );
INSERT INTO files ( gid, file, mime ) VALUES ( '53100', 'http://www.gutenberg.org/ebooks/53100.txt.utf-8', 'text/plain' );
INSERT INTO files ( gid, file, mime ) VALUES ( '53100', 'http://www.gutenberg.org/files/53100/53100-8.txt', 'text/plain; charset=iso-8859-1' );
INSERT INTO files ( gid, file, mime ) VALUES ( '53100', 'http://www.gutenberg.org/files/53100/53100-8.zip', 'application/ziptext/plain; charset=iso-8859-1' );
INSERT INTO files ( gid, file, mime ) VALUES ( '53100', 'http://www.gutenberg.org/files/53100/53100-h.zip', 'text/html; charset=iso-8859-1application/zip' );
INSERT INTO files ( gid, file, mime ) VALUES ( '53100', 'http://www.gutenberg.org/files/53100/53100-h/53100-h.htm', 'text/html; charset=iso-8859-1' );
INSERT INTO titles ( gid, title, author, language, rights ) VALUES ( '53300', 'Nature''s Teachings: Human Invention Anticipated by Nature', 'Wood, J. G. (John George)', 'en', 'Public domain in the USA.' );
INSERT INTO classifications ( gid, classification ) VALUES ( '53300', 'Q' );
INSERT INTO subjects ( gid, subject ) VALUES ( '53300', 'Inventions' );
INSERT INTO subjects ( gid, subject ) VALUES ( '53300', 'Natural history' );
INSERT INTO files ( gid, file, mime ) VALUES ( '53300', 'http://www.gutenberg.org/cache/epub/53300/pg53300.cover.medium.jpg', 'image/jpeg' );
INSERT INTO files ( gid, file, mime ) VALUES ( '53300', 'http://www.gutenberg.org/cache/epub/53300/pg53300.cover.small.jpg', 'image/jpeg' );
INSERT INTO files ( gid, file, mime ) VALUES ( '53300', 'http://www.gutenberg.org/ebooks/53300.epub.images', 'application/epub+zip' );
INSERT INTO files ( gid, file, mime ) VALUES ( '53300', 'http://www.gutenberg.org/ebooks/53300.epub.noimages', 'application/epub+zip' );
INSERT INTO files ( gid, file, mime ) VALUES ( '53300', 'http://www.gutenberg.org/ebooks/53300.kindle.images', 'application/x-mobipocket-ebook' );
INSERT INTO files ( gid, file, mime ) VALUES ( '53300', 'http://www.gutenberg.org/ebooks/53300.kindle.noimages', 'application/x-mobipocket-ebook' );
INSERT INTO files ( gid, file, mime ) VALUES ( '53300', 'http://www.gutenberg.org/ebooks/53300.rdf', 'application/rdf+xml' );
INSERT INTO files ( gid, file, mime ) VALUES ( '53300', 'http://www.gutenberg.org/files/53300/53300-0.txt', 'text/plain; charset=utf-8' );
INSERT INTO files ( gid, file, mime ) VALUES ( '53300', 'http://www.gutenberg.org/files/53300/53300-0.zip', 'text/plain; charset=utf-8application/zip' );
INSERT INTO files ( gid, file, mime ) VALUES ( '53300', 'http://www.gutenberg.org/files/53300/53300-h.zip', 'text/html; charset=utf-8application/zip' );
INSERT INTO files ( gid, file, mime ) VALUES ( '53300', 'http://www.gutenberg.org/files/53300/53300-h/53300-h.htm', 'text/html; charset=utf-8' );
INSERT INTO titles ( gid, title, author, language, rights ) VALUES ( '53200', 'The Camp Fire Girls by the Blue Lagoon', 'Vandercook, Margaret', 'en', 'Public domain in the USA.' );
INSERT INTO classifications ( gid, classification ) VALUES ( '53200', 'PZ' );
INSERT INTO subjects ( gid, subject ) VALUES ( '53200', 'Young women -- Societies and clubs -- Juvenile fiction' );
INSERT INTO subjects ( gid, subject ) VALUES ( '53200', 'First loves -- Juvenile fiction' );
INSERT INTO subjects ( gid, subject ) VALUES ( '53200', 'Adventure and adventurers -- Juvenile fiction' );
INSERT INTO subjects ( gid, subject ) VALUES ( '53200', 'Camp Fire Girls -- Juvenile fiction' );
INSERT INTO subjects ( gid, subject ) VALUES ( '53200', 'New York (N.Y.) -- Description and travel -- Juvenile fiction' );
INSERT INTO subjects ( gid, subject ) VALUES ( '53200', 'Young women -- Social life and customs -- Juvenile fiction' );
INSERT INTO files ( gid, file, mime ) VALUES ( '53200', 'http://www.gutenberg.org/cache/epub/53200/pg53200.cover.medium.jpg', 'image/jpeg' );
INSERT INTO files ( gid, file, mime ) VALUES ( '53200', 'http://www.gutenberg.org/cache/epub/53200/pg53200.cover.small.jpg', 'image/jpeg' );
INSERT INTO files ( gid, file, mime ) VALUES ( '53200', 'http://www.gutenberg.org/ebooks/53200.epub.images', 'application/epub+zip' );
INSERT INTO files ( gid, file, mime ) VALUES ( '53200', 'http://www.gutenberg.org/ebooks/53200.epub.noimages', 'application/epub+zip' );
INSERT INTO files ( gid, file, mime ) VALUES ( '53200', 'http://www.gutenberg.org/ebooks/53200.kindle.images', 'application/x-mobipocket-ebook' );
INSERT INTO files ( gid, file, mime ) VALUES ( '53200', 'http://www.gutenberg.org/ebooks/53200.kindle.noimages', 'application/x-mobipocket-ebook' );
INSERT INTO files ( gid, file, mime ) VALUES ( '53200', 'http://www.gutenberg.org/ebooks/53200.rdf', 'application/rdf+xml' );
INSERT INTO files ( gid, file, mime ) VALUES ( '53200', 'http://www.gutenberg.org/ebooks/53200.rst.gen', 'text/x-rst' );
INSERT INTO files ( gid, file, mime ) VALUES ( '53200', 'http://www.gutenberg.org/files/53200/53200-0.txt', 'text/plain; charset=utf-8' );
INSERT INTO files ( gid, file, mime ) VALUES ( '53200', 'http://www.gutenberg.org/files/53200/53200-0.zip', 'text/plain; charset=utf-8application/zip' );
INSERT INTO files ( gid, file, mime ) VALUES ( '53200', 'http://www.gutenberg.org/files/53200/53200-8.txt', 'text/plain; charset=iso-8859-1' );
INSERT INTO files ( gid, file, mime ) VALUES ( '53200', 'http://www.gutenberg.org/files/53200/53200-8.zip', 'application/ziptext/plain; charset=iso-8859-1' );
INSERT INTO files ( gid, file, mime ) VALUES ( '53200', 'http://www.gutenberg.org/files/53200/53200-h.zip', 'text/html; charset=utf-8application/zip' );
INSERT INTO files ( gid, file, mime ) VALUES ( '53200', 'http://www.gutenberg.org/files/53200/53200-h/53200-h.html', 'text/html; charset=utf-8' );
INSERT INTO files ( gid, file, mime ) VALUES ( '53200', 'http://www.gutenberg.org/files/53200/53200-rst.zip', 'text/x-rstapplication/zip' );
INSERT INTO files ( gid, file, mime ) VALUES ( '53200', 'http://www.gutenberg.org/files/53200/53200-rst/53200-rst.rst', 'text/x-rst' );
INSERT INTO files ( gid, file, mime ) VALUES ( '53200', 'http://www.gutenberg.org/files/53200/53200.txt', 'text/plain; charset=us-ascii' );
INSERT INTO files ( gid, file, mime ) VALUES ( '53200', 'http://www.gutenberg.org/files/53200/53200.zip', 'text/plain; charset=us-asciiapplication/zip' );
INSERT INTO titles ( gid, title, author, language, rights ) VALUES ( '53400', 'The East India Vade-Mecum, Volume 1 (of 2) or, complete guide to gentlemen intended for the civil, military, or naval service of the East India Company.', 'Williamson, Thomas', 'en', 'Public domain in the USA.' );
INSERT INTO classifications ( gid, classification ) VALUES ( '53400', 'DS' );
INSERT INTO subjects ( gid, subject ) VALUES ( '53400', 'India -- Social life and customs -- 19th century -- Handbooks, manuals, etc.' );
INSERT INTO files ( gid, file, mime ) VALUES ( '53400', 'http://www.gutenberg.org/cache/epub/53400/pg53400.cover.medium.jpg', 'image/jpeg' );
INSERT INTO files ( gid, file, mime ) VALUES ( '53400', 'http://www.gutenberg.org/cache/epub/53400/pg53400.cover.small.jpg', 'image/jpeg' );
INSERT INTO files ( gid, file, mime ) VALUES ( '53400', 'http://www.gutenberg.org/ebooks/53400.epub.images', 'application/epub+zip' );
INSERT INTO files ( gid, file, mime ) VALUES ( '53400', 'http://www.gutenberg.org/ebooks/53400.epub.noimages', 'application/epub+zip' );
INSERT INTO files ( gid, file, mime ) VALUES ( '53400', 'http://www.gutenberg.org/ebooks/53400.kindle.images', 'application/x-mobipocket-ebook' );
INSERT INTO files ( gid, file, mime ) VALUES ( '53400', 'http://www.gutenberg.org/ebooks/53400.kindle.noimages', 'application/x-mobipocket-ebook' );
INSERT INTO files ( gid, file, mime ) VALUES ( '53400', 'http://www.gutenberg.org/ebooks/53400.rdf', 'application/rdf+xml' );
INSERT INTO files ( gid, file, mime ) VALUES ( '53400', 'http://www.gutenberg.org/files/53400/53400-0.txt', 'text/plain; charset=utf-8' );
INSERT INTO files ( gid, file, mime ) VALUES ( '53400', 'http://www.gutenberg.org/files/53400/53400-0.zip', 'application/ziptext/plain; charset=utf-8' );
INSERT INTO files ( gid, file, mime ) VALUES ( '53400', 'http://www.gutenberg.org/files/53400/53400-h.zip', 'text/html; charset=utf-8application/zip' );
INSERT INTO files ( gid, file, mime ) VALUES ( '53400', 'http://www.gutenberg.org/files/53400/53400-h/53400-h.htm', 'text/html; charset=utf-8' );
INSERT INTO titles ( gid, title, author, language, rights ) VALUES ( '53500', 'The Romance of the Ranchos', 'Conner, E. Palmer', 'en', 'Public domain in the USA.' );
INSERT INTO subjects ( gid, subject ) VALUES ( '53500', 'Los Angeles County (Calif.) -- History' );
INSERT INTO subjects ( gid, subject ) VALUES ( '53500', 'F850.5' );
INSERT INTO subjects ( gid, subject ) VALUES ( '53500', 'Land grants -- California -- Los Angeles County' );
INSERT INTO files ( gid, file, mime ) VALUES ( '53500', 'http://www.gutenberg.org/cache/epub/53500/pg53500.cover.medium.jpg', 'image/jpeg' );
INSERT INTO files ( gid, file, mime ) VALUES ( '53500', 'http://www.gutenberg.org/cache/epub/53500/pg53500.cover.small.jpg', 'image/jpeg' );
INSERT INTO files ( gid, file, mime ) VALUES ( '53500', 'http://www.gutenberg.org/ebooks/53500.epub.images', 'application/epub+zip' );
INSERT INTO files ( gid, file, mime ) VALUES ( '53500', 'http://www.gutenberg.org/ebooks/53500.epub.noimages', 'application/epub+zip' );
INSERT INTO files ( gid, file, mime ) VALUES ( '53500', 'http://www.gutenberg.org/ebooks/53500.kindle.images', 'application/x-mobipocket-ebook' );
INSERT INTO files ( gid, file, mime ) VALUES ( '53500', 'http://www.gutenberg.org/ebooks/53500.kindle.noimages', 'application/x-mobipocket-ebook' );
INSERT INTO files ( gid, file, mime ) VALUES ( '53500', 'http://www.gutenberg.org/ebooks/53500.rdf', 'application/rdf+xml' );
INSERT INTO files ( gid, file, mime ) VALUES ( '53500', 'http://www.gutenberg.org/files/53500/53500-0.txt', 'text/plain; charset=utf-8' );
INSERT INTO files ( gid, file, mime ) VALUES ( '53500', 'http://www.gutenberg.org/files/53500/53500-0.zip', 'text/plain; charset=utf-8application/zip' );
INSERT INTO files ( gid, file, mime ) VALUES ( '53500', 'http://www.gutenberg.org/files/53500/53500-h.zip', 'application/zipapplication/octet-stream' );
INSERT INTO files ( gid, file, mime ) VALUES ( '53500', 'http://www.gutenberg.org/files/53500/53500-h/53500-h.htm', 'text/html' );
INSERT INTO files ( gid, file, mime ) VALUES ( '53500', 'http://www.gutenberg.org/files/53500/53500.txt', 'text/plain; charset=us-ascii' );
INSERT INTO files ( gid, file, mime ) VALUES ( '53500', 'http://www.gutenberg.org/files/53500/53500.zip', 'application/ziptext/plain; charset=us-ascii' );
INSERT INTO titles ( gid, title, author, language, rights ) VALUES ( '53600', 'Breton Folk: An artistic tour in Brittany', 'Blackburn, Henry', 'en', 'Public domain in the USA.' );
INSERT INTO classifications ( gid, classification ) VALUES ( '53600', 'DC' );
INSERT INTO subjects ( gid, subject ) VALUES ( '53600', 'Brittany (France) -- Description and travel' );
INSERT INTO files ( gid, file, mime ) VALUES ( '53600', 'http://www.gutenberg.org/cache/epub/53600/pg53600.cover.medium.jpg', 'image/jpeg' );
INSERT INTO files ( gid, file, mime ) VALUES ( '53600', 'http://www.gutenberg.org/cache/epub/53600/pg53600.cover.small.jpg', 'image/jpeg' );
INSERT INTO files ( gid, file, mime ) VALUES ( '53600', 'http://www.gutenberg.org/ebooks/53600.epub.images', 'application/epub+zip' );
INSERT INTO files ( gid, file, mime ) VALUES ( '53600', 'http://www.gutenberg.org/ebooks/53600.epub.noimages', 'application/epub+zip' );
INSERT INTO files ( gid, file, mime ) VALUES ( '53600', 'http://www.gutenberg.org/ebooks/53600.kindle.images', 'application/x-mobipocket-ebook' );
INSERT INTO files ( gid, file, mime ) VALUES ( '53600', 'http://www.gutenberg.org/ebooks/53600.kindle.noimages', 'application/x-mobipocket-ebook' );
INSERT INTO files ( gid, file, mime ) VALUES ( '53600', 'http://www.gutenberg.org/ebooks/53600.rdf', 'application/rdf+xml' );
INSERT INTO files ( gid, file, mime ) VALUES ( '53600', 'http://www.gutenberg.org/files/53600/53600-0.txt', 'text/plain; charset=utf-8' );
INSERT INTO files ( gid, file, mime ) VALUES ( '53600', 'http://www.gutenberg.org/files/53600/53600-0.zip', 'application/ziptext/plain; charset=utf-8' );
INSERT INTO files ( gid, file, mime ) VALUES ( '53600', 'http://www.gutenberg.org/files/53600/53600-h.zip', 'application/ziptext/html; charset=utf-8' );
INSERT INTO files ( gid, file, mime ) VALUES ( '53600', 'http://www.gutenberg.org/files/53600/53600-h/53600-h.htm', 'text/html; charset=utf-8' );
INSERT INTO titles ( gid, title, author, language, rights ) VALUES ( '53700', 'Tales from the Works of G. A. Henty', 'Henty, G. A. (George Alfred)', 'en', 'Public domain in the USA.' );
INSERT INTO classifications ( gid, classification ) VALUES ( '53700', 'PR' );
INSERT INTO subjects ( gid, subject ) VALUES ( '53700', 'Fiction' );
INSERT INTO subjects ( gid, subject ) VALUES ( '53700', 'Adventure stories, English' );
INSERT INTO files ( gid, file, mime ) VALUES ( '53700', 'http://www.gutenberg.org/cache/epub/53700/pg53700.cover.medium.jpg', 'image/jpeg' );
INSERT INTO files ( gid, file, mime ) VALUES ( '53700', 'http://www.gutenberg.org/cache/epub/53700/pg53700.cover.small.jpg', 'image/jpeg' );
INSERT INTO files ( gid, file, mime ) VALUES ( '53700', 'http://www.gutenberg.org/ebooks/53700.epub.images', 'application/epub+zip' );
INSERT INTO files ( gid, file, mime ) VALUES ( '53700', 'http://www.gutenberg.org/ebooks/53700.epub.noimages', 'application/epub+zip' );
INSERT INTO files ( gid, file, mime ) VALUES ( '53700', 'http://www.gutenberg.org/ebooks/53700.kindle.images', 'application/x-mobipocket-ebook' );
INSERT INTO files ( gid, file, mime ) VALUES ( '53700', 'http://www.gutenberg.org/ebooks/53700.kindle.noimages', 'application/x-mobipocket-ebook' );
INSERT INTO files ( gid, file, mime ) VALUES ( '53700', 'http://www.gutenberg.org/ebooks/53700.rdf', 'application/rdf+xml' );
INSERT INTO files ( gid, file, mime ) VALUES ( '53700', 'http://www.gutenberg.org/ebooks/53700.rst.gen', 'text/x-rst' );
INSERT INTO files ( gid, file, mime ) VALUES ( '53700', 'http://www.gutenberg.org/files/53700/53700-0.txt', 'text/plain; charset=utf-8' );
INSERT INTO files ( gid, file, mime ) VALUES ( '53700', 'http://www.gutenberg.org/files/53700/53700-0.zip', 'text/plain; charset=utf-8application/zip' );
INSERT INTO files ( gid, file, mime ) VALUES ( '53700', 'http://www.gutenberg.org/files/53700/53700-8.txt', 'text/plain; charset=iso-8859-1' );
INSERT INTO files ( gid, file, mime ) VALUES ( '53700', 'http://www.gutenberg.org/files/53700/53700-8.zip', 'text/plain; charset=iso-8859-1application/zip' );
INSERT INTO files ( gid, file, mime ) VALUES ( '53700', 'http://www.gutenberg.org/files/53700/53700-h.zip', 'text/html; charset=utf-8application/zip' );
INSERT INTO files ( gid, file, mime ) VALUES ( '53700', 'http://www.gutenberg.org/files/53700/53700-h/53700-h.html', 'text/html; charset=utf-8' );
INSERT INTO files ( gid, file, mime ) VALUES ( '53700', 'http://www.gutenberg.org/files/53700/53700-rst.zip', 'application/ziptext/x-rst' );
INSERT INTO files ( gid, file, mime ) VALUES ( '53700', 'http://www.gutenberg.org/files/53700/53700-rst/53700-rst.rst', 'text/x-rst' );
INSERT INTO files ( gid, file, mime ) VALUES ( '53700', 'http://www.gutenberg.org/files/53700/53700.txt', 'text/plain; charset=us-ascii' );
INSERT INTO files ( gid, file, mime ) VALUES ( '53700', 'http://www.gutenberg.org/files/53700/53700.zip', 'text/plain; charset=us-asciiapplication/zip' );
INSERT INTO titles ( gid, title, author, language, rights ) VALUES ( '53800', 'Orpheus and Other Poems', 'Brownlow, Edward Burrough', 'en', 'Public domain in the USA.' );
INSERT INTO classifications ( gid, classification ) VALUES ( '53800', 'PS' );
INSERT INTO subjects ( gid, subject ) VALUES ( '53800', 'Canadian poetry -- 19th century' );
INSERT INTO files ( gid, file, mime ) VALUES ( '53800', 'http://www.gutenberg.org/cache/epub/53800/pg53800.cover.medium.jpg', 'image/jpeg' );
INSERT INTO files ( gid, file, mime ) VALUES ( '53800', 'http://www.gutenberg.org/cache/epub/53800/pg53800.cover.small.jpg', 'image/jpeg' );
INSERT INTO files ( gid, file, mime ) VALUES ( '53800', 'http://www.gutenberg.org/ebooks/53800.epub.images', 'application/epub+zip' );
INSERT INTO files ( gid, file, mime ) VALUES ( '53800', 'http://www.gutenberg.org/ebooks/53800.epub.noimages', 'application/epub+zip' );
INSERT INTO files ( gid, file, mime ) VALUES ( '53800', 'http://www.gutenberg.org/ebooks/53800.kindle.images', 'application/x-mobipocket-ebook' );
INSERT INTO files ( gid, file, mime ) VALUES ( '53800', 'http://www.gutenberg.org/ebooks/53800.kindle.noimages', 'application/x-mobipocket-ebook' );
INSERT INTO files ( gid, file, mime ) VALUES ( '53800', 'http://www.gutenberg.org/ebooks/53800.rdf', 'application/rdf+xml' );
INSERT INTO files ( gid, file, mime ) VALUES ( '53800', 'http://www.gutenberg.org/files/53800/53800-0.txt', 'text/plain; charset=utf-8' );
INSERT INTO files ( gid, file, mime ) VALUES ( '53800', 'http://www.gutenberg.org/files/53800/53800-0.zip', 'text/plain; charset=utf-8application/zip' );
INSERT INTO files ( gid, file, mime ) VALUES ( '53800', 'http://www.gutenberg.org/files/53800/53800-h.zip', 'application/ziptext/html; charset=utf-8' );
INSERT INTO files ( gid, file, mime ) VALUES ( '53800', 'http://www.gutenberg.org/files/53800/53800-h/53800-h.htm', 'text/html; charset=utf-8' );
INSERT INTO titles ( gid, title, author, language, rights ) VALUES ( '53900', 'Historical Record of the Seventh, or the Queen''s Own Regiment of Hussars Containing an Account of the Origin of the Regiment in 1690, and of Its Subsequent Services to 1842', 'Cannon, Richard', 'en', 'Public domain in the USA.' );
INSERT INTO classifications ( gid, classification ) VALUES ( '53900', 'UA' );
INSERT INTO subjects ( gid, subject ) VALUES ( '53900', 'Great Britain. Army. Queen''s Own Hussars, 7th' );
INSERT INTO files ( gid, file, mime ) VALUES ( '53900', 'http://www.gutenberg.org/cache/epub/53900/pg53900.cover.medium.jpg', 'image/jpeg' );
INSERT INTO files ( gid, file, mime ) VALUES ( '53900', 'http://www.gutenberg.org/cache/epub/53900/pg53900.cover.small.jpg', 'image/jpeg' );
INSERT INTO files ( gid, file, mime ) VALUES ( '53900', 'http://www.gutenberg.org/ebooks/53900.epub.images', 'application/epub+zip' );
INSERT INTO files ( gid, file, mime ) VALUES ( '53900', 'http://www.gutenberg.org/ebooks/53900.epub.noimages', 'application/epub+zip' );
INSERT INTO files ( gid, file, mime ) VALUES ( '53900', 'http://www.gutenberg.org/ebooks/53900.kindle.images', 'application/x-mobipocket-ebook' );
INSERT INTO files ( gid, file, mime ) VALUES ( '53900', 'http://www.gutenberg.org/ebooks/53900.kindle.noimages', 'application/x-mobipocket-ebook' );
INSERT INTO files ( gid, file, mime ) VALUES ( '53900', 'http://www.gutenberg.org/ebooks/53900.rdf', 'application/rdf+xml' );
INSERT INTO files ( gid, file, mime ) VALUES ( '53900', 'http://www.gutenberg.org/files/53900/53900-0.txt', 'text/plain; charset=utf-8' );
INSERT INTO files ( gid, file, mime ) VALUES ( '53900', 'http://www.gutenberg.org/files/53900/53900-0.zip', 'text/plain; charset=utf-8application/zip' );
INSERT INTO files ( gid, file, mime ) VALUES ( '53900', 'http://www.gutenberg.org/files/53900/53900-h.zip', 'application/ziptext/html; charset=utf-8' );
INSERT INTO files ( gid, file, mime ) VALUES ( '53900', 'http://www.gutenberg.org/files/53900/53900-h/53900-h.htm', 'text/html; charset=utf-8' );
INSERT INTO titles ( gid, title, author, language, rights ) VALUES ( '54000', 'Punainen viiva', 'Kianto, Ilmari', 'fi', 'Public domain in the USA.' );
INSERT INTO classifications ( gid, classification ) VALUES ( '54000', 'PH' );
INSERT INTO subjects ( gid, subject ) VALUES ( '54000', 'Finnish fiction -- 20th century' );
INSERT INTO files ( gid, file, mime ) VALUES ( '54000', 'http://www.gutenberg.org/ebooks/54000.epub.images', 'application/epub+zip' );
INSERT INTO files ( gid, file, mime ) VALUES ( '54000', 'http://www.gutenberg.org/ebooks/54000.epub.noimages', 'application/epub+zip' );
INSERT INTO files ( gid, file, mime ) VALUES ( '54000', 'http://www.gutenberg.org/ebooks/54000.html.images', 'text/html' );
INSERT INTO files ( gid, file, mime ) VALUES ( '54000', 'http://www.gutenberg.org/ebooks/54000.html.noimages', 'text/html' );
INSERT INTO files ( gid, file, mime ) VALUES ( '54000', 'http://www.gutenberg.org/ebooks/54000.kindle.images', 'application/x-mobipocket-ebook' );
INSERT INTO files ( gid, file, mime ) VALUES ( '54000', 'http://www.gutenberg.org/ebooks/54000.kindle.noimages', 'application/x-mobipocket-ebook' );
INSERT INTO files ( gid, file, mime ) VALUES ( '54000', 'http://www.gutenberg.org/ebooks/54000.rdf', 'application/rdf+xml' );
INSERT INTO files ( gid, file, mime ) VALUES ( '54000', 'http://www.gutenberg.org/ebooks/54000.txt.utf-8', 'text/plain' );
INSERT INTO files ( gid, file, mime ) VALUES ( '54000', 'http://www.gutenberg.org/files/54000/54000-8.txt', 'text/plain; charset=iso-8859-1' );
INSERT INTO files ( gid, file, mime ) VALUES ( '54000', 'http://www.gutenberg.org/files/54000/54000-8.zip', 'application/ziptext/plain; charset=iso-8859-1' );
INSERT INTO titles ( gid, title, author, language, rights ) VALUES ( '5400', 'Project Gutenberg Complete Works of Winston Churchill', 'Churchill, Winston', 'en', 'Public domain in the USA.' );
INSERT INTO classifications ( gid, classification ) VALUES ( '5400', 'PS' );
INSERT INTO subjects ( gid, subject ) VALUES ( '5400', 'American fiction' );
INSERT INTO files ( gid, file, mime ) VALUES ( '5400', 'http://www.gutenberg.org/ebooks/5400.epub.images', 'application/epub+zip' );
INSERT INTO files ( gid, file, mime ) VALUES ( '5400', 'http://www.gutenberg.org/ebooks/5400.epub.noimages', 'application/epub+zip' );
INSERT INTO files ( gid, file, mime ) VALUES ( '5400', 'http://www.gutenberg.org/ebooks/5400.html.images', 'text/html' );
INSERT INTO files ( gid, file, mime ) VALUES ( '5400', 'http://www.gutenberg.org/ebooks/5400.html.noimages', 'text/html' );
INSERT INTO files ( gid, file, mime ) VALUES ( '5400', 'http://www.gutenberg.org/ebooks/5400.kindle.images', 'application/x-mobipocket-ebook' );
INSERT INTO files ( gid, file, mime ) VALUES ( '5400', 'http://www.gutenberg.org/ebooks/5400.kindle.noimages', 'application/x-mobipocket-ebook' );
INSERT INTO files ( gid, file, mime ) VALUES ( '5400', 'http://www.gutenberg.org/ebooks/5400.rdf', 'application/rdf+xml' );
INSERT INTO files ( gid, file, mime ) VALUES ( '5400', 'http://www.gutenberg.org/ebooks/5400.txt.utf-8', 'text/plain; charset=utf-8' );
INSERT INTO files ( gid, file, mime ) VALUES ( '5400', 'http://www.gutenberg.org/files/5400/5400.txt', 'text/plain; charset=us-ascii' );
INSERT INTO files ( gid, file, mime ) VALUES ( '5400', 'http://www.gutenberg.org/files/5400/5400.zip', 'application/ziptext/plain; charset=us-ascii' );
INSERT INTO titles ( gid, title, author, language, rights ) VALUES ( '54100', 'Wayfaring Men: A Novel', 'Lyall, Edna', 'en', 'Public domain in the USA.' );
INSERT INTO classifications ( gid, classification ) VALUES ( '54100', 'PR' );
INSERT INTO subjects ( gid, subject ) VALUES ( '54100', 'Actors -- Fiction' );
INSERT INTO subjects ( gid, subject ) VALUES ( '54100', 'Man-woman relationships -- Fiction' );
INSERT INTO files ( gid, file, mime ) VALUES ( '54100', 'http://www.gutenberg.org/cache/epub/54100/pg54100.cover.medium.jpg', 'image/jpeg' );
INSERT INTO files ( gid, file, mime ) VALUES ( '54100', 'http://www.gutenberg.org/cache/epub/54100/pg54100.cover.small.jpg', 'image/jpeg' );
INSERT INTO files ( gid, file, mime ) VALUES ( '54100', 'http://www.gutenberg.org/ebooks/54100.epub.images', 'application/epub+zip' );
INSERT INTO files ( gid, file, mime ) VALUES ( '54100', 'http://www.gutenberg.org/ebooks/54100.epub.noimages', 'application/epub+zip' );
INSERT INTO files ( gid, file, mime ) VALUES ( '54100', 'http://www.gutenberg.org/ebooks/54100.kindle.images', 'application/x-mobipocket-ebook' );
INSERT INTO files ( gid, file, mime ) VALUES ( '54100', 'http://www.gutenberg.org/ebooks/54100.kindle.noimages', 'application/x-mobipocket-ebook' );
INSERT INTO files ( gid, file, mime ) VALUES ( '54100', 'http://www.gutenberg.org/ebooks/54100.rdf', 'application/rdf+xml' );
INSERT INTO files ( gid, file, mime ) VALUES ( '54100', 'http://www.gutenberg.org/files/54100/54100-0.txt', 'text/plain; charset=utf-8' );
INSERT INTO files ( gid, file, mime ) VALUES ( '54100', 'http://www.gutenberg.org/files/54100/54100-0.zip', 'application/ziptext/plain; charset=utf-8' );
INSERT INTO files ( gid, file, mime ) VALUES ( '54100', 'http://www.gutenberg.org/files/54100/54100-h.zip', 'application/ziptext/html; charset=utf-8' );
INSERT INTO files ( gid, file, mime ) VALUES ( '54100', 'http://www.gutenberg.org/files/54100/54100-h/54100-h.htm', 'text/html; charset=utf-8' );
INSERT INTO titles ( gid, title, author, language, rights ) VALUES ( '54200', 'Odysseia', 'Homer', 'sv', 'Public domain in the USA.' );
INSERT INTO classifications ( gid, classification ) VALUES ( '54200', 'PA' );
INSERT INTO subjects ( gid, subject ) VALUES ( '54200', 'Epic poetry, Greek -- Translations into Swedish' );
INSERT INTO subjects ( gid, subject ) VALUES ( '54200', 'Odysseus, King of Ithaca (Mythological character) -- Poetry' );
INSERT INTO files ( gid, file, mime ) VALUES ( '54200', 'http://www.gutenberg.org/ebooks/54200.epub.images', 'application/epub+zip' );
INSERT INTO files ( gid, file, mime ) VALUES ( '54200', 'http://www.gutenberg.org/ebooks/54200.epub.noimages', 'application/epub+zip' );
INSERT INTO files ( gid, file, mime ) VALUES ( '54200', 'http://www.gutenberg.org/ebooks/54200.html.images', 'text/html' );
INSERT INTO files ( gid, file, mime ) VALUES ( '54200', 'http://www.gutenberg.org/ebooks/54200.html.noimages', 'text/html' );
INSERT INTO files ( gid, file, mime ) VALUES ( '54200', 'http://www.gutenberg.org/ebooks/54200.kindle.images', 'application/x-mobipocket-ebook' );
INSERT INTO files ( gid, file, mime ) VALUES ( '54200', 'http://www.gutenberg.org/ebooks/54200.kindle.noimages', 'application/x-mobipocket-ebook' );
INSERT INTO files ( gid, file, mime ) VALUES ( '54200', 'http://www.gutenberg.org/ebooks/54200.rdf', 'application/rdf+xml' );
INSERT INTO files ( gid, file, mime ) VALUES ( '54200', 'http://www.gutenberg.org/ebooks/54200.txt.utf-8', 'text/plain' );
INSERT INTO files ( gid, file, mime ) VALUES ( '54200', 'http://www.gutenberg.org/files/54200/54200-8.txt', 'text/plain; charset=iso-8859-1' );
INSERT INTO files ( gid, file, mime ) VALUES ( '54200', 'http://www.gutenberg.org/files/54200/54200-8.zip', 'application/ziptext/plain; charset=iso-8859-1' );
INSERT INTO titles ( gid, title, author, language, rights ) VALUES ( '54300', 'Marks'' first lessons in geometry In two parts. Objectively presented, and designed for the use of primary classes in grammar schools, academies, etc.', 'Marks, Bernhard', 'en', 'Public domain in the USA.' );
INSERT INTO classifications ( gid, classification ) VALUES ( '54300', 'QA' );
INSERT INTO subjects ( gid, subject ) VALUES ( '54300', 'Geometry -- Study and teaching' );
INSERT INTO files ( gid, file, mime ) VALUES ( '54300', 'http://www.gutenberg.org/cache/epub/54300/pg54300.cover.medium.jpg', 'image/jpeg' );
INSERT INTO files ( gid, file, mime ) VALUES ( '54300', 'http://www.gutenberg.org/cache/epub/54300/pg54300.cover.small.jpg', 'image/jpeg' );
INSERT INTO files ( gid, file, mime ) VALUES ( '54300', 'http://www.gutenberg.org/ebooks/54300.epub.images', 'application/epub+zip' );
INSERT INTO files ( gid, file, mime ) VALUES ( '54300', 'http://www.gutenberg.org/ebooks/54300.epub.noimages', 'application/epub+zip' );
INSERT INTO files ( gid, file, mime ) VALUES ( '54300', 'http://www.gutenberg.org/ebooks/54300.kindle.images', 'application/x-mobipocket-ebook' );
INSERT INTO files ( gid, file, mime ) VALUES ( '54300', 'http://www.gutenberg.org/ebooks/54300.kindle.noimages', 'application/x-mobipocket-ebook' );
INSERT INTO files ( gid, file, mime ) VALUES ( '54300', 'http://www.gutenberg.org/ebooks/54300.rdf', 'application/rdf+xml' );
INSERT INTO files ( gid, file, mime ) VALUES ( '54300', 'http://www.gutenberg.org/files/54300/54300-0.txt', 'text/plain; charset=utf-8' );
INSERT INTO files ( gid, file, mime ) VALUES ( '54300', 'http://www.gutenberg.org/files/54300/54300-0.zip', 'text/plain; charset=utf-8application/zip' );
INSERT INTO files ( gid, file, mime ) VALUES ( '54300', 'http://www.gutenberg.org/files/54300/54300-h.zip', 'text/html; charset=utf-8application/zip' );
INSERT INTO files ( gid, file, mime ) VALUES ( '54300', 'http://www.gutenberg.org/files/54300/54300-h/54300-h.htm', 'text/html; charset=utf-8' );
INSERT INTO titles ( gid, title, author, language, rights ) VALUES ( '54400', 'Alone in West Africa', 'Gaunt, Mary', 'en', 'Public domain in the USA.' );
INSERT INTO classifications ( gid, classification ) VALUES ( '54400', 'DT' );
INSERT INTO subjects ( gid, subject ) VALUES ( '54400', 'Africa, West -- Description and travel' );
INSERT INTO files ( gid, file, mime ) VALUES ( '54400', 'http://www.gutenberg.org/cache/epub/54400/pg54400.cover.medium.jpg', 'image/jpeg' );
INSERT INTO files ( gid, file, mime ) VALUES ( '54400', 'http://www.gutenberg.org/cache/epub/54400/pg54400.cover.small.jpg', 'image/jpeg' );
INSERT INTO files ( gid, file, mime ) VALUES ( '54400', 'http://www.gutenberg.org/ebooks/54400.epub.images', 'application/epub+zip' );
INSERT INTO files ( gid, file, mime ) VALUES ( '54400', 'http://www.gutenberg.org/ebooks/54400.epub.noimages', 'application/epub+zip' );
INSERT INTO files ( gid, file, mime ) VALUES ( '54400', 'http://www.gutenberg.org/ebooks/54400.kindle.images', 'application/x-mobipocket-ebook' );
INSERT INTO files ( gid, file, mime ) VALUES ( '54400', 'http://www.gutenberg.org/ebooks/54400.kindle.noimages', 'application/x-mobipocket-ebook' );
INSERT INTO files ( gid, file, mime ) VALUES ( '54400', 'http://www.gutenberg.org/ebooks/54400.rdf', 'application/rdf+xml' );
INSERT INTO files ( gid, file, mime ) VALUES ( '54400', 'http://www.gutenberg.org/files/54400/54400-0.txt', 'text/plain; charset=utf-8' );
INSERT INTO files ( gid, file, mime ) VALUES ( '54400', 'http://www.gutenberg.org/files/54400/54400-0.zip', 'application/ziptext/plain; charset=utf-8' );
INSERT INTO files ( gid, file, mime ) VALUES ( '54400', 'http://www.gutenberg.org/files/54400/54400-h.zip', 'application/ziptext/html; charset=utf-8' );
INSERT INTO files ( gid, file, mime ) VALUES ( '54400', 'http://www.gutenberg.org/files/54400/54400-h/54400-h.htm', 'text/html; charset=utf-8' );
INSERT INTO titles ( gid, title, author, language, rights ) VALUES ( '54500', 'Journal of a West India Proprietor Kept During a Residence in the Island of Jamaica', 'Lewis, M. G. (Matthew Gregory)', 'en', 'Public domain in the USA.' );
INSERT INTO subjects ( gid, subject ) VALUES ( '54500', 'Slavery -- Jamaica' );
INSERT INTO subjects ( gid, subject ) VALUES ( '54500', 'Lewis, M. G. (Matthew Gregory), 1775-1818' );
INSERT INTO subjects ( gid, subject ) VALUES ( '54500', 'F1861' );
INSERT INTO subjects ( gid, subject ) VALUES ( '54500', 'Plantation life -- Jamaica -- History -- 19th century' );
INSERT INTO subjects ( gid, subject ) VALUES ( '54500', 'Jamaica -- Description and travel' );
INSERT INTO files ( gid, file, mime ) VALUES ( '54500', 'http://www.gutenberg.org/cache/epub/54500/pg54500.cover.medium.jpg', 'image/jpeg' );
INSERT INTO files ( gid, file, mime ) VALUES ( '54500', 'http://www.gutenberg.org/cache/epub/54500/pg54500.cover.small.jpg', 'image/jpeg' );
INSERT INTO files ( gid, file, mime ) VALUES ( '54500', 'http://www.gutenberg.org/ebooks/54500.epub.images', 'application/epub+zip' );
INSERT INTO files ( gid, file, mime ) VALUES ( '54500', 'http://www.gutenberg.org/ebooks/54500.epub.noimages', 'application/epub+zip' );
INSERT INTO files ( gid, file, mime ) VALUES ( '54500', 'http://www.gutenberg.org/ebooks/54500.kindle.images', 'application/x-mobipocket-ebook' );
INSERT INTO files ( gid, file, mime ) VALUES ( '54500', 'http://www.gutenberg.org/ebooks/54500.kindle.noimages', 'application/x-mobipocket-ebook' );
INSERT INTO files ( gid, file, mime ) VALUES ( '54500', 'http://www.gutenberg.org/ebooks/54500.rdf', 'application/rdf+xml' );
INSERT INTO files ( gid, file, mime ) VALUES ( '54500', 'http://www.gutenberg.org/files/54500/54500-0.txt', 'text/plain; charset=utf-8' );
INSERT INTO files ( gid, file, mime ) VALUES ( '54500', 'http://www.gutenberg.org/files/54500/54500-0.zip', 'text/plain; charset=utf-8application/zip' );
INSERT INTO files ( gid, file, mime ) VALUES ( '54500', 'http://www.gutenberg.org/files/54500/54500-h.zip', 'text/html; charset=utf-8application/zip' );
INSERT INTO files ( gid, file, mime ) VALUES ( '54500', 'http://www.gutenberg.org/files/54500/54500-h/54500-h.htm', 'text/html; charset=utf-8' );
INSERT INTO titles ( gid, title, author, language, rights ) VALUES ( '54700', 'Oblomov', 'Goncharov, Ivan Aleksandrovich', 'en', 'Public domain in the USA.' );
INSERT INTO classifications ( gid, classification ) VALUES ( '54700', 'PG' );
INSERT INTO subjects ( gid, subject ) VALUES ( '54700', 'Russia -- Social life and customs -- 1533-1917 -- Fiction' );
INSERT INTO files ( gid, file, mime ) VALUES ( '54700', 'http://www.gutenberg.org/cache/epub/54700/pg54700.cover.medium.jpg', 'image/jpeg' );
INSERT INTO files ( gid, file, mime ) VALUES ( '54700', 'http://www.gutenberg.org/cache/epub/54700/pg54700.cover.small.jpg', 'image/jpeg' );
INSERT INTO files ( gid, file, mime ) VALUES ( '54700', 'http://www.gutenberg.org/ebooks/54700.epub.images', 'application/epub+zip' );
INSERT INTO files ( gid, file, mime ) VALUES ( '54700', 'http://www.gutenberg.org/ebooks/54700.epub.noimages', 'application/epub+zip' );
INSERT INTO files ( gid, file, mime ) VALUES ( '54700', 'http://www.gutenberg.org/ebooks/54700.kindle.images', 'application/x-mobipocket-ebook' );
INSERT INTO files ( gid, file, mime ) VALUES ( '54700', 'http://www.gutenberg.org/ebooks/54700.kindle.noimages', 'application/x-mobipocket-ebook' );
INSERT INTO files ( gid, file, mime ) VALUES ( '54700', 'http://www.gutenberg.org/ebooks/54700.rdf', 'application/rdf+xml' );
INSERT INTO files ( gid, file, mime ) VALUES ( '54700', 'http://www.gutenberg.org/files/54700/54700-0.txt', 'text/plain; charset=utf-8' );
INSERT INTO files ( gid, file, mime ) VALUES ( '54700', 'http://www.gutenberg.org/files/54700/54700-0.zip', 'text/plain; charset=utf-8application/zip' );
INSERT INTO files ( gid, file, mime ) VALUES ( '54700', 'http://www.gutenberg.org/files/54700/54700-h.zip', 'text/html; charset=utf-8application/zip' );
INSERT INTO files ( gid, file, mime ) VALUES ( '54700', 'http://www.gutenberg.org/files/54700/54700-h/54700-h.htm', 'text/html; charset=utf-8' );
INSERT INTO titles ( gid, title, author, language, rights ) VALUES ( '54600', 'Journal de Eugène Delacroix, Tome 3 (de 3) 1855-1863', 'Delacroix, Eugène', 'fr', 'Public domain in the USA.' );
INSERT INTO classifications ( gid, classification ) VALUES ( '54600', 'ND' );
INSERT INTO subjects ( gid, subject ) VALUES ( '54600', 'Painters -- France -- Diaries' );
INSERT INTO subjects ( gid, subject ) VALUES ( '54600', 'Delacroix, Eugène, 1798-1863 -- Diaries' );
INSERT INTO files ( gid, file, mime ) VALUES ( '54600', 'http://www.gutenberg.org/cache/epub/54600/pg54600.cover.medium.jpg', 'image/jpeg' );
INSERT INTO files ( gid, file, mime ) VALUES ( '54600', 'http://www.gutenberg.org/cache/epub/54600/pg54600.cover.small.jpg', 'image/jpeg' );
INSERT INTO files ( gid, file, mime ) VALUES ( '54600', 'http://www.gutenberg.org/ebooks/54600.epub.images', 'application/epub+zip' );
INSERT INTO files ( gid, file, mime ) VALUES ( '54600', 'http://www.gutenberg.org/ebooks/54600.epub.noimages', 'application/epub+zip' );
INSERT INTO files ( gid, file, mime ) VALUES ( '54600', 'http://www.gutenberg.org/ebooks/54600.kindle.images', 'application/x-mobipocket-ebook' );
INSERT INTO files ( gid, file, mime ) VALUES ( '54600', 'http://www.gutenberg.org/ebooks/54600.kindle.noimages', 'application/x-mobipocket-ebook' );
INSERT INTO files ( gid, file, mime ) VALUES ( '54600', 'http://www.gutenberg.org/ebooks/54600.rdf', 'application/rdf+xml' );
INSERT INTO files ( gid, file, mime ) VALUES ( '54600', 'http://www.gutenberg.org/files/54600/54600-0.txt', 'text/plain; charset=utf-8' );
INSERT INTO files ( gid, file, mime ) VALUES ( '54600', 'http://www.gutenberg.org/files/54600/54600-0.zip', 'text/plain; charset=utf-8application/zip' );
INSERT INTO files ( gid, file, mime ) VALUES ( '54600', 'http://www.gutenberg.org/files/54600/54600-h.zip', 'text/html; charset=utf-8application/zip' );
INSERT INTO files ( gid, file, mime ) VALUES ( '54600', 'http://www.gutenberg.org/files/54600/54600-h/54600-h.htm', 'text/html; charset=utf-8' );
INSERT INTO titles ( gid, title, author, language, rights ) VALUES ( '54800', 'Colonization and Christianity A popular history of the treatment of the natives by the Europeans in all their colonies', 'Howitt, William', 'en', 'Public domain in the USA.' );
INSERT INTO classifications ( gid, classification ) VALUES ( '54800', 'JV' );
INSERT INTO subjects ( gid, subject ) VALUES ( '54800', 'Indians, Treatment of' );
INSERT INTO subjects ( gid, subject ) VALUES ( '54800', 'Indigenous peoples' );
INSERT INTO files ( gid, file, mime ) VALUES ( '54800', 'http://www.gutenberg.org/cache/epub/54800/pg54800.cover.medium.jpg', 'image/jpeg' );
INSERT INTO files ( gid, file, mime ) VALUES ( '54800', 'http://www.gutenberg.org/cache/epub/54800/pg54800.cover.small.jpg', 'image/jpeg' );
INSERT INTO files ( gid, file, mime ) VALUES ( '54800', 'http://www.gutenberg.org/ebooks/54800.epub.images', 'application/epub+zip' );
INSERT INTO files ( gid, file, mime ) VALUES ( '54800', 'http://www.gutenberg.org/ebooks/54800.epub.noimages', 'application/epub+zip' );
INSERT INTO files ( gid, file, mime ) VALUES ( '54800', 'http://www.gutenberg.org/ebooks/54800.kindle.images', 'application/x-mobipocket-ebook' );
INSERT INTO files ( gid, file, mime ) VALUES ( '54800', 'http://www.gutenberg.org/ebooks/54800.kindle.noimages', 'application/x-mobipocket-ebook' );
INSERT INTO files ( gid, file, mime ) VALUES ( '54800', 'http://www.gutenberg.org/ebooks/54800.rdf', 'application/rdf+xml' );
INSERT INTO files ( gid, file, mime ) VALUES ( '54800', 'http://www.gutenberg.org/files/54800/54800-0.txt', 'text/plain; charset=utf-8' );
INSERT INTO files ( gid, file, mime ) VALUES ( '54800', 'http://www.gutenberg.org/files/54800/54800-0.zip', 'text/plain; charset=utf-8application/zip' );
INSERT INTO files ( gid, file, mime ) VALUES ( '54800', 'http://www.gutenberg.org/files/54800/54800-h.zip', 'application/ziptext/html; charset=utf-8' );
INSERT INTO files ( gid, file, mime ) VALUES ( '54800', 'http://www.gutenberg.org/files/54800/54800-h/54800-h.htm', 'text/html; charset=utf-8' );
INSERT INTO titles ( gid, title, author, language, rights ) VALUES ( '54900', 'The Return of the O''Mahony: A Novel', 'Frederic, Harold', 'en', 'Public domain in the USA.' );
INSERT INTO classifications ( gid, classification ) VALUES ( '54900', 'PS' );
INSERT INTO subjects ( gid, subject ) VALUES ( '54900', 'Deception -- Fiction' );
INSERT INTO subjects ( gid, subject ) VALUES ( '54900', 'United States -- History -- Civil War, 1861-1865 -- Desertions -- Fiction' );
INSERT INTO subjects ( gid, subject ) VALUES ( '54900', 'Ireland -- Fiction' );
INSERT INTO files ( gid, file, mime ) VALUES ( '54900', 'http://www.gutenberg.org/cache/epub/54900/pg54900.cover.medium.jpg', 'image/jpeg' );
INSERT INTO files ( gid, file, mime ) VALUES ( '54900', 'http://www.gutenberg.org/cache/epub/54900/pg54900.cover.small.jpg', 'image/jpeg' );
INSERT INTO files ( gid, file, mime ) VALUES ( '54900', 'http://www.gutenberg.org/ebooks/54900.epub.images', 'application/epub+zip' );
INSERT INTO files ( gid, file, mime ) VALUES ( '54900', 'http://www.gutenberg.org/ebooks/54900.epub.noimages', 'application/epub+zip' );
INSERT INTO files ( gid, file, mime ) VALUES ( '54900', 'http://www.gutenberg.org/ebooks/54900.kindle.images', 'application/x-mobipocket-ebook' );
INSERT INTO files ( gid, file, mime ) VALUES ( '54900', 'http://www.gutenberg.org/ebooks/54900.kindle.noimages', 'application/x-mobipocket-ebook' );
INSERT INTO files ( gid, file, mime ) VALUES ( '54900', 'http://www.gutenberg.org/ebooks/54900.rdf', 'application/rdf+xml' );
INSERT INTO files ( gid, file, mime ) VALUES ( '54900', 'http://www.gutenberg.org/files/54900/54900-0.txt', 'text/plain; charset=utf-8' );
INSERT INTO files ( gid, file, mime ) VALUES ( '54900', 'http://www.gutenberg.org/files/54900/54900-0.zip', 'application/ziptext/plain; charset=utf-8' );
INSERT INTO files ( gid, file, mime ) VALUES ( '54900', 'http://www.gutenberg.org/files/54900/54900-h.zip', 'application/octet-streamapplication/zip' );
INSERT INTO files ( gid, file, mime ) VALUES ( '54900', 'http://www.gutenberg.org/files/54900/54900-h/54900-h.htm', 'text/html' );
INSERT INTO titles ( gid, title, author, language, rights ) VALUES ( '13000', 'The Rough Riders', 'Roosevelt, Theodore', 'en', 'Public domain in the USA.' );
INSERT INTO subjects ( gid, subject ) VALUES ( '13000', 'Spanish-American War, 1898 -- Regimental histories' );
INSERT INTO subjects ( gid, subject ) VALUES ( '13000', 'E660' );
INSERT INTO subjects ( gid, subject ) VALUES ( '13000', 'United States. Army. Volunteer Cavalry, 1st' );
INSERT INTO files ( gid, file, mime ) VALUES ( '13000', 'http://www.gutenberg.org/ebooks/13000.epub.images', 'application/epub+zip' );
INSERT INTO files ( gid, file, mime ) VALUES ( '13000', 'http://www.gutenberg.org/ebooks/13000.epub.noimages', 'application/epub+zip' );
INSERT INTO files ( gid, file, mime ) VALUES ( '13000', 'http://www.gutenberg.org/ebooks/13000.html.images', 'text/html' );
INSERT INTO files ( gid, file, mime ) VALUES ( '13000', 'http://www.gutenberg.org/ebooks/13000.html.noimages', 'text/html' );
INSERT INTO files ( gid, file, mime ) VALUES ( '13000', 'http://www.gutenberg.org/ebooks/13000.kindle.images', 'application/x-mobipocket-ebook' );
INSERT INTO files ( gid, file, mime ) VALUES ( '13000', 'http://www.gutenberg.org/ebooks/13000.kindle.noimages', 'application/x-mobipocket-ebook' );
INSERT INTO files ( gid, file, mime ) VALUES ( '13000', 'http://www.gutenberg.org/ebooks/13000.rdf', 'application/rdf+xml' );
INSERT INTO files ( gid, file, mime ) VALUES ( '13000', 'http://www.gutenberg.org/ebooks/13000.txt.utf-8', 'text/plain' );
INSERT INTO files ( gid, file, mime ) VALUES ( '13000', 'http://www.gutenberg.org/files/13000/13000.txt', 'text/plain; charset=us-ascii' );
INSERT INTO files ( gid, file, mime ) VALUES ( '13000', 'http://www.gutenberg.org/files/13000/13000.zip', 'application/ziptext/plain; charset=us-ascii' );
INSERT INTO titles ( gid, title, author, language, rights ) VALUES ( '12900', 'Poor Relations', 'Balzac, Honoré de', 'en', 'Public domain in the USA.' );
INSERT INTO classifications ( gid, classification ) VALUES ( '12900', 'PQ' );
INSERT INTO subjects ( gid, subject ) VALUES ( '12900', 'France -- Social life and customs -- 19th century -- Fiction' );
INSERT INTO subjects ( gid, subject ) VALUES ( '12900', 'Paris (France) -- Fiction' );
INSERT INTO files ( gid, file, mime ) VALUES ( '12900', 'http://www.gutenberg.org/ebooks/12900.epub.images', 'application/epub+zip' );
INSERT INTO files ( gid, file, mime ) VALUES ( '12900', 'http://www.gutenberg.org/ebooks/12900.epub.noimages', 'application/epub+zip' );
INSERT INTO files ( gid, file, mime ) VALUES ( '12900', 'http://www.gutenberg.org/ebooks/12900.kindle.images', 'application/x-mobipocket-ebook' );
INSERT INTO files ( gid, file, mime ) VALUES ( '12900', 'http://www.gutenberg.org/ebooks/12900.kindle.noimages', 'application/x-mobipocket-ebook' );
INSERT INTO files ( gid, file, mime ) VALUES ( '12900', 'http://www.gutenberg.org/ebooks/12900.rdf', 'application/rdf+xml' );
INSERT INTO files ( gid, file, mime ) VALUES ( '12900', 'http://www.gutenberg.org/ebooks/12900.txt.utf-8', 'text/plain' );
INSERT INTO files ( gid, file, mime ) VALUES ( '12900', 'http://www.gutenberg.org/files/12900/12900-h.zip', 'text/html; charset=us-asciiapplication/zip' );
INSERT INTO files ( gid, file, mime ) VALUES ( '12900', 'http://www.gutenberg.org/files/12900/12900-h/12900-h.htm', 'text/html; charset=us-ascii' );
INSERT INTO files ( gid, file, mime ) VALUES ( '12900', 'http://www.gutenberg.org/files/12900/12900.txt', 'text/plain; charset=us-ascii' );
INSERT INTO files ( gid, file, mime ) VALUES ( '12900', 'http://www.gutenberg.org/files/12900/12900.zip', 'text/plain; charset=us-asciiapplication/zip' );
INSERT INTO titles ( gid, title, author, language, rights ) VALUES ( '1300', 'Riders of the Purple Sage', 'Grey, Zane', 'en', 'Public domain in the USA.' );
INSERT INTO classifications ( gid, classification ) VALUES ( '1300', 'PS' );
INSERT INTO subjects ( gid, subject ) VALUES ( '1300', 'Western stories' );
INSERT INTO subjects ( gid, subject ) VALUES ( '1300', 'Mormon women -- Fiction' );
INSERT INTO subjects ( gid, subject ) VALUES ( '1300', 'Polygamy -- Fiction' );
INSERT INTO subjects ( gid, subject ) VALUES ( '1300', 'Utah -- Fiction' );
INSERT INTO subjects ( gid, subject ) VALUES ( '1300', 'Women ranchers -- Fiction' );
INSERT INTO files ( gid, file, mime ) VALUES ( '1300', 'http://www.gutenberg.org/ebooks/1300.epub.images', 'application/epub+zip' );
INSERT INTO files ( gid, file, mime ) VALUES ( '1300', 'http://www.gutenberg.org/ebooks/1300.epub.noimages', 'application/epub+zip' );
INSERT INTO files ( gid, file, mime ) VALUES ( '1300', 'http://www.gutenberg.org/ebooks/1300.kindle.images', 'application/x-mobipocket-ebook' );
INSERT INTO files ( gid, file, mime ) VALUES ( '1300', 'http://www.gutenberg.org/ebooks/1300.kindle.noimages', 'application/x-mobipocket-ebook' );
INSERT INTO files ( gid, file, mime ) VALUES ( '1300', 'http://www.gutenberg.org/ebooks/1300.rdf', 'application/rdf+xml' );
INSERT INTO files ( gid, file, mime ) VALUES ( '1300', 'http://www.gutenberg.org/files/1300/1300-0.txt', 'text/plain; charset=utf-8' );
INSERT INTO files ( gid, file, mime ) VALUES ( '1300', 'http://www.gutenberg.org/files/1300/1300-0.zip', 'application/ziptext/plain; charset=utf-8' );
INSERT INTO files ( gid, file, mime ) VALUES ( '1300', 'http://www.gutenberg.org/files/1300/1300-h.zip', 'application/ziptext/html; charset=utf-8' );
INSERT INTO files ( gid, file, mime ) VALUES ( '1300', 'http://www.gutenberg.org/files/1300/1300-h/1300-h.htm', 'text/html; charset=utf-8' );
INSERT INTO files ( gid, file, mime ) VALUES ( '1300', 'http://www.gutenberg.org/files/1300/1300.txt', 'text/plain; charset=us-ascii' );
INSERT INTO files ( gid, file, mime ) VALUES ( '1300', 'http://www.gutenberg.org/files/1300/1300.zip', 'text/plain; charset=us-asciiapplication/zip' );
INSERT INTO titles ( gid, title, author, language, rights ) VALUES ( '55000', 'Mark Manning''s Mission: The Story of a Shoe Factory Boy', 'Alger, Horatio, Jr.', 'en', 'Public domain in the USA.' );
INSERT INTO classifications ( gid, classification ) VALUES ( '55000', 'PZ' );
INSERT INTO subjects ( gid, subject ) VALUES ( '55000', 'Success -- Juvenile fiction' );
INSERT INTO subjects ( gid, subject ) VALUES ( '55000', 'Conduct of life -- Juvenile fiction' );
INSERT INTO subjects ( gid, subject ) VALUES ( '55000', 'Poverty -- Juvenile fiction' );
INSERT INTO subjects ( gid, subject ) VALUES ( '55000', 'Shoemakers -- Juvenile fiction' );
INSERT INTO subjects ( gid, subject ) VALUES ( '55000', 'Bildungsromans' );
INSERT INTO subjects ( gid, subject ) VALUES ( '55000', 'Hermits -- Juvenile fiction' );
INSERT INTO subjects ( gid, subject ) VALUES ( '55000', 'Middle West -- Juvenile fiction' );
INSERT INTO subjects ( gid, subject ) VALUES ( '55000', 'Factories -- Juvenile fiction' );
INSERT INTO subjects ( gid, subject ) VALUES ( '55000', 'Youth -- Conduct of life -- Juvenile fiction' );
INSERT INTO files ( gid, file, mime ) VALUES ( '55000', 'http://www.gutenberg.org/cache/epub/55000/pg55000.cover.medium.jpg', 'image/jpeg' );
INSERT INTO files ( gid, file, mime ) VALUES ( '55000', 'http://www.gutenberg.org/cache/epub/55000/pg55000.cover.small.jpg', 'image/jpeg' );
INSERT INTO files ( gid, file, mime ) VALUES ( '55000', 'http://www.gutenberg.org/ebooks/55000.epub.images', 'application/epub+zip' );
INSERT INTO files ( gid, file, mime ) VALUES ( '55000', 'http://www.gutenberg.org/ebooks/55000.epub.noimages', 'application/epub+zip' );
INSERT INTO files ( gid, file, mime ) VALUES ( '55000', 'http://www.gutenberg.org/ebooks/55000.kindle.images', 'application/x-mobipocket-ebook' );
INSERT INTO files ( gid, file, mime ) VALUES ( '55000', 'http://www.gutenberg.org/ebooks/55000.kindle.noimages', 'application/x-mobipocket-ebook' );
INSERT INTO files ( gid, file, mime ) VALUES ( '55000', 'http://www.gutenberg.org/ebooks/55000.rdf', 'application/rdf+xml' );
INSERT INTO files ( gid, file, mime ) VALUES ( '55000', 'http://www.gutenberg.org/files/55000/55000-0.txt', 'text/plain; charset=utf-8' );
INSERT INTO files ( gid, file, mime ) VALUES ( '55000', 'http://www.gutenberg.org/files/55000/55000-0.zip', 'application/ziptext/plain; charset=utf-8' );
INSERT INTO files ( gid, file, mime ) VALUES ( '55000', 'http://www.gutenberg.org/files/55000/55000-h.zip', 'application/ziptext/html; charset=utf-8' );
INSERT INTO files ( gid, file, mime ) VALUES ( '55000', 'http://www.gutenberg.org/files/55000/55000-h/55000-h.htm', 'text/html; charset=utf-8' );
INSERT INTO titles ( gid, title, author, language, rights ) VALUES ( '5500', 'The Advancement of Learning', 'Bacon, Francis', 'en', 'Public domain in the USA.' );
INSERT INTO classifications ( gid, classification ) VALUES ( '5500', 'B' );
INSERT INTO subjects ( gid, subject ) VALUES ( '5500', 'Learning -- Philosophy -- Early works to 1800' );
INSERT INTO subjects ( gid, subject ) VALUES ( '5500', 'Science -- Methodology -- Early works to 1800' );
INSERT INTO subjects ( gid, subject ) VALUES ( '5500', 'Logic -- Early works to 1800' );
INSERT INTO subjects ( gid, subject ) VALUES ( '5500', 'Knowledge, Theory of -- Early works to 1800' );
INSERT INTO files ( gid, file, mime ) VALUES ( '5500', 'http://www.gutenberg.org/ebooks/5500.epub.images', 'application/epub+zip' );
INSERT INTO files ( gid, file, mime ) VALUES ( '5500', 'http://www.gutenberg.org/ebooks/5500.epub.noimages', 'application/epub+zip' );
INSERT INTO files ( gid, file, mime ) VALUES ( '5500', 'http://www.gutenberg.org/ebooks/5500.kindle.images', 'application/x-mobipocket-ebook' );
INSERT INTO files ( gid, file, mime ) VALUES ( '5500', 'http://www.gutenberg.org/ebooks/5500.kindle.noimages', 'application/x-mobipocket-ebook' );
INSERT INTO files ( gid, file, mime ) VALUES ( '5500', 'http://www.gutenberg.org/ebooks/5500.rdf', 'application/rdf+xml' );
INSERT INTO files ( gid, file, mime ) VALUES ( '5500', 'http://www.gutenberg.org/files/5500/5500-0.txt', 'text/plain; charset=utf-8' );
INSERT INTO files ( gid, file, mime ) VALUES ( '5500', 'http://www.gutenberg.org/files/5500/5500-0.zip', 'text/plain; charset=utf-8application/zip' );
INSERT INTO files ( gid, file, mime ) VALUES ( '5500', 'http://www.gutenberg.org/files/5500/5500-h.zip', 'text/htmlapplication/zip' );
INSERT INTO files ( gid, file, mime ) VALUES ( '5500', 'http://www.gutenberg.org/files/5500/5500-h/5500-h.htm', 'text/html' );
INSERT INTO titles ( gid, title, author, language, rights ) VALUES ( '55100', 'The West Indies and the Spanish Main', 'Trollope, Anthony', 'en', 'Public domain in the USA.' );
INSERT INTO subjects ( gid, subject ) VALUES ( '55100', 'West Indies, British -- Description and travel' );
INSERT INTO subjects ( gid, subject ) VALUES ( '55100', 'F1601' );
INSERT INTO subjects ( gid, subject ) VALUES ( '55100', 'Spanish Main' );
INSERT INTO subjects ( gid, subject ) VALUES ( '55100', 'Central America -- Description and travel' );
INSERT INTO subjects ( gid, subject ) VALUES ( '55100', 'West Indies -- Description and travel' );
INSERT INTO files ( gid, file, mime ) VALUES ( '55100', 'http://www.gutenberg.org/cache/epub/55100/pg55100.cover.medium.jpg', 'image/jpeg' );
INSERT INTO files ( gid, file, mime ) VALUES ( '55100', 'http://www.gutenberg.org/cache/epub/55100/pg55100.cover.small.jpg', 'image/jpeg' );
INSERT INTO files ( gid, file, mime ) VALUES ( '55100', 'http://www.gutenberg.org/ebooks/55100.epub.images', 'application/epub+zip' );
INSERT INTO files ( gid, file, mime ) VALUES ( '55100', 'http://www.gutenberg.org/ebooks/55100.epub.noimages', 'application/epub+zip' );
INSERT INTO files ( gid, file, mime ) VALUES ( '55100', 'http://www.gutenberg.org/ebooks/55100.kindle.images', 'application/x-mobipocket-ebook' );
INSERT INTO files ( gid, file, mime ) VALUES ( '55100', 'http://www.gutenberg.org/ebooks/55100.kindle.noimages', 'application/x-mobipocket-ebook' );
INSERT INTO files ( gid, file, mime ) VALUES ( '55100', 'http://www.gutenberg.org/ebooks/55100.rdf', 'application/rdf+xml' );
INSERT INTO files ( gid, file, mime ) VALUES ( '55100', 'http://www.gutenberg.org/ebooks/55100.txt.utf-8', 'text/plain' );
INSERT INTO files ( gid, file, mime ) VALUES ( '55100', 'http://www.gutenberg.org/files/55100/55100-8.txt', 'text/plain; charset=iso-8859-1' );
INSERT INTO files ( gid, file, mime ) VALUES ( '55100', 'http://www.gutenberg.org/files/55100/55100-8.zip', 'text/plain; charset=iso-8859-1application/zip' );
INSERT INTO files ( gid, file, mime ) VALUES ( '55100', 'http://www.gutenberg.org/files/55100/55100-h.zip', 'text/htmlapplication/zip' );
INSERT INTO files ( gid, file, mime ) VALUES ( '55100', 'http://www.gutenberg.org/files/55100/55100-h/55100-h.htm', 'text/html' );
INSERT INTO files ( gid, file, mime ) VALUES ( '55100', 'http://www.gutenberg.org/files/55100/55100.txt', 'text/plain; charset=us-ascii' );
INSERT INTO files ( gid, file, mime ) VALUES ( '55100', 'http://www.gutenberg.org/files/55100/55100.zip', 'application/ziptext/plain; charset=us-ascii' );
INSERT INTO titles ( gid, title, author, language, rights ) VALUES ( '55200', 'A Book About Words', 'Graham, G. F. (George Frederick)', 'en', 'Public domain in the USA.' );
INSERT INTO classifications ( gid, classification ) VALUES ( '55200', 'PE' );
INSERT INTO subjects ( gid, subject ) VALUES ( '55200', 'English language -- Etymology' );
INSERT INTO files ( gid, file, mime ) VALUES ( '55200', 'http://www.gutenberg.org/cache/epub/55200/pg55200.cover.medium.jpg', 'image/jpeg' );
INSERT INTO files ( gid, file, mime ) VALUES ( '55200', 'http://www.gutenberg.org/cache/epub/55200/pg55200.cover.small.jpg', 'image/jpeg' );
INSERT INTO files ( gid, file, mime ) VALUES ( '55200', 'http://www.gutenberg.org/ebooks/55200.epub.images', 'application/epub+zip' );
INSERT INTO files ( gid, file, mime ) VALUES ( '55200', 'http://www.gutenberg.org/ebooks/55200.epub.noimages', 'application/epub+zip' );
INSERT INTO files ( gid, file, mime ) VALUES ( '55200', 'http://www.gutenberg.org/ebooks/55200.kindle.images', 'application/x-mobipocket-ebook' );
INSERT INTO files ( gid, file, mime ) VALUES ( '55200', 'http://www.gutenberg.org/ebooks/55200.kindle.noimages', 'application/x-mobipocket-ebook' );
INSERT INTO files ( gid, file, mime ) VALUES ( '55200', 'http://www.gutenberg.org/ebooks/55200.rdf', 'application/rdf+xml' );
INSERT INTO files ( gid, file, mime ) VALUES ( '55200', 'http://www.gutenberg.org/files/55200/55200-0.txt', 'text/plain; charset=utf-8' );
INSERT INTO files ( gid, file, mime ) VALUES ( '55200', 'http://www.gutenberg.org/files/55200/55200-0.zip', 'text/plain; charset=utf-8application/zip' );
INSERT INTO files ( gid, file, mime ) VALUES ( '55200', 'http://www.gutenberg.org/files/55200/55200-h.zip', 'application/ziptext/html; charset=utf-8' );
INSERT INTO files ( gid, file, mime ) VALUES ( '55200', 'http://www.gutenberg.org/files/55200/55200-h/55200-h.htm', 'text/html; charset=utf-8' );
INSERT INTO titles ( gid, title, author, language, rights ) VALUES ( '55300', 'Society as I Have Found It', 'McAllister, Ward', 'en', 'Public domain in the USA.' );
INSERT INTO classifications ( gid, classification ) VALUES ( '55300', 'CT' );
INSERT INTO subjects ( gid, subject ) VALUES ( '55300', 'Socialites -- New York (State) -- New York -- Biography' );
INSERT INTO subjects ( gid, subject ) VALUES ( '55300', 'McAllister, Ward, 1827-1895' );
INSERT INTO files ( gid, file, mime ) VALUES ( '55300', 'http://www.gutenberg.org/cache/epub/55300/pg55300.cover.medium.jpg', 'image/jpeg' );
INSERT INTO files ( gid, file, mime ) VALUES ( '55300', 'http://www.gutenberg.org/cache/epub/55300/pg55300.cover.small.jpg', 'image/jpeg' );
INSERT INTO files ( gid, file, mime ) VALUES ( '55300', 'http://www.gutenberg.org/ebooks/55300.epub.images', 'application/epub+zip' );
INSERT INTO files ( gid, file, mime ) VALUES ( '55300', 'http://www.gutenberg.org/ebooks/55300.epub.noimages', 'application/epub+zip' );
INSERT INTO files ( gid, file, mime ) VALUES ( '55300', 'http://www.gutenberg.org/ebooks/55300.kindle.images', 'application/x-mobipocket-ebook' );
INSERT INTO files ( gid, file, mime ) VALUES ( '55300', 'http://www.gutenberg.org/ebooks/55300.kindle.noimages', 'application/x-mobipocket-ebook' );
INSERT INTO files ( gid, file, mime ) VALUES ( '55300', 'http://www.gutenberg.org/ebooks/55300.rdf', 'application/rdf+xml' );
INSERT INTO files ( gid, file, mime ) VALUES ( '55300', 'http://www.gutenberg.org/files/55300/55300-0.txt', 'text/plain; charset=utf-8' );
INSERT INTO files ( gid, file, mime ) VALUES ( '55300', 'http://www.gutenberg.org/files/55300/55300-0.zip', 'text/plain; charset=utf-8application/zip' );
INSERT INTO files ( gid, file, mime ) VALUES ( '55300', 'http://www.gutenberg.org/files/55300/55300-h.zip', 'text/html; charset=utf-8application/zip' );
INSERT INTO files ( gid, file, mime ) VALUES ( '55300', 'http://www.gutenberg.org/files/55300/55300-h/55300-h.htm', 'text/html; charset=utf-8' );
INSERT INTO titles ( gid, title, author, language, rights ) VALUES ( '55400', 'Common Cause: A Novel of the War in America', 'Adams, Samuel Hopkins', 'en', 'Public domain in the USA.' );
INSERT INTO classifications ( gid, classification ) VALUES ( '55400', 'PS' );
INSERT INTO subjects ( gid, subject ) VALUES ( '55400', 'World War, 1914-1918 -- United States -- Fiction' );
INSERT INTO files ( gid, file, mime ) VALUES ( '55400', 'http://www.gutenberg.org/cache/epub/55400/pg55400.cover.medium.jpg', 'image/jpeg' );
INSERT INTO files ( gid, file, mime ) VALUES ( '55400', 'http://www.gutenberg.org/cache/epub/55400/pg55400.cover.small.jpg', 'image/jpeg' );
INSERT INTO files ( gid, file, mime ) VALUES ( '55400', 'http://www.gutenberg.org/ebooks/55400.epub.images', 'application/epub+zip' );
INSERT INTO files ( gid, file, mime ) VALUES ( '55400', 'http://www.gutenberg.org/ebooks/55400.epub.noimages', 'application/epub+zip' );
INSERT INTO files ( gid, file, mime ) VALUES ( '55400', 'http://www.gutenberg.org/ebooks/55400.kindle.images', 'application/x-mobipocket-ebook' );
INSERT INTO files ( gid, file, mime ) VALUES ( '55400', 'http://www.gutenberg.org/ebooks/55400.kindle.noimages', 'application/x-mobipocket-ebook' );
INSERT INTO files ( gid, file, mime ) VALUES ( '55400', 'http://www.gutenberg.org/ebooks/55400.rdf', 'application/rdf+xml' );
INSERT INTO files ( gid, file, mime ) VALUES ( '55400', 'http://www.gutenberg.org/files/55400/55400-0.txt', 'text/plain; charset=utf-8' );
INSERT INTO files ( gid, file, mime ) VALUES ( '55400', 'http://www.gutenberg.org/files/55400/55400-0.zip', 'text/plain; charset=utf-8application/zip' );
INSERT INTO files ( gid, file, mime ) VALUES ( '55400', 'http://www.gutenberg.org/files/55400/55400-h.zip', 'text/html; charset=utf-8application/zip' );
INSERT INTO files ( gid, file, mime ) VALUES ( '55400', 'http://www.gutenberg.org/files/55400/55400-h/55400-h.htm', 'text/html; charset=utf-8' );
INSERT INTO titles ( gid, title, author, language, rights ) VALUES ( '55500', 'Twenty Drawings', '', 'en', 'Public domain in the USA.' );
INSERT INTO classifications ( gid, classification ) VALUES ( '55500', 'NC' );
INSERT INTO subjects ( gid, subject ) VALUES ( '55500', 'Gibran, Kahlil, 1883-1931' );
INSERT INTO files ( gid, file, mime ) VALUES ( '55500', 'http://www.gutenberg.org/cache/epub/55500/pg55500.cover.medium.jpg', 'image/jpeg' );
INSERT INTO files ( gid, file, mime ) VALUES ( '55500', 'http://www.gutenberg.org/cache/epub/55500/pg55500.cover.small.jpg', 'image/jpeg' );
INSERT INTO files ( gid, file, mime ) VALUES ( '55500', 'http://www.gutenberg.org/ebooks/55500.epub.images', 'application/epub+zip' );
INSERT INTO files ( gid, file, mime ) VALUES ( '55500', 'http://www.gutenberg.org/ebooks/55500.epub.noimages', 'application/epub+zip' );
INSERT INTO files ( gid, file, mime ) VALUES ( '55500', 'http://www.gutenberg.org/ebooks/55500.kindle.images', 'application/x-mobipocket-ebook' );
INSERT INTO files ( gid, file, mime ) VALUES ( '55500', 'http://www.gutenberg.org/ebooks/55500.kindle.noimages', 'application/x-mobipocket-ebook' );
INSERT INTO files ( gid, file, mime ) VALUES ( '55500', 'http://www.gutenberg.org/ebooks/55500.rdf', 'application/rdf+xml' );
INSERT INTO files ( gid, file, mime ) VALUES ( '55500', 'http://www.gutenberg.org/files/55500/55500-0.txt', 'text/plain; charset=utf-8' );
INSERT INTO files ( gid, file, mime ) VALUES ( '55500', 'http://www.gutenberg.org/files/55500/55500-0.zip', 'application/ziptext/plain; charset=utf-8' );
INSERT INTO files ( gid, file, mime ) VALUES ( '55500', 'http://www.gutenberg.org/files/55500/55500-h.zip', 'application/ziptext/html; charset=utf-8' );
INSERT INTO files ( gid, file, mime ) VALUES ( '55500', 'http://www.gutenberg.org/files/55500/55500-h/55500-h.htm', 'text/html; charset=utf-8' );
INSERT INTO titles ( gid, title, author, language, rights ) VALUES ( '55700', 'Nouvel atlas de poche des champignons Comestibles et Vénéneux les plus répandus. Série II (Première édition)', 'Dumée, Paul', 'fr', 'Public domain in the USA.' );
INSERT INTO classifications ( gid, classification ) VALUES ( '55700', 'QK' );
INSERT INTO subjects ( gid, subject ) VALUES ( '55700', 'Mushrooms' );
INSERT INTO files ( gid, file, mime ) VALUES ( '55700', 'http://www.gutenberg.org/cache/epub/55700/pg55700.cover.medium.jpg', 'image/jpeg' );
INSERT INTO files ( gid, file, mime ) VALUES ( '55700', 'http://www.gutenberg.org/cache/epub/55700/pg55700.cover.small.jpg', 'image/jpeg' );
INSERT INTO files ( gid, file, mime ) VALUES ( '55700', 'http://www.gutenberg.org/ebooks/55700.epub.images', 'application/epub+zip' );
INSERT INTO files ( gid, file, mime ) VALUES ( '55700', 'http://www.gutenberg.org/ebooks/55700.epub.noimages', 'application/epub+zip' );
INSERT INTO files ( gid, file, mime ) VALUES ( '55700', 'http://www.gutenberg.org/ebooks/55700.kindle.images', 'application/x-mobipocket-ebook' );
INSERT INTO files ( gid, file, mime ) VALUES ( '55700', 'http://www.gutenberg.org/ebooks/55700.kindle.noimages', 'application/x-mobipocket-ebook' );
INSERT INTO files ( gid, file, mime ) VALUES ( '55700', 'http://www.gutenberg.org/ebooks/55700.rdf', 'application/rdf+xml' );
INSERT INTO files ( gid, file, mime ) VALUES ( '55700', 'http://www.gutenberg.org/files/55700/55700-0.txt', 'text/plain; charset=utf-8' );
INSERT INTO files ( gid, file, mime ) VALUES ( '55700', 'http://www.gutenberg.org/files/55700/55700-0.zip', 'application/octet-streamapplication/zip' );
INSERT INTO files ( gid, file, mime ) VALUES ( '55700', 'http://www.gutenberg.org/files/55700/55700-h.zip', 'application/ziptext/html; charset=utf-8' );
INSERT INTO files ( gid, file, mime ) VALUES ( '55700', 'http://www.gutenberg.org/files/55700/55700-h/55700-h.htm', 'text/html; charset=utf-8' );
INSERT INTO titles ( gid, title, author, language, rights ) VALUES ( '55600', 'Kustaa Vaasa ja hänen aikalaisensa I: Ruotsin vapauttaja Historiallis-romanttinen kuvaus', 'Stjernström, Louise', 'fi', 'Public domain in the USA.' );
INSERT INTO classifications ( gid, classification ) VALUES ( '55600', 'PT' );
INSERT INTO subjects ( gid, subject ) VALUES ( '55600', 'Swedish fiction -- Translations into Finnish' );
INSERT INTO subjects ( gid, subject ) VALUES ( '55600', 'Gustav I Vasa, King of Sweden, 1496-1560 -- Fiction' );
INSERT INTO subjects ( gid, subject ) VALUES ( '55600', 'Historical fiction' );
INSERT INTO files ( gid, file, mime ) VALUES ( '55600', 'http://www.gutenberg.org/ebooks/55600.epub.images', 'application/epub+zip' );
INSERT INTO files ( gid, file, mime ) VALUES ( '55600', 'http://www.gutenberg.org/ebooks/55600.epub.noimages', 'application/epub+zip' );
INSERT INTO files ( gid, file, mime ) VALUES ( '55600', 'http://www.gutenberg.org/ebooks/55600.html.images', 'text/html' );
INSERT INTO files ( gid, file, mime ) VALUES ( '55600', 'http://www.gutenberg.org/ebooks/55600.html.noimages', 'text/html' );
INSERT INTO files ( gid, file, mime ) VALUES ( '55600', 'http://www.gutenberg.org/ebooks/55600.kindle.images', 'application/x-mobipocket-ebook' );
INSERT INTO files ( gid, file, mime ) VALUES ( '55600', 'http://www.gutenberg.org/ebooks/55600.kindle.noimages', 'application/x-mobipocket-ebook' );
INSERT INTO files ( gid, file, mime ) VALUES ( '55600', 'http://www.gutenberg.org/ebooks/55600.rdf', 'application/rdf+xml' );
INSERT INTO files ( gid, file, mime ) VALUES ( '55600', 'http://www.gutenberg.org/ebooks/55600.txt.utf-8', 'text/plain' );
INSERT INTO files ( gid, file, mime ) VALUES ( '55600', 'http://www.gutenberg.org/files/55600/55600-8.txt', 'text/plain; charset=iso-8859-1' );
INSERT INTO files ( gid, file, mime ) VALUES ( '55600', 'http://www.gutenberg.org/files/55600/55600-8.zip', 'text/plain; charset=iso-8859-1application/zip' );
INSERT INTO titles ( gid, title, author, language, rights ) VALUES ( '55800', 'Mosaic of New Mexico''s Scenery, Rocks, and History', '', 'en', 'Public domain in the USA.' );
INSERT INTO subjects ( gid, subject ) VALUES ( '55800', 'F786' );
INSERT INTO subjects ( gid, subject ) VALUES ( '55800', 'Geology -- New Mexico' );
INSERT INTO subjects ( gid, subject ) VALUES ( '55800', 'New Mexico -- History' );
INSERT INTO subjects ( gid, subject ) VALUES ( '55800', 'New Mexico -- Description and travel' );
INSERT INTO files ( gid, file, mime ) VALUES ( '55800', 'http://www.gutenberg.org/cache/epub/55800/pg55800.cover.medium.jpg', 'image/jpeg' );
INSERT INTO files ( gid, file, mime ) VALUES ( '55800', 'http://www.gutenberg.org/cache/epub/55800/pg55800.cover.small.jpg', 'image/jpeg' );
INSERT INTO files ( gid, file, mime ) VALUES ( '55800', 'http://www.gutenberg.org/ebooks/55800.epub.images', 'application/epub+zip' );
INSERT INTO files ( gid, file, mime ) VALUES ( '55800', 'http://www.gutenberg.org/ebooks/55800.epub.noimages', 'application/epub+zip' );
INSERT INTO files ( gid, file, mime ) VALUES ( '55800', 'http://www.gutenberg.org/ebooks/55800.kindle.images', 'application/x-mobipocket-ebook' );
INSERT INTO files ( gid, file, mime ) VALUES ( '55800', 'http://www.gutenberg.org/ebooks/55800.kindle.noimages', 'application/x-mobipocket-ebook' );
INSERT INTO files ( gid, file, mime ) VALUES ( '55800', 'http://www.gutenberg.org/ebooks/55800.rdf', 'application/rdf+xml' );
INSERT INTO files ( gid, file, mime ) VALUES ( '55800', 'http://www.gutenberg.org/files/55800/55800-0.txt', 'text/plain; charset=utf-8' );
INSERT INTO files ( gid, file, mime ) VALUES ( '55800', 'http://www.gutenberg.org/files/55800/55800-0.zip', 'text/plain; charset=utf-8application/zip' );
INSERT INTO files ( gid, file, mime ) VALUES ( '55800', 'http://www.gutenberg.org/files/55800/55800-8.txt', 'text/plain; charset=iso-8859-1' );
INSERT INTO files ( gid, file, mime ) VALUES ( '55800', 'http://www.gutenberg.org/files/55800/55800-8.zip', 'application/ziptext/plain; charset=iso-8859-1' );
INSERT INTO files ( gid, file, mime ) VALUES ( '55800', 'http://www.gutenberg.org/files/55800/55800-h.zip', 'application/zipapplication/octet-stream' );
INSERT INTO files ( gid, file, mime ) VALUES ( '55800', 'http://www.gutenberg.org/files/55800/55800-h/55800-h.htm', 'text/html' );
INSERT INTO titles ( gid, title, author, language, rights ) VALUES ( '55900', 'Gids bij de studie der Nederlandsche letterkunde Voor leerlingen der gymnasia, H. B. scholen en studeerenden voor de hoofdacte', 'Rijpma, E. (Enneus)', 'nl', 'Public domain in the USA.' );
INSERT INTO classifications ( gid, classification ) VALUES ( '55900', 'PT' );
INSERT INTO subjects ( gid, subject ) VALUES ( '55900', 'Dutch literature -- History and criticism' );
INSERT INTO subjects ( gid, subject ) VALUES ( '55900', 'Flemish literature -- History and criticism' );
INSERT INTO files ( gid, file, mime ) VALUES ( '55900', 'http://www.gutenberg.org/cache/epub/55900/pg55900.cover.medium.jpg', 'image/jpeg' );
INSERT INTO files ( gid, file, mime ) VALUES ( '55900', 'http://www.gutenberg.org/cache/epub/55900/pg55900.cover.small.jpg', 'image/jpeg' );
INSERT INTO files ( gid, file, mime ) VALUES ( '55900', 'http://www.gutenberg.org/ebooks/55900.epub.images', 'application/epub+zip' );
INSERT INTO files ( gid, file, mime ) VALUES ( '55900', 'http://www.gutenberg.org/ebooks/55900.epub.noimages', 'application/epub+zip' );
INSERT INTO files ( gid, file, mime ) VALUES ( '55900', 'http://www.gutenberg.org/ebooks/55900.kindle.images', 'application/x-mobipocket-ebook' );
INSERT INTO files ( gid, file, mime ) VALUES ( '55900', 'http://www.gutenberg.org/ebooks/55900.kindle.noimages', 'application/x-mobipocket-ebook' );
INSERT INTO files ( gid, file, mime ) VALUES ( '55900', 'http://www.gutenberg.org/ebooks/55900.rdf', 'application/rdf+xml' );
INSERT INTO files ( gid, file, mime ) VALUES ( '55900', 'http://www.gutenberg.org/ebooks/55900.txt.utf-8', 'text/plain' );
INSERT INTO files ( gid, file, mime ) VALUES ( '55900', 'http://www.gutenberg.org/files/55900/55900-8.txt', 'text/plain; charset=iso-8859-1' );
INSERT INTO files ( gid, file, mime ) VALUES ( '55900', 'http://www.gutenberg.org/files/55900/55900-8.zip', 'application/ziptext/plain; charset=iso-8859-1' );
INSERT INTO files ( gid, file, mime ) VALUES ( '55900', 'http://www.gutenberg.org/files/55900/55900-h.zip', 'text/html; charset=us-asciiapplication/zip' );
INSERT INTO files ( gid, file, mime ) VALUES ( '55900', 'http://www.gutenberg.org/files/55900/55900-h/55900-h.htm', 'text/html; charset=us-ascii' );
INSERT INTO titles ( gid, title, author, language, rights ) VALUES ( '5600', 'The Historical Romances of Georg Ebers', 'Ebers, Georg', 'en', 'Public domain in the USA.' );
INSERT INTO classifications ( gid, classification ) VALUES ( '5600', 'PT' );
INSERT INTO subjects ( gid, subject ) VALUES ( '5600', 'Historical fiction' );
INSERT INTO subjects ( gid, subject ) VALUES ( '5600', 'German fiction -- Translations into English' );
INSERT INTO files ( gid, file, mime ) VALUES ( '5600', 'http://www.gutenberg.org/ebooks/5600.epub.images', 'application/epub+zip' );
INSERT INTO files ( gid, file, mime ) VALUES ( '5600', 'http://www.gutenberg.org/ebooks/5600.epub.noimages', 'application/epub+zip' );
INSERT INTO files ( gid, file, mime ) VALUES ( '5600', 'http://www.gutenberg.org/ebooks/5600.html.images', 'text/html' );
INSERT INTO files ( gid, file, mime ) VALUES ( '5600', 'http://www.gutenberg.org/ebooks/5600.html.noimages', 'text/html' );
INSERT INTO files ( gid, file, mime ) VALUES ( '5600', 'http://www.gutenberg.org/ebooks/5600.kindle.images', 'application/x-mobipocket-ebook' );
INSERT INTO files ( gid, file, mime ) VALUES ( '5600', 'http://www.gutenberg.org/ebooks/5600.kindle.noimages', 'application/x-mobipocket-ebook' );
INSERT INTO files ( gid, file, mime ) VALUES ( '5600', 'http://www.gutenberg.org/ebooks/5600.rdf', 'application/rdf+xml' );
INSERT INTO files ( gid, file, mime ) VALUES ( '5600', 'http://www.gutenberg.org/ebooks/5600.txt.utf-8', 'text/plain' );
INSERT INTO files ( gid, file, mime ) VALUES ( '5600', 'http://www.gutenberg.org/files/5600/5600.txt', 'text/plain; charset=us-ascii' );
INSERT INTO files ( gid, file, mime ) VALUES ( '5600', 'http://www.gutenberg.org/files/5600/5600.zip', 'application/ziptext/plain; charset=us-ascii' );
INSERT INTO titles ( gid, title, author, language, rights ) VALUES ( '56000', 'Schetsen uit de Dierenwereld', 'Elliot, Daniel Giraud', 'nl', 'Public domain in the USA.' );
INSERT INTO classifications ( gid, classification ) VALUES ( '56000', 'QL' );
INSERT INTO subjects ( gid, subject ) VALUES ( '56000', 'Animals -- Pictorial work' );
INSERT INTO subjects ( gid, subject ) VALUES ( '56000', 'Animals' );
INSERT INTO files ( gid, file, mime ) VALUES ( '56000', 'http://www.gutenberg.org/cache/epub/56000/pg56000.cover.medium.jpg', 'image/jpeg' );
INSERT INTO files ( gid, file, mime ) VALUES ( '56000', 'http://www.gutenberg.org/cache/epub/56000/pg56000.cover.small.jpg', 'image/jpeg' );
INSERT INTO files ( gid, file, mime ) VALUES ( '56000', 'http://www.gutenberg.org/ebooks/56000.epub.images', 'application/epub+zip' );
INSERT INTO files ( gid, file, mime ) VALUES ( '56000', 'http://www.gutenberg.org/ebooks/56000.epub.noimages', 'application/epub+zip' );
INSERT INTO files ( gid, file, mime ) VALUES ( '56000', 'http://www.gutenberg.org/ebooks/56000.kindle.images', 'application/x-mobipocket-ebook' );
INSERT INTO files ( gid, file, mime ) VALUES ( '56000', 'http://www.gutenberg.org/ebooks/56000.kindle.noimages', 'application/x-mobipocket-ebook' );
INSERT INTO files ( gid, file, mime ) VALUES ( '56000', 'http://www.gutenberg.org/ebooks/56000.rdf', 'application/rdf+xml' );
INSERT INTO files ( gid, file, mime ) VALUES ( '56000', 'http://www.gutenberg.org/ebooks/56000.txt.utf-8', 'text/plain' );
INSERT INTO files ( gid, file, mime ) VALUES ( '56000', 'http://www.gutenberg.org/files/56000/56000-8.txt', 'text/plain; charset=iso-8859-1' );
INSERT INTO files ( gid, file, mime ) VALUES ( '56000', 'http://www.gutenberg.org/files/56000/56000-8.zip', 'application/ziptext/plain; charset=iso-8859-1' );
INSERT INTO files ( gid, file, mime ) VALUES ( '56000', 'http://www.gutenberg.org/files/56000/56000-h.zip', 'text/html; charset=us-asciiapplication/zip' );
INSERT INTO files ( gid, file, mime ) VALUES ( '56000', 'http://www.gutenberg.org/files/56000/56000-h/56000-h.htm', 'text/html; charset=us-ascii' );
INSERT INTO titles ( gid, title, author, language, rights ) VALUES ( '13100', 'Samlade arbeten I', 'Runeberg, Johan Ludvig', 'sv', 'Public domain in the USA.' );
INSERT INTO classifications ( gid, classification ) VALUES ( '13100', 'PT' );
INSERT INTO subjects ( gid, subject ) VALUES ( '13100', 'Poetry' );
INSERT INTO files ( gid, file, mime ) VALUES ( '13100', 'http://www.gutenberg.org/ebooks/13100.epub.images', 'application/epub+zip' );
INSERT INTO files ( gid, file, mime ) VALUES ( '13100', 'http://www.gutenberg.org/ebooks/13100.epub.noimages', 'application/epub+zip' );
INSERT INTO files ( gid, file, mime ) VALUES ( '13100', 'http://www.gutenberg.org/ebooks/13100.html.images', 'text/html' );
INSERT INTO files ( gid, file, mime ) VALUES ( '13100', 'http://www.gutenberg.org/ebooks/13100.html.noimages', 'text/html' );
INSERT INTO files ( gid, file, mime ) VALUES ( '13100', 'http://www.gutenberg.org/ebooks/13100.kindle.images', 'application/x-mobipocket-ebook' );
INSERT INTO files ( gid, file, mime ) VALUES ( '13100', 'http://www.gutenberg.org/ebooks/13100.kindle.noimages', 'application/x-mobipocket-ebook' );
INSERT INTO files ( gid, file, mime ) VALUES ( '13100', 'http://www.gutenberg.org/ebooks/13100.rdf', 'application/rdf+xml' );
INSERT INTO files ( gid, file, mime ) VALUES ( '13100', 'http://www.gutenberg.org/ebooks/13100.txt.utf-8', 'text/plain' );
INSERT INTO files ( gid, file, mime ) VALUES ( '13100', 'http://www.gutenberg.org/files/13100/13100-8.txt', 'text/plain; charset=iso-8859-1' );
INSERT INTO files ( gid, file, mime ) VALUES ( '13100', 'http://www.gutenberg.org/files/13100/13100-8.zip', 'text/plain; charset=iso-8859-1application/zip' );
INSERT INTO titles ( gid, title, author, language, rights ) VALUES ( '13200', 'Act, Declaration, & Testimony for the Whole of our Covenanted Reformation, as Attained to, and Established in Britain and Ireland; Particularly Betwixt the Years 1638 and 1649, Inclusive', 'Reformed Presbytery of North America', 'en', 'Public domain in the USA.' );
INSERT INTO classifications ( gid, classification ) VALUES ( '13200', 'BX' );
INSERT INTO subjects ( gid, subject ) VALUES ( '13200', 'Church and state' );
INSERT INTO subjects ( gid, subject ) VALUES ( '13200', 'Reformed Presbyterian Church of Ireland -- History' );
INSERT INTO subjects ( gid, subject ) VALUES ( '13200', 'Reformed Presbytery of North America -- History' );
INSERT INTO subjects ( gid, subject ) VALUES ( '13200', 'Reformed Presbyterian Church (Scotland) -- History' );
INSERT INTO subjects ( gid, subject ) VALUES ( '13200', 'Reformed Presbytery of North America -- Doctrines' );
INSERT INTO files ( gid, file, mime ) VALUES ( '13200', 'http://www.gutenberg.org/ebooks/13200.epub.images', 'application/epub+zip' );
INSERT INTO files ( gid, file, mime ) VALUES ( '13200', 'http://www.gutenberg.org/ebooks/13200.epub.noimages', 'application/epub+zip' );
INSERT INTO files ( gid, file, mime ) VALUES ( '13200', 'http://www.gutenberg.org/ebooks/13200.html.images', 'text/html' );
INSERT INTO files ( gid, file, mime ) VALUES ( '13200', 'http://www.gutenberg.org/ebooks/13200.html.noimages', 'text/html' );
INSERT INTO files ( gid, file, mime ) VALUES ( '13200', 'http://www.gutenberg.org/ebooks/13200.kindle.images', 'application/x-mobipocket-ebook' );
INSERT INTO files ( gid, file, mime ) VALUES ( '13200', 'http://www.gutenberg.org/ebooks/13200.kindle.noimages', 'application/x-mobipocket-ebook' );
INSERT INTO files ( gid, file, mime ) VALUES ( '13200', 'http://www.gutenberg.org/ebooks/13200.rdf', 'application/rdf+xml' );
INSERT INTO files ( gid, file, mime ) VALUES ( '13200', 'http://www.gutenberg.org/ebooks/13200.txt.utf-8', 'text/plain' );
INSERT INTO files ( gid, file, mime ) VALUES ( '13200', 'http://www.gutenberg.org/files/13200/13200-8.txt', 'text/plain; charset=iso-8859-1' );
INSERT INTO files ( gid, file, mime ) VALUES ( '13200', 'http://www.gutenberg.org/files/13200/13200-8.zip', 'application/ziptext/plain; charset=iso-8859-1' );
INSERT INTO files ( gid, file, mime ) VALUES ( '13200', 'http://www.gutenberg.org/files/13200/13200.txt', 'text/plain; charset=us-ascii' );
INSERT INTO files ( gid, file, mime ) VALUES ( '13200', 'http://www.gutenberg.org/files/13200/13200.zip', 'text/plain; charset=us-asciiapplication/zip' );
INSERT INTO titles ( gid, title, author, language, rights ) VALUES ( '13300', 'The Doctrine and Practice of Yoga Including the Practices and Exercises of Concentration, both Objective and Subjective, and Active and Passive Mentation, an Elucidation of Maya, Guru Worship, and the Worship of the Terrible, also the Mystery of Will-Force', 'Mukerji, A. P., swámi', 'en', 'Public domain in the USA.' );
INSERT INTO classifications ( gid, classification ) VALUES ( '13300', 'BF' );
INSERT INTO subjects ( gid, subject ) VALUES ( '13300', 'Yoga' );
INSERT INTO files ( gid, file, mime ) VALUES ( '13300', 'http://www.gutenberg.org/ebooks/13300.epub.images', 'application/epub+zip' );
INSERT INTO files ( gid, file, mime ) VALUES ( '13300', 'http://www.gutenberg.org/ebooks/13300.epub.noimages', 'application/epub+zip' );
INSERT INTO files ( gid, file, mime ) VALUES ( '13300', 'http://www.gutenberg.org/ebooks/13300.html.images', 'text/html' );
INSERT INTO files ( gid, file, mime ) VALUES ( '13300', 'http://www.gutenberg.org/ebooks/13300.html.noimages', 'text/html' );
INSERT INTO files ( gid, file, mime ) VALUES ( '13300', 'http://www.gutenberg.org/ebooks/13300.kindle.images', 'application/x-mobipocket-ebook' );
INSERT INTO files ( gid, file, mime ) VALUES ( '13300', 'http://www.gutenberg.org/ebooks/13300.kindle.noimages', 'application/x-mobipocket-ebook' );
INSERT INTO files ( gid, file, mime ) VALUES ( '13300', 'http://www.gutenberg.org/ebooks/13300.rdf', 'application/rdf+xml' );
INSERT INTO files ( gid, file, mime ) VALUES ( '13300', 'http://www.gutenberg.org/ebooks/13300.txt.utf-8', 'text/plain' );
INSERT INTO files ( gid, file, mime ) VALUES ( '13300', 'http://www.gutenberg.org/files/13300/13300.txt', 'text/plain; charset=us-ascii' );
INSERT INTO files ( gid, file, mime ) VALUES ( '13300', 'http://www.gutenberg.org/files/13300/13300.zip', 'application/ziptext/plain; charset=us-ascii' );
INSERT INTO titles ( gid, title, author, language, rights ) VALUES ( '13400', 'Conscience', 'Malot, Hector', 'fr', 'Public domain in the USA.' );
INSERT INTO classifications ( gid, classification ) VALUES ( '13400', 'PQ' );
INSERT INTO subjects ( gid, subject ) VALUES ( '13400', 'Physicians -- Fiction' );
INSERT INTO subjects ( gid, subject ) VALUES ( '13400', 'Paris (France) -- Fiction' );
INSERT INTO files ( gid, file, mime ) VALUES ( '13400', 'http://www.gutenberg.org/ebooks/13400.epub.images', 'application/epub+zip' );
INSERT INTO files ( gid, file, mime ) VALUES ( '13400', 'http://www.gutenberg.org/ebooks/13400.epub.noimages', 'application/epub+zip' );
INSERT INTO files ( gid, file, mime ) VALUES ( '13400', 'http://www.gutenberg.org/ebooks/13400.kindle.images', 'application/x-mobipocket-ebook' );
INSERT INTO files ( gid, file, mime ) VALUES ( '13400', 'http://www.gutenberg.org/ebooks/13400.kindle.noimages', 'application/x-mobipocket-ebook' );
INSERT INTO files ( gid, file, mime ) VALUES ( '13400', 'http://www.gutenberg.org/ebooks/13400.rdf', 'application/rdf+xml' );
INSERT INTO files ( gid, file, mime ) VALUES ( '13400', 'http://www.gutenberg.org/ebooks/13400.txt.utf-8', 'text/plain' );
INSERT INTO files ( gid, file, mime ) VALUES ( '13400', 'http://www.gutenberg.org/files/13400/13400-8.txt', 'text/plain; charset=iso-8859-1' );
INSERT INTO files ( gid, file, mime ) VALUES ( '13400', 'http://www.gutenberg.org/files/13400/13400-8.zip', 'application/ziptext/plain; charset=iso-8859-1' );
INSERT INTO files ( gid, file, mime ) VALUES ( '13400', 'http://www.gutenberg.org/files/13400/13400-h.zip', 'text/html; charset=iso-8859-1application/zip' );
INSERT INTO files ( gid, file, mime ) VALUES ( '13400', 'http://www.gutenberg.org/files/13400/13400-h/13400-h.htm', 'text/html; charset=iso-8859-1' );
INSERT INTO files ( gid, file, mime ) VALUES ( '13400', 'http://www.gutenberg.org/files/13400/13400.txt', 'text/plain; charset=us-ascii' );
INSERT INTO files ( gid, file, mime ) VALUES ( '13400', 'http://www.gutenberg.org/files/13400/13400.zip', 'application/ziptext/plain; charset=us-ascii' );
INSERT INTO titles ( gid, title, author, language, rights ) VALUES ( '13500', 'A Heroine of France: The Story of Joan of Arc', 'Everett-Green, Evelyn', 'en', 'Public domain in the USA.' );
INSERT INTO classifications ( gid, classification ) VALUES ( '13500', 'PZ' );
INSERT INTO subjects ( gid, subject ) VALUES ( '13500', 'Women soldiers -- France -- Juvenile fiction' );
INSERT INTO subjects ( gid, subject ) VALUES ( '13500', 'Christian saints -- France -- Juvenile fiction' );
INSERT INTO subjects ( gid, subject ) VALUES ( '13500', 'France -- History -- Charles VII, 1422-1461 -- Juvenile fiction' );
INSERT INTO subjects ( gid, subject ) VALUES ( '13500', 'Joan, of Arc, Saint, 1412-1431 -- Juvenile fiction' );
INSERT INTO files ( gid, file, mime ) VALUES ( '13500', 'http://www.gutenberg.org/ebooks/13500.epub.images', 'application/epub+zip' );
INSERT INTO files ( gid, file, mime ) VALUES ( '13500', 'http://www.gutenberg.org/ebooks/13500.epub.noimages', 'application/epub+zip' );
INSERT INTO files ( gid, file, mime ) VALUES ( '13500', 'http://www.gutenberg.org/ebooks/13500.kindle.images', 'application/x-mobipocket-ebook' );
INSERT INTO files ( gid, file, mime ) VALUES ( '13500', 'http://www.gutenberg.org/ebooks/13500.kindle.noimages', 'application/x-mobipocket-ebook' );
INSERT INTO files ( gid, file, mime ) VALUES ( '13500', 'http://www.gutenberg.org/ebooks/13500.rdf', 'application/rdf+xml' );
INSERT INTO files ( gid, file, mime ) VALUES ( '13500', 'http://www.gutenberg.org/ebooks/13500.txt.utf-8', 'text/plain' );
INSERT INTO files ( gid, file, mime ) VALUES ( '13500', 'http://www.gutenberg.org/files/13500/13500-h.zip', 'text/html; charset=iso-8859-1application/zip' );
INSERT INTO files ( gid, file, mime ) VALUES ( '13500', 'http://www.gutenberg.org/files/13500/13500-h/13500-h.htm', 'text/html; charset=iso-8859-1' );
INSERT INTO files ( gid, file, mime ) VALUES ( '13500', 'http://www.gutenberg.org/files/13500/13500.txt', 'text/plain; charset=us-ascii' );
INSERT INTO files ( gid, file, mime ) VALUES ( '13500', 'http://www.gutenberg.org/files/13500/13500.zip', 'text/plain; charset=us-asciiapplication/zip' );
INSERT INTO titles ( gid, title, author, language, rights ) VALUES ( '13600', 'Encyclopaedia Britannica, 11th Edition, "Andros, Sir Edmund" to "Anise" Volume 2, Part 1, Slice 1', 'Various', 'en', 'Public domain in the USA.' );
INSERT INTO classifications ( gid, classification ) VALUES ( '13600', 'AE' );
INSERT INTO subjects ( gid, subject ) VALUES ( '13600', 'Encyclopedias and dictionaries' );
INSERT INTO files ( gid, file, mime ) VALUES ( '13600', 'http://www.gutenberg.org/ebooks/13600.epub.images', 'application/epub+zip' );
INSERT INTO files ( gid, file, mime ) VALUES ( '13600', 'http://www.gutenberg.org/ebooks/13600.epub.noimages', 'application/epub+zip' );
INSERT INTO files ( gid, file, mime ) VALUES ( '13600', 'http://www.gutenberg.org/ebooks/13600.kindle.images', 'application/x-mobipocket-ebook' );
INSERT INTO files ( gid, file, mime ) VALUES ( '13600', 'http://www.gutenberg.org/ebooks/13600.kindle.noimages', 'application/x-mobipocket-ebook' );
INSERT INTO files ( gid, file, mime ) VALUES ( '13600', 'http://www.gutenberg.org/ebooks/13600.rdf', 'application/rdf+xml' );
INSERT INTO files ( gid, file, mime ) VALUES ( '13600', 'http://www.gutenberg.org/ebooks/13600.txt.utf-8', 'text/plain' );
INSERT INTO files ( gid, file, mime ) VALUES ( '13600', 'http://www.gutenberg.org/files/13600/13600-8.txt', 'text/plain; charset=iso-8859-1' );
INSERT INTO files ( gid, file, mime ) VALUES ( '13600', 'http://www.gutenberg.org/files/13600/13600-8.zip', 'application/ziptext/plain; charset=iso-8859-1' );
INSERT INTO files ( gid, file, mime ) VALUES ( '13600', 'http://www.gutenberg.org/files/13600/13600-h.zip', 'application/ziptext/html; charset=iso-8859-1' );
INSERT INTO files ( gid, file, mime ) VALUES ( '13600', 'http://www.gutenberg.org/files/13600/13600-h/13600-h.htm', 'text/html; charset=iso-8859-1' );
INSERT INTO files ( gid, file, mime ) VALUES ( '13600', 'http://www.gutenberg.org/files/13600/13600.txt', 'text/plain; charset=us-ascii' );
INSERT INTO files ( gid, file, mime ) VALUES ( '13600', 'http://www.gutenberg.org/files/13600/13600.zip', 'text/plain; charset=us-asciiapplication/zip' );
INSERT INTO titles ( gid, title, author, language, rights ) VALUES ( '13700', 'Slave Narratives: a Folk History of Slavery in the United States From Interviews with Former Slaves Arkansas Narratives, Part 2', 'United States. Work Projects Administration', 'en', 'Public domain in the USA.' );
INSERT INTO subjects ( gid, subject ) VALUES ( '13700', 'African Americans -- Arkansas -- Biography' );
INSERT INTO subjects ( gid, subject ) VALUES ( '13700', 'Slaves -- Arkansas -- Social conditions' );
INSERT INTO subjects ( gid, subject ) VALUES ( '13700', 'Slaves -- Arkansas -- Biography' );
INSERT INTO subjects ( gid, subject ) VALUES ( '13700', 'Slave narratives -- Arkansas' );
INSERT INTO subjects ( gid, subject ) VALUES ( '13700', 'Slavery -- Arkansas' );
INSERT INTO subjects ( gid, subject ) VALUES ( '13700', 'E300' );
INSERT INTO files ( gid, file, mime ) VALUES ( '13700', 'http://www.gutenberg.org/ebooks/13700.epub.images', 'application/epub+zip' );
INSERT INTO files ( gid, file, mime ) VALUES ( '13700', 'http://www.gutenberg.org/ebooks/13700.epub.noimages', 'application/epub+zip' );
INSERT INTO files ( gid, file, mime ) VALUES ( '13700', 'http://www.gutenberg.org/ebooks/13700.kindle.images', 'application/x-mobipocket-ebook' );
INSERT INTO files ( gid, file, mime ) VALUES ( '13700', 'http://www.gutenberg.org/ebooks/13700.kindle.noimages', 'application/x-mobipocket-ebook' );
INSERT INTO files ( gid, file, mime ) VALUES ( '13700', 'http://www.gutenberg.org/ebooks/13700.rdf', 'application/rdf+xml' );
INSERT INTO files ( gid, file, mime ) VALUES ( '13700', 'http://www.gutenberg.org/ebooks/13700.txt.utf-8', 'text/plain' );
INSERT INTO files ( gid, file, mime ) VALUES ( '13700', 'http://www.gutenberg.org/files/13700/13700-h.zip', 'text/html; charset=us-asciiapplication/zip' );
INSERT INTO files ( gid, file, mime ) VALUES ( '13700', 'http://www.gutenberg.org/files/13700/13700-h/13700-h.htm', 'text/html; charset=us-ascii' );
INSERT INTO files ( gid, file, mime ) VALUES ( '13700', 'http://www.gutenberg.org/files/13700/13700.txt', 'text/plain; charset=us-ascii' );
INSERT INTO files ( gid, file, mime ) VALUES ( '13700', 'http://www.gutenberg.org/files/13700/13700.zip', 'application/ziptext/plain; charset=us-ascii' );
INSERT INTO titles ( gid, title, author, language, rights ) VALUES ( '13800', 'The Pleasures of a Single Life, Or, The Miseries of Matrimony Occasionally writ upon the many divorces lately granted by Parliament. With The choice, or, the pleasures of a country-life. Dedicated to the beaus against the next vacation.', '', 'en', 'Public domain in the USA.' );
INSERT INTO classifications ( gid, classification ) VALUES ( '13800', 'PR' );
INSERT INTO subjects ( gid, subject ) VALUES ( '13800', 'Single people -- Poetry' );
INSERT INTO subjects ( gid, subject ) VALUES ( '13800', 'Marriage -- Poetry' );
INSERT INTO subjects ( gid, subject ) VALUES ( '13800', 'Country life -- Poetry' );
INSERT INTO files ( gid, file, mime ) VALUES ( '13800', 'http://www.gutenberg.org/ebooks/13800.epub.images', 'application/epub+zip' );
INSERT INTO files ( gid, file, mime ) VALUES ( '13800', 'http://www.gutenberg.org/ebooks/13800.epub.noimages', 'application/epub+zip' );
INSERT INTO files ( gid, file, mime ) VALUES ( '13800', 'http://www.gutenberg.org/ebooks/13800.html.images', 'text/html' );
INSERT INTO files ( gid, file, mime ) VALUES ( '13800', 'http://www.gutenberg.org/ebooks/13800.html.noimages', 'text/html' );
INSERT INTO files ( gid, file, mime ) VALUES ( '13800', 'http://www.gutenberg.org/ebooks/13800.kindle.images', 'application/x-mobipocket-ebook' );
INSERT INTO files ( gid, file, mime ) VALUES ( '13800', 'http://www.gutenberg.org/ebooks/13800.kindle.noimages', 'application/x-mobipocket-ebook' );
INSERT INTO files ( gid, file, mime ) VALUES ( '13800', 'http://www.gutenberg.org/ebooks/13800.rdf', 'application/rdf+xml' );
INSERT INTO files ( gid, file, mime ) VALUES ( '13800', 'http://www.gutenberg.org/ebooks/13800.txt.utf-8', 'text/plain' );
INSERT INTO files ( gid, file, mime ) VALUES ( '13800', 'http://www.gutenberg.org/files/13800/13800.txt', 'text/plain; charset=us-ascii' );
INSERT INTO files ( gid, file, mime ) VALUES ( '13800', 'http://www.gutenberg.org/files/13800/13800.zip', 'application/ziptext/plain; charset=us-ascii' );
INSERT INTO titles ( gid, title, author, language, rights ) VALUES ( '13900', 'Collected Poems 1897 - 1907, by Henry Newbolt', 'Newbolt, Henry John, Sir', 'en', 'Public domain in the USA.' );
INSERT INTO classifications ( gid, classification ) VALUES ( '13900', 'PR' );
INSERT INTO subjects ( gid, subject ) VALUES ( '13900', 'English poetry' );
INSERT INTO files ( gid, file, mime ) VALUES ( '13900', 'http://www.gutenberg.org/ebooks/13900.epub.images', 'application/epub+zip' );
INSERT INTO files ( gid, file, mime ) VALUES ( '13900', 'http://www.gutenberg.org/ebooks/13900.epub.noimages', 'application/epub+zip' );
INSERT INTO files ( gid, file, mime ) VALUES ( '13900', 'http://www.gutenberg.org/ebooks/13900.html.images', 'text/html' );
INSERT INTO files ( gid, file, mime ) VALUES ( '13900', 'http://www.gutenberg.org/ebooks/13900.html.noimages', 'text/html' );
INSERT INTO files ( gid, file, mime ) VALUES ( '13900', 'http://www.gutenberg.org/ebooks/13900.kindle.images', 'application/x-mobipocket-ebook' );
INSERT INTO files ( gid, file, mime ) VALUES ( '13900', 'http://www.gutenberg.org/ebooks/13900.kindle.noimages', 'application/x-mobipocket-ebook' );
INSERT INTO files ( gid, file, mime ) VALUES ( '13900', 'http://www.gutenberg.org/ebooks/13900.rdf', 'application/rdf+xml' );
INSERT INTO files ( gid, file, mime ) VALUES ( '13900', 'http://www.gutenberg.org/ebooks/13900.txt.utf-8', 'text/plain' );
INSERT INTO files ( gid, file, mime ) VALUES ( '13900', 'http://www.gutenberg.org/files/13900/13900-8.txt', 'text/plain; charset=iso-8859-1' );
INSERT INTO files ( gid, file, mime ) VALUES ( '13900', 'http://www.gutenberg.org/files/13900/13900-8.zip', 'text/plain; charset=iso-8859-1application/zip' );
INSERT INTO files ( gid, file, mime ) VALUES ( '13900', 'http://www.gutenberg.org/files/13900/13900.txt', 'text/plain; charset=us-ascii' );
INSERT INTO files ( gid, file, mime ) VALUES ( '13900', 'http://www.gutenberg.org/files/13900/13900.zip', 'text/plain; charset=us-asciiapplication/zip' );
INSERT INTO titles ( gid, title, author, language, rights ) VALUES ( '14000', 'Six Lectures on Light Delivered In The United States In 1872-1873', 'Tyndall, John', 'en', 'Public domain in the USA.' );
INSERT INTO classifications ( gid, classification ) VALUES ( '14000', 'QC' );
INSERT INTO subjects ( gid, subject ) VALUES ( '14000', 'Light' );
INSERT INTO files ( gid, file, mime ) VALUES ( '14000', 'http://www.gutenberg.org/ebooks/14000.epub.images', 'application/epub+zip' );
INSERT INTO files ( gid, file, mime ) VALUES ( '14000', 'http://www.gutenberg.org/ebooks/14000.epub.noimages', 'application/epub+zip' );
INSERT INTO files ( gid, file, mime ) VALUES ( '14000', 'http://www.gutenberg.org/ebooks/14000.kindle.images', 'application/x-mobipocket-ebook' );
INSERT INTO files ( gid, file, mime ) VALUES ( '14000', 'http://www.gutenberg.org/ebooks/14000.kindle.noimages', 'application/x-mobipocket-ebook' );
INSERT INTO files ( gid, file, mime ) VALUES ( '14000', 'http://www.gutenberg.org/ebooks/14000.rdf', 'application/rdf+xml' );
INSERT INTO files ( gid, file, mime ) VALUES ( '14000', 'http://www.gutenberg.org/ebooks/14000.txt.utf-8', 'text/plain' );
INSERT INTO files ( gid, file, mime ) VALUES ( '14000', 'http://www.gutenberg.org/files/14000/14000-8.txt', 'text/plain; charset=iso-8859-1' );
INSERT INTO files ( gid, file, mime ) VALUES ( '14000', 'http://www.gutenberg.org/files/14000/14000-8.zip', 'text/plain; charset=iso-8859-1application/zip' );
INSERT INTO files ( gid, file, mime ) VALUES ( '14000', 'http://www.gutenberg.org/files/14000/14000-h.zip', 'application/ziptext/html; charset=iso-8859-1' );
INSERT INTO files ( gid, file, mime ) VALUES ( '14000', 'http://www.gutenberg.org/files/14000/14000-h/14000-h.htm', 'text/html; charset=iso-8859-1' );
INSERT INTO files ( gid, file, mime ) VALUES ( '14000', 'http://www.gutenberg.org/files/14000/14000.txt', 'text/plain; charset=us-ascii' );
INSERT INTO files ( gid, file, mime ) VALUES ( '14000', 'http://www.gutenberg.org/files/14000/14000.zip', 'application/ziptext/plain; charset=us-ascii' );
INSERT INTO titles ( gid, title, author, language, rights ) VALUES ( '1400', 'Great Expectations', 'Dickens, Charles', 'en', 'Public domain in the USA.' );
INSERT INTO classifications ( gid, classification ) VALUES ( '1400', 'PR' );
INSERT INTO subjects ( gid, subject ) VALUES ( '1400', 'Revenge -- Fiction' );
INSERT INTO subjects ( gid, subject ) VALUES ( '1400', 'England -- Fiction' );
INSERT INTO subjects ( gid, subject ) VALUES ( '1400', 'Bildungsromans' );
INSERT INTO subjects ( gid, subject ) VALUES ( '1400', 'Benefactors -- Fiction' );
INSERT INTO subjects ( gid, subject ) VALUES ( '1400', 'Man-woman relationships -- Fiction' );
INSERT INTO subjects ( gid, subject ) VALUES ( '1400', 'Young men -- Fiction' );
INSERT INTO subjects ( gid, subject ) VALUES ( '1400', 'Orphans -- Fiction' );
INSERT INTO subjects ( gid, subject ) VALUES ( '1400', 'Ex-convicts -- Fiction' );
INSERT INTO files ( gid, file, mime ) VALUES ( '1400', 'http://www.gutenberg.org/ebooks/1400.epub.images', 'application/epub+zip' );
INSERT INTO files ( gid, file, mime ) VALUES ( '1400', 'http://www.gutenberg.org/ebooks/1400.epub.noimages', 'application/epub+zip' );
INSERT INTO files ( gid, file, mime ) VALUES ( '1400', 'http://www.gutenberg.org/ebooks/1400.kindle.images', 'application/x-mobipocket-ebook' );
INSERT INTO files ( gid, file, mime ) VALUES ( '1400', 'http://www.gutenberg.org/ebooks/1400.kindle.noimages', 'application/x-mobipocket-ebook' );
INSERT INTO files ( gid, file, mime ) VALUES ( '1400', 'http://www.gutenberg.org/ebooks/1400.rdf', 'application/rdf+xml' );
INSERT INTO files ( gid, file, mime ) VALUES ( '1400', 'http://www.gutenberg.org/files/1400/1400-0.txt', 'text/plain; charset=utf-8' );
INSERT INTO files ( gid, file, mime ) VALUES ( '1400', 'http://www.gutenberg.org/files/1400/1400-0.zip', 'application/ziptext/plain; charset=utf-8' );
INSERT INTO files ( gid, file, mime ) VALUES ( '1400', 'http://www.gutenberg.org/files/1400/1400-8.txt', 'text/plain; charset=iso-8859-1' );
INSERT INTO files ( gid, file, mime ) VALUES ( '1400', 'http://www.gutenberg.org/files/1400/1400-8.zip', 'text/plain; charset=iso-8859-1application/zip' );
INSERT INTO files ( gid, file, mime ) VALUES ( '1400', 'http://www.gutenberg.org/files/1400/1400-h.zip', 'application/ziptext/html; charset=utf-8' );
INSERT INTO files ( gid, file, mime ) VALUES ( '1400', 'http://www.gutenberg.org/files/1400/1400-h/1400-h.htm', 'text/html; charset=utf-8' );
INSERT INTO files ( gid, file, mime ) VALUES ( '1400', 'http://www.gutenberg.org/files/1400/1400.txt', 'text/plain; charset=us-ascii' );
INSERT INTO files ( gid, file, mime ) VALUES ( '1400', 'http://www.gutenberg.org/files/1400/1400.zip', 'text/plain; charset=us-asciiapplication/zip' );
INSERT INTO titles ( gid, title, author, language, rights ) VALUES ( '14100', 'Eighteen Hundred and Eleven', 'Barbauld, Mrs. (Anna Letitia)', 'en', 'Public domain in the USA.' );
INSERT INTO classifications ( gid, classification ) VALUES ( '14100', 'PR' );
INSERT INTO subjects ( gid, subject ) VALUES ( '14100', 'Great Britain -- Poetry' );
INSERT INTO files ( gid, file, mime ) VALUES ( '14100', 'http://www.gutenberg.org/ebooks/14100.epub.images', 'application/epub+zip' );
INSERT INTO files ( gid, file, mime ) VALUES ( '14100', 'http://www.gutenberg.org/ebooks/14100.epub.noimages', 'application/epub+zip' );
INSERT INTO files ( gid, file, mime ) VALUES ( '14100', 'http://www.gutenberg.org/ebooks/14100.html.images', 'text/html' );
INSERT INTO files ( gid, file, mime ) VALUES ( '14100', 'http://www.gutenberg.org/ebooks/14100.html.noimages', 'text/html' );
INSERT INTO files ( gid, file, mime ) VALUES ( '14100', 'http://www.gutenberg.org/ebooks/14100.kindle.images', 'application/x-mobipocket-ebook' );
INSERT INTO files ( gid, file, mime ) VALUES ( '14100', 'http://www.gutenberg.org/ebooks/14100.kindle.noimages', 'application/x-mobipocket-ebook' );
INSERT INTO files ( gid, file, mime ) VALUES ( '14100', 'http://www.gutenberg.org/ebooks/14100.rdf', 'application/rdf+xml' );
INSERT INTO files ( gid, file, mime ) VALUES ( '14100', 'http://www.gutenberg.org/ebooks/14100.txt.utf-8', 'text/plain' );
INSERT INTO files ( gid, file, mime ) VALUES ( '14100', 'http://www.gutenberg.org/files/14100/14100-page-images.zip', 'application/octet-streamapplication/zip' );
INSERT INTO files ( gid, file, mime ) VALUES ( '14100', 'http://www.gutenberg.org/files/14100/14100.txt', 'text/plain; charset=us-ascii' );
INSERT INTO files ( gid, file, mime ) VALUES ( '14100', 'http://www.gutenberg.org/files/14100/14100.zip', 'text/plain; charset=us-asciiapplication/zip' );
INSERT INTO titles ( gid, title, author, language, rights ) VALUES ( '14200', 'Abbe Mouret''s Transgression', 'Zola, Émile', 'en', 'Public domain in the USA.' );
INSERT INTO classifications ( gid, classification ) VALUES ( '14200', 'PQ' );
INSERT INTO subjects ( gid, subject ) VALUES ( '14200', 'Catholics -- Fiction' );
INSERT INTO subjects ( gid, subject ) VALUES ( '14200', 'Clergy -- Fiction' );
INSERT INTO files ( gid, file, mime ) VALUES ( '14200', 'http://www.gutenberg.org/ebooks/14200.epub.images', 'application/epub+zip' );
INSERT INTO files ( gid, file, mime ) VALUES ( '14200', 'http://www.gutenberg.org/ebooks/14200.epub.noimages', 'application/epub+zip' );
INSERT INTO files ( gid, file, mime ) VALUES ( '14200', 'http://www.gutenberg.org/ebooks/14200.kindle.images', 'application/x-mobipocket-ebook' );
INSERT INTO files ( gid, file, mime ) VALUES ( '14200', 'http://www.gutenberg.org/ebooks/14200.kindle.noimages', 'application/x-mobipocket-ebook' );
INSERT INTO files ( gid, file, mime ) VALUES ( '14200', 'http://www.gutenberg.org/ebooks/14200.rdf', 'application/rdf+xml' );
INSERT INTO files ( gid, file, mime ) VALUES ( '14200', 'http://www.gutenberg.org/files/14200/14200-0.txt', 'text/plain; charset=utf-8' );
INSERT INTO files ( gid, file, mime ) VALUES ( '14200', 'http://www.gutenberg.org/files/14200/14200-0.zip', 'text/plain; charset=utf-8application/zip' );
INSERT INTO files ( gid, file, mime ) VALUES ( '14200', 'http://www.gutenberg.org/files/14200/14200-h.zip', 'text/html; charset=utf-8application/zip' );
INSERT INTO files ( gid, file, mime ) VALUES ( '14200', 'http://www.gutenberg.org/files/14200/14200-h/14200-h.htm', 'text/html; charset=utf-8' );
INSERT INTO files ( gid, file, mime ) VALUES ( '14200', 'http://www.gutenberg.org/files/14200/14200.txt', 'text/plain; charset=us-ascii' );
INSERT INTO files ( gid, file, mime ) VALUES ( '14200', 'http://www.gutenberg.org/files/14200/14200.zip', 'text/plain; charset=us-asciiapplication/zip' );
INSERT INTO titles ( gid, title, author, language, rights ) VALUES ( '14300', 'The Life of Napoleon I (Complete)', 'Rose, J. Holland (John Holland)', 'en', 'Public domain in the USA.' );
INSERT INTO classifications ( gid, classification ) VALUES ( '14300', 'DC' );
INSERT INTO subjects ( gid, subject ) VALUES ( '14300', 'France -- Kings and rulers -- Biography' );
INSERT INTO subjects ( gid, subject ) VALUES ( '14300', 'France -- History -- 1789-1815' );
INSERT INTO subjects ( gid, subject ) VALUES ( '14300', 'Napoleon I, Emperor of the French, 1769-1821' );
INSERT INTO files ( gid, file, mime ) VALUES ( '14300', 'http://www.gutenberg.org/ebooks/14300.epub.images', 'application/epub+zip' );
INSERT INTO files ( gid, file, mime ) VALUES ( '14300', 'http://www.gutenberg.org/ebooks/14300.epub.noimages', 'application/epub+zip' );
INSERT INTO files ( gid, file, mime ) VALUES ( '14300', 'http://www.gutenberg.org/ebooks/14300.kindle.images', 'application/x-mobipocket-ebook' );
INSERT INTO files ( gid, file, mime ) VALUES ( '14300', 'http://www.gutenberg.org/ebooks/14300.kindle.noimages', 'application/x-mobipocket-ebook' );
INSERT INTO files ( gid, file, mime ) VALUES ( '14300', 'http://www.gutenberg.org/ebooks/14300.rdf', 'application/rdf+xml' );
INSERT INTO files ( gid, file, mime ) VALUES ( '14300', 'http://www.gutenberg.org/ebooks/14300.txt.utf-8', 'text/plain' );
INSERT INTO files ( gid, file, mime ) VALUES ( '14300', 'http://www.gutenberg.org/files/14300/14300-8.txt', 'text/plain; charset=iso-8859-1' );
INSERT INTO files ( gid, file, mime ) VALUES ( '14300', 'http://www.gutenberg.org/files/14300/14300-8.zip', 'application/ziptext/plain; charset=iso-8859-1' );
INSERT INTO files ( gid, file, mime ) VALUES ( '14300', 'http://www.gutenberg.org/files/14300/14300-h.zip', 'text/html; charset=iso-8859-1application/zip' );
INSERT INTO files ( gid, file, mime ) VALUES ( '14300', 'http://www.gutenberg.org/files/14300/14300-h/14300-h.htm', 'text/html; charset=iso-8859-1' );
INSERT INTO files ( gid, file, mime ) VALUES ( '14300', 'http://www.gutenberg.org/files/14300/14300.txt', 'text/plain; charset=us-ascii' );
INSERT INTO files ( gid, file, mime ) VALUES ( '14300', 'http://www.gutenberg.org/files/14300/14300.zip', 'text/plain; charset=us-asciiapplication/zip' );
INSERT INTO titles ( gid, title, author, language, rights ) VALUES ( '56100', 'Ten years of missionary work among the Indians at Skokomish, Washington Territory, 1874-1884', 'Eells, Myron', 'en', 'Public domain in the USA.' );
INSERT INTO subjects ( gid, subject ) VALUES ( '56100', 'Clallam Indians -- Missions' );
INSERT INTO subjects ( gid, subject ) VALUES ( '56100', 'E011' );
INSERT INTO subjects ( gid, subject ) VALUES ( '56100', 'Twana Indians -- Missions' );
INSERT INTO subjects ( gid, subject ) VALUES ( '56100', 'Missions -- Washington (State)' );
INSERT INTO subjects ( gid, subject ) VALUES ( '56100', 'Skokomish Indian Reservation (Wash.)' );
INSERT INTO files ( gid, file, mime ) VALUES ( '56100', 'http://www.gutenberg.org/cache/epub/56100/pg56100.cover.medium.jpg', 'image/jpeg' );
INSERT INTO files ( gid, file, mime ) VALUES ( '56100', 'http://www.gutenberg.org/cache/epub/56100/pg56100.cover.small.jpg', 'image/jpeg' );
INSERT INTO files ( gid, file, mime ) VALUES ( '56100', 'http://www.gutenberg.org/ebooks/56100.epub.images', 'application/epub+zip' );
INSERT INTO files ( gid, file, mime ) VALUES ( '56100', 'http://www.gutenberg.org/ebooks/56100.epub.noimages', 'application/epub+zip' );
INSERT INTO files ( gid, file, mime ) VALUES ( '56100', 'http://www.gutenberg.org/ebooks/56100.kindle.images', 'application/x-mobipocket-ebook' );
INSERT INTO files ( gid, file, mime ) VALUES ( '56100', 'http://www.gutenberg.org/ebooks/56100.kindle.noimages', 'application/x-mobipocket-ebook' );
INSERT INTO files ( gid, file, mime ) VALUES ( '56100', 'http://www.gutenberg.org/ebooks/56100.rdf', 'application/rdf+xml' );
INSERT INTO files ( gid, file, mime ) VALUES ( '56100', 'http://www.gutenberg.org/files/56100/56100-0.txt', 'text/plain; charset=utf-8' );
INSERT INTO files ( gid, file, mime ) VALUES ( '56100', 'http://www.gutenberg.org/files/56100/56100-0.zip', 'text/plain; charset=utf-8application/zip' );
INSERT INTO files ( gid, file, mime ) VALUES ( '56100', 'http://www.gutenberg.org/files/56100/56100-h.zip', 'text/html; charset=utf-8application/zip' );
INSERT INTO files ( gid, file, mime ) VALUES ( '56100', 'http://www.gutenberg.org/files/56100/56100-h/56100-h.htm', 'text/html; charset=utf-8' );
INSERT INTO titles ( gid, title, author, language, rights ) VALUES ( '56200', 'Queen Anna''s New World of Words; or, Dictionarie of the Italian and English Tongues', 'Florio, John', 'en', 'Public domain in the USA.' );
INSERT INTO classifications ( gid, classification ) VALUES ( '56200', 'PC' );
INSERT INTO subjects ( gid, subject ) VALUES ( '56200', 'Italian language -- Dictionaries -- English -- Early works to 1800' );
INSERT INTO subjects ( gid, subject ) VALUES ( '56200', 'Italian language -- Grammar -- Early works to 1800' );
INSERT INTO subjects ( gid, subject ) VALUES ( '56200', 'English language -- Dictionaries -- Italian -- Early works to 1800' );
INSERT INTO files ( gid, file, mime ) VALUES ( '56200', 'http://www.gutenberg.org/cache/epub/56200/pg56200.cover.medium.jpg', 'image/jpeg' );
INSERT INTO files ( gid, file, mime ) VALUES ( '56200', 'http://www.gutenberg.org/cache/epub/56200/pg56200.cover.small.jpg', 'image/jpeg' );
INSERT INTO files ( gid, file, mime ) VALUES ( '56200', 'http://www.gutenberg.org/ebooks/56200.epub.images', 'application/epub+zip' );
INSERT INTO files ( gid, file, mime ) VALUES ( '56200', 'http://www.gutenberg.org/ebooks/56200.epub.noimages', 'application/epub+zip' );
INSERT INTO files ( gid, file, mime ) VALUES ( '56200', 'http://www.gutenberg.org/ebooks/56200.kindle.images', 'application/x-mobipocket-ebook' );
INSERT INTO files ( gid, file, mime ) VALUES ( '56200', 'http://www.gutenberg.org/ebooks/56200.kindle.noimages', 'application/x-mobipocket-ebook' );
INSERT INTO files ( gid, file, mime ) VALUES ( '56200', 'http://www.gutenberg.org/ebooks/56200.rdf', 'application/rdf+xml' );
INSERT INTO files ( gid, file, mime ) VALUES ( '56200', 'http://www.gutenberg.org/files/56200/56200-0.txt', 'text/plain; charset=utf-8' );
INSERT INTO files ( gid, file, mime ) VALUES ( '56200', 'http://www.gutenberg.org/files/56200/56200-0.zip', 'text/plain; charset=utf-8application/zip' );
INSERT INTO files ( gid, file, mime ) VALUES ( '56200', 'http://www.gutenberg.org/files/56200/56200-h.zip', 'application/ziptext/html; charset=utf-8' );
INSERT INTO files ( gid, file, mime ) VALUES ( '56200', 'http://www.gutenberg.org/files/56200/56200-h/56200-h.htm', 'text/html; charset=utf-8' );
INSERT INTO titles ( gid, title, author, language, rights ) VALUES ( '56300', 'Low Tide on Grand Pré: A Book of Lyrics', 'Carman, Bliss', 'en', 'Public domain in the USA.' );
INSERT INTO classifications ( gid, classification ) VALUES ( '56300', 'PS' );
INSERT INTO subjects ( gid, subject ) VALUES ( '56300', 'Canadian poetry -- 19th century' );
INSERT INTO subjects ( gid, subject ) VALUES ( '56300', 'Grand Pré (N.S.) -- Description and travel -- Poetry' );
INSERT INTO files ( gid, file, mime ) VALUES ( '56300', 'http://www.gutenberg.org/cache/epub/56300/pg56300.cover.medium.jpg', 'image/jpeg' );
INSERT INTO files ( gid, file, mime ) VALUES ( '56300', 'http://www.gutenberg.org/cache/epub/56300/pg56300.cover.small.jpg', 'image/jpeg' );
INSERT INTO files ( gid, file, mime ) VALUES ( '56300', 'http://www.gutenberg.org/ebooks/56300.epub.images', 'application/epub+zip' );
INSERT INTO files ( gid, file, mime ) VALUES ( '56300', 'http://www.gutenberg.org/ebooks/56300.epub.noimages', 'application/epub+zip' );
INSERT INTO files ( gid, file, mime ) VALUES ( '56300', 'http://www.gutenberg.org/ebooks/56300.kindle.images', 'application/x-mobipocket-ebook' );
INSERT INTO files ( gid, file, mime ) VALUES ( '56300', 'http://www.gutenberg.org/ebooks/56300.kindle.noimages', 'application/x-mobipocket-ebook' );
INSERT INTO files ( gid, file, mime ) VALUES ( '56300', 'http://www.gutenberg.org/ebooks/56300.rdf', 'application/rdf+xml' );
INSERT INTO files ( gid, file, mime ) VALUES ( '56300', 'http://www.gutenberg.org/files/56300/56300-0.txt', 'text/plain; charset=utf-8' );
INSERT INTO files ( gid, file, mime ) VALUES ( '56300', 'http://www.gutenberg.org/files/56300/56300-0.zip', 'application/ziptext/plain; charset=utf-8' );
INSERT INTO files ( gid, file, mime ) VALUES ( '56300', 'http://www.gutenberg.org/files/56300/56300-h.zip', 'application/ziptext/html; charset=utf-8' );
INSERT INTO files ( gid, file, mime ) VALUES ( '56300', 'http://www.gutenberg.org/files/56300/56300-h/56300-h.htm', 'text/html; charset=utf-8' );
INSERT INTO titles ( gid, title, author, language, rights ) VALUES ( '56400', 'Memoirs of John Abernethy With a View of His Lectures, His Writings, and Character; with Additional Extracts from Original Documents, Now First Published', 'Macilwain, George', 'en', 'Public domain in the USA.' );
INSERT INTO classifications ( gid, classification ) VALUES ( '56400', 'R' );
INSERT INTO subjects ( gid, subject ) VALUES ( '56400', 'Physicians -- Great Britain -- Biography' );
INSERT INTO subjects ( gid, subject ) VALUES ( '56400', 'Abernethy, John, 1764-1831' );
INSERT INTO files ( gid, file, mime ) VALUES ( '56400', 'http://www.gutenberg.org/cache/epub/56400/pg56400.cover.medium.jpg', 'image/jpeg' );
INSERT INTO files ( gid, file, mime ) VALUES ( '56400', 'http://www.gutenberg.org/cache/epub/56400/pg56400.cover.small.jpg', 'image/jpeg' );
INSERT INTO files ( gid, file, mime ) VALUES ( '56400', 'http://www.gutenberg.org/ebooks/56400.epub.images', 'application/epub+zip' );
INSERT INTO files ( gid, file, mime ) VALUES ( '56400', 'http://www.gutenberg.org/ebooks/56400.epub.noimages', 'application/epub+zip' );
INSERT INTO files ( gid, file, mime ) VALUES ( '56400', 'http://www.gutenberg.org/ebooks/56400.kindle.images', 'application/x-mobipocket-ebook' );
INSERT INTO files ( gid, file, mime ) VALUES ( '56400', 'http://www.gutenberg.org/ebooks/56400.kindle.noimages', 'application/x-mobipocket-ebook' );
INSERT INTO files ( gid, file, mime ) VALUES ( '56400', 'http://www.gutenberg.org/ebooks/56400.rdf', 'application/rdf+xml' );
INSERT INTO files ( gid, file, mime ) VALUES ( '56400', 'http://www.gutenberg.org/files/56400/56400-0.txt', 'text/plain; charset=utf-8' );
INSERT INTO files ( gid, file, mime ) VALUES ( '56400', 'http://www.gutenberg.org/files/56400/56400-0.zip', 'application/ziptext/plain; charset=utf-8' );
INSERT INTO files ( gid, file, mime ) VALUES ( '56400', 'http://www.gutenberg.org/files/56400/56400-h.zip', 'text/htmlapplication/zip' );
INSERT INTO files ( gid, file, mime ) VALUES ( '56400', 'http://www.gutenberg.org/files/56400/56400-h/56400-h.htm', 'text/html' );
INSERT INTO titles ( gid, title, author, language, rights ) VALUES ( '56600', 'Lewis Arundel; Or, The Railroad Of Life', 'Smedley, Frank E. (Frank Edward)', 'en', 'Public domain in the USA.' );
INSERT INTO classifications ( gid, classification ) VALUES ( '56600', 'PR' );
INSERT INTO subjects ( gid, subject ) VALUES ( '56600', 'English fiction -- 19th century' );
INSERT INTO files ( gid, file, mime ) VALUES ( '56600', 'http://www.gutenberg.org/ebooks/56600.epub.images', 'application/epub+zip' );
INSERT INTO files ( gid, file, mime ) VALUES ( '56600', 'http://www.gutenberg.org/ebooks/56600.epub.noimages', 'application/epub+zip' );
INSERT INTO files ( gid, file, mime ) VALUES ( '56600', 'http://www.gutenberg.org/ebooks/56600.kindle.images', 'application/x-mobipocket-ebook' );
INSERT INTO files ( gid, file, mime ) VALUES ( '56600', 'http://www.gutenberg.org/ebooks/56600.kindle.noimages', 'application/x-mobipocket-ebook' );
INSERT INTO files ( gid, file, mime ) VALUES ( '56600', 'http://www.gutenberg.org/ebooks/56600.rdf', 'application/rdf+xml' );
INSERT INTO files ( gid, file, mime ) VALUES ( '56600', 'http://www.gutenberg.org/files/56600/56600-0.txt', 'text/plain; charset=utf-8' );
INSERT INTO files ( gid, file, mime ) VALUES ( '56600', 'http://www.gutenberg.org/files/56600/56600-0.zip', 'text/plain; charset=utf-8application/zip' );
INSERT INTO files ( gid, file, mime ) VALUES ( '56600', 'http://www.gutenberg.org/files/56600/56600-h.zip', 'application/zipapplication/octet-stream' );
INSERT INTO files ( gid, file, mime ) VALUES ( '56600', 'http://www.gutenberg.org/files/56600/56600-h/56600-h.htm', 'text/html' );
INSERT INTO titles ( gid, title, author, language, rights ) VALUES ( '56500', 'Memorie: Edizione diplomatica dall''autografo definitivo', 'Garibaldi, Giuseppe', 'it', 'Public domain in the USA.' );
INSERT INTO classifications ( gid, classification ) VALUES ( '56500', 'DG' );
INSERT INTO subjects ( gid, subject ) VALUES ( '56500', 'Garibaldi, Giuseppe, 1807-1882' );
INSERT INTO files ( gid, file, mime ) VALUES ( '56500', 'http://www.gutenberg.org/cache/epub/56500/pg56500.cover.medium.jpg', 'image/jpeg' );
INSERT INTO files ( gid, file, mime ) VALUES ( '56500', 'http://www.gutenberg.org/cache/epub/56500/pg56500.cover.small.jpg', 'image/jpeg' );
INSERT INTO files ( gid, file, mime ) VALUES ( '56500', 'http://www.gutenberg.org/ebooks/56500.epub.images', 'application/epub+zip' );
INSERT INTO files ( gid, file, mime ) VALUES ( '56500', 'http://www.gutenberg.org/ebooks/56500.epub.noimages', 'application/epub+zip' );
INSERT INTO files ( gid, file, mime ) VALUES ( '56500', 'http://www.gutenberg.org/ebooks/56500.kindle.images', 'application/x-mobipocket-ebook' );
INSERT INTO files ( gid, file, mime ) VALUES ( '56500', 'http://www.gutenberg.org/ebooks/56500.kindle.noimages', 'application/x-mobipocket-ebook' );
INSERT INTO files ( gid, file, mime ) VALUES ( '56500', 'http://www.gutenberg.org/ebooks/56500.rdf', 'application/rdf+xml' );
INSERT INTO files ( gid, file, mime ) VALUES ( '56500', 'http://www.gutenberg.org/files/56500/56500-0.txt', 'text/plain; charset=utf-8' );
INSERT INTO files ( gid, file, mime ) VALUES ( '56500', 'http://www.gutenberg.org/files/56500/56500-0.zip', 'text/plain; charset=utf-8application/zip' );
INSERT INTO files ( gid, file, mime ) VALUES ( '56500', 'http://www.gutenberg.org/files/56500/56500-h.zip', 'application/ziptext/html; charset=utf-8' );
INSERT INTO files ( gid, file, mime ) VALUES ( '56500', 'http://www.gutenberg.org/files/56500/56500-h/56500-h.htm', 'text/html; charset=utf-8' );
INSERT INTO titles ( gid, title, author, language, rights ) VALUES ( '56700', '"Mormon" Doctrine Plain and Simple; Or, Leaves from the Tree of Life', 'Penrose, Charles W. (Charles William)', 'en', 'Public domain in the USA.' );
INSERT INTO classifications ( gid, classification ) VALUES ( '56700', 'BX' );
INSERT INTO subjects ( gid, subject ) VALUES ( '56700', 'Church of Jesus Christ of Latter-day Saints -- Doctrines' );
INSERT INTO subjects ( gid, subject ) VALUES ( '56700', 'Mormon Church -- Doctrines' );
INSERT INTO files ( gid, file, mime ) VALUES ( '56700', 'http://www.gutenberg.org/cache/epub/56700/pg56700.cover.medium.jpg', 'image/jpeg' );
INSERT INTO files ( gid, file, mime ) VALUES ( '56700', 'http://www.gutenberg.org/cache/epub/56700/pg56700.cover.small.jpg', 'image/jpeg' );
INSERT INTO files ( gid, file, mime ) VALUES ( '56700', 'http://www.gutenberg.org/ebooks/56700.epub.images', 'application/epub+zip' );
INSERT INTO files ( gid, file, mime ) VALUES ( '56700', 'http://www.gutenberg.org/ebooks/56700.epub.noimages', 'application/epub+zip' );
INSERT INTO files ( gid, file, mime ) VALUES ( '56700', 'http://www.gutenberg.org/ebooks/56700.kindle.images', 'application/x-mobipocket-ebook' );
INSERT INTO files ( gid, file, mime ) VALUES ( '56700', 'http://www.gutenberg.org/ebooks/56700.kindle.noimages', 'application/x-mobipocket-ebook' );
INSERT INTO files ( gid, file, mime ) VALUES ( '56700', 'http://www.gutenberg.org/ebooks/56700.rdf', 'application/rdf+xml' );
INSERT INTO files ( gid, file, mime ) VALUES ( '56700', 'http://www.gutenberg.org/ebooks/56700.txt.utf-8', 'text/plain' );
INSERT INTO files ( gid, file, mime ) VALUES ( '56700', 'http://www.gutenberg.org/files/56700/56700-h.zip', 'text/html; charset=iso-8859-1application/zip' );
INSERT INTO files ( gid, file, mime ) VALUES ( '56700', 'http://www.gutenberg.org/files/56700/56700-h/56700-h.htm', 'text/html; charset=iso-8859-1' );
INSERT INTO files ( gid, file, mime ) VALUES ( '56700', 'http://www.gutenberg.org/files/56700/56700.txt', 'text/plain; charset=us-ascii' );
INSERT INTO files ( gid, file, mime ) VALUES ( '56700', 'http://www.gutenberg.org/files/56700/56700.zip', 'text/plain; charset=us-asciiapplication/zip' );
INSERT INTO titles ( gid, title, author, language, rights ) VALUES ( '56800', 'Romantic Canada', 'Hayward, Victoria', 'en', 'Public domain in the USA.' );
INSERT INTO subjects ( gid, subject ) VALUES ( '56800', 'Canada -- Description and travel' );
INSERT INTO subjects ( gid, subject ) VALUES ( '56800', 'Canada -- Social life and customs' );
INSERT INTO subjects ( gid, subject ) VALUES ( '56800', 'F1001' );
INSERT INTO files ( gid, file, mime ) VALUES ( '56800', 'http://www.gutenberg.org/cache/epub/56800/pg56800.cover.medium.jpg', 'image/jpeg' );
INSERT INTO files ( gid, file, mime ) VALUES ( '56800', 'http://www.gutenberg.org/cache/epub/56800/pg56800.cover.small.jpg', 'image/jpeg' );
INSERT INTO files ( gid, file, mime ) VALUES ( '56800', 'http://www.gutenberg.org/ebooks/56800.epub.images', 'application/epub+zip' );
INSERT INTO files ( gid, file, mime ) VALUES ( '56800', 'http://www.gutenberg.org/ebooks/56800.epub.noimages', 'application/epub+zip' );
INSERT INTO files ( gid, file, mime ) VALUES ( '56800', 'http://www.gutenberg.org/ebooks/56800.kindle.images', 'application/x-mobipocket-ebook' );
INSERT INTO files ( gid, file, mime ) VALUES ( '56800', 'http://www.gutenberg.org/ebooks/56800.kindle.noimages', 'application/x-mobipocket-ebook' );
INSERT INTO files ( gid, file, mime ) VALUES ( '56800', 'http://www.gutenberg.org/ebooks/56800.rdf', 'application/rdf+xml' );
INSERT INTO files ( gid, file, mime ) VALUES ( '56800', 'http://www.gutenberg.org/files/56800/56800-0.txt', 'text/plain; charset=utf-8' );
INSERT INTO files ( gid, file, mime ) VALUES ( '56800', 'http://www.gutenberg.org/files/56800/56800-0.zip', 'text/plain; charset=utf-8application/zip' );
INSERT INTO files ( gid, file, mime ) VALUES ( '56800', 'http://www.gutenberg.org/files/56800/56800-h.zip', 'text/html; charset=utf-8application/zip' );
INSERT INTO files ( gid, file, mime ) VALUES ( '56800', 'http://www.gutenberg.org/files/56800/56800-h/56800-h.htm', 'text/html; charset=utf-8' );
INSERT INTO titles ( gid, title, author, language, rights ) VALUES ( '56900', 'Aspects of plant life; with special reference to the British flora', 'Praeger, R. Lloyd (Robert Lloyd)', 'en', 'Public domain in the USA.' );
INSERT INTO classifications ( gid, classification ) VALUES ( '56900', 'QK' );
INSERT INTO subjects ( gid, subject ) VALUES ( '56900', 'Plants -- Great Britain' );
INSERT INTO files ( gid, file, mime ) VALUES ( '56900', 'http://www.gutenberg.org/cache/epub/56900/pg56900.cover.medium.jpg', 'image/jpeg' );
INSERT INTO files ( gid, file, mime ) VALUES ( '56900', 'http://www.gutenberg.org/cache/epub/56900/pg56900.cover.small.jpg', 'image/jpeg' );
INSERT INTO files ( gid, file, mime ) VALUES ( '56900', 'http://www.gutenberg.org/ebooks/56900.epub.images', 'application/epub+zip' );
INSERT INTO files ( gid, file, mime ) VALUES ( '56900', 'http://www.gutenberg.org/ebooks/56900.epub.noimages', 'application/epub+zip' );
INSERT INTO files ( gid, file, mime ) VALUES ( '56900', 'http://www.gutenberg.org/ebooks/56900.kindle.images', 'application/x-mobipocket-ebook' );
INSERT INTO files ( gid, file, mime ) VALUES ( '56900', 'http://www.gutenberg.org/ebooks/56900.kindle.noimages', 'application/x-mobipocket-ebook' );
INSERT INTO files ( gid, file, mime ) VALUES ( '56900', 'http://www.gutenberg.org/ebooks/56900.rdf', 'application/rdf+xml' );
INSERT INTO files ( gid, file, mime ) VALUES ( '56900', 'http://www.gutenberg.org/files/56900/56900-0.txt', 'text/plain; charset=utf-8' );
INSERT INTO files ( gid, file, mime ) VALUES ( '56900', 'http://www.gutenberg.org/files/56900/56900-0.zip', 'application/ziptext/plain; charset=utf-8' );
INSERT INTO files ( gid, file, mime ) VALUES ( '56900', 'http://www.gutenberg.org/files/56900/56900-h.zip', 'text/html; charset=utf-8application/zip' );
INSERT INTO files ( gid, file, mime ) VALUES ( '56900', 'http://www.gutenberg.org/files/56900/56900-h/56900-h.htm', 'text/html; charset=utf-8' );
INSERT INTO titles ( gid, title, author, language, rights ) VALUES ( '57000', 'The Boy Aeronauts'' Club; or, Flying for Fun', 'Sayler, H. L. (Harry Lincoln)', 'en', 'Public domain in the USA.' );
INSERT INTO classifications ( gid, classification ) VALUES ( '57000', 'PZ' );
INSERT INTO subjects ( gid, subject ) VALUES ( '57000', 'Aeronautics -- Juvenile fiction' );
INSERT INTO files ( gid, file, mime ) VALUES ( '57000', 'http://www.gutenberg.org/cache/epub/57000/pg57000.cover.medium.jpg', 'image/jpeg' );
INSERT INTO files ( gid, file, mime ) VALUES ( '57000', 'http://www.gutenberg.org/cache/epub/57000/pg57000.cover.small.jpg', 'image/jpeg' );
INSERT INTO files ( gid, file, mime ) VALUES ( '57000', 'http://www.gutenberg.org/ebooks/57000.epub.images', 'application/epub+zip' );
INSERT INTO files ( gid, file, mime ) VALUES ( '57000', 'http://www.gutenberg.org/ebooks/57000.epub.noimages', 'application/epub+zip' );
INSERT INTO files ( gid, file, mime ) VALUES ( '57000', 'http://www.gutenberg.org/ebooks/57000.kindle.images', 'application/x-mobipocket-ebook' );
INSERT INTO files ( gid, file, mime ) VALUES ( '57000', 'http://www.gutenberg.org/ebooks/57000.kindle.noimages', 'application/x-mobipocket-ebook' );
INSERT INTO files ( gid, file, mime ) VALUES ( '57000', 'http://www.gutenberg.org/ebooks/57000.rdf', 'application/rdf+xml' );
INSERT INTO files ( gid, file, mime ) VALUES ( '57000', 'http://www.gutenberg.org/files/57000/57000-0.txt', 'text/plain; charset=utf-8' );
INSERT INTO files ( gid, file, mime ) VALUES ( '57000', 'http://www.gutenberg.org/files/57000/57000-0.zip', 'application/ziptext/plain; charset=utf-8' );
INSERT INTO files ( gid, file, mime ) VALUES ( '57000', 'http://www.gutenberg.org/files/57000/57000-h.zip', 'application/ziptext/html; charset=utf-8' );
INSERT INTO files ( gid, file, mime ) VALUES ( '57000', 'http://www.gutenberg.org/files/57000/57000-h/57000-h.htm', 'text/html; charset=utf-8' );
INSERT INTO titles ( gid, title, author, language, rights ) VALUES ( '5700', 'Love and Life: An Old Story in Eighteenth Century Costume', 'Yonge, Charlotte M. (Charlotte Mary)', 'en', 'Public domain in the USA.' );
INSERT INTO classifications ( gid, classification ) VALUES ( '5700', 'PR' );
INSERT INTO subjects ( gid, subject ) VALUES ( '5700', 'English fiction -- 19th century' );
INSERT INTO files ( gid, file, mime ) VALUES ( '5700', 'http://www.gutenberg.org/ebooks/5700.epub.images', 'application/epub+zip' );
INSERT INTO files ( gid, file, mime ) VALUES ( '5700', 'http://www.gutenberg.org/ebooks/5700.epub.noimages', 'application/epub+zip' );
INSERT INTO files ( gid, file, mime ) VALUES ( '5700', 'http://www.gutenberg.org/ebooks/5700.kindle.images', 'application/x-mobipocket-ebook' );
INSERT INTO files ( gid, file, mime ) VALUES ( '5700', 'http://www.gutenberg.org/ebooks/5700.kindle.noimages', 'application/x-mobipocket-ebook' );
INSERT INTO files ( gid, file, mime ) VALUES ( '5700', 'http://www.gutenberg.org/ebooks/5700.rdf', 'application/rdf+xml' );
INSERT INTO files ( gid, file, mime ) VALUES ( '5700', 'http://www.gutenberg.org/files/5700/5700-0.txt', 'text/plain; charset=utf-8' );
INSERT INTO files ( gid, file, mime ) VALUES ( '5700', 'http://www.gutenberg.org/files/5700/5700-0.zip', 'text/plain; charset=utf-8application/zip' );
INSERT INTO files ( gid, file, mime ) VALUES ( '5700', 'http://www.gutenberg.org/files/5700/5700-h.zip', 'text/html; charset=utf-8application/zip' );
INSERT INTO files ( gid, file, mime ) VALUES ( '5700', 'http://www.gutenberg.org/files/5700/5700-h/5700-h.htm', 'text/html; charset=utf-8' );
INSERT INTO files ( gid, file, mime ) VALUES ( '5700', 'http://www.gutenberg.org/files/5700/5700.txt', 'text/plain; charset=us-ascii' );
INSERT INTO files ( gid, file, mime ) VALUES ( '5700', 'http://www.gutenberg.org/files/5700/5700.zip', 'application/ziptext/plain; charset=us-ascii' );
INSERT INTO titles ( gid, title, author, language, rights ) VALUES ( '57100', 'The Clue of the Gold Coin', 'Wells, Helen', 'en', 'Public domain in the USA.' );
INSERT INTO classifications ( gid, classification ) VALUES ( '57100', 'PZ' );
INSERT INTO subjects ( gid, subject ) VALUES ( '57100', 'Tampa (Fla.) -- Description and travel -- Juvenile fiction' );
INSERT INTO subjects ( gid, subject ) VALUES ( '57100', 'Mystery and detective stories' );
INSERT INTO subjects ( gid, subject ) VALUES ( '57100', 'Barr, Vicki (Fictitious character) -- Juvenile fiction' );
INSERT INTO subjects ( gid, subject ) VALUES ( '57100', 'Swindlers and swindling -- Juvenile fiction' );
INSERT INTO subjects ( gid, subject ) VALUES ( '57100', 'Women detectives -- Juvenile fiction' );
INSERT INTO subjects ( gid, subject ) VALUES ( '57100', 'Flight attendants -- Juvenile fiction' );
INSERT INTO files ( gid, file, mime ) VALUES ( '57100', 'http://www.gutenberg.org/cache/epub/57100/pg57100.cover.medium.jpg', 'image/jpeg' );
INSERT INTO files ( gid, file, mime ) VALUES ( '57100', 'http://www.gutenberg.org/cache/epub/57100/pg57100.cover.small.jpg', 'image/jpeg' );
INSERT INTO files ( gid, file, mime ) VALUES ( '57100', 'http://www.gutenberg.org/ebooks/57100.epub.images', 'application/epub+zip' );
INSERT INTO files ( gid, file, mime ) VALUES ( '57100', 'http://www.gutenberg.org/ebooks/57100.epub.noimages', 'application/epub+zip' );
INSERT INTO files ( gid, file, mime ) VALUES ( '57100', 'http://www.gutenberg.org/ebooks/57100.kindle.images', 'application/x-mobipocket-ebook' );
INSERT INTO files ( gid, file, mime ) VALUES ( '57100', 'http://www.gutenberg.org/ebooks/57100.kindle.noimages', 'application/x-mobipocket-ebook' );
INSERT INTO files ( gid, file, mime ) VALUES ( '57100', 'http://www.gutenberg.org/ebooks/57100.rdf', 'application/rdf+xml' );
INSERT INTO files ( gid, file, mime ) VALUES ( '57100', 'http://www.gutenberg.org/files/57100/57100-0.txt', 'text/plain; charset=utf-8' );
INSERT INTO files ( gid, file, mime ) VALUES ( '57100', 'http://www.gutenberg.org/files/57100/57100-0.zip', 'application/ziptext/plain; charset=utf-8' );
INSERT INTO files ( gid, file, mime ) VALUES ( '57100', 'http://www.gutenberg.org/files/57100/57100-h.zip', 'application/ziptext/html; charset=utf-8' );
INSERT INTO files ( gid, file, mime ) VALUES ( '57100', 'http://www.gutenberg.org/files/57100/57100-h/57100-h.htm', 'text/html; charset=utf-8' );
INSERT INTO titles ( gid, title, author, language, rights ) VALUES ( '14400', 'Manual of Egyptian Archaeology and Guide to the Study of Antiquities in Egypt', 'Maspero, G. (Gaston)', 'en', 'Public domain in the USA.' );
INSERT INTO classifications ( gid, classification ) VALUES ( '14400', 'N' );
INSERT INTO classifications ( gid, classification ) VALUES ( '14400', 'DT' );
INSERT INTO subjects ( gid, subject ) VALUES ( '14400', 'Art -- Egypt' );
INSERT INTO subjects ( gid, subject ) VALUES ( '14400', 'Egypt -- Antiquities' );
INSERT INTO files ( gid, file, mime ) VALUES ( '14400', 'http://www.gutenberg.org/ebooks/14400.epub.images', 'application/epub+zip' );
INSERT INTO files ( gid, file, mime ) VALUES ( '14400', 'http://www.gutenberg.org/ebooks/14400.epub.noimages', 'application/epub+zip' );
INSERT INTO files ( gid, file, mime ) VALUES ( '14400', 'http://www.gutenberg.org/ebooks/14400.kindle.images', 'application/x-mobipocket-ebook' );
INSERT INTO files ( gid, file, mime ) VALUES ( '14400', 'http://www.gutenberg.org/ebooks/14400.kindle.noimages', 'application/x-mobipocket-ebook' );
INSERT INTO files ( gid, file, mime ) VALUES ( '14400', 'http://www.gutenberg.org/ebooks/14400.rdf', 'application/rdf+xml' );
INSERT INTO files ( gid, file, mime ) VALUES ( '14400', 'http://www.gutenberg.org/ebooks/14400.txt.utf-8', 'text/plain' );
INSERT INTO files ( gid, file, mime ) VALUES ( '14400', 'http://www.gutenberg.org/files/14400/14400-8.txt', 'text/plain; charset=iso-8859-1' );
INSERT INTO files ( gid, file, mime ) VALUES ( '14400', 'http://www.gutenberg.org/files/14400/14400-8.zip', 'text/plain; charset=iso-8859-1application/zip' );
INSERT INTO files ( gid, file, mime ) VALUES ( '14400', 'http://www.gutenberg.org/files/14400/14400-h.zip', 'text/html; charset=iso-8859-1application/zip' );
INSERT INTO files ( gid, file, mime ) VALUES ( '14400', 'http://www.gutenberg.org/files/14400/14400-h/14400-h.htm', 'text/html; charset=iso-8859-1' );
INSERT INTO files ( gid, file, mime ) VALUES ( '14400', 'http://www.gutenberg.org/files/14400/14400.txt', 'text/plain; charset=us-ascii' );
INSERT INTO files ( gid, file, mime ) VALUES ( '14400', 'http://www.gutenberg.org/files/14400/14400.zip', 'text/plain; charset=us-asciiapplication/zip' );
INSERT INTO titles ( gid, title, author, language, rights ) VALUES ( '14500', 'Two Dyaloges (c. 1549) Wrytten in laten by the famous clerke, D. Erasm[us] of Roterodame, one called Polyphemus or the gospeller, the other dysposyng of thynges and names, translated in to Englyshe by Edmonde Becke.', 'Erasmus, Desiderius', 'en', 'Public domain in the USA.' );
INSERT INTO classifications ( gid, classification ) VALUES ( '14500', 'PA' );
INSERT INTO subjects ( gid, subject ) VALUES ( '14500', 'Dialogues, Latin (Medieval and modern) -- Translations into English' );
INSERT INTO files ( gid, file, mime ) VALUES ( '14500', 'http://www.gutenberg.org/cache/epub/14500/pg14500.cover.medium.jpg', 'image/jpeg' );
INSERT INTO files ( gid, file, mime ) VALUES ( '14500', 'http://www.gutenberg.org/cache/epub/14500/pg14500.cover.small.jpg', 'image/jpeg' );
INSERT INTO files ( gid, file, mime ) VALUES ( '14500', 'http://www.gutenberg.org/ebooks/14500.epub.images', 'application/epub+zip' );
INSERT INTO files ( gid, file, mime ) VALUES ( '14500', 'http://www.gutenberg.org/ebooks/14500.epub.noimages', 'application/epub+zip' );
INSERT INTO files ( gid, file, mime ) VALUES ( '14500', 'http://www.gutenberg.org/ebooks/14500.kindle.images', 'application/x-mobipocket-ebook' );
INSERT INTO files ( gid, file, mime ) VALUES ( '14500', 'http://www.gutenberg.org/ebooks/14500.kindle.noimages', 'application/x-mobipocket-ebook' );
INSERT INTO files ( gid, file, mime ) VALUES ( '14500', 'http://www.gutenberg.org/ebooks/14500.rdf', 'application/rdf+xml' );
INSERT INTO files ( gid, file, mime ) VALUES ( '14500', 'http://www.gutenberg.org/ebooks/14500.txt.utf-8', 'text/plain' );
INSERT INTO files ( gid, file, mime ) VALUES ( '14500', 'http://www.gutenberg.org/files/14500/14500-8.txt', 'text/plain; charset=iso-8859-1' );
INSERT INTO files ( gid, file, mime ) VALUES ( '14500', 'http://www.gutenberg.org/files/14500/14500-8.zip', 'text/plain; charset=iso-8859-1application/zip' );
INSERT INTO files ( gid, file, mime ) VALUES ( '14500', 'http://www.gutenberg.org/files/14500/14500-h.zip', 'application/ziptext/html; charset=iso-8859-1' );
INSERT INTO files ( gid, file, mime ) VALUES ( '14500', 'http://www.gutenberg.org/files/14500/14500-h/14500-h.htm', 'text/html; charset=iso-8859-1' );
INSERT INTO files ( gid, file, mime ) VALUES ( '14500', 'http://www.gutenberg.org/files/14500/14500.txt', 'text/plain; charset=us-ascii' );
INSERT INTO files ( gid, file, mime ) VALUES ( '14500', 'http://www.gutenberg.org/files/14500/14500.zip', 'application/ziptext/plain; charset=us-ascii' );
INSERT INTO titles ( gid, title, author, language, rights ) VALUES ( '14600', 'Theory of Silk Weaving A Treatise on the Construction and Application of Weaves, and the Decomposition and Calculation of Broad and Narrow, Plain, Novelty and Jacquard Silk Fabrics', 'Wolfensberger, Arnold', 'en', 'Public domain in the USA.' );
INSERT INTO classifications ( gid, classification ) VALUES ( '14600', 'TS' );
INSERT INTO subjects ( gid, subject ) VALUES ( '14600', 'Silk industry' );
INSERT INTO subjects ( gid, subject ) VALUES ( '14600', 'Weaving' );
INSERT INTO files ( gid, file, mime ) VALUES ( '14600', 'http://www.gutenberg.org/ebooks/14600.epub.images', 'application/epub+zip' );
INSERT INTO files ( gid, file, mime ) VALUES ( '14600', 'http://www.gutenberg.org/ebooks/14600.epub.noimages', 'application/epub+zip' );
INSERT INTO files ( gid, file, mime ) VALUES ( '14600', 'http://www.gutenberg.org/ebooks/14600.kindle.images', 'application/x-mobipocket-ebook' );
INSERT INTO files ( gid, file, mime ) VALUES ( '14600', 'http://www.gutenberg.org/ebooks/14600.kindle.noimages', 'application/x-mobipocket-ebook' );
INSERT INTO files ( gid, file, mime ) VALUES ( '14600', 'http://www.gutenberg.org/ebooks/14600.rdf', 'application/rdf+xml' );
INSERT INTO files ( gid, file, mime ) VALUES ( '14600', 'http://www.gutenberg.org/ebooks/14600.txt.utf-8', 'text/plain' );
INSERT INTO files ( gid, file, mime ) VALUES ( '14600', 'http://www.gutenberg.org/files/14600/14600-8.txt', 'text/plain; charset=iso-8859-1' );
INSERT INTO files ( gid, file, mime ) VALUES ( '14600', 'http://www.gutenberg.org/files/14600/14600-8.zip', 'text/plain; charset=iso-8859-1application/zip' );
INSERT INTO files ( gid, file, mime ) VALUES ( '14600', 'http://www.gutenberg.org/files/14600/14600-h.zip', 'application/ziptext/html; charset=iso-8859-1' );
INSERT INTO files ( gid, file, mime ) VALUES ( '14600', 'http://www.gutenberg.org/files/14600/14600-h/14600-h.htm', 'text/html; charset=iso-8859-1' );
INSERT INTO files ( gid, file, mime ) VALUES ( '14600', 'http://www.gutenberg.org/files/14600/14600.txt', 'text/plain; charset=us-ascii' );
INSERT INTO files ( gid, file, mime ) VALUES ( '14600', 'http://www.gutenberg.org/files/14600/14600.zip', 'text/plain; charset=us-asciiapplication/zip' );
INSERT INTO titles ( gid, title, author, language, rights ) VALUES ( '14700', 'Die Menschen der Ehe', 'Mackay, John Henry', 'de', 'Public domain in the USA.' );
INSERT INTO classifications ( gid, classification ) VALUES ( '14700', 'PT' );
INSERT INTO subjects ( gid, subject ) VALUES ( '14700', 'Love stories' );
INSERT INTO subjects ( gid, subject ) VALUES ( '14700', 'Germany -- Social life and customs -- 19th century -- Fiction' );
INSERT INTO files ( gid, file, mime ) VALUES ( '14700', 'http://www.gutenberg.org/ebooks/14700.epub.images', 'application/epub+zip' );
INSERT INTO files ( gid, file, mime ) VALUES ( '14700', 'http://www.gutenberg.org/ebooks/14700.epub.noimages', 'application/epub+zip' );
INSERT INTO files ( gid, file, mime ) VALUES ( '14700', 'http://www.gutenberg.org/ebooks/14700.html.images', 'text/html' );
INSERT INTO files ( gid, file, mime ) VALUES ( '14700', 'http://www.gutenberg.org/ebooks/14700.html.noimages', 'text/html' );
INSERT INTO files ( gid, file, mime ) VALUES ( '14700', 'http://www.gutenberg.org/ebooks/14700.kindle.images', 'application/x-mobipocket-ebook' );
INSERT INTO files ( gid, file, mime ) VALUES ( '14700', 'http://www.gutenberg.org/ebooks/14700.kindle.noimages', 'application/x-mobipocket-ebook' );
INSERT INTO files ( gid, file, mime ) VALUES ( '14700', 'http://www.gutenberg.org/ebooks/14700.rdf', 'application/rdf+xml' );
INSERT INTO files ( gid, file, mime ) VALUES ( '14700', 'http://www.gutenberg.org/ebooks/14700.txt.utf-8', 'text/plain' );
INSERT INTO files ( gid, file, mime ) VALUES ( '14700', 'http://www.gutenberg.org/files/14700/14700-8.txt', 'text/plain; charset=iso-8859-1' );
INSERT INTO files ( gid, file, mime ) VALUES ( '14700', 'http://www.gutenberg.org/files/14700/14700-8.zip', 'application/ziptext/plain; charset=iso-8859-1' );
INSERT INTO titles ( gid, title, author, language, rights ) VALUES ( '14800', 'The Present State of Wit (1711) In a Letter to a Friend in the Country', '', 'en', 'Public domain in the USA.' );
INSERT INTO classifications ( gid, classification ) VALUES ( '14800', 'PR' );
INSERT INTO subjects ( gid, subject ) VALUES ( '14800', 'Conduct of life' );
INSERT INTO subjects ( gid, subject ) VALUES ( '14800', 'Characters and characteristics' );
INSERT INTO subjects ( gid, subject ) VALUES ( '14800', 'English literature -- 18th century -- History and criticism' );
INSERT INTO files ( gid, file, mime ) VALUES ( '14800', 'http://www.gutenberg.org/ebooks/14800.epub.images', 'application/epub+zip' );
INSERT INTO files ( gid, file, mime ) VALUES ( '14800', 'http://www.gutenberg.org/ebooks/14800.epub.noimages', 'application/epub+zip' );
INSERT INTO files ( gid, file, mime ) VALUES ( '14800', 'http://www.gutenberg.org/ebooks/14800.html.images', 'text/html' );
INSERT INTO files ( gid, file, mime ) VALUES ( '14800', 'http://www.gutenberg.org/ebooks/14800.html.noimages', 'text/html' );
INSERT INTO files ( gid, file, mime ) VALUES ( '14800', 'http://www.gutenberg.org/ebooks/14800.kindle.images', 'application/x-mobipocket-ebook' );
INSERT INTO files ( gid, file, mime ) VALUES ( '14800', 'http://www.gutenberg.org/ebooks/14800.kindle.noimages', 'application/x-mobipocket-ebook' );
INSERT INTO files ( gid, file, mime ) VALUES ( '14800', 'http://www.gutenberg.org/ebooks/14800.rdf', 'application/rdf+xml' );
INSERT INTO files ( gid, file, mime ) VALUES ( '14800', 'http://www.gutenberg.org/ebooks/14800.txt.utf-8', 'text/plain' );
INSERT INTO files ( gid, file, mime ) VALUES ( '14800', 'http://www.gutenberg.org/files/14800/14800-8.txt', 'text/plain; charset=iso-8859-1' );
INSERT INTO files ( gid, file, mime ) VALUES ( '14800', 'http://www.gutenberg.org/files/14800/14800-8.zip', 'application/ziptext/plain; charset=iso-8859-1' );
INSERT INTO files ( gid, file, mime ) VALUES ( '14800', 'http://www.gutenberg.org/files/14800/14800.txt', 'text/plain; charset=us-ascii' );
INSERT INTO files ( gid, file, mime ) VALUES ( '14800', 'http://www.gutenberg.org/files/14800/14800.zip', 'text/plain; charset=us-asciiapplication/zip' );
INSERT INTO titles ( gid, title, author, language, rights ) VALUES ( '14900', 'The Black Man''s Place in South Africa', 'Nielsen, Peter, active 1922-1937', 'en', 'Public domain in the USA.' );
INSERT INTO classifications ( gid, classification ) VALUES ( '14900', 'DT' );
INSERT INTO subjects ( gid, subject ) VALUES ( '14900', 'Blacks -- South Africa' );
INSERT INTO files ( gid, file, mime ) VALUES ( '14900', 'http://www.gutenberg.org/ebooks/14900.epub.images', 'application/epub+zip' );
INSERT INTO files ( gid, file, mime ) VALUES ( '14900', 'http://www.gutenberg.org/ebooks/14900.epub.noimages', 'application/epub+zip' );
INSERT INTO files ( gid, file, mime ) VALUES ( '14900', 'http://www.gutenberg.org/ebooks/14900.kindle.images', 'application/x-mobipocket-ebook' );
INSERT INTO files ( gid, file, mime ) VALUES ( '14900', 'http://www.gutenberg.org/ebooks/14900.kindle.noimages', 'application/x-mobipocket-ebook' );
INSERT INTO files ( gid, file, mime ) VALUES ( '14900', 'http://www.gutenberg.org/ebooks/14900.rdf', 'application/rdf+xml' );
INSERT INTO files ( gid, file, mime ) VALUES ( '14900', 'http://www.gutenberg.org/ebooks/14900.txt.utf-8', 'text/plain' );
INSERT INTO files ( gid, file, mime ) VALUES ( '14900', 'http://www.gutenberg.org/files/14900/14900-8.txt', 'text/plain; charset=iso-8859-1' );
INSERT INTO files ( gid, file, mime ) VALUES ( '14900', 'http://www.gutenberg.org/files/14900/14900-8.zip', 'application/ziptext/plain; charset=iso-8859-1' );
INSERT INTO files ( gid, file, mime ) VALUES ( '14900', 'http://www.gutenberg.org/files/14900/14900-h.zip', 'text/html; charset=iso-8859-1application/zip' );
INSERT INTO files ( gid, file, mime ) VALUES ( '14900', 'http://www.gutenberg.org/files/14900/14900-h/14900-h.htm', 'text/html; charset=iso-8859-1' );
INSERT INTO files ( gid, file, mime ) VALUES ( '14900', 'http://www.gutenberg.org/files/14900/14900.txt', 'text/plain; charset=us-ascii' );
INSERT INTO files ( gid, file, mime ) VALUES ( '14900', 'http://www.gutenberg.org/files/14900/14900.zip', 'text/plain; charset=us-asciiapplication/zip' );
INSERT INTO titles ( gid, title, author, language, rights ) VALUES ( '1500', 'King Henry VI, First Part', 'Shakespeare, William', 'en', 'Public domain in the USA.' );
INSERT INTO classifications ( gid, classification ) VALUES ( '1500', 'PR' );
INSERT INTO subjects ( gid, subject ) VALUES ( '1500', 'Henry VI, King of England, 1421-1471 -- Drama' );
INSERT INTO subjects ( gid, subject ) VALUES ( '1500', 'Great Britain -- Kings and rulers -- Drama' );
INSERT INTO subjects ( gid, subject ) VALUES ( '1500', 'Historical drama' );
INSERT INTO subjects ( gid, subject ) VALUES ( '1500', 'Great Britain -- History -- Henry VI, 1422-1461 -- Drama' );
INSERT INTO files ( gid, file, mime ) VALUES ( '1500', 'http://www.gutenberg.org/ebooks/1500.epub.images', 'application/epub+zip' );
INSERT INTO files ( gid, file, mime ) VALUES ( '1500', 'http://www.gutenberg.org/ebooks/1500.epub.noimages', 'application/epub+zip' );
INSERT INTO files ( gid, file, mime ) VALUES ( '1500', 'http://www.gutenberg.org/ebooks/1500.html.images', 'text/html' );
INSERT INTO files ( gid, file, mime ) VALUES ( '1500', 'http://www.gutenberg.org/ebooks/1500.html.noimages', 'text/html' );
INSERT INTO files ( gid, file, mime ) VALUES ( '1500', 'http://www.gutenberg.org/ebooks/1500.kindle.images', 'application/x-mobipocket-ebook' );
INSERT INTO files ( gid, file, mime ) VALUES ( '1500', 'http://www.gutenberg.org/ebooks/1500.kindle.noimages', 'application/x-mobipocket-ebook' );
INSERT INTO files ( gid, file, mime ) VALUES ( '1500', 'http://www.gutenberg.org/ebooks/1500.rdf', 'application/rdf+xml' );
INSERT INTO files ( gid, file, mime ) VALUES ( '1500', 'http://www.gutenberg.org/ebooks/1500.txt.utf-8', 'text/plain' );
INSERT INTO files ( gid, file, mime ) VALUES ( '1500', 'http://www.gutenberg.org/files/1500/1500.txt', 'text/plain; charset=us-ascii' );
INSERT INTO files ( gid, file, mime ) VALUES ( '1500', 'http://www.gutenberg.org/files/1500/1500.zip', 'text/plain; charset=us-asciiapplication/zip' );
INSERT INTO titles ( gid, title, author, language, rights ) VALUES ( '15000', 'The Life of Reason: The Phases of Human Progress', 'Santayana, George', 'en', 'Public domain in the USA.' );
INSERT INTO classifications ( gid, classification ) VALUES ( '15000', 'B' );
INSERT INTO subjects ( gid, subject ) VALUES ( '15000', 'Philosophy' );
INSERT INTO files ( gid, file, mime ) VALUES ( '15000', 'http://www.gutenberg.org/ebooks/15000.epub.images', 'application/epub+zip' );
INSERT INTO files ( gid, file, mime ) VALUES ( '15000', 'http://www.gutenberg.org/ebooks/15000.epub.noimages', 'application/epub+zip' );
INSERT INTO files ( gid, file, mime ) VALUES ( '15000', 'http://www.gutenberg.org/ebooks/15000.kindle.images', 'application/x-mobipocket-ebook' );
INSERT INTO files ( gid, file, mime ) VALUES ( '15000', 'http://www.gutenberg.org/ebooks/15000.kindle.noimages', 'application/x-mobipocket-ebook' );
INSERT INTO files ( gid, file, mime ) VALUES ( '15000', 'http://www.gutenberg.org/ebooks/15000.rdf', 'application/rdf+xml' );
INSERT INTO files ( gid, file, mime ) VALUES ( '15000', 'http://www.gutenberg.org/ebooks/15000.txt.utf-8', 'text/plain' );
INSERT INTO files ( gid, file, mime ) VALUES ( '15000', 'http://www.gutenberg.org/files/15000/15000-8.txt', 'text/plain; charset=iso-8859-1' );
INSERT INTO files ( gid, file, mime ) VALUES ( '15000', 'http://www.gutenberg.org/files/15000/15000-8.zip', 'application/ziptext/plain; charset=iso-8859-1' );
INSERT INTO files ( gid, file, mime ) VALUES ( '15000', 'http://www.gutenberg.org/files/15000/15000-h.zip', 'application/ziptext/html; charset=iso-8859-1' );
INSERT INTO files ( gid, file, mime ) VALUES ( '15000', 'http://www.gutenberg.org/files/15000/15000-h/15000-h.htm', 'text/html; charset=iso-8859-1' );
INSERT INTO files ( gid, file, mime ) VALUES ( '15000', 'http://www.gutenberg.org/files/15000/15000.txt', 'text/plain; charset=us-ascii' );
INSERT INTO files ( gid, file, mime ) VALUES ( '15000', 'http://www.gutenberg.org/files/15000/15000.zip', 'text/plain; charset=us-asciiapplication/zip' );
INSERT INTO titles ( gid, title, author, language, rights ) VALUES ( '15200', 'Selections From the Works of John Ruskin', 'Ruskin, John', 'en', 'Public domain in the USA.' );
INSERT INTO classifications ( gid, classification ) VALUES ( '15200', 'PR' );
INSERT INTO subjects ( gid, subject ) VALUES ( '15200', 'Art' );
INSERT INTO files ( gid, file, mime ) VALUES ( '15200', 'http://www.gutenberg.org/ebooks/15200.epub.images', 'application/epub+zip' );
INSERT INTO files ( gid, file, mime ) VALUES ( '15200', 'http://www.gutenberg.org/ebooks/15200.epub.noimages', 'application/epub+zip' );
INSERT INTO files ( gid, file, mime ) VALUES ( '15200', 'http://www.gutenberg.org/ebooks/15200.kindle.images', 'application/x-mobipocket-ebook' );
INSERT INTO files ( gid, file, mime ) VALUES ( '15200', 'http://www.gutenberg.org/ebooks/15200.kindle.noimages', 'application/x-mobipocket-ebook' );
INSERT INTO files ( gid, file, mime ) VALUES ( '15200', 'http://www.gutenberg.org/ebooks/15200.rdf', 'application/rdf+xml' );
INSERT INTO files ( gid, file, mime ) VALUES ( '15200', 'http://www.gutenberg.org/ebooks/15200.txt.utf-8', 'text/plain' );
INSERT INTO files ( gid, file, mime ) VALUES ( '15200', 'http://www.gutenberg.org/files/15200/15200-8.txt', 'text/plain; charset=iso-8859-1' );
INSERT INTO files ( gid, file, mime ) VALUES ( '15200', 'http://www.gutenberg.org/files/15200/15200-8.zip', 'text/plain; charset=iso-8859-1application/zip' );
INSERT INTO files ( gid, file, mime ) VALUES ( '15200', 'http://www.gutenberg.org/files/15200/15200-h.zip', 'application/ziptext/html; charset=iso-8859-1' );
INSERT INTO files ( gid, file, mime ) VALUES ( '15200', 'http://www.gutenberg.org/files/15200/15200-h/15200-h.htm', 'text/html; charset=iso-8859-1' );
INSERT INTO files ( gid, file, mime ) VALUES ( '15200', 'http://www.gutenberg.org/files/15200/15200.txt', 'text/plain; charset=us-ascii' );
INSERT INTO files ( gid, file, mime ) VALUES ( '15200', 'http://www.gutenberg.org/files/15200/15200.zip', 'application/ziptext/plain; charset=us-ascii' );
INSERT INTO titles ( gid, title, author, language, rights ) VALUES ( '15100', 'The Voyage of Governor Phillip to Botany Bay With an Account of the Establishment of the Colonies of Port Jackson and Norfolk Island (1789)', 'Phillip, Arthur', 'en', 'Public domain in the USA.' );
INSERT INTO classifications ( gid, classification ) VALUES ( '15100', 'DU' );
INSERT INTO subjects ( gid, subject ) VALUES ( '15100', 'New South Wales -- Discovery and exploration' );
INSERT INTO subjects ( gid, subject ) VALUES ( '15100', 'Natural history -- Australia -- New South Wales' );
INSERT INTO subjects ( gid, subject ) VALUES ( '15100', 'Norfolk Island' );
INSERT INTO files ( gid, file, mime ) VALUES ( '15100', 'http://www.gutenberg.org/ebooks/15100.epub.images', 'application/epub+zip' );
INSERT INTO files ( gid, file, mime ) VALUES ( '15100', 'http://www.gutenberg.org/ebooks/15100.epub.noimages', 'application/epub+zip' );
INSERT INTO files ( gid, file, mime ) VALUES ( '15100', 'http://www.gutenberg.org/ebooks/15100.kindle.images', 'application/x-mobipocket-ebook' );
INSERT INTO files ( gid, file, mime ) VALUES ( '15100', 'http://www.gutenberg.org/ebooks/15100.kindle.noimages', 'application/x-mobipocket-ebook' );
INSERT INTO files ( gid, file, mime ) VALUES ( '15100', 'http://www.gutenberg.org/ebooks/15100.rdf', 'application/rdf+xml' );
INSERT INTO files ( gid, file, mime ) VALUES ( '15100', 'http://www.gutenberg.org/ebooks/15100.txt.utf-8', 'text/plain' );
INSERT INTO files ( gid, file, mime ) VALUES ( '15100', 'http://www.gutenberg.org/files/15100/15100-8.txt', 'text/plain; charset=iso-8859-1' );
INSERT INTO files ( gid, file, mime ) VALUES ( '15100', 'http://www.gutenberg.org/files/15100/15100-8.zip', 'text/plain; charset=iso-8859-1application/zip' );
INSERT INTO files ( gid, file, mime ) VALUES ( '15100', 'http://www.gutenberg.org/files/15100/15100-h.zip', 'application/ziptext/html; charset=iso-8859-1' );
INSERT INTO files ( gid, file, mime ) VALUES ( '15100', 'http://www.gutenberg.org/files/15100/15100-h/15100-h.htm', 'text/html; charset=iso-8859-1' );
INSERT INTO files ( gid, file, mime ) VALUES ( '15100', 'http://www.gutenberg.org/files/15100/15100.txt', 'text/plain; charset=us-ascii' );
INSERT INTO files ( gid, file, mime ) VALUES ( '15100', 'http://www.gutenberg.org/files/15100/15100.zip', 'application/ziptext/plain; charset=us-ascii' );
INSERT INTO titles ( gid, title, author, language, rights ) VALUES ( '15300', 'Mike Flannery On Duty and Off', 'Butler, Ellis Parker', 'en', 'Public domain in the USA.' );
INSERT INTO classifications ( gid, classification ) VALUES ( '15300', 'PS' );
INSERT INTO subjects ( gid, subject ) VALUES ( '15300', 'Express service -- Fiction' );
INSERT INTO subjects ( gid, subject ) VALUES ( '15300', 'Short stories' );
INSERT INTO files ( gid, file, mime ) VALUES ( '15300', 'http://www.gutenberg.org/ebooks/15300.epub.images', 'application/epub+zip' );
INSERT INTO files ( gid, file, mime ) VALUES ( '15300', 'http://www.gutenberg.org/ebooks/15300.epub.noimages', 'application/epub+zip' );
INSERT INTO files ( gid, file, mime ) VALUES ( '15300', 'http://www.gutenberg.org/ebooks/15300.kindle.images', 'application/x-mobipocket-ebook' );
INSERT INTO files ( gid, file, mime ) VALUES ( '15300', 'http://www.gutenberg.org/ebooks/15300.kindle.noimages', 'application/x-mobipocket-ebook' );
INSERT INTO files ( gid, file, mime ) VALUES ( '15300', 'http://www.gutenberg.org/ebooks/15300.rdf', 'application/rdf+xml' );
INSERT INTO files ( gid, file, mime ) VALUES ( '15300', 'http://www.gutenberg.org/ebooks/15300.txt.utf-8', 'text/plain' );
INSERT INTO files ( gid, file, mime ) VALUES ( '15300', 'http://www.gutenberg.org/files/15300/15300-h.zip', 'text/html; charset=iso-8859-1application/zip' );
INSERT INTO files ( gid, file, mime ) VALUES ( '15300', 'http://www.gutenberg.org/files/15300/15300-h/15300-h.htm', 'text/html; charset=iso-8859-1' );
INSERT INTO files ( gid, file, mime ) VALUES ( '15300', 'http://www.gutenberg.org/files/15300/15300.txt', 'text/plain; charset=us-ascii' );
INSERT INTO files ( gid, file, mime ) VALUES ( '15300', 'http://www.gutenberg.org/files/15300/15300.zip', 'application/ziptext/plain; charset=us-ascii' );
INSERT INTO titles ( gid, title, author, language, rights ) VALUES ( '15400', 'Renaissance in Italy, Volume 1 (of 7) The Age of the Despots', 'Symonds, John Addington', 'en', 'Public domain in the USA.' );
INSERT INTO classifications ( gid, classification ) VALUES ( '15400', 'DG' );
INSERT INTO subjects ( gid, subject ) VALUES ( '15400', 'Renaissance -- Italy' );
INSERT INTO subjects ( gid, subject ) VALUES ( '15400', 'Italy -- History' );
INSERT INTO files ( gid, file, mime ) VALUES ( '15400', 'http://www.gutenberg.org/ebooks/15400.epub.images', 'application/epub+zip' );
INSERT INTO files ( gid, file, mime ) VALUES ( '15400', 'http://www.gutenberg.org/ebooks/15400.epub.noimages', 'application/epub+zip' );
INSERT INTO files ( gid, file, mime ) VALUES ( '15400', 'http://www.gutenberg.org/ebooks/15400.kindle.images', 'application/x-mobipocket-ebook' );
INSERT INTO files ( gid, file, mime ) VALUES ( '15400', 'http://www.gutenberg.org/ebooks/15400.kindle.noimages', 'application/x-mobipocket-ebook' );
INSERT INTO files ( gid, file, mime ) VALUES ( '15400', 'http://www.gutenberg.org/ebooks/15400.rdf', 'application/rdf+xml' );
INSERT INTO files ( gid, file, mime ) VALUES ( '15400', 'http://www.gutenberg.org/ebooks/15400.txt.utf-8', 'text/plain' );
INSERT INTO files ( gid, file, mime ) VALUES ( '15400', 'http://www.gutenberg.org/files/15400/15400-8.txt', 'text/plain; charset=iso-8859-1' );
INSERT INTO files ( gid, file, mime ) VALUES ( '15400', 'http://www.gutenberg.org/files/15400/15400-8.zip', 'application/ziptext/plain; charset=iso-8859-1' );
INSERT INTO files ( gid, file, mime ) VALUES ( '15400', 'http://www.gutenberg.org/files/15400/15400-h.zip', 'application/ziptext/html; charset=iso-8859-1' );
INSERT INTO files ( gid, file, mime ) VALUES ( '15400', 'http://www.gutenberg.org/files/15400/15400-h/15400-h.htm', 'text/html; charset=iso-8859-1' );
INSERT INTO files ( gid, file, mime ) VALUES ( '15400', 'http://www.gutenberg.org/files/15400/15400.txt', 'text/plain; charset=us-ascii' );
INSERT INTO files ( gid, file, mime ) VALUES ( '15400', 'http://www.gutenberg.org/files/15400/15400.zip', 'text/plain; charset=us-asciiapplication/zip' );
INSERT INTO titles ( gid, title, author, language, rights ) VALUES ( '15500', 'Sanny Kortmanin koulu Huvinäytelmä 3:ssa näytöksessä', 'Kiljander, Robert', 'fi', 'Public domain in the USA.' );
INSERT INTO classifications ( gid, classification ) VALUES ( '15500', 'PH' );
INSERT INTO subjects ( gid, subject ) VALUES ( '15500', 'Finnish drama' );
INSERT INTO files ( gid, file, mime ) VALUES ( '15500', 'http://www.gutenberg.org/ebooks/15500.epub.images', 'application/epub+zip' );
INSERT INTO files ( gid, file, mime ) VALUES ( '15500', 'http://www.gutenberg.org/ebooks/15500.epub.noimages', 'application/epub+zip' );
INSERT INTO files ( gid, file, mime ) VALUES ( '15500', 'http://www.gutenberg.org/ebooks/15500.html.images', 'text/html' );
INSERT INTO files ( gid, file, mime ) VALUES ( '15500', 'http://www.gutenberg.org/ebooks/15500.html.noimages', 'text/html' );
INSERT INTO files ( gid, file, mime ) VALUES ( '15500', 'http://www.gutenberg.org/ebooks/15500.kindle.images', 'application/x-mobipocket-ebook' );
INSERT INTO files ( gid, file, mime ) VALUES ( '15500', 'http://www.gutenberg.org/ebooks/15500.kindle.noimages', 'application/x-mobipocket-ebook' );
INSERT INTO files ( gid, file, mime ) VALUES ( '15500', 'http://www.gutenberg.org/ebooks/15500.rdf', 'application/rdf+xml' );
INSERT INTO files ( gid, file, mime ) VALUES ( '15500', 'http://www.gutenberg.org/ebooks/15500.txt.utf-8', 'text/plain' );
INSERT INTO files ( gid, file, mime ) VALUES ( '15500', 'http://www.gutenberg.org/files/15500/15500-8.txt', 'text/plain; charset=iso-8859-1' );
INSERT INTO files ( gid, file, mime ) VALUES ( '15500', 'http://www.gutenberg.org/files/15500/15500-8.zip', 'text/plain; charset=iso-8859-1application/zip' );
INSERT INTO titles ( gid, title, author, language, rights ) VALUES ( '15600', 'Matisse Picasso and Gertrude Stein With Two Shorter Stories', 'Stein, Gertrude', 'en', 'Public domain in the USA.' );
INSERT INTO classifications ( gid, classification ) VALUES ( '15600', 'PS' );
INSERT INTO subjects ( gid, subject ) VALUES ( '15600', 'Experimental fiction, American' );
INSERT INTO files ( gid, file, mime ) VALUES ( '15600', 'http://www.gutenberg.org/ebooks/15600.epub.images', 'application/epub+zip' );
INSERT INTO files ( gid, file, mime ) VALUES ( '15600', 'http://www.gutenberg.org/ebooks/15600.epub.noimages', 'application/epub+zip' );
INSERT INTO files ( gid, file, mime ) VALUES ( '15600', 'http://www.gutenberg.org/ebooks/15600.kindle.images', 'application/x-mobipocket-ebook' );
INSERT INTO files ( gid, file, mime ) VALUES ( '15600', 'http://www.gutenberg.org/ebooks/15600.kindle.noimages', 'application/x-mobipocket-ebook' );
INSERT INTO files ( gid, file, mime ) VALUES ( '15600', 'http://www.gutenberg.org/ebooks/15600.rdf', 'application/rdf+xml' );
INSERT INTO files ( gid, file, mime ) VALUES ( '15600', 'http://www.gutenberg.org/ebooks/15600.txt.utf-8', 'text/plain' );
INSERT INTO files ( gid, file, mime ) VALUES ( '15600', 'http://www.gutenberg.org/files/15600/15600-h.zip', 'application/ziptext/html; charset=us-ascii' );
INSERT INTO files ( gid, file, mime ) VALUES ( '15600', 'http://www.gutenberg.org/files/15600/15600-h/15600-h.htm', 'text/html; charset=us-ascii' );
INSERT INTO files ( gid, file, mime ) VALUES ( '15600', 'http://www.gutenberg.org/files/15600/15600.txt', 'text/plain; charset=us-ascii' );
INSERT INTO files ( gid, file, mime ) VALUES ( '15600', 'http://www.gutenberg.org/files/15600/15600.zip', 'application/ziptext/plain; charset=us-ascii' );
INSERT INTO titles ( gid, title, author, language, rights ) VALUES ( '57200', 'The Gyroscopic Compass: A Non-Mathematical Treatment', 'Chalmers, T. W. (Thomas Wightman)', 'en', 'Public domain in the USA.' );
INSERT INTO classifications ( gid, classification ) VALUES ( '57200', 'VK' );
INSERT INTO subjects ( gid, subject ) VALUES ( '57200', 'Gyro compass' );
INSERT INTO files ( gid, file, mime ) VALUES ( '57200', 'http://www.gutenberg.org/cache/epub/57200/pg57200.cover.medium.jpg', 'image/jpeg' );
INSERT INTO files ( gid, file, mime ) VALUES ( '57200', 'http://www.gutenberg.org/cache/epub/57200/pg57200.cover.small.jpg', 'image/jpeg' );
INSERT INTO files ( gid, file, mime ) VALUES ( '57200', 'http://www.gutenberg.org/ebooks/57200.epub.images', 'application/epub+zip' );
INSERT INTO files ( gid, file, mime ) VALUES ( '57200', 'http://www.gutenberg.org/ebooks/57200.epub.noimages', 'application/epub+zip' );
INSERT INTO files ( gid, file, mime ) VALUES ( '57200', 'http://www.gutenberg.org/ebooks/57200.kindle.images', 'application/x-mobipocket-ebook' );
INSERT INTO files ( gid, file, mime ) VALUES ( '57200', 'http://www.gutenberg.org/ebooks/57200.kindle.noimages', 'application/x-mobipocket-ebook' );
INSERT INTO files ( gid, file, mime ) VALUES ( '57200', 'http://www.gutenberg.org/ebooks/57200.rdf', 'application/rdf+xml' );
INSERT INTO files ( gid, file, mime ) VALUES ( '57200', 'http://www.gutenberg.org/files/57200/57200-0.txt', 'text/plain; charset=utf-8' );
INSERT INTO files ( gid, file, mime ) VALUES ( '57200', 'http://www.gutenberg.org/files/57200/57200-0.zip', 'text/plain; charset=utf-8application/zip' );
INSERT INTO files ( gid, file, mime ) VALUES ( '57200', 'http://www.gutenberg.org/files/57200/57200-h.zip', 'application/ziptext/html; charset=utf-8' );
INSERT INTO files ( gid, file, mime ) VALUES ( '57200', 'http://www.gutenberg.org/files/57200/57200-h/57200-h.htm', 'text/html; charset=utf-8' );
INSERT INTO titles ( gid, title, author, language, rights ) VALUES ( '57300', 'The American Missionary — Volume 41, No. 12, December, 1887', 'Various', 'en', 'Public domain in the USA.' );
INSERT INTO classifications ( gid, classification ) VALUES ( '57300', 'BV' );
INSERT INTO subjects ( gid, subject ) VALUES ( '57300', 'Home missions -- Periodicals' );
INSERT INTO subjects ( gid, subject ) VALUES ( '57300', 'Congregational churches -- Missions -- Periodicals' );
INSERT INTO files ( gid, file, mime ) VALUES ( '57300', 'http://www.gutenberg.org/cache/epub/57300/pg57300.cover.medium.jpg', 'image/jpeg' );
INSERT INTO files ( gid, file, mime ) VALUES ( '57300', 'http://www.gutenberg.org/cache/epub/57300/pg57300.cover.small.jpg', 'image/jpeg' );
INSERT INTO files ( gid, file, mime ) VALUES ( '57300', 'http://www.gutenberg.org/ebooks/57300.epub.images', 'application/epub+zip' );
INSERT INTO files ( gid, file, mime ) VALUES ( '57300', 'http://www.gutenberg.org/ebooks/57300.epub.noimages', 'application/epub+zip' );
INSERT INTO files ( gid, file, mime ) VALUES ( '57300', 'http://www.gutenberg.org/ebooks/57300.kindle.images', 'application/x-mobipocket-ebook' );
INSERT INTO files ( gid, file, mime ) VALUES ( '57300', 'http://www.gutenberg.org/ebooks/57300.kindle.noimages', 'application/x-mobipocket-ebook' );
INSERT INTO files ( gid, file, mime ) VALUES ( '57300', 'http://www.gutenberg.org/ebooks/57300.rdf', 'application/rdf+xml' );
INSERT INTO files ( gid, file, mime ) VALUES ( '57300', 'http://www.gutenberg.org/files/57300/57300-0.txt', 'text/plain; charset=utf-8' );
INSERT INTO files ( gid, file, mime ) VALUES ( '57300', 'http://www.gutenberg.org/files/57300/57300-0.zip', 'application/ziptext/plain; charset=utf-8' );
INSERT INTO files ( gid, file, mime ) VALUES ( '57300', 'http://www.gutenberg.org/files/57300/57300-h.zip', 'text/html; charset=utf-8application/zip' );
INSERT INTO files ( gid, file, mime ) VALUES ( '57300', 'http://www.gutenberg.org/files/57300/57300-h/57300-h.htm', 'text/html; charset=utf-8' );
INSERT INTO titles ( gid, title, author, language, rights ) VALUES ( '57400', 'Rambles in Istria, Dalmatia and Montenegro', 'R. H. R.', 'en', 'Public domain in the USA.' );
INSERT INTO classifications ( gid, classification ) VALUES ( '57400', 'DR' );
INSERT INTO subjects ( gid, subject ) VALUES ( '57400', 'Montenegro -- Description and travel' );
INSERT INTO subjects ( gid, subject ) VALUES ( '57400', 'Dalmatia (Croatia) -- Description and travel' );
INSERT INTO subjects ( gid, subject ) VALUES ( '57400', 'Istria (Croatia and Slovenia) -- Description and travel' );
INSERT INTO files ( gid, file, mime ) VALUES ( '57400', 'http://www.gutenberg.org/cache/epub/57400/pg57400.cover.medium.jpg', 'image/jpeg' );
INSERT INTO files ( gid, file, mime ) VALUES ( '57400', 'http://www.gutenberg.org/cache/epub/57400/pg57400.cover.small.jpg', 'image/jpeg' );
INSERT INTO files ( gid, file, mime ) VALUES ( '57400', 'http://www.gutenberg.org/ebooks/57400.epub.images', 'application/epub+zip' );
INSERT INTO files ( gid, file, mime ) VALUES ( '57400', 'http://www.gutenberg.org/ebooks/57400.epub.noimages', 'application/epub+zip' );
INSERT INTO files ( gid, file, mime ) VALUES ( '57400', 'http://www.gutenberg.org/ebooks/57400.kindle.images', 'application/x-mobipocket-ebook' );
INSERT INTO files ( gid, file, mime ) VALUES ( '57400', 'http://www.gutenberg.org/ebooks/57400.kindle.noimages', 'application/x-mobipocket-ebook' );
INSERT INTO files ( gid, file, mime ) VALUES ( '57400', 'http://www.gutenberg.org/ebooks/57400.rdf', 'application/rdf+xml' );
INSERT INTO files ( gid, file, mime ) VALUES ( '57400', 'http://www.gutenberg.org/files/57400/57400-0.txt', 'text/plain; charset=utf-8' );
INSERT INTO files ( gid, file, mime ) VALUES ( '57400', 'http://www.gutenberg.org/files/57400/57400-0.zip', 'text/plain; charset=utf-8application/zip' );
INSERT INTO files ( gid, file, mime ) VALUES ( '57400', 'http://www.gutenberg.org/files/57400/57400-h.zip', 'text/html; charset=utf-8application/zip' );
INSERT INTO files ( gid, file, mime ) VALUES ( '57400', 'http://www.gutenberg.org/files/57400/57400-h/57400-h.htm', 'text/html; charset=utf-8' );
INSERT INTO titles ( gid, title, author, language, rights ) VALUES ( '57500', 'A History of Economic Doctrines from the time of the physiocrats to the present day', 'Rist, Charles', 'en', 'Public domain in the USA.' );
INSERT INTO classifications ( gid, classification ) VALUES ( '57500', 'HB' );
INSERT INTO subjects ( gid, subject ) VALUES ( '57500', 'Economics -- History' );
INSERT INTO files ( gid, file, mime ) VALUES ( '57500', 'http://www.gutenberg.org/cache/epub/57500/pg57500.cover.medium.jpg', 'image/jpeg' );
INSERT INTO files ( gid, file, mime ) VALUES ( '57500', 'http://www.gutenberg.org/cache/epub/57500/pg57500.cover.small.jpg', 'image/jpeg' );
INSERT INTO files ( gid, file, mime ) VALUES ( '57500', 'http://www.gutenberg.org/ebooks/57500.epub.images', 'application/epub+zip' );
INSERT INTO files ( gid, file, mime ) VALUES ( '57500', 'http://www.gutenberg.org/ebooks/57500.epub.noimages', 'application/epub+zip' );
INSERT INTO files ( gid, file, mime ) VALUES ( '57500', 'http://www.gutenberg.org/ebooks/57500.kindle.images', 'application/x-mobipocket-ebook' );
INSERT INTO files ( gid, file, mime ) VALUES ( '57500', 'http://www.gutenberg.org/ebooks/57500.kindle.noimages', 'application/x-mobipocket-ebook' );
INSERT INTO files ( gid, file, mime ) VALUES ( '57500', 'http://www.gutenberg.org/ebooks/57500.rdf', 'application/rdf+xml' );
INSERT INTO files ( gid, file, mime ) VALUES ( '57500', 'http://www.gutenberg.org/files/57500/57500-0.txt', 'text/plain; charset=utf-8' );
INSERT INTO files ( gid, file, mime ) VALUES ( '57500', 'http://www.gutenberg.org/files/57500/57500-0.zip', 'application/ziptext/plain; charset=utf-8' );
INSERT INTO files ( gid, file, mime ) VALUES ( '57500', 'http://www.gutenberg.org/files/57500/57500-h.zip', 'application/ziptext/html; charset=utf-8' );
INSERT INTO files ( gid, file, mime ) VALUES ( '57500', 'http://www.gutenberg.org/files/57500/57500-h/57500-h.htm', 'text/html; charset=utf-8' );
INSERT INTO titles ( gid, title, author, language, rights ) VALUES ( '57600', 'The Chinese Kitten', 'Brown, Edna A.', 'en', 'Public domain in the USA.' );
INSERT INTO classifications ( gid, classification ) VALUES ( '57600', 'PZ' );
INSERT INTO subjects ( gid, subject ) VALUES ( '57600', 'New England -- Juvenile fiction' );
INSERT INTO subjects ( gid, subject ) VALUES ( '57600', 'Families -- Juvenile fiction' );
INSERT INTO files ( gid, file, mime ) VALUES ( '57600', 'http://www.gutenberg.org/cache/epub/57600/pg57600.cover.medium.jpg', 'image/jpeg' );
INSERT INTO files ( gid, file, mime ) VALUES ( '57600', 'http://www.gutenberg.org/cache/epub/57600/pg57600.cover.small.jpg', 'image/jpeg' );
INSERT INTO files ( gid, file, mime ) VALUES ( '57600', 'http://www.gutenberg.org/ebooks/57600.epub.images', 'application/epub+zip' );
INSERT INTO files ( gid, file, mime ) VALUES ( '57600', 'http://www.gutenberg.org/ebooks/57600.epub.noimages', 'application/epub+zip' );
INSERT INTO files ( gid, file, mime ) VALUES ( '57600', 'http://www.gutenberg.org/ebooks/57600.kindle.images', 'application/x-mobipocket-ebook' );
INSERT INTO files ( gid, file, mime ) VALUES ( '57600', 'http://www.gutenberg.org/ebooks/57600.kindle.noimages', 'application/x-mobipocket-ebook' );
INSERT INTO files ( gid, file, mime ) VALUES ( '57600', 'http://www.gutenberg.org/ebooks/57600.rdf', 'application/rdf+xml' );
INSERT INTO files ( gid, file, mime ) VALUES ( '57600', 'http://www.gutenberg.org/files/57600/57600-0.txt', 'text/plain; charset=utf-8' );
INSERT INTO files ( gid, file, mime ) VALUES ( '57600', 'http://www.gutenberg.org/files/57600/57600-0.zip', 'application/ziptext/plain; charset=utf-8' );
INSERT INTO files ( gid, file, mime ) VALUES ( '57600', 'http://www.gutenberg.org/files/57600/57600-h.zip', 'text/html; charset=utf-8application/zip' );
INSERT INTO files ( gid, file, mime ) VALUES ( '57600', 'http://www.gutenberg.org/files/57600/57600-h/57600-h.htm', 'text/html; charset=utf-8' );
INSERT INTO titles ( gid, title, author, language, rights ) VALUES ( '57700', 'Toronto by Gaslight: The Night Hawks of a Great City As Seen by the Reporters of "The Toronto News"', 'Toronto News', 'en', 'Public domain in the USA.' );
INSERT INTO subjects ( gid, subject ) VALUES ( '57700', 'Toronto (Ont.) -- Description and travel' );
INSERT INTO subjects ( gid, subject ) VALUES ( '57700', 'F1001' );
INSERT INTO files ( gid, file, mime ) VALUES ( '57700', 'http://www.gutenberg.org/cache/epub/57700/pg57700.cover.medium.jpg', 'image/jpeg' );
INSERT INTO files ( gid, file, mime ) VALUES ( '57700', 'http://www.gutenberg.org/cache/epub/57700/pg57700.cover.small.jpg', 'image/jpeg' );
INSERT INTO files ( gid, file, mime ) VALUES ( '57700', 'http://www.gutenberg.org/ebooks/57700.epub.images', 'application/epub+zip' );
INSERT INTO files ( gid, file, mime ) VALUES ( '57700', 'http://www.gutenberg.org/ebooks/57700.epub.noimages', 'application/epub+zip' );
INSERT INTO files ( gid, file, mime ) VALUES ( '57700', 'http://www.gutenberg.org/ebooks/57700.kindle.images', 'application/x-mobipocket-ebook' );
INSERT INTO files ( gid, file, mime ) VALUES ( '57700', 'http://www.gutenberg.org/ebooks/57700.kindle.noimages', 'application/x-mobipocket-ebook' );
INSERT INTO files ( gid, file, mime ) VALUES ( '57700', 'http://www.gutenberg.org/ebooks/57700.rdf', 'application/rdf+xml' );
INSERT INTO files ( gid, file, mime ) VALUES ( '57700', 'http://www.gutenberg.org/files/57700/57700-0.txt', 'text/plain; charset=utf-8' );
INSERT INTO files ( gid, file, mime ) VALUES ( '57700', 'http://www.gutenberg.org/files/57700/57700-0.zip', 'application/ziptext/plain; charset=utf-8' );
INSERT INTO files ( gid, file, mime ) VALUES ( '57700', 'http://www.gutenberg.org/files/57700/57700-h.zip', 'text/html; charset=utf-8application/zip' );
INSERT INTO files ( gid, file, mime ) VALUES ( '57700', 'http://www.gutenberg.org/files/57700/57700-h/57700-h.htm', 'text/html; charset=utf-8' );
INSERT INTO titles ( gid, title, author, language, rights ) VALUES ( '57800', 'The Flow of Time in the Connecticut Valley: Geological Imprints', 'Meyerhoff, Howard A. (Howard Augustus)', 'en', 'Public domain in the USA.' );
INSERT INTO classifications ( gid, classification ) VALUES ( '57800', 'QE' );
INSERT INTO subjects ( gid, subject ) VALUES ( '57800', 'Geology -- Connecticut River Valley' );
INSERT INTO files ( gid, file, mime ) VALUES ( '57800', 'http://www.gutenberg.org/cache/epub/57800/pg57800.cover.medium.jpg', 'image/jpeg' );
INSERT INTO files ( gid, file, mime ) VALUES ( '57800', 'http://www.gutenberg.org/cache/epub/57800/pg57800.cover.small.jpg', 'image/jpeg' );
INSERT INTO files ( gid, file, mime ) VALUES ( '57800', 'http://www.gutenberg.org/ebooks/57800.epub.images', 'application/epub+zip' );
INSERT INTO files ( gid, file, mime ) VALUES ( '57800', 'http://www.gutenberg.org/ebooks/57800.epub.noimages', 'application/epub+zip' );
INSERT INTO files ( gid, file, mime ) VALUES ( '57800', 'http://www.gutenberg.org/ebooks/57800.kindle.images', 'application/x-mobipocket-ebook' );
INSERT INTO files ( gid, file, mime ) VALUES ( '57800', 'http://www.gutenberg.org/ebooks/57800.kindle.noimages', 'application/x-mobipocket-ebook' );
INSERT INTO files ( gid, file, mime ) VALUES ( '57800', 'http://www.gutenberg.org/ebooks/57800.rdf', 'application/rdf+xml' );
INSERT INTO files ( gid, file, mime ) VALUES ( '57800', 'http://www.gutenberg.org/files/57800/57800-0.txt', 'text/plain; charset=utf-8' );
INSERT INTO files ( gid, file, mime ) VALUES ( '57800', 'http://www.gutenberg.org/files/57800/57800-0.zip', 'text/plain; charset=utf-8application/zip' );
INSERT INTO files ( gid, file, mime ) VALUES ( '57800', 'http://www.gutenberg.org/files/57800/57800-8.txt', 'text/plain; charset=iso-8859-1' );
INSERT INTO files ( gid, file, mime ) VALUES ( '57800', 'http://www.gutenberg.org/files/57800/57800-8.zip', 'text/plain; charset=iso-8859-1application/zip' );
INSERT INTO files ( gid, file, mime ) VALUES ( '57800', 'http://www.gutenberg.org/files/57800/57800-h.zip', 'application/octet-streamapplication/zip' );
INSERT INTO files ( gid, file, mime ) VALUES ( '57800', 'http://www.gutenberg.org/files/57800/57800-h/57800-h.htm', 'text/html' );
INSERT INTO titles ( gid, title, author, language, rights ) VALUES ( '57900', 'Lighthouses and Lightships A Descriptive and Historical Account of Their Mode of Construction and Organization', 'Adams, W. H. Davenport (William Henry Davenport)', 'en', 'Public domain in the USA.' );
INSERT INTO classifications ( gid, classification ) VALUES ( '57900', 'TC' );
INSERT INTO subjects ( gid, subject ) VALUES ( '57900', 'Lighthouses' );
INSERT INTO subjects ( gid, subject ) VALUES ( '57900', 'Lightships' );
INSERT INTO files ( gid, file, mime ) VALUES ( '57900', 'http://www.gutenberg.org/cache/epub/57900/pg57900.cover.medium.jpg', 'image/jpeg' );
INSERT INTO files ( gid, file, mime ) VALUES ( '57900', 'http://www.gutenberg.org/cache/epub/57900/pg57900.cover.small.jpg', 'image/jpeg' );
INSERT INTO files ( gid, file, mime ) VALUES ( '57900', 'http://www.gutenberg.org/ebooks/57900.epub.images', 'application/epub+zip' );
INSERT INTO files ( gid, file, mime ) VALUES ( '57900', 'http://www.gutenberg.org/ebooks/57900.epub.noimages', 'application/epub+zip' );
INSERT INTO files ( gid, file, mime ) VALUES ( '57900', 'http://www.gutenberg.org/ebooks/57900.kindle.images', 'application/x-mobipocket-ebook' );
INSERT INTO files ( gid, file, mime ) VALUES ( '57900', 'http://www.gutenberg.org/ebooks/57900.kindle.noimages', 'application/x-mobipocket-ebook' );
INSERT INTO files ( gid, file, mime ) VALUES ( '57900', 'http://www.gutenberg.org/ebooks/57900.rdf', 'application/rdf+xml' );
INSERT INTO files ( gid, file, mime ) VALUES ( '57900', 'http://www.gutenberg.org/files/57900/57900-0.txt', 'text/plain; charset=utf-8' );
INSERT INTO files ( gid, file, mime ) VALUES ( '57900', 'http://www.gutenberg.org/files/57900/57900-0.zip', 'text/plain; charset=utf-8application/zip' );
INSERT INTO files ( gid, file, mime ) VALUES ( '57900', 'http://www.gutenberg.org/files/57900/57900-h.zip', 'application/ziptext/html; charset=utf-8' );
INSERT INTO files ( gid, file, mime ) VALUES ( '57900', 'http://www.gutenberg.org/files/57900/57900-h/57900-h.htm', 'text/html; charset=utf-8' );
INSERT INTO titles ( gid, title, author, language, rights ) VALUES ( '58000', 'Araukanien päällikkö: Intiaaniromaani', 'Aimard, Gustave', 'fi', 'Public domain in the USA.' );
INSERT INTO classifications ( gid, classification ) VALUES ( '58000', 'PQ' );
INSERT INTO subjects ( gid, subject ) VALUES ( '58000', 'Adventure stories' );
INSERT INTO subjects ( gid, subject ) VALUES ( '58000', 'French fiction -- Translations into Finnish' );
INSERT INTO files ( gid, file, mime ) VALUES ( '58000', 'http://www.gutenberg.org/ebooks/58000.epub.images', 'application/epub+zip' );
INSERT INTO files ( gid, file, mime ) VALUES ( '58000', 'http://www.gutenberg.org/ebooks/58000.epub.noimages', 'application/epub+zip' );
INSERT INTO files ( gid, file, mime ) VALUES ( '58000', 'http://www.gutenberg.org/ebooks/58000.html.images', 'text/html' );
INSERT INTO files ( gid, file, mime ) VALUES ( '58000', 'http://www.gutenberg.org/ebooks/58000.html.noimages', 'text/html' );
INSERT INTO files ( gid, file, mime ) VALUES ( '58000', 'http://www.gutenberg.org/ebooks/58000.kindle.images', 'application/x-mobipocket-ebook' );
INSERT INTO files ( gid, file, mime ) VALUES ( '58000', 'http://www.gutenberg.org/ebooks/58000.kindle.noimages', 'application/x-mobipocket-ebook' );
INSERT INTO files ( gid, file, mime ) VALUES ( '58000', 'http://www.gutenberg.org/ebooks/58000.rdf', 'application/rdf+xml' );
INSERT INTO files ( gid, file, mime ) VALUES ( '58000', 'http://www.gutenberg.org/ebooks/58000.txt.utf-8', 'text/plain' );
INSERT INTO files ( gid, file, mime ) VALUES ( '58000', 'http://www.gutenberg.org/files/58000/58000-8.txt', 'text/plain; charset=iso-8859-1' );
INSERT INTO files ( gid, file, mime ) VALUES ( '58000', 'http://www.gutenberg.org/files/58000/58000-8.zip', 'application/ziptext/plain; charset=iso-8859-1' );
INSERT INTO titles ( gid, title, author, language, rights ) VALUES ( '5800', 'The Marvelous Exploits of Paul Bunyan As Told in the Camps of the White Pine Lumbermen for Generations During Which Time the Loggers Have Pioneered the Way Through the North Woods From Maine to California. Collected from Various Sources and Embellished for Publication', 'Laughead, William B.', 'en', 'Public domain in the USA.' );
INSERT INTO classifications ( gid, classification ) VALUES ( '5800', 'PS' );
INSERT INTO subjects ( gid, subject ) VALUES ( '5800', 'Bunyan, Paul (Legendary character)' );
INSERT INTO files ( gid, file, mime ) VALUES ( '5800', 'http://www.gutenberg.org/ebooks/5800.epub.images', 'application/epub+zip' );
INSERT INTO files ( gid, file, mime ) VALUES ( '5800', 'http://www.gutenberg.org/ebooks/5800.epub.noimages', 'application/epub+zip' );
INSERT INTO files ( gid, file, mime ) VALUES ( '5800', 'http://www.gutenberg.org/ebooks/5800.kindle.images', 'application/x-mobipocket-ebook' );
INSERT INTO files ( gid, file, mime ) VALUES ( '5800', 'http://www.gutenberg.org/ebooks/5800.kindle.noimages', 'application/x-mobipocket-ebook' );
INSERT INTO files ( gid, file, mime ) VALUES ( '5800', 'http://www.gutenberg.org/ebooks/5800.rdf', 'application/rdf+xml' );
INSERT INTO files ( gid, file, mime ) VALUES ( '5800', 'http://www.gutenberg.org/ebooks/5800.txt.utf-8', 'text/plain' );
INSERT INTO files ( gid, file, mime ) VALUES ( '5800', 'http://www.gutenberg.org/files/5800/5800-h.zip', 'text/html; charset=iso-8859-1application/zip' );
INSERT INTO files ( gid, file, mime ) VALUES ( '5800', 'http://www.gutenberg.org/files/5800/5800-h/5800-h.htm', 'text/html; charset=iso-8859-1' );
INSERT INTO files ( gid, file, mime ) VALUES ( '5800', 'http://www.gutenberg.org/files/5800/5800.txt', 'text/plain; charset=us-ascii' );
INSERT INTO files ( gid, file, mime ) VALUES ( '5800', 'http://www.gutenberg.org/files/5800/5800.zip', 'application/ziptext/plain; charset=us-ascii' );
INSERT INTO titles ( gid, title, author, language, rights ) VALUES ( '58100', 'Words; Their Use and Abuse', 'Mathews, William', 'en', 'Public domain in the USA.' );
INSERT INTO classifications ( gid, classification ) VALUES ( '58100', 'PE' );
INSERT INTO subjects ( gid, subject ) VALUES ( '58100', 'English language -- Semantics' );
INSERT INTO subjects ( gid, subject ) VALUES ( '58100', 'English language -- Usage' );
INSERT INTO files ( gid, file, mime ) VALUES ( '58100', 'http://www.gutenberg.org/cache/epub/58100/pg58100.cover.medium.jpg', 'image/jpeg' );
INSERT INTO files ( gid, file, mime ) VALUES ( '58100', 'http://www.gutenberg.org/cache/epub/58100/pg58100.cover.small.jpg', 'image/jpeg' );
INSERT INTO files ( gid, file, mime ) VALUES ( '58100', 'http://www.gutenberg.org/ebooks/58100.epub.images', 'application/epub+zip' );
INSERT INTO files ( gid, file, mime ) VALUES ( '58100', 'http://www.gutenberg.org/ebooks/58100.epub.noimages', 'application/epub+zip' );
INSERT INTO files ( gid, file, mime ) VALUES ( '58100', 'http://www.gutenberg.org/ebooks/58100.kindle.images', 'application/x-mobipocket-ebook' );
INSERT INTO files ( gid, file, mime ) VALUES ( '58100', 'http://www.gutenberg.org/ebooks/58100.kindle.noimages', 'application/x-mobipocket-ebook' );
INSERT INTO files ( gid, file, mime ) VALUES ( '58100', 'http://www.gutenberg.org/ebooks/58100.rdf', 'application/rdf+xml' );
INSERT INTO files ( gid, file, mime ) VALUES ( '58100', 'http://www.gutenberg.org/files/58100/58100-0.txt', 'text/plain; charset=utf-8' );
INSERT INTO files ( gid, file, mime ) VALUES ( '58100', 'http://www.gutenberg.org/files/58100/58100-0.zip', 'text/plain; charset=utf-8application/zip' );
INSERT INTO files ( gid, file, mime ) VALUES ( '58100', 'http://www.gutenberg.org/files/58100/58100-h.zip', 'application/ziptext/html; charset=utf-8' );
INSERT INTO files ( gid, file, mime ) VALUES ( '58100', 'http://www.gutenberg.org/files/58100/58100-h/58100-h.htm', 'text/html; charset=utf-8' );
INSERT INTO titles ( gid, title, author, language, rights ) VALUES ( '58200', 'Lakeland Words A Collection of Dialect Words and Phrases as Used in Cumberland and Westmorland, with Illustrative Sentences in the North Westmorland Dialect', 'Kirkby, Bryham', 'en', 'Public domain in the USA.' );
INSERT INTO classifications ( gid, classification ) VALUES ( '58200', 'PE' );
INSERT INTO subjects ( gid, subject ) VALUES ( '58200', 'English language -- Dialects -- England -- Lake District -- Glossaries, vocabularies, etc.' );
INSERT INTO subjects ( gid, subject ) VALUES ( '58200', 'Lake District (England) -- Languages -- Dictionaries' );
INSERT INTO subjects ( gid, subject ) VALUES ( '58200', 'English language -- Dialects -- England -- Cumberland -- Glossaries, vocabularies, etc.' );
INSERT INTO subjects ( gid, subject ) VALUES ( '58200', 'English language -- Dialects -- England -- Westmorland -- Glossaries, vocabularies, etc.' );
INSERT INTO subjects ( gid, subject ) VALUES ( '58200', 'Cumberland (England) -- Languages -- Dictionaries' );
INSERT INTO subjects ( gid, subject ) VALUES ( '58200', 'Westmorland (England) -- Languages -- Dictionaries' );
INSERT INTO files ( gid, file, mime ) VALUES ( '58200', 'http://www.gutenberg.org/cache/epub/58200/pg58200.cover.medium.jpg', 'image/jpeg' );
INSERT INTO files ( gid, file, mime ) VALUES ( '58200', 'http://www.gutenberg.org/cache/epub/58200/pg58200.cover.small.jpg', 'image/jpeg' );
INSERT INTO files ( gid, file, mime ) VALUES ( '58200', 'http://www.gutenberg.org/ebooks/58200.epub.images', 'application/epub+zip' );
INSERT INTO files ( gid, file, mime ) VALUES ( '58200', 'http://www.gutenberg.org/ebooks/58200.epub.noimages', 'application/epub+zip' );
INSERT INTO files ( gid, file, mime ) VALUES ( '58200', 'http://www.gutenberg.org/ebooks/58200.kindle.images', 'application/x-mobipocket-ebook' );
INSERT INTO files ( gid, file, mime ) VALUES ( '58200', 'http://www.gutenberg.org/ebooks/58200.kindle.noimages', 'application/x-mobipocket-ebook' );
INSERT INTO files ( gid, file, mime ) VALUES ( '58200', 'http://www.gutenberg.org/ebooks/58200.rdf', 'application/rdf+xml' );
INSERT INTO files ( gid, file, mime ) VALUES ( '58200', 'http://www.gutenberg.org/files/58200/58200-0.txt', 'text/plain; charset=utf-8' );
INSERT INTO files ( gid, file, mime ) VALUES ( '58200', 'http://www.gutenberg.org/files/58200/58200-0.zip', 'text/plain; charset=utf-8application/zip' );
INSERT INTO files ( gid, file, mime ) VALUES ( '58200', 'http://www.gutenberg.org/files/58200/58200-h.zip', 'text/html; charset=utf-8application/zip' );
INSERT INTO files ( gid, file, mime ) VALUES ( '58200', 'http://www.gutenberg.org/files/58200/58200-h/58200-h.htm', 'text/html; charset=utf-8' );
INSERT INTO titles ( gid, title, author, language, rights ) VALUES ( '15700', 'The Works of the Right Honourable Edmund Burke, Vol. 04 (of 12)', 'Burke, Edmund', 'en', 'Public domain in the USA.' );
INSERT INTO classifications ( gid, classification ) VALUES ( '15700', 'DA' );
INSERT INTO subjects ( gid, subject ) VALUES ( '15700', 'Great Britain -- Politics and government -- 1760-1820' );
INSERT INTO subjects ( gid, subject ) VALUES ( '15700', 'Political science -- Early works to 1800' );
INSERT INTO files ( gid, file, mime ) VALUES ( '15700', 'http://www.gutenberg.org/ebooks/15700.epub.images', 'application/epub+zip' );
INSERT INTO files ( gid, file, mime ) VALUES ( '15700', 'http://www.gutenberg.org/ebooks/15700.epub.noimages', 'application/epub+zip' );
INSERT INTO files ( gid, file, mime ) VALUES ( '15700', 'http://www.gutenberg.org/ebooks/15700.kindle.images', 'application/x-mobipocket-ebook' );
INSERT INTO files ( gid, file, mime ) VALUES ( '15700', 'http://www.gutenberg.org/ebooks/15700.kindle.noimages', 'application/x-mobipocket-ebook' );
INSERT INTO files ( gid, file, mime ) VALUES ( '15700', 'http://www.gutenberg.org/ebooks/15700.rdf', 'application/rdf+xml' );
INSERT INTO files ( gid, file, mime ) VALUES ( '15700', 'http://www.gutenberg.org/files/15700/15700-0.txt', 'text/plain; charset=utf-8' );
INSERT INTO files ( gid, file, mime ) VALUES ( '15700', 'http://www.gutenberg.org/files/15700/15700-0.zip', 'application/ziptext/plain; charset=utf-8' );
INSERT INTO files ( gid, file, mime ) VALUES ( '15700', 'http://www.gutenberg.org/files/15700/15700-8.txt', 'text/plain; charset=iso-8859-1' );
INSERT INTO files ( gid, file, mime ) VALUES ( '15700', 'http://www.gutenberg.org/files/15700/15700-8.zip', 'text/plain; charset=iso-8859-1application/zip' );
INSERT INTO files ( gid, file, mime ) VALUES ( '15700', 'http://www.gutenberg.org/files/15700/15700-h.zip', 'application/ziptext/html; charset=utf-8' );
INSERT INTO files ( gid, file, mime ) VALUES ( '15700', 'http://www.gutenberg.org/files/15700/15700-h/15700-h.htm', 'text/html; charset=utf-8' );
INSERT INTO files ( gid, file, mime ) VALUES ( '15700', 'http://www.gutenberg.org/files/15700/15700.txt', 'text/plain; charset=us-ascii' );
INSERT INTO files ( gid, file, mime ) VALUES ( '15700', 'http://www.gutenberg.org/files/15700/15700.zip', 'text/plain; charset=us-asciiapplication/zip' );
INSERT INTO titles ( gid, title, author, language, rights ) VALUES ( '15800', 'How to Teach Religion Principles and Methods', 'Betts, George Herbert', 'en', 'Public domain in the USA.' );
INSERT INTO classifications ( gid, classification ) VALUES ( '15800', 'BV' );
INSERT INTO subjects ( gid, subject ) VALUES ( '15800', 'Religious education' );
INSERT INTO subjects ( gid, subject ) VALUES ( '15800', 'Religion -- Study and teaching' );
INSERT INTO files ( gid, file, mime ) VALUES ( '15800', 'http://www.gutenberg.org/ebooks/15800.epub.images', 'application/epub+zip' );
INSERT INTO files ( gid, file, mime ) VALUES ( '15800', 'http://www.gutenberg.org/ebooks/15800.epub.noimages', 'application/epub+zip' );
INSERT INTO files ( gid, file, mime ) VALUES ( '15800', 'http://www.gutenberg.org/ebooks/15800.kindle.images', 'application/x-mobipocket-ebook' );
INSERT INTO files ( gid, file, mime ) VALUES ( '15800', 'http://www.gutenberg.org/ebooks/15800.kindle.noimages', 'application/x-mobipocket-ebook' );
INSERT INTO files ( gid, file, mime ) VALUES ( '15800', 'http://www.gutenberg.org/ebooks/15800.rdf', 'application/rdf+xml' );
INSERT INTO files ( gid, file, mime ) VALUES ( '15800', 'http://www.gutenberg.org/ebooks/15800.txt.utf-8', 'text/plain' );
INSERT INTO files ( gid, file, mime ) VALUES ( '15800', 'http://www.gutenberg.org/files/15800/15800-8.txt', 'text/plain; charset=iso-8859-1' );
INSERT INTO files ( gid, file, mime ) VALUES ( '15800', 'http://www.gutenberg.org/files/15800/15800-8.zip', 'text/plain; charset=iso-8859-1application/zip' );
INSERT INTO files ( gid, file, mime ) VALUES ( '15800', 'http://www.gutenberg.org/files/15800/15800-h.zip', 'application/ziptext/html; charset=iso-8859-1' );
INSERT INTO files ( gid, file, mime ) VALUES ( '15800', 'http://www.gutenberg.org/files/15800/15800-h/15800-h.htm', 'text/html; charset=iso-8859-1' );
INSERT INTO files ( gid, file, mime ) VALUES ( '15800', 'http://www.gutenberg.org/files/15800/15800.txt', 'text/plain; charset=us-ascii' );
INSERT INTO files ( gid, file, mime ) VALUES ( '15800', 'http://www.gutenberg.org/files/15800/15800.zip', 'text/plain; charset=us-asciiapplication/zip' );
INSERT INTO titles ( gid, title, author, language, rights ) VALUES ( '16000', 'The Ship of Stars', 'Quiller-Couch, Arthur', 'en', 'Public domain in the USA.' );
INSERT INTO classifications ( gid, classification ) VALUES ( '16000', 'PR' );
INSERT INTO subjects ( gid, subject ) VALUES ( '16000', 'Cornwall (England : County) -- Fiction' );
INSERT INTO files ( gid, file, mime ) VALUES ( '16000', 'http://www.gutenberg.org/ebooks/16000.epub.images', 'application/epub+zip' );
INSERT INTO files ( gid, file, mime ) VALUES ( '16000', 'http://www.gutenberg.org/ebooks/16000.epub.noimages', 'application/epub+zip' );
INSERT INTO files ( gid, file, mime ) VALUES ( '16000', 'http://www.gutenberg.org/ebooks/16000.html.images', 'text/html' );
INSERT INTO files ( gid, file, mime ) VALUES ( '16000', 'http://www.gutenberg.org/ebooks/16000.html.noimages', 'text/html' );
INSERT INTO files ( gid, file, mime ) VALUES ( '16000', 'http://www.gutenberg.org/ebooks/16000.kindle.images', 'application/x-mobipocket-ebook' );
INSERT INTO files ( gid, file, mime ) VALUES ( '16000', 'http://www.gutenberg.org/ebooks/16000.kindle.noimages', 'application/x-mobipocket-ebook' );
INSERT INTO files ( gid, file, mime ) VALUES ( '16000', 'http://www.gutenberg.org/ebooks/16000.rdf', 'application/rdf+xml' );
INSERT INTO files ( gid, file, mime ) VALUES ( '16000', 'http://www.gutenberg.org/ebooks/16000.txt.utf-8', 'text/plain' );
INSERT INTO files ( gid, file, mime ) VALUES ( '16000', 'http://www.gutenberg.org/files/16000/16000.txt', 'text/plain; charset=us-ascii' );
INSERT INTO files ( gid, file, mime ) VALUES ( '16000', 'http://www.gutenberg.org/files/16000/16000.zip', 'text/plain; charset=us-asciiapplication/zip' );
INSERT INTO titles ( gid, title, author, language, rights ) VALUES ( '15900', 'His Masterpiece', 'Zola, Émile', 'en', 'Public domain in the USA.' );
INSERT INTO classifications ( gid, classification ) VALUES ( '15900', 'PQ' );
INSERT INTO subjects ( gid, subject ) VALUES ( '15900', 'Autobiographical fiction' );
INSERT INTO subjects ( gid, subject ) VALUES ( '15900', 'Paris (France) -- Intellectual life -- Fiction' );
INSERT INTO subjects ( gid, subject ) VALUES ( '15900', 'Impressionist artists -- France -- Paris -- Fiction' );
INSERT INTO files ( gid, file, mime ) VALUES ( '15900', 'http://www.gutenberg.org/ebooks/15900.epub.images', 'application/epub+zip' );
INSERT INTO files ( gid, file, mime ) VALUES ( '15900', 'http://www.gutenberg.org/ebooks/15900.epub.noimages', 'application/epub+zip' );
INSERT INTO files ( gid, file, mime ) VALUES ( '15900', 'http://www.gutenberg.org/ebooks/15900.kindle.images', 'application/x-mobipocket-ebook' );
INSERT INTO files ( gid, file, mime ) VALUES ( '15900', 'http://www.gutenberg.org/ebooks/15900.kindle.noimages', 'application/x-mobipocket-ebook' );
INSERT INTO files ( gid, file, mime ) VALUES ( '15900', 'http://www.gutenberg.org/ebooks/15900.rdf', 'application/rdf+xml' );
INSERT INTO files ( gid, file, mime ) VALUES ( '15900', 'http://www.gutenberg.org/files/15900/15900-0.txt', 'text/plain; charset=utf-8' );
INSERT INTO files ( gid, file, mime ) VALUES ( '15900', 'http://www.gutenberg.org/files/15900/15900-0.zip', 'application/ziptext/plain; charset=utf-8' );
INSERT INTO files ( gid, file, mime ) VALUES ( '15900', 'http://www.gutenberg.org/files/15900/15900-h.zip', 'text/html; charset=utf-8application/zip' );
INSERT INTO files ( gid, file, mime ) VALUES ( '15900', 'http://www.gutenberg.org/files/15900/15900-h/15900-h.htm', 'text/html; charset=utf-8' );
INSERT INTO files ( gid, file, mime ) VALUES ( '15900', 'http://www.gutenberg.org/files/15900/15900.txt', 'text/plain; charset=us-ascii' );
INSERT INTO files ( gid, file, mime ) VALUES ( '15900', 'http://www.gutenberg.org/files/15900/15900.zip', 'text/plain; charset=us-asciiapplication/zip' );
INSERT INTO titles ( gid, title, author, language, rights ) VALUES ( '1600', 'Symposium', 'Plato', 'en', 'Public domain in the USA.' );
INSERT INTO classifications ( gid, classification ) VALUES ( '1600', 'B' );
INSERT INTO classifications ( gid, classification ) VALUES ( '1600', 'PA' );
INSERT INTO subjects ( gid, subject ) VALUES ( '1600', 'Love -- Early works to 1800' );
INSERT INTO subjects ( gid, subject ) VALUES ( '1600', 'Socrates, 470 BC-399 BC' );
INSERT INTO subjects ( gid, subject ) VALUES ( '1600', 'Classical literature' );
INSERT INTO subjects ( gid, subject ) VALUES ( '1600', 'Philosophy, Ancient' );
INSERT INTO files ( gid, file, mime ) VALUES ( '1600', 'http://www.gutenberg.org/ebooks/1600.epub.images', 'application/epub+zip' );
INSERT INTO files ( gid, file, mime ) VALUES ( '1600', 'http://www.gutenberg.org/ebooks/1600.epub.noimages', 'application/epub+zip' );
INSERT INTO files ( gid, file, mime ) VALUES ( '1600', 'http://www.gutenberg.org/ebooks/1600.kindle.images', 'application/x-mobipocket-ebook' );
INSERT INTO files ( gid, file, mime ) VALUES ( '1600', 'http://www.gutenberg.org/ebooks/1600.kindle.noimages', 'application/x-mobipocket-ebook' );
INSERT INTO files ( gid, file, mime ) VALUES ( '1600', 'http://www.gutenberg.org/ebooks/1600.rdf', 'application/rdf+xml' );
INSERT INTO files ( gid, file, mime ) VALUES ( '1600', 'http://www.gutenberg.org/ebooks/1600.txt.utf-8', 'text/plain' );
INSERT INTO files ( gid, file, mime ) VALUES ( '1600', 'http://www.gutenberg.org/files/1600/1600-h.zip', 'application/ziptext/html; charset=us-ascii' );
INSERT INTO files ( gid, file, mime ) VALUES ( '1600', 'http://www.gutenberg.org/files/1600/1600-h/1600-h.htm', 'text/html; charset=us-ascii' );
INSERT INTO files ( gid, file, mime ) VALUES ( '1600', 'http://www.gutenberg.org/files/1600/1600.txt', 'text/plain; charset=us-ascii' );
INSERT INTO files ( gid, file, mime ) VALUES ( '1600', 'http://www.gutenberg.org/files/1600/1600.zip', 'application/ziptext/plain; charset=us-ascii' );
INSERT INTO titles ( gid, title, author, language, rights ) VALUES ( '16100', 'Marietta: A Maid of Venice', 'Crawford, F. Marion (Francis Marion)', 'en', 'Public domain in the USA.' );
INSERT INTO classifications ( gid, classification ) VALUES ( '16100', 'PS' );
INSERT INTO subjects ( gid, subject ) VALUES ( '16100', 'Venice (Italy) -- Fiction' );
INSERT INTO files ( gid, file, mime ) VALUES ( '16100', 'http://www.gutenberg.org/ebooks/16100.epub.images', 'application/epub+zip' );
INSERT INTO files ( gid, file, mime ) VALUES ( '16100', 'http://www.gutenberg.org/ebooks/16100.epub.noimages', 'application/epub+zip' );
INSERT INTO files ( gid, file, mime ) VALUES ( '16100', 'http://www.gutenberg.org/ebooks/16100.kindle.images', 'application/x-mobipocket-ebook' );
INSERT INTO files ( gid, file, mime ) VALUES ( '16100', 'http://www.gutenberg.org/ebooks/16100.kindle.noimages', 'application/x-mobipocket-ebook' );
INSERT INTO files ( gid, file, mime ) VALUES ( '16100', 'http://www.gutenberg.org/ebooks/16100.rdf', 'application/rdf+xml' );
INSERT INTO files ( gid, file, mime ) VALUES ( '16100', 'http://www.gutenberg.org/ebooks/16100.txt.utf-8', 'text/plain' );
INSERT INTO files ( gid, file, mime ) VALUES ( '16100', 'http://www.gutenberg.org/files/16100/16100-8.txt', 'text/plain; charset=iso-8859-1' );
INSERT INTO files ( gid, file, mime ) VALUES ( '16100', 'http://www.gutenberg.org/files/16100/16100-8.zip', 'application/ziptext/plain; charset=iso-8859-1' );
INSERT INTO files ( gid, file, mime ) VALUES ( '16100', 'http://www.gutenberg.org/files/16100/16100-h.zip', 'text/html; charset=iso-8859-1application/zip' );
INSERT INTO files ( gid, file, mime ) VALUES ( '16100', 'http://www.gutenberg.org/files/16100/16100-h/16100-h.htm', 'text/html; charset=iso-8859-1' );
INSERT INTO files ( gid, file, mime ) VALUES ( '16100', 'http://www.gutenberg.org/files/16100/16100.txt', 'text/plain; charset=us-ascii' );
INSERT INTO files ( gid, file, mime ) VALUES ( '16100', 'http://www.gutenberg.org/files/16100/16100.zip', 'application/ziptext/plain; charset=us-ascii' );
INSERT INTO titles ( gid, title, author, language, rights ) VALUES ( '16200', 'The Atlantic Monthly, Volume 13, No. 75, January, 1864 A Magazine of Literature, Art, and Politics', 'Various', 'en', 'Public domain in the USA.' );
INSERT INTO classifications ( gid, classification ) VALUES ( '16200', 'AP' );
INSERT INTO subjects ( gid, subject ) VALUES ( '16200', 'American periodicals' );
INSERT INTO files ( gid, file, mime ) VALUES ( '16200', 'http://www.gutenberg.org/ebooks/16200.epub.images', 'application/epub+zip' );
INSERT INTO files ( gid, file, mime ) VALUES ( '16200', 'http://www.gutenberg.org/ebooks/16200.epub.noimages', 'application/epub+zip' );
INSERT INTO files ( gid, file, mime ) VALUES ( '16200', 'http://www.gutenberg.org/ebooks/16200.kindle.images', 'application/x-mobipocket-ebook' );
INSERT INTO files ( gid, file, mime ) VALUES ( '16200', 'http://www.gutenberg.org/ebooks/16200.kindle.noimages', 'application/x-mobipocket-ebook' );
INSERT INTO files ( gid, file, mime ) VALUES ( '16200', 'http://www.gutenberg.org/ebooks/16200.rdf', 'application/rdf+xml' );
INSERT INTO files ( gid, file, mime ) VALUES ( '16200', 'http://www.gutenberg.org/ebooks/16200.txt.utf-8', 'text/plain' );
INSERT INTO files ( gid, file, mime ) VALUES ( '16200', 'http://www.gutenberg.org/files/16200/16200-8.txt', 'text/plain; charset=iso-8859-1' );
INSERT INTO files ( gid, file, mime ) VALUES ( '16200', 'http://www.gutenberg.org/files/16200/16200-8.zip', 'application/ziptext/plain; charset=iso-8859-1' );
INSERT INTO files ( gid, file, mime ) VALUES ( '16200', 'http://www.gutenberg.org/files/16200/16200-h.zip', 'text/html; charset=iso-8859-1application/zip' );
INSERT INTO files ( gid, file, mime ) VALUES ( '16200', 'http://www.gutenberg.org/files/16200/16200-h/16200-h.htm', 'text/html; charset=iso-8859-1' );
INSERT INTO files ( gid, file, mime ) VALUES ( '16200', 'http://www.gutenberg.org/files/16200/16200.txt', 'text/plain; charset=us-ascii' );
INSERT INTO files ( gid, file, mime ) VALUES ( '16200', 'http://www.gutenberg.org/files/16200/16200.zip', 'application/ziptext/plain; charset=us-ascii' );
INSERT INTO titles ( gid, title, author, language, rights ) VALUES ( '16300', 'The History of Emily Montague', 'Brooke, Frances', 'en', 'Public domain in the USA.' );
INSERT INTO classifications ( gid, classification ) VALUES ( '16300', 'PR' );
INSERT INTO subjects ( gid, subject ) VALUES ( '16300', 'Québec (Québec) -- History -- Fiction' );
INSERT INTO files ( gid, file, mime ) VALUES ( '16300', 'http://www.gutenberg.org/ebooks/16300.epub.images', 'application/epub+zip' );
INSERT INTO files ( gid, file, mime ) VALUES ( '16300', 'http://www.gutenberg.org/ebooks/16300.epub.noimages', 'application/epub+zip' );
INSERT INTO files ( gid, file, mime ) VALUES ( '16300', 'http://www.gutenberg.org/ebooks/16300.kindle.images', 'application/x-mobipocket-ebook' );
INSERT INTO files ( gid, file, mime ) VALUES ( '16300', 'http://www.gutenberg.org/ebooks/16300.kindle.noimages', 'application/x-mobipocket-ebook' );
INSERT INTO files ( gid, file, mime ) VALUES ( '16300', 'http://www.gutenberg.org/ebooks/16300.rdf', 'application/rdf+xml' );
INSERT INTO files ( gid, file, mime ) VALUES ( '16300', 'http://www.gutenberg.org/ebooks/16300.txt.utf-8', 'text/plain' );
INSERT INTO files ( gid, file, mime ) VALUES ( '16300', 'http://www.gutenberg.org/files/16300/16300-8.txt', 'text/plain; charset=iso-8859-1' );
INSERT INTO files ( gid, file, mime ) VALUES ( '16300', 'http://www.gutenberg.org/files/16300/16300-8.zip', 'text/plain; charset=iso-8859-1application/zip' );
INSERT INTO files ( gid, file, mime ) VALUES ( '16300', 'http://www.gutenberg.org/files/16300/16300-h.zip', 'application/ziptext/html; charset=iso-8859-1' );
INSERT INTO files ( gid, file, mime ) VALUES ( '16300', 'http://www.gutenberg.org/files/16300/16300-h/16300-h.htm', 'text/html; charset=iso-8859-1' );
INSERT INTO files ( gid, file, mime ) VALUES ( '16300', 'http://www.gutenberg.org/files/16300/16300.txt', 'text/plain; charset=us-ascii' );
INSERT INTO files ( gid, file, mime ) VALUES ( '16300', 'http://www.gutenberg.org/files/16300/16300.zip', 'text/plain; charset=us-asciiapplication/zip' );
INSERT INTO titles ( gid, title, author, language, rights ) VALUES ( '16400', 'De M. Terenti Varronis Libris Grammaticis', 'Varro, Marcus Terentius', 'la', 'Public domain in the USA.' );
INSERT INTO classifications ( gid, classification ) VALUES ( '16400', 'PA' );
INSERT INTO subjects ( gid, subject ) VALUES ( '16400', 'Varro, Marcus Terentius' );
INSERT INTO files ( gid, file, mime ) VALUES ( '16400', 'http://www.gutenberg.org/ebooks/16400.epub.images', 'application/epub+zip' );
INSERT INTO files ( gid, file, mime ) VALUES ( '16400', 'http://www.gutenberg.org/ebooks/16400.epub.noimages', 'application/epub+zip' );
INSERT INTO files ( gid, file, mime ) VALUES ( '16400', 'http://www.gutenberg.org/ebooks/16400.kindle.images', 'application/x-mobipocket-ebook' );
INSERT INTO files ( gid, file, mime ) VALUES ( '16400', 'http://www.gutenberg.org/ebooks/16400.kindle.noimages', 'application/x-mobipocket-ebook' );
INSERT INTO files ( gid, file, mime ) VALUES ( '16400', 'http://www.gutenberg.org/ebooks/16400.rdf', 'application/rdf+xml' );
INSERT INTO files ( gid, file, mime ) VALUES ( '16400', 'http://www.gutenberg.org/files/16400/16400-0.txt', 'text/plain; charset=utf-8' );
INSERT INTO files ( gid, file, mime ) VALUES ( '16400', 'http://www.gutenberg.org/files/16400/16400-0.zip', 'text/plain; charset=utf-8application/zip' );
INSERT INTO files ( gid, file, mime ) VALUES ( '16400', 'http://www.gutenberg.org/files/16400/16400-8.txt', 'text/plain; charset=iso-8859-1' );
INSERT INTO files ( gid, file, mime ) VALUES ( '16400', 'http://www.gutenberg.org/files/16400/16400-8.zip', 'text/plain; charset=iso-8859-1application/zip' );
INSERT INTO files ( gid, file, mime ) VALUES ( '16400', 'http://www.gutenberg.org/files/16400/16400-h.zip', 'application/ziptext/html; charset=utf-8' );
INSERT INTO files ( gid, file, mime ) VALUES ( '16400', 'http://www.gutenberg.org/files/16400/16400-h/16400-h.htm', 'text/html; charset=utf-8' );
INSERT INTO files ( gid, file, mime ) VALUES ( '16400', 'http://www.gutenberg.org/files/16400/16400-h/varrolat.htm', 'text/html' );
INSERT INTO files ( gid, file, mime ) VALUES ( '16400', 'http://www.gutenberg.org/files/16400/16400.txt', 'text/plain; charset=us-ascii' );
INSERT INTO files ( gid, file, mime ) VALUES ( '16400', 'http://www.gutenberg.org/files/16400/16400.zip', 'text/plain; charset=us-asciiapplication/zip' );
INSERT INTO titles ( gid, title, author, language, rights ) VALUES ( '16500', 'More Translations from the Chinese', '', 'en', 'Public domain in the USA.' );
INSERT INTO classifications ( gid, classification ) VALUES ( '16500', 'PL' );
INSERT INTO subjects ( gid, subject ) VALUES ( '16500', 'Chinese poetry -- Translations into English' );
INSERT INTO files ( gid, file, mime ) VALUES ( '16500', 'http://www.gutenberg.org/ebooks/16500.epub.images', 'application/epub+zip' );
INSERT INTO files ( gid, file, mime ) VALUES ( '16500', 'http://www.gutenberg.org/ebooks/16500.epub.noimages', 'application/epub+zip' );
INSERT INTO files ( gid, file, mime ) VALUES ( '16500', 'http://www.gutenberg.org/ebooks/16500.kindle.images', 'application/x-mobipocket-ebook' );
INSERT INTO files ( gid, file, mime ) VALUES ( '16500', 'http://www.gutenberg.org/ebooks/16500.kindle.noimages', 'application/x-mobipocket-ebook' );
INSERT INTO files ( gid, file, mime ) VALUES ( '16500', 'http://www.gutenberg.org/ebooks/16500.rdf', 'application/rdf+xml' );
INSERT INTO files ( gid, file, mime ) VALUES ( '16500', 'http://www.gutenberg.org/files/16500/16500-0.txt', 'text/plain; charset=utf-8' );
INSERT INTO files ( gid, file, mime ) VALUES ( '16500', 'http://www.gutenberg.org/files/16500/16500-0.zip', 'application/ziptext/plain; charset=utf-8' );
INSERT INTO files ( gid, file, mime ) VALUES ( '16500', 'http://www.gutenberg.org/files/16500/16500-8.txt', 'text/plain; charset=iso-8859-1' );
INSERT INTO files ( gid, file, mime ) VALUES ( '16500', 'http://www.gutenberg.org/files/16500/16500-8.zip', 'application/ziptext/plain; charset=iso-8859-1' );
INSERT INTO files ( gid, file, mime ) VALUES ( '16500', 'http://www.gutenberg.org/files/16500/16500-h.zip', 'text/html; charset=iso-8859-1application/zip' );
INSERT INTO files ( gid, file, mime ) VALUES ( '16500', 'http://www.gutenberg.org/files/16500/16500-h/16500-h.htm', 'text/html; charset=iso-8859-1' );
INSERT INTO files ( gid, file, mime ) VALUES ( '16500', 'http://www.gutenberg.org/files/16500/16500.txt', 'text/plain; charset=us-ascii' );
INSERT INTO files ( gid, file, mime ) VALUES ( '16500', 'http://www.gutenberg.org/files/16500/16500.zip', 'application/ziptext/plain; charset=us-ascii' );
INSERT INTO titles ( gid, title, author, language, rights ) VALUES ( '16600', 'Cecil Rhodes, Man and Empire-Maker', 'Radziwill, Catherine, Princess', 'en', 'Public domain in the USA.' );
INSERT INTO classifications ( gid, classification ) VALUES ( '16600', 'DT' );
INSERT INTO subjects ( gid, subject ) VALUES ( '16600', 'Rhodes, Cecil, 1853-1902' );
INSERT INTO subjects ( gid, subject ) VALUES ( '16600', 'South Africa -- Politics and government' );
INSERT INTO files ( gid, file, mime ) VALUES ( '16600', 'http://www.gutenberg.org/ebooks/16600.epub.images', 'application/epub+zip' );
INSERT INTO files ( gid, file, mime ) VALUES ( '16600', 'http://www.gutenberg.org/ebooks/16600.epub.noimages', 'application/epub+zip' );
INSERT INTO files ( gid, file, mime ) VALUES ( '16600', 'http://www.gutenberg.org/ebooks/16600.kindle.images', 'application/x-mobipocket-ebook' );
INSERT INTO files ( gid, file, mime ) VALUES ( '16600', 'http://www.gutenberg.org/ebooks/16600.kindle.noimages', 'application/x-mobipocket-ebook' );
INSERT INTO files ( gid, file, mime ) VALUES ( '16600', 'http://www.gutenberg.org/ebooks/16600.rdf', 'application/rdf+xml' );
INSERT INTO files ( gid, file, mime ) VALUES ( '16600', 'http://www.gutenberg.org/ebooks/16600.txt.utf-8', 'text/plain' );
INSERT INTO files ( gid, file, mime ) VALUES ( '16600', 'http://www.gutenberg.org/files/16600/16600-8.txt', 'text/plain; charset=iso-8859-1' );
INSERT INTO files ( gid, file, mime ) VALUES ( '16600', 'http://www.gutenberg.org/files/16600/16600-8.zip', 'text/plain; charset=iso-8859-1application/zip' );
INSERT INTO files ( gid, file, mime ) VALUES ( '16600', 'http://www.gutenberg.org/files/16600/16600-h.zip', 'text/htmlapplication/zip' );
INSERT INTO files ( gid, file, mime ) VALUES ( '16600', 'http://www.gutenberg.org/files/16600/16600-h/16600-h.htm', 'text/html' );
INSERT INTO files ( gid, file, mime ) VALUES ( '16600', 'http://www.gutenberg.org/files/16600/16600.txt', 'text/plain; charset=us-ascii' );
INSERT INTO files ( gid, file, mime ) VALUES ( '16600', 'http://www.gutenberg.org/files/16600/16600.zip', 'application/ziptext/plain; charset=us-ascii' );
INSERT INTO titles ( gid, title, author, language, rights ) VALUES ( '16700', 'The Ancient Church: Its History, Doctrine, Worship, and Constitution', 'Killen, W. D. (William Dool)', 'en', 'Public domain in the USA.' );
INSERT INTO classifications ( gid, classification ) VALUES ( '16700', 'BR' );
INSERT INTO subjects ( gid, subject ) VALUES ( '16700', 'Church history -- Primitive and early church, ca. 30-600' );
INSERT INTO files ( gid, file, mime ) VALUES ( '16700', 'http://www.gutenberg.org/ebooks/16700.epub.images', 'application/epub+zip' );
INSERT INTO files ( gid, file, mime ) VALUES ( '16700', 'http://www.gutenberg.org/ebooks/16700.epub.noimages', 'application/epub+zip' );
INSERT INTO files ( gid, file, mime ) VALUES ( '16700', 'http://www.gutenberg.org/ebooks/16700.html.images', 'text/html' );
INSERT INTO files ( gid, file, mime ) VALUES ( '16700', 'http://www.gutenberg.org/ebooks/16700.html.noimages', 'text/html' );
INSERT INTO files ( gid, file, mime ) VALUES ( '16700', 'http://www.gutenberg.org/ebooks/16700.kindle.images', 'application/x-mobipocket-ebook' );
INSERT INTO files ( gid, file, mime ) VALUES ( '16700', 'http://www.gutenberg.org/ebooks/16700.kindle.noimages', 'application/x-mobipocket-ebook' );
INSERT INTO files ( gid, file, mime ) VALUES ( '16700', 'http://www.gutenberg.org/ebooks/16700.rdf', 'application/rdf+xml' );
INSERT INTO files ( gid, file, mime ) VALUES ( '16700', 'http://www.gutenberg.org/ebooks/16700.txt.utf-8', 'text/plain' );
INSERT INTO files ( gid, file, mime ) VALUES ( '16700', 'http://www.gutenberg.org/files/16700/16700-8.txt', 'text/plain; charset=iso-8859-1' );
INSERT INTO files ( gid, file, mime ) VALUES ( '16700', 'http://www.gutenberg.org/files/16700/16700-8.zip', 'text/plain; charset=iso-8859-1application/zip' );
INSERT INTO files ( gid, file, mime ) VALUES ( '16700', 'http://www.gutenberg.org/files/16700/16700.txt', 'text/plain; charset=us-ascii' );
INSERT INTO files ( gid, file, mime ) VALUES ( '16700', 'http://www.gutenberg.org/files/16700/16700.zip', 'text/plain; charset=us-asciiapplication/zip' );
INSERT INTO titles ( gid, title, author, language, rights ) VALUES ( '16800', 'The Secret of a Happy Home (1896)', 'Harland, Marion', 'en', 'Public domain in the USA.' );
INSERT INTO classifications ( gid, classification ) VALUES ( '16800', 'HQ' );
INSERT INTO subjects ( gid, subject ) VALUES ( '16800', 'Home' );
INSERT INTO files ( gid, file, mime ) VALUES ( '16800', 'http://www.gutenberg.org/ebooks/16800.epub.images', 'application/epub+zip' );
INSERT INTO files ( gid, file, mime ) VALUES ( '16800', 'http://www.gutenberg.org/ebooks/16800.epub.noimages', 'application/epub+zip' );
INSERT INTO files ( gid, file, mime ) VALUES ( '16800', 'http://www.gutenberg.org/ebooks/16800.kindle.images', 'application/x-mobipocket-ebook' );
INSERT INTO files ( gid, file, mime ) VALUES ( '16800', 'http://www.gutenberg.org/ebooks/16800.kindle.noimages', 'application/x-mobipocket-ebook' );
INSERT INTO files ( gid, file, mime ) VALUES ( '16800', 'http://www.gutenberg.org/ebooks/16800.rdf', 'application/rdf+xml' );
INSERT INTO files ( gid, file, mime ) VALUES ( '16800', 'http://www.gutenberg.org/ebooks/16800.txt.utf-8', 'text/plain' );
INSERT INTO files ( gid, file, mime ) VALUES ( '16800', 'http://www.gutenberg.org/files/16800/16800-8.txt', 'text/plain; charset=iso-8859-1' );
INSERT INTO files ( gid, file, mime ) VALUES ( '16800', 'http://www.gutenberg.org/files/16800/16800-8.zip', 'text/plain; charset=iso-8859-1application/zip' );
INSERT INTO files ( gid, file, mime ) VALUES ( '16800', 'http://www.gutenberg.org/files/16800/16800-h.zip', 'application/ziptext/html; charset=iso-8859-1' );
INSERT INTO files ( gid, file, mime ) VALUES ( '16800', 'http://www.gutenberg.org/files/16800/16800-h/16800-h.htm', 'text/html; charset=iso-8859-1' );
INSERT INTO files ( gid, file, mime ) VALUES ( '16800', 'http://www.gutenberg.org/files/16800/16800.txt', 'text/plain; charset=us-ascii' );
INSERT INTO files ( gid, file, mime ) VALUES ( '16800', 'http://www.gutenberg.org/files/16800/16800.zip', 'application/ziptext/plain; charset=us-ascii' );
INSERT INTO titles ( gid, title, author, language, rights ) VALUES ( '16900', 'The First Book of Farming', 'Goodrich, C. L. (Charles Landon)', 'en', 'Public domain in the USA.' );
INSERT INTO classifications ( gid, classification ) VALUES ( '16900', 'S' );
INSERT INTO subjects ( gid, subject ) VALUES ( '16900', 'Agriculture' );
INSERT INTO files ( gid, file, mime ) VALUES ( '16900', 'http://www.gutenberg.org/cache/epub/16900/pg16900.cover.medium.jpg', 'image/jpeg' );
INSERT INTO files ( gid, file, mime ) VALUES ( '16900', 'http://www.gutenberg.org/cache/epub/16900/pg16900.cover.small.jpg', 'image/jpeg' );
INSERT INTO files ( gid, file, mime ) VALUES ( '16900', 'http://www.gutenberg.org/ebooks/16900.epub.images', 'application/epub+zip' );
INSERT INTO files ( gid, file, mime ) VALUES ( '16900', 'http://www.gutenberg.org/ebooks/16900.epub.noimages', 'application/epub+zip' );
INSERT INTO files ( gid, file, mime ) VALUES ( '16900', 'http://www.gutenberg.org/ebooks/16900.kindle.images', 'application/x-mobipocket-ebook' );
INSERT INTO files ( gid, file, mime ) VALUES ( '16900', 'http://www.gutenberg.org/ebooks/16900.kindle.noimages', 'application/x-mobipocket-ebook' );
INSERT INTO files ( gid, file, mime ) VALUES ( '16900', 'http://www.gutenberg.org/ebooks/16900.rdf', 'application/rdf+xml' );
INSERT INTO files ( gid, file, mime ) VALUES ( '16900', 'http://www.gutenberg.org/ebooks/16900.txt.utf-8', 'text/plain' );
INSERT INTO files ( gid, file, mime ) VALUES ( '16900', 'http://www.gutenberg.org/files/16900/16900-8.txt', 'text/plain; charset=iso-8859-1' );
INSERT INTO files ( gid, file, mime ) VALUES ( '16900', 'http://www.gutenberg.org/files/16900/16900-8.zip', 'text/plain; charset=iso-8859-1application/zip' );
INSERT INTO files ( gid, file, mime ) VALUES ( '16900', 'http://www.gutenberg.org/files/16900/16900-h.zip', 'text/html; charset=iso-8859-1application/zip' );
INSERT INTO files ( gid, file, mime ) VALUES ( '16900', 'http://www.gutenberg.org/files/16900/16900-h/16900-h.htm', 'text/html; charset=iso-8859-1' );
INSERT INTO files ( gid, file, mime ) VALUES ( '16900', 'http://www.gutenberg.org/files/16900/16900.txt', 'text/plain; charset=us-ascii' );
INSERT INTO files ( gid, file, mime ) VALUES ( '16900', 'http://www.gutenberg.org/files/16900/16900.zip', 'application/ziptext/plain; charset=us-ascii' );
INSERT INTO titles ( gid, title, author, language, rights ) VALUES ( '58300', 'Das erste Schuljahr: Eine Erzählung für Kinder von 7-12 Jahren', 'Sapper, Agnes', 'de', 'Public domain in the USA.' );
INSERT INTO classifications ( gid, classification ) VALUES ( '58300', 'PZ' );
INSERT INTO subjects ( gid, subject ) VALUES ( '58300', 'Schools -- Juvenile fiction' );
INSERT INTO files ( gid, file, mime ) VALUES ( '58300', 'http://www.gutenberg.org/cache/epub/58300/pg58300.cover.medium.jpg', 'image/jpeg' );
INSERT INTO files ( gid, file, mime ) VALUES ( '58300', 'http://www.gutenberg.org/cache/epub/58300/pg58300.cover.small.jpg', 'image/jpeg' );
INSERT INTO files ( gid, file, mime ) VALUES ( '58300', 'http://www.gutenberg.org/ebooks/58300.epub.images', 'application/epub+zip' );
INSERT INTO files ( gid, file, mime ) VALUES ( '58300', 'http://www.gutenberg.org/ebooks/58300.epub.noimages', 'application/epub+zip' );
INSERT INTO files ( gid, file, mime ) VALUES ( '58300', 'http://www.gutenberg.org/ebooks/58300.kindle.images', 'application/x-mobipocket-ebook' );
INSERT INTO files ( gid, file, mime ) VALUES ( '58300', 'http://www.gutenberg.org/ebooks/58300.kindle.noimages', 'application/x-mobipocket-ebook' );
INSERT INTO files ( gid, file, mime ) VALUES ( '58300', 'http://www.gutenberg.org/ebooks/58300.rdf', 'application/rdf+xml' );
INSERT INTO files ( gid, file, mime ) VALUES ( '58300', 'http://www.gutenberg.org/files/58300/58300-0.txt', 'text/plain; charset=utf-8' );
INSERT INTO files ( gid, file, mime ) VALUES ( '58300', 'http://www.gutenberg.org/files/58300/58300-0.zip', 'application/ziptext/plain; charset=utf-8' );
INSERT INTO files ( gid, file, mime ) VALUES ( '58300', 'http://www.gutenberg.org/files/58300/58300-h.zip', 'text/html; charset=utf-8application/zip' );
INSERT INTO files ( gid, file, mime ) VALUES ( '58300', 'http://www.gutenberg.org/files/58300/58300-h/58300-h.htm', 'text/html; charset=utf-8' );
INSERT INTO titles ( gid, title, author, language, rights ) VALUES ( '17000', 'Of the Orthographie and Congruitie of the Britan Tongue A Treates, noe shorter than necessarie, for the Schooles', 'Hume, Alexander, schoolmaster', 'en', 'Public domain in the USA.' );
INSERT INTO classifications ( gid, classification ) VALUES ( '17000', 'PR' );
INSERT INTO subjects ( gid, subject ) VALUES ( '17000', 'English language -- Orthography and spelling -- Early works to 1800' );
INSERT INTO files ( gid, file, mime ) VALUES ( '17000', 'http://www.gutenberg.org/ebooks/17000.epub.images', 'application/epub+zip' );
INSERT INTO files ( gid, file, mime ) VALUES ( '17000', 'http://www.gutenberg.org/ebooks/17000.epub.noimages', 'application/epub+zip' );
INSERT INTO files ( gid, file, mime ) VALUES ( '17000', 'http://www.gutenberg.org/ebooks/17000.kindle.images', 'application/x-mobipocket-ebook' );
INSERT INTO files ( gid, file, mime ) VALUES ( '17000', 'http://www.gutenberg.org/ebooks/17000.kindle.noimages', 'application/x-mobipocket-ebook' );
INSERT INTO files ( gid, file, mime ) VALUES ( '17000', 'http://www.gutenberg.org/ebooks/17000.rdf', 'application/rdf+xml' );
INSERT INTO files ( gid, file, mime ) VALUES ( '17000', 'http://www.gutenberg.org/files/17000/17000-0.txt', 'text/plain; charset=utf-8' );
INSERT INTO files ( gid, file, mime ) VALUES ( '17000', 'http://www.gutenberg.org/files/17000/17000-0.zip', 'application/ziptext/plain; charset=utf-8' );
INSERT INTO files ( gid, file, mime ) VALUES ( '17000', 'http://www.gutenberg.org/files/17000/17000-8.txt', 'text/plain; charset=iso-8859-1' );
INSERT INTO files ( gid, file, mime ) VALUES ( '17000', 'http://www.gutenberg.org/files/17000/17000-8.zip', 'application/ziptext/plain; charset=iso-8859-1' );
INSERT INTO files ( gid, file, mime ) VALUES ( '17000', 'http://www.gutenberg.org/files/17000/17000-h.zip', 'application/ziptext/html; charset=utf-8' );
INSERT INTO files ( gid, file, mime ) VALUES ( '17000', 'http://www.gutenberg.org/files/17000/17000-h/17000-h.htm', 'text/html; charset=utf-8' );
INSERT INTO files ( gid, file, mime ) VALUES ( '17000', 'http://www.gutenberg.org/files/17000/17000.txt', 'text/plain; charset=us-ascii' );
INSERT INTO files ( gid, file, mime ) VALUES ( '17000', 'http://www.gutenberg.org/files/17000/17000.zip', 'text/plain; charset=us-asciiapplication/zip' );
INSERT INTO titles ( gid, title, author, language, rights ) VALUES ( '58400', 'Hans Holbein', 'Chamberlain, Arthur B.', 'en', 'Public domain in the USA.' );
INSERT INTO files ( gid, file, mime ) VALUES ( '58400', 'http://www.gutenberg.org/cache/epub/58400/pg58400.cover.medium.jpg', 'image/jpeg' );
INSERT INTO files ( gid, file, mime ) VALUES ( '58400', 'http://www.gutenberg.org/cache/epub/58400/pg58400.cover.small.jpg', 'image/jpeg' );
INSERT INTO files ( gid, file, mime ) VALUES ( '58400', 'http://www.gutenberg.org/ebooks/58400.epub.images', 'application/epub+zip' );
INSERT INTO files ( gid, file, mime ) VALUES ( '58400', 'http://www.gutenberg.org/ebooks/58400.epub.noimages', 'application/epub+zip' );
INSERT INTO files ( gid, file, mime ) VALUES ( '58400', 'http://www.gutenberg.org/ebooks/58400.kindle.images', 'application/x-mobipocket-ebook' );
INSERT INTO files ( gid, file, mime ) VALUES ( '58400', 'http://www.gutenberg.org/ebooks/58400.kindle.noimages', 'application/x-mobipocket-ebook' );
INSERT INTO files ( gid, file, mime ) VALUES ( '58400', 'http://www.gutenberg.org/ebooks/58400.rdf', 'application/rdf+xml' );
INSERT INTO files ( gid, file, mime ) VALUES ( '58400', 'http://www.gutenberg.org/files/58400/58400-0.txt', 'text/plain; charset=utf-8' );
INSERT INTO files ( gid, file, mime ) VALUES ( '58400', 'http://www.gutenberg.org/files/58400/58400-0.zip', 'application/ziptext/plain; charset=utf-8' );
INSERT INTO files ( gid, file, mime ) VALUES ( '58400', 'http://www.gutenberg.org/files/58400/58400-h.zip', 'application/ziptext/html; charset=utf-8' );
INSERT INTO files ( gid, file, mime ) VALUES ( '58400', 'http://www.gutenberg.org/files/58400/58400-h/58400-h.htm', 'text/html; charset=utf-8' );
INSERT INTO titles ( gid, title, author, language, rights ) VALUES ( '58500', 'Some Experiences of a New Guinea Resident Magistrate', 'Monckton, Charles Arthur Whitmore', 'en', 'Public domain in the USA.' );
INSERT INTO files ( gid, file, mime ) VALUES ( '58500', 'http://www.gutenberg.org/cache/epub/58500/pg58500.cover.medium.jpg', 'image/jpeg' );
INSERT INTO files ( gid, file, mime ) VALUES ( '58500', 'http://www.gutenberg.org/cache/epub/58500/pg58500.cover.small.jpg', 'image/jpeg' );
INSERT INTO files ( gid, file, mime ) VALUES ( '58500', 'http://www.gutenberg.org/ebooks/58500.epub.images', 'application/epub+zip' );
INSERT INTO files ( gid, file, mime ) VALUES ( '58500', 'http://www.gutenberg.org/ebooks/58500.epub.noimages', 'application/epub+zip' );
INSERT INTO files ( gid, file, mime ) VALUES ( '58500', 'http://www.gutenberg.org/ebooks/58500.kindle.images', 'application/x-mobipocket-ebook' );
INSERT INTO files ( gid, file, mime ) VALUES ( '58500', 'http://www.gutenberg.org/ebooks/58500.kindle.noimages', 'application/x-mobipocket-ebook' );
INSERT INTO files ( gid, file, mime ) VALUES ( '58500', 'http://www.gutenberg.org/ebooks/58500.rdf', 'application/rdf+xml' );
INSERT INTO files ( gid, file, mime ) VALUES ( '58500', 'http://www.gutenberg.org/files/58500/58500-0.txt', 'text/plain; charset=utf-8' );
INSERT INTO files ( gid, file, mime ) VALUES ( '58500', 'http://www.gutenberg.org/files/58500/58500-0.zip', 'text/plain; charset=utf-8application/zip' );
INSERT INTO files ( gid, file, mime ) VALUES ( '58500', 'http://www.gutenberg.org/files/58500/58500-h.zip', 'application/ziptext/html; charset=utf-8' );
INSERT INTO files ( gid, file, mime ) VALUES ( '58500', 'http://www.gutenberg.org/files/58500/58500-h/58500-h.htm', 'text/html; charset=utf-8' );
INSERT INTO titles ( gid, title, author, language, rights ) VALUES ( '58600', 'The Sacrifice of Life Slain by the Twenty-nine Instruments of Death Being the Substance of a Sermon Preached on Sunday Morning, Nov. 28, 1813 at the Obelisk Chapel', 'Church, J. (John)', 'en', 'Public domain in the USA.' );
INSERT INTO classifications ( gid, classification ) VALUES ( '58600', 'BV' );
INSERT INTO subjects ( gid, subject ) VALUES ( '58600', 'Sermons, English -- 19th century' );
INSERT INTO files ( gid, file, mime ) VALUES ( '58600', 'http://www.gutenberg.org/cache/epub/58600/pg58600.cover.medium.jpg', 'image/jpeg' );
INSERT INTO files ( gid, file, mime ) VALUES ( '58600', 'http://www.gutenberg.org/cache/epub/58600/pg58600.cover.small.jpg', 'image/jpeg' );
INSERT INTO files ( gid, file, mime ) VALUES ( '58600', 'http://www.gutenberg.org/ebooks/58600.epub.images', 'application/epub+zip' );
INSERT INTO files ( gid, file, mime ) VALUES ( '58600', 'http://www.gutenberg.org/ebooks/58600.epub.noimages', 'application/epub+zip' );
INSERT INTO files ( gid, file, mime ) VALUES ( '58600', 'http://www.gutenberg.org/ebooks/58600.kindle.images', 'application/x-mobipocket-ebook' );
INSERT INTO files ( gid, file, mime ) VALUES ( '58600', 'http://www.gutenberg.org/ebooks/58600.kindle.noimages', 'application/x-mobipocket-ebook' );
INSERT INTO files ( gid, file, mime ) VALUES ( '58600', 'http://www.gutenberg.org/ebooks/58600.rdf', 'application/rdf+xml' );
INSERT INTO files ( gid, file, mime ) VALUES ( '58600', 'http://www.gutenberg.org/files/58600/58600-0.txt', 'text/plain; charset=utf-8' );
INSERT INTO files ( gid, file, mime ) VALUES ( '58600', 'http://www.gutenberg.org/files/58600/58600-0.zip', 'application/ziptext/plain; charset=utf-8' );
INSERT INTO files ( gid, file, mime ) VALUES ( '58600', 'http://www.gutenberg.org/files/58600/58600-h.zip', 'application/ziptext/html' );
INSERT INTO files ( gid, file, mime ) VALUES ( '58600', 'http://www.gutenberg.org/files/58600/58600-h/58600-h.htm', 'text/html' );
INSERT INTO titles ( gid, title, author, language, rights ) VALUES ( '58700', 'Crimes and Punishments Including a New Translation of Beccaria''s ''Dei Delitti e delle Pene''', 'Farrer, James Anson', 'en', 'Public domain in the USA.' );
INSERT INTO files ( gid, file, mime ) VALUES ( '58700', 'http://www.gutenberg.org/cache/epub/58700/pg58700.cover.medium.jpg', 'image/jpeg' );
INSERT INTO files ( gid, file, mime ) VALUES ( '58700', 'http://www.gutenberg.org/cache/epub/58700/pg58700.cover.small.jpg', 'image/jpeg' );
INSERT INTO files ( gid, file, mime ) VALUES ( '58700', 'http://www.gutenberg.org/ebooks/58700.epub.images', 'application/epub+zip' );
INSERT INTO files ( gid, file, mime ) VALUES ( '58700', 'http://www.gutenberg.org/ebooks/58700.epub.noimages', 'application/epub+zip' );
INSERT INTO files ( gid, file, mime ) VALUES ( '58700', 'http://www.gutenberg.org/ebooks/58700.kindle.images', 'application/x-mobipocket-ebook' );
INSERT INTO files ( gid, file, mime ) VALUES ( '58700', 'http://www.gutenberg.org/ebooks/58700.kindle.noimages', 'application/x-mobipocket-ebook' );
INSERT INTO files ( gid, file, mime ) VALUES ( '58700', 'http://www.gutenberg.org/ebooks/58700.rdf', 'application/rdf+xml' );
INSERT INTO files ( gid, file, mime ) VALUES ( '58700', 'http://www.gutenberg.org/files/58700/58700-0.txt', 'text/plain; charset=utf-8' );
INSERT INTO files ( gid, file, mime ) VALUES ( '58700', 'http://www.gutenberg.org/files/58700/58700-0.zip', 'text/plain; charset=utf-8application/zip' );
INSERT INTO files ( gid, file, mime ) VALUES ( '58700', 'http://www.gutenberg.org/files/58700/58700-h.zip', 'application/ziptext/html; charset=utf-8' );
INSERT INTO files ( gid, file, mime ) VALUES ( '58700', 'http://www.gutenberg.org/files/58700/58700-h/58700-h.htm', 'text/html; charset=utf-8' );
INSERT INTO titles ( gid, title, author, language, rights ) VALUES ( '58800', 'The Girl of the Golden West', 'Belasco, David', 'en', 'Public domain in the USA.' );
INSERT INTO files ( gid, file, mime ) VALUES ( '58800', 'http://www.gutenberg.org/cache/epub/58800/pg58800.cover.medium.jpg', 'image/jpeg' );
INSERT INTO files ( gid, file, mime ) VALUES ( '58800', 'http://www.gutenberg.org/cache/epub/58800/pg58800.cover.small.jpg', 'image/jpeg' );
INSERT INTO files ( gid, file, mime ) VALUES ( '58800', 'http://www.gutenberg.org/ebooks/58800.epub.images', 'application/epub+zip' );
INSERT INTO files ( gid, file, mime ) VALUES ( '58800', 'http://www.gutenberg.org/ebooks/58800.epub.noimages', 'application/epub+zip' );
INSERT INTO files ( gid, file, mime ) VALUES ( '58800', 'http://www.gutenberg.org/ebooks/58800.kindle.images', 'application/x-mobipocket-ebook' );
INSERT INTO files ( gid, file, mime ) VALUES ( '58800', 'http://www.gutenberg.org/ebooks/58800.kindle.noimages', 'application/x-mobipocket-ebook' );
INSERT INTO files ( gid, file, mime ) VALUES ( '58800', 'http://www.gutenberg.org/ebooks/58800.rdf', 'application/rdf+xml' );
INSERT INTO files ( gid, file, mime ) VALUES ( '58800', 'http://www.gutenberg.org/files/58800/58800-0.txt', 'text/plain; charset=utf-8' );
INSERT INTO files ( gid, file, mime ) VALUES ( '58800', 'http://www.gutenberg.org/files/58800/58800-0.zip', 'text/plain; charset=utf-8application/zip' );
INSERT INTO files ( gid, file, mime ) VALUES ( '58800', 'http://www.gutenberg.org/files/58800/58800-h.zip', 'application/ziptext/html; charset=utf-8' );
INSERT INTO files ( gid, file, mime ) VALUES ( '58800', 'http://www.gutenberg.org/files/58800/58800-h/58800-h.htm', 'text/html; charset=utf-8' );
INSERT INTO titles ( gid, title, author, language, rights ) VALUES ( '58900', 'Where Animals Talk West African Folk Lore Tales', 'Nassau, Robert Hamill', 'en', 'Public domain in the USA.' );
INSERT INTO files ( gid, file, mime ) VALUES ( '58900', 'http://www.gutenberg.org/cache/epub/58900/pg58900.cover.medium.jpg', 'image/jpeg' );
INSERT INTO files ( gid, file, mime ) VALUES ( '58900', 'http://www.gutenberg.org/cache/epub/58900/pg58900.cover.small.jpg', 'image/jpeg' );
INSERT INTO files ( gid, file, mime ) VALUES ( '58900', 'http://www.gutenberg.org/ebooks/58900.epub.images', 'application/epub+zip' );
INSERT INTO files ( gid, file, mime ) VALUES ( '58900', 'http://www.gutenberg.org/ebooks/58900.epub.noimages', 'application/epub+zip' );
INSERT INTO files ( gid, file, mime ) VALUES ( '58900', 'http://www.gutenberg.org/ebooks/58900.kindle.images', 'application/x-mobipocket-ebook' );
INSERT INTO files ( gid, file, mime ) VALUES ( '58900', 'http://www.gutenberg.org/ebooks/58900.kindle.noimages', 'application/x-mobipocket-ebook' );
INSERT INTO files ( gid, file, mime ) VALUES ( '58900', 'http://www.gutenberg.org/ebooks/58900.rdf', 'application/rdf+xml' );
INSERT INTO files ( gid, file, mime ) VALUES ( '58900', 'http://www.gutenberg.org/ebooks/58900.txt.utf-8', 'text/plain' );
INSERT INTO files ( gid, file, mime ) VALUES ( '58900', 'http://www.gutenberg.org/files/58900/58900-8.txt', 'text/plain; charset=iso-8859-1' );
INSERT INTO files ( gid, file, mime ) VALUES ( '58900', 'http://www.gutenberg.org/files/58900/58900-8.zip', 'text/plain; charset=iso-8859-1application/zip' );
INSERT INTO files ( gid, file, mime ) VALUES ( '58900', 'http://www.gutenberg.org/files/58900/58900-h.zip', 'text/html; charset=iso-8859-1application/zip' );
INSERT INTO files ( gid, file, mime ) VALUES ( '58900', 'http://www.gutenberg.org/files/58900/58900-h/58900-h.htm', 'text/html; charset=iso-8859-1' );
INSERT INTO titles ( gid, title, author, language, rights ) VALUES ( '59000', 'Memoirs of an American Lady With Sketches of Manners and Scenery in America, as They Existed Previous to the Revolution', 'Anonymous', 'en', 'Public domain in the USA.' );
INSERT INTO files ( gid, file, mime ) VALUES ( '59000', 'http://www.gutenberg.org/cache/epub/59000/pg59000.cover.medium.jpg', 'image/jpeg' );
INSERT INTO files ( gid, file, mime ) VALUES ( '59000', 'http://www.gutenberg.org/cache/epub/59000/pg59000.cover.small.jpg', 'image/jpeg' );
INSERT INTO files ( gid, file, mime ) VALUES ( '59000', 'http://www.gutenberg.org/ebooks/59000.epub.images', 'application/epub+zip' );
INSERT INTO files ( gid, file, mime ) VALUES ( '59000', 'http://www.gutenberg.org/ebooks/59000.epub.noimages', 'application/epub+zip' );
INSERT INTO files ( gid, file, mime ) VALUES ( '59000', 'http://www.gutenberg.org/ebooks/59000.kindle.images', 'application/x-mobipocket-ebook' );
INSERT INTO files ( gid, file, mime ) VALUES ( '59000', 'http://www.gutenberg.org/ebooks/59000.kindle.noimages', 'application/x-mobipocket-ebook' );
INSERT INTO files ( gid, file, mime ) VALUES ( '59000', 'http://www.gutenberg.org/ebooks/59000.rdf', 'application/rdf+xml' );
INSERT INTO files ( gid, file, mime ) VALUES ( '59000', 'http://www.gutenberg.org/files/59000/59000-0.txt', 'text/plain; charset=utf-8' );
INSERT INTO files ( gid, file, mime ) VALUES ( '59000', 'http://www.gutenberg.org/files/59000/59000-0.zip', 'application/ziptext/plain; charset=utf-8' );
INSERT INTO files ( gid, file, mime ) VALUES ( '59000', 'http://www.gutenberg.org/files/59000/59000-h.zip', 'text/html; charset=utf-8application/zip' );
INSERT INTO files ( gid, file, mime ) VALUES ( '59000', 'http://www.gutenberg.org/files/59000/59000-h/59000-h.htm', 'text/html; charset=utf-8' );
INSERT INTO titles ( gid, title, author, language, rights ) VALUES ( '5900', 'Umboo, the Elephant', 'Garis, Howard Roger', 'en', 'Public domain in the USA.' );
INSERT INTO classifications ( gid, classification ) VALUES ( '5900', 'PZ' );
INSERT INTO subjects ( gid, subject ) VALUES ( '5900', 'India -- Juvenile fiction' );
INSERT INTO subjects ( gid, subject ) VALUES ( '5900', 'Elephants -- Juvenile fiction' );
INSERT INTO subjects ( gid, subject ) VALUES ( '5900', 'Circus animals -- Juvenile fiction' );
INSERT INTO files ( gid, file, mime ) VALUES ( '5900', 'http://www.gutenberg.org/ebooks/5900.epub.images', 'application/epub+zip' );
INSERT INTO files ( gid, file, mime ) VALUES ( '5900', 'http://www.gutenberg.org/ebooks/5900.epub.noimages', 'application/epub+zip' );
INSERT INTO files ( gid, file, mime ) VALUES ( '5900', 'http://www.gutenberg.org/ebooks/5900.html.images', 'text/html' );
INSERT INTO files ( gid, file, mime ) VALUES ( '5900', 'http://www.gutenberg.org/ebooks/5900.html.noimages', 'text/html' );
INSERT INTO files ( gid, file, mime ) VALUES ( '5900', 'http://www.gutenberg.org/ebooks/5900.kindle.images', 'application/x-mobipocket-ebook' );
INSERT INTO files ( gid, file, mime ) VALUES ( '5900', 'http://www.gutenberg.org/ebooks/5900.kindle.noimages', 'application/x-mobipocket-ebook' );
INSERT INTO files ( gid, file, mime ) VALUES ( '5900', 'http://www.gutenberg.org/ebooks/5900.rdf', 'application/rdf+xml' );
INSERT INTO files ( gid, file, mime ) VALUES ( '5900', 'http://www.gutenberg.org/ebooks/5900.txt.utf-8', 'text/plain' );
INSERT INTO files ( gid, file, mime ) VALUES ( '5900', 'http://www.gutenberg.org/files/5900/5900.txt', 'text/plain; charset=us-ascii' );
INSERT INTO files ( gid, file, mime ) VALUES ( '5900', 'http://www.gutenberg.org/files/5900/5900.zip', 'text/plain; charset=us-asciiapplication/zip' );
INSERT INTO titles ( gid, title, author, language, rights ) VALUES ( '59100', 'Josiah''s Alarm and Abel Perry''s Funeral', 'Holley, Mariettta', 'en', 'Public domain in the USA.' );
INSERT INTO files ( gid, file, mime ) VALUES ( '59100', 'http://www.gutenberg.org/cache/epub/59100/pg59100.cover.medium.jpg', 'image/jpeg' );
INSERT INTO files ( gid, file, mime ) VALUES ( '59100', 'http://www.gutenberg.org/cache/epub/59100/pg59100.cover.small.jpg', 'image/jpeg' );
INSERT INTO files ( gid, file, mime ) VALUES ( '59100', 'http://www.gutenberg.org/ebooks/59100.epub.images', 'application/epub+zip' );
INSERT INTO files ( gid, file, mime ) VALUES ( '59100', 'http://www.gutenberg.org/ebooks/59100.epub.noimages', 'application/epub+zip' );
INSERT INTO files ( gid, file, mime ) VALUES ( '59100', 'http://www.gutenberg.org/ebooks/59100.kindle.images', 'application/x-mobipocket-ebook' );
INSERT INTO files ( gid, file, mime ) VALUES ( '59100', 'http://www.gutenberg.org/ebooks/59100.kindle.noimages', 'application/x-mobipocket-ebook' );
INSERT INTO files ( gid, file, mime ) VALUES ( '59100', 'http://www.gutenberg.org/ebooks/59100.rdf', 'application/rdf+xml' );
INSERT INTO files ( gid, file, mime ) VALUES ( '59100', 'http://www.gutenberg.org/files/59100/59100-0.txt', 'text/plain; charset=utf-8' );
INSERT INTO files ( gid, file, mime ) VALUES ( '59100', 'http://www.gutenberg.org/files/59100/59100-0.zip', 'text/plain; charset=utf-8application/zip' );
INSERT INTO files ( gid, file, mime ) VALUES ( '59100', 'http://www.gutenberg.org/files/59100/59100-h.zip', 'text/html; charset=utf-8application/zip' );
INSERT INTO files ( gid, file, mime ) VALUES ( '59100', 'http://www.gutenberg.org/files/59100/59100-h/59100-h.htm', 'text/html; charset=utf-8' );
INSERT INTO titles ( gid, title, author, language, rights ) VALUES ( '59200', 'Mr. and Mrs. Sên', 'Miln, Louise Jordan', 'en', 'Public domain in the USA.' );
INSERT INTO files ( gid, file, mime ) VALUES ( '59200', 'http://www.gutenberg.org/cache/epub/59200/pg59200.cover.medium.jpg', 'image/jpeg' );
INSERT INTO files ( gid, file, mime ) VALUES ( '59200', 'http://www.gutenberg.org/cache/epub/59200/pg59200.cover.small.jpg', 'image/jpeg' );
INSERT INTO files ( gid, file, mime ) VALUES ( '59200', 'http://www.gutenberg.org/ebooks/59200.epub.images', 'application/epub+zip' );
INSERT INTO files ( gid, file, mime ) VALUES ( '59200', 'http://www.gutenberg.org/ebooks/59200.epub.noimages', 'application/epub+zip' );
INSERT INTO files ( gid, file, mime ) VALUES ( '59200', 'http://www.gutenberg.org/ebooks/59200.kindle.images', 'application/x-mobipocket-ebook' );
INSERT INTO files ( gid, file, mime ) VALUES ( '59200', 'http://www.gutenberg.org/ebooks/59200.kindle.noimages', 'application/x-mobipocket-ebook' );
INSERT INTO files ( gid, file, mime ) VALUES ( '59200', 'http://www.gutenberg.org/ebooks/59200.rdf', 'application/rdf+xml' );
INSERT INTO files ( gid, file, mime ) VALUES ( '59200', 'http://www.gutenberg.org/files/59200/59200-0.txt', 'text/plain; charset=utf-8' );
INSERT INTO files ( gid, file, mime ) VALUES ( '59200', 'http://www.gutenberg.org/files/59200/59200-0.zip', 'application/ziptext/plain; charset=utf-8' );
INSERT INTO files ( gid, file, mime ) VALUES ( '59200', 'http://www.gutenberg.org/files/59200/59200-h.zip', 'application/ziptext/html; charset=utf-8' );
INSERT INTO files ( gid, file, mime ) VALUES ( '59200', 'http://www.gutenberg.org/files/59200/59200-h/59200-h.htm', 'text/html; charset=utf-8' );
INSERT INTO titles ( gid, title, author, language, rights ) VALUES ( '1700', 'The Life of Charlotte Brontë — Volume 2', 'Gaskell, Elizabeth Cleghorn', 'en', 'Public domain in the USA.' );
INSERT INTO classifications ( gid, classification ) VALUES ( '1700', 'PR' );
INSERT INTO subjects ( gid, subject ) VALUES ( '1700', 'Brontë, Charlotte, 1816-1855' );
INSERT INTO subjects ( gid, subject ) VALUES ( '1700', 'Novelists, English -- 19th century -- Biography' );
INSERT INTO files ( gid, file, mime ) VALUES ( '1700', 'http://www.gutenberg.org/ebooks/1700.epub.images', 'application/epub+zip' );
INSERT INTO files ( gid, file, mime ) VALUES ( '1700', 'http://www.gutenberg.org/ebooks/1700.epub.noimages', 'application/epub+zip' );
INSERT INTO files ( gid, file, mime ) VALUES ( '1700', 'http://www.gutenberg.org/ebooks/1700.html.images', 'text/html' );
INSERT INTO files ( gid, file, mime ) VALUES ( '1700', 'http://www.gutenberg.org/ebooks/1700.html.noimages', 'text/html' );
INSERT INTO files ( gid, file, mime ) VALUES ( '1700', 'http://www.gutenberg.org/ebooks/1700.kindle.images', 'application/x-mobipocket-ebook' );
INSERT INTO files ( gid, file, mime ) VALUES ( '1700', 'http://www.gutenberg.org/ebooks/1700.kindle.noimages', 'application/x-mobipocket-ebook' );
INSERT INTO files ( gid, file, mime ) VALUES ( '1700', 'http://www.gutenberg.org/ebooks/1700.rdf', 'application/rdf+xml' );
INSERT INTO files ( gid, file, mime ) VALUES ( '1700', 'http://www.gutenberg.org/ebooks/1700.txt.utf-8', 'text/plain' );
INSERT INTO files ( gid, file, mime ) VALUES ( '1700', 'http://www.gutenberg.org/files/1700/1700-8.txt', 'text/plain; charset=iso-8859-1' );
INSERT INTO files ( gid, file, mime ) VALUES ( '1700', 'http://www.gutenberg.org/files/1700/1700-8.zip', 'text/plain; charset=iso-8859-1application/zip' );
INSERT INTO files ( gid, file, mime ) VALUES ( '1700', 'http://www.gutenberg.org/files/1700/1700.txt', 'text/plain; charset=us-ascii' );
INSERT INTO files ( gid, file, mime ) VALUES ( '1700', 'http://www.gutenberg.org/files/1700/1700.zip', 'text/plain; charset=us-asciiapplication/zip' );
INSERT INTO titles ( gid, title, author, language, rights ) VALUES ( '17100', 'Beatrix of Clare', 'Scott, John Reed', 'en', 'Public domain in the USA.' );
INSERT INTO classifications ( gid, classification ) VALUES ( '17100', 'PS' );
INSERT INTO subjects ( gid, subject ) VALUES ( '17100', 'Great Britain -- History -- House of York, 1461-1485 -- Fiction' );
INSERT INTO files ( gid, file, mime ) VALUES ( '17100', 'http://www.gutenberg.org/cache/epub/17100/pg17100.cover.medium.jpg', 'image/jpeg' );
INSERT INTO files ( gid, file, mime ) VALUES ( '17100', 'http://www.gutenberg.org/cache/epub/17100/pg17100.cover.small.jpg', 'image/jpeg' );
INSERT INTO files ( gid, file, mime ) VALUES ( '17100', 'http://www.gutenberg.org/ebooks/17100.epub.images', 'application/epub+zip' );
INSERT INTO files ( gid, file, mime ) VALUES ( '17100', 'http://www.gutenberg.org/ebooks/17100.epub.noimages', 'application/epub+zip' );
INSERT INTO files ( gid, file, mime ) VALUES ( '17100', 'http://www.gutenberg.org/ebooks/17100.kindle.images', 'application/x-mobipocket-ebook' );
INSERT INTO files ( gid, file, mime ) VALUES ( '17100', 'http://www.gutenberg.org/ebooks/17100.kindle.noimages', 'application/x-mobipocket-ebook' );
INSERT INTO files ( gid, file, mime ) VALUES ( '17100', 'http://www.gutenberg.org/ebooks/17100.rdf', 'application/rdf+xml' );
INSERT INTO files ( gid, file, mime ) VALUES ( '17100', 'http://www.gutenberg.org/ebooks/17100.txt.utf-8', 'text/plain' );
INSERT INTO files ( gid, file, mime ) VALUES ( '17100', 'http://www.gutenberg.org/files/17100/17100-8.txt', 'text/plain; charset=iso-8859-1' );
INSERT INTO files ( gid, file, mime ) VALUES ( '17100', 'http://www.gutenberg.org/files/17100/17100-8.zip', 'text/plain; charset=iso-8859-1application/zip' );
INSERT INTO files ( gid, file, mime ) VALUES ( '17100', 'http://www.gutenberg.org/files/17100/17100-h.zip', 'text/html; charset=iso-8859-1application/zip' );
INSERT INTO files ( gid, file, mime ) VALUES ( '17100', 'http://www.gutenberg.org/files/17100/17100-h/17100-h.htm', 'text/html; charset=iso-8859-1' );
INSERT INTO files ( gid, file, mime ) VALUES ( '17100', 'http://www.gutenberg.org/files/17100/17100.txt', 'text/plain; charset=us-ascii' );
INSERT INTO files ( gid, file, mime ) VALUES ( '17100', 'http://www.gutenberg.org/files/17100/17100.zip', 'application/ziptext/plain; charset=us-ascii' );
INSERT INTO titles ( gid, title, author, language, rights ) VALUES ( '17200', 'Angel Agnes The Heroine of the Yellow Fever Plague in Shreveport', 'Alexander, Charles Wesley', 'en', 'Public domain in the USA.' );
INSERT INTO classifications ( gid, classification ) VALUES ( '17200', 'PS' );
INSERT INTO subjects ( gid, subject ) VALUES ( '17200', 'Yellow Fever -- Louisiana -- Shreveport -- 1873 -- Fiction' );
INSERT INTO files ( gid, file, mime ) VALUES ( '17200', 'http://www.gutenberg.org/ebooks/17200.epub.images', 'application/epub+zip' );
INSERT INTO files ( gid, file, mime ) VALUES ( '17200', 'http://www.gutenberg.org/ebooks/17200.epub.noimages', 'application/epub+zip' );
INSERT INTO files ( gid, file, mime ) VALUES ( '17200', 'http://www.gutenberg.org/ebooks/17200.kindle.images', 'application/x-mobipocket-ebook' );
INSERT INTO files ( gid, file, mime ) VALUES ( '17200', 'http://www.gutenberg.org/ebooks/17200.kindle.noimages', 'application/x-mobipocket-ebook' );
INSERT INTO files ( gid, file, mime ) VALUES ( '17200', 'http://www.gutenberg.org/ebooks/17200.rdf', 'application/rdf+xml' );
INSERT INTO files ( gid, file, mime ) VALUES ( '17200', 'http://www.gutenberg.org/ebooks/17200.txt.utf-8', 'text/plain' );
INSERT INTO files ( gid, file, mime ) VALUES ( '17200', 'http://www.gutenberg.org/files/17200/17200-h.zip', 'application/ziptext/html; charset=iso-8859-1' );
INSERT INTO files ( gid, file, mime ) VALUES ( '17200', 'http://www.gutenberg.org/files/17200/17200-h/17200-h.htm', 'text/html; charset=iso-8859-1' );
INSERT INTO files ( gid, file, mime ) VALUES ( '17200', 'http://www.gutenberg.org/files/17200/17200.txt', 'text/plain; charset=us-ascii' );
INSERT INTO files ( gid, file, mime ) VALUES ( '17200', 'http://www.gutenberg.org/files/17200/17200.zip', 'application/ziptext/plain; charset=us-ascii' );
INSERT INTO titles ( gid, title, author, language, rights ) VALUES ( '17300', 'The Story of Baden-Powell ''The Wolf That Never Sleeps''', 'Begbie, Harold', 'en', 'Public domain in the USA.' );
INSERT INTO classifications ( gid, classification ) VALUES ( '17300', 'DA' );
INSERT INTO subjects ( gid, subject ) VALUES ( '17300', 'Baden-Powell of Gilwell, Robert Stephenson Smyth Baden-Powell, Baron, 1857-1941' );
INSERT INTO files ( gid, file, mime ) VALUES ( '17300', 'http://www.gutenberg.org/ebooks/17300.epub.images', 'application/epub+zip' );
INSERT INTO files ( gid, file, mime ) VALUES ( '17300', 'http://www.gutenberg.org/ebooks/17300.epub.noimages', 'application/epub+zip' );
INSERT INTO files ( gid, file, mime ) VALUES ( '17300', 'http://www.gutenberg.org/ebooks/17300.kindle.images', 'application/x-mobipocket-ebook' );
INSERT INTO files ( gid, file, mime ) VALUES ( '17300', 'http://www.gutenberg.org/ebooks/17300.kindle.noimages', 'application/x-mobipocket-ebook' );
INSERT INTO files ( gid, file, mime ) VALUES ( '17300', 'http://www.gutenberg.org/ebooks/17300.rdf', 'application/rdf+xml' );
INSERT INTO files ( gid, file, mime ) VALUES ( '17300', 'http://www.gutenberg.org/ebooks/17300.txt.utf-8', 'text/plain' );
INSERT INTO files ( gid, file, mime ) VALUES ( '17300', 'http://www.gutenberg.org/files/17300/17300-8.txt', 'text/plain; charset=iso-8859-1' );
INSERT INTO files ( gid, file, mime ) VALUES ( '17300', 'http://www.gutenberg.org/files/17300/17300-8.zip', 'application/ziptext/plain; charset=iso-8859-1' );
INSERT INTO files ( gid, file, mime ) VALUES ( '17300', 'http://www.gutenberg.org/files/17300/17300-h.zip', 'application/ziptext/html; charset=iso-8859-1' );
INSERT INTO files ( gid, file, mime ) VALUES ( '17300', 'http://www.gutenberg.org/files/17300/17300-h/17300-h.htm', 'text/html; charset=iso-8859-1' );
INSERT INTO files ( gid, file, mime ) VALUES ( '17300', 'http://www.gutenberg.org/files/17300/17300.txt', 'text/plain; charset=us-ascii' );
INSERT INTO files ( gid, file, mime ) VALUES ( '17300', 'http://www.gutenberg.org/files/17300/17300.zip', 'application/ziptext/plain; charset=us-ascii' );
INSERT INTO titles ( gid, title, author, language, rights ) VALUES ( '17400', 'The Wright''s Chaste Wife A Merry Tale (about 1462)', 'Adam, of Cobsam', 'enm', 'Public domain in the USA.' );
INSERT INTO classifications ( gid, classification ) VALUES ( '17400', 'PR' );
INSERT INTO subjects ( gid, subject ) VALUES ( '17400', 'English poetry -- Middle English, 1100-1500' );
INSERT INTO files ( gid, file, mime ) VALUES ( '17400', 'http://www.gutenberg.org/ebooks/17400.epub.images', 'application/epub+zip' );
INSERT INTO files ( gid, file, mime ) VALUES ( '17400', 'http://www.gutenberg.org/ebooks/17400.epub.noimages', 'application/epub+zip' );
INSERT INTO files ( gid, file, mime ) VALUES ( '17400', 'http://www.gutenberg.org/ebooks/17400.kindle.images', 'application/x-mobipocket-ebook' );
INSERT INTO files ( gid, file, mime ) VALUES ( '17400', 'http://www.gutenberg.org/ebooks/17400.kindle.noimages', 'application/x-mobipocket-ebook' );
INSERT INTO files ( gid, file, mime ) VALUES ( '17400', 'http://www.gutenberg.org/ebooks/17400.rdf', 'application/rdf+xml' );
INSERT INTO files ( gid, file, mime ) VALUES ( '17400', 'http://www.gutenberg.org/files/17400/17400-0.txt', 'text/plain; charset=utf-8' );
INSERT INTO files ( gid, file, mime ) VALUES ( '17400', 'http://www.gutenberg.org/files/17400/17400-0.zip', 'application/ziptext/plain; charset=utf-8' );
INSERT INTO files ( gid, file, mime ) VALUES ( '17400', 'http://www.gutenberg.org/files/17400/17400-8.txt', 'text/plain; charset=iso-8859-1' );
INSERT INTO files ( gid, file, mime ) VALUES ( '17400', 'http://www.gutenberg.org/files/17400/17400-8.zip', 'text/plain; charset=iso-8859-1application/zip' );
INSERT INTO files ( gid, file, mime ) VALUES ( '17400', 'http://www.gutenberg.org/files/17400/17400-h.zip', 'application/ziptext/html; charset=iso-8859-1' );
INSERT INTO files ( gid, file, mime ) VALUES ( '17400', 'http://www.gutenberg.org/files/17400/17400-h/17400-h.htm', 'text/html; charset=iso-8859-1' );
INSERT INTO titles ( gid, title, author, language, rights ) VALUES ( '17500', 'The Return of the Native', 'Hardy, Thomas', 'en', 'Public domain in the USA.' );
INSERT INTO classifications ( gid, classification ) VALUES ( '17500', 'PR' );
INSERT INTO subjects ( gid, subject ) VALUES ( '17500', 'Mate selection -- Fiction' );
INSERT INTO subjects ( gid, subject ) VALUES ( '17500', 'Heathlands -- Fiction' );
INSERT INTO subjects ( gid, subject ) VALUES ( '17500', 'Adultery -- Fiction' );
INSERT INTO subjects ( gid, subject ) VALUES ( '17500', 'People with visual disabilities -- Fiction' );
INSERT INTO subjects ( gid, subject ) VALUES ( '17500', 'Love stories' );
INSERT INTO subjects ( gid, subject ) VALUES ( '17500', 'Mothers and sons -- Fiction' );
INSERT INTO subjects ( gid, subject ) VALUES ( '17500', 'Wessex (England) -- Fiction' );
INSERT INTO subjects ( gid, subject ) VALUES ( '17500', 'Didactic fiction' );
INSERT INTO files ( gid, file, mime ) VALUES ( '17500', 'http://www.gutenberg.org/ebooks/17500.epub.images', 'application/epub+zip' );
INSERT INTO files ( gid, file, mime ) VALUES ( '17500', 'http://www.gutenberg.org/ebooks/17500.epub.noimages', 'application/epub+zip' );
INSERT INTO files ( gid, file, mime ) VALUES ( '17500', 'http://www.gutenberg.org/ebooks/17500.kindle.images', 'application/x-mobipocket-ebook' );
INSERT INTO files ( gid, file, mime ) VALUES ( '17500', 'http://www.gutenberg.org/ebooks/17500.kindle.noimages', 'application/x-mobipocket-ebook' );
INSERT INTO files ( gid, file, mime ) VALUES ( '17500', 'http://www.gutenberg.org/ebooks/17500.rdf', 'application/rdf+xml' );
INSERT INTO files ( gid, file, mime ) VALUES ( '17500', 'http://www.gutenberg.org/ebooks/17500.txt.utf-8', 'text/plain' );
INSERT INTO files ( gid, file, mime ) VALUES ( '17500', 'http://www.gutenberg.org/files/17500/17500-8.txt', 'text/plain; charset=iso-8859-1' );
INSERT INTO files ( gid, file, mime ) VALUES ( '17500', 'http://www.gutenberg.org/files/17500/17500-8.zip', 'application/ziptext/plain; charset=iso-8859-1' );
INSERT INTO files ( gid, file, mime ) VALUES ( '17500', 'http://www.gutenberg.org/files/17500/17500-h.zip', 'text/html; charset=iso-8859-1application/zip' );
INSERT INTO files ( gid, file, mime ) VALUES ( '17500', 'http://www.gutenberg.org/files/17500/17500-h/17500-h.htm', 'text/html; charset=iso-8859-1' );
INSERT INTO files ( gid, file, mime ) VALUES ( '17500', 'http://www.gutenberg.org/files/17500/17500.txt', 'text/plain; charset=us-ascii' );
INSERT INTO files ( gid, file, mime ) VALUES ( '17500', 'http://www.gutenberg.org/files/17500/17500.zip', 'application/ziptext/plain; charset=us-ascii' );
INSERT INTO titles ( gid, title, author, language, rights ) VALUES ( '17600', 'Von Tripolis nach Alexandrien - 2. Band', 'Rohlfs, Gerhard', 'de', 'Public domain in the USA.' );
INSERT INTO classifications ( gid, classification ) VALUES ( '17600', 'DT' );
INSERT INTO subjects ( gid, subject ) VALUES ( '17600', 'Africa, North -- Description and travel' );
INSERT INTO files ( gid, file, mime ) VALUES ( '17600', 'http://www.gutenberg.org/ebooks/17600.epub.images', 'application/epub+zip' );
INSERT INTO files ( gid, file, mime ) VALUES ( '17600', 'http://www.gutenberg.org/ebooks/17600.epub.noimages', 'application/epub+zip' );
INSERT INTO files ( gid, file, mime ) VALUES ( '17600', 'http://www.gutenberg.org/ebooks/17600.kindle.images', 'application/x-mobipocket-ebook' );
INSERT INTO files ( gid, file, mime ) VALUES ( '17600', 'http://www.gutenberg.org/ebooks/17600.kindle.noimages', 'application/x-mobipocket-ebook' );
INSERT INTO files ( gid, file, mime ) VALUES ( '17600', 'http://www.gutenberg.org/ebooks/17600.rdf', 'application/rdf+xml' );
INSERT INTO files ( gid, file, mime ) VALUES ( '17600', 'http://www.gutenberg.org/ebooks/17600.txt.utf-8', 'text/plain' );
INSERT INTO files ( gid, file, mime ) VALUES ( '17600', 'http://www.gutenberg.org/files/17600/17600-8.txt', 'text/plain; charset=iso-8859-1' );
INSERT INTO files ( gid, file, mime ) VALUES ( '17600', 'http://www.gutenberg.org/files/17600/17600-8.zip', 'application/ziptext/plain; charset=iso-8859-1' );
INSERT INTO files ( gid, file, mime ) VALUES ( '17600', 'http://www.gutenberg.org/files/17600/17600-h.zip', 'application/ziptext/html; charset=iso-8859-1' );
INSERT INTO files ( gid, file, mime ) VALUES ( '17600', 'http://www.gutenberg.org/files/17600/17600-h/17600-h.htm', 'text/html; charset=iso-8859-1' );
INSERT INTO titles ( gid, title, author, language, rights ) VALUES ( '17700', 'The Suppression of the African Slave Trade to the United States of America 1638-1870', 'Du Bois, W. E. B. (William Edward Burghardt)', 'en', 'Public domain in the USA.' );
INSERT INTO subjects ( gid, subject ) VALUES ( '17700', 'E300' );
INSERT INTO subjects ( gid, subject ) VALUES ( '17700', 'Slave trade -- United States -- History' );
INSERT INTO files ( gid, file, mime ) VALUES ( '17700', 'http://www.gutenberg.org/ebooks/17700.epub.images', 'application/epub+zip' );
INSERT INTO files ( gid, file, mime ) VALUES ( '17700', 'http://www.gutenberg.org/ebooks/17700.epub.noimages', 'application/epub+zip' );
INSERT INTO files ( gid, file, mime ) VALUES ( '17700', 'http://www.gutenberg.org/ebooks/17700.kindle.images', 'application/x-mobipocket-ebook' );
INSERT INTO files ( gid, file, mime ) VALUES ( '17700', 'http://www.gutenberg.org/ebooks/17700.kindle.noimages', 'application/x-mobipocket-ebook' );
INSERT INTO files ( gid, file, mime ) VALUES ( '17700', 'http://www.gutenberg.org/ebooks/17700.rdf', 'application/rdf+xml' );
INSERT INTO files ( gid, file, mime ) VALUES ( '17700', 'http://www.gutenberg.org/ebooks/17700.txt.utf-8', 'text/plain' );
INSERT INTO files ( gid, file, mime ) VALUES ( '17700', 'http://www.gutenberg.org/files/17700/17700-8.txt', 'text/plain; charset=iso-8859-1' );
INSERT INTO files ( gid, file, mime ) VALUES ( '17700', 'http://www.gutenberg.org/files/17700/17700-8.zip', 'application/ziptext/plain; charset=iso-8859-1' );
INSERT INTO files ( gid, file, mime ) VALUES ( '17700', 'http://www.gutenberg.org/files/17700/17700-h.zip', 'application/ziptext/html; charset=iso-8859-1' );
INSERT INTO files ( gid, file, mime ) VALUES ( '17700', 'http://www.gutenberg.org/files/17700/17700-h/17700-h.htm', 'text/html; charset=iso-8859-1' );
INSERT INTO files ( gid, file, mime ) VALUES ( '17700', 'http://www.gutenberg.org/files/17700/17700.txt', 'text/plain; charset=us-ascii' );
INSERT INTO files ( gid, file, mime ) VALUES ( '17700', 'http://www.gutenberg.org/files/17700/17700.zip', 'text/plain; charset=us-asciiapplication/zip' );
INSERT INTO titles ( gid, title, author, language, rights ) VALUES ( '17800', 'Wych Hazel', 'Warner, Anna Bartlett', 'en', 'Public domain in the USA.' );
INSERT INTO classifications ( gid, classification ) VALUES ( '17800', 'PS' );
INSERT INTO subjects ( gid, subject ) VALUES ( '17800', 'Guardian and ward -- Fiction' );
INSERT INTO files ( gid, file, mime ) VALUES ( '17800', 'http://www.gutenberg.org/ebooks/17800.epub.images', 'application/epub+zip' );
INSERT INTO files ( gid, file, mime ) VALUES ( '17800', 'http://www.gutenberg.org/ebooks/17800.epub.noimages', 'application/epub+zip' );
INSERT INTO files ( gid, file, mime ) VALUES ( '17800', 'http://www.gutenberg.org/ebooks/17800.html.images', 'text/html' );
INSERT INTO files ( gid, file, mime ) VALUES ( '17800', 'http://www.gutenberg.org/ebooks/17800.html.noimages', 'text/html' );
INSERT INTO files ( gid, file, mime ) VALUES ( '17800', 'http://www.gutenberg.org/ebooks/17800.kindle.images', 'application/x-mobipocket-ebook' );
INSERT INTO files ( gid, file, mime ) VALUES ( '17800', 'http://www.gutenberg.org/ebooks/17800.kindle.noimages', 'application/x-mobipocket-ebook' );
INSERT INTO files ( gid, file, mime ) VALUES ( '17800', 'http://www.gutenberg.org/ebooks/17800.rdf', 'application/rdf+xml' );
INSERT INTO files ( gid, file, mime ) VALUES ( '17800', 'http://www.gutenberg.org/ebooks/17800.txt.utf-8', 'text/plain' );
INSERT INTO files ( gid, file, mime ) VALUES ( '17800', 'http://www.gutenberg.org/files/17800/17800-8.txt', 'text/plain; charset=iso-8859-1' );
INSERT INTO files ( gid, file, mime ) VALUES ( '17800', 'http://www.gutenberg.org/files/17800/17800-8.zip', 'text/plain; charset=iso-8859-1application/zip' );
INSERT INTO files ( gid, file, mime ) VALUES ( '17800', 'http://www.gutenberg.org/files/17800/17800.txt', 'text/plain; charset=us-ascii' );
INSERT INTO files ( gid, file, mime ) VALUES ( '17800', 'http://www.gutenberg.org/files/17800/17800.zip', 'application/ziptext/plain; charset=us-ascii' );
INSERT INTO titles ( gid, title, author, language, rights ) VALUES ( '17900', 'Kotikuusen kuiskehia', 'Hahnsson, Theodolinda', 'fi', 'Public domain in the USA.' );
INSERT INTO classifications ( gid, classification ) VALUES ( '17900', 'PH' );
INSERT INTO subjects ( gid, subject ) VALUES ( '17900', 'Drama' );
INSERT INTO subjects ( gid, subject ) VALUES ( '17900', 'Fiction' );
INSERT INTO files ( gid, file, mime ) VALUES ( '17900', 'http://www.gutenberg.org/ebooks/17900.epub.images', 'application/epub+zip' );
INSERT INTO files ( gid, file, mime ) VALUES ( '17900', 'http://www.gutenberg.org/ebooks/17900.epub.noimages', 'application/epub+zip' );
INSERT INTO files ( gid, file, mime ) VALUES ( '17900', 'http://www.gutenberg.org/ebooks/17900.html.images', 'text/html' );
INSERT INTO files ( gid, file, mime ) VALUES ( '17900', 'http://www.gutenberg.org/ebooks/17900.html.noimages', 'text/html' );
INSERT INTO files ( gid, file, mime ) VALUES ( '17900', 'http://www.gutenberg.org/ebooks/17900.kindle.images', 'application/x-mobipocket-ebook' );
INSERT INTO files ( gid, file, mime ) VALUES ( '17900', 'http://www.gutenberg.org/ebooks/17900.kindle.noimages', 'application/x-mobipocket-ebook' );
INSERT INTO files ( gid, file, mime ) VALUES ( '17900', 'http://www.gutenberg.org/ebooks/17900.rdf', 'application/rdf+xml' );
INSERT INTO files ( gid, file, mime ) VALUES ( '17900', 'http://www.gutenberg.org/ebooks/17900.txt.utf-8', 'text/plain' );
INSERT INTO files ( gid, file, mime ) VALUES ( '17900', 'http://www.gutenberg.org/files/17900/17900-8.txt', 'text/plain; charset=iso-8859-1' );
INSERT INTO files ( gid, file, mime ) VALUES ( '17900', 'http://www.gutenberg.org/files/17900/17900-8.zip', 'text/plain; charset=iso-8859-1application/zip' );
INSERT INTO titles ( gid, title, author, language, rights ) VALUES ( '1800', 'The Winter''s Tale', 'Shakespeare, William', 'en', 'Copyrighted. Read the copyright notice inside this book for details.' );
INSERT INTO classifications ( gid, classification ) VALUES ( '1800', 'PR' );
INSERT INTO subjects ( gid, subject ) VALUES ( '1800', 'Fathers and daughters -- Drama' );
INSERT INTO subjects ( gid, subject ) VALUES ( '1800', 'Sicily (Italy) -- Kings and rulers -- Drama' );
INSERT INTO subjects ( gid, subject ) VALUES ( '1800', 'Married people -- Drama' );
INSERT INTO subjects ( gid, subject ) VALUES ( '1800', 'Castaways -- Drama' );
INSERT INTO subjects ( gid, subject ) VALUES ( '1800', 'Tragicomedy' );
INSERT INTO files ( gid, file, mime ) VALUES ( '1800', 'http://www.gutenberg.org/ebooks/1800.epub.images', 'application/epub+zip' );
INSERT INTO files ( gid, file, mime ) VALUES ( '1800', 'http://www.gutenberg.org/ebooks/1800.epub.noimages', 'application/epub+zip' );
INSERT INTO files ( gid, file, mime ) VALUES ( '1800', 'http://www.gutenberg.org/ebooks/1800.html.images', 'text/html' );
INSERT INTO files ( gid, file, mime ) VALUES ( '1800', 'http://www.gutenberg.org/ebooks/1800.html.noimages', 'text/html' );
INSERT INTO files ( gid, file, mime ) VALUES ( '1800', 'http://www.gutenberg.org/ebooks/1800.kindle.images', 'application/x-mobipocket-ebook' );
INSERT INTO files ( gid, file, mime ) VALUES ( '1800', 'http://www.gutenberg.org/ebooks/1800.kindle.noimages', 'application/x-mobipocket-ebook' );
INSERT INTO files ( gid, file, mime ) VALUES ( '1800', 'http://www.gutenberg.org/ebooks/1800.rdf', 'application/rdf+xml' );
INSERT INTO files ( gid, file, mime ) VALUES ( '1800', 'http://www.gutenberg.org/ebooks/1800.txt.utf-8', 'text/plain' );
INSERT INTO files ( gid, file, mime ) VALUES ( '1800', 'http://www.gutenberg.org/files/1800/1800.txt', 'text/plain; charset=us-ascii' );
INSERT INTO files ( gid, file, mime ) VALUES ( '1800', 'http://www.gutenberg.org/files/1800/1800.zip', 'application/ziptext/plain; charset=us-ascii' );
INSERT INTO titles ( gid, title, author, language, rights ) VALUES ( '18000', 'Phineas Finn The Irish Member', 'Trollope, Anthony', 'en', 'Public domain in the USA.' );
INSERT INTO classifications ( gid, classification ) VALUES ( '18000', 'PR' );
INSERT INTO subjects ( gid, subject ) VALUES ( '18000', 'Palliser, Plantagenet (Fictitious character) -- Fiction' );
INSERT INTO subjects ( gid, subject ) VALUES ( '18000', 'Dublin (Ireland) -- Fiction' );
INSERT INTO subjects ( gid, subject ) VALUES ( '18000', 'Political fiction' );
INSERT INTO subjects ( gid, subject ) VALUES ( '18000', 'London (England) -- Fiction' );
INSERT INTO subjects ( gid, subject ) VALUES ( '18000', 'Legislators -- Fiction' );
INSERT INTO files ( gid, file, mime ) VALUES ( '18000', 'http://www.gutenberg.org/ebooks/18000.epub.images', 'application/epub+zip' );
INSERT INTO files ( gid, file, mime ) VALUES ( '18000', 'http://www.gutenberg.org/ebooks/18000.epub.noimages', 'application/epub+zip' );
INSERT INTO files ( gid, file, mime ) VALUES ( '18000', 'http://www.gutenberg.org/ebooks/18000.kindle.images', 'application/x-mobipocket-ebook' );
INSERT INTO files ( gid, file, mime ) VALUES ( '18000', 'http://www.gutenberg.org/ebooks/18000.kindle.noimages', 'application/x-mobipocket-ebook' );
INSERT INTO files ( gid, file, mime ) VALUES ( '18000', 'http://www.gutenberg.org/ebooks/18000.rdf', 'application/rdf+xml' );
INSERT INTO files ( gid, file, mime ) VALUES ( '18000', 'http://www.gutenberg.org/ebooks/18000.txt.utf-8', 'text/plain' );
INSERT INTO files ( gid, file, mime ) VALUES ( '18000', 'http://www.gutenberg.org/files/18000/18000-8.txt', 'text/plain; charset=iso-8859-1' );
INSERT INTO files ( gid, file, mime ) VALUES ( '18000', 'http://www.gutenberg.org/files/18000/18000-8.zip', 'application/ziptext/plain; charset=iso-8859-1' );
INSERT INTO files ( gid, file, mime ) VALUES ( '18000', 'http://www.gutenberg.org/files/18000/18000-h.zip', 'application/ziptext/html; charset=iso-8859-1' );
INSERT INTO files ( gid, file, mime ) VALUES ( '18000', 'http://www.gutenberg.org/files/18000/18000-h/18000-h.htm', 'text/html; charset=iso-8859-1' );
INSERT INTO files ( gid, file, mime ) VALUES ( '18000', 'http://www.gutenberg.org/files/18000/18000.txt', 'text/plain; charset=us-ascii' );
INSERT INTO files ( gid, file, mime ) VALUES ( '18000', 'http://www.gutenberg.org/files/18000/18000.zip', 'application/ziptext/plain; charset=us-ascii' );
INSERT INTO titles ( gid, title, author, language, rights ) VALUES ( '18100', 'Roads from Rome', 'Allinson, Anne C. E. (Anne Crosby Emery)', 'en', 'Public domain in the USA.' );
INSERT INTO classifications ( gid, classification ) VALUES ( '18100', 'DG' );
INSERT INTO subjects ( gid, subject ) VALUES ( '18100', 'Rome -- Social life and customs' );
INSERT INTO files ( gid, file, mime ) VALUES ( '18100', 'http://www.gutenberg.org/ebooks/18100.epub.images', 'application/epub+zip' );
INSERT INTO files ( gid, file, mime ) VALUES ( '18100', 'http://www.gutenberg.org/ebooks/18100.epub.noimages', 'application/epub+zip' );
INSERT INTO files ( gid, file, mime ) VALUES ( '18100', 'http://www.gutenberg.org/ebooks/18100.kindle.images', 'application/x-mobipocket-ebook' );
INSERT INTO files ( gid, file, mime ) VALUES ( '18100', 'http://www.gutenberg.org/ebooks/18100.kindle.noimages', 'application/x-mobipocket-ebook' );
INSERT INTO files ( gid, file, mime ) VALUES ( '18100', 'http://www.gutenberg.org/ebooks/18100.rdf', 'application/rdf+xml' );
INSERT INTO files ( gid, file, mime ) VALUES ( '18100', 'http://www.gutenberg.org/ebooks/18100.txt.utf-8', 'text/plain' );
INSERT INTO files ( gid, file, mime ) VALUES ( '18100', 'http://www.gutenberg.org/files/18100/18100-h.zip', 'text/html; charset=iso-8859-1application/zip' );
INSERT INTO files ( gid, file, mime ) VALUES ( '18100', 'http://www.gutenberg.org/files/18100/18100-h/18100-h.htm', 'text/html; charset=iso-8859-1' );
INSERT INTO files ( gid, file, mime ) VALUES ( '18100', 'http://www.gutenberg.org/files/18100/18100.txt', 'text/plain; charset=us-ascii' );
INSERT INTO files ( gid, file, mime ) VALUES ( '18100', 'http://www.gutenberg.org/files/18100/18100.zip', 'application/ziptext/plain; charset=us-ascii' );
INSERT INTO titles ( gid, title, author, language, rights ) VALUES ( '18200', 'Le Collier de la Reine, Tome II', 'Dumas, Alexandre', 'fr', 'Public domain in the USA.' );
INSERT INTO classifications ( gid, classification ) VALUES ( '18200', 'PQ' );
INSERT INTO subjects ( gid, subject ) VALUES ( '18200', 'Marie Antoinette, Queen, consort of Louis XVI, King of France, 1755-1793 -- Fiction' );
INSERT INTO subjects ( gid, subject ) VALUES ( '18200', 'Queens -- France -- Fiction' );
INSERT INTO subjects ( gid, subject ) VALUES ( '18200', 'Biographical fiction' );
INSERT INTO subjects ( gid, subject ) VALUES ( '18200', 'Cagliostro, Alessandro, conte di, 1743-1795 -- Fiction' );
INSERT INTO subjects ( gid, subject ) VALUES ( '18200', 'France -- History -- Louis XVI, 1774-1793 -- Fiction' );
INSERT INTO files ( gid, file, mime ) VALUES ( '18200', 'http://www.gutenberg.org/ebooks/18200.epub.images', 'application/epub+zip' );
INSERT INTO files ( gid, file, mime ) VALUES ( '18200', 'http://www.gutenberg.org/ebooks/18200.epub.noimages', 'application/epub+zip' );
INSERT INTO files ( gid, file, mime ) VALUES ( '18200', 'http://www.gutenberg.org/ebooks/18200.kindle.images', 'application/x-mobipocket-ebook' );
INSERT INTO files ( gid, file, mime ) VALUES ( '18200', 'http://www.gutenberg.org/ebooks/18200.kindle.noimages', 'application/x-mobipocket-ebook' );
INSERT INTO files ( gid, file, mime ) VALUES ( '18200', 'http://www.gutenberg.org/ebooks/18200.rdf', 'application/rdf+xml' );
INSERT INTO files ( gid, file, mime ) VALUES ( '18200', 'http://www.gutenberg.org/ebooks/18200.txt.utf-8', 'text/plain' );
INSERT INTO files ( gid, file, mime ) VALUES ( '18200', 'http://www.gutenberg.org/files/18200/18200-8.txt', 'text/plain; charset=iso-8859-1' );
INSERT INTO files ( gid, file, mime ) VALUES ( '18200', 'http://www.gutenberg.org/files/18200/18200-8.zip', 'text/plain; charset=iso-8859-1application/zip' );
INSERT INTO files ( gid, file, mime ) VALUES ( '18200', 'http://www.gutenberg.org/files/18200/18200-h.zip', 'text/html; charset=iso-8859-1application/zip' );
INSERT INTO files ( gid, file, mime ) VALUES ( '18200', 'http://www.gutenberg.org/files/18200/18200-h/18200-h.htm', 'text/html; charset=iso-8859-1' );
INSERT INTO titles ( gid, title, author, language, rights ) VALUES ( '18300', 'History of English Humour, Vol. 1 With an Introduction upon Ancient Humour', 'L''Estrange, A. G. K. (Alfred Guy Kingan)', 'en', 'Public domain in the USA.' );
INSERT INTO classifications ( gid, classification ) VALUES ( '18300', 'PR' );
INSERT INTO subjects ( gid, subject ) VALUES ( '18300', 'English wit and humor -- History and criticism' );
INSERT INTO subjects ( gid, subject ) VALUES ( '18300', 'Wit and humor -- History and criticism' );
INSERT INTO files ( gid, file, mime ) VALUES ( '18300', 'http://www.gutenberg.org/ebooks/18300.epub.images', 'application/epub+zip' );
INSERT INTO files ( gid, file, mime ) VALUES ( '18300', 'http://www.gutenberg.org/ebooks/18300.epub.noimages', 'application/epub+zip' );
INSERT INTO files ( gid, file, mime ) VALUES ( '18300', 'http://www.gutenberg.org/ebooks/18300.kindle.images', 'application/x-mobipocket-ebook' );
INSERT INTO files ( gid, file, mime ) VALUES ( '18300', 'http://www.gutenberg.org/ebooks/18300.kindle.noimages', 'application/x-mobipocket-ebook' );
INSERT INTO files ( gid, file, mime ) VALUES ( '18300', 'http://www.gutenberg.org/ebooks/18300.rdf', 'application/rdf+xml' );
INSERT INTO files ( gid, file, mime ) VALUES ( '18300', 'http://www.gutenberg.org/ebooks/18300.txt.utf-8', 'text/plain' );
INSERT INTO files ( gid, file, mime ) VALUES ( '18300', 'http://www.gutenberg.org/files/18300/18300-8.txt', 'text/plain; charset=iso-8859-1' );
INSERT INTO files ( gid, file, mime ) VALUES ( '18300', 'http://www.gutenberg.org/files/18300/18300-8.zip', 'text/plain; charset=iso-8859-1application/zip' );
INSERT INTO files ( gid, file, mime ) VALUES ( '18300', 'http://www.gutenberg.org/files/18300/18300-h.zip', 'application/ziptext/html; charset=iso-8859-1' );
INSERT INTO files ( gid, file, mime ) VALUES ( '18300', 'http://www.gutenberg.org/files/18300/18300-h/18300-h.htm', 'text/html; charset=iso-8859-1' );
INSERT INTO files ( gid, file, mime ) VALUES ( '18300', 'http://www.gutenberg.org/files/18300/18300.txt', 'text/plain; charset=us-ascii' );
INSERT INTO files ( gid, file, mime ) VALUES ( '18300', 'http://www.gutenberg.org/files/18300/18300.zip', 'text/plain; charset=us-asciiapplication/zip' );
INSERT INTO titles ( gid, title, author, language, rights ) VALUES ( '59300', 'Index of the Project Gutenberg Works of Bret Harte', 'Harte, Bret', 'en', 'Public domain in the USA.' );
INSERT INTO files ( gid, file, mime ) VALUES ( '59300', 'http://www.gutenberg.org/cache/epub/59300/pg59300.cover.medium.jpg', 'image/jpeg' );
INSERT INTO files ( gid, file, mime ) VALUES ( '59300', 'http://www.gutenberg.org/cache/epub/59300/pg59300.cover.small.jpg', 'image/jpeg' );
INSERT INTO files ( gid, file, mime ) VALUES ( '59300', 'http://www.gutenberg.org/ebooks/59300.epub.images', 'application/epub+zip' );
INSERT INTO files ( gid, file, mime ) VALUES ( '59300', 'http://www.gutenberg.org/ebooks/59300.epub.noimages', 'application/epub+zip' );
INSERT INTO files ( gid, file, mime ) VALUES ( '59300', 'http://www.gutenberg.org/ebooks/59300.kindle.images', 'application/x-mobipocket-ebook' );
INSERT INTO files ( gid, file, mime ) VALUES ( '59300', 'http://www.gutenberg.org/ebooks/59300.kindle.noimages', 'application/x-mobipocket-ebook' );
INSERT INTO files ( gid, file, mime ) VALUES ( '59300', 'http://www.gutenberg.org/ebooks/59300.rdf', 'application/rdf+xml' );
INSERT INTO files ( gid, file, mime ) VALUES ( '59300', 'http://www.gutenberg.org/files/59300/59300-0.txt', 'text/plain; charset=utf-8' );
INSERT INTO files ( gid, file, mime ) VALUES ( '59300', 'http://www.gutenberg.org/files/59300/59300-0.zip', 'text/plain; charset=utf-8application/zip' );
INSERT INTO files ( gid, file, mime ) VALUES ( '59300', 'http://www.gutenberg.org/files/59300/59300-h.zip', 'text/html; charset=utf-8application/zip' );
INSERT INTO files ( gid, file, mime ) VALUES ( '59300', 'http://www.gutenberg.org/files/59300/59300-h/59300-h.htm', 'text/html; charset=utf-8' );
INSERT INTO titles ( gid, title, author, language, rights ) VALUES ( '59400', 'The History of Christianity Consisting of the Life and Teachings of Jesus of Nazareth; the Adventures of Paul and the Apostles; and the Most Interesting Events in the Progress of Christianity, from the Earliest Period to the Present Time.', 'Abbott, John S. C. (John Stevens Cabot)', 'en', 'Public domain in the USA.' );
INSERT INTO files ( gid, file, mime ) VALUES ( '59400', 'http://www.gutenberg.org/cache/epub/59400/pg59400.cover.medium.jpg', 'image/jpeg' );
INSERT INTO files ( gid, file, mime ) VALUES ( '59400', 'http://www.gutenberg.org/cache/epub/59400/pg59400.cover.small.jpg', 'image/jpeg' );
INSERT INTO files ( gid, file, mime ) VALUES ( '59400', 'http://www.gutenberg.org/ebooks/59400.epub.images', 'application/epub+zip' );
INSERT INTO files ( gid, file, mime ) VALUES ( '59400', 'http://www.gutenberg.org/ebooks/59400.epub.noimages', 'application/epub+zip' );
INSERT INTO files ( gid, file, mime ) VALUES ( '59400', 'http://www.gutenberg.org/ebooks/59400.kindle.images', 'application/x-mobipocket-ebook' );
INSERT INTO files ( gid, file, mime ) VALUES ( '59400', 'http://www.gutenberg.org/ebooks/59400.kindle.noimages', 'application/x-mobipocket-ebook' );
INSERT INTO files ( gid, file, mime ) VALUES ( '59400', 'http://www.gutenberg.org/ebooks/59400.rdf', 'application/rdf+xml' );
INSERT INTO files ( gid, file, mime ) VALUES ( '59400', 'http://www.gutenberg.org/files/59400/59400-0.txt', 'text/plain; charset=utf-8' );
INSERT INTO files ( gid, file, mime ) VALUES ( '59400', 'http://www.gutenberg.org/files/59400/59400-0.zip', 'text/plain; charset=utf-8application/zip' );
INSERT INTO files ( gid, file, mime ) VALUES ( '59400', 'http://www.gutenberg.org/files/59400/59400-h.zip', 'text/html; charset=utf-8application/zip' );
INSERT INTO files ( gid, file, mime ) VALUES ( '59400', 'http://www.gutenberg.org/files/59400/59400-h/59400-h.htm', 'text/html; charset=utf-8' );
INSERT INTO titles ( gid, title, author, language, rights ) VALUES ( '6000', 'Ironia Pozorów', 'Łubieński, Maciej', 'pl', 'Public domain in the USA.' );
INSERT INTO classifications ( gid, classification ) VALUES ( '6000', 'PG' );
INSERT INTO subjects ( gid, subject ) VALUES ( '6000', 'Fiction' );
INSERT INTO files ( gid, file, mime ) VALUES ( '6000', 'http://www.gutenberg.org/ebooks/6000.epub.images', 'application/epub+zip' );
INSERT INTO files ( gid, file, mime ) VALUES ( '6000', 'http://www.gutenberg.org/ebooks/6000.epub.noimages', 'application/epub+zip' );
INSERT INTO files ( gid, file, mime ) VALUES ( '6000', 'http://www.gutenberg.org/ebooks/6000.kindle.images', 'application/x-mobipocket-ebook' );
INSERT INTO files ( gid, file, mime ) VALUES ( '6000', 'http://www.gutenberg.org/ebooks/6000.kindle.noimages', 'application/x-mobipocket-ebook' );
INSERT INTO files ( gid, file, mime ) VALUES ( '6000', 'http://www.gutenberg.org/ebooks/6000.rdf', 'application/rdf+xml' );
INSERT INTO files ( gid, file, mime ) VALUES ( '6000', 'http://www.gutenberg.org/files/6000/6000-0.txt', 'text/plain; charset=utf-8' );
INSERT INTO files ( gid, file, mime ) VALUES ( '6000', 'http://www.gutenberg.org/files/6000/6000-0.zip', 'application/ziptext/plain; charset=utf-8' );
INSERT INTO files ( gid, file, mime ) VALUES ( '6000', 'http://www.gutenberg.org/files/6000/6000-8.txt', 'text/plain; charset=iso-8859-1' );
INSERT INTO files ( gid, file, mime ) VALUES ( '6000', 'http://www.gutenberg.org/files/6000/6000-8.zip', 'text/plain; charset=iso-8859-1application/zip' );
INSERT INTO files ( gid, file, mime ) VALUES ( '6000', 'http://www.gutenberg.org/files/6000/6000-doc.doc', 'application/msword' );
INSERT INTO files ( gid, file, mime ) VALUES ( '6000', 'http://www.gutenberg.org/files/6000/6000-doc.zip', 'application/zipapplication/octet-stream' );
INSERT INTO files ( gid, file, mime ) VALUES ( '6000', 'http://www.gutenberg.org/files/6000/6000-h.zip', 'text/html; charset=utf-8application/zip' );
INSERT INTO files ( gid, file, mime ) VALUES ( '6000', 'http://www.gutenberg.org/files/6000/6000-h/6000-h.htm', 'text/html; charset=utf-8' );
INSERT INTO files ( gid, file, mime ) VALUES ( '6000', 'http://www.gutenberg.org/files/6000/6000-r.rtf', 'text/rtf' );
INSERT INTO files ( gid, file, mime ) VALUES ( '6000', 'http://www.gutenberg.org/files/6000/6000-r.zip', 'application/octet-streamapplication/zip' );
INSERT INTO titles ( gid, title, author, language, rights ) VALUES ( '600', 'Notes from the Underground', 'Dostoyevsky, Fyodor', 'en', 'Public domain in the USA.' );
INSERT INTO classifications ( gid, classification ) VALUES ( '600', 'PG' );
INSERT INTO subjects ( gid, subject ) VALUES ( '600', 'Russia -- History -- 1801-1917 -- Fiction' );
INSERT INTO subjects ( gid, subject ) VALUES ( '600', 'Political fiction' );
INSERT INTO subjects ( gid, subject ) VALUES ( '600', 'Russia -- Officials and employees -- Fiction' );
INSERT INTO files ( gid, file, mime ) VALUES ( '600', 'http://www.gutenberg.org/ebooks/600.epub.images', 'application/epub+zip' );
INSERT INTO files ( gid, file, mime ) VALUES ( '600', 'http://www.gutenberg.org/ebooks/600.epub.noimages', 'application/epub+zip' );
INSERT INTO files ( gid, file, mime ) VALUES ( '600', 'http://www.gutenberg.org/ebooks/600.kindle.images', 'application/x-mobipocket-ebook' );
INSERT INTO files ( gid, file, mime ) VALUES ( '600', 'http://www.gutenberg.org/ebooks/600.kindle.noimages', 'application/x-mobipocket-ebook' );
INSERT INTO files ( gid, file, mime ) VALUES ( '600', 'http://www.gutenberg.org/ebooks/600.rdf', 'application/rdf+xml' );
INSERT INTO files ( gid, file, mime ) VALUES ( '600', 'http://www.gutenberg.org/ebooks/600.txt.utf-8', 'text/plain' );
INSERT INTO files ( gid, file, mime ) VALUES ( '600', 'http://www.gutenberg.org/files/600/600-h.zip', 'application/ziptext/html; charset=iso-8859-1' );
INSERT INTO files ( gid, file, mime ) VALUES ( '600', 'http://www.gutenberg.org/files/600/600-h/600-h.htm', 'text/html; charset=iso-8859-1' );
INSERT INTO files ( gid, file, mime ) VALUES ( '600', 'http://www.gutenberg.org/files/600/600.txt', 'text/plain; charset=us-ascii' );
INSERT INTO files ( gid, file, mime ) VALUES ( '600', 'http://www.gutenberg.org/files/600/600.zip', 'text/plain; charset=us-asciiapplication/zip' );
INSERT INTO titles ( gid, title, author, language, rights ) VALUES ( '6100', 'Pollyanna Grows Up', 'Porter, Eleanor H. (Eleanor Hodgman)', 'en', 'Public domain in the USA.' );
INSERT INTO classifications ( gid, classification ) VALUES ( '6100', 'PS' );
INSERT INTO classifications ( gid, classification ) VALUES ( '6100', 'PZ' );
INSERT INTO subjects ( gid, subject ) VALUES ( '6100', 'Friendship -- Juvenile fiction' );
INSERT INTO subjects ( gid, subject ) VALUES ( '6100', 'Orphans -- Juvenile fiction' );
INSERT INTO subjects ( gid, subject ) VALUES ( '6100', 'Conduct of life -- Juvenile fiction' );
INSERT INTO subjects ( gid, subject ) VALUES ( '6100', 'Families -- Juvenile fiction' );
INSERT INTO subjects ( gid, subject ) VALUES ( '6100', 'Happiness -- Juvenile fiction' );
INSERT INTO subjects ( gid, subject ) VALUES ( '6100', 'Aunts -- Juvenile fiction' );
INSERT INTO files ( gid, file, mime ) VALUES ( '6100', 'http://www.gutenberg.org/ebooks/6100.epub.images', 'application/epub+zip' );
INSERT INTO files ( gid, file, mime ) VALUES ( '6100', 'http://www.gutenberg.org/ebooks/6100.epub.noimages', 'application/epub+zip' );
INSERT INTO files ( gid, file, mime ) VALUES ( '6100', 'http://www.gutenberg.org/ebooks/6100.html.images', 'text/html' );
INSERT INTO files ( gid, file, mime ) VALUES ( '6100', 'http://www.gutenberg.org/ebooks/6100.html.noimages', 'text/html' );
INSERT INTO files ( gid, file, mime ) VALUES ( '6100', 'http://www.gutenberg.org/ebooks/6100.kindle.images', 'application/x-mobipocket-ebook' );
INSERT INTO files ( gid, file, mime ) VALUES ( '6100', 'http://www.gutenberg.org/ebooks/6100.kindle.noimages', 'application/x-mobipocket-ebook' );
INSERT INTO files ( gid, file, mime ) VALUES ( '6100', 'http://www.gutenberg.org/ebooks/6100.rdf', 'application/rdf+xml' );
INSERT INTO files ( gid, file, mime ) VALUES ( '6100', 'http://www.gutenberg.org/ebooks/6100.txt.utf-8', 'text/plain' );
INSERT INTO files ( gid, file, mime ) VALUES ( '6100', 'http://www.gutenberg.org/files/6100/6100.txt', 'text/plain; charset=us-ascii' );
INSERT INTO files ( gid, file, mime ) VALUES ( '6100', 'http://www.gutenberg.org/files/6100/6100.zip', 'text/plain; charset=us-asciiapplication/zip' );
INSERT INTO titles ( gid, title, author, language, rights ) VALUES ( '6200', 'The Greek View of Life', 'Dickinson, G. Lowes (Goldsworthy Lowes)', 'en', 'Public domain in the USA.' );
INSERT INTO classifications ( gid, classification ) VALUES ( '6200', 'DF' );
INSERT INTO subjects ( gid, subject ) VALUES ( '6200', 'Greece -- Civilization' );
INSERT INTO files ( gid, file, mime ) VALUES ( '6200', 'http://www.gutenberg.org/ebooks/6200.epub.images', 'application/epub+zip' );
INSERT INTO files ( gid, file, mime ) VALUES ( '6200', 'http://www.gutenberg.org/ebooks/6200.epub.noimages', 'application/epub+zip' );
INSERT INTO files ( gid, file, mime ) VALUES ( '6200', 'http://www.gutenberg.org/ebooks/6200.html.images', 'text/html' );
INSERT INTO files ( gid, file, mime ) VALUES ( '6200', 'http://www.gutenberg.org/ebooks/6200.html.noimages', 'text/html' );
INSERT INTO files ( gid, file, mime ) VALUES ( '6200', 'http://www.gutenberg.org/ebooks/6200.kindle.images', 'application/x-mobipocket-ebook' );
INSERT INTO files ( gid, file, mime ) VALUES ( '6200', 'http://www.gutenberg.org/ebooks/6200.kindle.noimages', 'application/x-mobipocket-ebook' );
INSERT INTO files ( gid, file, mime ) VALUES ( '6200', 'http://www.gutenberg.org/ebooks/6200.rdf', 'application/rdf+xml' );
INSERT INTO files ( gid, file, mime ) VALUES ( '6200', 'http://www.gutenberg.org/ebooks/6200.txt.utf-8', 'text/plain' );
INSERT INTO files ( gid, file, mime ) VALUES ( '6200', 'http://www.gutenberg.org/files/6200/6200.txt', 'text/plain; charset=us-ascii' );
INSERT INTO files ( gid, file, mime ) VALUES ( '6200', 'http://www.gutenberg.org/files/6200/6200.zip', 'text/plain; charset=us-asciiapplication/zip' );
INSERT INTO titles ( gid, title, author, language, rights ) VALUES ( '6300', 'The Project Gutenberg Complete Works of Gilbert Parker', 'Parker, Gilbert', 'en', 'Public domain in the USA.' );
INSERT INTO classifications ( gid, classification ) VALUES ( '6300', 'PS' );
INSERT INTO subjects ( gid, subject ) VALUES ( '6300', 'Indexes' );
INSERT INTO files ( gid, file, mime ) VALUES ( '6300', 'http://www.gutenberg.org/cache/epub/6300/pg6300.cover.medium.jpg', 'image/jpeg' );
INSERT INTO files ( gid, file, mime ) VALUES ( '6300', 'http://www.gutenberg.org/cache/epub/6300/pg6300.cover.small.jpg', 'image/jpeg' );
INSERT INTO files ( gid, file, mime ) VALUES ( '6300', 'http://www.gutenberg.org/ebooks/6300.epub.images', 'application/epub+zip' );
INSERT INTO files ( gid, file, mime ) VALUES ( '6300', 'http://www.gutenberg.org/ebooks/6300.epub.noimages', 'application/epub+zip' );
INSERT INTO files ( gid, file, mime ) VALUES ( '6300', 'http://www.gutenberg.org/ebooks/6300.kindle.images', 'application/x-mobipocket-ebook' );
INSERT INTO files ( gid, file, mime ) VALUES ( '6300', 'http://www.gutenberg.org/ebooks/6300.kindle.noimages', 'application/x-mobipocket-ebook' );
INSERT INTO files ( gid, file, mime ) VALUES ( '6300', 'http://www.gutenberg.org/ebooks/6300.rdf', 'application/rdf+xml' );
INSERT INTO files ( gid, file, mime ) VALUES ( '6300', 'http://www.gutenberg.org/ebooks/6300.txt.utf-8', 'text/plain' );
INSERT INTO files ( gid, file, mime ) VALUES ( '6300', 'http://www.gutenberg.org/files/6300/6300-h/6300-h.htm', 'text/html; charset=us-ascii' );
INSERT INTO files ( gid, file, mime ) VALUES ( '6300', 'http://www.gutenberg.org/files/6300/6300.txt', 'text/plain; charset=us-ascii' );
INSERT INTO files ( gid, file, mime ) VALUES ( '6300', 'http://www.gutenberg.org/files/6300/6300.zip', 'text/plain; charset=us-asciiapplication/zip' );
INSERT INTO files ( gid, file, mime ) VALUES ( '6300', 'http://www.gutenberg.org/files/6300/instructions.txt', 'text/plain; charset=us-ascii' );
INSERT INTO titles ( gid, title, author, language, rights ) VALUES ( '6400', 'The Lives of the Twelve Caesars, Complete', 'Suetonius', 'en', 'Public domain in the USA.' );
INSERT INTO classifications ( gid, classification ) VALUES ( '6400', 'DG' );
INSERT INTO subjects ( gid, subject ) VALUES ( '6400', 'Emperors -- Rome -- Biography -- Early works to 1800' );
INSERT INTO subjects ( gid, subject ) VALUES ( '6400', 'Rome -- History -- Empire, 30 B.C.-284 A.D.' );
INSERT INTO files ( gid, file, mime ) VALUES ( '6400', 'http://www.gutenberg.org/ebooks/6400.epub.images', 'application/epub+zip' );
INSERT INTO files ( gid, file, mime ) VALUES ( '6400', 'http://www.gutenberg.org/ebooks/6400.epub.noimages', 'application/epub+zip' );
INSERT INTO files ( gid, file, mime ) VALUES ( '6400', 'http://www.gutenberg.org/ebooks/6400.kindle.images', 'application/x-mobipocket-ebook' );
INSERT INTO files ( gid, file, mime ) VALUES ( '6400', 'http://www.gutenberg.org/ebooks/6400.kindle.noimages', 'application/x-mobipocket-ebook' );
INSERT INTO files ( gid, file, mime ) VALUES ( '6400', 'http://www.gutenberg.org/ebooks/6400.rdf', 'application/rdf+xml' );
INSERT INTO files ( gid, file, mime ) VALUES ( '6400', 'http://www.gutenberg.org/files/6400/6400-0.txt', 'text/plain; charset=utf-8' );
INSERT INTO files ( gid, file, mime ) VALUES ( '6400', 'http://www.gutenberg.org/files/6400/6400-0.zip', 'text/plain; charset=utf-8application/zip' );
INSERT INTO files ( gid, file, mime ) VALUES ( '6400', 'http://www.gutenberg.org/files/6400/6400-h.zip', 'text/html; charset=utf-8application/zip' );
INSERT INTO files ( gid, file, mime ) VALUES ( '6400', 'http://www.gutenberg.org/files/6400/6400-h/6400-h.htm', 'text/html; charset=utf-8' );
INSERT INTO files ( gid, file, mime ) VALUES ( '6400', 'http://www.gutenberg.org/files/6400/6400.txt', 'text/plain; charset=us-ascii' );
INSERT INTO files ( gid, file, mime ) VALUES ( '6400', 'http://www.gutenberg.org/files/6400/6400.zip', 'text/plain; charset=us-asciiapplication/zip' );
INSERT INTO titles ( gid, title, author, language, rights ) VALUES ( '6500', 'The Log-Cabin Lady — An Anonymous Autobiography', '', 'en', 'Public domain in the USA.' );
INSERT INTO classifications ( gid, classification ) VALUES ( '6500', 'CT' );
INSERT INTO subjects ( gid, subject ) VALUES ( '6500', 'Americans -- Great Britain -- Biography' );
INSERT INTO subjects ( gid, subject ) VALUES ( '6500', 'Women -- United States -- Biography' );
INSERT INTO subjects ( gid, subject ) VALUES ( '6500', 'Great Britain -- History -- George V, 1910-1936' );
INSERT INTO subjects ( gid, subject ) VALUES ( '6500', 'United States -- History -- 1901-1953' );
INSERT INTO subjects ( gid, subject ) VALUES ( '6500', 'Great Britain -- History -- Edward VII, 1901-1910' );
INSERT INTO files ( gid, file, mime ) VALUES ( '6500', 'http://www.gutenberg.org/cache/epub/6500/pg6500.cover.medium.jpg', 'image/jpeg' );
INSERT INTO files ( gid, file, mime ) VALUES ( '6500', 'http://www.gutenberg.org/cache/epub/6500/pg6500.cover.small.jpg', 'image/jpeg' );
INSERT INTO files ( gid, file, mime ) VALUES ( '6500', 'http://www.gutenberg.org/ebooks/6500.epub.images', 'application/epub+zip' );
INSERT INTO files ( gid, file, mime ) VALUES ( '6500', 'http://www.gutenberg.org/ebooks/6500.epub.noimages', 'application/epub+zip' );
INSERT INTO files ( gid, file, mime ) VALUES ( '6500', 'http://www.gutenberg.org/ebooks/6500.kindle.images', 'application/x-mobipocket-ebook' );
INSERT INTO files ( gid, file, mime ) VALUES ( '6500', 'http://www.gutenberg.org/ebooks/6500.kindle.noimages', 'application/x-mobipocket-ebook' );
INSERT INTO files ( gid, file, mime ) VALUES ( '6500', 'http://www.gutenberg.org/ebooks/6500.rdf', 'application/rdf+xml' );
INSERT INTO files ( gid, file, mime ) VALUES ( '6500', 'http://www.gutenberg.org/files/6500/6500-0.txt', 'text/plain; charset=utf-8' );
INSERT INTO files ( gid, file, mime ) VALUES ( '6500', 'http://www.gutenberg.org/files/6500/6500-0.zip', 'text/plain; charset=utf-8application/zip' );
INSERT INTO files ( gid, file, mime ) VALUES ( '6500', 'http://www.gutenberg.org/files/6500/6500-h.zip', 'text/html; charset=utf-8application/zip' );
INSERT INTO files ( gid, file, mime ) VALUES ( '6500', 'http://www.gutenberg.org/files/6500/6500-h/6500-h.htm', 'text/html; charset=utf-8' );
INSERT INTO files ( gid, file, mime ) VALUES ( '6500', 'http://www.gutenberg.org/files/6500/6500.txt', 'text/plain; charset=us-ascii' );
INSERT INTO files ( gid, file, mime ) VALUES ( '6500', 'http://www.gutenberg.org/files/6500/6500.zip', 'text/plain; charset=us-asciiapplication/zip' );
INSERT INTO titles ( gid, title, author, language, rights ) VALUES ( '6600', 'The Moccasin Maker', 'Johnson, E. Pauline', 'en', 'Public domain in the USA.' );
INSERT INTO classifications ( gid, classification ) VALUES ( '6600', 'PS' );
INSERT INTO subjects ( gid, subject ) VALUES ( '6600', 'Indians of North America -- Canada -- Fiction' );
INSERT INTO files ( gid, file, mime ) VALUES ( '6600', 'http://www.gutenberg.org/ebooks/6600.epub.images', 'application/epub+zip' );
INSERT INTO files ( gid, file, mime ) VALUES ( '6600', 'http://www.gutenberg.org/ebooks/6600.epub.noimages', 'application/epub+zip' );
INSERT INTO files ( gid, file, mime ) VALUES ( '6600', 'http://www.gutenberg.org/ebooks/6600.html.images', 'text/html' );
INSERT INTO files ( gid, file, mime ) VALUES ( '6600', 'http://www.gutenberg.org/ebooks/6600.html.noimages', 'text/html' );
INSERT INTO files ( gid, file, mime ) VALUES ( '6600', 'http://www.gutenberg.org/ebooks/6600.kindle.images', 'application/x-mobipocket-ebook' );
INSERT INTO files ( gid, file, mime ) VALUES ( '6600', 'http://www.gutenberg.org/ebooks/6600.kindle.noimages', 'application/x-mobipocket-ebook' );
INSERT INTO files ( gid, file, mime ) VALUES ( '6600', 'http://www.gutenberg.org/ebooks/6600.rdf', 'application/rdf+xml' );
INSERT INTO files ( gid, file, mime ) VALUES ( '6600', 'http://www.gutenberg.org/ebooks/6600.txt.utf-8', 'text/plain' );
INSERT INTO files ( gid, file, mime ) VALUES ( '6600', 'http://www.gutenberg.org/files/6600/6600.txt', 'text/plain; charset=us-ascii' );
INSERT INTO files ( gid, file, mime ) VALUES ( '6600', 'http://www.gutenberg.org/files/6600/6600.zip', 'text/plain; charset=us-asciiapplication/zip' );
INSERT INTO titles ( gid, title, author, language, rights ) VALUES ( '6700', 'Sidonia, the Sorceress : the Supposed Destroyer of the Whole Reigning Ducal House of Pomerania — Volume 1', 'Meinhold, Wilhelm', 'en', 'Public domain in the USA.' );
INSERT INTO classifications ( gid, classification ) VALUES ( '6700', 'PT' );
INSERT INTO subjects ( gid, subject ) VALUES ( '6700', 'Witchcraft -- Pomerania (Poland and Germany)' );
INSERT INTO files ( gid, file, mime ) VALUES ( '6700', 'http://www.gutenberg.org/ebooks/6700.epub.images', 'application/epub+zip' );
INSERT INTO files ( gid, file, mime ) VALUES ( '6700', 'http://www.gutenberg.org/ebooks/6700.epub.noimages', 'application/epub+zip' );
INSERT INTO files ( gid, file, mime ) VALUES ( '6700', 'http://www.gutenberg.org/ebooks/6700.html.images', 'text/html' );
INSERT INTO files ( gid, file, mime ) VALUES ( '6700', 'http://www.gutenberg.org/ebooks/6700.html.noimages', 'text/html' );
INSERT INTO files ( gid, file, mime ) VALUES ( '6700', 'http://www.gutenberg.org/ebooks/6700.kindle.images', 'application/x-mobipocket-ebook' );
INSERT INTO files ( gid, file, mime ) VALUES ( '6700', 'http://www.gutenberg.org/ebooks/6700.kindle.noimages', 'application/x-mobipocket-ebook' );
INSERT INTO files ( gid, file, mime ) VALUES ( '6700', 'http://www.gutenberg.org/ebooks/6700.rdf', 'application/rdf+xml' );
INSERT INTO files ( gid, file, mime ) VALUES ( '6700', 'http://www.gutenberg.org/ebooks/6700.txt.utf-8', 'text/plain' );
INSERT INTO files ( gid, file, mime ) VALUES ( '6700', 'http://www.gutenberg.org/files/6700/6700-8.txt', 'text/plain; charset=iso-8859-1' );
INSERT INTO files ( gid, file, mime ) VALUES ( '6700', 'http://www.gutenberg.org/files/6700/6700-8.zip', 'text/plain; charset=iso-8859-1application/zip' );
INSERT INTO files ( gid, file, mime ) VALUES ( '6700', 'http://www.gutenberg.org/files/6700/6700.txt', 'text/plain; charset=us-ascii' );
INSERT INTO files ( gid, file, mime ) VALUES ( '6700', 'http://www.gutenberg.org/files/6700/6700.zip', 'application/ziptext/plain; charset=us-ascii' );
INSERT INTO titles ( gid, title, author, language, rights ) VALUES ( '6800', 'The Works of Frederick Schiller', 'Schiller, Friedrich', 'en', 'Public domain in the USA.' );
INSERT INTO classifications ( gid, classification ) VALUES ( '6800', 'PT' );
INSERT INTO subjects ( gid, subject ) VALUES ( '6800', 'Schiller, Friedrich, 1759-1805 -- Translations into English' );
INSERT INTO files ( gid, file, mime ) VALUES ( '6800', 'http://www.gutenberg.org/ebooks/6800.epub.images', 'application/epub+zip' );
INSERT INTO files ( gid, file, mime ) VALUES ( '6800', 'http://www.gutenberg.org/ebooks/6800.epub.noimages', 'application/epub+zip' );
INSERT INTO files ( gid, file, mime ) VALUES ( '6800', 'http://www.gutenberg.org/ebooks/6800.html.images', 'text/html' );
INSERT INTO files ( gid, file, mime ) VALUES ( '6800', 'http://www.gutenberg.org/ebooks/6800.html.noimages', 'text/html' );
INSERT INTO files ( gid, file, mime ) VALUES ( '6800', 'http://www.gutenberg.org/ebooks/6800.kindle.images', 'application/x-mobipocket-ebook' );
INSERT INTO files ( gid, file, mime ) VALUES ( '6800', 'http://www.gutenberg.org/ebooks/6800.kindle.noimages', 'application/x-mobipocket-ebook' );
INSERT INTO files ( gid, file, mime ) VALUES ( '6800', 'http://www.gutenberg.org/ebooks/6800.rdf', 'application/rdf+xml' );
INSERT INTO files ( gid, file, mime ) VALUES ( '6800', 'http://www.gutenberg.org/ebooks/6800.txt.utf-8', 'text/plain' );
INSERT INTO files ( gid, file, mime ) VALUES ( '6800', 'http://www.gutenberg.org/files/6800/6800.txt', 'text/plain; charset=us-ascii' );
INSERT INTO files ( gid, file, mime ) VALUES ( '6800', 'http://www.gutenberg.org/files/6800/6800.zip', 'application/ziptext/plain; charset=us-ascii' );
INSERT INTO titles ( gid, title, author, language, rights ) VALUES ( '18400', 'Isopel Berners The History of certain doings in a Staffordshire Dingle, July, 1825', 'Borrow, George', 'en', 'Public domain in the USA.' );
INSERT INTO classifications ( gid, classification ) VALUES ( '18400', 'PR' );
INSERT INTO subjects ( gid, subject ) VALUES ( '18400', 'Romanies -- Fiction' );
INSERT INTO subjects ( gid, subject ) VALUES ( '18400', 'England -- Fiction' );
INSERT INTO files ( gid, file, mime ) VALUES ( '18400', 'http://www.gutenberg.org/ebooks/18400.epub.images', 'application/epub+zip' );
INSERT INTO files ( gid, file, mime ) VALUES ( '18400', 'http://www.gutenberg.org/ebooks/18400.epub.noimages', 'application/epub+zip' );
INSERT INTO files ( gid, file, mime ) VALUES ( '18400', 'http://www.gutenberg.org/ebooks/18400.kindle.images', 'application/x-mobipocket-ebook' );
INSERT INTO files ( gid, file, mime ) VALUES ( '18400', 'http://www.gutenberg.org/ebooks/18400.kindle.noimages', 'application/x-mobipocket-ebook' );
INSERT INTO files ( gid, file, mime ) VALUES ( '18400', 'http://www.gutenberg.org/ebooks/18400.rdf', 'application/rdf+xml' );
INSERT INTO files ( gid, file, mime ) VALUES ( '18400', 'http://www.gutenberg.org/ebooks/18400.txt.utf-8', 'text/plain' );
INSERT INTO files ( gid, file, mime ) VALUES ( '18400', 'http://www.gutenberg.org/files/18400/18400-h.zip', 'text/htmlapplication/zip' );
INSERT INTO files ( gid, file, mime ) VALUES ( '18400', 'http://www.gutenberg.org/files/18400/18400-h/18400-h.htm', 'text/html' );
INSERT INTO files ( gid, file, mime ) VALUES ( '18400', 'http://www.gutenberg.org/files/18400/18400.txt', 'text/plain; charset=us-ascii' );
INSERT INTO files ( gid, file, mime ) VALUES ( '18400', 'http://www.gutenberg.org/files/18400/18400.zip', 'application/ziptext/plain; charset=us-ascii' );
INSERT INTO titles ( gid, title, author, language, rights ) VALUES ( '18500', 'The Complete Works of Robert Burns: Containing his Poems, Songs, and Correspondence. With a New Life of the Poet, and Notices, Critical and Biographical by Allan Cunningham', 'Burns, Robert', 'en', 'Public domain in the USA.' );
INSERT INTO classifications ( gid, classification ) VALUES ( '18500', 'PR' );
INSERT INTO subjects ( gid, subject ) VALUES ( '18500', 'Poets, Scottish -- 18th century -- Correspondence' );
INSERT INTO subjects ( gid, subject ) VALUES ( '18500', 'Songs, Scots -- Scotland -- Texts' );
INSERT INTO subjects ( gid, subject ) VALUES ( '18500', 'Burns, Robert, 1759-1796 -- Correspondence' );
INSERT INTO subjects ( gid, subject ) VALUES ( '18500', 'Scotland -- Poetry' );
INSERT INTO files ( gid, file, mime ) VALUES ( '18500', 'http://www.gutenberg.org/ebooks/18500.epub.images', 'application/epub+zip' );
INSERT INTO files ( gid, file, mime ) VALUES ( '18500', 'http://www.gutenberg.org/ebooks/18500.epub.noimages', 'application/epub+zip' );
INSERT INTO files ( gid, file, mime ) VALUES ( '18500', 'http://www.gutenberg.org/ebooks/18500.kindle.images', 'application/x-mobipocket-ebook' );
INSERT INTO files ( gid, file, mime ) VALUES ( '18500', 'http://www.gutenberg.org/ebooks/18500.kindle.noimages', 'application/x-mobipocket-ebook' );
INSERT INTO files ( gid, file, mime ) VALUES ( '18500', 'http://www.gutenberg.org/ebooks/18500.rdf', 'application/rdf+xml' );
INSERT INTO files ( gid, file, mime ) VALUES ( '18500', 'http://www.gutenberg.org/ebooks/18500.txt.utf-8', 'text/plain' );
INSERT INTO files ( gid, file, mime ) VALUES ( '18500', 'http://www.gutenberg.org/files/18500/18500-8.txt', 'text/plain; charset=iso-8859-1' );
INSERT INTO files ( gid, file, mime ) VALUES ( '18500', 'http://www.gutenberg.org/files/18500/18500-8.zip', 'text/plain; charset=iso-8859-1application/zip' );
INSERT INTO files ( gid, file, mime ) VALUES ( '18500', 'http://www.gutenberg.org/files/18500/18500-h.zip', 'text/html; charset=iso-8859-1application/zip' );
INSERT INTO files ( gid, file, mime ) VALUES ( '18500', 'http://www.gutenberg.org/files/18500/18500-h/18500-h.htm', 'text/html; charset=iso-8859-1' );
INSERT INTO files ( gid, file, mime ) VALUES ( '18500', 'http://www.gutenberg.org/files/18500/18500.txt', 'text/plain; charset=us-ascii' );
INSERT INTO files ( gid, file, mime ) VALUES ( '18500', 'http://www.gutenberg.org/files/18500/18500.zip', 'application/ziptext/plain; charset=us-ascii' );
INSERT INTO titles ( gid, title, author, language, rights ) VALUES ( '18600', 'Mi Ultimo Adiós', 'Rizal, José', 'es', 'Public domain in the USA.' );
INSERT INTO classifications ( gid, classification ) VALUES ( '18600', 'PQ' );
INSERT INTO subjects ( gid, subject ) VALUES ( '18600', 'Poetry' );
INSERT INTO files ( gid, file, mime ) VALUES ( '18600', 'http://www.gutenberg.org/ebooks/18600.epub.images', 'application/epub+zip' );
INSERT INTO files ( gid, file, mime ) VALUES ( '18600', 'http://www.gutenberg.org/ebooks/18600.epub.noimages', 'application/epub+zip' );
INSERT INTO files ( gid, file, mime ) VALUES ( '18600', 'http://www.gutenberg.org/ebooks/18600.kindle.images', 'application/x-mobipocket-ebook' );
INSERT INTO files ( gid, file, mime ) VALUES ( '18600', 'http://www.gutenberg.org/ebooks/18600.kindle.noimages', 'application/x-mobipocket-ebook' );
INSERT INTO files ( gid, file, mime ) VALUES ( '18600', 'http://www.gutenberg.org/ebooks/18600.rdf', 'application/rdf+xml' );
INSERT INTO files ( gid, file, mime ) VALUES ( '18600', 'http://www.gutenberg.org/ebooks/18600.txt.utf-8', 'text/plain' );
INSERT INTO files ( gid, file, mime ) VALUES ( '18600', 'http://www.gutenberg.org/files/18600/18600-8.txt', 'text/plain; charset=iso-8859-1' );
INSERT INTO files ( gid, file, mime ) VALUES ( '18600', 'http://www.gutenberg.org/files/18600/18600-8.zip', 'text/plain; charset=iso-8859-1application/zip' );
INSERT INTO files ( gid, file, mime ) VALUES ( '18600', 'http://www.gutenberg.org/files/18600/18600-h.zip', 'application/ziptext/html; charset=iso-8859-1' );
INSERT INTO files ( gid, file, mime ) VALUES ( '18600', 'http://www.gutenberg.org/files/18600/18600-h/18600-h.htm', 'text/html; charset=iso-8859-1' );
INSERT INTO titles ( gid, title, author, language, rights ) VALUES ( '18700', 'The Mayor of Warwick', 'Hopkins, Herbert M. (Herbert Müller)', 'en', 'Public domain in the USA.' );
INSERT INTO classifications ( gid, classification ) VALUES ( '18700', 'PS' );
INSERT INTO subjects ( gid, subject ) VALUES ( '18700', 'New England -- Social life and customs -- Fiction' );
INSERT INTO subjects ( gid, subject ) VALUES ( '18700', 'Mayors -- Fiction' );
INSERT INTO subjects ( gid, subject ) VALUES ( '18700', 'Social classes -- United States -- Fiction' );
INSERT INTO files ( gid, file, mime ) VALUES ( '18700', 'http://www.gutenberg.org/ebooks/18700.epub.images', 'application/epub+zip' );
INSERT INTO files ( gid, file, mime ) VALUES ( '18700', 'http://www.gutenberg.org/ebooks/18700.epub.noimages', 'application/epub+zip' );
INSERT INTO files ( gid, file, mime ) VALUES ( '18700', 'http://www.gutenberg.org/ebooks/18700.kindle.images', 'application/x-mobipocket-ebook' );
INSERT INTO files ( gid, file, mime ) VALUES ( '18700', 'http://www.gutenberg.org/ebooks/18700.kindle.noimages', 'application/x-mobipocket-ebook' );
INSERT INTO files ( gid, file, mime ) VALUES ( '18700', 'http://www.gutenberg.org/ebooks/18700.rdf', 'application/rdf+xml' );
INSERT INTO files ( gid, file, mime ) VALUES ( '18700', 'http://www.gutenberg.org/ebooks/18700.txt.utf-8', 'text/plain' );
INSERT INTO files ( gid, file, mime ) VALUES ( '18700', 'http://www.gutenberg.org/files/18700/18700-8.txt', 'text/plain; charset=iso-8859-1' );
INSERT INTO files ( gid, file, mime ) VALUES ( '18700', 'http://www.gutenberg.org/files/18700/18700-8.zip', 'text/plain; charset=iso-8859-1application/zip' );
INSERT INTO files ( gid, file, mime ) VALUES ( '18700', 'http://www.gutenberg.org/files/18700/18700-h.zip', 'application/ziptext/html; charset=iso-8859-1' );
INSERT INTO files ( gid, file, mime ) VALUES ( '18700', 'http://www.gutenberg.org/files/18700/18700-h/18700-h.htm', 'text/html; charset=iso-8859-1' );
INSERT INTO files ( gid, file, mime ) VALUES ( '18700', 'http://www.gutenberg.org/files/18700/18700.txt', 'text/plain; charset=us-ascii' );
INSERT INTO files ( gid, file, mime ) VALUES ( '18700', 'http://www.gutenberg.org/files/18700/18700.zip', 'text/plain; charset=us-asciiapplication/zip' );
INSERT INTO titles ( gid, title, author, language, rights ) VALUES ( '18800', 'Last Enemy', 'Piper, H. Beam', 'en', 'Public domain in the USA.' );
INSERT INTO classifications ( gid, classification ) VALUES ( '18800', 'PS' );
INSERT INTO subjects ( gid, subject ) VALUES ( '18800', 'Science fiction' );
INSERT INTO files ( gid, file, mime ) VALUES ( '18800', 'http://www.gutenberg.org/ebooks/18800.epub.images', 'application/epub+zip' );
INSERT INTO files ( gid, file, mime ) VALUES ( '18800', 'http://www.gutenberg.org/ebooks/18800.epub.noimages', 'application/epub+zip' );
INSERT INTO files ( gid, file, mime ) VALUES ( '18800', 'http://www.gutenberg.org/ebooks/18800.kindle.images', 'application/x-mobipocket-ebook' );
INSERT INTO files ( gid, file, mime ) VALUES ( '18800', 'http://www.gutenberg.org/ebooks/18800.kindle.noimages', 'application/x-mobipocket-ebook' );
INSERT INTO files ( gid, file, mime ) VALUES ( '18800', 'http://www.gutenberg.org/ebooks/18800.rdf', 'application/rdf+xml' );
INSERT INTO files ( gid, file, mime ) VALUES ( '18800', 'http://www.gutenberg.org/ebooks/18800.txt.utf-8', 'text/plain' );
INSERT INTO files ( gid, file, mime ) VALUES ( '18800', 'http://www.gutenberg.org/files/18800/18800-h.zip', 'application/ziptext/html; charset=iso-8859-1' );
INSERT INTO files ( gid, file, mime ) VALUES ( '18800', 'http://www.gutenberg.org/files/18800/18800-h/18800-h.htm', 'text/html; charset=iso-8859-1' );
INSERT INTO files ( gid, file, mime ) VALUES ( '18800', 'http://www.gutenberg.org/files/18800/18800.txt', 'text/plain; charset=us-ascii' );
INSERT INTO files ( gid, file, mime ) VALUES ( '18800', 'http://www.gutenberg.org/files/18800/18800.zip', 'text/plain; charset=us-asciiapplication/zip' );
INSERT INTO titles ( gid, title, author, language, rights ) VALUES ( '18900', 'A Text-Book of the History of Painting', 'Van Dyke, John Charles', 'en', 'Public domain in the USA.' );
INSERT INTO classifications ( gid, classification ) VALUES ( '18900', 'ND' );
INSERT INTO subjects ( gid, subject ) VALUES ( '18900', 'Painting -- History' );
INSERT INTO files ( gid, file, mime ) VALUES ( '18900', 'http://www.gutenberg.org/ebooks/18900.epub.images', 'application/epub+zip' );
INSERT INTO files ( gid, file, mime ) VALUES ( '18900', 'http://www.gutenberg.org/ebooks/18900.epub.noimages', 'application/epub+zip' );
INSERT INTO files ( gid, file, mime ) VALUES ( '18900', 'http://www.gutenberg.org/ebooks/18900.kindle.images', 'application/x-mobipocket-ebook' );
INSERT INTO files ( gid, file, mime ) VALUES ( '18900', 'http://www.gutenberg.org/ebooks/18900.kindle.noimages', 'application/x-mobipocket-ebook' );
INSERT INTO files ( gid, file, mime ) VALUES ( '18900', 'http://www.gutenberg.org/ebooks/18900.rdf', 'application/rdf+xml' );
INSERT INTO files ( gid, file, mime ) VALUES ( '18900', 'http://www.gutenberg.org/ebooks/18900.txt.utf-8', 'text/plain' );
INSERT INTO files ( gid, file, mime ) VALUES ( '18900', 'http://www.gutenberg.org/files/18900/18900-8.txt', 'text/plain; charset=iso-8859-1' );
INSERT INTO files ( gid, file, mime ) VALUES ( '18900', 'http://www.gutenberg.org/files/18900/18900-8.zip', 'text/plain; charset=iso-8859-1application/zip' );
INSERT INTO files ( gid, file, mime ) VALUES ( '18900', 'http://www.gutenberg.org/files/18900/18900-h.zip', 'application/ziptext/html; charset=iso-8859-1' );
INSERT INTO files ( gid, file, mime ) VALUES ( '18900', 'http://www.gutenberg.org/files/18900/18900-h/18900-h.htm', 'text/html; charset=iso-8859-1' );
INSERT INTO files ( gid, file, mime ) VALUES ( '18900', 'http://www.gutenberg.org/files/18900/18900.txt', 'text/plain; charset=us-ascii' );
INSERT INTO files ( gid, file, mime ) VALUES ( '18900', 'http://www.gutenberg.org/files/18900/18900.zip', 'text/plain; charset=us-asciiapplication/zip' );
INSERT INTO titles ( gid, title, author, language, rights ) VALUES ( '19000', 'Printcrime', 'Doctorow, Cory', 'en', 'Copyrighted. Read the copyright notice inside this book for details.' );
INSERT INTO classifications ( gid, classification ) VALUES ( '19000', 'PS' );
INSERT INTO subjects ( gid, subject ) VALUES ( '19000', 'Science fiction' );
INSERT INTO subjects ( gid, subject ) VALUES ( '19000', 'Short stories' );
INSERT INTO files ( gid, file, mime ) VALUES ( '19000', 'http://www.gutenberg.org/ebooks/19000.epub.images', 'application/epub+zip' );
INSERT INTO files ( gid, file, mime ) VALUES ( '19000', 'http://www.gutenberg.org/ebooks/19000.epub.noimages', 'application/epub+zip' );
INSERT INTO files ( gid, file, mime ) VALUES ( '19000', 'http://www.gutenberg.org/ebooks/19000.html.images', 'text/html' );
INSERT INTO files ( gid, file, mime ) VALUES ( '19000', 'http://www.gutenberg.org/ebooks/19000.html.noimages', 'text/html' );
INSERT INTO files ( gid, file, mime ) VALUES ( '19000', 'http://www.gutenberg.org/ebooks/19000.kindle.images', 'application/x-mobipocket-ebook' );
INSERT INTO files ( gid, file, mime ) VALUES ( '19000', 'http://www.gutenberg.org/ebooks/19000.kindle.noimages', 'application/x-mobipocket-ebook' );
INSERT INTO files ( gid, file, mime ) VALUES ( '19000', 'http://www.gutenberg.org/ebooks/19000.rdf', 'application/rdf+xml' );
INSERT INTO files ( gid, file, mime ) VALUES ( '19000', 'http://www.gutenberg.org/ebooks/19000.txt.utf-8', 'text/plain' );
INSERT INTO files ( gid, file, mime ) VALUES ( '19000', 'http://www.gutenberg.org/files/19000/19000.txt', 'text/plain; charset=us-ascii' );
INSERT INTO files ( gid, file, mime ) VALUES ( '19000', 'http://www.gutenberg.org/files/19000/19000.zip', 'text/plain; charset=us-asciiapplication/zip' );
INSERT INTO titles ( gid, title, author, language, rights ) VALUES ( '1900', 'Typee: A Romance of the South Seas', 'Melville, Herman', 'en', 'Public domain in the USA.' );
INSERT INTO classifications ( gid, classification ) VALUES ( '1900', 'PS' );
INSERT INTO subjects ( gid, subject ) VALUES ( '1900', 'Sailors -- Fiction' );
INSERT INTO subjects ( gid, subject ) VALUES ( '1900', 'Marquesas Islands (French Polynesia) -- Fiction' );
INSERT INTO subjects ( gid, subject ) VALUES ( '1900', 'Adventure stories' );
INSERT INTO subjects ( gid, subject ) VALUES ( '1900', 'Indigenous peoples -- Fiction' );
INSERT INTO files ( gid, file, mime ) VALUES ( '1900', 'http://www.gutenberg.org/ebooks/1900.epub.images', 'application/epub+zip' );
INSERT INTO files ( gid, file, mime ) VALUES ( '1900', 'http://www.gutenberg.org/ebooks/1900.epub.noimages', 'application/epub+zip' );
INSERT INTO files ( gid, file, mime ) VALUES ( '1900', 'http://www.gutenberg.org/ebooks/1900.kindle.images', 'application/x-mobipocket-ebook' );
INSERT INTO files ( gid, file, mime ) VALUES ( '1900', 'http://www.gutenberg.org/ebooks/1900.kindle.noimages', 'application/x-mobipocket-ebook' );
INSERT INTO files ( gid, file, mime ) VALUES ( '1900', 'http://www.gutenberg.org/ebooks/1900.rdf', 'application/rdf+xml' );
INSERT INTO files ( gid, file, mime ) VALUES ( '1900', 'http://www.gutenberg.org/files/1900/1900-0.txt', 'text/plain; charset=utf-8' );
INSERT INTO files ( gid, file, mime ) VALUES ( '1900', 'http://www.gutenberg.org/files/1900/1900-0.zip', 'text/plain; charset=utf-8application/zip' );
INSERT INTO files ( gid, file, mime ) VALUES ( '1900', 'http://www.gutenberg.org/files/1900/1900-h.zip', 'text/html; charset=utf-8application/zip' );
INSERT INTO files ( gid, file, mime ) VALUES ( '1900', 'http://www.gutenberg.org/files/1900/1900-h/1900-h.htm', 'text/html; charset=utf-8' );
INSERT INTO files ( gid, file, mime ) VALUES ( '1900', 'http://www.gutenberg.org/files/1900/1900.txt', 'text/plain; charset=us-ascii' );
INSERT INTO files ( gid, file, mime ) VALUES ( '1900', 'http://www.gutenberg.org/files/1900/1900.zip', 'text/plain; charset=us-asciiapplication/zip' );
INSERT INTO titles ( gid, title, author, language, rights ) VALUES ( '19100', 'The Covenants And The Covenanters Covenants, Sermons, and Documents of the Covenanted Reformation', '', 'en', 'Public domain in the USA.' );
INSERT INTO classifications ( gid, classification ) VALUES ( '19100', 'BX' );
INSERT INTO subjects ( gid, subject ) VALUES ( '19100', 'Covenanters -- Scotland -- History -- Sources' );
INSERT INTO subjects ( gid, subject ) VALUES ( '19100', 'Presbyterian Church -- Scotland -- History -- Sources' );
INSERT INTO files ( gid, file, mime ) VALUES ( '19100', 'http://www.gutenberg.org/ebooks/19100.epub.images', 'application/epub+zip' );
INSERT INTO files ( gid, file, mime ) VALUES ( '19100', 'http://www.gutenberg.org/ebooks/19100.epub.noimages', 'application/epub+zip' );
INSERT INTO files ( gid, file, mime ) VALUES ( '19100', 'http://www.gutenberg.org/ebooks/19100.kindle.images', 'application/x-mobipocket-ebook' );
INSERT INTO files ( gid, file, mime ) VALUES ( '19100', 'http://www.gutenberg.org/ebooks/19100.kindle.noimages', 'application/x-mobipocket-ebook' );
INSERT INTO files ( gid, file, mime ) VALUES ( '19100', 'http://www.gutenberg.org/ebooks/19100.rdf', 'application/rdf+xml' );
INSERT INTO files ( gid, file, mime ) VALUES ( '19100', 'http://www.gutenberg.org/ebooks/19100.txt.utf-8', 'text/plain' );
INSERT INTO files ( gid, file, mime ) VALUES ( '19100', 'http://www.gutenberg.org/files/19100/19100-8.txt', 'text/plain; charset=iso-8859-1' );
INSERT INTO files ( gid, file, mime ) VALUES ( '19100', 'http://www.gutenberg.org/files/19100/19100-8.zip', 'text/plain; charset=iso-8859-1application/zip' );
INSERT INTO files ( gid, file, mime ) VALUES ( '19100', 'http://www.gutenberg.org/files/19100/19100-h.zip', 'application/ziptext/html; charset=iso-8859-1' );
INSERT INTO files ( gid, file, mime ) VALUES ( '19100', 'http://www.gutenberg.org/files/19100/19100-h/19100-h.htm', 'text/html; charset=iso-8859-1' );
INSERT INTO files ( gid, file, mime ) VALUES ( '19100', 'http://www.gutenberg.org/files/19100/19100.txt', 'text/plain; charset=us-ascii' );
INSERT INTO files ( gid, file, mime ) VALUES ( '19100', 'http://www.gutenberg.org/files/19100/19100.zip', 'text/plain; charset=us-asciiapplication/zip' );
INSERT INTO titles ( gid, title, author, language, rights ) VALUES ( '19200', 'The History of a Lie: "The Protocols of the Wise Men of Zion"', 'Bernstein, Herman', 'en', 'Public domain in the USA.' );
INSERT INTO classifications ( gid, classification ) VALUES ( '19200', 'DS' );
INSERT INTO subjects ( gid, subject ) VALUES ( '19200', 'Protocols of the wise men of Zion' );
INSERT INTO subjects ( gid, subject ) VALUES ( '19200', 'Jews' );
INSERT INTO files ( gid, file, mime ) VALUES ( '19200', 'http://www.gutenberg.org/ebooks/19200.epub.images', 'application/epub+zip' );
INSERT INTO files ( gid, file, mime ) VALUES ( '19200', 'http://www.gutenberg.org/ebooks/19200.epub.noimages', 'application/epub+zip' );
INSERT INTO files ( gid, file, mime ) VALUES ( '19200', 'http://www.gutenberg.org/ebooks/19200.kindle.images', 'application/x-mobipocket-ebook' );
INSERT INTO files ( gid, file, mime ) VALUES ( '19200', 'http://www.gutenberg.org/ebooks/19200.kindle.noimages', 'application/x-mobipocket-ebook' );
INSERT INTO files ( gid, file, mime ) VALUES ( '19200', 'http://www.gutenberg.org/ebooks/19200.rdf', 'application/rdf+xml' );
INSERT INTO files ( gid, file, mime ) VALUES ( '19200', 'http://www.gutenberg.org/files/19200/19200-0.txt', 'text/plain; charset=utf-8' );
INSERT INTO files ( gid, file, mime ) VALUES ( '19200', 'http://www.gutenberg.org/files/19200/19200-0.zip', 'text/plain; charset=utf-8application/zip' );
INSERT INTO files ( gid, file, mime ) VALUES ( '19200', 'http://www.gutenberg.org/files/19200/19200-8.txt', 'text/plain; charset=iso-8859-1' );
INSERT INTO files ( gid, file, mime ) VALUES ( '19200', 'http://www.gutenberg.org/files/19200/19200-8.zip', 'application/ziptext/plain; charset=iso-8859-1' );
INSERT INTO files ( gid, file, mime ) VALUES ( '19200', 'http://www.gutenberg.org/files/19200/19200-h.zip', 'text/html; charset=utf-8application/zip' );
INSERT INTO files ( gid, file, mime ) VALUES ( '19200', 'http://www.gutenberg.org/files/19200/19200-h/19200-h.htm', 'text/html; charset=utf-8' );
INSERT INTO files ( gid, file, mime ) VALUES ( '19200', 'http://www.gutenberg.org/files/19200/19200.txt', 'text/plain; charset=us-ascii' );
INSERT INTO files ( gid, file, mime ) VALUES ( '19200', 'http://www.gutenberg.org/files/19200/19200.zip', 'text/plain; charset=us-asciiapplication/zip' );
INSERT INTO titles ( gid, title, author, language, rights ) VALUES ( '19300', 'A Traveler''s Narrative Written to Illustrate the Episode of the Báb', '`Abdu''l-Bahá', 'en', 'Copyrighted. Read the copyright notice inside this book for details.' );
INSERT INTO classifications ( gid, classification ) VALUES ( '19300', 'BP' );
INSERT INTO subjects ( gid, subject ) VALUES ( '19300', 'Bahai Faith' );
INSERT INTO subjects ( gid, subject ) VALUES ( '19300', 'Babism' );
INSERT INTO files ( gid, file, mime ) VALUES ( '19300', 'http://www.gutenberg.org/ebooks/19300.epub.images', 'application/epub+zip' );
INSERT INTO files ( gid, file, mime ) VALUES ( '19300', 'http://www.gutenberg.org/ebooks/19300.epub.noimages', 'application/epub+zip' );
INSERT INTO files ( gid, file, mime ) VALUES ( '19300', 'http://www.gutenberg.org/ebooks/19300.kindle.images', 'application/x-mobipocket-ebook' );
INSERT INTO files ( gid, file, mime ) VALUES ( '19300', 'http://www.gutenberg.org/ebooks/19300.kindle.noimages', 'application/x-mobipocket-ebook' );
INSERT INTO files ( gid, file, mime ) VALUES ( '19300', 'http://www.gutenberg.org/ebooks/19300.rdf', 'application/rdf+xml' );
INSERT INTO files ( gid, file, mime ) VALUES ( '19300', 'http://www.gutenberg.org/files/19300/19300-0.txt', 'text/plain; charset=utf-8' );
INSERT INTO files ( gid, file, mime ) VALUES ( '19300', 'http://www.gutenberg.org/files/19300/19300-0.zip', 'application/ziptext/plain; charset=utf-8' );
INSERT INTO files ( gid, file, mime ) VALUES ( '19300', 'http://www.gutenberg.org/files/19300/19300-8.txt', 'text/plain; charset=iso-8859-1' );
INSERT INTO files ( gid, file, mime ) VALUES ( '19300', 'http://www.gutenberg.org/files/19300/19300-8.zip', 'application/ziptext/plain; charset=iso-8859-1' );
INSERT INTO files ( gid, file, mime ) VALUES ( '19300', 'http://www.gutenberg.org/files/19300/19300-h.zip', 'application/ziptext/html; charset=utf-8' );
INSERT INTO files ( gid, file, mime ) VALUES ( '19300', 'http://www.gutenberg.org/files/19300/19300-h/19300-h.html', 'text/html; charset=utf-8' );
INSERT INTO files ( gid, file, mime ) VALUES ( '19300', 'http://www.gutenberg.org/files/19300/19300-pdf.pdf', 'application/pdf' );
INSERT INTO files ( gid, file, mime ) VALUES ( '19300', 'http://www.gutenberg.org/files/19300/19300-pdf.zip', 'application/zipapplication/pdf' );
INSERT INTO files ( gid, file, mime ) VALUES ( '19300', 'http://www.gutenberg.org/files/19300/19300-tei.zip', 'application/prs.teiapplication/zip' );
INSERT INTO files ( gid, file, mime ) VALUES ( '19300', 'http://www.gutenberg.org/files/19300/19300-tei/19300-tei.tei', 'application/prs.tei' );
INSERT INTO files ( gid, file, mime ) VALUES ( '19300', 'http://www.gutenberg.org/files/19300/19300.txt', 'text/plain; charset=us-ascii' );
INSERT INTO files ( gid, file, mime ) VALUES ( '19300', 'http://www.gutenberg.org/files/19300/19300.zip', 'text/plain; charset=us-asciiapplication/zip' );
INSERT INTO titles ( gid, title, author, language, rights ) VALUES ( '19400', 'History Of Egypt, Chaldæa, Syria, Babylonia, and Assyria, Volume 1 (of 12)', 'Maspero, G. (Gaston)', 'en', 'Public domain in the USA.' );
INSERT INTO classifications ( gid, classification ) VALUES ( '19400', 'DS' );
INSERT INTO subjects ( gid, subject ) VALUES ( '19400', 'Middle East -- History' );
INSERT INTO subjects ( gid, subject ) VALUES ( '19400', 'History, Ancient' );
INSERT INTO subjects ( gid, subject ) VALUES ( '19400', 'Civilization, Ancient' );
INSERT INTO subjects ( gid, subject ) VALUES ( '19400', 'Egypt -- History -- To 640 A.D.' );
INSERT INTO files ( gid, file, mime ) VALUES ( '19400', 'http://www.gutenberg.org/cache/epub/19400/pg19400.cover.medium.jpg', 'image/jpeg' );
INSERT INTO files ( gid, file, mime ) VALUES ( '19400', 'http://www.gutenberg.org/cache/epub/19400/pg19400.cover.small.jpg', 'image/jpeg' );
INSERT INTO files ( gid, file, mime ) VALUES ( '19400', 'http://www.gutenberg.org/ebooks/19400.epub.images', 'application/epub+zip' );
INSERT INTO files ( gid, file, mime ) VALUES ( '19400', 'http://www.gutenberg.org/ebooks/19400.epub.noimages', 'application/epub+zip' );
INSERT INTO files ( gid, file, mime ) VALUES ( '19400', 'http://www.gutenberg.org/ebooks/19400.kindle.images', 'application/x-mobipocket-ebook' );
INSERT INTO files ( gid, file, mime ) VALUES ( '19400', 'http://www.gutenberg.org/ebooks/19400.kindle.noimages', 'application/x-mobipocket-ebook' );
INSERT INTO files ( gid, file, mime ) VALUES ( '19400', 'http://www.gutenberg.org/ebooks/19400.rdf', 'application/rdf+xml' );
INSERT INTO files ( gid, file, mime ) VALUES ( '19400', 'http://www.gutenberg.org/ebooks/19400.txt.utf-8', 'text/plain' );
INSERT INTO files ( gid, file, mime ) VALUES ( '19400', 'http://www.gutenberg.org/files/19400/19400-8.txt', 'text/plain; charset=iso-8859-1' );
INSERT INTO files ( gid, file, mime ) VALUES ( '19400', 'http://www.gutenberg.org/files/19400/19400-8.zip', 'application/ziptext/plain; charset=iso-8859-1' );
INSERT INTO files ( gid, file, mime ) VALUES ( '19400', 'http://www.gutenberg.org/files/19400/19400-h.zip', 'application/ziptext/html; charset=iso-8859-1' );
INSERT INTO files ( gid, file, mime ) VALUES ( '19400', 'http://www.gutenberg.org/files/19400/19400-h/19400-h.htm', 'text/html; charset=iso-8859-1' );
INSERT INTO files ( gid, file, mime ) VALUES ( '19400', 'http://www.gutenberg.org/files/19400/19400.txt', 'text/plain; charset=us-ascii' );
INSERT INTO files ( gid, file, mime ) VALUES ( '19400', 'http://www.gutenberg.org/files/19400/19400.zip', 'text/plain; charset=us-asciiapplication/zip' );
INSERT INTO titles ( gid, title, author, language, rights ) VALUES ( '19500', 'Can You Forgive Her?', 'Trollope, Anthony', 'en', 'Public domain in the USA.' );
INSERT INTO classifications ( gid, classification ) VALUES ( '19500', 'PR' );
INSERT INTO subjects ( gid, subject ) VALUES ( '19500', 'London (England) -- Fiction' );
INSERT INTO subjects ( gid, subject ) VALUES ( '19500', 'Great Britain -- Social life and customs -- 19th century -- Fiction' );
INSERT INTO subjects ( gid, subject ) VALUES ( '19500', 'Palliser, Plantagenet (Fictitious character) -- Fiction' );
INSERT INTO subjects ( gid, subject ) VALUES ( '19500', 'Love stories' );
INSERT INTO subjects ( gid, subject ) VALUES ( '19500', 'Political fiction' );
INSERT INTO files ( gid, file, mime ) VALUES ( '19500', 'http://www.gutenberg.org/ebooks/19500.epub.images', 'application/epub+zip' );
INSERT INTO files ( gid, file, mime ) VALUES ( '19500', 'http://www.gutenberg.org/ebooks/19500.epub.noimages', 'application/epub+zip' );
INSERT INTO files ( gid, file, mime ) VALUES ( '19500', 'http://www.gutenberg.org/ebooks/19500.kindle.images', 'application/x-mobipocket-ebook' );
INSERT INTO files ( gid, file, mime ) VALUES ( '19500', 'http://www.gutenberg.org/ebooks/19500.kindle.noimages', 'application/x-mobipocket-ebook' );
INSERT INTO files ( gid, file, mime ) VALUES ( '19500', 'http://www.gutenberg.org/ebooks/19500.rdf', 'application/rdf+xml' );
INSERT INTO files ( gid, file, mime ) VALUES ( '19500', 'http://www.gutenberg.org/ebooks/19500.txt.utf-8', 'text/plain' );
INSERT INTO files ( gid, file, mime ) VALUES ( '19500', 'http://www.gutenberg.org/files/19500/19500-8.txt', 'text/plain; charset=iso-8859-1' );
INSERT INTO files ( gid, file, mime ) VALUES ( '19500', 'http://www.gutenberg.org/files/19500/19500-8.zip', 'application/ziptext/plain; charset=iso-8859-1' );
INSERT INTO files ( gid, file, mime ) VALUES ( '19500', 'http://www.gutenberg.org/files/19500/19500-h.zip', 'text/html; charset=iso-8859-1application/zip' );
INSERT INTO files ( gid, file, mime ) VALUES ( '19500', 'http://www.gutenberg.org/files/19500/19500-h/19500-h.htm', 'text/html; charset=iso-8859-1' );
INSERT INTO files ( gid, file, mime ) VALUES ( '19500', 'http://www.gutenberg.org/files/19500/19500.txt', 'text/plain; charset=us-ascii' );
INSERT INTO files ( gid, file, mime ) VALUES ( '19500', 'http://www.gutenberg.org/files/19500/19500.zip', 'text/plain; charset=us-asciiapplication/zip' );
INSERT INTO titles ( gid, title, author, language, rights ) VALUES ( '19600', 'Jerome Cardan: A Biographical Study', 'Waters, W. G. (William George)', 'en', 'Public domain in the USA.' );
INSERT INTO classifications ( gid, classification ) VALUES ( '19600', 'QA' );
INSERT INTO subjects ( gid, subject ) VALUES ( '19600', 'Cardano, Girolamo, 1501-1576' );
INSERT INTO subjects ( gid, subject ) VALUES ( '19600', 'Mathematicians -- Biography' );
INSERT INTO files ( gid, file, mime ) VALUES ( '19600', 'http://www.gutenberg.org/ebooks/19600.epub.images', 'application/epub+zip' );
INSERT INTO files ( gid, file, mime ) VALUES ( '19600', 'http://www.gutenberg.org/ebooks/19600.epub.noimages', 'application/epub+zip' );
INSERT INTO files ( gid, file, mime ) VALUES ( '19600', 'http://www.gutenberg.org/ebooks/19600.kindle.images', 'application/x-mobipocket-ebook' );
INSERT INTO files ( gid, file, mime ) VALUES ( '19600', 'http://www.gutenberg.org/ebooks/19600.kindle.noimages', 'application/x-mobipocket-ebook' );
INSERT INTO files ( gid, file, mime ) VALUES ( '19600', 'http://www.gutenberg.org/ebooks/19600.rdf', 'application/rdf+xml' );
INSERT INTO files ( gid, file, mime ) VALUES ( '19600', 'http://www.gutenberg.org/ebooks/19600.txt.utf-8', 'text/plain' );
INSERT INTO files ( gid, file, mime ) VALUES ( '19600', 'http://www.gutenberg.org/files/19600/19600-8.txt', 'text/plain; charset=iso-8859-1' );
INSERT INTO files ( gid, file, mime ) VALUES ( '19600', 'http://www.gutenberg.org/files/19600/19600-8.zip', 'text/plain; charset=iso-8859-1application/zip' );
INSERT INTO files ( gid, file, mime ) VALUES ( '19600', 'http://www.gutenberg.org/files/19600/19600-h.zip', 'text/html; charset=iso-8859-1application/zip' );
INSERT INTO files ( gid, file, mime ) VALUES ( '19600', 'http://www.gutenberg.org/files/19600/19600-h/19600-h.htm', 'text/html; charset=iso-8859-1' );
INSERT INTO files ( gid, file, mime ) VALUES ( '19600', 'http://www.gutenberg.org/files/19600/19600.txt', 'text/plain; charset=us-ascii' );
INSERT INTO files ( gid, file, mime ) VALUES ( '19600', 'http://www.gutenberg.org/files/19600/19600.zip', 'application/ziptext/plain; charset=us-ascii' );
INSERT INTO titles ( gid, title, author, language, rights ) VALUES ( '19700', 'Tendresses impériales', 'Napoleon I, Emperor of the French', 'fr', 'Public domain in the USA.' );
INSERT INTO classifications ( gid, classification ) VALUES ( '19700', 'DC' );
INSERT INTO subjects ( gid, subject ) VALUES ( '19700', 'France -- History -- Consulate and First Empire, 1799-1815' );
INSERT INTO subjects ( gid, subject ) VALUES ( '19700', 'Napoleon I, Emperor of the French, 1769-1821 -- Correspondence' );
INSERT INTO files ( gid, file, mime ) VALUES ( '19700', 'http://www.gutenberg.org/ebooks/19700.epub.images', 'application/epub+zip' );
INSERT INTO files ( gid, file, mime ) VALUES ( '19700', 'http://www.gutenberg.org/ebooks/19700.epub.noimages', 'application/epub+zip' );
INSERT INTO files ( gid, file, mime ) VALUES ( '19700', 'http://www.gutenberg.org/ebooks/19700.kindle.images', 'application/x-mobipocket-ebook' );
INSERT INTO files ( gid, file, mime ) VALUES ( '19700', 'http://www.gutenberg.org/ebooks/19700.kindle.noimages', 'application/x-mobipocket-ebook' );
INSERT INTO files ( gid, file, mime ) VALUES ( '19700', 'http://www.gutenberg.org/ebooks/19700.rdf', 'application/rdf+xml' );
INSERT INTO files ( gid, file, mime ) VALUES ( '19700', 'http://www.gutenberg.org/ebooks/19700.txt.utf-8', 'text/plain' );
INSERT INTO files ( gid, file, mime ) VALUES ( '19700', 'http://www.gutenberg.org/files/19700/19700-8.txt', 'text/plain; charset=iso-8859-1' );
INSERT INTO files ( gid, file, mime ) VALUES ( '19700', 'http://www.gutenberg.org/files/19700/19700-8.zip', 'application/ziptext/plain; charset=iso-8859-1' );
INSERT INTO files ( gid, file, mime ) VALUES ( '19700', 'http://www.gutenberg.org/files/19700/19700-h.zip', 'text/html; charset=iso-8859-1application/zip' );
INSERT INTO files ( gid, file, mime ) VALUES ( '19700', 'http://www.gutenberg.org/files/19700/19700-h/19700-h.htm', 'text/html; charset=iso-8859-1' );
INSERT INTO titles ( gid, title, author, language, rights ) VALUES ( '6900', 'Rudin: A Novel', 'Turgenev, Ivan Sergeevich', 'en', 'Public domain in the USA.' );
INSERT INTO classifications ( gid, classification ) VALUES ( '6900', 'PG' );
INSERT INTO subjects ( gid, subject ) VALUES ( '6900', 'Man-woman relationships -- Fiction' );
INSERT INTO subjects ( gid, subject ) VALUES ( '6900', 'Russia -- Intellectual life -- 1801-1917 -- Fiction' );
INSERT INTO subjects ( gid, subject ) VALUES ( '6900', 'Upper class -- Russia -- Fiction' );
INSERT INTO files ( gid, file, mime ) VALUES ( '6900', 'http://www.gutenberg.org/ebooks/6900.epub.images', 'application/epub+zip' );
INSERT INTO files ( gid, file, mime ) VALUES ( '6900', 'http://www.gutenberg.org/ebooks/6900.epub.noimages', 'application/epub+zip' );
INSERT INTO files ( gid, file, mime ) VALUES ( '6900', 'http://www.gutenberg.org/ebooks/6900.kindle.images', 'application/x-mobipocket-ebook' );
INSERT INTO files ( gid, file, mime ) VALUES ( '6900', 'http://www.gutenberg.org/ebooks/6900.kindle.noimages', 'application/x-mobipocket-ebook' );
INSERT INTO files ( gid, file, mime ) VALUES ( '6900', 'http://www.gutenberg.org/ebooks/6900.rdf', 'application/rdf+xml' );
INSERT INTO files ( gid, file, mime ) VALUES ( '6900', 'http://www.gutenberg.org/files/6900/6900-0.txt', 'text/plain; charset=utf-8' );
INSERT INTO files ( gid, file, mime ) VALUES ( '6900', 'http://www.gutenberg.org/files/6900/6900-0.zip', 'text/plain; charset=utf-8application/zip' );
INSERT INTO files ( gid, file, mime ) VALUES ( '6900', 'http://www.gutenberg.org/files/6900/6900-h.zip', 'application/ziptext/html; charset=utf-8' );
INSERT INTO files ( gid, file, mime ) VALUES ( '6900', 'http://www.gutenberg.org/files/6900/6900-h/6900-h.htm', 'text/html; charset=utf-8' );
INSERT INTO files ( gid, file, mime ) VALUES ( '6900', 'http://www.gutenberg.org/files/6900/6900.txt', 'text/plain; charset=us-ascii' );
INSERT INTO files ( gid, file, mime ) VALUES ( '6900', 'http://www.gutenberg.org/files/6900/6900.zip', 'text/plain; charset=us-asciiapplication/zip' );
INSERT INTO titles ( gid, title, author, language, rights ) VALUES ( '19800', 'London and the Kingdom - Volume 1 A History Derived Mainly from the Archives at Guildhall in the Custody of the Corporation of the City of London.', 'Sharpe, Reginald R. (Reginald Robinson)', 'en', 'Public domain in the USA.' );
INSERT INTO classifications ( gid, classification ) VALUES ( '19800', 'DA' );
INSERT INTO subjects ( gid, subject ) VALUES ( '19800', 'London (England) -- History' );
INSERT INTO files ( gid, file, mime ) VALUES ( '19800', 'http://www.gutenberg.org/ebooks/19800.epub.images', 'application/epub+zip' );
INSERT INTO files ( gid, file, mime ) VALUES ( '19800', 'http://www.gutenberg.org/ebooks/19800.epub.noimages', 'application/epub+zip' );
INSERT INTO files ( gid, file, mime ) VALUES ( '19800', 'http://www.gutenberg.org/ebooks/19800.kindle.images', 'application/x-mobipocket-ebook' );
INSERT INTO files ( gid, file, mime ) VALUES ( '19800', 'http://www.gutenberg.org/ebooks/19800.kindle.noimages', 'application/x-mobipocket-ebook' );
INSERT INTO files ( gid, file, mime ) VALUES ( '19800', 'http://www.gutenberg.org/ebooks/19800.rdf', 'application/rdf+xml' );
INSERT INTO files ( gid, file, mime ) VALUES ( '19800', 'http://www.gutenberg.org/files/19800/19800-0.txt', 'text/plain; charset=utf-8' );
INSERT INTO files ( gid, file, mime ) VALUES ( '19800', 'http://www.gutenberg.org/files/19800/19800-0.zip', 'application/ziptext/plain; charset=utf-8' );
INSERT INTO files ( gid, file, mime ) VALUES ( '19800', 'http://www.gutenberg.org/files/19800/19800-8.txt', 'text/plain; charset=iso-8859-1' );
INSERT INTO files ( gid, file, mime ) VALUES ( '19800', 'http://www.gutenberg.org/files/19800/19800-8.zip', 'text/plain; charset=iso-8859-1application/zip' );
INSERT INTO files ( gid, file, mime ) VALUES ( '19800', 'http://www.gutenberg.org/files/19800/19800-h.zip', 'text/html; charset=utf-8application/zip' );
INSERT INTO files ( gid, file, mime ) VALUES ( '19800', 'http://www.gutenberg.org/files/19800/19800-h/19800-h.html', 'text/html; charset=utf-8' );
INSERT INTO files ( gid, file, mime ) VALUES ( '19800', 'http://www.gutenberg.org/files/19800/19800-pdf.pdf', 'application/pdf' );
INSERT INTO files ( gid, file, mime ) VALUES ( '19800', 'http://www.gutenberg.org/files/19800/19800-pdf.zip', 'application/pdfapplication/zip' );
INSERT INTO files ( gid, file, mime ) VALUES ( '19800', 'http://www.gutenberg.org/files/19800/19800-tei.zip', 'application/prs.teiapplication/zip' );
INSERT INTO files ( gid, file, mime ) VALUES ( '19800', 'http://www.gutenberg.org/files/19800/19800-tei/19800-tei.tei', 'application/prs.tei' );
INSERT INTO files ( gid, file, mime ) VALUES ( '19800', 'http://www.gutenberg.org/files/19800/19800.txt', 'text/plain; charset=us-ascii' );
INSERT INTO files ( gid, file, mime ) VALUES ( '19800', 'http://www.gutenberg.org/files/19800/19800.zip', 'application/ziptext/plain; charset=us-ascii' );
INSERT INTO titles ( gid, title, author, language, rights ) VALUES ( '7000', 'Kalevala', '', 'fi', 'Public domain in the USA.' );
INSERT INTO classifications ( gid, classification ) VALUES ( '7000', 'PH' );
INSERT INTO subjects ( gid, subject ) VALUES ( '7000', 'Finnish poetry' );
INSERT INTO files ( gid, file, mime ) VALUES ( '7000', 'http://www.gutenberg.org/ebooks/7000.epub.images', 'application/epub+zip' );
INSERT INTO files ( gid, file, mime ) VALUES ( '7000', 'http://www.gutenberg.org/ebooks/7000.epub.noimages', 'application/epub+zip' );
INSERT INTO files ( gid, file, mime ) VALUES ( '7000', 'http://www.gutenberg.org/ebooks/7000.kindle.images', 'application/x-mobipocket-ebook' );
INSERT INTO files ( gid, file, mime ) VALUES ( '7000', 'http://www.gutenberg.org/ebooks/7000.kindle.noimages', 'application/x-mobipocket-ebook' );
INSERT INTO files ( gid, file, mime ) VALUES ( '7000', 'http://www.gutenberg.org/ebooks/7000.rdf', 'application/rdf+xml' );
INSERT INTO files ( gid, file, mime ) VALUES ( '7000', 'http://www.gutenberg.org/ebooks/7000.txt.utf-8', 'text/plain' );
INSERT INTO files ( gid, file, mime ) VALUES ( '7000', 'http://www.gutenberg.org/files/7000/7000-8.txt', 'text/plain; charset=iso-8859-1' );
INSERT INTO files ( gid, file, mime ) VALUES ( '7000', 'http://www.gutenberg.org/files/7000/7000-8.zip', 'application/ziptext/plain; charset=iso-8859-1' );
INSERT INTO files ( gid, file, mime ) VALUES ( '7000', 'http://www.gutenberg.org/files/7000/7000-h.zip', 'application/ziptext/html; charset=iso-8859-1' );
INSERT INTO files ( gid, file, mime ) VALUES ( '7000', 'http://www.gutenberg.org/files/7000/7000-h/7000-h.htm', 'text/html; charset=iso-8859-1' );
INSERT INTO titles ( gid, title, author, language, rights ) VALUES ( '700', 'The Old Curiosity Shop', 'Dickens, Charles', 'en', 'Public domain in the USA.' );
INSERT INTO classifications ( gid, classification ) VALUES ( '700', 'PR' );
INSERT INTO subjects ( gid, subject ) VALUES ( '700', 'Grandfathers -- Fiction' );
INSERT INTO subjects ( gid, subject ) VALUES ( '700', 'Grandparent and child -- Fiction' );
INSERT INTO subjects ( gid, subject ) VALUES ( '700', 'Antique dealers -- Fiction' );
INSERT INTO subjects ( gid, subject ) VALUES ( '700', 'Gamblers -- Fiction' );
INSERT INTO subjects ( gid, subject ) VALUES ( '700', 'England -- Fiction' );
INSERT INTO subjects ( gid, subject ) VALUES ( '700', 'Didactic fiction' );
INSERT INTO subjects ( gid, subject ) VALUES ( '700', 'Girls -- Fiction' );
INSERT INTO subjects ( gid, subject ) VALUES ( '700', 'Domestic fiction' );
INSERT INTO files ( gid, file, mime ) VALUES ( '700', 'http://www.gutenberg.org/ebooks/700.epub.images', 'application/epub+zip' );
INSERT INTO files ( gid, file, mime ) VALUES ( '700', 'http://www.gutenberg.org/ebooks/700.epub.noimages', 'application/epub+zip' );
INSERT INTO files ( gid, file, mime ) VALUES ( '700', 'http://www.gutenberg.org/ebooks/700.kindle.images', 'application/x-mobipocket-ebook' );
INSERT INTO files ( gid, file, mime ) VALUES ( '700', 'http://www.gutenberg.org/ebooks/700.kindle.noimages', 'application/x-mobipocket-ebook' );
INSERT INTO files ( gid, file, mime ) VALUES ( '700', 'http://www.gutenberg.org/ebooks/700.rdf', 'application/rdf+xml' );
INSERT INTO files ( gid, file, mime ) VALUES ( '700', 'http://www.gutenberg.org/files/700/700-0.txt', 'text/plain; charset=utf-8' );
INSERT INTO files ( gid, file, mime ) VALUES ( '700', 'http://www.gutenberg.org/files/700/700-0.zip', 'text/plain; charset=utf-8application/zip' );
INSERT INTO files ( gid, file, mime ) VALUES ( '700', 'http://www.gutenberg.org/files/700/700-h.zip', 'application/ziptext/html; charset=utf-8' );
INSERT INTO files ( gid, file, mime ) VALUES ( '700', 'http://www.gutenberg.org/files/700/700-h/700-h.htm', 'text/html; charset=utf-8' );
INSERT INTO files ( gid, file, mime ) VALUES ( '700', 'http://www.gutenberg.org/files/700/700.txt', 'text/plain; charset=us-ascii' );
INSERT INTO files ( gid, file, mime ) VALUES ( '700', 'http://www.gutenberg.org/files/700/700.zip', 'text/plain; charset=us-asciiapplication/zip' );
INSERT INTO titles ( gid, title, author, language, rights ) VALUES ( '7100', 'Adventures of Huckleberry Finn, Chapters 01 to 05', 'Twain, Mark', 'en', 'Public domain in the USA.' );
INSERT INTO classifications ( gid, classification ) VALUES ( '7100', 'PS' );
INSERT INTO classifications ( gid, classification ) VALUES ( '7100', 'PZ' );
INSERT INTO subjects ( gid, subject ) VALUES ( '7100', 'Finn, Huckleberry (Fictitious character) -- Fiction' );
INSERT INTO subjects ( gid, subject ) VALUES ( '7100', 'Boys -- Fiction' );
INSERT INTO subjects ( gid, subject ) VALUES ( '7100', 'Male friendship -- Fiction' );
INSERT INTO subjects ( gid, subject ) VALUES ( '7100', 'Adventure stories' );
INSERT INTO subjects ( gid, subject ) VALUES ( '7100', 'Mississippi River -- Fiction' );
INSERT INTO subjects ( gid, subject ) VALUES ( '7100', 'Missouri -- Fiction' );
INSERT INTO subjects ( gid, subject ) VALUES ( '7100', 'Race relations -- Fiction' );
INSERT INTO subjects ( gid, subject ) VALUES ( '7100', 'Fugitive slaves -- Fiction' );
INSERT INTO subjects ( gid, subject ) VALUES ( '7100', 'Humorous stories' );
INSERT INTO subjects ( gid, subject ) VALUES ( '7100', 'Runaway children -- Fiction' );
INSERT INTO subjects ( gid, subject ) VALUES ( '7100', 'Bildungsromans' );
INSERT INTO files ( gid, file, mime ) VALUES ( '7100', 'http://www.gutenberg.org/cache/epub/7100/pg7100.cover.medium.jpg', 'image/jpeg' );
INSERT INTO files ( gid, file, mime ) VALUES ( '7100', 'http://www.gutenberg.org/cache/epub/7100/pg7100.cover.small.jpg', 'image/jpeg' );
INSERT INTO files ( gid, file, mime ) VALUES ( '7100', 'http://www.gutenberg.org/ebooks/7100.epub.images', 'application/epub+zip' );
INSERT INTO files ( gid, file, mime ) VALUES ( '7100', 'http://www.gutenberg.org/ebooks/7100.epub.noimages', 'application/epub+zip' );
INSERT INTO files ( gid, file, mime ) VALUES ( '7100', 'http://www.gutenberg.org/ebooks/7100.kindle.images', 'application/x-mobipocket-ebook' );
INSERT INTO files ( gid, file, mime ) VALUES ( '7100', 'http://www.gutenberg.org/ebooks/7100.kindle.noimages', 'application/x-mobipocket-ebook' );
INSERT INTO files ( gid, file, mime ) VALUES ( '7100', 'http://www.gutenberg.org/ebooks/7100.rdf', 'application/rdf+xml' );
INSERT INTO files ( gid, file, mime ) VALUES ( '7100', 'http://www.gutenberg.org/ebooks/7100.txt.utf-8', 'text/plain' );
INSERT INTO files ( gid, file, mime ) VALUES ( '7100', 'http://www.gutenberg.org/files/7100/7100-h.zip', 'application/ziptext/html; charset=iso-8859-1' );
INSERT INTO files ( gid, file, mime ) VALUES ( '7100', 'http://www.gutenberg.org/files/7100/7100-h/7100-h.htm', 'text/html; charset=iso-8859-1' );
INSERT INTO files ( gid, file, mime ) VALUES ( '7100', 'http://www.gutenberg.org/files/7100/7100.txt', 'text/plain; charset=us-ascii' );
INSERT INTO files ( gid, file, mime ) VALUES ( '7100', 'http://www.gutenberg.org/files/7100/7100.zip', 'text/plain; charset=us-asciiapplication/zip' );
INSERT INTO titles ( gid, title, author, language, rights ) VALUES ( '7200', 'The Adventures of Tom Sawyer, Part 8.', 'Twain, Mark', 'en', 'Public domain in the USA.' );
INSERT INTO classifications ( gid, classification ) VALUES ( '7200', 'PZ' );
INSERT INTO classifications ( gid, classification ) VALUES ( '7200', 'PS' );
INSERT INTO subjects ( gid, subject ) VALUES ( '7200', 'Missouri -- Fiction' );
INSERT INTO subjects ( gid, subject ) VALUES ( '7200', 'Bildungsromans' );
INSERT INTO subjects ( gid, subject ) VALUES ( '7200', 'Sawyer, Tom (Fictitious character) -- Fiction' );
INSERT INTO subjects ( gid, subject ) VALUES ( '7200', 'Humorous stories' );
INSERT INTO subjects ( gid, subject ) VALUES ( '7200', 'Male friendship -- Fiction' );
INSERT INTO subjects ( gid, subject ) VALUES ( '7200', 'Runaway children -- Fiction' );
INSERT INTO subjects ( gid, subject ) VALUES ( '7200', 'Boys -- Fiction' );
INSERT INTO subjects ( gid, subject ) VALUES ( '7200', 'Mississippi River Valley -- Fiction' );
INSERT INTO subjects ( gid, subject ) VALUES ( '7200', 'Adventure stories' );
INSERT INTO subjects ( gid, subject ) VALUES ( '7200', 'Child witnesses -- Fiction' );
INSERT INTO files ( gid, file, mime ) VALUES ( '7200', 'http://www.gutenberg.org/cache/epub/7200/pg7200.cover.medium.jpg', 'image/jpeg' );
INSERT INTO files ( gid, file, mime ) VALUES ( '7200', 'http://www.gutenberg.org/cache/epub/7200/pg7200.cover.small.jpg', 'image/jpeg' );
INSERT INTO files ( gid, file, mime ) VALUES ( '7200', 'http://www.gutenberg.org/ebooks/7200.epub.images', 'application/epub+zip' );
INSERT INTO files ( gid, file, mime ) VALUES ( '7200', 'http://www.gutenberg.org/ebooks/7200.epub.noimages', 'application/epub+zip' );
INSERT INTO files ( gid, file, mime ) VALUES ( '7200', 'http://www.gutenberg.org/ebooks/7200.kindle.images', 'application/x-mobipocket-ebook' );
INSERT INTO files ( gid, file, mime ) VALUES ( '7200', 'http://www.gutenberg.org/ebooks/7200.kindle.noimages', 'application/x-mobipocket-ebook' );
INSERT INTO files ( gid, file, mime ) VALUES ( '7200', 'http://www.gutenberg.org/ebooks/7200.rdf', 'application/rdf+xml' );
INSERT INTO files ( gid, file, mime ) VALUES ( '7200', 'http://www.gutenberg.org/ebooks/7200.txt.utf-8', 'text/plain' );
INSERT INTO files ( gid, file, mime ) VALUES ( '7200', 'http://www.gutenberg.org/files/7200/7200-h.zip', 'text/html; charset=iso-8859-1application/zip' );
INSERT INTO files ( gid, file, mime ) VALUES ( '7200', 'http://www.gutenberg.org/files/7200/7200-h/7200-h.htm', 'text/html; charset=iso-8859-1' );
INSERT INTO files ( gid, file, mime ) VALUES ( '7200', 'http://www.gutenberg.org/files/7200/7200.txt', 'text/plain; charset=us-ascii' );
INSERT INTO files ( gid, file, mime ) VALUES ( '7200', 'http://www.gutenberg.org/files/7200/7200.zip', 'application/ziptext/plain; charset=us-ascii' );
INSERT INTO titles ( gid, title, author, language, rights ) VALUES ( '7300', 'Woman and the Republic A Survey of the Woman-Suffrage Movement in the United States and a Discussion of the Claims and Arguments of Its Foremost Advocates', 'Johnson, Helen Kendrick', 'en', 'Public domain in the USA.' );
INSERT INTO classifications ( gid, classification ) VALUES ( '7300', 'JK' );
INSERT INTO subjects ( gid, subject ) VALUES ( '7300', 'Women -- Legal status, laws, etc. -- United States' );
INSERT INTO subjects ( gid, subject ) VALUES ( '7300', 'Women -- Suffrage -- United States' );
INSERT INTO files ( gid, file, mime ) VALUES ( '7300', 'http://www.gutenberg.org/ebooks/7300.epub.images', 'application/epub+zip' );
INSERT INTO files ( gid, file, mime ) VALUES ( '7300', 'http://www.gutenberg.org/ebooks/7300.epub.noimages', 'application/epub+zip' );
INSERT INTO files ( gid, file, mime ) VALUES ( '7300', 'http://www.gutenberg.org/ebooks/7300.html.images', 'text/html' );
INSERT INTO files ( gid, file, mime ) VALUES ( '7300', 'http://www.gutenberg.org/ebooks/7300.html.noimages', 'text/html' );
INSERT INTO files ( gid, file, mime ) VALUES ( '7300', 'http://www.gutenberg.org/ebooks/7300.kindle.images', 'application/x-mobipocket-ebook' );
INSERT INTO files ( gid, file, mime ) VALUES ( '7300', 'http://www.gutenberg.org/ebooks/7300.kindle.noimages', 'application/x-mobipocket-ebook' );
INSERT INTO files ( gid, file, mime ) VALUES ( '7300', 'http://www.gutenberg.org/ebooks/7300.rdf', 'application/rdf+xml' );
INSERT INTO files ( gid, file, mime ) VALUES ( '7300', 'http://www.gutenberg.org/ebooks/7300.txt.utf-8', 'text/plain' );
INSERT INTO files ( gid, file, mime ) VALUES ( '7300', 'http://www.gutenberg.org/files/7300/7300-8.txt', 'text/plain; charset=iso-8859-1' );
INSERT INTO files ( gid, file, mime ) VALUES ( '7300', 'http://www.gutenberg.org/files/7300/7300-8.zip', 'text/plain; charset=iso-8859-1application/zip' );
INSERT INTO titles ( gid, title, author, language, rights ) VALUES ( '7400', 'The Poetical Works of Oliver Wendell Holmes — Complete', 'Holmes, Oliver Wendell', 'en', 'Public domain in the USA.' );
INSERT INTO classifications ( gid, classification ) VALUES ( '7400', 'PS' );
INSERT INTO subjects ( gid, subject ) VALUES ( '7400', 'American poetry' );
INSERT INTO files ( gid, file, mime ) VALUES ( '7400', 'http://www.gutenberg.org/ebooks/7400.epub.images', 'application/epub+zip' );
INSERT INTO files ( gid, file, mime ) VALUES ( '7400', 'http://www.gutenberg.org/ebooks/7400.epub.noimages', 'application/epub+zip' );
INSERT INTO files ( gid, file, mime ) VALUES ( '7400', 'http://www.gutenberg.org/ebooks/7400.html.images', 'text/html' );
INSERT INTO files ( gid, file, mime ) VALUES ( '7400', 'http://www.gutenberg.org/ebooks/7400.html.noimages', 'text/html' );
INSERT INTO files ( gid, file, mime ) VALUES ( '7400', 'http://www.gutenberg.org/ebooks/7400.kindle.images', 'application/x-mobipocket-ebook' );
INSERT INTO files ( gid, file, mime ) VALUES ( '7400', 'http://www.gutenberg.org/ebooks/7400.kindle.noimages', 'application/x-mobipocket-ebook' );
INSERT INTO files ( gid, file, mime ) VALUES ( '7400', 'http://www.gutenberg.org/ebooks/7400.rdf', 'application/rdf+xml' );
INSERT INTO files ( gid, file, mime ) VALUES ( '7400', 'http://www.gutenberg.org/ebooks/7400.txt.utf-8', 'text/plain' );
INSERT INTO files ( gid, file, mime ) VALUES ( '7400', 'http://www.gutenberg.org/files/7400/7400.txt', 'text/plain; charset=us-ascii' );
INSERT INTO files ( gid, file, mime ) VALUES ( '7400', 'http://www.gutenberg.org/files/7400/7400.zip', 'text/plain; charset=us-asciiapplication/zip' );
INSERT INTO titles ( gid, title, author, language, rights ) VALUES ( '7600', 'Select Speeches of Daniel Webster, 1817-1845', 'Webster, Daniel', 'en', 'Public domain in the USA.' );
INSERT INTO subjects ( gid, subject ) VALUES ( '7600', 'Speeches, addresses, etc., American' );
INSERT INTO subjects ( gid, subject ) VALUES ( '7600', 'E300' );
INSERT INTO files ( gid, file, mime ) VALUES ( '7600', 'http://www.gutenberg.org/ebooks/7600.epub.images', 'application/epub+zip' );
INSERT INTO files ( gid, file, mime ) VALUES ( '7600', 'http://www.gutenberg.org/ebooks/7600.epub.noimages', 'application/epub+zip' );
INSERT INTO files ( gid, file, mime ) VALUES ( '7600', 'http://www.gutenberg.org/ebooks/7600.kindle.images', 'application/x-mobipocket-ebook' );
INSERT INTO files ( gid, file, mime ) VALUES ( '7600', 'http://www.gutenberg.org/ebooks/7600.kindle.noimages', 'application/x-mobipocket-ebook' );
INSERT INTO files ( gid, file, mime ) VALUES ( '7600', 'http://www.gutenberg.org/ebooks/7600.rdf', 'application/rdf+xml' );
INSERT INTO files ( gid, file, mime ) VALUES ( '7600', 'http://www.gutenberg.org/ebooks/7600.txt.utf-8', 'text/plain' );
INSERT INTO files ( gid, file, mime ) VALUES ( '7600', 'http://www.gutenberg.org/files/7600/7600-8.txt', 'text/plain; charset=iso-8859-1' );
INSERT INTO files ( gid, file, mime ) VALUES ( '7600', 'http://www.gutenberg.org/files/7600/7600-8.zip', 'text/plain; charset=iso-8859-1application/zip' );
INSERT INTO files ( gid, file, mime ) VALUES ( '7600', 'http://www.gutenberg.org/files/7600/7600-h.zip', 'application/ziptext/html; charset=utf-8' );
INSERT INTO files ( gid, file, mime ) VALUES ( '7600', 'http://www.gutenberg.org/files/7600/7600-h/7600-h.htm', 'text/html; charset=utf-8' );
INSERT INTO files ( gid, file, mime ) VALUES ( '7600', 'http://www.gutenberg.org/files/7600/7600.txt', 'text/plain; charset=us-ascii' );
INSERT INTO files ( gid, file, mime ) VALUES ( '7600', 'http://www.gutenberg.org/files/7600/7600.zip', 'application/ziptext/plain; charset=us-ascii' );
INSERT INTO titles ( gid, title, author, language, rights ) VALUES ( '7500', 'Heidis Lehr- und Wanderjahre', 'Spyri, Johanna', 'de', 'Public domain in the USA.' );
INSERT INTO classifications ( gid, classification ) VALUES ( '7500', 'PT' );
INSERT INTO classifications ( gid, classification ) VALUES ( '7500', 'PZ' );
INSERT INTO subjects ( gid, subject ) VALUES ( '7500', 'Orphans -- Fiction' );
INSERT INTO subjects ( gid, subject ) VALUES ( '7500', 'Switzerland -- History -- 19th century -- Fiction' );
INSERT INTO subjects ( gid, subject ) VALUES ( '7500', 'Grandfathers -- Fiction' );
INSERT INTO subjects ( gid, subject ) VALUES ( '7500', 'Mountain life -- Switzerland -- Fiction' );
INSERT INTO files ( gid, file, mime ) VALUES ( '7500', 'http://www.gutenberg.org/ebooks/7500.epub.images', 'application/epub+zip' );
INSERT INTO files ( gid, file, mime ) VALUES ( '7500', 'http://www.gutenberg.org/ebooks/7500.epub.noimages', 'application/epub+zip' );
INSERT INTO files ( gid, file, mime ) VALUES ( '7500', 'http://www.gutenberg.org/ebooks/7500.kindle.images', 'application/x-mobipocket-ebook' );
INSERT INTO files ( gid, file, mime ) VALUES ( '7500', 'http://www.gutenberg.org/ebooks/7500.kindle.noimages', 'application/x-mobipocket-ebook' );
INSERT INTO files ( gid, file, mime ) VALUES ( '7500', 'http://www.gutenberg.org/ebooks/7500.rdf', 'application/rdf+xml' );
INSERT INTO files ( gid, file, mime ) VALUES ( '7500', 'http://www.gutenberg.org/ebooks/7500.txt.utf-8', 'text/plain' );
INSERT INTO files ( gid, file, mime ) VALUES ( '7500', 'http://www.gutenberg.org/files/7500/7500-8.txt', 'text/plain; charset=iso-8859-1' );
INSERT INTO files ( gid, file, mime ) VALUES ( '7500', 'http://www.gutenberg.org/files/7500/7500-8.zip', 'application/ziptext/plain; charset=iso-8859-1' );
INSERT INTO files ( gid, file, mime ) VALUES ( '7500', 'http://www.gutenberg.org/files/7500/7500-h.zip', 'text/html; charset=iso-8859-1application/zip' );
INSERT INTO files ( gid, file, mime ) VALUES ( '7500', 'http://www.gutenberg.org/files/7500/7500-h/7500-h.htm', 'text/html; charset=iso-8859-1' );
INSERT INTO titles ( gid, title, author, language, rights ) VALUES ( '7800', 'Outlines of English and American Literature An Introduction to the Chief Writers of England and America, to the Books They Wrote, and to the Times in Which They Lived', 'Long, William J. (William Joseph)', 'en', 'Public domain in the USA.' );
INSERT INTO classifications ( gid, classification ) VALUES ( '7800', 'PS' );
INSERT INTO classifications ( gid, classification ) VALUES ( '7800', 'PR' );
INSERT INTO subjects ( gid, subject ) VALUES ( '7800', 'English literature -- History and criticism' );
INSERT INTO subjects ( gid, subject ) VALUES ( '7800', 'American literature -- History and criticism' );
INSERT INTO files ( gid, file, mime ) VALUES ( '7800', 'http://www.gutenberg.org/ebooks/7800.epub.images', 'application/epub+zip' );
INSERT INTO files ( gid, file, mime ) VALUES ( '7800', 'http://www.gutenberg.org/ebooks/7800.epub.noimages', 'application/epub+zip' );
INSERT INTO files ( gid, file, mime ) VALUES ( '7800', 'http://www.gutenberg.org/ebooks/7800.html.images', 'text/html' );
INSERT INTO files ( gid, file, mime ) VALUES ( '7800', 'http://www.gutenberg.org/ebooks/7800.html.noimages', 'text/html' );
INSERT INTO files ( gid, file, mime ) VALUES ( '7800', 'http://www.gutenberg.org/ebooks/7800.kindle.images', 'application/x-mobipocket-ebook' );
INSERT INTO files ( gid, file, mime ) VALUES ( '7800', 'http://www.gutenberg.org/ebooks/7800.kindle.noimages', 'application/x-mobipocket-ebook' );
INSERT INTO files ( gid, file, mime ) VALUES ( '7800', 'http://www.gutenberg.org/ebooks/7800.rdf', 'application/rdf+xml' );
INSERT INTO files ( gid, file, mime ) VALUES ( '7800', 'http://www.gutenberg.org/ebooks/7800.txt.utf-8', 'text/plain' );
INSERT INTO files ( gid, file, mime ) VALUES ( '7800', 'http://www.gutenberg.org/files/7800/7800-8.txt', 'text/plain; charset=iso-8859-1' );
INSERT INTO files ( gid, file, mime ) VALUES ( '7800', 'http://www.gutenberg.org/files/7800/7800-8.zip', 'text/plain; charset=iso-8859-1application/zip' );
INSERT INTO titles ( gid, title, author, language, rights ) VALUES ( '7700', 'Lysistrata', 'Aristophanes', 'en', 'Public domain in the USA.' );
INSERT INTO classifications ( gid, classification ) VALUES ( '7700', 'PA' );
INSERT INTO subjects ( gid, subject ) VALUES ( '7700', 'Peace movements -- Drama' );
INSERT INTO subjects ( gid, subject ) VALUES ( '7700', 'Women and peace -- Drama' );
INSERT INTO subjects ( gid, subject ) VALUES ( '7700', 'Greece -- History -- Peloponnesian War, 431-404 B.C. -- Drama' );
INSERT INTO subjects ( gid, subject ) VALUES ( '7700', 'Comedies' );
INSERT INTO subjects ( gid, subject ) VALUES ( '7700', 'Aristophanes -- Translations into English' );
INSERT INTO subjects ( gid, subject ) VALUES ( '7700', 'Lysistrata (Fictitious character) -- Drama' );
INSERT INTO subjects ( gid, subject ) VALUES ( '7700', 'Greek drama (Comedy) -- Translations into English' );
INSERT INTO files ( gid, file, mime ) VALUES ( '7700', 'http://www.gutenberg.org/ebooks/7700.epub.images', 'application/epub+zip' );
INSERT INTO files ( gid, file, mime ) VALUES ( '7700', 'http://www.gutenberg.org/ebooks/7700.epub.noimages', 'application/epub+zip' );
INSERT INTO files ( gid, file, mime ) VALUES ( '7700', 'http://www.gutenberg.org/ebooks/7700.kindle.images', 'application/x-mobipocket-ebook' );
INSERT INTO files ( gid, file, mime ) VALUES ( '7700', 'http://www.gutenberg.org/ebooks/7700.kindle.noimages', 'application/x-mobipocket-ebook' );
INSERT INTO files ( gid, file, mime ) VALUES ( '7700', 'http://www.gutenberg.org/ebooks/7700.rdf', 'application/rdf+xml' );
INSERT INTO files ( gid, file, mime ) VALUES ( '7700', 'http://www.gutenberg.org/ebooks/7700.txt.utf-8', 'text/plain' );
INSERT INTO files ( gid, file, mime ) VALUES ( '7700', 'http://www.gutenberg.org/files/7700/7700-h.zip', 'text/html; charset=iso-8859-1application/zip' );
INSERT INTO files ( gid, file, mime ) VALUES ( '7700', 'http://www.gutenberg.org/files/7700/7700-h/7700-h.htm', 'text/html; charset=iso-8859-1' );
INSERT INTO files ( gid, file, mime ) VALUES ( '7700', 'http://www.gutenberg.org/files/7700/7700.txt', 'text/plain; charset=us-ascii' );
INSERT INTO files ( gid, file, mime ) VALUES ( '7700', 'http://www.gutenberg.org/files/7700/7700.zip', 'text/plain; charset=us-asciiapplication/zip' );
INSERT INTO titles ( gid, title, author, language, rights ) VALUES ( '19900', 'The Mysteries of All Nations Rise and Progress of Superstition, Laws Against and Trials of Witches, Ancient and Modern Delusions Together with Strange Customs, Fables, and Tales', 'Grant, James (Archaeologist)', 'en', 'Public domain in the USA.' );
INSERT INTO classifications ( gid, classification ) VALUES ( '19900', 'BF' );
INSERT INTO subjects ( gid, subject ) VALUES ( '19900', 'Superstition' );
INSERT INTO subjects ( gid, subject ) VALUES ( '19900', 'Trials (Witchcraft)' );
INSERT INTO subjects ( gid, subject ) VALUES ( '19900', 'Occultism' );
INSERT INTO files ( gid, file, mime ) VALUES ( '19900', 'http://www.gutenberg.org/ebooks/19900.epub.images', 'application/epub+zip' );
INSERT INTO files ( gid, file, mime ) VALUES ( '19900', 'http://www.gutenberg.org/ebooks/19900.epub.noimages', 'application/epub+zip' );
INSERT INTO files ( gid, file, mime ) VALUES ( '19900', 'http://www.gutenberg.org/ebooks/19900.kindle.images', 'application/x-mobipocket-ebook' );
INSERT INTO files ( gid, file, mime ) VALUES ( '19900', 'http://www.gutenberg.org/ebooks/19900.kindle.noimages', 'application/x-mobipocket-ebook' );
INSERT INTO files ( gid, file, mime ) VALUES ( '19900', 'http://www.gutenberg.org/ebooks/19900.rdf', 'application/rdf+xml' );
INSERT INTO files ( gid, file, mime ) VALUES ( '19900', 'http://www.gutenberg.org/files/19900/19900-0.txt', 'text/plain; charset=utf-8' );
INSERT INTO files ( gid, file, mime ) VALUES ( '19900', 'http://www.gutenberg.org/files/19900/19900-0.zip', 'application/ziptext/plain; charset=utf-8' );
INSERT INTO files ( gid, file, mime ) VALUES ( '19900', 'http://www.gutenberg.org/files/19900/19900-8.txt', 'text/plain; charset=iso-8859-1' );
INSERT INTO files ( gid, file, mime ) VALUES ( '19900', 'http://www.gutenberg.org/files/19900/19900-8.zip', 'application/ziptext/plain; charset=iso-8859-1' );
INSERT INTO files ( gid, file, mime ) VALUES ( '19900', 'http://www.gutenberg.org/files/19900/19900-h.zip', 'application/ziptext/html; charset=iso-8859-1' );
INSERT INTO files ( gid, file, mime ) VALUES ( '19900', 'http://www.gutenberg.org/files/19900/19900-h/19900-h.htm', 'text/html; charset=iso-8859-1' );
INSERT INTO files ( gid, file, mime ) VALUES ( '19900', 'http://www.gutenberg.org/files/19900/19900.txt', 'text/plain; charset=us-ascii' );
INSERT INTO files ( gid, file, mime ) VALUES ( '19900', 'http://www.gutenberg.org/files/19900/19900.zip', 'application/ziptext/plain; charset=us-ascii' );
INSERT INTO titles ( gid, title, author, language, rights ) VALUES ( '2000', 'Don Quijote', 'Cervantes Saavedra, Miguel de', 'es', 'Public domain in the USA.' );
INSERT INTO classifications ( gid, classification ) VALUES ( '2000', 'PQ' );
INSERT INTO subjects ( gid, subject ) VALUES ( '2000', 'Romances' );
INSERT INTO subjects ( gid, subject ) VALUES ( '2000', 'Spain -- Social life and customs -- 16th century -- Fiction' );
INSERT INTO subjects ( gid, subject ) VALUES ( '2000', 'Picaresque literature' );
INSERT INTO subjects ( gid, subject ) VALUES ( '2000', 'Knights and knighthood -- Spain -- Fiction' );
INSERT INTO files ( gid, file, mime ) VALUES ( '2000', 'http://www.gutenberg.org/ebooks/2000.epub.images', 'application/epub+zip' );
INSERT INTO files ( gid, file, mime ) VALUES ( '2000', 'http://www.gutenberg.org/ebooks/2000.epub.noimages', 'application/epub+zip' );
INSERT INTO files ( gid, file, mime ) VALUES ( '2000', 'http://www.gutenberg.org/ebooks/2000.kindle.images', 'application/x-mobipocket-ebook' );
INSERT INTO files ( gid, file, mime ) VALUES ( '2000', 'http://www.gutenberg.org/ebooks/2000.kindle.noimages', 'application/x-mobipocket-ebook' );
INSERT INTO files ( gid, file, mime ) VALUES ( '2000', 'http://www.gutenberg.org/ebooks/2000.rdf', 'application/rdf+xml' );
INSERT INTO files ( gid, file, mime ) VALUES ( '2000', 'http://www.gutenberg.org/ebooks/2000.txt.utf-8', 'text/plain' );
INSERT INTO files ( gid, file, mime ) VALUES ( '2000', 'http://www.gutenberg.org/files/2000/2000-8.txt', 'text/plain; charset=iso-8859-1' );
INSERT INTO files ( gid, file, mime ) VALUES ( '2000', 'http://www.gutenberg.org/files/2000/2000-8.zip', 'text/plain; charset=iso-8859-1application/zip' );
INSERT INTO files ( gid, file, mime ) VALUES ( '2000', 'http://www.gutenberg.org/files/2000/2000-h.zip', 'text/html; charset=iso-8859-1application/zip' );
INSERT INTO files ( gid, file, mime ) VALUES ( '2000', 'http://www.gutenberg.org/files/2000/2000-h/2000-h.htm', 'text/html; charset=iso-8859-1' );
INSERT INTO titles ( gid, title, author, language, rights ) VALUES ( '200', 'The Project Gutenberg Encyclopedia Volume 1 of 28', 'Project Gutenberg', 'en', 'Public domain in the USA.' );
INSERT INTO classifications ( gid, classification ) VALUES ( '200', 'AE' );
INSERT INTO subjects ( gid, subject ) VALUES ( '200', 'Encyclopedias and dictionaries' );
INSERT INTO files ( gid, file, mime ) VALUES ( '200', 'http://www.gutenberg.org/ebooks/200.epub.images', 'application/epub+zip' );
INSERT INTO files ( gid, file, mime ) VALUES ( '200', 'http://www.gutenberg.org/ebooks/200.epub.noimages', 'application/epub+zip' );
INSERT INTO files ( gid, file, mime ) VALUES ( '200', 'http://www.gutenberg.org/ebooks/200.html.images', 'text/html' );
INSERT INTO files ( gid, file, mime ) VALUES ( '200', 'http://www.gutenberg.org/ebooks/200.html.noimages', 'text/html' );
INSERT INTO files ( gid, file, mime ) VALUES ( '200', 'http://www.gutenberg.org/ebooks/200.kindle.images', 'application/x-mobipocket-ebook' );
INSERT INTO files ( gid, file, mime ) VALUES ( '200', 'http://www.gutenberg.org/ebooks/200.kindle.noimages', 'application/x-mobipocket-ebook' );
INSERT INTO files ( gid, file, mime ) VALUES ( '200', 'http://www.gutenberg.org/ebooks/200.rdf', 'application/rdf+xml' );
INSERT INTO files ( gid, file, mime ) VALUES ( '200', 'http://www.gutenberg.org/ebooks/200.txt.utf-8', 'text/plain' );
INSERT INTO files ( gid, file, mime ) VALUES ( '200', 'http://www.gutenberg.org/files/200/200.txt', 'text/plain; charset=us-ascii' );
INSERT INTO files ( gid, file, mime ) VALUES ( '200', 'http://www.gutenberg.org/files/200/200.zip', 'text/plain; charset=us-asciiapplication/zip' );
INSERT INTO titles ( gid, title, author, language, rights ) VALUES ( '20100', 'Runoja', 'Koskenniemi, Veikko Antero', 'fi', 'Public domain in the USA.' );
INSERT INTO classifications ( gid, classification ) VALUES ( '20100', 'PH' );
INSERT INTO subjects ( gid, subject ) VALUES ( '20100', 'Poetry' );
INSERT INTO files ( gid, file, mime ) VALUES ( '20100', 'http://www.gutenberg.org/ebooks/20100.epub.images', 'application/epub+zip' );
INSERT INTO files ( gid, file, mime ) VALUES ( '20100', 'http://www.gutenberg.org/ebooks/20100.epub.noimages', 'application/epub+zip' );
INSERT INTO files ( gid, file, mime ) VALUES ( '20100', 'http://www.gutenberg.org/ebooks/20100.html.images', 'text/html' );
INSERT INTO files ( gid, file, mime ) VALUES ( '20100', 'http://www.gutenberg.org/ebooks/20100.html.noimages', 'text/html' );
INSERT INTO files ( gid, file, mime ) VALUES ( '20100', 'http://www.gutenberg.org/ebooks/20100.kindle.images', 'application/x-mobipocket-ebook' );
INSERT INTO files ( gid, file, mime ) VALUES ( '20100', 'http://www.gutenberg.org/ebooks/20100.kindle.noimages', 'application/x-mobipocket-ebook' );
INSERT INTO files ( gid, file, mime ) VALUES ( '20100', 'http://www.gutenberg.org/ebooks/20100.rdf', 'application/rdf+xml' );
INSERT INTO files ( gid, file, mime ) VALUES ( '20100', 'http://www.gutenberg.org/ebooks/20100.txt.utf-8', 'text/plain' );
INSERT INTO files ( gid, file, mime ) VALUES ( '20100', 'http://www.gutenberg.org/files/20100/20100-8.txt', 'text/plain; charset=iso-8859-1' );
INSERT INTO files ( gid, file, mime ) VALUES ( '20100', 'http://www.gutenberg.org/files/20100/20100-8.zip', 'text/plain; charset=iso-8859-1application/zip' );
INSERT INTO titles ( gid, title, author, language, rights ) VALUES ( '20200', 'Christmas, A Happy Time A Tale, Calculated for the Amusement and Instruction of Young Persons', 'Mant, Alicia Catherine', 'en', 'Public domain in the USA.' );
INSERT INTO classifications ( gid, classification ) VALUES ( '20200', 'PR' );
INSERT INTO classifications ( gid, classification ) VALUES ( '20200', 'PZ' );
INSERT INTO subjects ( gid, subject ) VALUES ( '20200', 'Family reunions -- Juvenile fiction' );
INSERT INTO subjects ( gid, subject ) VALUES ( '20200', 'Conduct of life -- Juvenile fiction' );
INSERT INTO subjects ( gid, subject ) VALUES ( '20200', 'Christmas stories' );
INSERT INTO subjects ( gid, subject ) VALUES ( '20200', 'Brothers and sisters -- Juvenile fiction' );
INSERT INTO files ( gid, file, mime ) VALUES ( '20200', 'http://www.gutenberg.org/ebooks/20200.epub.images', 'application/epub+zip' );
INSERT INTO files ( gid, file, mime ) VALUES ( '20200', 'http://www.gutenberg.org/ebooks/20200.epub.noimages', 'application/epub+zip' );
INSERT INTO files ( gid, file, mime ) VALUES ( '20200', 'http://www.gutenberg.org/ebooks/20200.kindle.images', 'application/x-mobipocket-ebook' );
INSERT INTO files ( gid, file, mime ) VALUES ( '20200', 'http://www.gutenberg.org/ebooks/20200.kindle.noimages', 'application/x-mobipocket-ebook' );
INSERT INTO files ( gid, file, mime ) VALUES ( '20200', 'http://www.gutenberg.org/ebooks/20200.rdf', 'application/rdf+xml' );
INSERT INTO files ( gid, file, mime ) VALUES ( '20200', 'http://www.gutenberg.org/ebooks/20200.txt.utf-8', 'text/plain' );
INSERT INTO files ( gid, file, mime ) VALUES ( '20200', 'http://www.gutenberg.org/files/20200/20200-h.zip', 'application/ziptext/html; charset=us-ascii' );
INSERT INTO files ( gid, file, mime ) VALUES ( '20200', 'http://www.gutenberg.org/files/20200/20200-h/20200-h.htm', 'text/html; charset=us-ascii' );
INSERT INTO files ( gid, file, mime ) VALUES ( '20200', 'http://www.gutenberg.org/files/20200/20200.txt', 'text/plain; charset=us-ascii' );
INSERT INTO files ( gid, file, mime ) VALUES ( '20200', 'http://www.gutenberg.org/files/20200/20200.zip', 'text/plain; charset=us-asciiapplication/zip' );
INSERT INTO titles ( gid, title, author, language, rights ) VALUES ( '20300', 'Henry VIII.', 'Pollard, A. F. (Albert Frederick)', 'en', 'Public domain in the USA.' );
INSERT INTO classifications ( gid, classification ) VALUES ( '20300', 'DA' );
INSERT INTO subjects ( gid, subject ) VALUES ( '20300', 'Henry VIII, King of England, 1491-1547' );
INSERT INTO files ( gid, file, mime ) VALUES ( '20300', 'http://www.gutenberg.org/ebooks/20300.epub.images', 'application/epub+zip' );
INSERT INTO files ( gid, file, mime ) VALUES ( '20300', 'http://www.gutenberg.org/ebooks/20300.epub.noimages', 'application/epub+zip' );
INSERT INTO files ( gid, file, mime ) VALUES ( '20300', 'http://www.gutenberg.org/ebooks/20300.kindle.images', 'application/x-mobipocket-ebook' );
INSERT INTO files ( gid, file, mime ) VALUES ( '20300', 'http://www.gutenberg.org/ebooks/20300.kindle.noimages', 'application/x-mobipocket-ebook' );
INSERT INTO files ( gid, file, mime ) VALUES ( '20300', 'http://www.gutenberg.org/ebooks/20300.rdf', 'application/rdf+xml' );
INSERT INTO files ( gid, file, mime ) VALUES ( '20300', 'http://www.gutenberg.org/ebooks/20300.txt.utf-8', 'text/plain' );
INSERT INTO files ( gid, file, mime ) VALUES ( '20300', 'http://www.gutenberg.org/files/20300/20300-8.txt', 'text/plain; charset=iso-8859-1' );
INSERT INTO files ( gid, file, mime ) VALUES ( '20300', 'http://www.gutenberg.org/files/20300/20300-8.zip', 'application/ziptext/plain; charset=iso-8859-1' );
INSERT INTO files ( gid, file, mime ) VALUES ( '20300', 'http://www.gutenberg.org/files/20300/20300-h.zip', 'text/html; charset=iso-8859-1application/zip' );
INSERT INTO files ( gid, file, mime ) VALUES ( '20300', 'http://www.gutenberg.org/files/20300/20300-h/20300-h.htm', 'text/html; charset=iso-8859-1' );
INSERT INTO files ( gid, file, mime ) VALUES ( '20300', 'http://www.gutenberg.org/files/20300/20300.txt', 'text/plain; charset=us-ascii' );
INSERT INTO files ( gid, file, mime ) VALUES ( '20300', 'http://www.gutenberg.org/files/20300/20300.zip', 'text/plain; charset=us-asciiapplication/zip' );
INSERT INTO titles ( gid, title, author, language, rights ) VALUES ( '20400', 'On the Heels of De Wet', 'James, Lionel', 'en', 'Public domain in the USA.' );
INSERT INTO classifications ( gid, classification ) VALUES ( '20400', 'DT' );
INSERT INTO subjects ( gid, subject ) VALUES ( '20400', 'South African War, 1899-1902 -- Personal narratives' );
INSERT INTO subjects ( gid, subject ) VALUES ( '20400', 'De Wet, Christiaan Rudolf, 1854-1922' );
INSERT INTO files ( gid, file, mime ) VALUES ( '20400', 'http://www.gutenberg.org/ebooks/20400.epub.images', 'application/epub+zip' );
INSERT INTO files ( gid, file, mime ) VALUES ( '20400', 'http://www.gutenberg.org/ebooks/20400.epub.noimages', 'application/epub+zip' );
INSERT INTO files ( gid, file, mime ) VALUES ( '20400', 'http://www.gutenberg.org/ebooks/20400.kindle.images', 'application/x-mobipocket-ebook' );
INSERT INTO files ( gid, file, mime ) VALUES ( '20400', 'http://www.gutenberg.org/ebooks/20400.kindle.noimages', 'application/x-mobipocket-ebook' );
INSERT INTO files ( gid, file, mime ) VALUES ( '20400', 'http://www.gutenberg.org/ebooks/20400.rdf', 'application/rdf+xml' );
INSERT INTO files ( gid, file, mime ) VALUES ( '20400', 'http://www.gutenberg.org/ebooks/20400.txt.utf-8', 'text/plain' );
INSERT INTO files ( gid, file, mime ) VALUES ( '20400', 'http://www.gutenberg.org/files/20400/20400-8.txt', 'text/plain; charset=iso-8859-1' );
INSERT INTO files ( gid, file, mime ) VALUES ( '20400', 'http://www.gutenberg.org/files/20400/20400-8.zip', 'application/ziptext/plain; charset=iso-8859-1' );
INSERT INTO files ( gid, file, mime ) VALUES ( '20400', 'http://www.gutenberg.org/files/20400/20400-h.zip', 'text/html; charset=iso-8859-1application/zip' );
INSERT INTO files ( gid, file, mime ) VALUES ( '20400', 'http://www.gutenberg.org/files/20400/20400-h/20400-h.htm', 'text/html; charset=iso-8859-1' );
INSERT INTO files ( gid, file, mime ) VALUES ( '20400', 'http://www.gutenberg.org/files/20400/20400.txt', 'text/plain; charset=us-ascii' );
INSERT INTO files ( gid, file, mime ) VALUES ( '20400', 'http://www.gutenberg.org/files/20400/20400.zip', 'application/ziptext/plain; charset=us-ascii' );
INSERT INTO titles ( gid, title, author, language, rights ) VALUES ( '20000', 'Twenty Thousand Leagues Under the Sea', 'Verne, Jules', 'en', 'Public domain in the USA.' );
INSERT INTO classifications ( gid, classification ) VALUES ( '20000', 'PQ' );
INSERT INTO subjects ( gid, subject ) VALUES ( '20000', 'Sea stories' );
INSERT INTO subjects ( gid, subject ) VALUES ( '20000', 'Underwater exploration -- Fiction' );
INSERT INTO subjects ( gid, subject ) VALUES ( '20000', 'Science fiction' );
INSERT INTO subjects ( gid, subject ) VALUES ( '20000', 'Submarines (Ships) -- Fiction' );
INSERT INTO files ( gid, file, mime ) VALUES ( '20000', 'http://www.gutenberg.org/ebooks/20000.rdf', 'application/rdf+xml' );
