INSERT INTO files ( gid, file, mime ) VALUES ( '32300', 'http://www.gutenberg.org/files/32300/32300.txt', 'text/plain; charset=us-ascii' );
INSERT INTO files ( gid, file, mime ) VALUES ( '32300', 'http://www.gutenberg.org/files/32300/32300.zip', 'text/plain; charset=us-asciiapplication/zip' );
INSERT INTO titles ( gid, title, author, language, rights ) VALUES ( '32400', 'Paper and Printing Recipes A Handy Volume of Practical Recipes, Concerning the Every-Day Business of Stationers, Printers, Binders, and the Kindred Trades', 'Ford, John Sawtelle', 'en', 'Public domain in the USA.' );
INSERT INTO classifications ( gid, classification ) VALUES ( '32400', 'Z' );
INSERT INTO subjects ( gid, subject ) VALUES ( '32400', 'Printing -- United States -- Handbooks, manuals, etc.' );
INSERT INTO files ( gid, file, mime ) VALUES ( '32400', 'http://www.gutenberg.org/ebooks/32400.epub.images', 'application/epub+zip' );
INSERT INTO files ( gid, file, mime ) VALUES ( '32400', 'http://www.gutenberg.org/ebooks/32400.epub.noimages', 'application/epub+zip' );
INSERT INTO files ( gid, file, mime ) VALUES ( '32400', 'http://www.gutenberg.org/ebooks/32400.kindle.images', 'application/x-mobipocket-ebook' );
INSERT INTO files ( gid, file, mime ) VALUES ( '32400', 'http://www.gutenberg.org/ebooks/32400.kindle.noimages', 'application/x-mobipocket-ebook' );
INSERT INTO files ( gid, file, mime ) VALUES ( '32400', 'http://www.gutenberg.org/ebooks/32400.rdf', 'application/rdf+xml' );
INSERT INTO files ( gid, file, mime ) VALUES ( '32400', 'http://www.gutenberg.org/ebooks/32400.txt.utf-8', 'text/plain' );
INSERT INTO files ( gid, file, mime ) VALUES ( '32400', 'http://www.gutenberg.org/files/32400/32400-8.txt', 'text/plain; charset=iso-8859-1' );
INSERT INTO files ( gid, file, mime ) VALUES ( '32400', 'http://www.gutenberg.org/files/32400/32400-8.zip', 'application/ziptext/plain; charset=iso-8859-1' );
INSERT INTO files ( gid, file, mime ) VALUES ( '32400', 'http://www.gutenberg.org/files/32400/32400-h.zip', 'application/ziptext/html; charset=iso-8859-1' );
INSERT INTO files ( gid, file, mime ) VALUES ( '32400', 'http://www.gutenberg.org/files/32400/32400-h/32400-h.htm', 'text/html; charset=iso-8859-1' );
INSERT INTO files ( gid, file, mime ) VALUES ( '32400', 'http://www.gutenberg.org/files/32400/32400.txt', 'text/plain; charset=us-ascii' );
INSERT INTO files ( gid, file, mime ) VALUES ( '32400', 'http://www.gutenberg.org/files/32400/32400.zip', 'application/ziptext/plain; charset=us-ascii' );
INSERT INTO titles ( gid, title, author, language, rights ) VALUES ( '32500', 'Discussion on American Slavery', 'Breckinridge, Robert J. (Robert Jefferson)', 'en', 'Public domain in the USA.' );
INSERT INTO subjects ( gid, subject ) VALUES ( '32500', 'E300' );
INSERT INTO subjects ( gid, subject ) VALUES ( '32500', 'Slavery -- United States' );
INSERT INTO files ( gid, file, mime ) VALUES ( '32500', 'http://www.gutenberg.org/ebooks/32500.epub.images', 'application/epub+zip' );
INSERT INTO files ( gid, file, mime ) VALUES ( '32500', 'http://www.gutenberg.org/ebooks/32500.epub.noimages', 'application/epub+zip' );
INSERT INTO files ( gid, file, mime ) VALUES ( '32500', 'http://www.gutenberg.org/ebooks/32500.kindle.images', 'application/x-mobipocket-ebook' );
INSERT INTO files ( gid, file, mime ) VALUES ( '32500', 'http://www.gutenberg.org/ebooks/32500.kindle.noimages', 'application/x-mobipocket-ebook' );
INSERT INTO files ( gid, file, mime ) VALUES ( '32500', 'http://www.gutenberg.org/ebooks/32500.rdf', 'application/rdf+xml' );
INSERT INTO files ( gid, file, mime ) VALUES ( '32500', 'http://www.gutenberg.org/ebooks/32500.txt.utf-8', 'text/plain' );
INSERT INTO files ( gid, file, mime ) VALUES ( '32500', 'http://www.gutenberg.org/files/32500/32500-8.txt', 'text/plain; charset=iso-8859-1' );
INSERT INTO files ( gid, file, mime ) VALUES ( '32500', 'http://www.gutenberg.org/files/32500/32500-8.zip', 'application/ziptext/plain; charset=iso-8859-1' );
INSERT INTO files ( gid, file, mime ) VALUES ( '32500', 'http://www.gutenberg.org/files/32500/32500-h.zip', 'application/ziptext/html; charset=iso-8859-1' );
INSERT INTO files ( gid, file, mime ) VALUES ( '32500', 'http://www.gutenberg.org/files/32500/32500-h/32500-h.htm', 'text/html; charset=iso-8859-1' );
INSERT INTO files ( gid, file, mime ) VALUES ( '32500', 'http://www.gutenberg.org/files/32500/32500.txt', 'text/plain; charset=us-ascii' );
INSERT INTO files ( gid, file, mime ) VALUES ( '32500', 'http://www.gutenberg.org/files/32500/32500.zip', 'text/plain; charset=us-asciiapplication/zip' );
INSERT INTO titles ( gid, title, author, language, rights ) VALUES ( '32600', 'History of the Reign of Philip the Second, King of Spain, Vols. 1 and 2', 'Prescott, William Hickling', 'en', 'Public domain in the USA.' );
INSERT INTO classifications ( gid, classification ) VALUES ( '32600', 'DP' );
INSERT INTO subjects ( gid, subject ) VALUES ( '32600', 'Spain -- History -- Philip II, 1556-1598' );
INSERT INTO subjects ( gid, subject ) VALUES ( '32600', 'Philip II, King of Spain, 1527-1598' );
INSERT INTO files ( gid, file, mime ) VALUES ( '32600', 'http://www.gutenberg.org/cache/epub/32600/pg32600.cover.medium.jpg', 'image/jpeg' );
INSERT INTO files ( gid, file, mime ) VALUES ( '32600', 'http://www.gutenberg.org/cache/epub/32600/pg32600.cover.small.jpg', 'image/jpeg' );
INSERT INTO files ( gid, file, mime ) VALUES ( '32600', 'http://www.gutenberg.org/ebooks/32600.epub.images', 'application/epub+zip' );
INSERT INTO files ( gid, file, mime ) VALUES ( '32600', 'http://www.gutenberg.org/ebooks/32600.epub.noimages', 'application/epub+zip' );
INSERT INTO files ( gid, file, mime ) VALUES ( '32600', 'http://www.gutenberg.org/ebooks/32600.kindle.images', 'application/x-mobipocket-ebook' );
INSERT INTO files ( gid, file, mime ) VALUES ( '32600', 'http://www.gutenberg.org/ebooks/32600.kindle.noimages', 'application/x-mobipocket-ebook' );
INSERT INTO files ( gid, file, mime ) VALUES ( '32600', 'http://www.gutenberg.org/ebooks/32600.rdf', 'application/rdf+xml' );
INSERT INTO files ( gid, file, mime ) VALUES ( '32600', 'http://www.gutenberg.org/files/32600/32600-0.txt', 'text/plain; charset=utf-8' );
INSERT INTO files ( gid, file, mime ) VALUES ( '32600', 'http://www.gutenberg.org/files/32600/32600-0.zip', 'text/plain; charset=utf-8application/zip' );
INSERT INTO files ( gid, file, mime ) VALUES ( '32600', 'http://www.gutenberg.org/files/32600/32600-8.txt', 'text/plain; charset=iso-8859-1' );
INSERT INTO files ( gid, file, mime ) VALUES ( '32600', 'http://www.gutenberg.org/files/32600/32600-8.zip', 'application/ziptext/plain; charset=iso-8859-1' );
INSERT INTO files ( gid, file, mime ) VALUES ( '32600', 'http://www.gutenberg.org/files/32600/32600-h.zip', 'text/html; charset=iso-8859-1application/zip' );
INSERT INTO files ( gid, file, mime ) VALUES ( '32600', 'http://www.gutenberg.org/files/32600/32600-h/32600-h.htm', 'text/html; charset=iso-8859-1' );
INSERT INTO files ( gid, file, mime ) VALUES ( '32600', 'http://www.gutenberg.org/files/32600/32600.txt', 'text/plain; charset=us-ascii' );
INSERT INTO files ( gid, file, mime ) VALUES ( '32600', 'http://www.gutenberg.org/files/32600/32600.zip', 'application/ziptext/plain; charset=us-ascii' );
INSERT INTO titles ( gid, title, author, language, rights ) VALUES ( '32700', 'Area Handbook for Romania', 'Giloane, William', 'en', 'Public domain in the USA.' );
INSERT INTO classifications ( gid, classification ) VALUES ( '32700', 'DR' );
INSERT INTO subjects ( gid, subject ) VALUES ( '32700', 'Romania' );
INSERT INTO files ( gid, file, mime ) VALUES ( '32700', 'http://www.gutenberg.org/ebooks/32700.epub.images', 'application/epub+zip' );
INSERT INTO files ( gid, file, mime ) VALUES ( '32700', 'http://www.gutenberg.org/ebooks/32700.epub.noimages', 'application/epub+zip' );
INSERT INTO files ( gid, file, mime ) VALUES ( '32700', 'http://www.gutenberg.org/ebooks/32700.kindle.images', 'application/x-mobipocket-ebook' );
INSERT INTO files ( gid, file, mime ) VALUES ( '32700', 'http://www.gutenberg.org/ebooks/32700.kindle.noimages', 'application/x-mobipocket-ebook' );
INSERT INTO files ( gid, file, mime ) VALUES ( '32700', 'http://www.gutenberg.org/ebooks/32700.rdf', 'application/rdf+xml' );
INSERT INTO files ( gid, file, mime ) VALUES ( '32700', 'http://www.gutenberg.org/ebooks/32700.txt.utf-8', 'text/plain' );
INSERT INTO files ( gid, file, mime ) VALUES ( '32700', 'http://www.gutenberg.org/files/32700/32700-8.txt', 'text/plain; charset=iso-8859-1' );
INSERT INTO files ( gid, file, mime ) VALUES ( '32700', 'http://www.gutenberg.org/files/32700/32700-8.zip', 'text/plain; charset=iso-8859-1application/zip' );
INSERT INTO files ( gid, file, mime ) VALUES ( '32700', 'http://www.gutenberg.org/files/32700/32700-h.zip', 'application/ziptext/html; charset=iso-8859-1' );
INSERT INTO files ( gid, file, mime ) VALUES ( '32700', 'http://www.gutenberg.org/files/32700/32700-h/32700-h.htm', 'text/html; charset=iso-8859-1' );
INSERT INTO files ( gid, file, mime ) VALUES ( '32700', 'http://www.gutenberg.org/files/32700/32700.txt', 'text/plain; charset=us-ascii' );
INSERT INTO files ( gid, file, mime ) VALUES ( '32700', 'http://www.gutenberg.org/files/32700/32700.zip', 'text/plain; charset=us-asciiapplication/zip' );
INSERT INTO titles ( gid, title, author, language, rights ) VALUES ( '32800', 'The Romance of Natural History, Second Series', 'Gosse, Philip Henry', 'en', 'Public domain in the USA.' );
INSERT INTO classifications ( gid, classification ) VALUES ( '32800', 'QH' );
INSERT INTO subjects ( gid, subject ) VALUES ( '32800', 'Natural history' );
INSERT INTO files ( gid, file, mime ) VALUES ( '32800', 'http://www.gutenberg.org/ebooks/32800.epub.images', 'application/epub+zip' );
INSERT INTO files ( gid, file, mime ) VALUES ( '32800', 'http://www.gutenberg.org/ebooks/32800.epub.noimages', 'application/epub+zip' );
INSERT INTO files ( gid, file, mime ) VALUES ( '32800', 'http://www.gutenberg.org/ebooks/32800.kindle.images', 'application/x-mobipocket-ebook' );
INSERT INTO files ( gid, file, mime ) VALUES ( '32800', 'http://www.gutenberg.org/ebooks/32800.kindle.noimages', 'application/x-mobipocket-ebook' );
INSERT INTO files ( gid, file, mime ) VALUES ( '32800', 'http://www.gutenberg.org/ebooks/32800.rdf', 'application/rdf+xml' );
INSERT INTO files ( gid, file, mime ) VALUES ( '32800', 'http://www.gutenberg.org/ebooks/32800.txt.utf-8', 'text/plain' );
INSERT INTO files ( gid, file, mime ) VALUES ( '32800', 'http://www.gutenberg.org/files/32800/32800-8.txt', 'text/plain; charset=iso-8859-1' );
INSERT INTO files ( gid, file, mime ) VALUES ( '32800', 'http://www.gutenberg.org/files/32800/32800-8.zip', 'text/plain; charset=iso-8859-1application/zip' );
INSERT INTO files ( gid, file, mime ) VALUES ( '32800', 'http://www.gutenberg.org/files/32800/32800-h.zip', 'text/html; charset=iso-8859-1application/zip' );
INSERT INTO files ( gid, file, mime ) VALUES ( '32800', 'http://www.gutenberg.org/files/32800/32800-h/32800-h.htm', 'text/html; charset=iso-8859-1' );
INSERT INTO files ( gid, file, mime ) VALUES ( '32800', 'http://www.gutenberg.org/files/32800/32800.txt', 'text/plain; charset=us-ascii' );
INSERT INTO files ( gid, file, mime ) VALUES ( '32800', 'http://www.gutenberg.org/files/32800/32800.zip', 'text/plain; charset=us-asciiapplication/zip' );
INSERT INTO titles ( gid, title, author, language, rights ) VALUES ( '32900', 'Rats in the Belfry', 'O''Brien, David Wright', 'en', 'Public domain in the USA.' );
INSERT INTO classifications ( gid, classification ) VALUES ( '32900', 'PS' );
INSERT INTO subjects ( gid, subject ) VALUES ( '32900', 'World War, 1939-1945 -- United States -- Fiction' );
INSERT INTO subjects ( gid, subject ) VALUES ( '32900', 'Science fiction' );
INSERT INTO subjects ( gid, subject ) VALUES ( '32900', 'Short stories' );
INSERT INTO subjects ( gid, subject ) VALUES ( '32900', 'House construction -- Fiction' );
INSERT INTO files ( gid, file, mime ) VALUES ( '32900', 'http://www.gutenberg.org/cache/epub/32900/pg32900.cover.medium.jpg', 'image/jpeg' );
INSERT INTO files ( gid, file, mime ) VALUES ( '32900', 'http://www.gutenberg.org/cache/epub/32900/pg32900.cover.small.jpg', 'image/jpeg' );
INSERT INTO files ( gid, file, mime ) VALUES ( '32900', 'http://www.gutenberg.org/ebooks/32900.epub.images', 'application/epub+zip' );
INSERT INTO files ( gid, file, mime ) VALUES ( '32900', 'http://www.gutenberg.org/ebooks/32900.epub.noimages', 'application/epub+zip' );
INSERT INTO files ( gid, file, mime ) VALUES ( '32900', 'http://www.gutenberg.org/ebooks/32900.kindle.images', 'application/x-mobipocket-ebook' );
INSERT INTO files ( gid, file, mime ) VALUES ( '32900', 'http://www.gutenberg.org/ebooks/32900.kindle.noimages', 'application/x-mobipocket-ebook' );
INSERT INTO files ( gid, file, mime ) VALUES ( '32900', 'http://www.gutenberg.org/ebooks/32900.rdf', 'application/rdf+xml' );
INSERT INTO files ( gid, file, mime ) VALUES ( '32900', 'http://www.gutenberg.org/ebooks/32900.txt.utf-8', 'text/plain' );
INSERT INTO files ( gid, file, mime ) VALUES ( '32900', 'http://www.gutenberg.org/files/32900/32900-h.zip', 'text/html; charset=iso-8859-1application/zip' );
INSERT INTO files ( gid, file, mime ) VALUES ( '32900', 'http://www.gutenberg.org/files/32900/32900-h/32900-h.htm', 'text/html; charset=iso-8859-1' );
INSERT INTO files ( gid, file, mime ) VALUES ( '32900', 'http://www.gutenberg.org/files/32900/32900.txt', 'text/plain; charset=us-ascii' );
INSERT INTO files ( gid, file, mime ) VALUES ( '32900', 'http://www.gutenberg.org/files/32900/32900.zip', 'application/ziptext/plain; charset=us-ascii' );
INSERT INTO titles ( gid, title, author, language, rights ) VALUES ( '33000', 'A New History of the United States The greater republic, embracing the growth and achievements of our country from the earliest days of discovery and settlement to the present eventful year', 'Morris, Charles', 'en', 'Public domain in the USA.' );
INSERT INTO subjects ( gid, subject ) VALUES ( '33000', 'United States -- History' );
INSERT INTO subjects ( gid, subject ) VALUES ( '33000', 'E151' );
INSERT INTO files ( gid, file, mime ) VALUES ( '33000', 'http://www.gutenberg.org/ebooks/33000.epub.images', 'application/epub+zip' );
INSERT INTO files ( gid, file, mime ) VALUES ( '33000', 'http://www.gutenberg.org/ebooks/33000.epub.noimages', 'application/epub+zip' );
INSERT INTO files ( gid, file, mime ) VALUES ( '33000', 'http://www.gutenberg.org/ebooks/33000.kindle.images', 'application/x-mobipocket-ebook' );
INSERT INTO files ( gid, file, mime ) VALUES ( '33000', 'http://www.gutenberg.org/ebooks/33000.kindle.noimages', 'application/x-mobipocket-ebook' );
INSERT INTO files ( gid, file, mime ) VALUES ( '33000', 'http://www.gutenberg.org/ebooks/33000.rdf', 'application/rdf+xml' );
INSERT INTO files ( gid, file, mime ) VALUES ( '33000', 'http://www.gutenberg.org/ebooks/33000.txt.utf-8', 'text/plain' );
INSERT INTO files ( gid, file, mime ) VALUES ( '33000', 'http://www.gutenberg.org/files/33000/33000-8.txt', 'text/plain; charset=iso-8859-1' );
INSERT INTO files ( gid, file, mime ) VALUES ( '33000', 'http://www.gutenberg.org/files/33000/33000-8.zip', 'application/ziptext/plain; charset=iso-8859-1' );
INSERT INTO files ( gid, file, mime ) VALUES ( '33000', 'http://www.gutenberg.org/files/33000/33000-h.zip', 'text/html; charset=iso-8859-1application/zip' );
INSERT INTO files ( gid, file, mime ) VALUES ( '33000', 'http://www.gutenberg.org/files/33000/33000-h/33000-h.htm', 'text/html; charset=iso-8859-1' );
INSERT INTO files ( gid, file, mime ) VALUES ( '33000', 'http://www.gutenberg.org/files/33000/33000.txt', 'text/plain; charset=us-ascii' );
INSERT INTO files ( gid, file, mime ) VALUES ( '33000', 'http://www.gutenberg.org/files/33000/33000.zip', 'text/plain; charset=us-asciiapplication/zip' );
INSERT INTO titles ( gid, title, author, language, rights ) VALUES ( '3300', 'An Inquiry into the Nature and Causes of the Wealth of Nations', 'Smith, Adam', 'en', 'Public domain in the USA.' );
INSERT INTO classifications ( gid, classification ) VALUES ( '3300', 'HB' );
INSERT INTO subjects ( gid, subject ) VALUES ( '3300', 'Economics' );
INSERT INTO files ( gid, file, mime ) VALUES ( '3300', 'http://www.gutenberg.org/ebooks/3300.epub.images', 'application/epub+zip' );
INSERT INTO files ( gid, file, mime ) VALUES ( '3300', 'http://www.gutenberg.org/ebooks/3300.epub.noimages', 'application/epub+zip' );
INSERT INTO files ( gid, file, mime ) VALUES ( '3300', 'http://www.gutenberg.org/ebooks/3300.kindle.images', 'application/x-mobipocket-ebook' );
INSERT INTO files ( gid, file, mime ) VALUES ( '3300', 'http://www.gutenberg.org/ebooks/3300.kindle.noimages', 'application/x-mobipocket-ebook' );
INSERT INTO files ( gid, file, mime ) VALUES ( '3300', 'http://www.gutenberg.org/ebooks/3300.rdf', 'application/rdf+xml' );
INSERT INTO files ( gid, file, mime ) VALUES ( '3300', 'http://www.gutenberg.org/ebooks/3300.txt.utf-8', 'text/plain' );
INSERT INTO files ( gid, file, mime ) VALUES ( '3300', 'http://www.gutenberg.org/files/3300/3300-8.txt', 'text/plain; charset=iso-8859-1' );
INSERT INTO files ( gid, file, mime ) VALUES ( '3300', 'http://www.gutenberg.org/files/3300/3300-8.zip', 'application/ziptext/plain; charset=iso-8859-1' );
INSERT INTO files ( gid, file, mime ) VALUES ( '3300', 'http://www.gutenberg.org/files/3300/3300-h.zip', 'text/html; charset=iso-8859-1application/zip' );
INSERT INTO files ( gid, file, mime ) VALUES ( '3300', 'http://www.gutenberg.org/files/3300/3300-h/3300-h.htm', 'text/html; charset=iso-8859-1' );
INSERT INTO titles ( gid, title, author, language, rights ) VALUES ( '33100', 'Erkki Ollikainen Historiallis-romantillinen kertomus Sandels''in sotaliikkeistä Itä-Suomessa v. 1808', 'Åberg, J. O. (Johan Olof)', 'fi', 'Public domain in the USA.' );
INSERT INTO classifications ( gid, classification ) VALUES ( '33100', 'PT' );
INSERT INTO subjects ( gid, subject ) VALUES ( '33100', 'Fiction' );
INSERT INTO files ( gid, file, mime ) VALUES ( '33100', 'http://www.gutenberg.org/ebooks/33100.epub.images', 'application/epub+zip' );
INSERT INTO files ( gid, file, mime ) VALUES ( '33100', 'http://www.gutenberg.org/ebooks/33100.epub.noimages', 'application/epub+zip' );
INSERT INTO files ( gid, file, mime ) VALUES ( '33100', 'http://www.gutenberg.org/ebooks/33100.html.images', 'text/html' );
INSERT INTO files ( gid, file, mime ) VALUES ( '33100', 'http://www.gutenberg.org/ebooks/33100.html.noimages', 'text/html' );
INSERT INTO files ( gid, file, mime ) VALUES ( '33100', 'http://www.gutenberg.org/ebooks/33100.kindle.images', 'application/x-mobipocket-ebook' );
INSERT INTO files ( gid, file, mime ) VALUES ( '33100', 'http://www.gutenberg.org/ebooks/33100.kindle.noimages', 'application/x-mobipocket-ebook' );
INSERT INTO files ( gid, file, mime ) VALUES ( '33100', 'http://www.gutenberg.org/ebooks/33100.rdf', 'application/rdf+xml' );
INSERT INTO files ( gid, file, mime ) VALUES ( '33100', 'http://www.gutenberg.org/ebooks/33100.txt.utf-8', 'text/plain' );
INSERT INTO files ( gid, file, mime ) VALUES ( '33100', 'http://www.gutenberg.org/files/33100/33100-8.txt', 'text/plain; charset=iso-8859-1' );
INSERT INTO files ( gid, file, mime ) VALUES ( '33100', 'http://www.gutenberg.org/files/33100/33100-8.zip', 'text/plain; charset=iso-8859-1application/zip' );
INSERT INTO titles ( gid, title, author, language, rights ) VALUES ( '33200', 'The Women of Tomorrow', 'Hard, William', 'en', 'Public domain in the USA.' );
INSERT INTO classifications ( gid, classification ) VALUES ( '33200', 'HQ' );
INSERT INTO subjects ( gid, subject ) VALUES ( '33200', 'Women -- Social and moral questions' );
INSERT INTO files ( gid, file, mime ) VALUES ( '33200', 'http://www.gutenberg.org/cache/epub/33200/pg33200.cover.medium.jpg', 'image/jpeg' );
INSERT INTO files ( gid, file, mime ) VALUES ( '33200', 'http://www.gutenberg.org/cache/epub/33200/pg33200.cover.small.jpg', 'image/jpeg' );
INSERT INTO files ( gid, file, mime ) VALUES ( '33200', 'http://www.gutenberg.org/ebooks/33200.epub.images', 'application/epub+zip' );
INSERT INTO files ( gid, file, mime ) VALUES ( '33200', 'http://www.gutenberg.org/ebooks/33200.epub.noimages', 'application/epub+zip' );
INSERT INTO files ( gid, file, mime ) VALUES ( '33200', 'http://www.gutenberg.org/ebooks/33200.kindle.images', 'application/x-mobipocket-ebook' );
INSERT INTO files ( gid, file, mime ) VALUES ( '33200', 'http://www.gutenberg.org/ebooks/33200.kindle.noimages', 'application/x-mobipocket-ebook' );
INSERT INTO files ( gid, file, mime ) VALUES ( '33200', 'http://www.gutenberg.org/ebooks/33200.rdf', 'application/rdf+xml' );
INSERT INTO files ( gid, file, mime ) VALUES ( '33200', 'http://www.gutenberg.org/ebooks/33200.txt.utf-8', 'text/plain' );
INSERT INTO files ( gid, file, mime ) VALUES ( '33200', 'http://www.gutenberg.org/files/33200/33200-8.txt', 'text/plain; charset=iso-8859-1' );
INSERT INTO files ( gid, file, mime ) VALUES ( '33200', 'http://www.gutenberg.org/files/33200/33200-8.zip', 'application/ziptext/plain; charset=iso-8859-1' );
INSERT INTO files ( gid, file, mime ) VALUES ( '33200', 'http://www.gutenberg.org/files/33200/33200-h.zip', 'text/html; charset=iso-8859-1application/zip' );
INSERT INTO files ( gid, file, mime ) VALUES ( '33200', 'http://www.gutenberg.org/files/33200/33200-h/33200-h.htm', 'text/html; charset=iso-8859-1' );
INSERT INTO files ( gid, file, mime ) VALUES ( '33200', 'http://www.gutenberg.org/files/33200/33200.txt', 'text/plain; charset=us-ascii' );
INSERT INTO files ( gid, file, mime ) VALUES ( '33200', 'http://www.gutenberg.org/files/33200/33200.zip', 'text/plain; charset=us-asciiapplication/zip' );
INSERT INTO titles ( gid, title, author, language, rights ) VALUES ( '33300', 'Mary', 'Bjørnson, Bjørnstjerne', 'en', 'Public domain in the USA.' );
INSERT INTO classifications ( gid, classification ) VALUES ( '33300', 'PT' );
INSERT INTO subjects ( gid, subject ) VALUES ( '33300', 'Norway -- Fiction' );
INSERT INTO files ( gid, file, mime ) VALUES ( '33300', 'http://www.gutenberg.org/ebooks/33300.epub.images', 'application/epub+zip' );
INSERT INTO files ( gid, file, mime ) VALUES ( '33300', 'http://www.gutenberg.org/ebooks/33300.epub.noimages', 'application/epub+zip' );
INSERT INTO files ( gid, file, mime ) VALUES ( '33300', 'http://www.gutenberg.org/ebooks/33300.kindle.images', 'application/x-mobipocket-ebook' );
INSERT INTO files ( gid, file, mime ) VALUES ( '33300', 'http://www.gutenberg.org/ebooks/33300.kindle.noimages', 'application/x-mobipocket-ebook' );
INSERT INTO files ( gid, file, mime ) VALUES ( '33300', 'http://www.gutenberg.org/ebooks/33300.rdf', 'application/rdf+xml' );
INSERT INTO files ( gid, file, mime ) VALUES ( '33300', 'http://www.gutenberg.org/ebooks/33300.txt.utf-8', 'text/plain' );
INSERT INTO files ( gid, file, mime ) VALUES ( '33300', 'http://www.gutenberg.org/files/33300/33300-8.txt', 'text/plain; charset=iso-8859-1' );
INSERT INTO files ( gid, file, mime ) VALUES ( '33300', 'http://www.gutenberg.org/files/33300/33300-8.zip', 'application/ziptext/plain; charset=iso-8859-1' );
INSERT INTO files ( gid, file, mime ) VALUES ( '33300', 'http://www.gutenberg.org/files/33300/33300-h.zip', 'text/html; charset=iso-8859-1application/zip' );
INSERT INTO files ( gid, file, mime ) VALUES ( '33300', 'http://www.gutenberg.org/files/33300/33300-h/33300-h.htm', 'text/html; charset=iso-8859-1' );
INSERT INTO files ( gid, file, mime ) VALUES ( '33300', 'http://www.gutenberg.org/files/33300/33300.txt', 'text/plain; charset=us-ascii' );
INSERT INTO files ( gid, file, mime ) VALUES ( '33300', 'http://www.gutenberg.org/files/33300/33300.zip', 'application/ziptext/plain; charset=us-ascii' );
INSERT INTO titles ( gid, title, author, language, rights ) VALUES ( '33400', 'The Book of Susan: A Novel', 'Dodd, Lee Wilson', 'en', 'Public domain in the USA.' );
INSERT INTO classifications ( gid, classification ) VALUES ( '33400', 'PS' );
INSERT INTO subjects ( gid, subject ) VALUES ( '33400', 'Guardian and ward -- Fiction' );
INSERT INTO subjects ( gid, subject ) VALUES ( '33400', 'New Haven (Conn.) -- Fiction' );
INSERT INTO files ( gid, file, mime ) VALUES ( '33400', 'http://www.gutenberg.org/ebooks/33400.epub.images', 'application/epub+zip' );
INSERT INTO files ( gid, file, mime ) VALUES ( '33400', 'http://www.gutenberg.org/ebooks/33400.epub.noimages', 'application/epub+zip' );
INSERT INTO files ( gid, file, mime ) VALUES ( '33400', 'http://www.gutenberg.org/ebooks/33400.kindle.images', 'application/x-mobipocket-ebook' );
INSERT INTO files ( gid, file, mime ) VALUES ( '33400', 'http://www.gutenberg.org/ebooks/33400.kindle.noimages', 'application/x-mobipocket-ebook' );
INSERT INTO files ( gid, file, mime ) VALUES ( '33400', 'http://www.gutenberg.org/ebooks/33400.rdf', 'application/rdf+xml' );
INSERT INTO files ( gid, file, mime ) VALUES ( '33400', 'http://www.gutenberg.org/ebooks/33400.txt.utf-8', 'text/plain' );
INSERT INTO files ( gid, file, mime ) VALUES ( '33400', 'http://www.gutenberg.org/files/33400/33400-8.txt', 'text/plain; charset=iso-8859-1' );
INSERT INTO files ( gid, file, mime ) VALUES ( '33400', 'http://www.gutenberg.org/files/33400/33400-8.zip', 'text/plain; charset=iso-8859-1application/zip' );
INSERT INTO files ( gid, file, mime ) VALUES ( '33400', 'http://www.gutenberg.org/files/33400/33400-h.zip', 'text/html; charset=iso-8859-1application/zip' );
INSERT INTO files ( gid, file, mime ) VALUES ( '33400', 'http://www.gutenberg.org/files/33400/33400-h/33400-h.htm', 'text/html; charset=iso-8859-1' );
INSERT INTO files ( gid, file, mime ) VALUES ( '33400', 'http://www.gutenberg.org/files/33400/33400.txt', 'text/plain; charset=us-ascii' );
INSERT INTO files ( gid, file, mime ) VALUES ( '33400', 'http://www.gutenberg.org/files/33400/33400.zip', 'application/ziptext/plain; charset=us-ascii' );
INSERT INTO titles ( gid, title, author, language, rights ) VALUES ( '33600', 'Punch, or the London Charivari. Volume 93, September 10, 1887', 'Various', 'en', 'Public domain in the USA.' );
INSERT INTO classifications ( gid, classification ) VALUES ( '33600', 'AP' );
INSERT INTO subjects ( gid, subject ) VALUES ( '33600', 'English wit and humor -- Periodicals' );
INSERT INTO files ( gid, file, mime ) VALUES ( '33600', 'http://www.gutenberg.org/ebooks/33600.epub.images', 'application/epub+zip' );
INSERT INTO files ( gid, file, mime ) VALUES ( '33600', 'http://www.gutenberg.org/ebooks/33600.epub.noimages', 'application/epub+zip' );
INSERT INTO files ( gid, file, mime ) VALUES ( '33600', 'http://www.gutenberg.org/ebooks/33600.kindle.images', 'application/x-mobipocket-ebook' );
INSERT INTO files ( gid, file, mime ) VALUES ( '33600', 'http://www.gutenberg.org/ebooks/33600.kindle.noimages', 'application/x-mobipocket-ebook' );
INSERT INTO files ( gid, file, mime ) VALUES ( '33600', 'http://www.gutenberg.org/ebooks/33600.rdf', 'application/rdf+xml' );
INSERT INTO files ( gid, file, mime ) VALUES ( '33600', 'http://www.gutenberg.org/ebooks/33600.txt.utf-8', 'text/plain' );
INSERT INTO files ( gid, file, mime ) VALUES ( '33600', 'http://www.gutenberg.org/files/33600/33600-8.txt', 'text/plain; charset=iso-8859-1' );
INSERT INTO files ( gid, file, mime ) VALUES ( '33600', 'http://www.gutenberg.org/files/33600/33600-8.zip', 'application/ziptext/plain; charset=iso-8859-1' );
INSERT INTO files ( gid, file, mime ) VALUES ( '33600', 'http://www.gutenberg.org/files/33600/33600-h.zip', 'text/html; charset=iso-8859-1application/zip' );
INSERT INTO files ( gid, file, mime ) VALUES ( '33600', 'http://www.gutenberg.org/files/33600/33600-h/33600-h.htm', 'text/html; charset=iso-8859-1' );
INSERT INTO files ( gid, file, mime ) VALUES ( '33600', 'http://www.gutenberg.org/files/33600/33600.txt', 'text/plain; charset=us-ascii' );
INSERT INTO files ( gid, file, mime ) VALUES ( '33600', 'http://www.gutenberg.org/files/33600/33600.zip', 'application/ziptext/plain; charset=us-ascii' );
INSERT INTO titles ( gid, title, author, language, rights ) VALUES ( '33500', 'Ayala''s Angel', 'Trollope, Anthony', 'en', 'Public domain in the USA.' );
INSERT INTO classifications ( gid, classification ) VALUES ( '33500', 'PR' );
INSERT INTO subjects ( gid, subject ) VALUES ( '33500', 'Courtship -- England -- Fiction' );
INSERT INTO subjects ( gid, subject ) VALUES ( '33500', 'England -- Social life and customs -- 19th century -- Fiction' );
INSERT INTO files ( gid, file, mime ) VALUES ( '33500', 'http://www.gutenberg.org/ebooks/33500.epub.images', 'application/epub+zip' );
INSERT INTO files ( gid, file, mime ) VALUES ( '33500', 'http://www.gutenberg.org/ebooks/33500.epub.noimages', 'application/epub+zip' );
INSERT INTO files ( gid, file, mime ) VALUES ( '33500', 'http://www.gutenberg.org/ebooks/33500.kindle.images', 'application/x-mobipocket-ebook' );
INSERT INTO files ( gid, file, mime ) VALUES ( '33500', 'http://www.gutenberg.org/ebooks/33500.kindle.noimages', 'application/x-mobipocket-ebook' );
INSERT INTO files ( gid, file, mime ) VALUES ( '33500', 'http://www.gutenberg.org/ebooks/33500.rdf', 'application/rdf+xml' );
INSERT INTO files ( gid, file, mime ) VALUES ( '33500', 'http://www.gutenberg.org/ebooks/33500.txt.utf-8', 'text/plain' );
INSERT INTO files ( gid, file, mime ) VALUES ( '33500', 'http://www.gutenberg.org/files/33500/33500-8.txt', 'text/plain; charset=iso-8859-1' );
INSERT INTO files ( gid, file, mime ) VALUES ( '33500', 'http://www.gutenberg.org/files/33500/33500-8.zip', 'text/plain; charset=iso-8859-1application/zip' );
INSERT INTO files ( gid, file, mime ) VALUES ( '33500', 'http://www.gutenberg.org/files/33500/33500-h.zip', 'application/ziptext/html; charset=iso-8859-1' );
INSERT INTO files ( gid, file, mime ) VALUES ( '33500', 'http://www.gutenberg.org/files/33500/33500-h/33500-h.htm', 'text/html; charset=iso-8859-1' );
INSERT INTO files ( gid, file, mime ) VALUES ( '33500', 'http://www.gutenberg.org/files/33500/33500.txt', 'text/plain; charset=us-ascii' );
INSERT INTO files ( gid, file, mime ) VALUES ( '33500', 'http://www.gutenberg.org/files/33500/33500.zip', 'text/plain; charset=us-asciiapplication/zip' );
INSERT INTO titles ( gid, title, author, language, rights ) VALUES ( '33800', 'The Mysteries of Paris, Volume 1 of 6', 'Sue, Eugène', 'en', 'Public domain in the USA.' );
INSERT INTO classifications ( gid, classification ) VALUES ( '33800', 'PQ' );
INSERT INTO subjects ( gid, subject ) VALUES ( '33800', 'Paris (France) -- Fiction' );
INSERT INTO files ( gid, file, mime ) VALUES ( '33800', 'http://www.gutenberg.org/ebooks/33800.epub.images', 'application/epub+zip' );
INSERT INTO files ( gid, file, mime ) VALUES ( '33800', 'http://www.gutenberg.org/ebooks/33800.epub.noimages', 'application/epub+zip' );
INSERT INTO files ( gid, file, mime ) VALUES ( '33800', 'http://www.gutenberg.org/ebooks/33800.kindle.images', 'application/x-mobipocket-ebook' );
INSERT INTO files ( gid, file, mime ) VALUES ( '33800', 'http://www.gutenberg.org/ebooks/33800.kindle.noimages', 'application/x-mobipocket-ebook' );
INSERT INTO files ( gid, file, mime ) VALUES ( '33800', 'http://www.gutenberg.org/ebooks/33800.rdf', 'application/rdf+xml' );
INSERT INTO files ( gid, file, mime ) VALUES ( '33800', 'http://www.gutenberg.org/ebooks/33800.txt.utf-8', 'text/plain' );
INSERT INTO files ( gid, file, mime ) VALUES ( '33800', 'http://www.gutenberg.org/files/33800/33800-8.txt', 'text/plain; charset=iso-8859-1' );
INSERT INTO files ( gid, file, mime ) VALUES ( '33800', 'http://www.gutenberg.org/files/33800/33800-8.zip', 'application/ziptext/plain; charset=iso-8859-1' );
INSERT INTO files ( gid, file, mime ) VALUES ( '33800', 'http://www.gutenberg.org/files/33800/33800-h.zip', 'application/ziptext/html; charset=iso-8859-1' );
INSERT INTO files ( gid, file, mime ) VALUES ( '33800', 'http://www.gutenberg.org/files/33800/33800-h/33800-h.htm', 'text/html; charset=iso-8859-1' );
INSERT INTO files ( gid, file, mime ) VALUES ( '33800', 'http://www.gutenberg.org/files/33800/33800.txt', 'text/plain; charset=us-ascii' );
INSERT INTO files ( gid, file, mime ) VALUES ( '33800', 'http://www.gutenberg.org/files/33800/33800.zip', 'application/ziptext/plain; charset=us-ascii' );
INSERT INTO titles ( gid, title, author, language, rights ) VALUES ( '33700', 'The Modern Woman''s Rights Movement: A Historical Survey', 'Schirmacher, Käthe', 'en', 'Public domain in the USA.' );
INSERT INTO classifications ( gid, classification ) VALUES ( '33700', 'HQ' );
INSERT INTO subjects ( gid, subject ) VALUES ( '33700', 'Women''s rights' );
INSERT INTO subjects ( gid, subject ) VALUES ( '33700', 'Women -- Social and moral questions' );
INSERT INTO files ( gid, file, mime ) VALUES ( '33700', 'http://www.gutenberg.org/ebooks/33700.epub.images', 'application/epub+zip' );
INSERT INTO files ( gid, file, mime ) VALUES ( '33700', 'http://www.gutenberg.org/ebooks/33700.epub.noimages', 'application/epub+zip' );
INSERT INTO files ( gid, file, mime ) VALUES ( '33700', 'http://www.gutenberg.org/ebooks/33700.kindle.images', 'application/x-mobipocket-ebook' );
INSERT INTO files ( gid, file, mime ) VALUES ( '33700', 'http://www.gutenberg.org/ebooks/33700.kindle.noimages', 'application/x-mobipocket-ebook' );
INSERT INTO files ( gid, file, mime ) VALUES ( '33700', 'http://www.gutenberg.org/ebooks/33700.rdf', 'application/rdf+xml' );
INSERT INTO files ( gid, file, mime ) VALUES ( '33700', 'http://www.gutenberg.org/ebooks/33700.txt.utf-8', 'text/plain' );
INSERT INTO files ( gid, file, mime ) VALUES ( '33700', 'http://www.gutenberg.org/files/33700/33700-8.txt', 'text/plain; charset=iso-8859-1' );
INSERT INTO files ( gid, file, mime ) VALUES ( '33700', 'http://www.gutenberg.org/files/33700/33700-8.zip', 'application/ziptext/plain; charset=iso-8859-1' );
INSERT INTO files ( gid, file, mime ) VALUES ( '33700', 'http://www.gutenberg.org/files/33700/33700-h.zip', 'application/ziptext/html; charset=iso-8859-1' );
INSERT INTO files ( gid, file, mime ) VALUES ( '33700', 'http://www.gutenberg.org/files/33700/33700-h/33700-h.htm', 'text/html; charset=iso-8859-1' );
INSERT INTO files ( gid, file, mime ) VALUES ( '33700', 'http://www.gutenberg.org/files/33700/33700.txt', 'text/plain; charset=us-ascii' );
INSERT INTO files ( gid, file, mime ) VALUES ( '33700', 'http://www.gutenberg.org/files/33700/33700.zip', 'application/ziptext/plain; charset=us-ascii' );
INSERT INTO titles ( gid, title, author, language, rights ) VALUES ( '34000', 'Rachel Ray', 'Trollope, Anthony', 'en', 'Public domain in the USA.' );
INSERT INTO classifications ( gid, classification ) VALUES ( '34000', 'PR' );
INSERT INTO subjects ( gid, subject ) VALUES ( '34000', 'Love stories' );
INSERT INTO subjects ( gid, subject ) VALUES ( '34000', 'Devon (England) -- Fiction' );
INSERT INTO files ( gid, file, mime ) VALUES ( '34000', 'http://www.gutenberg.org/ebooks/34000.epub.images', 'application/epub+zip' );
INSERT INTO files ( gid, file, mime ) VALUES ( '34000', 'http://www.gutenberg.org/ebooks/34000.epub.noimages', 'application/epub+zip' );
INSERT INTO files ( gid, file, mime ) VALUES ( '34000', 'http://www.gutenberg.org/ebooks/34000.kindle.images', 'application/x-mobipocket-ebook' );
INSERT INTO files ( gid, file, mime ) VALUES ( '34000', 'http://www.gutenberg.org/ebooks/34000.kindle.noimages', 'application/x-mobipocket-ebook' );
INSERT INTO files ( gid, file, mime ) VALUES ( '34000', 'http://www.gutenberg.org/ebooks/34000.rdf', 'application/rdf+xml' );
INSERT INTO files ( gid, file, mime ) VALUES ( '34000', 'http://www.gutenberg.org/ebooks/34000.txt.utf-8', 'text/plain' );
INSERT INTO files ( gid, file, mime ) VALUES ( '34000', 'http://www.gutenberg.org/files/34000/34000-8.txt', 'text/plain; charset=iso-8859-1' );
INSERT INTO files ( gid, file, mime ) VALUES ( '34000', 'http://www.gutenberg.org/files/34000/34000-8.zip', 'application/ziptext/plain; charset=iso-8859-1' );
INSERT INTO files ( gid, file, mime ) VALUES ( '34000', 'http://www.gutenberg.org/files/34000/34000-h.zip', 'text/html; charset=iso-8859-1application/zip' );
INSERT INTO files ( gid, file, mime ) VALUES ( '34000', 'http://www.gutenberg.org/files/34000/34000-h/34000-h.htm', 'text/html; charset=iso-8859-1' );
INSERT INTO files ( gid, file, mime ) VALUES ( '34000', 'http://www.gutenberg.org/files/34000/34000.txt', 'text/plain; charset=us-ascii' );
INSERT INTO files ( gid, file, mime ) VALUES ( '34000', 'http://www.gutenberg.org/files/34000/34000.zip', 'text/plain; charset=us-asciiapplication/zip' );
INSERT INTO titles ( gid, title, author, language, rights ) VALUES ( '3400', 'Complete Project Gutenberg William Dean Howells Works', 'Howells, William Dean', 'en', 'Public domain in the USA.' );
INSERT INTO classifications ( gid, classification ) VALUES ( '3400', 'PS' );
INSERT INTO subjects ( gid, subject ) VALUES ( '3400', 'American literature -- 19th century' );
INSERT INTO subjects ( gid, subject ) VALUES ( '3400', 'Literature -- History and criticism' );
INSERT INTO files ( gid, file, mime ) VALUES ( '3400', 'http://www.gutenberg.org/cache/epub/3400/pg3400.cover.medium.jpg', 'image/jpeg' );
INSERT INTO files ( gid, file, mime ) VALUES ( '3400', 'http://www.gutenberg.org/cache/epub/3400/pg3400.cover.small.jpg', 'image/jpeg' );
INSERT INTO files ( gid, file, mime ) VALUES ( '3400', 'http://www.gutenberg.org/ebooks/3400.epub.images', 'application/epub+zip' );
INSERT INTO files ( gid, file, mime ) VALUES ( '3400', 'http://www.gutenberg.org/ebooks/3400.epub.noimages', 'application/epub+zip' );
INSERT INTO files ( gid, file, mime ) VALUES ( '3400', 'http://www.gutenberg.org/ebooks/3400.kindle.images', 'application/x-mobipocket-ebook' );
INSERT INTO files ( gid, file, mime ) VALUES ( '3400', 'http://www.gutenberg.org/ebooks/3400.kindle.noimages', 'application/x-mobipocket-ebook' );
INSERT INTO files ( gid, file, mime ) VALUES ( '3400', 'http://www.gutenberg.org/ebooks/3400.rdf', 'application/rdf+xml' );
INSERT INTO files ( gid, file, mime ) VALUES ( '3400', 'http://www.gutenberg.org/files/3400/3400-0.txt', 'text/plain; charset=utf-8' );
INSERT INTO files ( gid, file, mime ) VALUES ( '3400', 'http://www.gutenberg.org/files/3400/3400-0.zip', 'text/plain; charset=utf-8application/zip' );
INSERT INTO files ( gid, file, mime ) VALUES ( '3400', 'http://www.gutenberg.org/files/3400/3400-8.txt', 'text/plain; charset=iso-8859-1' );
INSERT INTO files ( gid, file, mime ) VALUES ( '3400', 'http://www.gutenberg.org/files/3400/3400-8.zip', 'text/plain; charset=iso-8859-1application/zip' );
INSERT INTO files ( gid, file, mime ) VALUES ( '3400', 'http://www.gutenberg.org/files/3400/3400-h.zip', 'application/ziptext/html; charset=utf-8' );
INSERT INTO files ( gid, file, mime ) VALUES ( '3400', 'http://www.gutenberg.org/files/3400/3400-h/3400-h.htm', 'text/html; charset=utf-8' );
INSERT INTO files ( gid, file, mime ) VALUES ( '3400', 'http://www.gutenberg.org/files/3400/3400.txt', 'text/plain; charset=us-ascii' );
INSERT INTO files ( gid, file, mime ) VALUES ( '3400', 'http://www.gutenberg.org/files/3400/3400.zip', 'text/plain; charset=us-asciiapplication/zip' );
INSERT INTO titles ( gid, title, author, language, rights ) VALUES ( '34100', 'Lefty Locke Pitcher-Manager', 'Standish, Burt L.', 'en', 'Public domain in the USA.' );
INSERT INTO classifications ( gid, classification ) VALUES ( '34100', 'PZ' );
INSERT INTO subjects ( gid, subject ) VALUES ( '34100', 'Baseball stories' );
INSERT INTO subjects ( gid, subject ) VALUES ( '34100', 'Baseball managers -- Juvenile fiction' );
INSERT INTO subjects ( gid, subject ) VALUES ( '34100', 'Teamwork (Sports) -- Juvenile fiction' );
INSERT INTO subjects ( gid, subject ) VALUES ( '34100', 'Swindlers and swindling -- Juvenile fiction' );
INSERT INTO files ( gid, file, mime ) VALUES ( '34100', 'http://www.gutenberg.org/cache/epub/34100/pg34100.cover.medium.jpg', 'image/jpeg' );
INSERT INTO files ( gid, file, mime ) VALUES ( '34100', 'http://www.gutenberg.org/cache/epub/34100/pg34100.cover.small.jpg', 'image/jpeg' );
INSERT INTO files ( gid, file, mime ) VALUES ( '34100', 'http://www.gutenberg.org/ebooks/34100.epub.images', 'application/epub+zip' );
INSERT INTO files ( gid, file, mime ) VALUES ( '34100', 'http://www.gutenberg.org/ebooks/34100.epub.noimages', 'application/epub+zip' );
INSERT INTO files ( gid, file, mime ) VALUES ( '34100', 'http://www.gutenberg.org/ebooks/34100.kindle.images', 'application/x-mobipocket-ebook' );
INSERT INTO files ( gid, file, mime ) VALUES ( '34100', 'http://www.gutenberg.org/ebooks/34100.kindle.noimages', 'application/x-mobipocket-ebook' );
INSERT INTO files ( gid, file, mime ) VALUES ( '34100', 'http://www.gutenberg.org/ebooks/34100.rdf', 'application/rdf+xml' );
INSERT INTO files ( gid, file, mime ) VALUES ( '34100', 'http://www.gutenberg.org/ebooks/34100.txt.utf-8', 'text/plain' );
INSERT INTO files ( gid, file, mime ) VALUES ( '34100', 'http://www.gutenberg.org/files/34100/34100-8.txt', 'text/plain; charset=iso-8859-1' );
INSERT INTO files ( gid, file, mime ) VALUES ( '34100', 'http://www.gutenberg.org/files/34100/34100-8.zip', 'text/plain; charset=iso-8859-1application/zip' );
INSERT INTO files ( gid, file, mime ) VALUES ( '34100', 'http://www.gutenberg.org/files/34100/34100-h.zip', 'application/ziptext/html; charset=iso-8859-1' );
INSERT INTO files ( gid, file, mime ) VALUES ( '34100', 'http://www.gutenberg.org/files/34100/34100-h/34100-h.htm', 'text/html; charset=iso-8859-1' );
INSERT INTO files ( gid, file, mime ) VALUES ( '34100', 'http://www.gutenberg.org/files/34100/34100.txt', 'text/plain; charset=us-ascii' );
INSERT INTO files ( gid, file, mime ) VALUES ( '34100', 'http://www.gutenberg.org/files/34100/34100.zip', 'application/ziptext/plain; charset=us-ascii' );
INSERT INTO titles ( gid, title, author, language, rights ) VALUES ( '34200', 'Story Lessons on Character-Building (Morals) and Manners', 'Bates, Loïs', 'en', 'Public domain in the USA.' );
INSERT INTO classifications ( gid, classification ) VALUES ( '34200', 'LB' );
INSERT INTO subjects ( gid, subject ) VALUES ( '34200', 'Etiquette' );
INSERT INTO subjects ( gid, subject ) VALUES ( '34200', 'Character' );
INSERT INTO subjects ( gid, subject ) VALUES ( '34200', 'Moral education' );
INSERT INTO files ( gid, file, mime ) VALUES ( '34200', 'http://www.gutenberg.org/ebooks/34200.epub.images', 'application/epub+zip' );
INSERT INTO files ( gid, file, mime ) VALUES ( '34200', 'http://www.gutenberg.org/ebooks/34200.epub.noimages', 'application/epub+zip' );
INSERT INTO files ( gid, file, mime ) VALUES ( '34200', 'http://www.gutenberg.org/ebooks/34200.kindle.images', 'application/x-mobipocket-ebook' );
INSERT INTO files ( gid, file, mime ) VALUES ( '34200', 'http://www.gutenberg.org/ebooks/34200.kindle.noimages', 'application/x-mobipocket-ebook' );
INSERT INTO files ( gid, file, mime ) VALUES ( '34200', 'http://www.gutenberg.org/ebooks/34200.rdf', 'application/rdf+xml' );
INSERT INTO files ( gid, file, mime ) VALUES ( '34200', 'http://www.gutenberg.org/ebooks/34200.txt.utf-8', 'text/plain' );
INSERT INTO files ( gid, file, mime ) VALUES ( '34200', 'http://www.gutenberg.org/files/34200/34200-8.txt', 'text/plain; charset=iso-8859-1' );
INSERT INTO files ( gid, file, mime ) VALUES ( '34200', 'http://www.gutenberg.org/files/34200/34200-8.zip', 'text/plain; charset=iso-8859-1application/zip' );
INSERT INTO files ( gid, file, mime ) VALUES ( '34200', 'http://www.gutenberg.org/files/34200/34200-h.zip', 'text/html; charset=iso-8859-1application/zip' );
INSERT INTO files ( gid, file, mime ) VALUES ( '34200', 'http://www.gutenberg.org/files/34200/34200-h/34200-h.htm', 'text/html; charset=iso-8859-1' );
INSERT INTO files ( gid, file, mime ) VALUES ( '34200', 'http://www.gutenberg.org/files/34200/34200.txt', 'text/plain; charset=us-ascii' );
INSERT INTO files ( gid, file, mime ) VALUES ( '34200', 'http://www.gutenberg.org/files/34200/34200.zip', 'application/ziptext/plain; charset=us-ascii' );
INSERT INTO titles ( gid, title, author, language, rights ) VALUES ( '34300', 'Leonardo da Vinci: A Psychosexual Study of an Infantile Reminiscence', 'Freud, Sigmund', 'en', 'Public domain in the USA.' );
INSERT INTO classifications ( gid, classification ) VALUES ( '34300', 'ND' );
INSERT INTO subjects ( gid, subject ) VALUES ( '34300', 'Painters -- Italy -- Biography' );
INSERT INTO subjects ( gid, subject ) VALUES ( '34300', 'Freud, Sigmund, 1856-1939 -- Views on art' );
INSERT INTO subjects ( gid, subject ) VALUES ( '34300', 'Leonardo, da Vinci, 1452-1519' );
INSERT INTO subjects ( gid, subject ) VALUES ( '34300', 'Psychoanalysis -- Case studies' );
INSERT INTO files ( gid, file, mime ) VALUES ( '34300', 'http://www.gutenberg.org/ebooks/34300.epub.images', 'application/epub+zip' );
INSERT INTO files ( gid, file, mime ) VALUES ( '34300', 'http://www.gutenberg.org/ebooks/34300.epub.noimages', 'application/epub+zip' );
INSERT INTO files ( gid, file, mime ) VALUES ( '34300', 'http://www.gutenberg.org/ebooks/34300.kindle.images', 'application/x-mobipocket-ebook' );
INSERT INTO files ( gid, file, mime ) VALUES ( '34300', 'http://www.gutenberg.org/ebooks/34300.kindle.noimages', 'application/x-mobipocket-ebook' );
INSERT INTO files ( gid, file, mime ) VALUES ( '34300', 'http://www.gutenberg.org/ebooks/34300.rdf', 'application/rdf+xml' );
INSERT INTO files ( gid, file, mime ) VALUES ( '34300', 'http://www.gutenberg.org/files/34300/34300-0.txt', 'text/plain; charset=utf-8' );
INSERT INTO files ( gid, file, mime ) VALUES ( '34300', 'http://www.gutenberg.org/files/34300/34300-0.zip', 'text/plain; charset=utf-8application/zip' );
INSERT INTO files ( gid, file, mime ) VALUES ( '34300', 'http://www.gutenberg.org/files/34300/34300-8.txt', 'text/plain; charset=iso-8859-1' );
INSERT INTO files ( gid, file, mime ) VALUES ( '34300', 'http://www.gutenberg.org/files/34300/34300-8.zip', 'text/plain; charset=iso-8859-1application/zip' );
INSERT INTO files ( gid, file, mime ) VALUES ( '34300', 'http://www.gutenberg.org/files/34300/34300-h.zip', 'application/ziptext/html; charset=iso-8859-1' );
INSERT INTO files ( gid, file, mime ) VALUES ( '34300', 'http://www.gutenberg.org/files/34300/34300-h/34300-h.htm', 'text/html; charset=iso-8859-1' );
INSERT INTO files ( gid, file, mime ) VALUES ( '34300', 'http://www.gutenberg.org/files/34300/34300.txt', 'text/plain; charset=us-ascii' );
INSERT INTO files ( gid, file, mime ) VALUES ( '34300', 'http://www.gutenberg.org/files/34300/34300.zip', 'application/ziptext/plain; charset=us-ascii' );
INSERT INTO titles ( gid, title, author, language, rights ) VALUES ( '34400', 'Napoleon''s Marshals', 'Dunn-Pattison, R. P.', 'en', 'Public domain in the USA.' );
INSERT INTO classifications ( gid, classification ) VALUES ( '34400', 'DC' );
INSERT INTO subjects ( gid, subject ) VALUES ( '34400', 'France -- History, Military -- 1789-1815' );
INSERT INTO subjects ( gid, subject ) VALUES ( '34400', 'Marshals -- France -- Biography' );
INSERT INTO subjects ( gid, subject ) VALUES ( '34400', 'Napoleon I, Emperor of the French, 1769-1821 -- Relations with marshals' );
INSERT INTO files ( gid, file, mime ) VALUES ( '34400', 'http://www.gutenberg.org/ebooks/34400.epub.images', 'application/epub+zip' );
INSERT INTO files ( gid, file, mime ) VALUES ( '34400', 'http://www.gutenberg.org/ebooks/34400.epub.noimages', 'application/epub+zip' );
INSERT INTO files ( gid, file, mime ) VALUES ( '34400', 'http://www.gutenberg.org/ebooks/34400.kindle.images', 'application/x-mobipocket-ebook' );
INSERT INTO files ( gid, file, mime ) VALUES ( '34400', 'http://www.gutenberg.org/ebooks/34400.kindle.noimages', 'application/x-mobipocket-ebook' );
INSERT INTO files ( gid, file, mime ) VALUES ( '34400', 'http://www.gutenberg.org/ebooks/34400.rdf', 'application/rdf+xml' );
INSERT INTO files ( gid, file, mime ) VALUES ( '34400', 'http://www.gutenberg.org/ebooks/34400.txt.utf-8', 'text/plain' );
INSERT INTO files ( gid, file, mime ) VALUES ( '34400', 'http://www.gutenberg.org/files/34400/34400-8.txt', 'text/plain; charset=iso-8859-1' );
INSERT INTO files ( gid, file, mime ) VALUES ( '34400', 'http://www.gutenberg.org/files/34400/34400-8.zip', 'text/plain; charset=iso-8859-1application/zip' );
INSERT INTO files ( gid, file, mime ) VALUES ( '34400', 'http://www.gutenberg.org/files/34400/34400-h.zip', 'application/ziptext/html; charset=iso-8859-1' );
INSERT INTO files ( gid, file, mime ) VALUES ( '34400', 'http://www.gutenberg.org/files/34400/34400-h/34400-h.htm', 'text/html; charset=iso-8859-1' );
INSERT INTO files ( gid, file, mime ) VALUES ( '34400', 'http://www.gutenberg.org/files/34400/34400.txt', 'text/plain; charset=us-ascii' );
INSERT INTO files ( gid, file, mime ) VALUES ( '34400', 'http://www.gutenberg.org/files/34400/34400.zip', 'text/plain; charset=us-asciiapplication/zip' );
INSERT INTO titles ( gid, title, author, language, rights ) VALUES ( '34500', 'The Gold Brick', 'Stephens, Ann S. (Ann Sophia)', 'en', 'Public domain in the USA.' );
INSERT INTO classifications ( gid, classification ) VALUES ( '34500', 'PS' );
INSERT INTO subjects ( gid, subject ) VALUES ( '34500', 'Fiction' );
INSERT INTO files ( gid, file, mime ) VALUES ( '34500', 'http://www.gutenberg.org/ebooks/34500.epub.images', 'application/epub+zip' );
INSERT INTO files ( gid, file, mime ) VALUES ( '34500', 'http://www.gutenberg.org/ebooks/34500.epub.noimages', 'application/epub+zip' );
INSERT INTO files ( gid, file, mime ) VALUES ( '34500', 'http://www.gutenberg.org/ebooks/34500.kindle.images', 'application/x-mobipocket-ebook' );
INSERT INTO files ( gid, file, mime ) VALUES ( '34500', 'http://www.gutenberg.org/ebooks/34500.kindle.noimages', 'application/x-mobipocket-ebook' );
INSERT INTO files ( gid, file, mime ) VALUES ( '34500', 'http://www.gutenberg.org/ebooks/34500.rdf', 'application/rdf+xml' );
INSERT INTO files ( gid, file, mime ) VALUES ( '34500', 'http://www.gutenberg.org/ebooks/34500.txt.utf-8', 'text/plain' );
INSERT INTO files ( gid, file, mime ) VALUES ( '34500', 'http://www.gutenberg.org/files/34500/34500-8.txt', 'text/plain; charset=iso-8859-1' );
INSERT INTO files ( gid, file, mime ) VALUES ( '34500', 'http://www.gutenberg.org/files/34500/34500-8.zip', 'application/ziptext/plain; charset=iso-8859-1' );
INSERT INTO files ( gid, file, mime ) VALUES ( '34500', 'http://www.gutenberg.org/files/34500/34500-h.zip', 'application/ziptext/html; charset=iso-8859-1' );
INSERT INTO files ( gid, file, mime ) VALUES ( '34500', 'http://www.gutenberg.org/files/34500/34500-h/34500-h.htm', 'text/html; charset=iso-8859-1' );
INSERT INTO files ( gid, file, mime ) VALUES ( '34500', 'http://www.gutenberg.org/files/34500/34500.txt', 'text/plain; charset=us-ascii' );
INSERT INTO files ( gid, file, mime ) VALUES ( '34500', 'http://www.gutenberg.org/files/34500/34500.zip', 'application/ziptext/plain; charset=us-ascii' );
INSERT INTO titles ( gid, title, author, language, rights ) VALUES ( '34600', 'The Story of American History for Elementary Schools', 'Blaisdell, Albert F. (Albert Franklin)', 'en', 'Public domain in the USA.' );
INSERT INTO subjects ( gid, subject ) VALUES ( '34600', 'E151' );
INSERT INTO subjects ( gid, subject ) VALUES ( '34600', 'United States -- History' );
INSERT INTO files ( gid, file, mime ) VALUES ( '34600', 'http://www.gutenberg.org/cache/epub/34600/pg34600.cover.medium.jpg', 'image/jpeg' );
INSERT INTO files ( gid, file, mime ) VALUES ( '34600', 'http://www.gutenberg.org/cache/epub/34600/pg34600.cover.small.jpg', 'image/jpeg' );
INSERT INTO files ( gid, file, mime ) VALUES ( '34600', 'http://www.gutenberg.org/ebooks/34600.epub.images', 'application/epub+zip' );
INSERT INTO files ( gid, file, mime ) VALUES ( '34600', 'http://www.gutenberg.org/ebooks/34600.epub.noimages', 'application/epub+zip' );
INSERT INTO files ( gid, file, mime ) VALUES ( '34600', 'http://www.gutenberg.org/ebooks/34600.kindle.images', 'application/x-mobipocket-ebook' );
INSERT INTO files ( gid, file, mime ) VALUES ( '34600', 'http://www.gutenberg.org/ebooks/34600.kindle.noimages', 'application/x-mobipocket-ebook' );
INSERT INTO files ( gid, file, mime ) VALUES ( '34600', 'http://www.gutenberg.org/ebooks/34600.rdf', 'application/rdf+xml' );
INSERT INTO files ( gid, file, mime ) VALUES ( '34600', 'http://www.gutenberg.org/ebooks/34600.txt.utf-8', 'text/plain' );
INSERT INTO files ( gid, file, mime ) VALUES ( '34600', 'http://www.gutenberg.org/files/34600/34600-8.txt', 'text/plain; charset=iso-8859-1' );
INSERT INTO files ( gid, file, mime ) VALUES ( '34600', 'http://www.gutenberg.org/files/34600/34600-8.zip', 'text/plain; charset=iso-8859-1application/zip' );
INSERT INTO files ( gid, file, mime ) VALUES ( '34600', 'http://www.gutenberg.org/files/34600/34600-h.zip', 'text/html; charset=iso-8859-1application/zip' );
INSERT INTO files ( gid, file, mime ) VALUES ( '34600', 'http://www.gutenberg.org/files/34600/34600-h/34600-h.htm', 'text/html; charset=iso-8859-1' );
INSERT INTO files ( gid, file, mime ) VALUES ( '34600', 'http://www.gutenberg.org/files/34600/34600.txt', 'text/plain; charset=us-ascii' );
INSERT INTO files ( gid, file, mime ) VALUES ( '34600', 'http://www.gutenberg.org/files/34600/34600.zip', 'text/plain; charset=us-asciiapplication/zip' );
INSERT INTO titles ( gid, title, author, language, rights ) VALUES ( '34700', 'God''s Green Country: A Novel of Canadian Rural Life', 'Chapman, Ethel M.', 'en', 'Public domain in the USA.' );
INSERT INTO classifications ( gid, classification ) VALUES ( '34700', 'PS' );
INSERT INTO subjects ( gid, subject ) VALUES ( '34700', 'Farm life -- Canada -- Fiction' );
INSERT INTO files ( gid, file, mime ) VALUES ( '34700', 'http://www.gutenberg.org/ebooks/34700.epub.images', 'application/epub+zip' );
INSERT INTO files ( gid, file, mime ) VALUES ( '34700', 'http://www.gutenberg.org/ebooks/34700.epub.noimages', 'application/epub+zip' );
INSERT INTO files ( gid, file, mime ) VALUES ( '34700', 'http://www.gutenberg.org/ebooks/34700.kindle.images', 'application/x-mobipocket-ebook' );
INSERT INTO files ( gid, file, mime ) VALUES ( '34700', 'http://www.gutenberg.org/ebooks/34700.kindle.noimages', 'application/x-mobipocket-ebook' );
INSERT INTO files ( gid, file, mime ) VALUES ( '34700', 'http://www.gutenberg.org/ebooks/34700.rdf', 'application/rdf+xml' );
INSERT INTO files ( gid, file, mime ) VALUES ( '34700', 'http://www.gutenberg.org/ebooks/34700.txt.utf-8', 'text/plain' );
INSERT INTO files ( gid, file, mime ) VALUES ( '34700', 'http://www.gutenberg.org/files/34700/34700-h.zip', 'application/ziptext/html; charset=us-ascii' );
INSERT INTO files ( gid, file, mime ) VALUES ( '34700', 'http://www.gutenberg.org/files/34700/34700-h/34700-h.htm', 'text/html; charset=us-ascii' );
INSERT INTO files ( gid, file, mime ) VALUES ( '34700', 'http://www.gutenberg.org/files/34700/34700.txt', 'text/plain; charset=us-ascii' );
INSERT INTO files ( gid, file, mime ) VALUES ( '34700', 'http://www.gutenberg.org/files/34700/34700.zip', 'text/plain; charset=us-asciiapplication/zip' );
INSERT INTO titles ( gid, title, author, language, rights ) VALUES ( '34800', 'Sais-tu? Oui.--Retiens. Non.--Apprends. Recueil de poésies simples et faciles destinées à servir d''exercices élémentaires de mémoire', 'Juhlin, Victor', 'fr', 'Public domain in the USA.' );
INSERT INTO classifications ( gid, classification ) VALUES ( '34800', 'PQ' );
INSERT INTO subjects ( gid, subject ) VALUES ( '34800', 'Recitations (French)' );
INSERT INTO subjects ( gid, subject ) VALUES ( '34800', 'French poetry' );
INSERT INTO files ( gid, file, mime ) VALUES ( '34800', 'http://www.gutenberg.org/ebooks/34800.epub.images', 'application/epub+zip' );
INSERT INTO files ( gid, file, mime ) VALUES ( '34800', 'http://www.gutenberg.org/ebooks/34800.epub.noimages', 'application/epub+zip' );
INSERT INTO files ( gid, file, mime ) VALUES ( '34800', 'http://www.gutenberg.org/ebooks/34800.kindle.images', 'application/x-mobipocket-ebook' );
INSERT INTO files ( gid, file, mime ) VALUES ( '34800', 'http://www.gutenberg.org/ebooks/34800.kindle.noimages', 'application/x-mobipocket-ebook' );
INSERT INTO files ( gid, file, mime ) VALUES ( '34800', 'http://www.gutenberg.org/ebooks/34800.rdf', 'application/rdf+xml' );
INSERT INTO files ( gid, file, mime ) VALUES ( '34800', 'http://www.gutenberg.org/ebooks/34800.txt.utf-8', 'text/plain' );
INSERT INTO files ( gid, file, mime ) VALUES ( '34800', 'http://www.gutenberg.org/files/34800/34800-8.txt', 'text/plain; charset=iso-8859-1' );
INSERT INTO files ( gid, file, mime ) VALUES ( '34800', 'http://www.gutenberg.org/files/34800/34800-8.zip', 'application/ziptext/plain; charset=iso-8859-1' );
INSERT INTO files ( gid, file, mime ) VALUES ( '34800', 'http://www.gutenberg.org/files/34800/34800-h.zip', 'text/html; charset=iso-8859-1application/zip' );
INSERT INTO files ( gid, file, mime ) VALUES ( '34800', 'http://www.gutenberg.org/files/34800/34800-h/34800-h.htm', 'text/html; charset=iso-8859-1' );
INSERT INTO titles ( gid, title, author, language, rights ) VALUES ( '34900', 'Irish Nationality', 'Green, Alice Stopford', 'en', 'Public domain in the USA.' );
INSERT INTO classifications ( gid, classification ) VALUES ( '34900', 'DA' );
INSERT INTO subjects ( gid, subject ) VALUES ( '34900', 'Ireland -- Politics and government' );
INSERT INTO subjects ( gid, subject ) VALUES ( '34900', 'Irish question' );
INSERT INTO subjects ( gid, subject ) VALUES ( '34900', 'Ireland -- History' );
INSERT INTO files ( gid, file, mime ) VALUES ( '34900', 'http://www.gutenberg.org/ebooks/34900.epub.images', 'application/epub+zip' );
INSERT INTO files ( gid, file, mime ) VALUES ( '34900', 'http://www.gutenberg.org/ebooks/34900.epub.noimages', 'application/epub+zip' );
INSERT INTO files ( gid, file, mime ) VALUES ( '34900', 'http://www.gutenberg.org/ebooks/34900.kindle.images', 'application/x-mobipocket-ebook' );
INSERT INTO files ( gid, file, mime ) VALUES ( '34900', 'http://www.gutenberg.org/ebooks/34900.kindle.noimages', 'application/x-mobipocket-ebook' );
INSERT INTO files ( gid, file, mime ) VALUES ( '34900', 'http://www.gutenberg.org/ebooks/34900.rdf', 'application/rdf+xml' );
INSERT INTO files ( gid, file, mime ) VALUES ( '34900', 'http://www.gutenberg.org/ebooks/34900.txt.utf-8', 'text/plain' );
INSERT INTO files ( gid, file, mime ) VALUES ( '34900', 'http://www.gutenberg.org/files/34900/34900-8.txt', 'text/plain; charset=iso-8859-1' );
INSERT INTO files ( gid, file, mime ) VALUES ( '34900', 'http://www.gutenberg.org/files/34900/34900-8.zip', 'text/plain; charset=iso-8859-1application/zip' );
INSERT INTO files ( gid, file, mime ) VALUES ( '34900', 'http://www.gutenberg.org/files/34900/34900-h.zip', 'application/ziptext/html; charset=iso-8859-1' );
INSERT INTO files ( gid, file, mime ) VALUES ( '34900', 'http://www.gutenberg.org/files/34900/34900-h/34900-h.htm', 'text/html; charset=iso-8859-1' );
INSERT INTO files ( gid, file, mime ) VALUES ( '34900', 'http://www.gutenberg.org/files/34900/34900.txt', 'text/plain; charset=us-ascii' );
INSERT INTO files ( gid, file, mime ) VALUES ( '34900', 'http://www.gutenberg.org/files/34900/34900.zip', 'application/ziptext/plain; charset=us-ascii' );
INSERT INTO titles ( gid, title, author, language, rights ) VALUES ( '35000', 'The Mad Lover, a Tragi-Comedy The Works of Francis Beaumont and John Fletcher (3 of 10)', 'Beaumont, Francis', 'en', 'Public domain in the USA.' );
INSERT INTO classifications ( gid, classification ) VALUES ( '35000', 'PR' );
INSERT INTO subjects ( gid, subject ) VALUES ( '35000', 'English drama' );
INSERT INTO files ( gid, file, mime ) VALUES ( '35000', 'http://www.gutenberg.org/ebooks/35000.epub.images', 'application/epub+zip' );
INSERT INTO files ( gid, file, mime ) VALUES ( '35000', 'http://www.gutenberg.org/ebooks/35000.epub.noimages', 'application/epub+zip' );
INSERT INTO files ( gid, file, mime ) VALUES ( '35000', 'http://www.gutenberg.org/ebooks/35000.kindle.images', 'application/x-mobipocket-ebook' );
INSERT INTO files ( gid, file, mime ) VALUES ( '35000', 'http://www.gutenberg.org/ebooks/35000.kindle.noimages', 'application/x-mobipocket-ebook' );
INSERT INTO files ( gid, file, mime ) VALUES ( '35000', 'http://www.gutenberg.org/ebooks/35000.rdf', 'application/rdf+xml' );
INSERT INTO files ( gid, file, mime ) VALUES ( '35000', 'http://www.gutenberg.org/ebooks/35000.txt.utf-8', 'text/plain' );
INSERT INTO files ( gid, file, mime ) VALUES ( '35000', 'http://www.gutenberg.org/files/35000/35000-8.txt', 'text/plain; charset=iso-8859-1' );
INSERT INTO files ( gid, file, mime ) VALUES ( '35000', 'http://www.gutenberg.org/files/35000/35000-8.zip', 'application/ziptext/plain; charset=iso-8859-1' );
INSERT INTO files ( gid, file, mime ) VALUES ( '35000', 'http://www.gutenberg.org/files/35000/35000-h.zip', 'text/html; charset=iso-8859-1application/zip' );
INSERT INTO files ( gid, file, mime ) VALUES ( '35000', 'http://www.gutenberg.org/files/35000/35000-h/35000-h.htm', 'text/html; charset=iso-8859-1' );
INSERT INTO files ( gid, file, mime ) VALUES ( '35000', 'http://www.gutenberg.org/files/35000/35000.txt', 'text/plain; charset=us-ascii' );
INSERT INTO files ( gid, file, mime ) VALUES ( '35000', 'http://www.gutenberg.org/files/35000/35000.zip', 'text/plain; charset=us-asciiapplication/zip' );
INSERT INTO titles ( gid, title, author, language, rights ) VALUES ( '3500', 'Ceiriog', 'Hughes, John Ceiriog', 'cy', 'Public domain in the USA.' );
INSERT INTO classifications ( gid, classification ) VALUES ( '3500', 'PB' );
INSERT INTO subjects ( gid, subject ) VALUES ( '3500', 'Ballads, Welsh -- Texts' );
INSERT INTO subjects ( gid, subject ) VALUES ( '3500', 'Wales -- Poetry' );
INSERT INTO files ( gid, file, mime ) VALUES ( '3500', 'http://www.gutenberg.org/dirs/etext02/ceirg10.txt', 'text/plain' );
INSERT INTO files ( gid, file, mime ) VALUES ( '3500', 'http://www.gutenberg.org/dirs/etext02/ceirg10.zip', 'application/ziptext/plain' );
INSERT INTO files ( gid, file, mime ) VALUES ( '3500', 'http://www.gutenberg.org/dirs/etext02/ceirg10h.htm', 'text/html' );
INSERT INTO files ( gid, file, mime ) VALUES ( '3500', 'http://www.gutenberg.org/dirs/etext02/ceirg10h.zip', 'text/htmlapplication/zip' );
INSERT INTO files ( gid, file, mime ) VALUES ( '3500', 'http://www.gutenberg.org/ebooks/3500.epub.images', 'application/epub+zip' );
INSERT INTO files ( gid, file, mime ) VALUES ( '3500', 'http://www.gutenberg.org/ebooks/3500.epub.noimages', 'application/epub+zip' );
INSERT INTO files ( gid, file, mime ) VALUES ( '3500', 'http://www.gutenberg.org/ebooks/3500.kindle.images', 'application/x-mobipocket-ebook' );
INSERT INTO files ( gid, file, mime ) VALUES ( '3500', 'http://www.gutenberg.org/ebooks/3500.kindle.noimages', 'application/x-mobipocket-ebook' );
INSERT INTO files ( gid, file, mime ) VALUES ( '3500', 'http://www.gutenberg.org/ebooks/3500.rdf', 'application/rdf+xml' );
INSERT INTO files ( gid, file, mime ) VALUES ( '3500', 'http://www.gutenberg.org/ebooks/3500.txt.utf-8', 'text/plain' );
INSERT INTO titles ( gid, title, author, language, rights ) VALUES ( '35100', 'L''Illustration, No. 0011, 13 Mai 1843', 'Various', 'fr', 'Public domain in the USA.' );
INSERT INTO classifications ( gid, classification ) VALUES ( '35100', 'AP' );
INSERT INTO subjects ( gid, subject ) VALUES ( '35100', 'Illustrated periodicals -- France' );
INSERT INTO files ( gid, file, mime ) VALUES ( '35100', 'http://www.gutenberg.org/cache/epub/35100/pg35100.cover.medium.jpg', 'image/jpeg' );
INSERT INTO files ( gid, file, mime ) VALUES ( '35100', 'http://www.gutenberg.org/cache/epub/35100/pg35100.cover.small.jpg', 'image/jpeg' );
INSERT INTO files ( gid, file, mime ) VALUES ( '35100', 'http://www.gutenberg.org/ebooks/35100.epub.images', 'application/epub+zip' );
INSERT INTO files ( gid, file, mime ) VALUES ( '35100', 'http://www.gutenberg.org/ebooks/35100.epub.noimages', 'application/epub+zip' );
INSERT INTO files ( gid, file, mime ) VALUES ( '35100', 'http://www.gutenberg.org/ebooks/35100.kindle.images', 'application/x-mobipocket-ebook' );
INSERT INTO files ( gid, file, mime ) VALUES ( '35100', 'http://www.gutenberg.org/ebooks/35100.kindle.noimages', 'application/x-mobipocket-ebook' );
INSERT INTO files ( gid, file, mime ) VALUES ( '35100', 'http://www.gutenberg.org/ebooks/35100.rdf', 'application/rdf+xml' );
INSERT INTO files ( gid, file, mime ) VALUES ( '35100', 'http://www.gutenberg.org/ebooks/35100.txt.utf-8', 'text/plain' );
INSERT INTO files ( gid, file, mime ) VALUES ( '35100', 'http://www.gutenberg.org/files/35100/35100-8.txt', 'text/plain; charset=iso-8859-1' );
INSERT INTO files ( gid, file, mime ) VALUES ( '35100', 'http://www.gutenberg.org/files/35100/35100-8.zip', 'application/ziptext/plain; charset=iso-8859-1' );
INSERT INTO files ( gid, file, mime ) VALUES ( '35100', 'http://www.gutenberg.org/files/35100/35100-h.zip', 'application/ziptext/html; charset=iso-8859-1' );
INSERT INTO files ( gid, file, mime ) VALUES ( '35100', 'http://www.gutenberg.org/files/35100/35100-h/35100-h.htm', 'text/html; charset=iso-8859-1' );
INSERT INTO titles ( gid, title, author, language, rights ) VALUES ( '35200', 'Vue générale de l''histoire politique de l''Europe', 'Lavisse, Ernest', 'fr', 'Public domain in the USA.' );
INSERT INTO classifications ( gid, classification ) VALUES ( '35200', 'D' );
INSERT INTO subjects ( gid, subject ) VALUES ( '35200', 'Europe -- History' );
INSERT INTO files ( gid, file, mime ) VALUES ( '35200', 'http://www.gutenberg.org/ebooks/35200.epub.images', 'application/epub+zip' );
INSERT INTO files ( gid, file, mime ) VALUES ( '35200', 'http://www.gutenberg.org/ebooks/35200.epub.noimages', 'application/epub+zip' );
INSERT INTO files ( gid, file, mime ) VALUES ( '35200', 'http://www.gutenberg.org/ebooks/35200.html.images', 'text/html' );
INSERT INTO files ( gid, file, mime ) VALUES ( '35200', 'http://www.gutenberg.org/ebooks/35200.html.noimages', 'text/html' );
INSERT INTO files ( gid, file, mime ) VALUES ( '35200', 'http://www.gutenberg.org/ebooks/35200.kindle.images', 'application/x-mobipocket-ebook' );
INSERT INTO files ( gid, file, mime ) VALUES ( '35200', 'http://www.gutenberg.org/ebooks/35200.kindle.noimages', 'application/x-mobipocket-ebook' );
INSERT INTO files ( gid, file, mime ) VALUES ( '35200', 'http://www.gutenberg.org/ebooks/35200.rdf', 'application/rdf+xml' );
INSERT INTO files ( gid, file, mime ) VALUES ( '35200', 'http://www.gutenberg.org/files/35200/35200-0.txt', 'text/plain; charset=utf-8' );
INSERT INTO files ( gid, file, mime ) VALUES ( '35200', 'http://www.gutenberg.org/files/35200/35200-0.zip', 'application/ziptext/plain; charset=utf-8' );
INSERT INTO titles ( gid, title, author, language, rights ) VALUES ( '35300', 'Louisiana', 'Burnett, Frances Hodgson', 'en', 'Public domain in the USA.' );
INSERT INTO classifications ( gid, classification ) VALUES ( '35300', 'PS' );
INSERT INTO subjects ( gid, subject ) VALUES ( '35300', 'Louisiana -- Fiction' );
INSERT INTO files ( gid, file, mime ) VALUES ( '35300', 'http://www.gutenberg.org/ebooks/35300.epub.images', 'application/epub+zip' );
INSERT INTO files ( gid, file, mime ) VALUES ( '35300', 'http://www.gutenberg.org/ebooks/35300.epub.noimages', 'application/epub+zip' );
INSERT INTO files ( gid, file, mime ) VALUES ( '35300', 'http://www.gutenberg.org/ebooks/35300.kindle.images', 'application/x-mobipocket-ebook' );
INSERT INTO files ( gid, file, mime ) VALUES ( '35300', 'http://www.gutenberg.org/ebooks/35300.kindle.noimages', 'application/x-mobipocket-ebook' );
INSERT INTO files ( gid, file, mime ) VALUES ( '35300', 'http://www.gutenberg.org/ebooks/35300.rdf', 'application/rdf+xml' );
INSERT INTO files ( gid, file, mime ) VALUES ( '35300', 'http://www.gutenberg.org/ebooks/35300.txt.utf-8', 'text/plain' );
INSERT INTO files ( gid, file, mime ) VALUES ( '35300', 'http://www.gutenberg.org/files/35300/35300-8.txt', 'text/plain; charset=iso-8859-1' );
INSERT INTO files ( gid, file, mime ) VALUES ( '35300', 'http://www.gutenberg.org/files/35300/35300-8.zip', 'text/plain; charset=iso-8859-1application/zip' );
INSERT INTO files ( gid, file, mime ) VALUES ( '35300', 'http://www.gutenberg.org/files/35300/35300-h.zip', 'application/ziptext/html; charset=iso-8859-1' );
INSERT INTO files ( gid, file, mime ) VALUES ( '35300', 'http://www.gutenberg.org/files/35300/35300-h/35300-h.htm', 'text/html; charset=iso-8859-1' );
INSERT INTO files ( gid, file, mime ) VALUES ( '35300', 'http://www.gutenberg.org/files/35300/35300.txt', 'text/plain; charset=us-ascii' );
INSERT INTO files ( gid, file, mime ) VALUES ( '35300', 'http://www.gutenberg.org/files/35300/35300.zip', 'application/ziptext/plain; charset=us-ascii' );
INSERT INTO titles ( gid, title, author, language, rights ) VALUES ( '35400', 'Presidential Candidates: Containing Sketches, Biographical, Personal and Political, of Prominent Candidates for the Presidency in 1860', 'Bartlett, D. W. (David W.)', 'en', 'Public domain in the USA.' );
INSERT INTO subjects ( gid, subject ) VALUES ( '35400', 'E300' );
INSERT INTO subjects ( gid, subject ) VALUES ( '35400', 'United States -- Biography' );
INSERT INTO subjects ( gid, subject ) VALUES ( '35400', 'Statesmen -- United States' );
INSERT INTO files ( gid, file, mime ) VALUES ( '35400', 'http://www.gutenberg.org/ebooks/35400.epub.images', 'application/epub+zip' );
INSERT INTO files ( gid, file, mime ) VALUES ( '35400', 'http://www.gutenberg.org/ebooks/35400.epub.noimages', 'application/epub+zip' );
INSERT INTO files ( gid, file, mime ) VALUES ( '35400', 'http://www.gutenberg.org/ebooks/35400.kindle.images', 'application/x-mobipocket-ebook' );
INSERT INTO files ( gid, file, mime ) VALUES ( '35400', 'http://www.gutenberg.org/ebooks/35400.kindle.noimages', 'application/x-mobipocket-ebook' );
INSERT INTO files ( gid, file, mime ) VALUES ( '35400', 'http://www.gutenberg.org/ebooks/35400.rdf', 'application/rdf+xml' );
INSERT INTO files ( gid, file, mime ) VALUES ( '35400', 'http://www.gutenberg.org/ebooks/35400.txt.utf-8', 'text/plain' );
INSERT INTO files ( gid, file, mime ) VALUES ( '35400', 'http://www.gutenberg.org/files/35400/35400-8.txt', 'text/plain; charset=iso-8859-1' );
INSERT INTO files ( gid, file, mime ) VALUES ( '35400', 'http://www.gutenberg.org/files/35400/35400-8.zip', 'text/plain; charset=iso-8859-1application/zip' );
INSERT INTO files ( gid, file, mime ) VALUES ( '35400', 'http://www.gutenberg.org/files/35400/35400-h.zip', 'application/ziptext/html; charset=iso-8859-1' );
INSERT INTO files ( gid, file, mime ) VALUES ( '35400', 'http://www.gutenberg.org/files/35400/35400-h/35400-h.htm', 'text/html; charset=iso-8859-1' );
INSERT INTO files ( gid, file, mime ) VALUES ( '35400', 'http://www.gutenberg.org/files/35400/35400.txt', 'text/plain; charset=us-ascii' );
INSERT INTO files ( gid, file, mime ) VALUES ( '35400', 'http://www.gutenberg.org/files/35400/35400.zip', 'application/ziptext/plain; charset=us-ascii' );
INSERT INTO titles ( gid, title, author, language, rights ) VALUES ( '35500', 'Nuts and Nutcrackers', 'Lever, Charles James', 'en', 'Public domain in the USA.' );
INSERT INTO classifications ( gid, classification ) VALUES ( '35500', 'PR' );
INSERT INTO subjects ( gid, subject ) VALUES ( '35500', 'Essays' );
INSERT INTO files ( gid, file, mime ) VALUES ( '35500', 'http://www.gutenberg.org/cache/epub/35500/pg35500.cover.medium.jpg', 'image/jpeg' );
INSERT INTO files ( gid, file, mime ) VALUES ( '35500', 'http://www.gutenberg.org/cache/epub/35500/pg35500.cover.small.jpg', 'image/jpeg' );
INSERT INTO files ( gid, file, mime ) VALUES ( '35500', 'http://www.gutenberg.org/ebooks/35500.epub.images', 'application/epub+zip' );
INSERT INTO files ( gid, file, mime ) VALUES ( '35500', 'http://www.gutenberg.org/ebooks/35500.epub.noimages', 'application/epub+zip' );
INSERT INTO files ( gid, file, mime ) VALUES ( '35500', 'http://www.gutenberg.org/ebooks/35500.kindle.images', 'application/x-mobipocket-ebook' );
INSERT INTO files ( gid, file, mime ) VALUES ( '35500', 'http://www.gutenberg.org/ebooks/35500.kindle.noimages', 'application/x-mobipocket-ebook' );
INSERT INTO files ( gid, file, mime ) VALUES ( '35500', 'http://www.gutenberg.org/ebooks/35500.rdf', 'application/rdf+xml' );
INSERT INTO files ( gid, file, mime ) VALUES ( '35500', 'http://www.gutenberg.org/files/35500/35500-0.txt', 'text/plain; charset=utf-8' );
INSERT INTO files ( gid, file, mime ) VALUES ( '35500', 'http://www.gutenberg.org/files/35500/35500-0.zip', 'application/ziptext/plain; charset=utf-8' );
INSERT INTO files ( gid, file, mime ) VALUES ( '35500', 'http://www.gutenberg.org/files/35500/35500-8.txt', 'text/plain; charset=iso-8859-1' );
INSERT INTO files ( gid, file, mime ) VALUES ( '35500', 'http://www.gutenberg.org/files/35500/35500-8.zip', 'application/ziptext/plain; charset=iso-8859-1' );
INSERT INTO files ( gid, file, mime ) VALUES ( '35500', 'http://www.gutenberg.org/files/35500/35500-h.zip', 'application/ziptext/html; charset=utf-8' );
INSERT INTO files ( gid, file, mime ) VALUES ( '35500', 'http://www.gutenberg.org/files/35500/35500-h/35500-h.htm', 'text/html; charset=utf-8' );
INSERT INTO files ( gid, file, mime ) VALUES ( '35500', 'http://www.gutenberg.org/files/35500/35500.txt', 'text/plain; charset=us-ascii' );
INSERT INTO files ( gid, file, mime ) VALUES ( '35500', 'http://www.gutenberg.org/files/35500/35500.zip', 'application/ziptext/plain; charset=us-ascii' );
INSERT INTO titles ( gid, title, author, language, rights ) VALUES ( '35600', 'The Woodcraft Girls in the City', 'Roy, Lillian Elizabeth', 'en', 'Public domain in the USA.' );
INSERT INTO classifications ( gid, classification ) VALUES ( '35600', 'PZ' );
INSERT INTO subjects ( gid, subject ) VALUES ( '35600', 'City and town life -- Juvenile fiction' );
INSERT INTO subjects ( gid, subject ) VALUES ( '35600', 'Handicraft -- Juvenile fiction' );
INSERT INTO subjects ( gid, subject ) VALUES ( '35600', 'Camping -- Juvenile fiction' );
INSERT INTO subjects ( gid, subject ) VALUES ( '35600', 'Girls -- Societies and clubs -- Juvenile fiction' );
INSERT INTO files ( gid, file, mime ) VALUES ( '35600', 'http://www.gutenberg.org/cache/epub/35600/pg35600.cover.medium.jpg', 'image/jpeg' );
INSERT INTO files ( gid, file, mime ) VALUES ( '35600', 'http://www.gutenberg.org/cache/epub/35600/pg35600.cover.small.jpg', 'image/jpeg' );
INSERT INTO files ( gid, file, mime ) VALUES ( '35600', 'http://www.gutenberg.org/ebooks/35600.epub.images', 'application/epub+zip' );
INSERT INTO files ( gid, file, mime ) VALUES ( '35600', 'http://www.gutenberg.org/ebooks/35600.epub.noimages', 'application/epub+zip' );
INSERT INTO files ( gid, file, mime ) VALUES ( '35600', 'http://www.gutenberg.org/ebooks/35600.kindle.images', 'application/x-mobipocket-ebook' );
INSERT INTO files ( gid, file, mime ) VALUES ( '35600', 'http://www.gutenberg.org/ebooks/35600.kindle.noimages', 'application/x-mobipocket-ebook' );
INSERT INTO files ( gid, file, mime ) VALUES ( '35600', 'http://www.gutenberg.org/ebooks/35600.pdf.noimages', 'application/pdf' );
INSERT INTO files ( gid, file, mime ) VALUES ( '35600', 'http://www.gutenberg.org/ebooks/35600.rdf', 'application/rdf+xml' );
INSERT INTO files ( gid, file, mime ) VALUES ( '35600', 'http://www.gutenberg.org/ebooks/35600.rst.gen', 'text/x-rst' );
INSERT INTO files ( gid, file, mime ) VALUES ( '35600', 'http://www.gutenberg.org/files/35600/35600-0.txt', 'text/plain; charset=utf-8' );
INSERT INTO files ( gid, file, mime ) VALUES ( '35600', 'http://www.gutenberg.org/files/35600/35600-0.zip', 'application/ziptext/plain; charset=utf-8' );
INSERT INTO files ( gid, file, mime ) VALUES ( '35600', 'http://www.gutenberg.org/files/35600/35600-8.txt', 'text/plain; charset=iso-8859-1' );
INSERT INTO files ( gid, file, mime ) VALUES ( '35600', 'http://www.gutenberg.org/files/35600/35600-8.zip', 'text/plain; charset=iso-8859-1application/zip' );
INSERT INTO files ( gid, file, mime ) VALUES ( '35600', 'http://www.gutenberg.org/files/35600/35600-h.zip', 'application/ziptext/html; charset=utf-8' );
INSERT INTO files ( gid, file, mime ) VALUES ( '35600', 'http://www.gutenberg.org/files/35600/35600-h/35600-h.html', 'text/html; charset=utf-8' );
INSERT INTO files ( gid, file, mime ) VALUES ( '35600', 'http://www.gutenberg.org/files/35600/35600-rst.zip', 'text/x-rstapplication/zip' );
INSERT INTO files ( gid, file, mime ) VALUES ( '35600', 'http://www.gutenberg.org/files/35600/35600-rst/35600-rst.rst', 'text/x-rst' );
INSERT INTO files ( gid, file, mime ) VALUES ( '35600', 'http://www.gutenberg.org/files/35600/35600.txt', 'text/plain; charset=us-ascii' );
INSERT INTO files ( gid, file, mime ) VALUES ( '35600', 'http://www.gutenberg.org/files/35600/35600.zip', 'text/plain; charset=us-asciiapplication/zip' );
INSERT INTO titles ( gid, title, author, language, rights ) VALUES ( '35700', 'My Cave Life in Vicksburg, with Letters of Trial and Travel', 'Loughborough, Mary Ann Webster', 'en', 'Public domain in the USA.' );
INSERT INTO subjects ( gid, subject ) VALUES ( '35700', 'United States -- History -- Civil War, 1861-1865 -- Personal narratives, Confederate' );
INSERT INTO subjects ( gid, subject ) VALUES ( '35700', 'Loughborough, Mary Ann Webster, 1836-1887' );
INSERT INTO subjects ( gid, subject ) VALUES ( '35700', 'Vicksburg (Miss.) -- History -- Siege, 1863 -- Personal narratives' );
INSERT INTO subjects ( gid, subject ) VALUES ( '35700', 'E456' );
INSERT INTO files ( gid, file, mime ) VALUES ( '35700', 'http://www.gutenberg.org/cache/epub/35700/pg35700.cover.medium.jpg', 'image/jpeg' );
INSERT INTO files ( gid, file, mime ) VALUES ( '35700', 'http://www.gutenberg.org/cache/epub/35700/pg35700.cover.small.jpg', 'image/jpeg' );
INSERT INTO files ( gid, file, mime ) VALUES ( '35700', 'http://www.gutenberg.org/ebooks/35700.epub.images', 'application/epub+zip' );
INSERT INTO files ( gid, file, mime ) VALUES ( '35700', 'http://www.gutenberg.org/ebooks/35700.epub.noimages', 'application/epub+zip' );
INSERT INTO files ( gid, file, mime ) VALUES ( '35700', 'http://www.gutenberg.org/ebooks/35700.kindle.images', 'application/x-mobipocket-ebook' );
INSERT INTO files ( gid, file, mime ) VALUES ( '35700', 'http://www.gutenberg.org/ebooks/35700.kindle.noimages', 'application/x-mobipocket-ebook' );
INSERT INTO files ( gid, file, mime ) VALUES ( '35700', 'http://www.gutenberg.org/ebooks/35700.rdf', 'application/rdf+xml' );
INSERT INTO files ( gid, file, mime ) VALUES ( '35700', 'http://www.gutenberg.org/ebooks/35700.txt.utf-8', 'text/plain' );
INSERT INTO files ( gid, file, mime ) VALUES ( '35700', 'http://www.gutenberg.org/files/35700/35700-8.txt', 'text/plain; charset=iso-8859-1' );
INSERT INTO files ( gid, file, mime ) VALUES ( '35700', 'http://www.gutenberg.org/files/35700/35700-8.zip', 'text/plain; charset=iso-8859-1application/zip' );
INSERT INTO files ( gid, file, mime ) VALUES ( '35700', 'http://www.gutenberg.org/files/35700/35700-h.zip', 'application/ziptext/html; charset=iso-8859-1' );
INSERT INTO files ( gid, file, mime ) VALUES ( '35700', 'http://www.gutenberg.org/files/35700/35700-h/35700-h.htm', 'text/html; charset=iso-8859-1' );
INSERT INTO files ( gid, file, mime ) VALUES ( '35700', 'http://www.gutenberg.org/files/35700/35700.txt', 'text/plain; charset=us-ascii' );
INSERT INTO files ( gid, file, mime ) VALUES ( '35700', 'http://www.gutenberg.org/files/35700/35700.zip', 'application/ziptext/plain; charset=us-ascii' );
INSERT INTO titles ( gid, title, author, language, rights ) VALUES ( '35800', 'A «San Francisco» : Un atto', 'Di Giacomo, Salvatore', 'it', 'Public domain in the USA.' );
INSERT INTO classifications ( gid, classification ) VALUES ( '35800', 'PQ' );
INSERT INTO subjects ( gid, subject ) VALUES ( '35800', 'Italian drama' );
INSERT INTO files ( gid, file, mime ) VALUES ( '35800', 'http://www.gutenberg.org/ebooks/35800.epub.images', 'application/epub+zip' );
INSERT INTO files ( gid, file, mime ) VALUES ( '35800', 'http://www.gutenberg.org/ebooks/35800.epub.noimages', 'application/epub+zip' );
INSERT INTO files ( gid, file, mime ) VALUES ( '35800', 'http://www.gutenberg.org/ebooks/35800.kindle.images', 'application/x-mobipocket-ebook' );
INSERT INTO files ( gid, file, mime ) VALUES ( '35800', 'http://www.gutenberg.org/ebooks/35800.kindle.noimages', 'application/x-mobipocket-ebook' );
INSERT INTO files ( gid, file, mime ) VALUES ( '35800', 'http://www.gutenberg.org/ebooks/35800.rdf', 'application/rdf+xml' );
INSERT INTO files ( gid, file, mime ) VALUES ( '35800', 'http://www.gutenberg.org/ebooks/35800.txt.utf-8', 'text/plain' );
INSERT INTO files ( gid, file, mime ) VALUES ( '35800', 'http://www.gutenberg.org/files/35800/35800-8.txt', 'text/plain; charset=iso-8859-1' );
INSERT INTO files ( gid, file, mime ) VALUES ( '35800', 'http://www.gutenberg.org/files/35800/35800-8.zip', 'application/ziptext/plain; charset=iso-8859-1' );
INSERT INTO files ( gid, file, mime ) VALUES ( '35800', 'http://www.gutenberg.org/files/35800/35800-h.zip', 'text/html; charset=iso-8859-1application/zip' );
INSERT INTO files ( gid, file, mime ) VALUES ( '35800', 'http://www.gutenberg.org/files/35800/35800-h/35800-h.htm', 'text/html; charset=iso-8859-1' );
INSERT INTO titles ( gid, title, author, language, rights ) VALUES ( '35900', 'The River-Names of Europe', 'Ferguson, Robert', 'en', 'Public domain in the USA.' );
INSERT INTO classifications ( gid, classification ) VALUES ( '35900', 'D' );
INSERT INTO subjects ( gid, subject ) VALUES ( '35900', 'Rivers -- Europe' );
INSERT INTO subjects ( gid, subject ) VALUES ( '35900', 'Names, Geographical -- Europe' );
INSERT INTO files ( gid, file, mime ) VALUES ( '35900', 'http://www.gutenberg.org/ebooks/35900.epub.images', 'application/epub+zip' );
INSERT INTO files ( gid, file, mime ) VALUES ( '35900', 'http://www.gutenberg.org/ebooks/35900.epub.noimages', 'application/epub+zip' );
INSERT INTO files ( gid, file, mime ) VALUES ( '35900', 'http://www.gutenberg.org/ebooks/35900.kindle.images', 'application/x-mobipocket-ebook' );
INSERT INTO files ( gid, file, mime ) VALUES ( '35900', 'http://www.gutenberg.org/ebooks/35900.kindle.noimages', 'application/x-mobipocket-ebook' );
INSERT INTO files ( gid, file, mime ) VALUES ( '35900', 'http://www.gutenberg.org/ebooks/35900.rdf', 'application/rdf+xml' );
INSERT INTO files ( gid, file, mime ) VALUES ( '35900', 'http://www.gutenberg.org/files/35900/35900-0.txt', 'text/plain; charset=utf-8' );
INSERT INTO files ( gid, file, mime ) VALUES ( '35900', 'http://www.gutenberg.org/files/35900/35900-0.zip', 'application/ziptext/plain; charset=utf-8' );
INSERT INTO files ( gid, file, mime ) VALUES ( '35900', 'http://www.gutenberg.org/files/35900/35900-8.txt', 'text/plain; charset=iso-8859-1' );
INSERT INTO files ( gid, file, mime ) VALUES ( '35900', 'http://www.gutenberg.org/files/35900/35900-8.zip', 'text/plain; charset=iso-8859-1application/zip' );
INSERT INTO files ( gid, file, mime ) VALUES ( '35900', 'http://www.gutenberg.org/files/35900/35900-h.zip', 'application/ziptext/html; charset=iso-8859-1' );
INSERT INTO files ( gid, file, mime ) VALUES ( '35900', 'http://www.gutenberg.org/files/35900/35900-h/35900-h.htm', 'text/html; charset=iso-8859-1' );
INSERT INTO files ( gid, file, mime ) VALUES ( '35900', 'http://www.gutenberg.org/files/35900/35900.txt', 'text/plain; charset=us-ascii' );
INSERT INTO files ( gid, file, mime ) VALUES ( '35900', 'http://www.gutenberg.org/files/35900/35900.zip', 'text/plain; charset=us-asciiapplication/zip' );
INSERT INTO titles ( gid, title, author, language, rights ) VALUES ( '36000', 'The Boy Scouts Under Fire in Mexico', 'Goldfrap, John Henry', 'en', 'Public domain in the USA.' );
INSERT INTO classifications ( gid, classification ) VALUES ( '36000', 'PZ' );
INSERT INTO subjects ( gid, subject ) VALUES ( '36000', 'Boy Scouts of America -- Juvenile fiction' );
INSERT INTO subjects ( gid, subject ) VALUES ( '36000', 'Mexico -- History -- Revolution, 1910-1920 -- Juvenile fiction' );
INSERT INTO subjects ( gid, subject ) VALUES ( '36000', 'Mexico -- Juvenile fiction' );
INSERT INTO files ( gid, file, mime ) VALUES ( '36000', 'http://www.gutenberg.org/ebooks/36000.epub.images', 'application/epub+zip' );
INSERT INTO files ( gid, file, mime ) VALUES ( '36000', 'http://www.gutenberg.org/ebooks/36000.epub.noimages', 'application/epub+zip' );
INSERT INTO files ( gid, file, mime ) VALUES ( '36000', 'http://www.gutenberg.org/ebooks/36000.kindle.images', 'application/x-mobipocket-ebook' );
INSERT INTO files ( gid, file, mime ) VALUES ( '36000', 'http://www.gutenberg.org/ebooks/36000.kindle.noimages', 'application/x-mobipocket-ebook' );
INSERT INTO files ( gid, file, mime ) VALUES ( '36000', 'http://www.gutenberg.org/ebooks/36000.rdf', 'application/rdf+xml' );
INSERT INTO files ( gid, file, mime ) VALUES ( '36000', 'http://www.gutenberg.org/ebooks/36000.txt.utf-8', 'text/plain' );
INSERT INTO files ( gid, file, mime ) VALUES ( '36000', 'http://www.gutenberg.org/files/36000/36000-8.txt', 'text/plain; charset=iso-8859-1' );
INSERT INTO files ( gid, file, mime ) VALUES ( '36000', 'http://www.gutenberg.org/files/36000/36000-8.zip', 'text/plain; charset=iso-8859-1application/zip' );
INSERT INTO files ( gid, file, mime ) VALUES ( '36000', 'http://www.gutenberg.org/files/36000/36000-h.zip', 'text/html; charset=iso-8859-1application/zip' );
INSERT INTO files ( gid, file, mime ) VALUES ( '36000', 'http://www.gutenberg.org/files/36000/36000-h/36000-h.htm', 'text/html; charset=iso-8859-1' );
INSERT INTO files ( gid, file, mime ) VALUES ( '36000', 'http://www.gutenberg.org/files/36000/36000.txt', 'text/plain; charset=us-ascii' );
INSERT INTO files ( gid, file, mime ) VALUES ( '36000', 'http://www.gutenberg.org/files/36000/36000.zip', 'text/plain; charset=us-asciiapplication/zip' );
INSERT INTO titles ( gid, title, author, language, rights ) VALUES ( '3600', 'Essays of Michel de Montaigne — Complete', 'Montaigne, Michel de', 'en', 'Public domain in the USA.' );
INSERT INTO classifications ( gid, classification ) VALUES ( '3600', 'PQ' );
INSERT INTO subjects ( gid, subject ) VALUES ( '3600', 'French essays -- Translations into English' );
INSERT INTO files ( gid, file, mime ) VALUES ( '3600', 'http://www.gutenberg.org/cache/epub/3600/pg3600.cover.medium.jpg', 'image/jpeg' );
INSERT INTO files ( gid, file, mime ) VALUES ( '3600', 'http://www.gutenberg.org/cache/epub/3600/pg3600.cover.small.jpg', 'image/jpeg' );
INSERT INTO files ( gid, file, mime ) VALUES ( '3600', 'http://www.gutenberg.org/ebooks/3600.epub.images', 'application/epub+zip' );
INSERT INTO files ( gid, file, mime ) VALUES ( '3600', 'http://www.gutenberg.org/ebooks/3600.epub.noimages', 'application/epub+zip' );
INSERT INTO files ( gid, file, mime ) VALUES ( '3600', 'http://www.gutenberg.org/ebooks/3600.kindle.images', 'application/x-mobipocket-ebook' );
INSERT INTO files ( gid, file, mime ) VALUES ( '3600', 'http://www.gutenberg.org/ebooks/3600.kindle.noimages', 'application/x-mobipocket-ebook' );
INSERT INTO files ( gid, file, mime ) VALUES ( '3600', 'http://www.gutenberg.org/ebooks/3600.rdf', 'application/rdf+xml' );
INSERT INTO files ( gid, file, mime ) VALUES ( '3600', 'http://www.gutenberg.org/files/3600/3600-0.txt', 'text/plain; charset=utf-8' );
INSERT INTO files ( gid, file, mime ) VALUES ( '3600', 'http://www.gutenberg.org/files/3600/3600-0.zip', 'application/ziptext/plain; charset=utf-8' );
INSERT INTO files ( gid, file, mime ) VALUES ( '3600', 'http://www.gutenberg.org/files/3600/3600-h.zip', 'application/ziptext/html; charset=utf-8' );
INSERT INTO files ( gid, file, mime ) VALUES ( '3600', 'http://www.gutenberg.org/files/3600/3600-h/3600-h.htm', 'text/html; charset=utf-8' );
INSERT INTO files ( gid, file, mime ) VALUES ( '3600', 'http://www.gutenberg.org/files/3600/3600.txt', 'text/plain; charset=us-ascii' );
INSERT INTO files ( gid, file, mime ) VALUES ( '3600', 'http://www.gutenberg.org/files/3600/3600.zip', 'application/ziptext/plain; charset=us-ascii' );
INSERT INTO titles ( gid, title, author, language, rights ) VALUES ( '36100', 'The Great War and How It Arose', 'Anonymous', 'en', 'Public domain in the USA.' );
INSERT INTO subjects ( gid, subject ) VALUES ( '36100', 'World War, 1914-1918 -- Diplomatic history' );
INSERT INTO subjects ( gid, subject ) VALUES ( '36100', 'D501' );
INSERT INTO files ( gid, file, mime ) VALUES ( '36100', 'http://www.gutenberg.org/ebooks/36100.epub.images', 'application/epub+zip' );
INSERT INTO files ( gid, file, mime ) VALUES ( '36100', 'http://www.gutenberg.org/ebooks/36100.epub.noimages', 'application/epub+zip' );
INSERT INTO files ( gid, file, mime ) VALUES ( '36100', 'http://www.gutenberg.org/ebooks/36100.kindle.images', 'application/x-mobipocket-ebook' );
INSERT INTO files ( gid, file, mime ) VALUES ( '36100', 'http://www.gutenberg.org/ebooks/36100.kindle.noimages', 'application/x-mobipocket-ebook' );
INSERT INTO files ( gid, file, mime ) VALUES ( '36100', 'http://www.gutenberg.org/ebooks/36100.rdf', 'application/rdf+xml' );
INSERT INTO files ( gid, file, mime ) VALUES ( '36100', 'http://www.gutenberg.org/ebooks/36100.txt.utf-8', 'text/plain' );
INSERT INTO files ( gid, file, mime ) VALUES ( '36100', 'http://www.gutenberg.org/files/36100/36100-8.txt', 'text/plain; charset=iso-8859-1' );
INSERT INTO files ( gid, file, mime ) VALUES ( '36100', 'http://www.gutenberg.org/files/36100/36100-8.zip', 'application/ziptext/plain; charset=iso-8859-1' );
INSERT INTO files ( gid, file, mime ) VALUES ( '36100', 'http://www.gutenberg.org/files/36100/36100-h.zip', 'text/html; charset=iso-8859-1application/zip' );
INSERT INTO files ( gid, file, mime ) VALUES ( '36100', 'http://www.gutenberg.org/files/36100/36100-h/36100-h.htm', 'text/html; charset=iso-8859-1' );
INSERT INTO files ( gid, file, mime ) VALUES ( '36100', 'http://www.gutenberg.org/files/36100/36100.txt', 'text/plain; charset=us-ascii' );
INSERT INTO files ( gid, file, mime ) VALUES ( '36100', 'http://www.gutenberg.org/files/36100/36100.zip', 'application/ziptext/plain; charset=us-ascii' );
INSERT INTO titles ( gid, title, author, language, rights ) VALUES ( '36200', 'History of the DeWitt guard, company A, 50th regiment National guard, state of New York', 'Unknown', 'en', 'Public domain in the USA.' );
INSERT INTO subjects ( gid, subject ) VALUES ( '36200', 'E456' );
INSERT INTO subjects ( gid, subject ) VALUES ( '36200', 'New York (State) -- History -- Civil War, 1861-1865 -- Regimental histories' );
INSERT INTO subjects ( gid, subject ) VALUES ( '36200', 'United States. Army. New York Infantry Regiment, 50th (1861)' );
INSERT INTO subjects ( gid, subject ) VALUES ( '36200', 'United States -- History -- Civil War, 1861-1865 -- Regimental histories' );
INSERT INTO files ( gid, file, mime ) VALUES ( '36200', 'http://www.gutenberg.org/ebooks/36200.epub.images', 'application/epub+zip' );
INSERT INTO files ( gid, file, mime ) VALUES ( '36200', 'http://www.gutenberg.org/ebooks/36200.epub.noimages', 'application/epub+zip' );
INSERT INTO files ( gid, file, mime ) VALUES ( '36200', 'http://www.gutenberg.org/ebooks/36200.kindle.images', 'application/x-mobipocket-ebook' );
INSERT INTO files ( gid, file, mime ) VALUES ( '36200', 'http://www.gutenberg.org/ebooks/36200.kindle.noimages', 'application/x-mobipocket-ebook' );
INSERT INTO files ( gid, file, mime ) VALUES ( '36200', 'http://www.gutenberg.org/ebooks/36200.rdf', 'application/rdf+xml' );
INSERT INTO files ( gid, file, mime ) VALUES ( '36200', 'http://www.gutenberg.org/ebooks/36200.txt.utf-8', 'text/plain' );
INSERT INTO files ( gid, file, mime ) VALUES ( '36200', 'http://www.gutenberg.org/files/36200/36200-8.txt', 'text/plain; charset=iso-8859-1' );
INSERT INTO files ( gid, file, mime ) VALUES ( '36200', 'http://www.gutenberg.org/files/36200/36200-8.zip', 'application/ziptext/plain; charset=iso-8859-1' );
INSERT INTO files ( gid, file, mime ) VALUES ( '36200', 'http://www.gutenberg.org/files/36200/36200-h.zip', 'application/ziptext/html; charset=iso-8859-1' );
INSERT INTO files ( gid, file, mime ) VALUES ( '36200', 'http://www.gutenberg.org/files/36200/36200-h/36200-h.htm', 'text/html; charset=iso-8859-1' );
INSERT INTO files ( gid, file, mime ) VALUES ( '36200', 'http://www.gutenberg.org/files/36200/36200.txt', 'text/plain; charset=us-ascii' );
INSERT INTO files ( gid, file, mime ) VALUES ( '36200', 'http://www.gutenberg.org/files/36200/36200.zip', 'application/ziptext/plain; charset=us-ascii' );
INSERT INTO titles ( gid, title, author, language, rights ) VALUES ( '36300', 'Διηγήματα, Νέα Σειρά', 'Axiotes, Pan. (Panagiotes)', 'el', 'Public domain in the USA.' );
INSERT INTO classifications ( gid, classification ) VALUES ( '36300', 'PA' );
INSERT INTO subjects ( gid, subject ) VALUES ( '36300', 'Greek fiction, Modern' );
INSERT INTO subjects ( gid, subject ) VALUES ( '36300', 'Short stories, Greek' );
INSERT INTO files ( gid, file, mime ) VALUES ( '36300', 'http://www.gutenberg.org/ebooks/36300.epub.images', 'application/epub+zip' );
INSERT INTO files ( gid, file, mime ) VALUES ( '36300', 'http://www.gutenberg.org/ebooks/36300.epub.noimages', 'application/epub+zip' );
INSERT INTO files ( gid, file, mime ) VALUES ( '36300', 'http://www.gutenberg.org/ebooks/36300.html.images', 'text/html' );
INSERT INTO files ( gid, file, mime ) VALUES ( '36300', 'http://www.gutenberg.org/ebooks/36300.html.noimages', 'text/html' );
INSERT INTO files ( gid, file, mime ) VALUES ( '36300', 'http://www.gutenberg.org/ebooks/36300.kindle.images', 'application/x-mobipocket-ebook' );
INSERT INTO files ( gid, file, mime ) VALUES ( '36300', 'http://www.gutenberg.org/ebooks/36300.kindle.noimages', 'application/x-mobipocket-ebook' );
INSERT INTO files ( gid, file, mime ) VALUES ( '36300', 'http://www.gutenberg.org/ebooks/36300.rdf', 'application/rdf+xml' );
INSERT INTO files ( gid, file, mime ) VALUES ( '36300', 'http://www.gutenberg.org/files/36300/36300-0.txt', 'text/plain; charset=utf-8' );
INSERT INTO files ( gid, file, mime ) VALUES ( '36300', 'http://www.gutenberg.org/files/36300/36300-0.zip', 'application/ziptext/plain; charset=utf-8' );
INSERT INTO titles ( gid, title, author, language, rights ) VALUES ( '36400', 'The Corner House Girls Among the Gypsies How They Met, What Happened, and How It Ended', 'Hill, Grace Brooks', 'en', 'Public domain in the USA.' );
INSERT INTO classifications ( gid, classification ) VALUES ( '36400', 'PZ' );
INSERT INTO subjects ( gid, subject ) VALUES ( '36400', 'Families -- Juvenile fiction' );
INSERT INTO subjects ( gid, subject ) VALUES ( '36400', 'Runaway children -- Juvenile fiction' );
INSERT INTO subjects ( gid, subject ) VALUES ( '36400', 'Sisters -- Juvenile fiction' );
INSERT INTO subjects ( gid, subject ) VALUES ( '36400', 'Romanies -- Juvenile fiction' );
INSERT INTO subjects ( gid, subject ) VALUES ( '36400', 'Jewelry -- Juvenile fiction' );
INSERT INTO subjects ( gid, subject ) VALUES ( '36400', 'First loves -- Juvenile fiction' );
INSERT INTO files ( gid, file, mime ) VALUES ( '36400', 'http://www.gutenberg.org/ebooks/36400.epub.images', 'application/epub+zip' );
INSERT INTO files ( gid, file, mime ) VALUES ( '36400', 'http://www.gutenberg.org/ebooks/36400.epub.noimages', 'application/epub+zip' );
INSERT INTO files ( gid, file, mime ) VALUES ( '36400', 'http://www.gutenberg.org/ebooks/36400.kindle.images', 'application/x-mobipocket-ebook' );
INSERT INTO files ( gid, file, mime ) VALUES ( '36400', 'http://www.gutenberg.org/ebooks/36400.kindle.noimages', 'application/x-mobipocket-ebook' );
INSERT INTO files ( gid, file, mime ) VALUES ( '36400', 'http://www.gutenberg.org/ebooks/36400.rdf', 'application/rdf+xml' );
INSERT INTO files ( gid, file, mime ) VALUES ( '36400', 'http://www.gutenberg.org/ebooks/36400.txt.utf-8', 'text/plain' );
INSERT INTO files ( gid, file, mime ) VALUES ( '36400', 'http://www.gutenberg.org/files/36400/36400-h.zip', 'application/ziptext/html; charset=utf-8' );
INSERT INTO files ( gid, file, mime ) VALUES ( '36400', 'http://www.gutenberg.org/files/36400/36400-h/36400-h.htm', 'text/html; charset=utf-8' );
INSERT INTO files ( gid, file, mime ) VALUES ( '36400', 'http://www.gutenberg.org/files/36400/36400.txt', 'text/plain; charset=us-ascii' );
INSERT INTO files ( gid, file, mime ) VALUES ( '36400', 'http://www.gutenberg.org/files/36400/36400.zip', 'text/plain; charset=us-asciiapplication/zip' );
INSERT INTO titles ( gid, title, author, language, rights ) VALUES ( '36500', 'The Dispatch-Riders: The Adventures of Two British Motor-cyclists in the Great War', 'Westerman, Percy F. (Percy Francis)', 'en', 'Public domain in the USA.' );
INSERT INTO classifications ( gid, classification ) VALUES ( '36500', 'PZ' );
INSERT INTO subjects ( gid, subject ) VALUES ( '36500', 'World War, 1914-1918 -- Juvenile fiction' );
INSERT INTO subjects ( gid, subject ) VALUES ( '36500', 'Motorcycles -- Juvenile fiction' );
INSERT INTO subjects ( gid, subject ) VALUES ( '36500', 'Adventure stories' );
INSERT INTO files ( gid, file, mime ) VALUES ( '36500', 'http://www.gutenberg.org/cache/epub/36500/pg36500.cover.medium.jpg', 'image/jpeg' );
INSERT INTO files ( gid, file, mime ) VALUES ( '36500', 'http://www.gutenberg.org/cache/epub/36500/pg36500.cover.small.jpg', 'image/jpeg' );
INSERT INTO files ( gid, file, mime ) VALUES ( '36500', 'http://www.gutenberg.org/ebooks/36500.epub.images', 'application/epub+zip' );
INSERT INTO files ( gid, file, mime ) VALUES ( '36500', 'http://www.gutenberg.org/ebooks/36500.epub.noimages', 'application/epub+zip' );
INSERT INTO files ( gid, file, mime ) VALUES ( '36500', 'http://www.gutenberg.org/ebooks/36500.kindle.images', 'application/x-mobipocket-ebook' );
INSERT INTO files ( gid, file, mime ) VALUES ( '36500', 'http://www.gutenberg.org/ebooks/36500.kindle.noimages', 'application/x-mobipocket-ebook' );
INSERT INTO files ( gid, file, mime ) VALUES ( '36500', 'http://www.gutenberg.org/ebooks/36500.rdf', 'application/rdf+xml' );
INSERT INTO files ( gid, file, mime ) VALUES ( '36500', 'http://www.gutenberg.org/ebooks/36500.txt.utf-8', 'text/plain' );
INSERT INTO files ( gid, file, mime ) VALUES ( '36500', 'http://www.gutenberg.org/files/36500/36500-8.txt', 'text/plain; charset=iso-8859-1' );
INSERT INTO files ( gid, file, mime ) VALUES ( '36500', 'http://www.gutenberg.org/files/36500/36500-8.zip', 'application/ziptext/plain; charset=iso-8859-1' );
INSERT INTO files ( gid, file, mime ) VALUES ( '36500', 'http://www.gutenberg.org/files/36500/36500-h.zip', 'application/ziptext/html; charset=iso-8859-1' );
INSERT INTO files ( gid, file, mime ) VALUES ( '36500', 'http://www.gutenberg.org/files/36500/36500-h/36500-h.htm', 'text/html; charset=iso-8859-1' );
INSERT INTO files ( gid, file, mime ) VALUES ( '36500', 'http://www.gutenberg.org/files/36500/36500.txt', 'text/plain; charset=us-ascii' );
INSERT INTO files ( gid, file, mime ) VALUES ( '36500', 'http://www.gutenberg.org/files/36500/36500.zip', 'text/plain; charset=us-asciiapplication/zip' );
INSERT INTO titles ( gid, title, author, language, rights ) VALUES ( '36600', 'The Golden Rock', 'Glanville, Ernest', 'en', 'Public domain in the USA.' );
INSERT INTO classifications ( gid, classification ) VALUES ( '36600', 'PR' );
INSERT INTO subjects ( gid, subject ) VALUES ( '36600', 'Africa -- Fiction' );
INSERT INTO subjects ( gid, subject ) VALUES ( '36600', 'British -- Africa -- Fiction' );
INSERT INTO files ( gid, file, mime ) VALUES ( '36600', 'http://www.gutenberg.org/ebooks/36600.epub.noimages', 'application/epub+zip' );
INSERT INTO files ( gid, file, mime ) VALUES ( '36600', 'http://www.gutenberg.org/ebooks/36600.kindle.noimages', 'application/x-mobipocket-ebook' );
INSERT INTO files ( gid, file, mime ) VALUES ( '36600', 'http://www.gutenberg.org/ebooks/36600.rdf', 'application/rdf+xml' );
INSERT INTO files ( gid, file, mime ) VALUES ( '36600', 'http://www.gutenberg.org/ebooks/36600.txt.utf-8', 'text/plain' );
INSERT INTO files ( gid, file, mime ) VALUES ( '36600', 'http://www.gutenberg.org/files/36600/36600-h.zip', 'application/ziptext/html; charset=utf-8' );
INSERT INTO files ( gid, file, mime ) VALUES ( '36600', 'http://www.gutenberg.org/files/36600/36600-h/36600-h.htm', 'text/html; charset=utf-8' );
INSERT INTO files ( gid, file, mime ) VALUES ( '36600', 'http://www.gutenberg.org/files/36600/36600.txt', 'text/plain; charset=us-ascii' );
INSERT INTO files ( gid, file, mime ) VALUES ( '36600', 'http://www.gutenberg.org/files/36600/36600.zip', 'application/ziptext/plain; charset=us-ascii' );
INSERT INTO titles ( gid, title, author, language, rights ) VALUES ( '36700', 'A New Medley of Memories', 'Hunter Blair, David Oswald, Sir', 'en', 'Public domain in the USA.' );
INSERT INTO classifications ( gid, classification ) VALUES ( '36700', 'BX' );
INSERT INTO subjects ( gid, subject ) VALUES ( '36700', 'Hunter Blair, David Oswald, Sir, 1853-1939' );
INSERT INTO files ( gid, file, mime ) VALUES ( '36700', 'http://www.gutenberg.org/ebooks/36700.epub.images', 'application/epub+zip' );
INSERT INTO files ( gid, file, mime ) VALUES ( '36700', 'http://www.gutenberg.org/ebooks/36700.epub.noimages', 'application/epub+zip' );
INSERT INTO files ( gid, file, mime ) VALUES ( '36700', 'http://www.gutenberg.org/ebooks/36700.kindle.images', 'application/x-mobipocket-ebook' );
INSERT INTO files ( gid, file, mime ) VALUES ( '36700', 'http://www.gutenberg.org/ebooks/36700.kindle.noimages', 'application/x-mobipocket-ebook' );
INSERT INTO files ( gid, file, mime ) VALUES ( '36700', 'http://www.gutenberg.org/ebooks/36700.rdf', 'application/rdf+xml' );
INSERT INTO files ( gid, file, mime ) VALUES ( '36700', 'http://www.gutenberg.org/ebooks/36700.txt.utf-8', 'text/plain' );
INSERT INTO files ( gid, file, mime ) VALUES ( '36700', 'http://www.gutenberg.org/files/36700/36700-8.txt', 'text/plain; charset=iso-8859-1' );
INSERT INTO files ( gid, file, mime ) VALUES ( '36700', 'http://www.gutenberg.org/files/36700/36700-8.zip', 'application/ziptext/plain; charset=iso-8859-1' );
INSERT INTO files ( gid, file, mime ) VALUES ( '36700', 'http://www.gutenberg.org/files/36700/36700-h.zip', 'text/html; charset=iso-8859-1application/zip' );
INSERT INTO files ( gid, file, mime ) VALUES ( '36700', 'http://www.gutenberg.org/files/36700/36700-h/36700-h.htm', 'text/html; charset=iso-8859-1' );
INSERT INTO files ( gid, file, mime ) VALUES ( '36700', 'http://www.gutenberg.org/files/36700/36700.txt', 'text/plain; charset=us-ascii' );
INSERT INTO files ( gid, file, mime ) VALUES ( '36700', 'http://www.gutenberg.org/files/36700/36700.zip', 'text/plain; charset=us-asciiapplication/zip' );
INSERT INTO titles ( gid, title, author, language, rights ) VALUES ( '36800', 'Ludicrous Aspects Of Christianity A Response To The Challenge Of The Bishop Of Manchester', 'Holyoake, Austin', 'en', 'Public domain in the USA.' );
INSERT INTO classifications ( gid, classification ) VALUES ( '36800', 'BL' );
INSERT INTO subjects ( gid, subject ) VALUES ( '36800', 'Philosophy and religion' );
INSERT INTO subjects ( gid, subject ) VALUES ( '36800', 'Free thought' );
INSERT INTO files ( gid, file, mime ) VALUES ( '36800', 'http://www.gutenberg.org/ebooks/36800.epub.images', 'application/epub+zip' );
INSERT INTO files ( gid, file, mime ) VALUES ( '36800', 'http://www.gutenberg.org/ebooks/36800.epub.noimages', 'application/epub+zip' );
INSERT INTO files ( gid, file, mime ) VALUES ( '36800', 'http://www.gutenberg.org/ebooks/36800.kindle.images', 'application/x-mobipocket-ebook' );
INSERT INTO files ( gid, file, mime ) VALUES ( '36800', 'http://www.gutenberg.org/ebooks/36800.kindle.noimages', 'application/x-mobipocket-ebook' );
INSERT INTO files ( gid, file, mime ) VALUES ( '36800', 'http://www.gutenberg.org/ebooks/36800.rdf', 'application/rdf+xml' );
INSERT INTO files ( gid, file, mime ) VALUES ( '36800', 'http://www.gutenberg.org/ebooks/36800.txt.utf-8', 'text/plain' );
INSERT INTO files ( gid, file, mime ) VALUES ( '36800', 'http://www.gutenberg.org/files/36800/36800-8.txt', 'text/plain; charset=iso-8859-1' );
INSERT INTO files ( gid, file, mime ) VALUES ( '36800', 'http://www.gutenberg.org/files/36800/36800-8.zip', 'application/ziptext/plain; charset=iso-8859-1' );
INSERT INTO files ( gid, file, mime ) VALUES ( '36800', 'http://www.gutenberg.org/files/36800/36800-h.zip', 'application/ziptext/html; charset=iso-8859-1' );
INSERT INTO files ( gid, file, mime ) VALUES ( '36800', 'http://www.gutenberg.org/files/36800/36800-h/36800-h.htm', 'text/html; charset=iso-8859-1' );
INSERT INTO files ( gid, file, mime ) VALUES ( '36800', 'http://www.gutenberg.org/files/36800/36800.txt', 'text/plain; charset=us-ascii' );
INSERT INTO files ( gid, file, mime ) VALUES ( '36800', 'http://www.gutenberg.org/files/36800/36800.zip', 'text/plain; charset=us-asciiapplication/zip' );
INSERT INTO titles ( gid, title, author, language, rights ) VALUES ( '36900', 'Archipel', 'Louÿs, Pierre', 'fr', 'Public domain in the USA.' );
INSERT INTO classifications ( gid, classification ) VALUES ( '36900', 'PQ' );
INSERT INTO subjects ( gid, subject ) VALUES ( '36900', 'Essays' );
INSERT INTO subjects ( gid, subject ) VALUES ( '36900', 'Short stories' );
INSERT INTO files ( gid, file, mime ) VALUES ( '36900', 'http://www.gutenberg.org/ebooks/36900.epub.images', 'application/epub+zip' );
INSERT INTO files ( gid, file, mime ) VALUES ( '36900', 'http://www.gutenberg.org/ebooks/36900.epub.noimages', 'application/epub+zip' );
INSERT INTO files ( gid, file, mime ) VALUES ( '36900', 'http://www.gutenberg.org/ebooks/36900.kindle.images', 'application/x-mobipocket-ebook' );
INSERT INTO files ( gid, file, mime ) VALUES ( '36900', 'http://www.gutenberg.org/ebooks/36900.kindle.noimages', 'application/x-mobipocket-ebook' );
INSERT INTO files ( gid, file, mime ) VALUES ( '36900', 'http://www.gutenberg.org/ebooks/36900.rdf', 'application/rdf+xml' );
INSERT INTO files ( gid, file, mime ) VALUES ( '36900', 'http://www.gutenberg.org/files/36900/36900-0.txt', 'text/plain; charset=utf-8' );
INSERT INTO files ( gid, file, mime ) VALUES ( '36900', 'http://www.gutenberg.org/files/36900/36900-0.zip', 'application/ziptext/plain; charset=utf-8' );
INSERT INTO files ( gid, file, mime ) VALUES ( '36900', 'http://www.gutenberg.org/files/36900/36900-8.txt', 'text/plain; charset=iso-8859-1' );
INSERT INTO files ( gid, file, mime ) VALUES ( '36900', 'http://www.gutenberg.org/files/36900/36900-8.zip', 'text/plain; charset=iso-8859-1application/zip' );
INSERT INTO files ( gid, file, mime ) VALUES ( '36900', 'http://www.gutenberg.org/files/36900/36900-h.zip', 'text/html; charset=utf-8application/zip' );
INSERT INTO files ( gid, file, mime ) VALUES ( '36900', 'http://www.gutenberg.org/files/36900/36900-h/36900-h.htm', 'text/html; charset=utf-8' );
INSERT INTO titles ( gid, title, author, language, rights ) VALUES ( '37000', 'The Proper Limits of the Government''s Interference with the Affairs of the East-India Company Attempted to be Assigned with some few Reflections Extorted by, and on, the Distracted State of the Times', 'Stair, John Dalrymple, Earl of', 'en', 'Public domain in the USA.' );
INSERT INTO classifications ( gid, classification ) VALUES ( '37000', 'DA' );
INSERT INTO subjects ( gid, subject ) VALUES ( '37000', 'East India Company -- Finance' );
INSERT INTO subjects ( gid, subject ) VALUES ( '37000', 'Great Britain -- Politics and government -- 1760-1789' );
INSERT INTO files ( gid, file, mime ) VALUES ( '37000', 'http://www.gutenberg.org/ebooks/37000.epub.images', 'application/epub+zip' );
INSERT INTO files ( gid, file, mime ) VALUES ( '37000', 'http://www.gutenberg.org/ebooks/37000.epub.noimages', 'application/epub+zip' );
INSERT INTO files ( gid, file, mime ) VALUES ( '37000', 'http://www.gutenberg.org/ebooks/37000.kindle.images', 'application/x-mobipocket-ebook' );
INSERT INTO files ( gid, file, mime ) VALUES ( '37000', 'http://www.gutenberg.org/ebooks/37000.kindle.noimages', 'application/x-mobipocket-ebook' );
INSERT INTO files ( gid, file, mime ) VALUES ( '37000', 'http://www.gutenberg.org/ebooks/37000.rdf', 'application/rdf+xml' );
INSERT INTO files ( gid, file, mime ) VALUES ( '37000', 'http://www.gutenberg.org/ebooks/37000.txt.utf-8', 'text/plain' );
INSERT INTO files ( gid, file, mime ) VALUES ( '37000', 'http://www.gutenberg.org/files/37000/37000-8.txt', 'text/plain; charset=iso-8859-1' );
INSERT INTO files ( gid, file, mime ) VALUES ( '37000', 'http://www.gutenberg.org/files/37000/37000-8.zip', 'text/plain; charset=iso-8859-1application/zip' );
INSERT INTO files ( gid, file, mime ) VALUES ( '37000', 'http://www.gutenberg.org/files/37000/37000-h.zip', 'application/ziptext/html; charset=iso-8859-1' );
INSERT INTO files ( gid, file, mime ) VALUES ( '37000', 'http://www.gutenberg.org/files/37000/37000-h/37000-h.htm', 'text/html; charset=iso-8859-1' );
INSERT INTO files ( gid, file, mime ) VALUES ( '37000', 'http://www.gutenberg.org/files/37000/37000.txt', 'text/plain; charset=us-ascii' );
INSERT INTO files ( gid, file, mime ) VALUES ( '37000', 'http://www.gutenberg.org/files/37000/37000.zip', 'text/plain; charset=us-asciiapplication/zip' );
INSERT INTO titles ( gid, title, author, language, rights ) VALUES ( '3700', 'The Courtship of Susan Bell', 'Trollope, Anthony', 'en', 'Public domain in the USA.' );
INSERT INTO classifications ( gid, classification ) VALUES ( '3700', 'PR' );
INSERT INTO subjects ( gid, subject ) VALUES ( '3700', 'Short stories' );
INSERT INTO subjects ( gid, subject ) VALUES ( '3700', 'New York (State) -- Fiction' );
INSERT INTO subjects ( gid, subject ) VALUES ( '3700', 'Courtship -- Fiction' );
INSERT INTO files ( gid, file, mime ) VALUES ( '3700', 'http://www.gutenberg.org/ebooks/3700.epub.images', 'application/epub+zip' );
INSERT INTO files ( gid, file, mime ) VALUES ( '3700', 'http://www.gutenberg.org/ebooks/3700.epub.noimages', 'application/epub+zip' );
INSERT INTO files ( gid, file, mime ) VALUES ( '3700', 'http://www.gutenberg.org/ebooks/3700.kindle.images', 'application/x-mobipocket-ebook' );
INSERT INTO files ( gid, file, mime ) VALUES ( '3700', 'http://www.gutenberg.org/ebooks/3700.kindle.noimages', 'application/x-mobipocket-ebook' );
INSERT INTO files ( gid, file, mime ) VALUES ( '3700', 'http://www.gutenberg.org/ebooks/3700.rdf', 'application/rdf+xml' );
INSERT INTO files ( gid, file, mime ) VALUES ( '3700', 'http://www.gutenberg.org/files/3700/3700-0.txt', 'text/plain; charset=utf-8' );
INSERT INTO files ( gid, file, mime ) VALUES ( '3700', 'http://www.gutenberg.org/files/3700/3700-0.zip', 'text/plain; charset=utf-8application/zip' );
INSERT INTO files ( gid, file, mime ) VALUES ( '3700', 'http://www.gutenberg.org/files/3700/3700-h.zip', 'application/ziptext/html' );
INSERT INTO files ( gid, file, mime ) VALUES ( '3700', 'http://www.gutenberg.org/files/3700/3700-h/3700-h.htm', 'text/html' );
INSERT INTO titles ( gid, title, author, language, rights ) VALUES ( '33900', 'Principles of Orchestration, with Musical Examples Drawn from His Own Works', 'Rimsky-Korsakov, Nikolay', 'en', 'Public domain in the USA.' );
INSERT INTO classifications ( gid, classification ) VALUES ( '33900', 'MT' );
INSERT INTO subjects ( gid, subject ) VALUES ( '33900', 'Instrumentation and orchestration' );
INSERT INTO files ( gid, file, mime ) VALUES ( '33900', 'http://www.gutenberg.org/ebooks/33900.epub.images', 'application/epub+zip' );
INSERT INTO files ( gid, file, mime ) VALUES ( '33900', 'http://www.gutenberg.org/ebooks/33900.epub.noimages', 'application/epub+zip' );
INSERT INTO files ( gid, file, mime ) VALUES ( '33900', 'http://www.gutenberg.org/ebooks/33900.kindle.images', 'application/x-mobipocket-ebook' );
INSERT INTO files ( gid, file, mime ) VALUES ( '33900', 'http://www.gutenberg.org/ebooks/33900.kindle.noimages', 'application/x-mobipocket-ebook' );
INSERT INTO files ( gid, file, mime ) VALUES ( '33900', 'http://www.gutenberg.org/ebooks/33900.rdf', 'application/rdf+xml' );
INSERT INTO files ( gid, file, mime ) VALUES ( '33900', 'http://www.gutenberg.org/ebooks/33900.txt.utf-8', 'text/plain' );
INSERT INTO files ( gid, file, mime ) VALUES ( '33900', 'http://www.gutenberg.org/files/33900/33900-8.txt', 'text/plain; charset=iso-8859-1' );
INSERT INTO files ( gid, file, mime ) VALUES ( '33900', 'http://www.gutenberg.org/files/33900/33900-8.zip', 'application/ziptext/plain; charset=iso-8859-1' );
INSERT INTO files ( gid, file, mime ) VALUES ( '33900', 'http://www.gutenberg.org/files/33900/33900-h.zip', 'text/html; charset=iso-8859-1application/zip' );
INSERT INTO files ( gid, file, mime ) VALUES ( '33900', 'http://www.gutenberg.org/files/33900/33900-h/33900-h.htm', 'text/html; charset=iso-8859-1' );
INSERT INTO files ( gid, file, mime ) VALUES ( '33900', 'http://www.gutenberg.org/files/33900/33900-h/images2/001.pdf', 'application/pdf' );
INSERT INTO files ( gid, file, mime ) VALUES ( '33900', 'http://www.gutenberg.org/files/33900/33900-h/images2/002.pdf', 'application/pdf' );
INSERT INTO files ( gid, file, mime ) VALUES ( '33900', 'http://www.gutenberg.org/files/33900/33900-h/images2/003.pdf', 'application/pdf' );
INSERT INTO files ( gid, file, mime ) VALUES ( '33900', 'http://www.gutenberg.org/files/33900/33900-h/images2/004.pdf', 'application/pdf' );
INSERT INTO files ( gid, file, mime ) VALUES ( '33900', 'http://www.gutenberg.org/files/33900/33900-h/images2/005.pdf', 'application/pdf' );
INSERT INTO files ( gid, file, mime ) VALUES ( '33900', 'http://www.gutenberg.org/files/33900/33900-h/images2/006.pdf', 'application/pdf' );
INSERT INTO files ( gid, file, mime ) VALUES ( '33900', 'http://www.gutenberg.org/files/33900/33900-h/images2/007.pdf', 'application/pdf' );
INSERT INTO files ( gid, file, mime ) VALUES ( '33900', 'http://www.gutenberg.org/files/33900/33900-h/images2/008.pdf', 'application/pdf' );
INSERT INTO files ( gid, file, mime ) VALUES ( '33900', 'http://www.gutenberg.org/files/33900/33900-h/images2/009.pdf', 'application/pdf' );
INSERT INTO files ( gid, file, mime ) VALUES ( '33900', 'http://www.gutenberg.org/files/33900/33900-h/images2/010.pdf', 'application/pdf' );
INSERT INTO files ( gid, file, mime ) VALUES ( '33900', 'http://www.gutenberg.org/files/33900/33900-h/images2/012.pdf', 'application/pdf' );
INSERT INTO files ( gid, file, mime ) VALUES ( '33900', 'http://www.gutenberg.org/files/33900/33900-h/images2/013.pdf', 'application/pdf' );
INSERT INTO files ( gid, file, mime ) VALUES ( '33900', 'http://www.gutenberg.org/files/33900/33900-h/images2/014.pdf', 'application/pdf' );
INSERT INTO files ( gid, file, mime ) VALUES ( '33900', 'http://www.gutenberg.org/files/33900/33900-h/images2/015.pdf', 'application/pdf' );
INSERT INTO files ( gid, file, mime ) VALUES ( '33900', 'http://www.gutenberg.org/files/33900/33900-h/images2/016.pdf', 'application/pdf' );
INSERT INTO files ( gid, file, mime ) VALUES ( '33900', 'http://www.gutenberg.org/files/33900/33900-h/images2/017.pdf', 'application/pdf' );
INSERT INTO files ( gid, file, mime ) VALUES ( '33900', 'http://www.gutenberg.org/files/33900/33900-h/images2/018.pdf', 'application/pdf' );
INSERT INTO files ( gid, file, mime ) VALUES ( '33900', 'http://www.gutenberg.org/files/33900/33900-h/images2/019.pdf', 'application/pdf' );
INSERT INTO files ( gid, file, mime ) VALUES ( '33900', 'http://www.gutenberg.org/files/33900/33900-h/images2/020.pdf', 'application/pdf' );
INSERT INTO files ( gid, file, mime ) VALUES ( '33900', 'http://www.gutenberg.org/files/33900/33900-h/images2/022.pdf', 'application/pdf' );
INSERT INTO files ( gid, file, mime ) VALUES ( '33900', 'http://www.gutenberg.org/files/33900/33900-h/images2/023.pdf', 'application/pdf' );
INSERT INTO files ( gid, file, mime ) VALUES ( '33900', 'http://www.gutenberg.org/files/33900/33900-h/images2/024.pdf', 'application/pdf' );
INSERT INTO files ( gid, file, mime ) VALUES ( '33900', 'http://www.gutenberg.org/files/33900/33900-h/images2/025.pdf', 'application/pdf' );
INSERT INTO files ( gid, file, mime ) VALUES ( '33900', 'http://www.gutenberg.org/files/33900/33900-h/images2/026.pdf', 'application/pdf' );
INSERT INTO files ( gid, file, mime ) VALUES ( '33900', 'http://www.gutenberg.org/files/33900/33900-h/images2/027.pdf', 'application/pdf' );
INSERT INTO files ( gid, file, mime ) VALUES ( '33900', 'http://www.gutenberg.org/files/33900/33900-h/images2/028.pdf', 'application/pdf' );
INSERT INTO files ( gid, file, mime ) VALUES ( '33900', 'http://www.gutenberg.org/files/33900/33900-h/images2/029.pdf', 'application/pdf' );
INSERT INTO files ( gid, file, mime ) VALUES ( '33900', 'http://www.gutenberg.org/files/33900/33900-h/images2/030.pdf', 'application/pdf' );
INSERT INTO files ( gid, file, mime ) VALUES ( '33900', 'http://www.gutenberg.org/files/33900/33900-h/images2/031.pdf', 'application/pdf' );
INSERT INTO files ( gid, file, mime ) VALUES ( '33900', 'http://www.gutenberg.org/files/33900/33900-h/images2/032.pdf', 'application/pdf' );
INSERT INTO files ( gid, file, mime ) VALUES ( '33900', 'http://www.gutenberg.org/files/33900/33900-h/images2/033.pdf', 'application/pdf' );
INSERT INTO files ( gid, file, mime ) VALUES ( '33900', 'http://www.gutenberg.org/files/33900/33900-h/images2/035.pdf', 'application/pdf' );
INSERT INTO files ( gid, file, mime ) VALUES ( '33900', 'http://www.gutenberg.org/files/33900/33900-h/images2/036.pdf', 'application/pdf' );
INSERT INTO files ( gid, file, mime ) VALUES ( '33900', 'http://www.gutenberg.org/files/33900/33900-h/images2/037.pdf', 'application/pdf' );
INSERT INTO files ( gid, file, mime ) VALUES ( '33900', 'http://www.gutenberg.org/files/33900/33900-h/images2/038.pdf', 'application/pdf' );
INSERT INTO files ( gid, file, mime ) VALUES ( '33900', 'http://www.gutenberg.org/files/33900/33900-h/images2/039.pdf', 'application/pdf' );
INSERT INTO files ( gid, file, mime ) VALUES ( '33900', 'http://www.gutenberg.org/files/33900/33900-h/images2/040.pdf', 'application/pdf' );
INSERT INTO files ( gid, file, mime ) VALUES ( '33900', 'http://www.gutenberg.org/files/33900/33900-h/images2/041.pdf', 'application/pdf' );
INSERT INTO files ( gid, file, mime ) VALUES ( '33900', 'http://www.gutenberg.org/files/33900/33900-h/images2/042.pdf', 'application/pdf' );
INSERT INTO files ( gid, file, mime ) VALUES ( '33900', 'http://www.gutenberg.org/files/33900/33900-h/images2/044.pdf', 'application/pdf' );
INSERT INTO files ( gid, file, mime ) VALUES ( '33900', 'http://www.gutenberg.org/files/33900/33900-h/images2/046.pdf', 'application/pdf' );
INSERT INTO files ( gid, file, mime ) VALUES ( '33900', 'http://www.gutenberg.org/files/33900/33900-h/images2/048.pdf', 'application/pdf' );
INSERT INTO files ( gid, file, mime ) VALUES ( '33900', 'http://www.gutenberg.org/files/33900/33900-h/images2/050.pdf', 'application/pdf' );
INSERT INTO files ( gid, file, mime ) VALUES ( '33900', 'http://www.gutenberg.org/files/33900/33900-h/images2/051.pdf', 'application/pdf' );
INSERT INTO files ( gid, file, mime ) VALUES ( '33900', 'http://www.gutenberg.org/files/33900/33900-h/images2/052.pdf', 'application/pdf' );
INSERT INTO files ( gid, file, mime ) VALUES ( '33900', 'http://www.gutenberg.org/files/33900/33900-h/images2/053.pdf', 'application/pdf' );
INSERT INTO files ( gid, file, mime ) VALUES ( '33900', 'http://www.gutenberg.org/files/33900/33900-h/images2/055.pdf', 'application/pdf' );
INSERT INTO files ( gid, file, mime ) VALUES ( '33900', 'http://www.gutenberg.org/files/33900/33900-h/images2/057.pdf', 'application/pdf' );
INSERT INTO files ( gid, file, mime ) VALUES ( '33900', 'http://www.gutenberg.org/files/33900/33900-h/images2/058.pdf', 'application/pdf' );
INSERT INTO files ( gid, file, mime ) VALUES ( '33900', 'http://www.gutenberg.org/files/33900/33900-h/images2/059.pdf', 'application/pdf' );
INSERT INTO files ( gid, file, mime ) VALUES ( '33900', 'http://www.gutenberg.org/files/33900/33900-h/images2/061.pdf', 'application/pdf' );
INSERT INTO files ( gid, file, mime ) VALUES ( '33900', 'http://www.gutenberg.org/files/33900/33900-h/images2/062.pdf', 'application/pdf' );
INSERT INTO files ( gid, file, mime ) VALUES ( '33900', 'http://www.gutenberg.org/files/33900/33900-h/images2/063.pdf', 'application/pdf' );
INSERT INTO files ( gid, file, mime ) VALUES ( '33900', 'http://www.gutenberg.org/files/33900/33900-h/images2/065.pdf', 'application/pdf' );
INSERT INTO files ( gid, file, mime ) VALUES ( '33900', 'http://www.gutenberg.org/files/33900/33900-h/images2/066.pdf', 'application/pdf' );
INSERT INTO files ( gid, file, mime ) VALUES ( '33900', 'http://www.gutenberg.org/files/33900/33900-h/images2/067.pdf', 'application/pdf' );
INSERT INTO files ( gid, file, mime ) VALUES ( '33900', 'http://www.gutenberg.org/files/33900/33900-h/images2/068.pdf', 'application/pdf' );
INSERT INTO files ( gid, file, mime ) VALUES ( '33900', 'http://www.gutenberg.org/files/33900/33900-h/images2/069.pdf', 'application/pdf' );
INSERT INTO files ( gid, file, mime ) VALUES ( '33900', 'http://www.gutenberg.org/files/33900/33900-h/images2/070.pdf', 'application/pdf' );
INSERT INTO files ( gid, file, mime ) VALUES ( '33900', 'http://www.gutenberg.org/files/33900/33900-h/images2/071.pdf', 'application/pdf' );
INSERT INTO files ( gid, file, mime ) VALUES ( '33900', 'http://www.gutenberg.org/files/33900/33900-h/images2/073.pdf', 'application/pdf' );
INSERT INTO files ( gid, file, mime ) VALUES ( '33900', 'http://www.gutenberg.org/files/33900/33900-h/images2/075.pdf', 'application/pdf' );
INSERT INTO files ( gid, file, mime ) VALUES ( '33900', 'http://www.gutenberg.org/files/33900/33900-h/images2/076.pdf', 'application/pdf' );
INSERT INTO files ( gid, file, mime ) VALUES ( '33900', 'http://www.gutenberg.org/files/33900/33900-h/images2/077.pdf', 'application/pdf' );
INSERT INTO files ( gid, file, mime ) VALUES ( '33900', 'http://www.gutenberg.org/files/33900/33900-h/images2/078.pdf', 'application/pdf' );
INSERT INTO files ( gid, file, mime ) VALUES ( '33900', 'http://www.gutenberg.org/files/33900/33900-h/images2/079.pdf', 'application/pdf' );
INSERT INTO files ( gid, file, mime ) VALUES ( '33900', 'http://www.gutenberg.org/files/33900/33900-h/images2/080.pdf', 'application/pdf' );
INSERT INTO files ( gid, file, mime ) VALUES ( '33900', 'http://www.gutenberg.org/files/33900/33900-h/images2/081.pdf', 'application/pdf' );
INSERT INTO files ( gid, file, mime ) VALUES ( '33900', 'http://www.gutenberg.org/files/33900/33900-h/images2/082.pdf', 'application/pdf' );
INSERT INTO files ( gid, file, mime ) VALUES ( '33900', 'http://www.gutenberg.org/files/33900/33900-h/images2/083.pdf', 'application/pdf' );
INSERT INTO files ( gid, file, mime ) VALUES ( '33900', 'http://www.gutenberg.org/files/33900/33900-h/images2/084.pdf', 'application/pdf' );
INSERT INTO files ( gid, file, mime ) VALUES ( '33900', 'http://www.gutenberg.org/files/33900/33900-h/images2/085.pdf', 'application/pdf' );
INSERT INTO files ( gid, file, mime ) VALUES ( '33900', 'http://www.gutenberg.org/files/33900/33900-h/images2/086.pdf', 'application/pdf' );
INSERT INTO files ( gid, file, mime ) VALUES ( '33900', 'http://www.gutenberg.org/files/33900/33900-h/images2/087.pdf', 'application/pdf' );
INSERT INTO files ( gid, file, mime ) VALUES ( '33900', 'http://www.gutenberg.org/files/33900/33900-h/images2/088.pdf', 'application/pdf' );
INSERT INTO files ( gid, file, mime ) VALUES ( '33900', 'http://www.gutenberg.org/files/33900/33900-h/images2/089.pdf', 'application/pdf' );
INSERT INTO files ( gid, file, mime ) VALUES ( '33900', 'http://www.gutenberg.org/files/33900/33900-h/images2/090.pdf', 'application/pdf' );
INSERT INTO files ( gid, file, mime ) VALUES ( '33900', 'http://www.gutenberg.org/files/33900/33900-h/images2/091.pdf', 'application/pdf' );
INSERT INTO files ( gid, file, mime ) VALUES ( '33900', 'http://www.gutenberg.org/files/33900/33900-h/images2/092.pdf', 'application/pdf' );
INSERT INTO files ( gid, file, mime ) VALUES ( '33900', 'http://www.gutenberg.org/files/33900/33900-h/images2/094.pdf', 'application/pdf' );
INSERT INTO files ( gid, file, mime ) VALUES ( '33900', 'http://www.gutenberg.org/files/33900/33900-h/images2/095.pdf', 'application/pdf' );
INSERT INTO files ( gid, file, mime ) VALUES ( '33900', 'http://www.gutenberg.org/files/33900/33900-h/images2/096.pdf', 'application/pdf' );
INSERT INTO files ( gid, file, mime ) VALUES ( '33900', 'http://www.gutenberg.org/files/33900/33900-h/images2/097.pdf', 'application/pdf' );
INSERT INTO files ( gid, file, mime ) VALUES ( '33900', 'http://www.gutenberg.org/files/33900/33900-h/images2/098.pdf', 'application/pdf' );
INSERT INTO files ( gid, file, mime ) VALUES ( '33900', 'http://www.gutenberg.org/files/33900/33900-h/images2/099.pdf', 'application/pdf' );
INSERT INTO files ( gid, file, mime ) VALUES ( '33900', 'http://www.gutenberg.org/files/33900/33900-h/images2/100.pdf', 'application/pdf' );
INSERT INTO files ( gid, file, mime ) VALUES ( '33900', 'http://www.gutenberg.org/files/33900/33900-h/images2/101.pdf', 'application/pdf' );
INSERT INTO files ( gid, file, mime ) VALUES ( '33900', 'http://www.gutenberg.org/files/33900/33900-h/images2/102.pdf', 'application/pdf' );
INSERT INTO files ( gid, file, mime ) VALUES ( '33900', 'http://www.gutenberg.org/files/33900/33900-h/images2/103.pdf', 'application/pdf' );
INSERT INTO files ( gid, file, mime ) VALUES ( '33900', 'http://www.gutenberg.org/files/33900/33900-h/images2/106.pdf', 'application/pdf' );
INSERT INTO files ( gid, file, mime ) VALUES ( '33900', 'http://www.gutenberg.org/files/33900/33900-h/images2/107.pdf', 'application/pdf' );
INSERT INTO files ( gid, file, mime ) VALUES ( '33900', 'http://www.gutenberg.org/files/33900/33900-h/images2/110.pdf', 'application/pdf' );
INSERT INTO files ( gid, file, mime ) VALUES ( '33900', 'http://www.gutenberg.org/files/33900/33900-h/images2/111.pdf', 'application/pdf' );
INSERT INTO files ( gid, file, mime ) VALUES ( '33900', 'http://www.gutenberg.org/files/33900/33900-h/images2/112.pdf', 'application/pdf' );
INSERT INTO files ( gid, file, mime ) VALUES ( '33900', 'http://www.gutenberg.org/files/33900/33900-h/images2/113.pdf', 'application/pdf' );
INSERT INTO files ( gid, file, mime ) VALUES ( '33900', 'http://www.gutenberg.org/files/33900/33900-h/images2/115.pdf', 'application/pdf' );
INSERT INTO files ( gid, file, mime ) VALUES ( '33900', 'http://www.gutenberg.org/files/33900/33900-h/images2/117.pdf', 'application/pdf' );
INSERT INTO files ( gid, file, mime ) VALUES ( '33900', 'http://www.gutenberg.org/files/33900/33900-h/images2/119.pdf', 'application/pdf' );
INSERT INTO files ( gid, file, mime ) VALUES ( '33900', 'http://www.gutenberg.org/files/33900/33900-h/images2/120.pdf', 'application/pdf' );
INSERT INTO files ( gid, file, mime ) VALUES ( '33900', 'http://www.gutenberg.org/files/33900/33900-h/images2/121.pdf', 'application/pdf' );
INSERT INTO files ( gid, file, mime ) VALUES ( '33900', 'http://www.gutenberg.org/files/33900/33900-h/images2/122.pdf', 'application/pdf' );
INSERT INTO files ( gid, file, mime ) VALUES ( '33900', 'http://www.gutenberg.org/files/33900/33900-h/images2/123.pdf', 'application/pdf' );
INSERT INTO files ( gid, file, mime ) VALUES ( '33900', 'http://www.gutenberg.org/files/33900/33900-h/images2/125.pdf', 'application/pdf' );
INSERT INTO files ( gid, file, mime ) VALUES ( '33900', 'http://www.gutenberg.org/files/33900/33900-h/images2/126.pdf', 'application/pdf' );
INSERT INTO files ( gid, file, mime ) VALUES ( '33900', 'http://www.gutenberg.org/files/33900/33900-h/images2/127.pdf', 'application/pdf' );
INSERT INTO files ( gid, file, mime ) VALUES ( '33900', 'http://www.gutenberg.org/files/33900/33900-h/images2/128.pdf', 'application/pdf' );
INSERT INTO files ( gid, file, mime ) VALUES ( '33900', 'http://www.gutenberg.org/files/33900/33900-h/images2/129.pdf', 'application/pdf' );
INSERT INTO files ( gid, file, mime ) VALUES ( '33900', 'http://www.gutenberg.org/files/33900/33900-h/images2/130.pdf', 'application/pdf' );
INSERT INTO files ( gid, file, mime ) VALUES ( '33900', 'http://www.gutenberg.org/files/33900/33900-h/images2/131.pdf', 'application/pdf' );
INSERT INTO files ( gid, file, mime ) VALUES ( '33900', 'http://www.gutenberg.org/files/33900/33900-h/images2/132.pdf', 'application/pdf' );
INSERT INTO files ( gid, file, mime ) VALUES ( '33900', 'http://www.gutenberg.org/files/33900/33900-h/images2/133.pdf', 'application/pdf' );
INSERT INTO files ( gid, file, mime ) VALUES ( '33900', 'http://www.gutenberg.org/files/33900/33900-h/images2/134.pdf', 'application/pdf' );
INSERT INTO files ( gid, file, mime ) VALUES ( '33900', 'http://www.gutenberg.org/files/33900/33900-h/images2/136.pdf', 'application/pdf' );
INSERT INTO files ( gid, file, mime ) VALUES ( '33900', 'http://www.gutenberg.org/files/33900/33900-h/images2/137.pdf', 'application/pdf' );
INSERT INTO files ( gid, file, mime ) VALUES ( '33900', 'http://www.gutenberg.org/files/33900/33900-h/images2/138.pdf', 'application/pdf' );
INSERT INTO files ( gid, file, mime ) VALUES ( '33900', 'http://www.gutenberg.org/files/33900/33900-h/images2/139.pdf', 'application/pdf' );
INSERT INTO files ( gid, file, mime ) VALUES ( '33900', 'http://www.gutenberg.org/files/33900/33900-h/images2/141.pdf', 'application/pdf' );
INSERT INTO files ( gid, file, mime ) VALUES ( '33900', 'http://www.gutenberg.org/files/33900/33900-h/images2/143.pdf', 'application/pdf' );
INSERT INTO files ( gid, file, mime ) VALUES ( '33900', 'http://www.gutenberg.org/files/33900/33900-h/images2/144.pdf', 'application/pdf' );
INSERT INTO files ( gid, file, mime ) VALUES ( '33900', 'http://www.gutenberg.org/files/33900/33900-h/images2/146.pdf', 'application/pdf' );
INSERT INTO files ( gid, file, mime ) VALUES ( '33900', 'http://www.gutenberg.org/files/33900/33900-h/images2/147.pdf', 'application/pdf' );
INSERT INTO files ( gid, file, mime ) VALUES ( '33900', 'http://www.gutenberg.org/files/33900/33900-h/images2/149.pdf', 'application/pdf' );
INSERT INTO files ( gid, file, mime ) VALUES ( '33900', 'http://www.gutenberg.org/files/33900/33900-h/images2/150.pdf', 'application/pdf' );
INSERT INTO files ( gid, file, mime ) VALUES ( '33900', 'http://www.gutenberg.org/files/33900/33900-h/images2/151.pdf', 'application/pdf' );
INSERT INTO files ( gid, file, mime ) VALUES ( '33900', 'http://www.gutenberg.org/files/33900/33900-h/images2/152.pdf', 'application/pdf' );
INSERT INTO files ( gid, file, mime ) VALUES ( '33900', 'http://www.gutenberg.org/files/33900/33900-h/images2/153.pdf', 'application/pdf' );
INSERT INTO files ( gid, file, mime ) VALUES ( '33900', 'http://www.gutenberg.org/files/33900/33900-h/images2/154.pdf', 'application/pdf' );
INSERT INTO files ( gid, file, mime ) VALUES ( '33900', 'http://www.gutenberg.org/files/33900/33900-h/images2/156.pdf', 'application/pdf' );
INSERT INTO files ( gid, file, mime ) VALUES ( '33900', 'http://www.gutenberg.org/files/33900/33900-h/images2/158.pdf', 'application/pdf' );
INSERT INTO files ( gid, file, mime ) VALUES ( '33900', 'http://www.gutenberg.org/files/33900/33900-h/images2/159.pdf', 'application/pdf' );
INSERT INTO files ( gid, file, mime ) VALUES ( '33900', 'http://www.gutenberg.org/files/33900/33900-h/images2/161.pdf', 'application/pdf' );
INSERT INTO files ( gid, file, mime ) VALUES ( '33900', 'http://www.gutenberg.org/files/33900/33900-h/images2/164.pdf', 'application/pdf' );
INSERT INTO files ( gid, file, mime ) VALUES ( '33900', 'http://www.gutenberg.org/files/33900/33900-h/images2/166.pdf', 'application/pdf' );
INSERT INTO files ( gid, file, mime ) VALUES ( '33900', 'http://www.gutenberg.org/files/33900/33900-h/images2/167.pdf', 'application/pdf' );
INSERT INTO files ( gid, file, mime ) VALUES ( '33900', 'http://www.gutenberg.org/files/33900/33900-h/images2/168.pdf', 'application/pdf' );
INSERT INTO files ( gid, file, mime ) VALUES ( '33900', 'http://www.gutenberg.org/files/33900/33900-h/images2/169.pdf', 'application/pdf' );
INSERT INTO files ( gid, file, mime ) VALUES ( '33900', 'http://www.gutenberg.org/files/33900/33900-h/images2/170.pdf', 'application/pdf' );
INSERT INTO files ( gid, file, mime ) VALUES ( '33900', 'http://www.gutenberg.org/files/33900/33900-h/images2/171.pdf', 'application/pdf' );
INSERT INTO files ( gid, file, mime ) VALUES ( '33900', 'http://www.gutenberg.org/files/33900/33900-h/images2/173.pdf', 'application/pdf' );
INSERT INTO files ( gid, file, mime ) VALUES ( '33900', 'http://www.gutenberg.org/files/33900/33900-h/images2/174.pdf', 'application/pdf' );
INSERT INTO files ( gid, file, mime ) VALUES ( '33900', 'http://www.gutenberg.org/files/33900/33900-h/images2/175.pdf', 'application/pdf' );
INSERT INTO files ( gid, file, mime ) VALUES ( '33900', 'http://www.gutenberg.org/files/33900/33900-h/images2/176.pdf', 'application/pdf' );
INSERT INTO files ( gid, file, mime ) VALUES ( '33900', 'http://www.gutenberg.org/files/33900/33900-h/images2/177.pdf', 'application/pdf' );
INSERT INTO files ( gid, file, mime ) VALUES ( '33900', 'http://www.gutenberg.org/files/33900/33900-h/images2/178.pdf', 'application/pdf' );
INSERT INTO files ( gid, file, mime ) VALUES ( '33900', 'http://www.gutenberg.org/files/33900/33900-h/images2/180.pdf', 'application/pdf' );
INSERT INTO files ( gid, file, mime ) VALUES ( '33900', 'http://www.gutenberg.org/files/33900/33900-h/images2/181.pdf', 'application/pdf' );
INSERT INTO files ( gid, file, mime ) VALUES ( '33900', 'http://www.gutenberg.org/files/33900/33900-h/images2/183.pdf', 'application/pdf' );
INSERT INTO files ( gid, file, mime ) VALUES ( '33900', 'http://www.gutenberg.org/files/33900/33900-h/images2/184.pdf', 'application/pdf' );
INSERT INTO files ( gid, file, mime ) VALUES ( '33900', 'http://www.gutenberg.org/files/33900/33900-h/images2/186.pdf', 'application/pdf' );
INSERT INTO files ( gid, file, mime ) VALUES ( '33900', 'http://www.gutenberg.org/files/33900/33900-h/images2/188.pdf', 'application/pdf' );
INSERT INTO files ( gid, file, mime ) VALUES ( '33900', 'http://www.gutenberg.org/files/33900/33900-h/images2/189.pdf', 'application/pdf' );
INSERT INTO files ( gid, file, mime ) VALUES ( '33900', 'http://www.gutenberg.org/files/33900/33900-h/images2/190.pdf', 'application/pdf' );
INSERT INTO files ( gid, file, mime ) VALUES ( '33900', 'http://www.gutenberg.org/files/33900/33900-h/images2/192.pdf', 'application/pdf' );
INSERT INTO files ( gid, file, mime ) VALUES ( '33900', 'http://www.gutenberg.org/files/33900/33900-h/images2/194.pdf', 'application/pdf' );
INSERT INTO files ( gid, file, mime ) VALUES ( '33900', 'http://www.gutenberg.org/files/33900/33900-h/images2/195.pdf', 'application/pdf' );
INSERT INTO files ( gid, file, mime ) VALUES ( '33900', 'http://www.gutenberg.org/files/33900/33900-h/images2/196.pdf', 'application/pdf' );
INSERT INTO files ( gid, file, mime ) VALUES ( '33900', 'http://www.gutenberg.org/files/33900/33900-h/images2/197.pdf', 'application/pdf' );
INSERT INTO files ( gid, file, mime ) VALUES ( '33900', 'http://www.gutenberg.org/files/33900/33900-h/images2/198.pdf', 'application/pdf' );
INSERT INTO files ( gid, file, mime ) VALUES ( '33900', 'http://www.gutenberg.org/files/33900/33900-h/images2/200.pdf', 'application/pdf' );
INSERT INTO files ( gid, file, mime ) VALUES ( '33900', 'http://www.gutenberg.org/files/33900/33900-h/images2/202.pdf', 'application/pdf' );
INSERT INTO files ( gid, file, mime ) VALUES ( '33900', 'http://www.gutenberg.org/files/33900/33900-h/images2/203.pdf', 'application/pdf' );
INSERT INTO files ( gid, file, mime ) VALUES ( '33900', 'http://www.gutenberg.org/files/33900/33900-h/images2/204.pdf', 'application/pdf' );
INSERT INTO files ( gid, file, mime ) VALUES ( '33900', 'http://www.gutenberg.org/files/33900/33900-h/images2/205.pdf', 'application/pdf' );
INSERT INTO files ( gid, file, mime ) VALUES ( '33900', 'http://www.gutenberg.org/files/33900/33900-h/images2/206.pdf', 'application/pdf' );
INSERT INTO files ( gid, file, mime ) VALUES ( '33900', 'http://www.gutenberg.org/files/33900/33900-h/images2/207.pdf', 'application/pdf' );
INSERT INTO files ( gid, file, mime ) VALUES ( '33900', 'http://www.gutenberg.org/files/33900/33900-h/images2/208.pdf', 'application/pdf' );
INSERT INTO files ( gid, file, mime ) VALUES ( '33900', 'http://www.gutenberg.org/files/33900/33900-h/images2/209.pdf', 'application/pdf' );
INSERT INTO files ( gid, file, mime ) VALUES ( '33900', 'http://www.gutenberg.org/files/33900/33900-h/images2/210.pdf', 'application/pdf' );
INSERT INTO files ( gid, file, mime ) VALUES ( '33900', 'http://www.gutenberg.org/files/33900/33900-h/images2/211.pdf', 'application/pdf' );
INSERT INTO files ( gid, file, mime ) VALUES ( '33900', 'http://www.gutenberg.org/files/33900/33900-h/images2/212.pdf', 'application/pdf' );
INSERT INTO files ( gid, file, mime ) VALUES ( '33900', 'http://www.gutenberg.org/files/33900/33900-h/images2/213.pdf', 'application/pdf' );
INSERT INTO files ( gid, file, mime ) VALUES ( '33900', 'http://www.gutenberg.org/files/33900/33900-h/images2/214.pdf', 'application/pdf' );
INSERT INTO files ( gid, file, mime ) VALUES ( '33900', 'http://www.gutenberg.org/files/33900/33900-h/images2/215.pdf', 'application/pdf' );
INSERT INTO files ( gid, file, mime ) VALUES ( '33900', 'http://www.gutenberg.org/files/33900/33900-h/images2/217.pdf', 'application/pdf' );
INSERT INTO files ( gid, file, mime ) VALUES ( '33900', 'http://www.gutenberg.org/files/33900/33900-h/images2/218.pdf', 'application/pdf' );
INSERT INTO files ( gid, file, mime ) VALUES ( '33900', 'http://www.gutenberg.org/files/33900/33900-h/images2/220.pdf', 'application/pdf' );
INSERT INTO files ( gid, file, mime ) VALUES ( '33900', 'http://www.gutenberg.org/files/33900/33900-h/images2/221.pdf', 'application/pdf' );
INSERT INTO files ( gid, file, mime ) VALUES ( '33900', 'http://www.gutenberg.org/files/33900/33900-h/images2/222.pdf', 'application/pdf' );
INSERT INTO files ( gid, file, mime ) VALUES ( '33900', 'http://www.gutenberg.org/files/33900/33900-h/images2/223.pdf', 'application/pdf' );
INSERT INTO files ( gid, file, mime ) VALUES ( '33900', 'http://www.gutenberg.org/files/33900/33900-h/images2/224.pdf', 'application/pdf' );
INSERT INTO files ( gid, file, mime ) VALUES ( '33900', 'http://www.gutenberg.org/files/33900/33900-h/images2/225.pdf', 'application/pdf' );
INSERT INTO files ( gid, file, mime ) VALUES ( '33900', 'http://www.gutenberg.org/files/33900/33900-h/images2/227.pdf', 'application/pdf' );
INSERT INTO files ( gid, file, mime ) VALUES ( '33900', 'http://www.gutenberg.org/files/33900/33900-h/images2/228.pdf', 'application/pdf' );
INSERT INTO files ( gid, file, mime ) VALUES ( '33900', 'http://www.gutenberg.org/files/33900/33900-h/images2/229.pdf', 'application/pdf' );
INSERT INTO files ( gid, file, mime ) VALUES ( '33900', 'http://www.gutenberg.org/files/33900/33900-h/images2/230.pdf', 'application/pdf' );
INSERT INTO files ( gid, file, mime ) VALUES ( '33900', 'http://www.gutenberg.org/files/33900/33900-h/images2/231.pdf', 'application/pdf' );
INSERT INTO files ( gid, file, mime ) VALUES ( '33900', 'http://www.gutenberg.org/files/33900/33900-h/images2/232.pdf', 'application/pdf' );
INSERT INTO files ( gid, file, mime ) VALUES ( '33900', 'http://www.gutenberg.org/files/33900/33900-h/images2/234.pdf', 'application/pdf' );
INSERT INTO files ( gid, file, mime ) VALUES ( '33900', 'http://www.gutenberg.org/files/33900/33900-h/images2/236.pdf', 'application/pdf' );
INSERT INTO files ( gid, file, mime ) VALUES ( '33900', 'http://www.gutenberg.org/files/33900/33900-h/images2/237.pdf', 'application/pdf' );
INSERT INTO files ( gid, file, mime ) VALUES ( '33900', 'http://www.gutenberg.org/files/33900/33900-h/images2/239.pdf', 'application/pdf' );
INSERT INTO files ( gid, file, mime ) VALUES ( '33900', 'http://www.gutenberg.org/files/33900/33900-h/images2/241.pdf', 'application/pdf' );
INSERT INTO files ( gid, file, mime ) VALUES ( '33900', 'http://www.gutenberg.org/files/33900/33900-h/images2/244.pdf', 'application/pdf' );
INSERT INTO files ( gid, file, mime ) VALUES ( '33900', 'http://www.gutenberg.org/files/33900/33900-h/images2/245.pdf', 'application/pdf' );
INSERT INTO files ( gid, file, mime ) VALUES ( '33900', 'http://www.gutenberg.org/files/33900/33900-h/images2/246.pdf', 'application/pdf' );
INSERT INTO files ( gid, file, mime ) VALUES ( '33900', 'http://www.gutenberg.org/files/33900/33900-h/images2/247.pdf', 'application/pdf' );
INSERT INTO files ( gid, file, mime ) VALUES ( '33900', 'http://www.gutenberg.org/files/33900/33900-h/images2/248.pdf', 'application/pdf' );
INSERT INTO files ( gid, file, mime ) VALUES ( '33900', 'http://www.gutenberg.org/files/33900/33900-h/images2/249.pdf', 'application/pdf' );
INSERT INTO files ( gid, file, mime ) VALUES ( '33900', 'http://www.gutenberg.org/files/33900/33900-h/images2/250.pdf', 'application/pdf' );
INSERT INTO files ( gid, file, mime ) VALUES ( '33900', 'http://www.gutenberg.org/files/33900/33900-h/images2/252.pdf', 'application/pdf' );
INSERT INTO files ( gid, file, mime ) VALUES ( '33900', 'http://www.gutenberg.org/files/33900/33900-h/images2/253.pdf', 'application/pdf' );
INSERT INTO files ( gid, file, mime ) VALUES ( '33900', 'http://www.gutenberg.org/files/33900/33900-h/images2/255.pdf', 'application/pdf' );
INSERT INTO files ( gid, file, mime ) VALUES ( '33900', 'http://www.gutenberg.org/files/33900/33900-h/images2/257.pdf', 'application/pdf' );
INSERT INTO files ( gid, file, mime ) VALUES ( '33900', 'http://www.gutenberg.org/files/33900/33900-h/images2/258.pdf', 'application/pdf' );
INSERT INTO files ( gid, file, mime ) VALUES ( '33900', 'http://www.gutenberg.org/files/33900/33900-h/images2/259.pdf', 'application/pdf' );
INSERT INTO files ( gid, file, mime ) VALUES ( '33900', 'http://www.gutenberg.org/files/33900/33900-h/images2/260.pdf', 'application/pdf' );
INSERT INTO files ( gid, file, mime ) VALUES ( '33900', 'http://www.gutenberg.org/files/33900/33900-h/images2/261.pdf', 'application/pdf' );
INSERT INTO files ( gid, file, mime ) VALUES ( '33900', 'http://www.gutenberg.org/files/33900/33900-h/images2/262.pdf', 'application/pdf' );
INSERT INTO files ( gid, file, mime ) VALUES ( '33900', 'http://www.gutenberg.org/files/33900/33900-h/images2/263.pdf', 'application/pdf' );
INSERT INTO files ( gid, file, mime ) VALUES ( '33900', 'http://www.gutenberg.org/files/33900/33900-h/images2/264.pdf', 'application/pdf' );
INSERT INTO files ( gid, file, mime ) VALUES ( '33900', 'http://www.gutenberg.org/files/33900/33900-h/images2/265.pdf', 'application/pdf' );
INSERT INTO files ( gid, file, mime ) VALUES ( '33900', 'http://www.gutenberg.org/files/33900/33900-h/images2/266.pdf', 'application/pdf' );
INSERT INTO files ( gid, file, mime ) VALUES ( '33900', 'http://www.gutenberg.org/files/33900/33900-h/images2/268.pdf', 'application/pdf' );
INSERT INTO files ( gid, file, mime ) VALUES ( '33900', 'http://www.gutenberg.org/files/33900/33900-h/images2/269.pdf', 'application/pdf' );
INSERT INTO files ( gid, file, mime ) VALUES ( '33900', 'http://www.gutenberg.org/files/33900/33900-h/images2/270.pdf', 'application/pdf' );
INSERT INTO files ( gid, file, mime ) VALUES ( '33900', 'http://www.gutenberg.org/files/33900/33900-h/images2/271.pdf', 'application/pdf' );
INSERT INTO files ( gid, file, mime ) VALUES ( '33900', 'http://www.gutenberg.org/files/33900/33900-h/images2/273.pdf', 'application/pdf' );
INSERT INTO files ( gid, file, mime ) VALUES ( '33900', 'http://www.gutenberg.org/files/33900/33900-h/images2/274.pdf', 'application/pdf' );
INSERT INTO files ( gid, file, mime ) VALUES ( '33900', 'http://www.gutenberg.org/files/33900/33900-h/images2/275.pdf', 'application/pdf' );
INSERT INTO files ( gid, file, mime ) VALUES ( '33900', 'http://www.gutenberg.org/files/33900/33900-h/images2/276.pdf', 'application/pdf' );
INSERT INTO files ( gid, file, mime ) VALUES ( '33900', 'http://www.gutenberg.org/files/33900/33900-h/images2/277.pdf', 'application/pdf' );
INSERT INTO files ( gid, file, mime ) VALUES ( '33900', 'http://www.gutenberg.org/files/33900/33900-h/images2/278.pdf', 'application/pdf' );
INSERT INTO files ( gid, file, mime ) VALUES ( '33900', 'http://www.gutenberg.org/files/33900/33900-h/images2/279.pdf', 'application/pdf' );
INSERT INTO files ( gid, file, mime ) VALUES ( '33900', 'http://www.gutenberg.org/files/33900/33900-h/images2/280.pdf', 'application/pdf' );
INSERT INTO files ( gid, file, mime ) VALUES ( '33900', 'http://www.gutenberg.org/files/33900/33900-h/images2/281.pdf', 'application/pdf' );
INSERT INTO files ( gid, file, mime ) VALUES ( '33900', 'http://www.gutenberg.org/files/33900/33900-h/images2/282.pdf', 'application/pdf' );
INSERT INTO files ( gid, file, mime ) VALUES ( '33900', 'http://www.gutenberg.org/files/33900/33900-h/images2/283.pdf', 'application/pdf' );
INSERT INTO files ( gid, file, mime ) VALUES ( '33900', 'http://www.gutenberg.org/files/33900/33900-h/images2/284.pdf', 'application/pdf' );
INSERT INTO files ( gid, file, mime ) VALUES ( '33900', 'http://www.gutenberg.org/files/33900/33900-h/images2/285.pdf', 'application/pdf' );
INSERT INTO files ( gid, file, mime ) VALUES ( '33900', 'http://www.gutenberg.org/files/33900/33900-h/images2/286.pdf', 'application/pdf' );
INSERT INTO files ( gid, file, mime ) VALUES ( '33900', 'http://www.gutenberg.org/files/33900/33900-h/images2/287.pdf', 'application/pdf' );
INSERT INTO files ( gid, file, mime ) VALUES ( '33900', 'http://www.gutenberg.org/files/33900/33900-h/images2/288.pdf', 'application/pdf' );
INSERT INTO files ( gid, file, mime ) VALUES ( '33900', 'http://www.gutenberg.org/files/33900/33900-h/images2/289.pdf', 'application/pdf' );
INSERT INTO files ( gid, file, mime ) VALUES ( '33900', 'http://www.gutenberg.org/files/33900/33900-h/images2/290.pdf', 'application/pdf' );
INSERT INTO files ( gid, file, mime ) VALUES ( '33900', 'http://www.gutenberg.org/files/33900/33900-h/images2/291.pdf', 'application/pdf' );
INSERT INTO files ( gid, file, mime ) VALUES ( '33900', 'http://www.gutenberg.org/files/33900/33900-h/images2/292.pdf', 'application/pdf' );
INSERT INTO files ( gid, file, mime ) VALUES ( '33900', 'http://www.gutenberg.org/files/33900/33900-h/images2/293.pdf', 'application/pdf' );
INSERT INTO files ( gid, file, mime ) VALUES ( '33900', 'http://www.gutenberg.org/files/33900/33900-h/images2/294.pdf', 'application/pdf' );
INSERT INTO files ( gid, file, mime ) VALUES ( '33900', 'http://www.gutenberg.org/files/33900/33900-h/images2/295.pdf', 'application/pdf' );
INSERT INTO files ( gid, file, mime ) VALUES ( '33900', 'http://www.gutenberg.org/files/33900/33900-h/images2/296.pdf', 'application/pdf' );
INSERT INTO files ( gid, file, mime ) VALUES ( '33900', 'http://www.gutenberg.org/files/33900/33900-h/images2/297.pdf', 'application/pdf' );
INSERT INTO files ( gid, file, mime ) VALUES ( '33900', 'http://www.gutenberg.org/files/33900/33900-h/images2/298.pdf', 'application/pdf' );
INSERT INTO files ( gid, file, mime ) VALUES ( '33900', 'http://www.gutenberg.org/files/33900/33900-h/images2/299.pdf', 'application/pdf' );
INSERT INTO files ( gid, file, mime ) VALUES ( '33900', 'http://www.gutenberg.org/files/33900/33900-h/images2/300.pdf', 'application/pdf' );
INSERT INTO files ( gid, file, mime ) VALUES ( '33900', 'http://www.gutenberg.org/files/33900/33900-h/images2/301.pdf', 'application/pdf' );
INSERT INTO files ( gid, file, mime ) VALUES ( '33900', 'http://www.gutenberg.org/files/33900/33900-h/images2/302.pdf', 'application/pdf' );
INSERT INTO files ( gid, file, mime ) VALUES ( '33900', 'http://www.gutenberg.org/files/33900/33900-h/images2/303.pdf', 'application/pdf' );
INSERT INTO files ( gid, file, mime ) VALUES ( '33900', 'http://www.gutenberg.org/files/33900/33900-h/images2/304.pdf', 'application/pdf' );
INSERT INTO files ( gid, file, mime ) VALUES ( '33900', 'http://www.gutenberg.org/files/33900/33900-h/images2/305.pdf', 'application/pdf' );
INSERT INTO files ( gid, file, mime ) VALUES ( '33900', 'http://www.gutenberg.org/files/33900/33900-h/images2/306.pdf', 'application/pdf' );
INSERT INTO files ( gid, file, mime ) VALUES ( '33900', 'http://www.gutenberg.org/files/33900/33900-h/images2/307.pdf', 'application/pdf' );
INSERT INTO files ( gid, file, mime ) VALUES ( '33900', 'http://www.gutenberg.org/files/33900/33900-h/images2/309.pdf', 'application/pdf' );
INSERT INTO files ( gid, file, mime ) VALUES ( '33900', 'http://www.gutenberg.org/files/33900/33900-h/images2/310.pdf', 'application/pdf' );
INSERT INTO files ( gid, file, mime ) VALUES ( '33900', 'http://www.gutenberg.org/files/33900/33900-h/images2/311.pdf', 'application/pdf' );
INSERT INTO files ( gid, file, mime ) VALUES ( '33900', 'http://www.gutenberg.org/files/33900/33900-h/images2/312.pdf', 'application/pdf' );
INSERT INTO files ( gid, file, mime ) VALUES ( '33900', 'http://www.gutenberg.org/files/33900/33900-h/images2/appendix.pdf', 'application/pdf' );
INSERT INTO files ( gid, file, mime ) VALUES ( '33900', 'http://www.gutenberg.org/files/33900/33900-h/music1/3-part_brass.mp3', 'audio/mpeg' );
INSERT INTO files ( gid, file, mime ) VALUES ( '33900', 'http://www.gutenberg.org/files/33900/33900-h/music1/4-part_brass01.mp3', 'audio/mpeg' );
INSERT INTO files ( gid, file, mime ) VALUES ( '33900', 'http://www.gutenberg.org/files/33900/33900-h/music1/4-part_brass02.mp3', 'audio/mpeg' );
INSERT INTO files ( gid, file, mime ) VALUES ( '33900', 'http://www.gutenberg.org/files/33900/33900-h/music1/4-part_brass03.mp3', 'audio/mpeg' );
INSERT INTO files ( gid, file, mime ) VALUES ( '33900', 'http://www.gutenberg.org/files/33900/33900-h/music1/4-part_brass04.mp3', 'audio/mpeg' );
INSERT INTO files ( gid, file, mime ) VALUES ( '33900', 'http://www.gutenberg.org/files/33900/33900-h/music1/4-part_brass05.mp3', 'audio/mpeg' );
INSERT INTO files ( gid, file, mime ) VALUES ( '33900', 'http://www.gutenberg.org/files/33900/33900-h/music1/4-part_brass06.mp3', 'audio/mpeg' );
INSERT INTO files ( gid, file, mime ) VALUES ( '33900', 'http://www.gutenberg.org/files/33900/33900-h/music1/4-part_brass07.mp3', 'audio/mpeg' );
INSERT INTO files ( gid, file, mime ) VALUES ( '33900', 'http://www.gutenberg.org/files/33900/33900-h/music1/bass_inversion_bad.mid', 'audio/midi' );
INSERT INTO files ( gid, file, mime ) VALUES ( '33900', 'http://www.gutenberg.org/files/33900/33900-h/music1/bass_inversion_good.mid', 'audio/midi' );
INSERT INTO files ( gid, file, mime ) VALUES ( '33900', 'http://www.gutenberg.org/files/33900/33900-h/music1/brass_harmony.mp3', 'audio/mpeg' );
INSERT INTO files ( gid, file, mime ) VALUES ( '33900', 'http://www.gutenberg.org/files/33900/33900-h/music1/brass_scale.mp3', 'audio/mpeg' );
INSERT INTO files ( gid, file, mime ) VALUES ( '33900', 'http://www.gutenberg.org/files/33900/33900-h/music1/chord_progession.mp3', 'audio/mpeg' );
INSERT INTO files ( gid, file, mime ) VALUES ( '33900', 'http://www.gutenberg.org/files/33900/33900-h/music1/chord_progression.mp3', 'audio/mpeg' );
INSERT INTO files ( gid, file, mime ) VALUES ( '33900', 'http://www.gutenberg.org/files/33900/33900-h/music1/chords01.mid', 'audio/midi' );
INSERT INTO files ( gid, file, mime ) VALUES ( '33900', 'http://www.gutenberg.org/files/33900/33900-h/music1/chords02.mid', 'audio/midi' );
INSERT INTO files ( gid, file, mime ) VALUES ( '33900', 'http://www.gutenberg.org/files/33900/33900-h/music1/chords03.mid', 'audio/midi' );
INSERT INTO files ( gid, file, mime ) VALUES ( '33900', 'http://www.gutenberg.org/files/33900/33900-h/music1/chords04.mid', 'audio/midi' );
INSERT INTO files ( gid, file, mime ) VALUES ( '33900', 'http://www.gutenberg.org/files/33900/33900-h/music1/chords05.mid', 'audio/midi' );
INSERT INTO files ( gid, file, mime ) VALUES ( '33900', 'http://www.gutenberg.org/files/33900/33900-h/music1/chords06.mid', 'audio/midi' );
INSERT INTO files ( gid, file, mime ) VALUES ( '33900', 'http://www.gutenberg.org/files/33900/33900-h/music1/chords07.mid', 'audio/midi' );
INSERT INTO files ( gid, file, mime ) VALUES ( '33900', 'http://www.gutenberg.org/files/33900/33900-h/music1/chords08.mid', 'audio/midi' );
INSERT INTO files ( gid, file, mime ) VALUES ( '33900', 'http://www.gutenberg.org/files/33900/33900-h/music1/chords09.mp3', 'audio/mpeg' );
INSERT INTO files ( gid, file, mime ) VALUES ( '33900', 'http://www.gutenberg.org/files/33900/33900-h/music1/chords10.mp3', 'audio/mpeg' );
INSERT INTO files ( gid, file, mime ) VALUES ( '33900', 'http://www.gutenberg.org/files/33900/33900-h/music1/chords11.mp3', 'audio/mpeg' );
INSERT INTO files ( gid, file, mime ) VALUES ( '33900', 'http://www.gutenberg.org/files/33900/33900-h/music1/chords12.mp3', 'audio/mpeg' );
INSERT INTO files ( gid, file, mime ) VALUES ( '33900', 'http://www.gutenberg.org/files/33900/33900-h/music1/chords13.mp3', 'audio/mpeg' );
INSERT INTO files ( gid, file, mime ) VALUES ( '33900', 'http://www.gutenberg.org/files/33900/33900-h/music1/chords14.mp3', 'audio/mpeg' );
INSERT INTO files ( gid, file, mime ) VALUES ( '33900', 'http://www.gutenberg.org/files/33900/33900-h/music1/chords15.mp3', 'audio/mpeg' );
INSERT INTO files ( gid, file, mime ) VALUES ( '33900', 'http://www.gutenberg.org/files/33900/33900-h/music1/chords16.mp3', 'audio/mpeg' );
INSERT INTO files ( gid, file, mime ) VALUES ( '33900', 'http://www.gutenberg.org/files/33900/33900-h/music1/chords17.mp3', 'audio/mpeg' );
INSERT INTO files ( gid, file, mime ) VALUES ( '33900', 'http://www.gutenberg.org/files/33900/33900-h/music1/chords18.mp3', 'audio/mpeg' );
INSERT INTO files ( gid, file, mime ) VALUES ( '33900', 'http://www.gutenberg.org/files/33900/33900-h/music1/chords19.mp3', 'audio/mpeg' );
INSERT INTO files ( gid, file, mime ) VALUES ( '33900', 'http://www.gutenberg.org/files/33900/33900-h/music1/classical.mp3', 'audio/mpeg' );
INSERT INTO files ( gid, file, mime ) VALUES ( '33900', 'http://www.gutenberg.org/files/33900/33900-h/music1/close_harmony.mid', 'audio/midi' );
INSERT INTO files ( gid, file, mime ) VALUES ( '33900', 'http://www.gutenberg.org/files/33900/33900-h/music1/close_part_writing.mid', 'audio/midi' );
INSERT INTO files ( gid, file, mime ) VALUES ( '33900', 'http://www.gutenberg.org/files/33900/33900-h/music1/consecutive_fifths.mid', 'audio/midi' );
INSERT INTO files ( gid, file, mime ) VALUES ( '33900', 'http://www.gutenberg.org/files/33900/33900-h/music1/consecutive_octaves.mid', 'audio/midi' );
INSERT INTO files ( gid, file, mime ) VALUES ( '33900', 'http://www.gutenberg.org/files/33900/33900-h/music1/dup_brass01.mp3', 'audio/mpeg' );
INSERT INTO files ( gid, file, mime ) VALUES ( '33900', 'http://www.gutenberg.org/files/33900/33900-h/music1/dup_brass02.mp3', 'audio/mpeg' );
INSERT INTO files ( gid, file, mime ) VALUES ( '33900', 'http://www.gutenberg.org/files/33900/33900-h/music1/dup_brass03.mp3', 'audio/mpeg' );
INSERT INTO files ( gid, file, mime ) VALUES ( '33900', 'http://www.gutenberg.org/files/33900/33900-h/music1/dup_brass04.mp3', 'audio/mpeg' );
INSERT INTO files ( gid, file, mime ) VALUES ( '33900', 'http://www.gutenberg.org/files/33900/33900-h/music1/enclosure.mp3', 'audio/mpeg' );
INSERT INTO files ( gid, file, mime ) VALUES ( '33900', 'http://www.gutenberg.org/files/33900/33900-h/music1/enclosure02.mp3', 'audio/mpeg' );
INSERT INTO files ( gid, file, mime ) VALUES ( '33900', 'http://www.gutenberg.org/files/33900/33900-h/music1/forte_chord.mp3', 'audio/mpeg' );
INSERT INTO files ( gid, file, mime ) VALUES ( '33900', 'http://www.gutenberg.org/files/33900/33900-h/music1/harmonic-scale.mid', 'audio/midi' );
INSERT INTO files ( gid, file, mime ) VALUES ( '33900', 'http://www.gutenberg.org/files/33900/33900-h/music1/harmony_unison01.mp3', 'audio/mpeg' );
INSERT INTO files ( gid, file, mime ) VALUES ( '33900', 'http://www.gutenberg.org/files/33900/33900-h/music1/harmony_unison02.mp3', 'audio/mpeg' );
INSERT INTO files ( gid, file, mime ) VALUES ( '33900', 'http://www.gutenberg.org/files/33900/33900-h/music1/melodicdesign.mid', 'audio/midi' );
INSERT INTO files ( gid, file, mime ) VALUES ( '33900', 'http://www.gutenberg.org/files/33900/33900-h/music1/overlaying01.mp3', 'audio/mpeg' );
INSERT INTO files ( gid, file, mime ) VALUES ( '33900', 'http://www.gutenberg.org/files/33900/33900-h/music1/overlaying02.mp3', 'audio/mpeg' );
INSERT INTO files ( gid, file, mime ) VALUES ( '33900', 'http://www.gutenberg.org/files/33900/33900-h/music1/overlaying03.mp3', 'audio/mpeg' );
INSERT INTO files ( gid, file, mime ) VALUES ( '33900', 'http://www.gutenberg.org/files/33900/33900-h/music1/overlaying04.mp3', 'audio/mpeg' );
INSERT INTO files ( gid, file, mime ) VALUES ( '33900', 'http://www.gutenberg.org/files/33900/33900-h/music1/overlaying05.mp3', 'audio/mpeg' );
INSERT INTO files ( gid, file, mime ) VALUES ( '33900', 'http://www.gutenberg.org/files/33900/33900-h/music1/overlaying06.mp3', 'audio/mpeg' );
INSERT INTO files ( gid, file, mime ) VALUES ( '33900', 'http://www.gutenberg.org/files/33900/33900-h/music1/overlaying07.mp3', 'audio/mpeg' );
INSERT INTO files ( gid, file, mime ) VALUES ( '33900', 'http://www.gutenberg.org/files/33900/33900-h/music1/overlaying08.mp3', 'audio/mpeg' );
INSERT INTO files ( gid, file, mime ) VALUES ( '33900', 'http://www.gutenberg.org/files/33900/33900-h/music1/partial_duplication.mid', 'audio/midi' );
INSERT INTO files ( gid, file, mime ) VALUES ( '33900', 'http://www.gutenberg.org/files/33900/33900-h/music1/progression.mp3', 'audio/mpeg' );
INSERT INTO files ( gid, file, mime ) VALUES ( '33900', 'http://www.gutenberg.org/files/33900/33900-h/music1/progression02.mid', 'audio/midi' );
INSERT INTO files ( gid, file, mime ) VALUES ( '33900', 'http://www.gutenberg.org/files/33900/33900-h/music1/sev-part_brass01.mp3', 'audio/mpeg' );
INSERT INTO files ( gid, file, mime ) VALUES ( '33900', 'http://www.gutenberg.org/files/33900/33900-h/music1/sev-part_brass02.mp3', 'audio/mpeg' );
INSERT INTO files ( gid, file, mime ) VALUES ( '33900', 'http://www.gutenberg.org/files/33900/33900-h/music1/sev-part_brass03.mp3', 'audio/mpeg' );
INSERT INTO files ( gid, file, mime ) VALUES ( '33900', 'http://www.gutenberg.org/files/33900/33900-h/music1/sev-part_brass04.mp3', 'audio/mpeg' );
INSERT INTO files ( gid, file, mime ) VALUES ( '33900', 'http://www.gutenberg.org/files/33900/33900-h/music1/sev-part_brass05.mp3', 'audio/mpeg' );
INSERT INTO files ( gid, file, mime ) VALUES ( '33900', 'http://www.gutenberg.org/files/33900/33900-h/music1/seventh_bad.mid', 'audio/midi' );
INSERT INTO files ( gid, file, mime ) VALUES ( '33900', 'http://www.gutenberg.org/files/33900/33900-h/music1/seventh_good.mid', 'audio/midi' );
INSERT INTO files ( gid, file, mime ) VALUES ( '33900', 'http://www.gutenberg.org/files/33900/33900-h/music1/textures01.mid', 'audio/midi' );
INSERT INTO files ( gid, file, mime ) VALUES ( '33900', 'http://www.gutenberg.org/files/33900/33900-h/music1/textures02.mid', 'audio/midi' );
INSERT INTO files ( gid, file, mime ) VALUES ( '33900', 'http://www.gutenberg.org/files/33900/33900-h/music1/textures03.mid', 'audio/midi' );
INSERT INTO files ( gid, file, mime ) VALUES ( '33900', 'http://www.gutenberg.org/files/33900/33900-h/music1/thirds-sixths.mp3', 'audio/mpeg' );
INSERT INTO files ( gid, file, mime ) VALUES ( '33900', 'http://www.gutenberg.org/files/33900/33900-h/music1/trumpchord01-02.mp3', 'audio/mpeg' );
INSERT INTO files ( gid, file, mime ) VALUES ( '33900', 'http://www.gutenberg.org/files/33900/33900-h/music1/trumpchord03.mp3', 'audio/mpeg' );
INSERT INTO files ( gid, file, mime ) VALUES ( '33900', 'http://www.gutenberg.org/files/33900/33900-h/music1/trumpet01.mp3', 'audio/mpeg' );
INSERT INTO files ( gid, file, mime ) VALUES ( '33900', 'http://www.gutenberg.org/files/33900/33900-h/music1/trumpet02.mp3', 'audio/mpeg' );
INSERT INTO files ( gid, file, mime ) VALUES ( '33900', 'http://www.gutenberg.org/files/33900/33900-h/music1/upper_pedal.mid', 'audio/midi' );
INSERT INTO files ( gid, file, mime ) VALUES ( '33900', 'http://www.gutenberg.org/files/33900/33900-h/music1/wide_part_writing.mid', 'audio/midi' );
INSERT INTO files ( gid, file, mime ) VALUES ( '33900', 'http://www.gutenberg.org/files/33900/33900-h/music1/wide_part_writing_bad.mid', 'audio/midi' );
INSERT INTO files ( gid, file, mime ) VALUES ( '33900', 'http://www.gutenberg.org/files/33900/33900-h/music1/woodwind01.mp3', 'audio/mpeg' );
INSERT INTO files ( gid, file, mime ) VALUES ( '33900', 'http://www.gutenberg.org/files/33900/33900-h/music1/woodwind02.mp3', 'audio/mpeg' );
INSERT INTO files ( gid, file, mime ) VALUES ( '33900', 'http://www.gutenberg.org/files/33900/33900-h/music1/woodwind03.mp3', 'audio/mpeg' );
INSERT INTO files ( gid, file, mime ) VALUES ( '33900', 'http://www.gutenberg.org/files/33900/33900-h/music1/woodwind04.mp3', 'audio/mpeg' );
INSERT INTO files ( gid, file, mime ) VALUES ( '33900', 'http://www.gutenberg.org/files/33900/33900-h/music1/woodwind05.mp3', 'audio/mpeg' );
INSERT INTO files ( gid, file, mime ) VALUES ( '33900', 'http://www.gutenberg.org/files/33900/33900-h/music1/woodwind06.mp3', 'audio/mpeg' );
INSERT INTO files ( gid, file, mime ) VALUES ( '33900', 'http://www.gutenberg.org/files/33900/33900-h/music1/woodwind_pairs01.mp3', 'audio/mpeg' );
INSERT INTO files ( gid, file, mime ) VALUES ( '33900', 'http://www.gutenberg.org/files/33900/33900-h/music1/woodwind_pairs02.mp3', 'audio/mpeg' );
INSERT INTO files ( gid, file, mime ) VALUES ( '33900', 'http://www.gutenberg.org/files/33900/33900-h/music1/woodwind_pairs03.mp3', 'audio/mpeg' );
INSERT INTO files ( gid, file, mime ) VALUES ( '33900', 'http://www.gutenberg.org/files/33900/33900-h/music1/woodwind_pairs04.mp3', 'audio/mpeg' );
INSERT INTO files ( gid, file, mime ) VALUES ( '33900', 'http://www.gutenberg.org/files/33900/33900-h/music1/woodwind_threes01.mp3', 'audio/mpeg' );
INSERT INTO files ( gid, file, mime ) VALUES ( '33900', 'http://www.gutenberg.org/files/33900/33900-h/music1/woodwind_threes02.mp3', 'audio/mpeg' );
INSERT INTO files ( gid, file, mime ) VALUES ( '33900', 'http://www.gutenberg.org/files/33900/33900-h/music1/woodwind_threes03.mp3', 'audio/mpeg' );
INSERT INTO files ( gid, file, mime ) VALUES ( '33900', 'http://www.gutenberg.org/files/33900/33900-h/music1/woodwind_threes04.mp3', 'audio/mpeg' );
INSERT INTO files ( gid, file, mime ) VALUES ( '33900', 'http://www.gutenberg.org/files/33900/33900-h/music1/woodwind_threes05.mp3', 'audio/mpeg' );
INSERT INTO files ( gid, file, mime ) VALUES ( '33900', 'http://www.gutenberg.org/files/33900/33900-h/music1/woodwind_threes06.mp3', 'audio/mpeg' );
INSERT INTO files ( gid, file, mime ) VALUES ( '33900', 'http://www.gutenberg.org/files/33900/33900-h/music2/001.mp3', 'audio/mpeg' );
INSERT INTO files ( gid, file, mime ) VALUES ( '33900', 'http://www.gutenberg.org/files/33900/33900-h/music2/001.xml', 'text/xml' );
INSERT INTO files ( gid, file, mime ) VALUES ( '33900', 'http://www.gutenberg.org/files/33900/33900-h/music2/002.mp3', 'audio/mpeg' );
INSERT INTO files ( gid, file, mime ) VALUES ( '33900', 'http://www.gutenberg.org/files/33900/33900-h/music2/002.xml', 'text/xml' );
INSERT INTO files ( gid, file, mime ) VALUES ( '33900', 'http://www.gutenberg.org/files/33900/33900-h/music2/003.mp3', 'audio/mpeg' );
INSERT INTO files ( gid, file, mime ) VALUES ( '33900', 'http://www.gutenberg.org/files/33900/33900-h/music2/003.xml', 'text/xml' );
INSERT INTO files ( gid, file, mime ) VALUES ( '33900', 'http://www.gutenberg.org/files/33900/33900-h/music2/004.mp3', 'audio/mpeg' );
INSERT INTO files ( gid, file, mime ) VALUES ( '33900', 'http://www.gutenberg.org/files/33900/33900-h/music2/004.xml', 'text/xml' );
INSERT INTO files ( gid, file, mime ) VALUES ( '33900', 'http://www.gutenberg.org/files/33900/33900-h/music2/005.mp3', 'audio/mpeg' );
INSERT INTO files ( gid, file, mime ) VALUES ( '33900', 'http://www.gutenberg.org/files/33900/33900-h/music2/005.xml', 'text/xml' );
INSERT INTO files ( gid, file, mime ) VALUES ( '33900', 'http://www.gutenberg.org/files/33900/33900-h/music2/006.mp3', 'audio/mpeg' );
INSERT INTO files ( gid, file, mime ) VALUES ( '33900', 'http://www.gutenberg.org/files/33900/33900-h/music2/006.xml', 'text/xml' );
INSERT INTO files ( gid, file, mime ) VALUES ( '33900', 'http://www.gutenberg.org/files/33900/33900-h/music2/007.mp3', 'audio/mpeg' );
INSERT INTO files ( gid, file, mime ) VALUES ( '33900', 'http://www.gutenberg.org/files/33900/33900-h/music2/007.xml', 'text/xml' );
INSERT INTO files ( gid, file, mime ) VALUES ( '33900', 'http://www.gutenberg.org/files/33900/33900-h/music2/008.mp3', 'audio/mpeg' );
INSERT INTO files ( gid, file, mime ) VALUES ( '33900', 'http://www.gutenberg.org/files/33900/33900-h/music2/008.xml', 'text/xml' );
INSERT INTO files ( gid, file, mime ) VALUES ( '33900', 'http://www.gutenberg.org/files/33900/33900-h/music2/009.mp3', 'audio/mpeg' );
INSERT INTO files ( gid, file, mime ) VALUES ( '33900', 'http://www.gutenberg.org/files/33900/33900-h/music2/009.xml', 'text/xml' );
INSERT INTO files ( gid, file, mime ) VALUES ( '33900', 'http://www.gutenberg.org/files/33900/33900-h/music2/010.mp3', 'audio/mpeg' );
INSERT INTO files ( gid, file, mime ) VALUES ( '33900', 'http://www.gutenberg.org/files/33900/33900-h/music2/010.xml', 'text/xml' );
INSERT INTO files ( gid, file, mime ) VALUES ( '33900', 'http://www.gutenberg.org/files/33900/33900-h/music2/011.mp3', 'audio/mpeg' );
INSERT INTO files ( gid, file, mime ) VALUES ( '33900', 'http://www.gutenberg.org/files/33900/33900-h/music2/011.xml', 'text/xml' );
INSERT INTO files ( gid, file, mime ) VALUES ( '33900', 'http://www.gutenberg.org/files/33900/33900-h/music2/012.mp3', 'audio/mpeg' );
INSERT INTO files ( gid, file, mime ) VALUES ( '33900', 'http://www.gutenberg.org/files/33900/33900-h/music2/012.xml', 'text/xml' );
INSERT INTO files ( gid, file, mime ) VALUES ( '33900', 'http://www.gutenberg.org/files/33900/33900-h/music2/013.mp3', 'audio/mpeg' );
INSERT INTO files ( gid, file, mime ) VALUES ( '33900', 'http://www.gutenberg.org/files/33900/33900-h/music2/013.xml', 'text/xml' );
INSERT INTO files ( gid, file, mime ) VALUES ( '33900', 'http://www.gutenberg.org/files/33900/33900-h/music2/014.mp3', 'audio/mpeg' );
INSERT INTO files ( gid, file, mime ) VALUES ( '33900', 'http://www.gutenberg.org/files/33900/33900-h/music2/014.xml', 'text/xml' );
INSERT INTO files ( gid, file, mime ) VALUES ( '33900', 'http://www.gutenberg.org/files/33900/33900-h/music2/015.mp3', 'audio/mpeg' );
INSERT INTO files ( gid, file, mime ) VALUES ( '33900', 'http://www.gutenberg.org/files/33900/33900-h/music2/015.xml', 'text/xml' );
INSERT INTO files ( gid, file, mime ) VALUES ( '33900', 'http://www.gutenberg.org/files/33900/33900-h/music2/016.mp3', 'audio/mpeg' );
INSERT INTO files ( gid, file, mime ) VALUES ( '33900', 'http://www.gutenberg.org/files/33900/33900-h/music2/016.xml', 'text/xml' );
INSERT INTO files ( gid, file, mime ) VALUES ( '33900', 'http://www.gutenberg.org/files/33900/33900-h/music2/017.mp3', 'audio/mpeg' );
INSERT INTO files ( gid, file, mime ) VALUES ( '33900', 'http://www.gutenberg.org/files/33900/33900-h/music2/017.xml', 'text/xml' );
INSERT INTO files ( gid, file, mime ) VALUES ( '33900', 'http://www.gutenberg.org/files/33900/33900-h/music2/018.mp3', 'audio/mpeg' );
INSERT INTO files ( gid, file, mime ) VALUES ( '33900', 'http://www.gutenberg.org/files/33900/33900-h/music2/018.xml', 'text/xml' );
INSERT INTO files ( gid, file, mime ) VALUES ( '33900', 'http://www.gutenberg.org/files/33900/33900-h/music2/019.mp3', 'audio/mpeg' );
INSERT INTO files ( gid, file, mime ) VALUES ( '33900', 'http://www.gutenberg.org/files/33900/33900-h/music2/019.xml', 'text/xml' );
INSERT INTO files ( gid, file, mime ) VALUES ( '33900', 'http://www.gutenberg.org/files/33900/33900-h/music2/020.mp3', 'audio/mpeg' );
INSERT INTO files ( gid, file, mime ) VALUES ( '33900', 'http://www.gutenberg.org/files/33900/33900-h/music2/020.xml', 'text/xml' );
INSERT INTO files ( gid, file, mime ) VALUES ( '33900', 'http://www.gutenberg.org/files/33900/33900-h/music2/021.mp3', 'audio/mpeg' );
INSERT INTO files ( gid, file, mime ) VALUES ( '33900', 'http://www.gutenberg.org/files/33900/33900-h/music2/021.xml', 'text/xml' );
INSERT INTO files ( gid, file, mime ) VALUES ( '33900', 'http://www.gutenberg.org/files/33900/33900-h/music2/022.mp3', 'audio/mpeg' );
INSERT INTO files ( gid, file, mime ) VALUES ( '33900', 'http://www.gutenberg.org/files/33900/33900-h/music2/022.xml', 'text/xml' );
INSERT INTO files ( gid, file, mime ) VALUES ( '33900', 'http://www.gutenberg.org/files/33900/33900-h/music2/023.mp3', 'audio/mpeg' );
INSERT INTO files ( gid, file, mime ) VALUES ( '33900', 'http://www.gutenberg.org/files/33900/33900-h/music2/023.xml', 'text/xml' );
INSERT INTO files ( gid, file, mime ) VALUES ( '33900', 'http://www.gutenberg.org/files/33900/33900-h/music2/024.mp3', 'audio/mpeg' );
INSERT INTO files ( gid, file, mime ) VALUES ( '33900', 'http://www.gutenberg.org/files/33900/33900-h/music2/024.xml', 'text/xml' );
INSERT INTO files ( gid, file, mime ) VALUES ( '33900', 'http://www.gutenberg.org/files/33900/33900-h/music2/025.mp3', 'audio/mpeg' );
INSERT INTO files ( gid, file, mime ) VALUES ( '33900', 'http://www.gutenberg.org/files/33900/33900-h/music2/025.xml', 'text/xml' );
INSERT INTO files ( gid, file, mime ) VALUES ( '33900', 'http://www.gutenberg.org/files/33900/33900-h/music2/026.mp3', 'audio/mpeg' );
INSERT INTO files ( gid, file, mime ) VALUES ( '33900', 'http://www.gutenberg.org/files/33900/33900-h/music2/026.xml', 'text/xml' );
INSERT INTO files ( gid, file, mime ) VALUES ( '33900', 'http://www.gutenberg.org/files/33900/33900-h/music2/027.mp3', 'audio/mpeg' );
INSERT INTO files ( gid, file, mime ) VALUES ( '33900', 'http://www.gutenberg.org/files/33900/33900-h/music2/027.xml', 'text/xml' );
INSERT INTO files ( gid, file, mime ) VALUES ( '33900', 'http://www.gutenberg.org/files/33900/33900-h/music2/028.mp3', 'audio/mpeg' );
INSERT INTO files ( gid, file, mime ) VALUES ( '33900', 'http://www.gutenberg.org/files/33900/33900-h/music2/028.xml', 'text/xml' );
INSERT INTO files ( gid, file, mime ) VALUES ( '33900', 'http://www.gutenberg.org/files/33900/33900-h/music2/029.mp3', 'audio/mpeg' );
INSERT INTO files ( gid, file, mime ) VALUES ( '33900', 'http://www.gutenberg.org/files/33900/33900-h/music2/029.xml', 'text/xml' );
INSERT INTO files ( gid, file, mime ) VALUES ( '33900', 'http://www.gutenberg.org/files/33900/33900-h/music2/030.mp3', 'audio/mpeg' );
INSERT INTO files ( gid, file, mime ) VALUES ( '33900', 'http://www.gutenberg.org/files/33900/33900-h/music2/030.xml', 'text/xml' );
INSERT INTO files ( gid, file, mime ) VALUES ( '33900', 'http://www.gutenberg.org/files/33900/33900-h/music2/031.mp3', 'audio/mpeg' );
INSERT INTO files ( gid, file, mime ) VALUES ( '33900', 'http://www.gutenberg.org/files/33900/33900-h/music2/031.xml', 'text/xml' );
INSERT INTO files ( gid, file, mime ) VALUES ( '33900', 'http://www.gutenberg.org/files/33900/33900-h/music2/032.mp3', 'audio/mpeg' );
INSERT INTO files ( gid, file, mime ) VALUES ( '33900', 'http://www.gutenberg.org/files/33900/33900-h/music2/032.xml', 'text/xml' );
INSERT INTO files ( gid, file, mime ) VALUES ( '33900', 'http://www.gutenberg.org/files/33900/33900-h/music2/033.mp3', 'audio/mpeg' );
INSERT INTO files ( gid, file, mime ) VALUES ( '33900', 'http://www.gutenberg.org/files/33900/33900-h/music2/033.xml', 'text/xml' );
INSERT INTO files ( gid, file, mime ) VALUES ( '33900', 'http://www.gutenberg.org/files/33900/33900-h/music2/034.mp3', 'audio/mpeg' );
INSERT INTO files ( gid, file, mime ) VALUES ( '33900', 'http://www.gutenberg.org/files/33900/33900-h/music2/034.xml', 'text/xml' );
INSERT INTO files ( gid, file, mime ) VALUES ( '33900', 'http://www.gutenberg.org/files/33900/33900-h/music2/035.mp3', 'audio/mpeg' );
INSERT INTO files ( gid, file, mime ) VALUES ( '33900', 'http://www.gutenberg.org/files/33900/33900-h/music2/035.xml', 'text/xml' );
INSERT INTO files ( gid, file, mime ) VALUES ( '33900', 'http://www.gutenberg.org/files/33900/33900-h/music2/036.mp3', 'audio/mpeg' );
INSERT INTO files ( gid, file, mime ) VALUES ( '33900', 'http://www.gutenberg.org/files/33900/33900-h/music2/036.xml', 'text/xml' );
INSERT INTO files ( gid, file, mime ) VALUES ( '33900', 'http://www.gutenberg.org/files/33900/33900-h/music2/037.mp3', 'audio/mpeg' );
INSERT INTO files ( gid, file, mime ) VALUES ( '33900', 'http://www.gutenberg.org/files/33900/33900-h/music2/037.xml', 'text/xml' );
INSERT INTO files ( gid, file, mime ) VALUES ( '33900', 'http://www.gutenberg.org/files/33900/33900-h/music2/038.mp3', 'audio/mpeg' );
INSERT INTO files ( gid, file, mime ) VALUES ( '33900', 'http://www.gutenberg.org/files/33900/33900-h/music2/038.xml', 'text/xml' );
INSERT INTO files ( gid, file, mime ) VALUES ( '33900', 'http://www.gutenberg.org/files/33900/33900-h/music2/039.mp3', 'audio/mpeg' );
INSERT INTO files ( gid, file, mime ) VALUES ( '33900', 'http://www.gutenberg.org/files/33900/33900-h/music2/039.xml', 'text/xml' );
INSERT INTO files ( gid, file, mime ) VALUES ( '33900', 'http://www.gutenberg.org/files/33900/33900-h/music2/040.mp3', 'audio/mpeg' );
INSERT INTO files ( gid, file, mime ) VALUES ( '33900', 'http://www.gutenberg.org/files/33900/33900-h/music2/040.xml', 'text/xml' );
INSERT INTO files ( gid, file, mime ) VALUES ( '33900', 'http://www.gutenberg.org/files/33900/33900-h/music2/041.mp3', 'audio/mpeg' );
INSERT INTO files ( gid, file, mime ) VALUES ( '33900', 'http://www.gutenberg.org/files/33900/33900-h/music2/041.xml', 'text/xml' );
INSERT INTO files ( gid, file, mime ) VALUES ( '33900', 'http://www.gutenberg.org/files/33900/33900-h/music2/042.mp3', 'audio/mpeg' );
INSERT INTO files ( gid, file, mime ) VALUES ( '33900', 'http://www.gutenberg.org/files/33900/33900-h/music2/042.xml', 'text/xml' );
INSERT INTO files ( gid, file, mime ) VALUES ( '33900', 'http://www.gutenberg.org/files/33900/33900-h/music2/043.mp3', 'audio/mpeg' );
INSERT INTO files ( gid, file, mime ) VALUES ( '33900', 'http://www.gutenberg.org/files/33900/33900-h/music2/043.xml', 'text/xml' );
INSERT INTO files ( gid, file, mime ) VALUES ( '33900', 'http://www.gutenberg.org/files/33900/33900-h/music2/044.mp3', 'audio/mpeg' );
INSERT INTO files ( gid, file, mime ) VALUES ( '33900', 'http://www.gutenberg.org/files/33900/33900-h/music2/044.xml', 'text/xml' );
INSERT INTO files ( gid, file, mime ) VALUES ( '33900', 'http://www.gutenberg.org/files/33900/33900-h/music2/045.mp3', 'audio/mpeg' );
INSERT INTO files ( gid, file, mime ) VALUES ( '33900', 'http://www.gutenberg.org/files/33900/33900-h/music2/045.xml', 'text/xml' );
INSERT INTO files ( gid, file, mime ) VALUES ( '33900', 'http://www.gutenberg.org/files/33900/33900-h/music2/046.mp3', 'audio/mpeg' );
INSERT INTO files ( gid, file, mime ) VALUES ( '33900', 'http://www.gutenberg.org/files/33900/33900-h/music2/046.xml', 'text/xml' );
INSERT INTO files ( gid, file, mime ) VALUES ( '33900', 'http://www.gutenberg.org/files/33900/33900-h/music2/047.mp3', 'audio/mpeg' );
INSERT INTO files ( gid, file, mime ) VALUES ( '33900', 'http://www.gutenberg.org/files/33900/33900-h/music2/047.xml', 'text/xml' );
INSERT INTO files ( gid, file, mime ) VALUES ( '33900', 'http://www.gutenberg.org/files/33900/33900-h/music2/048.mp3', 'audio/mpeg' );
INSERT INTO files ( gid, file, mime ) VALUES ( '33900', 'http://www.gutenberg.org/files/33900/33900-h/music2/048.xml', 'text/xml' );
INSERT INTO files ( gid, file, mime ) VALUES ( '33900', 'http://www.gutenberg.org/files/33900/33900-h/music2/049.mp3', 'audio/mpeg' );
INSERT INTO files ( gid, file, mime ) VALUES ( '33900', 'http://www.gutenberg.org/files/33900/33900-h/music2/049.xml', 'text/xml' );
INSERT INTO files ( gid, file, mime ) VALUES ( '33900', 'http://www.gutenberg.org/files/33900/33900-h/music2/050.mp3', 'audio/mpeg' );
INSERT INTO files ( gid, file, mime ) VALUES ( '33900', 'http://www.gutenberg.org/files/33900/33900-h/music2/050.xml', 'text/xml' );
INSERT INTO files ( gid, file, mime ) VALUES ( '33900', 'http://www.gutenberg.org/files/33900/33900-h/music2/051.mp3', 'audio/mpeg' );
INSERT INTO files ( gid, file, mime ) VALUES ( '33900', 'http://www.gutenberg.org/files/33900/33900-h/music2/051.xml', 'text/xml' );
INSERT INTO files ( gid, file, mime ) VALUES ( '33900', 'http://www.gutenberg.org/files/33900/33900-h/music2/052.mp3', 'audio/mpeg' );
INSERT INTO files ( gid, file, mime ) VALUES ( '33900', 'http://www.gutenberg.org/files/33900/33900-h/music2/052.xml', 'text/xml' );
INSERT INTO files ( gid, file, mime ) VALUES ( '33900', 'http://www.gutenberg.org/files/33900/33900-h/music2/053.mp3', 'audio/mpeg' );
INSERT INTO files ( gid, file, mime ) VALUES ( '33900', 'http://www.gutenberg.org/files/33900/33900-h/music2/053.xml', 'text/xml' );
INSERT INTO files ( gid, file, mime ) VALUES ( '33900', 'http://www.gutenberg.org/files/33900/33900-h/music2/054.mp3', 'audio/mpeg' );
INSERT INTO files ( gid, file, mime ) VALUES ( '33900', 'http://www.gutenberg.org/files/33900/33900-h/music2/054.xml', 'text/xml' );
INSERT INTO files ( gid, file, mime ) VALUES ( '33900', 'http://www.gutenberg.org/files/33900/33900-h/music2/055.mp3', 'audio/mpeg' );
INSERT INTO files ( gid, file, mime ) VALUES ( '33900', 'http://www.gutenberg.org/files/33900/33900-h/music2/055.xml', 'text/xml' );
INSERT INTO files ( gid, file, mime ) VALUES ( '33900', 'http://www.gutenberg.org/files/33900/33900-h/music2/056.mp3', 'audio/mpeg' );
INSERT INTO files ( gid, file, mime ) VALUES ( '33900', 'http://www.gutenberg.org/files/33900/33900-h/music2/056.xml', 'text/xml' );
INSERT INTO files ( gid, file, mime ) VALUES ( '33900', 'http://www.gutenberg.org/files/33900/33900-h/music2/057.mp3', 'audio/mpeg' );
INSERT INTO files ( gid, file, mime ) VALUES ( '33900', 'http://www.gutenberg.org/files/33900/33900-h/music2/057.xml', 'text/xml' );
INSERT INTO files ( gid, file, mime ) VALUES ( '33900', 'http://www.gutenberg.org/files/33900/33900-h/music2/058.mp3', 'audio/mpeg' );
INSERT INTO files ( gid, file, mime ) VALUES ( '33900', 'http://www.gutenberg.org/files/33900/33900-h/music2/058.xml', 'text/xml' );
INSERT INTO files ( gid, file, mime ) VALUES ( '33900', 'http://www.gutenberg.org/files/33900/33900-h/music2/059.mp3', 'audio/mpeg' );
INSERT INTO files ( gid, file, mime ) VALUES ( '33900', 'http://www.gutenberg.org/files/33900/33900-h/music2/059.xml', 'text/xml' );
INSERT INTO files ( gid, file, mime ) VALUES ( '33900', 'http://www.gutenberg.org/files/33900/33900-h/music2/060.mp3', 'audio/mpeg' );
INSERT INTO files ( gid, file, mime ) VALUES ( '33900', 'http://www.gutenberg.org/files/33900/33900-h/music2/060.xml', 'text/xml' );
INSERT INTO files ( gid, file, mime ) VALUES ( '33900', 'http://www.gutenberg.org/files/33900/33900-h/music2/061.mp3', 'audio/mpeg' );
INSERT INTO files ( gid, file, mime ) VALUES ( '33900', 'http://www.gutenberg.org/files/33900/33900-h/music2/061.xml', 'text/xml' );
INSERT INTO files ( gid, file, mime ) VALUES ( '33900', 'http://www.gutenberg.org/files/33900/33900-h/music2/062.mp3', 'audio/mpeg' );
INSERT INTO files ( gid, file, mime ) VALUES ( '33900', 'http://www.gutenberg.org/files/33900/33900-h/music2/062.xml', 'text/xml' );
INSERT INTO files ( gid, file, mime ) VALUES ( '33900', 'http://www.gutenberg.org/files/33900/33900-h/music2/063.mp3', 'audio/mpeg' );
INSERT INTO files ( gid, file, mime ) VALUES ( '33900', 'http://www.gutenberg.org/files/33900/33900-h/music2/063.xml', 'text/xml' );
INSERT INTO files ( gid, file, mime ) VALUES ( '33900', 'http://www.gutenberg.org/files/33900/33900-h/music2/064.mp3', 'audio/mpeg' );
INSERT INTO files ( gid, file, mime ) VALUES ( '33900', 'http://www.gutenberg.org/files/33900/33900-h/music2/064.xml', 'text/xml' );
INSERT INTO files ( gid, file, mime ) VALUES ( '33900', 'http://www.gutenberg.org/files/33900/33900-h/music2/065.mp3', 'audio/mpeg' );
INSERT INTO files ( gid, file, mime ) VALUES ( '33900', 'http://www.gutenberg.org/files/33900/33900-h/music2/065.xml', 'text/xml' );
INSERT INTO files ( gid, file, mime ) VALUES ( '33900', 'http://www.gutenberg.org/files/33900/33900-h/music2/066.mp3', 'audio/mpeg' );
INSERT INTO files ( gid, file, mime ) VALUES ( '33900', 'http://www.gutenberg.org/files/33900/33900-h/music2/066.xml', 'text/xml' );
INSERT INTO files ( gid, file, mime ) VALUES ( '33900', 'http://www.gutenberg.org/files/33900/33900-h/music2/067.mp3', 'audio/mpeg' );
INSERT INTO files ( gid, file, mime ) VALUES ( '33900', 'http://www.gutenberg.org/files/33900/33900-h/music2/067.xml', 'text/xml' );
INSERT INTO files ( gid, file, mime ) VALUES ( '33900', 'http://www.gutenberg.org/files/33900/33900-h/music2/068.mp3', 'audio/mpeg' );
INSERT INTO files ( gid, file, mime ) VALUES ( '33900', 'http://www.gutenberg.org/files/33900/33900-h/music2/068.xml', 'text/xml' );
INSERT INTO files ( gid, file, mime ) VALUES ( '33900', 'http://www.gutenberg.org/files/33900/33900-h/music2/069.mp3', 'audio/mpeg' );
INSERT INTO files ( gid, file, mime ) VALUES ( '33900', 'http://www.gutenberg.org/files/33900/33900-h/music2/069.xml', 'text/xml' );
INSERT INTO files ( gid, file, mime ) VALUES ( '33900', 'http://www.gutenberg.org/files/33900/33900-h/music2/070.mp3', 'audio/mpeg' );
INSERT INTO files ( gid, file, mime ) VALUES ( '33900', 'http://www.gutenberg.org/files/33900/33900-h/music2/070.xml', 'text/xml' );
INSERT INTO files ( gid, file, mime ) VALUES ( '33900', 'http://www.gutenberg.org/files/33900/33900-h/music2/071.mp3', 'audio/mpeg' );
INSERT INTO files ( gid, file, mime ) VALUES ( '33900', 'http://www.gutenberg.org/files/33900/33900-h/music2/071.xml', 'text/xml' );
INSERT INTO files ( gid, file, mime ) VALUES ( '33900', 'http://www.gutenberg.org/files/33900/33900-h/music2/072.mp3', 'audio/mpeg' );
INSERT INTO files ( gid, file, mime ) VALUES ( '33900', 'http://www.gutenberg.org/files/33900/33900-h/music2/072.xml', 'text/xml' );
INSERT INTO files ( gid, file, mime ) VALUES ( '33900', 'http://www.gutenberg.org/files/33900/33900-h/music2/073.mp3', 'audio/mpeg' );
INSERT INTO files ( gid, file, mime ) VALUES ( '33900', 'http://www.gutenberg.org/files/33900/33900-h/music2/073.xml', 'text/xml' );
INSERT INTO files ( gid, file, mime ) VALUES ( '33900', 'http://www.gutenberg.org/files/33900/33900-h/music2/074.mp3', 'audio/mpeg' );
INSERT INTO files ( gid, file, mime ) VALUES ( '33900', 'http://www.gutenberg.org/files/33900/33900-h/music2/074.xml', 'text/xml' );
INSERT INTO files ( gid, file, mime ) VALUES ( '33900', 'http://www.gutenberg.org/files/33900/33900-h/music2/075.mp3', 'audio/mpeg' );
INSERT INTO files ( gid, file, mime ) VALUES ( '33900', 'http://www.gutenberg.org/files/33900/33900-h/music2/075.xml', 'text/xml' );
INSERT INTO files ( gid, file, mime ) VALUES ( '33900', 'http://www.gutenberg.org/files/33900/33900-h/music2/076.mp3', 'audio/mpeg' );
INSERT INTO files ( gid, file, mime ) VALUES ( '33900', 'http://www.gutenberg.org/files/33900/33900-h/music2/076.xml', 'text/xml' );
INSERT INTO files ( gid, file, mime ) VALUES ( '33900', 'http://www.gutenberg.org/files/33900/33900-h/music2/077.mp3', 'audio/mpeg' );
INSERT INTO files ( gid, file, mime ) VALUES ( '33900', 'http://www.gutenberg.org/files/33900/33900-h/music2/077.xml', 'text/xml' );
INSERT INTO files ( gid, file, mime ) VALUES ( '33900', 'http://www.gutenberg.org/files/33900/33900-h/music2/078.mp3', 'audio/mpeg' );
INSERT INTO files ( gid, file, mime ) VALUES ( '33900', 'http://www.gutenberg.org/files/33900/33900-h/music2/078.xml', 'text/xml' );
INSERT INTO files ( gid, file, mime ) VALUES ( '33900', 'http://www.gutenberg.org/files/33900/33900-h/music2/079.mp3', 'audio/mpeg' );
INSERT INTO files ( gid, file, mime ) VALUES ( '33900', 'http://www.gutenberg.org/files/33900/33900-h/music2/079.xml', 'text/xml' );
INSERT INTO files ( gid, file, mime ) VALUES ( '33900', 'http://www.gutenberg.org/files/33900/33900-h/music2/080.mp3', 'audio/mpeg' );
INSERT INTO files ( gid, file, mime ) VALUES ( '33900', 'http://www.gutenberg.org/files/33900/33900-h/music2/080.xml', 'text/xml' );
INSERT INTO files ( gid, file, mime ) VALUES ( '33900', 'http://www.gutenberg.org/files/33900/33900-h/music2/081.mp3', 'audio/mpeg' );
INSERT INTO files ( gid, file, mime ) VALUES ( '33900', 'http://www.gutenberg.org/files/33900/33900-h/music2/081.xml', 'text/xml' );
INSERT INTO files ( gid, file, mime ) VALUES ( '33900', 'http://www.gutenberg.org/files/33900/33900-h/music2/082.mp3', 'audio/mpeg' );
INSERT INTO files ( gid, file, mime ) VALUES ( '33900', 'http://www.gutenberg.org/files/33900/33900-h/music2/082.xml', 'text/xml' );
INSERT INTO files ( gid, file, mime ) VALUES ( '33900', 'http://www.gutenberg.org/files/33900/33900-h/music2/083.mp3', 'audio/mpeg' );
INSERT INTO files ( gid, file, mime ) VALUES ( '33900', 'http://www.gutenberg.org/files/33900/33900-h/music2/083.xml', 'text/xml' );
INSERT INTO files ( gid, file, mime ) VALUES ( '33900', 'http://www.gutenberg.org/files/33900/33900-h/music2/084.mp3', 'audio/mpeg' );
INSERT INTO files ( gid, file, mime ) VALUES ( '33900', 'http://www.gutenberg.org/files/33900/33900-h/music2/084.xml', 'text/xml' );
INSERT INTO files ( gid, file, mime ) VALUES ( '33900', 'http://www.gutenberg.org/files/33900/33900-h/music2/085.mp3', 'audio/mpeg' );
INSERT INTO files ( gid, file, mime ) VALUES ( '33900', 'http://www.gutenberg.org/files/33900/33900-h/music2/085.xml', 'text/xml' );
INSERT INTO files ( gid, file, mime ) VALUES ( '33900', 'http://www.gutenberg.org/files/33900/33900-h/music2/086.mp3', 'audio/mpeg' );
INSERT INTO files ( gid, file, mime ) VALUES ( '33900', 'http://www.gutenberg.org/files/33900/33900-h/music2/086.xml', 'text/xml' );
INSERT INTO files ( gid, file, mime ) VALUES ( '33900', 'http://www.gutenberg.org/files/33900/33900-h/music2/087.mp3', 'audio/mpeg' );
INSERT INTO files ( gid, file, mime ) VALUES ( '33900', 'http://www.gutenberg.org/files/33900/33900-h/music2/087.xml', 'text/xml' );
INSERT INTO files ( gid, file, mime ) VALUES ( '33900', 'http://www.gutenberg.org/files/33900/33900-h/music2/088.mp3', 'audio/mpeg' );
INSERT INTO files ( gid, file, mime ) VALUES ( '33900', 'http://www.gutenberg.org/files/33900/33900-h/music2/088.xml', 'text/xml' );
INSERT INTO files ( gid, file, mime ) VALUES ( '33900', 'http://www.gutenberg.org/files/33900/33900-h/music2/089.mp3', 'audio/mpeg' );
INSERT INTO files ( gid, file, mime ) VALUES ( '33900', 'http://www.gutenberg.org/files/33900/33900-h/music2/089.xml', 'text/xml' );
INSERT INTO files ( gid, file, mime ) VALUES ( '33900', 'http://www.gutenberg.org/files/33900/33900-h/music2/090.mp3', 'audio/mpeg' );
INSERT INTO files ( gid, file, mime ) VALUES ( '33900', 'http://www.gutenberg.org/files/33900/33900-h/music2/090.xml', 'text/xml' );
INSERT INTO files ( gid, file, mime ) VALUES ( '33900', 'http://www.gutenberg.org/files/33900/33900-h/music2/091.mp3', 'audio/mpeg' );
INSERT INTO files ( gid, file, mime ) VALUES ( '33900', 'http://www.gutenberg.org/files/33900/33900-h/music2/091.xml', 'text/xml' );
INSERT INTO files ( gid, file, mime ) VALUES ( '33900', 'http://www.gutenberg.org/files/33900/33900-h/music2/092.mp3', 'audio/mpeg' );
INSERT INTO files ( gid, file, mime ) VALUES ( '33900', 'http://www.gutenberg.org/files/33900/33900-h/music2/092.xml', 'text/xml' );
INSERT INTO files ( gid, file, mime ) VALUES ( '33900', 'http://www.gutenberg.org/files/33900/33900-h/music2/093.mp3', 'audio/mpeg' );
INSERT INTO files ( gid, file, mime ) VALUES ( '33900', 'http://www.gutenberg.org/files/33900/33900-h/music2/093.xml', 'text/xml' );
INSERT INTO files ( gid, file, mime ) VALUES ( '33900', 'http://www.gutenberg.org/files/33900/33900-h/music2/094.mp3', 'audio/mpeg' );
INSERT INTO files ( gid, file, mime ) VALUES ( '33900', 'http://www.gutenberg.org/files/33900/33900-h/music2/094.xml', 'text/xml' );
INSERT INTO files ( gid, file, mime ) VALUES ( '33900', 'http://www.gutenberg.org/files/33900/33900-h/music2/095.mp3', 'audio/mpeg' );
INSERT INTO files ( gid, file, mime ) VALUES ( '33900', 'http://www.gutenberg.org/files/33900/33900-h/music2/095.xml', 'text/xml' );
INSERT INTO files ( gid, file, mime ) VALUES ( '33900', 'http://www.gutenberg.org/files/33900/33900-h/music2/096.mp3', 'audio/mpeg' );
INSERT INTO files ( gid, file, mime ) VALUES ( '33900', 'http://www.gutenberg.org/files/33900/33900-h/music2/096.xml', 'text/xml' );
INSERT INTO files ( gid, file, mime ) VALUES ( '33900', 'http://www.gutenberg.org/files/33900/33900-h/music2/097.mp3', 'audio/mpeg' );
INSERT INTO files ( gid, file, mime ) VALUES ( '33900', 'http://www.gutenberg.org/files/33900/33900-h/music2/097.xml', 'text/xml' );
INSERT INTO files ( gid, file, mime ) VALUES ( '33900', 'http://www.gutenberg.org/files/33900/33900-h/music2/098.mp3', 'audio/mpeg' );
INSERT INTO files ( gid, file, mime ) VALUES ( '33900', 'http://www.gutenberg.org/files/33900/33900-h/music2/098.xml', 'text/xml' );
INSERT INTO files ( gid, file, mime ) VALUES ( '33900', 'http://www.gutenberg.org/files/33900/33900-h/music2/099.mp3', 'audio/mpeg' );
INSERT INTO files ( gid, file, mime ) VALUES ( '33900', 'http://www.gutenberg.org/files/33900/33900-h/music2/099.xml', 'text/xml' );
INSERT INTO files ( gid, file, mime ) VALUES ( '33900', 'http://www.gutenberg.org/files/33900/33900-h/music2/100.mp3', 'audio/mpeg' );
INSERT INTO files ( gid, file, mime ) VALUES ( '33900', 'http://www.gutenberg.org/files/33900/33900-h/music2/100.xml', 'text/xml' );
INSERT INTO files ( gid, file, mime ) VALUES ( '33900', 'http://www.gutenberg.org/files/33900/33900-h/music2/101.mp3', 'audio/mpeg' );
INSERT INTO files ( gid, file, mime ) VALUES ( '33900', 'http://www.gutenberg.org/files/33900/33900-h/music2/101.xml', 'text/xml' );
INSERT INTO files ( gid, file, mime ) VALUES ( '33900', 'http://www.gutenberg.org/files/33900/33900-h/music2/102.mp3', 'audio/mpeg' );
INSERT INTO files ( gid, file, mime ) VALUES ( '33900', 'http://www.gutenberg.org/files/33900/33900-h/music2/102.xml', 'text/xml' );
INSERT INTO files ( gid, file, mime ) VALUES ( '33900', 'http://www.gutenberg.org/files/33900/33900-h/music2/103.mp3', 'audio/mpeg' );
INSERT INTO files ( gid, file, mime ) VALUES ( '33900', 'http://www.gutenberg.org/files/33900/33900-h/music2/103.xml', 'text/xml' );
INSERT INTO files ( gid, file, mime ) VALUES ( '33900', 'http://www.gutenberg.org/files/33900/33900-h/music2/104.mp3', 'audio/mpeg' );
INSERT INTO files ( gid, file, mime ) VALUES ( '33900', 'http://www.gutenberg.org/files/33900/33900-h/music2/104.xml', 'text/xml' );
INSERT INTO files ( gid, file, mime ) VALUES ( '33900', 'http://www.gutenberg.org/files/33900/33900-h/music2/105.mp3', 'audio/mpeg' );
INSERT INTO files ( gid, file, mime ) VALUES ( '33900', 'http://www.gutenberg.org/files/33900/33900-h/music2/105.xml', 'text/xml' );
INSERT INTO files ( gid, file, mime ) VALUES ( '33900', 'http://www.gutenberg.org/files/33900/33900-h/music2/106.mp3', 'audio/mpeg' );
INSERT INTO files ( gid, file, mime ) VALUES ( '33900', 'http://www.gutenberg.org/files/33900/33900-h/music2/106.xml', 'text/xml' );
INSERT INTO files ( gid, file, mime ) VALUES ( '33900', 'http://www.gutenberg.org/files/33900/33900-h/music2/107.mp3', 'audio/mpeg' );
INSERT INTO files ( gid, file, mime ) VALUES ( '33900', 'http://www.gutenberg.org/files/33900/33900-h/music2/107.xml', 'text/xml' );
INSERT INTO files ( gid, file, mime ) VALUES ( '33900', 'http://www.gutenberg.org/files/33900/33900-h/music2/108.mp3', 'audio/mpeg' );
INSERT INTO files ( gid, file, mime ) VALUES ( '33900', 'http://www.gutenberg.org/files/33900/33900-h/music2/108.xml', 'text/xml' );
INSERT INTO files ( gid, file, mime ) VALUES ( '33900', 'http://www.gutenberg.org/files/33900/33900-h/music2/109.mp3', 'audio/mpeg' );
INSERT INTO files ( gid, file, mime ) VALUES ( '33900', 'http://www.gutenberg.org/files/33900/33900-h/music2/109.xml', 'text/xml' );
INSERT INTO files ( gid, file, mime ) VALUES ( '33900', 'http://www.gutenberg.org/files/33900/33900-h/music2/110.mp3', 'audio/mpeg' );
INSERT INTO files ( gid, file, mime ) VALUES ( '33900', 'http://www.gutenberg.org/files/33900/33900-h/music2/110.xml', 'text/xml' );
INSERT INTO files ( gid, file, mime ) VALUES ( '33900', 'http://www.gutenberg.org/files/33900/33900-h/music2/111.mp3', 'audio/mpeg' );
INSERT INTO files ( gid, file, mime ) VALUES ( '33900', 'http://www.gutenberg.org/files/33900/33900-h/music2/111.xml', 'text/xml' );
INSERT INTO files ( gid, file, mime ) VALUES ( '33900', 'http://www.gutenberg.org/files/33900/33900-h/music2/112.mp3', 'audio/mpeg' );
INSERT INTO files ( gid, file, mime ) VALUES ( '33900', 'http://www.gutenberg.org/files/33900/33900-h/music2/112.xml', 'text/xml' );
INSERT INTO files ( gid, file, mime ) VALUES ( '33900', 'http://www.gutenberg.org/files/33900/33900-h/music2/113.mp3', 'audio/mpeg' );
INSERT INTO files ( gid, file, mime ) VALUES ( '33900', 'http://www.gutenberg.org/files/33900/33900-h/music2/113.xml', 'text/xml' );
INSERT INTO files ( gid, file, mime ) VALUES ( '33900', 'http://www.gutenberg.org/files/33900/33900-h/music2/114.mp3', 'audio/mpeg' );
INSERT INTO files ( gid, file, mime ) VALUES ( '33900', 'http://www.gutenberg.org/files/33900/33900-h/music2/114.xml', 'text/xml' );
INSERT INTO files ( gid, file, mime ) VALUES ( '33900', 'http://www.gutenberg.org/files/33900/33900-h/music2/115.mp3', 'audio/mpeg' );
INSERT INTO files ( gid, file, mime ) VALUES ( '33900', 'http://www.gutenberg.org/files/33900/33900-h/music2/115.xml', 'text/xml' );
INSERT INTO files ( gid, file, mime ) VALUES ( '33900', 'http://www.gutenberg.org/files/33900/33900-h/music2/116.mp3', 'audio/mpeg' );
INSERT INTO files ( gid, file, mime ) VALUES ( '33900', 'http://www.gutenberg.org/files/33900/33900-h/music2/116.xml', 'text/xml' );
INSERT INTO files ( gid, file, mime ) VALUES ( '33900', 'http://www.gutenberg.org/files/33900/33900-h/music2/117.mp3', 'audio/mpeg' );
INSERT INTO files ( gid, file, mime ) VALUES ( '33900', 'http://www.gutenberg.org/files/33900/33900-h/music2/117.xml', 'text/xml' );
INSERT INTO files ( gid, file, mime ) VALUES ( '33900', 'http://www.gutenberg.org/files/33900/33900-h/music2/118.mp3', 'audio/mpeg' );
INSERT INTO files ( gid, file, mime ) VALUES ( '33900', 'http://www.gutenberg.org/files/33900/33900-h/music2/118.xml', 'text/xml' );
INSERT INTO files ( gid, file, mime ) VALUES ( '33900', 'http://www.gutenberg.org/files/33900/33900-h/music2/119.mp3', 'audio/mpeg' );
INSERT INTO files ( gid, file, mime ) VALUES ( '33900', 'http://www.gutenberg.org/files/33900/33900-h/music2/119.xml', 'text/xml' );
INSERT INTO files ( gid, file, mime ) VALUES ( '33900', 'http://www.gutenberg.org/files/33900/33900-h/music2/120.mp3', 'audio/mpeg' );
INSERT INTO files ( gid, file, mime ) VALUES ( '33900', 'http://www.gutenberg.org/files/33900/33900-h/music2/120.xml', 'text/xml' );
INSERT INTO files ( gid, file, mime ) VALUES ( '33900', 'http://www.gutenberg.org/files/33900/33900-h/music2/121.mp3', 'audio/mpeg' );
INSERT INTO files ( gid, file, mime ) VALUES ( '33900', 'http://www.gutenberg.org/files/33900/33900-h/music2/121.xml', 'text/xml' );
INSERT INTO files ( gid, file, mime ) VALUES ( '33900', 'http://www.gutenberg.org/files/33900/33900-h/music2/122.mp3', 'audio/mpeg' );
INSERT INTO files ( gid, file, mime ) VALUES ( '33900', 'http://www.gutenberg.org/files/33900/33900-h/music2/122.xml', 'text/xml' );
INSERT INTO files ( gid, file, mime ) VALUES ( '33900', 'http://www.gutenberg.org/files/33900/33900-h/music2/123.mp3', 'audio/mpeg' );
INSERT INTO files ( gid, file, mime ) VALUES ( '33900', 'http://www.gutenberg.org/files/33900/33900-h/music2/123.xml', 'text/xml' );
INSERT INTO files ( gid, file, mime ) VALUES ( '33900', 'http://www.gutenberg.org/files/33900/33900-h/music2/124.mp3', 'audio/mpeg' );
INSERT INTO files ( gid, file, mime ) VALUES ( '33900', 'http://www.gutenberg.org/files/33900/33900-h/music2/124.xml', 'text/xml' );
INSERT INTO files ( gid, file, mime ) VALUES ( '33900', 'http://www.gutenberg.org/files/33900/33900-h/music2/125.mp3', 'audio/mpeg' );
INSERT INTO files ( gid, file, mime ) VALUES ( '33900', 'http://www.gutenberg.org/files/33900/33900-h/music2/125.xml', 'text/xml' );
INSERT INTO files ( gid, file, mime ) VALUES ( '33900', 'http://www.gutenberg.org/files/33900/33900-h/music2/126.mp3', 'audio/mpeg' );
INSERT INTO files ( gid, file, mime ) VALUES ( '33900', 'http://www.gutenberg.org/files/33900/33900-h/music2/126.xml', 'text/xml' );
INSERT INTO files ( gid, file, mime ) VALUES ( '33900', 'http://www.gutenberg.org/files/33900/33900-h/music2/127.mp3', 'audio/mpeg' );
INSERT INTO files ( gid, file, mime ) VALUES ( '33900', 'http://www.gutenberg.org/files/33900/33900-h/music2/127.xml', 'text/xml' );
INSERT INTO files ( gid, file, mime ) VALUES ( '33900', 'http://www.gutenberg.org/files/33900/33900-h/music2/128.mp3', 'audio/mpeg' );
INSERT INTO files ( gid, file, mime ) VALUES ( '33900', 'http://www.gutenberg.org/files/33900/33900-h/music2/128.xml', 'text/xml' );
INSERT INTO files ( gid, file, mime ) VALUES ( '33900', 'http://www.gutenberg.org/files/33900/33900-h/music2/129.mp3', 'audio/mpeg' );
INSERT INTO files ( gid, file, mime ) VALUES ( '33900', 'http://www.gutenberg.org/files/33900/33900-h/music2/129.xml', 'text/xml' );
INSERT INTO files ( gid, file, mime ) VALUES ( '33900', 'http://www.gutenberg.org/files/33900/33900-h/music2/130.mp3', 'audio/mpeg' );
INSERT INTO files ( gid, file, mime ) VALUES ( '33900', 'http://www.gutenberg.org/files/33900/33900-h/music2/130.xml', 'text/xml' );
INSERT INTO files ( gid, file, mime ) VALUES ( '33900', 'http://www.gutenberg.org/files/33900/33900-h/music2/131.mp3', 'audio/mpeg' );
INSERT INTO files ( gid, file, mime ) VALUES ( '33900', 'http://www.gutenberg.org/files/33900/33900-h/music2/131.xml', 'text/xml' );
INSERT INTO files ( gid, file, mime ) VALUES ( '33900', 'http://www.gutenberg.org/files/33900/33900-h/music2/132.mp3', 'audio/mpeg' );
INSERT INTO files ( gid, file, mime ) VALUES ( '33900', 'http://www.gutenberg.org/files/33900/33900-h/music2/132.xml', 'text/xml' );
INSERT INTO files ( gid, file, mime ) VALUES ( '33900', 'http://www.gutenberg.org/files/33900/33900-h/music2/133.mp3', 'audio/mpeg' );
INSERT INTO files ( gid, file, mime ) VALUES ( '33900', 'http://www.gutenberg.org/files/33900/33900-h/music2/133.xml', 'text/xml' );
INSERT INTO files ( gid, file, mime ) VALUES ( '33900', 'http://www.gutenberg.org/files/33900/33900-h/music2/134.mp3', 'audio/mpeg' );
INSERT INTO files ( gid, file, mime ) VALUES ( '33900', 'http://www.gutenberg.org/files/33900/33900-h/music2/134.xml', 'text/xml' );
INSERT INTO files ( gid, file, mime ) VALUES ( '33900', 'http://www.gutenberg.org/files/33900/33900-h/music2/135.mp3', 'audio/mpeg' );
INSERT INTO files ( gid, file, mime ) VALUES ( '33900', 'http://www.gutenberg.org/files/33900/33900-h/music2/135.xml', 'text/xml' );
INSERT INTO files ( gid, file, mime ) VALUES ( '33900', 'http://www.gutenberg.org/files/33900/33900-h/music2/136.mp3', 'audio/mpeg' );
INSERT INTO files ( gid, file, mime ) VALUES ( '33900', 'http://www.gutenberg.org/files/33900/33900-h/music2/136.xml', 'text/xml' );
INSERT INTO files ( gid, file, mime ) VALUES ( '33900', 'http://www.gutenberg.org/files/33900/33900-h/music2/137.mp3', 'audio/mpeg' );
INSERT INTO files ( gid, file, mime ) VALUES ( '33900', 'http://www.gutenberg.org/files/33900/33900-h/music2/137.xml', 'text/xml' );
INSERT INTO files ( gid, file, mime ) VALUES ( '33900', 'http://www.gutenberg.org/files/33900/33900-h/music2/138.mp3', 'audio/mpeg' );
INSERT INTO files ( gid, file, mime ) VALUES ( '33900', 'http://www.gutenberg.org/files/33900/33900-h/music2/138.xml', 'text/xml' );
INSERT INTO files ( gid, file, mime ) VALUES ( '33900', 'http://www.gutenberg.org/files/33900/33900-h/music2/139.mp3', 'audio/mpeg' );
INSERT INTO files ( gid, file, mime ) VALUES ( '33900', 'http://www.gutenberg.org/files/33900/33900-h/music2/139.xml', 'text/xml' );
INSERT INTO files ( gid, file, mime ) VALUES ( '33900', 'http://www.gutenberg.org/files/33900/33900-h/music2/140.mp3', 'audio/mpeg' );
INSERT INTO files ( gid, file, mime ) VALUES ( '33900', 'http://www.gutenberg.org/files/33900/33900-h/music2/140.xml', 'text/xml' );
INSERT INTO files ( gid, file, mime ) VALUES ( '33900', 'http://www.gutenberg.org/files/33900/33900-h/music2/141.mp3', 'audio/mpeg' );
INSERT INTO files ( gid, file, mime ) VALUES ( '33900', 'http://www.gutenberg.org/files/33900/33900-h/music2/141.xml', 'text/xml' );
INSERT INTO files ( gid, file, mime ) VALUES ( '33900', 'http://www.gutenberg.org/files/33900/33900-h/music2/142.mp3', 'audio/mpeg' );
INSERT INTO files ( gid, file, mime ) VALUES ( '33900', 'http://www.gutenberg.org/files/33900/33900-h/music2/142.xml', 'text/xml' );
INSERT INTO files ( gid, file, mime ) VALUES ( '33900', 'http://www.gutenberg.org/files/33900/33900-h/music2/143.mp3', 'audio/mpeg' );
INSERT INTO files ( gid, file, mime ) VALUES ( '33900', 'http://www.gutenberg.org/files/33900/33900-h/music2/143.xml', 'text/xml' );
INSERT INTO files ( gid, file, mime ) VALUES ( '33900', 'http://www.gutenberg.org/files/33900/33900-h/music2/144.mp3', 'audio/mpeg' );
INSERT INTO files ( gid, file, mime ) VALUES ( '33900', 'http://www.gutenberg.org/files/33900/33900-h/music2/144.xml', 'text/xml' );
INSERT INTO files ( gid, file, mime ) VALUES ( '33900', 'http://www.gutenberg.org/files/33900/33900-h/music2/145.mp3', 'audio/mpeg' );
INSERT INTO files ( gid, file, mime ) VALUES ( '33900', 'http://www.gutenberg.org/files/33900/33900-h/music2/145.xml', 'text/xml' );
INSERT INTO files ( gid, file, mime ) VALUES ( '33900', 'http://www.gutenberg.org/files/33900/33900-h/music2/146.mp3', 'audio/mpeg' );
INSERT INTO files ( gid, file, mime ) VALUES ( '33900', 'http://www.gutenberg.org/files/33900/33900-h/music2/146.xml', 'text/xml' );
INSERT INTO files ( gid, file, mime ) VALUES ( '33900', 'http://www.gutenberg.org/files/33900/33900-h/music2/147.mp3', 'audio/mpeg' );
INSERT INTO files ( gid, file, mime ) VALUES ( '33900', 'http://www.gutenberg.org/files/33900/33900-h/music2/147.xml', 'text/xml' );
INSERT INTO files ( gid, file, mime ) VALUES ( '33900', 'http://www.gutenberg.org/files/33900/33900-h/music2/148.mp3', 'audio/mpeg' );
INSERT INTO files ( gid, file, mime ) VALUES ( '33900', 'http://www.gutenberg.org/files/33900/33900-h/music2/148.xml', 'text/xml' );
INSERT INTO files ( gid, file, mime ) VALUES ( '33900', 'http://www.gutenberg.org/files/33900/33900-h/music2/149.mp3', 'audio/mpeg' );
INSERT INTO files ( gid, file, mime ) VALUES ( '33900', 'http://www.gutenberg.org/files/33900/33900-h/music2/149.xml', 'text/xml' );
INSERT INTO files ( gid, file, mime ) VALUES ( '33900', 'http://www.gutenberg.org/files/33900/33900-h/music2/150.mp3', 'audio/mpeg' );
INSERT INTO files ( gid, file, mime ) VALUES ( '33900', 'http://www.gutenberg.org/files/33900/33900-h/music2/150.xml', 'text/xml' );
INSERT INTO files ( gid, file, mime ) VALUES ( '33900', 'http://www.gutenberg.org/files/33900/33900-h/music2/151.mp3', 'audio/mpeg' );
INSERT INTO files ( gid, file, mime ) VALUES ( '33900', 'http://www.gutenberg.org/files/33900/33900-h/music2/151.xml', 'text/xml' );
INSERT INTO files ( gid, file, mime ) VALUES ( '33900', 'http://www.gutenberg.org/files/33900/33900-h/music2/152.mp3', 'audio/mpeg' );
INSERT INTO files ( gid, file, mime ) VALUES ( '33900', 'http://www.gutenberg.org/files/33900/33900-h/music2/152.xml', 'text/xml' );
INSERT INTO files ( gid, file, mime ) VALUES ( '33900', 'http://www.gutenberg.org/files/33900/33900-h/music2/153.mp3', 'audio/mpeg' );
INSERT INTO files ( gid, file, mime ) VALUES ( '33900', 'http://www.gutenberg.org/files/33900/33900-h/music2/153.xml', 'text/xml' );
INSERT INTO files ( gid, file, mime ) VALUES ( '33900', 'http://www.gutenberg.org/files/33900/33900-h/music2/154.mp3', 'audio/mpeg' );
INSERT INTO files ( gid, file, mime ) VALUES ( '33900', 'http://www.gutenberg.org/files/33900/33900-h/music2/154.xml', 'text/xml' );
INSERT INTO files ( gid, file, mime ) VALUES ( '33900', 'http://www.gutenberg.org/files/33900/33900-h/music2/155.mp3', 'audio/mpeg' );
INSERT INTO files ( gid, file, mime ) VALUES ( '33900', 'http://www.gutenberg.org/files/33900/33900-h/music2/155.xml', 'text/xml' );
INSERT INTO files ( gid, file, mime ) VALUES ( '33900', 'http://www.gutenberg.org/files/33900/33900-h/music2/156.mp3', 'audio/mpeg' );
INSERT INTO files ( gid, file, mime ) VALUES ( '33900', 'http://www.gutenberg.org/files/33900/33900-h/music2/156.xml', 'text/xml' );
INSERT INTO files ( gid, file, mime ) VALUES ( '33900', 'http://www.gutenberg.org/files/33900/33900-h/music2/157.mp3', 'audio/mpeg' );
INSERT INTO files ( gid, file, mime ) VALUES ( '33900', 'http://www.gutenberg.org/files/33900/33900-h/music2/157.xml', 'text/xml' );
INSERT INTO files ( gid, file, mime ) VALUES ( '33900', 'http://www.gutenberg.org/files/33900/33900-h/music2/158.mp3', 'audio/mpeg' );
INSERT INTO files ( gid, file, mime ) VALUES ( '33900', 'http://www.gutenberg.org/files/33900/33900-h/music2/158.xml', 'text/xml' );
INSERT INTO files ( gid, file, mime ) VALUES ( '33900', 'http://www.gutenberg.org/files/33900/33900-h/music2/159.mp3', 'audio/mpeg' );
INSERT INTO files ( gid, file, mime ) VALUES ( '33900', 'http://www.gutenberg.org/files/33900/33900-h/music2/159.xml', 'text/xml' );
INSERT INTO files ( gid, file, mime ) VALUES ( '33900', 'http://www.gutenberg.org/files/33900/33900-h/music2/160.mp3', 'audio/mpeg' );
INSERT INTO files ( gid, file, mime ) VALUES ( '33900', 'http://www.gutenberg.org/files/33900/33900-h/music2/160.xml', 'text/xml' );
INSERT INTO files ( gid, file, mime ) VALUES ( '33900', 'http://www.gutenberg.org/files/33900/33900-h/music2/161.mp3', 'audio/mpeg' );
INSERT INTO files ( gid, file, mime ) VALUES ( '33900', 'http://www.gutenberg.org/files/33900/33900-h/music2/161.xml', 'text/xml' );
INSERT INTO files ( gid, file, mime ) VALUES ( '33900', 'http://www.gutenberg.org/files/33900/33900-h/music2/162.mp3', 'audio/mpeg' );
INSERT INTO files ( gid, file, mime ) VALUES ( '33900', 'http://www.gutenberg.org/files/33900/33900-h/music2/162.xml', 'text/xml' );
INSERT INTO files ( gid, file, mime ) VALUES ( '33900', 'http://www.gutenberg.org/files/33900/33900-h/music2/163.mp3', 'audio/mpeg' );
INSERT INTO files ( gid, file, mime ) VALUES ( '33900', 'http://www.gutenberg.org/files/33900/33900-h/music2/163.xml', 'text/xml' );
INSERT INTO files ( gid, file, mime ) VALUES ( '33900', 'http://www.gutenberg.org/files/33900/33900-h/music2/164.mp3', 'audio/mpeg' );
INSERT INTO files ( gid, file, mime ) VALUES ( '33900', 'http://www.gutenberg.org/files/33900/33900-h/music2/164.xml', 'text/xml' );
INSERT INTO files ( gid, file, mime ) VALUES ( '33900', 'http://www.gutenberg.org/files/33900/33900-h/music2/165.mp3', 'audio/mpeg' );
INSERT INTO files ( gid, file, mime ) VALUES ( '33900', 'http://www.gutenberg.org/files/33900/33900-h/music2/165.xml', 'text/xml' );
INSERT INTO files ( gid, file, mime ) VALUES ( '33900', 'http://www.gutenberg.org/files/33900/33900-h/music2/166.mp3', 'audio/mpeg' );
INSERT INTO files ( gid, file, mime ) VALUES ( '33900', 'http://www.gutenberg.org/files/33900/33900-h/music2/166.xml', 'text/xml' );
INSERT INTO files ( gid, file, mime ) VALUES ( '33900', 'http://www.gutenberg.org/files/33900/33900-h/music2/167.mp3', 'audio/mpeg' );
INSERT INTO files ( gid, file, mime ) VALUES ( '33900', 'http://www.gutenberg.org/files/33900/33900-h/music2/167.xml', 'text/xml' );
INSERT INTO files ( gid, file, mime ) VALUES ( '33900', 'http://www.gutenberg.org/files/33900/33900-h/music2/168.mp3', 'audio/mpeg' );
INSERT INTO files ( gid, file, mime ) VALUES ( '33900', 'http://www.gutenberg.org/files/33900/33900-h/music2/168.xml', 'text/xml' );
INSERT INTO files ( gid, file, mime ) VALUES ( '33900', 'http://www.gutenberg.org/files/33900/33900-h/music2/169.mp3', 'audio/mpeg' );
INSERT INTO files ( gid, file, mime ) VALUES ( '33900', 'http://www.gutenberg.org/files/33900/33900-h/music2/169.xml', 'text/xml' );
INSERT INTO files ( gid, file, mime ) VALUES ( '33900', 'http://www.gutenberg.org/files/33900/33900-h/music2/170.mp3', 'audio/mpeg' );
INSERT INTO files ( gid, file, mime ) VALUES ( '33900', 'http://www.gutenberg.org/files/33900/33900-h/music2/170.xml', 'text/xml' );
INSERT INTO files ( gid, file, mime ) VALUES ( '33900', 'http://www.gutenberg.org/files/33900/33900-h/music2/171.mp3', 'audio/mpeg' );
INSERT INTO files ( gid, file, mime ) VALUES ( '33900', 'http://www.gutenberg.org/files/33900/33900-h/music2/171.xml', 'text/xml' );
INSERT INTO files ( gid, file, mime ) VALUES ( '33900', 'http://www.gutenberg.org/files/33900/33900-h/music2/172.mp3', 'audio/mpeg' );
INSERT INTO files ( gid, file, mime ) VALUES ( '33900', 'http://www.gutenberg.org/files/33900/33900-h/music2/172.xml', 'text/xml' );
INSERT INTO files ( gid, file, mime ) VALUES ( '33900', 'http://www.gutenberg.org/files/33900/33900-h/music2/173.mp3', 'audio/mpeg' );
INSERT INTO files ( gid, file, mime ) VALUES ( '33900', 'http://www.gutenberg.org/files/33900/33900-h/music2/173.xml', 'text/xml' );
INSERT INTO files ( gid, file, mime ) VALUES ( '33900', 'http://www.gutenberg.org/files/33900/33900-h/music2/174.mp3', 'audio/mpeg' );
INSERT INTO files ( gid, file, mime ) VALUES ( '33900', 'http://www.gutenberg.org/files/33900/33900-h/music2/174.xml', 'text/xml' );
INSERT INTO files ( gid, file, mime ) VALUES ( '33900', 'http://www.gutenberg.org/files/33900/33900-h/music2/175a.mp3', 'audio/mpeg' );
INSERT INTO files ( gid, file, mime ) VALUES ( '33900', 'http://www.gutenberg.org/files/33900/33900-h/music2/175a.xml', 'text/xml' );
INSERT INTO files ( gid, file, mime ) VALUES ( '33900', 'http://www.gutenberg.org/files/33900/33900-h/music2/175b.mp3', 'audio/mpeg' );
INSERT INTO files ( gid, file, mime ) VALUES ( '33900', 'http://www.gutenberg.org/files/33900/33900-h/music2/175b.xml', 'text/xml' );
INSERT INTO files ( gid, file, mime ) VALUES ( '33900', 'http://www.gutenberg.org/files/33900/33900-h/music2/176.mp3', 'audio/mpeg' );
INSERT INTO files ( gid, file, mime ) VALUES ( '33900', 'http://www.gutenberg.org/files/33900/33900-h/music2/176.xml', 'text/xml' );
INSERT INTO files ( gid, file, mime ) VALUES ( '33900', 'http://www.gutenberg.org/files/33900/33900-h/music2/177.mp3', 'audio/mpeg' );
INSERT INTO files ( gid, file, mime ) VALUES ( '33900', 'http://www.gutenberg.org/files/33900/33900-h/music2/177.xml', 'text/xml' );
INSERT INTO files ( gid, file, mime ) VALUES ( '33900', 'http://www.gutenberg.org/files/33900/33900-h/music2/178.mp3', 'audio/mpeg' );
INSERT INTO files ( gid, file, mime ) VALUES ( '33900', 'http://www.gutenberg.org/files/33900/33900-h/music2/178.xml', 'text/xml' );
INSERT INTO files ( gid, file, mime ) VALUES ( '33900', 'http://www.gutenberg.org/files/33900/33900-h/music2/179.mp3', 'audio/mpeg' );
INSERT INTO files ( gid, file, mime ) VALUES ( '33900', 'http://www.gutenberg.org/files/33900/33900-h/music2/179.xml', 'text/xml' );
INSERT INTO files ( gid, file, mime ) VALUES ( '33900', 'http://www.gutenberg.org/files/33900/33900-h/music2/180.mp3', 'audio/mpeg' );
INSERT INTO files ( gid, file, mime ) VALUES ( '33900', 'http://www.gutenberg.org/files/33900/33900-h/music2/180.xml', 'text/xml' );
INSERT INTO files ( gid, file, mime ) VALUES ( '33900', 'http://www.gutenberg.org/files/33900/33900-h/music2/181.mp3', 'audio/mpeg' );
INSERT INTO files ( gid, file, mime ) VALUES ( '33900', 'http://www.gutenberg.org/files/33900/33900-h/music2/181.xml', 'text/xml' );
INSERT INTO files ( gid, file, mime ) VALUES ( '33900', 'http://www.gutenberg.org/files/33900/33900-h/music2/182.mp3', 'audio/mpeg' );
INSERT INTO files ( gid, file, mime ) VALUES ( '33900', 'http://www.gutenberg.org/files/33900/33900-h/music2/182.xml', 'text/xml' );
INSERT INTO files ( gid, file, mime ) VALUES ( '33900', 'http://www.gutenberg.org/files/33900/33900-h/music2/183.mp3', 'audio/mpeg' );
INSERT INTO files ( gid, file, mime ) VALUES ( '33900', 'http://www.gutenberg.org/files/33900/33900-h/music2/183.xml', 'text/xml' );
INSERT INTO files ( gid, file, mime ) VALUES ( '33900', 'http://www.gutenberg.org/files/33900/33900-h/music2/184.mp3', 'audio/mpeg' );
INSERT INTO files ( gid, file, mime ) VALUES ( '33900', 'http://www.gutenberg.org/files/33900/33900-h/music2/184.xml', 'text/xml' );
INSERT INTO files ( gid, file, mime ) VALUES ( '33900', 'http://www.gutenberg.org/files/33900/33900-h/music2/185.mp3', 'audio/mpeg' );
INSERT INTO files ( gid, file, mime ) VALUES ( '33900', 'http://www.gutenberg.org/files/33900/33900-h/music2/185.xml', 'text/xml' );
INSERT INTO files ( gid, file, mime ) VALUES ( '33900', 'http://www.gutenberg.org/files/33900/33900-h/music2/186.mp3', 'audio/mpeg' );
INSERT INTO files ( gid, file, mime ) VALUES ( '33900', 'http://www.gutenberg.org/files/33900/33900-h/music2/186.xml', 'text/xml' );
INSERT INTO files ( gid, file, mime ) VALUES ( '33900', 'http://www.gutenberg.org/files/33900/33900-h/music2/187.mp3', 'audio/mpeg' );
INSERT INTO files ( gid, file, mime ) VALUES ( '33900', 'http://www.gutenberg.org/files/33900/33900-h/music2/187.xml', 'text/xml' );
INSERT INTO files ( gid, file, mime ) VALUES ( '33900', 'http://www.gutenberg.org/files/33900/33900-h/music2/188.mp3', 'audio/mpeg' );
INSERT INTO files ( gid, file, mime ) VALUES ( '33900', 'http://www.gutenberg.org/files/33900/33900-h/music2/188.xml', 'text/xml' );
INSERT INTO files ( gid, file, mime ) VALUES ( '33900', 'http://www.gutenberg.org/files/33900/33900-h/music2/189.mp3', 'audio/mpeg' );
INSERT INTO files ( gid, file, mime ) VALUES ( '33900', 'http://www.gutenberg.org/files/33900/33900-h/music2/189.xml', 'text/xml' );
INSERT INTO files ( gid, file, mime ) VALUES ( '33900', 'http://www.gutenberg.org/files/33900/33900-h/music2/190.mp3', 'audio/mpeg' );
INSERT INTO files ( gid, file, mime ) VALUES ( '33900', 'http://www.gutenberg.org/files/33900/33900-h/music2/190.xml', 'text/xml' );
INSERT INTO files ( gid, file, mime ) VALUES ( '33900', 'http://www.gutenberg.org/files/33900/33900-h/music2/191.mp3', 'audio/mpeg' );
INSERT INTO files ( gid, file, mime ) VALUES ( '33900', 'http://www.gutenberg.org/files/33900/33900-h/music2/191.xml', 'text/xml' );
INSERT INTO files ( gid, file, mime ) VALUES ( '33900', 'http://www.gutenberg.org/files/33900/33900-h/music2/192.mp3', 'audio/mpeg' );
INSERT INTO files ( gid, file, mime ) VALUES ( '33900', 'http://www.gutenberg.org/files/33900/33900-h/music2/192.xml', 'text/xml' );
INSERT INTO files ( gid, file, mime ) VALUES ( '33900', 'http://www.gutenberg.org/files/33900/33900-h/music2/193.mp3', 'audio/mpeg' );
INSERT INTO files ( gid, file, mime ) VALUES ( '33900', 'http://www.gutenberg.org/files/33900/33900-h/music2/193.xml', 'text/xml' );
INSERT INTO files ( gid, file, mime ) VALUES ( '33900', 'http://www.gutenberg.org/files/33900/33900-h/music2/194.mp3', 'audio/mpeg' );
INSERT INTO files ( gid, file, mime ) VALUES ( '33900', 'http://www.gutenberg.org/files/33900/33900-h/music2/194.xml', 'text/xml' );
INSERT INTO files ( gid, file, mime ) VALUES ( '33900', 'http://www.gutenberg.org/files/33900/33900-h/music2/195.mp3', 'audio/mpeg' );
INSERT INTO files ( gid, file, mime ) VALUES ( '33900', 'http://www.gutenberg.org/files/33900/33900-h/music2/195.xml', 'text/xml' );
INSERT INTO files ( gid, file, mime ) VALUES ( '33900', 'http://www.gutenberg.org/files/33900/33900-h/music2/196.mp3', 'audio/mpeg' );
INSERT INTO files ( gid, file, mime ) VALUES ( '33900', 'http://www.gutenberg.org/files/33900/33900-h/music2/196.xml', 'text/xml' );
INSERT INTO files ( gid, file, mime ) VALUES ( '33900', 'http://www.gutenberg.org/files/33900/33900-h/music2/197.mp3', 'audio/mpeg' );
INSERT INTO files ( gid, file, mime ) VALUES ( '33900', 'http://www.gutenberg.org/files/33900/33900-h/music2/197.xml', 'text/xml' );
INSERT INTO files ( gid, file, mime ) VALUES ( '33900', 'http://www.gutenberg.org/files/33900/33900-h/music2/198.mp3', 'audio/mpeg' );
INSERT INTO files ( gid, file, mime ) VALUES ( '33900', 'http://www.gutenberg.org/files/33900/33900-h/music2/198.xml', 'text/xml' );
INSERT INTO files ( gid, file, mime ) VALUES ( '33900', 'http://www.gutenberg.org/files/33900/33900-h/music2/199.mp3', 'audio/mpeg' );
INSERT INTO files ( gid, file, mime ) VALUES ( '33900', 'http://www.gutenberg.org/files/33900/33900-h/music2/199.xml', 'text/xml' );
INSERT INTO files ( gid, file, mime ) VALUES ( '33900', 'http://www.gutenberg.org/files/33900/33900-h/music2/200.mp3', 'audio/mpeg' );
INSERT INTO files ( gid, file, mime ) VALUES ( '33900', 'http://www.gutenberg.org/files/33900/33900-h/music2/200.xml', 'text/xml' );
INSERT INTO files ( gid, file, mime ) VALUES ( '33900', 'http://www.gutenberg.org/files/33900/33900-h/music2/201.mp3', 'audio/mpeg' );
INSERT INTO files ( gid, file, mime ) VALUES ( '33900', 'http://www.gutenberg.org/files/33900/33900-h/music2/201.xml', 'text/xml' );
INSERT INTO files ( gid, file, mime ) VALUES ( '33900', 'http://www.gutenberg.org/files/33900/33900-h/music2/202.mp3', 'audio/mpeg' );
INSERT INTO files ( gid, file, mime ) VALUES ( '33900', 'http://www.gutenberg.org/files/33900/33900-h/music2/202.xml', 'text/xml' );
INSERT INTO files ( gid, file, mime ) VALUES ( '33900', 'http://www.gutenberg.org/files/33900/33900-h/music2/203.mp3', 'audio/mpeg' );
INSERT INTO files ( gid, file, mime ) VALUES ( '33900', 'http://www.gutenberg.org/files/33900/33900-h/music2/203.xml', 'text/xml' );
INSERT INTO files ( gid, file, mime ) VALUES ( '33900', 'http://www.gutenberg.org/files/33900/33900-h/music2/204.mp3', 'audio/mpeg' );
INSERT INTO files ( gid, file, mime ) VALUES ( '33900', 'http://www.gutenberg.org/files/33900/33900-h/music2/204.xml', 'text/xml' );
INSERT INTO files ( gid, file, mime ) VALUES ( '33900', 'http://www.gutenberg.org/files/33900/33900-h/music2/205.mp3', 'audio/mpeg' );
INSERT INTO files ( gid, file, mime ) VALUES ( '33900', 'http://www.gutenberg.org/files/33900/33900-h/music2/205.xml', 'text/xml' );
INSERT INTO files ( gid, file, mime ) VALUES ( '33900', 'http://www.gutenberg.org/files/33900/33900-h/music2/206.mp3', 'audio/mpeg' );
INSERT INTO files ( gid, file, mime ) VALUES ( '33900', 'http://www.gutenberg.org/files/33900/33900-h/music2/206.xml', 'text/xml' );
INSERT INTO files ( gid, file, mime ) VALUES ( '33900', 'http://www.gutenberg.org/files/33900/33900-h/music2/207.mp3', 'audio/mpeg' );
INSERT INTO files ( gid, file, mime ) VALUES ( '33900', 'http://www.gutenberg.org/files/33900/33900-h/music2/207.xml', 'text/xml' );
INSERT INTO files ( gid, file, mime ) VALUES ( '33900', 'http://www.gutenberg.org/files/33900/33900-h/music2/208.mp3', 'audio/mpeg' );
INSERT INTO files ( gid, file, mime ) VALUES ( '33900', 'http://www.gutenberg.org/files/33900/33900-h/music2/208.xml', 'text/xml' );
INSERT INTO files ( gid, file, mime ) VALUES ( '33900', 'http://www.gutenberg.org/files/33900/33900-h/music2/209.mp3', 'audio/mpeg' );
INSERT INTO files ( gid, file, mime ) VALUES ( '33900', 'http://www.gutenberg.org/files/33900/33900-h/music2/209.xml', 'text/xml' );
INSERT INTO files ( gid, file, mime ) VALUES ( '33900', 'http://www.gutenberg.org/files/33900/33900-h/music2/210.mp3', 'audio/mpeg' );
INSERT INTO files ( gid, file, mime ) VALUES ( '33900', 'http://www.gutenberg.org/files/33900/33900-h/music2/210.xml', 'text/xml' );
INSERT INTO files ( gid, file, mime ) VALUES ( '33900', 'http://www.gutenberg.org/files/33900/33900-h/music2/211.mp3', 'audio/mpeg' );
INSERT INTO files ( gid, file, mime ) VALUES ( '33900', 'http://www.gutenberg.org/files/33900/33900-h/music2/211.xml', 'text/xml' );
INSERT INTO files ( gid, file, mime ) VALUES ( '33900', 'http://www.gutenberg.org/files/33900/33900-h/music2/212.mp3', 'audio/mpeg' );
INSERT INTO files ( gid, file, mime ) VALUES ( '33900', 'http://www.gutenberg.org/files/33900/33900-h/music2/212.xml', 'text/xml' );
INSERT INTO files ( gid, file, mime ) VALUES ( '33900', 'http://www.gutenberg.org/files/33900/33900-h/music2/213.mp3', 'audio/mpeg' );
INSERT INTO files ( gid, file, mime ) VALUES ( '33900', 'http://www.gutenberg.org/files/33900/33900-h/music2/213.xml', 'text/xml' );
INSERT INTO files ( gid, file, mime ) VALUES ( '33900', 'http://www.gutenberg.org/files/33900/33900-h/music2/214.mp3', 'audio/mpeg' );
INSERT INTO files ( gid, file, mime ) VALUES ( '33900', 'http://www.gutenberg.org/files/33900/33900-h/music2/214.xml', 'text/xml' );
INSERT INTO files ( gid, file, mime ) VALUES ( '33900', 'http://www.gutenberg.org/files/33900/33900-h/music2/215.mp3', 'audio/mpeg' );
INSERT INTO files ( gid, file, mime ) VALUES ( '33900', 'http://www.gutenberg.org/files/33900/33900-h/music2/215.xml', 'text/xml' );
INSERT INTO files ( gid, file, mime ) VALUES ( '33900', 'http://www.gutenberg.org/files/33900/33900-h/music2/216.mp3', 'audio/mpeg' );
INSERT INTO files ( gid, file, mime ) VALUES ( '33900', 'http://www.gutenberg.org/files/33900/33900-h/music2/216.xml', 'text/xml' );
INSERT INTO files ( gid, file, mime ) VALUES ( '33900', 'http://www.gutenberg.org/files/33900/33900-h/music2/217.mp3', 'audio/mpeg' );
INSERT INTO files ( gid, file, mime ) VALUES ( '33900', 'http://www.gutenberg.org/files/33900/33900-h/music2/217.xml', 'text/xml' );
INSERT INTO files ( gid, file, mime ) VALUES ( '33900', 'http://www.gutenberg.org/files/33900/33900-h/music2/218.mp3', 'audio/mpeg' );
INSERT INTO files ( gid, file, mime ) VALUES ( '33900', 'http://www.gutenberg.org/files/33900/33900-h/music2/218.xml', 'text/xml' );
INSERT INTO files ( gid, file, mime ) VALUES ( '33900', 'http://www.gutenberg.org/files/33900/33900-h/music2/219.mp3', 'audio/mpeg' );
INSERT INTO files ( gid, file, mime ) VALUES ( '33900', 'http://www.gutenberg.org/files/33900/33900-h/music2/219.xml', 'text/xml' );
INSERT INTO files ( gid, file, mime ) VALUES ( '33900', 'http://www.gutenberg.org/files/33900/33900-h/music2/220.mp3', 'audio/mpeg' );
INSERT INTO files ( gid, file, mime ) VALUES ( '33900', 'http://www.gutenberg.org/files/33900/33900-h/music2/220.xml', 'text/xml' );
INSERT INTO files ( gid, file, mime ) VALUES ( '33900', 'http://www.gutenberg.org/files/33900/33900-h/music2/221.mp3', 'audio/mpeg' );
INSERT INTO files ( gid, file, mime ) VALUES ( '33900', 'http://www.gutenberg.org/files/33900/33900-h/music2/221.xml', 'text/xml' );
INSERT INTO files ( gid, file, mime ) VALUES ( '33900', 'http://www.gutenberg.org/files/33900/33900-h/music2/222.mp3', 'audio/mpeg' );
INSERT INTO files ( gid, file, mime ) VALUES ( '33900', 'http://www.gutenberg.org/files/33900/33900-h/music2/222.xml', 'text/xml' );
INSERT INTO files ( gid, file, mime ) VALUES ( '33900', 'http://www.gutenberg.org/files/33900/33900-h/music2/223.mp3', 'audio/mpeg' );
INSERT INTO files ( gid, file, mime ) VALUES ( '33900', 'http://www.gutenberg.org/files/33900/33900-h/music2/223.xml', 'text/xml' );
INSERT INTO files ( gid, file, mime ) VALUES ( '33900', 'http://www.gutenberg.org/files/33900/33900-h/music2/224.mp3', 'audio/mpeg' );
INSERT INTO files ( gid, file, mime ) VALUES ( '33900', 'http://www.gutenberg.org/files/33900/33900-h/music2/224.xml', 'text/xml' );
INSERT INTO files ( gid, file, mime ) VALUES ( '33900', 'http://www.gutenberg.org/files/33900/33900-h/music2/225.mp3', 'audio/mpeg' );
INSERT INTO files ( gid, file, mime ) VALUES ( '33900', 'http://www.gutenberg.org/files/33900/33900-h/music2/225.xml', 'text/xml' );
INSERT INTO files ( gid, file, mime ) VALUES ( '33900', 'http://www.gutenberg.org/files/33900/33900-h/music2/226.mp3', 'audio/mpeg' );
INSERT INTO files ( gid, file, mime ) VALUES ( '33900', 'http://www.gutenberg.org/files/33900/33900-h/music2/226.xml', 'text/xml' );
INSERT INTO files ( gid, file, mime ) VALUES ( '33900', 'http://www.gutenberg.org/files/33900/33900-h/music2/227.mp3', 'audio/mpeg' );
INSERT INTO files ( gid, file, mime ) VALUES ( '33900', 'http://www.gutenberg.org/files/33900/33900-h/music2/227.xml', 'text/xml' );
INSERT INTO files ( gid, file, mime ) VALUES ( '33900', 'http://www.gutenberg.org/files/33900/33900-h/music2/228.mp3', 'audio/mpeg' );
INSERT INTO files ( gid, file, mime ) VALUES ( '33900', 'http://www.gutenberg.org/files/33900/33900-h/music2/228.xml', 'text/xml' );
INSERT INTO files ( gid, file, mime ) VALUES ( '33900', 'http://www.gutenberg.org/files/33900/33900-h/music2/229.mp3', 'audio/mpeg' );
INSERT INTO files ( gid, file, mime ) VALUES ( '33900', 'http://www.gutenberg.org/files/33900/33900-h/music2/229.xml', 'text/xml' );
INSERT INTO files ( gid, file, mime ) VALUES ( '33900', 'http://www.gutenberg.org/files/33900/33900-h/music2/230.mp3', 'audio/mpeg' );
INSERT INTO files ( gid, file, mime ) VALUES ( '33900', 'http://www.gutenberg.org/files/33900/33900-h/music2/230.xml', 'text/xml' );
INSERT INTO files ( gid, file, mime ) VALUES ( '33900', 'http://www.gutenberg.org/files/33900/33900-h/music2/231.mp3', 'audio/mpeg' );
INSERT INTO files ( gid, file, mime ) VALUES ( '33900', 'http://www.gutenberg.org/files/33900/33900-h/music2/231.xml', 'text/xml' );
INSERT INTO files ( gid, file, mime ) VALUES ( '33900', 'http://www.gutenberg.org/files/33900/33900-h/music2/232.mp3', 'audio/mpeg' );
INSERT INTO files ( gid, file, mime ) VALUES ( '33900', 'http://www.gutenberg.org/files/33900/33900-h/music2/232.xml', 'text/xml' );
INSERT INTO files ( gid, file, mime ) VALUES ( '33900', 'http://www.gutenberg.org/files/33900/33900-h/music2/233.mp3', 'audio/mpeg' );
INSERT INTO files ( gid, file, mime ) VALUES ( '33900', 'http://www.gutenberg.org/files/33900/33900-h/music2/233.xml', 'text/xml' );
INSERT INTO files ( gid, file, mime ) VALUES ( '33900', 'http://www.gutenberg.org/files/33900/33900-h/music2/234.mp3', 'audio/mpeg' );
INSERT INTO files ( gid, file, mime ) VALUES ( '33900', 'http://www.gutenberg.org/files/33900/33900-h/music2/234.xml', 'text/xml' );
INSERT INTO files ( gid, file, mime ) VALUES ( '33900', 'http://www.gutenberg.org/files/33900/33900-h/music2/235.mp3', 'audio/mpeg' );
INSERT INTO files ( gid, file, mime ) VALUES ( '33900', 'http://www.gutenberg.org/files/33900/33900-h/music2/235.xml', 'text/xml' );
INSERT INTO files ( gid, file, mime ) VALUES ( '33900', 'http://www.gutenberg.org/files/33900/33900-h/music2/236.mp3', 'audio/mpeg' );
INSERT INTO files ( gid, file, mime ) VALUES ( '33900', 'http://www.gutenberg.org/files/33900/33900-h/music2/236.xml', 'text/xml' );
INSERT INTO files ( gid, file, mime ) VALUES ( '33900', 'http://www.gutenberg.org/files/33900/33900-h/music2/237.mp3', 'audio/mpeg' );
INSERT INTO files ( gid, file, mime ) VALUES ( '33900', 'http://www.gutenberg.org/files/33900/33900-h/music2/237.xml', 'text/xml' );
INSERT INTO files ( gid, file, mime ) VALUES ( '33900', 'http://www.gutenberg.org/files/33900/33900-h/music2/238.mp3', 'audio/mpeg' );
INSERT INTO files ( gid, file, mime ) VALUES ( '33900', 'http://www.gutenberg.org/files/33900/33900-h/music2/238.xml', 'text/xml' );
INSERT INTO files ( gid, file, mime ) VALUES ( '33900', 'http://www.gutenberg.org/files/33900/33900-h/music2/239.mp3', 'audio/mpeg' );
INSERT INTO files ( gid, file, mime ) VALUES ( '33900', 'http://www.gutenberg.org/files/33900/33900-h/music2/239.xml', 'text/xml' );
INSERT INTO files ( gid, file, mime ) VALUES ( '33900', 'http://www.gutenberg.org/files/33900/33900-h/music2/240.mp3', 'audio/mpeg' );
INSERT INTO files ( gid, file, mime ) VALUES ( '33900', 'http://www.gutenberg.org/files/33900/33900-h/music2/240.xml', 'text/xml' );
INSERT INTO files ( gid, file, mime ) VALUES ( '33900', 'http://www.gutenberg.org/files/33900/33900-h/music2/241.mp3', 'audio/mpeg' );
INSERT INTO files ( gid, file, mime ) VALUES ( '33900', 'http://www.gutenberg.org/files/33900/33900-h/music2/241.xml', 'text/xml' );
INSERT INTO files ( gid, file, mime ) VALUES ( '33900', 'http://www.gutenberg.org/files/33900/33900-h/music2/242.mp3', 'audio/mpeg' );
INSERT INTO files ( gid, file, mime ) VALUES ( '33900', 'http://www.gutenberg.org/files/33900/33900-h/music2/242.xml', 'text/xml' );
INSERT INTO files ( gid, file, mime ) VALUES ( '33900', 'http://www.gutenberg.org/files/33900/33900-h/music2/243.mp3', 'audio/mpeg' );
INSERT INTO files ( gid, file, mime ) VALUES ( '33900', 'http://www.gutenberg.org/files/33900/33900-h/music2/243.xml', 'text/xml' );
INSERT INTO files ( gid, file, mime ) VALUES ( '33900', 'http://www.gutenberg.org/files/33900/33900-h/music2/244.mp3', 'audio/mpeg' );
INSERT INTO files ( gid, file, mime ) VALUES ( '33900', 'http://www.gutenberg.org/files/33900/33900-h/music2/244.xml', 'text/xml' );
INSERT INTO files ( gid, file, mime ) VALUES ( '33900', 'http://www.gutenberg.org/files/33900/33900-h/music2/245.mp3', 'audio/mpeg' );
INSERT INTO files ( gid, file, mime ) VALUES ( '33900', 'http://www.gutenberg.org/files/33900/33900-h/music2/245.xml', 'text/xml' );
INSERT INTO files ( gid, file, mime ) VALUES ( '33900', 'http://www.gutenberg.org/files/33900/33900-h/music2/246.mp3', 'audio/mpeg' );
INSERT INTO files ( gid, file, mime ) VALUES ( '33900', 'http://www.gutenberg.org/files/33900/33900-h/music2/246.xml', 'text/xml' );
INSERT INTO files ( gid, file, mime ) VALUES ( '33900', 'http://www.gutenberg.org/files/33900/33900-h/music2/247.mp3', 'audio/mpeg' );
INSERT INTO files ( gid, file, mime ) VALUES ( '33900', 'http://www.gutenberg.org/files/33900/33900-h/music2/247.xml', 'text/xml' );
INSERT INTO files ( gid, file, mime ) VALUES ( '33900', 'http://www.gutenberg.org/files/33900/33900-h/music2/248.mp3', 'audio/mpeg' );
INSERT INTO files ( gid, file, mime ) VALUES ( '33900', 'http://www.gutenberg.org/files/33900/33900-h/music2/248.xml', 'text/xml' );
INSERT INTO files ( gid, file, mime ) VALUES ( '33900', 'http://www.gutenberg.org/files/33900/33900-h/music2/249.mp3', 'audio/mpeg' );
INSERT INTO files ( gid, file, mime ) VALUES ( '33900', 'http://www.gutenberg.org/files/33900/33900-h/music2/249.xml', 'text/xml' );
INSERT INTO files ( gid, file, mime ) VALUES ( '33900', 'http://www.gutenberg.org/files/33900/33900-h/music2/250.mp3', 'audio/mpeg' );
INSERT INTO files ( gid, file, mime ) VALUES ( '33900', 'http://www.gutenberg.org/files/33900/33900-h/music2/250.xml', 'text/xml' );
INSERT INTO files ( gid, file, mime ) VALUES ( '33900', 'http://www.gutenberg.org/files/33900/33900-h/music2/251.mp3', 'audio/mpeg' );
INSERT INTO files ( gid, file, mime ) VALUES ( '33900', 'http://www.gutenberg.org/files/33900/33900-h/music2/251.xml', 'text/xml' );
INSERT INTO files ( gid, file, mime ) VALUES ( '33900', 'http://www.gutenberg.org/files/33900/33900-h/music2/252.mp3', 'audio/mpeg' );
INSERT INTO files ( gid, file, mime ) VALUES ( '33900', 'http://www.gutenberg.org/files/33900/33900-h/music2/252.xml', 'text/xml' );
INSERT INTO files ( gid, file, mime ) VALUES ( '33900', 'http://www.gutenberg.org/files/33900/33900-h/music2/253.mp3', 'audio/mpeg' );
INSERT INTO files ( gid, file, mime ) VALUES ( '33900', 'http://www.gutenberg.org/files/33900/33900-h/music2/253.xml', 'text/xml' );
INSERT INTO files ( gid, file, mime ) VALUES ( '33900', 'http://www.gutenberg.org/files/33900/33900-h/music2/254.mp3', 'audio/mpeg' );
INSERT INTO files ( gid, file, mime ) VALUES ( '33900', 'http://www.gutenberg.org/files/33900/33900-h/music2/254.xml', 'text/xml' );
INSERT INTO files ( gid, file, mime ) VALUES ( '33900', 'http://www.gutenberg.org/files/33900/33900-h/music2/255.mp3', 'audio/mpeg' );
INSERT INTO files ( gid, file, mime ) VALUES ( '33900', 'http://www.gutenberg.org/files/33900/33900-h/music2/255.xml', 'text/xml' );
INSERT INTO files ( gid, file, mime ) VALUES ( '33900', 'http://www.gutenberg.org/files/33900/33900-h/music2/256.mp3', 'audio/mpeg' );
INSERT INTO files ( gid, file, mime ) VALUES ( '33900', 'http://www.gutenberg.org/files/33900/33900-h/music2/256.xml', 'text/xml' );
INSERT INTO files ( gid, file, mime ) VALUES ( '33900', 'http://www.gutenberg.org/files/33900/33900-h/music2/257.mp3', 'audio/mpeg' );
INSERT INTO files ( gid, file, mime ) VALUES ( '33900', 'http://www.gutenberg.org/files/33900/33900-h/music2/257.xml', 'text/xml' );
INSERT INTO files ( gid, file, mime ) VALUES ( '33900', 'http://www.gutenberg.org/files/33900/33900-h/music2/258.mp3', 'audio/mpeg' );
INSERT INTO files ( gid, file, mime ) VALUES ( '33900', 'http://www.gutenberg.org/files/33900/33900-h/music2/258.xml', 'text/xml' );
INSERT INTO files ( gid, file, mime ) VALUES ( '33900', 'http://www.gutenberg.org/files/33900/33900-h/music2/259.mp3', 'audio/mpeg' );
INSERT INTO files ( gid, file, mime ) VALUES ( '33900', 'http://www.gutenberg.org/files/33900/33900-h/music2/259.xml', 'text/xml' );
INSERT INTO files ( gid, file, mime ) VALUES ( '33900', 'http://www.gutenberg.org/files/33900/33900-h/music2/260.mp3', 'audio/mpeg' );
INSERT INTO files ( gid, file, mime ) VALUES ( '33900', 'http://www.gutenberg.org/files/33900/33900-h/music2/260.xml', 'text/xml' );
INSERT INTO files ( gid, file, mime ) VALUES ( '33900', 'http://www.gutenberg.org/files/33900/33900-h/music2/261.mp3', 'audio/mpeg' );
INSERT INTO files ( gid, file, mime ) VALUES ( '33900', 'http://www.gutenberg.org/files/33900/33900-h/music2/261.xml', 'text/xml' );
INSERT INTO files ( gid, file, mime ) VALUES ( '33900', 'http://www.gutenberg.org/files/33900/33900-h/music2/262.mp3', 'audio/mpeg' );
INSERT INTO files ( gid, file, mime ) VALUES ( '33900', 'http://www.gutenberg.org/files/33900/33900-h/music2/262.xml', 'text/xml' );
INSERT INTO files ( gid, file, mime ) VALUES ( '33900', 'http://www.gutenberg.org/files/33900/33900-h/music2/263.mp3', 'audio/mpeg' );
INSERT INTO files ( gid, file, mime ) VALUES ( '33900', 'http://www.gutenberg.org/files/33900/33900-h/music2/263.xml', 'text/xml' );
INSERT INTO files ( gid, file, mime ) VALUES ( '33900', 'http://www.gutenberg.org/files/33900/33900-h/music2/264.mp3', 'audio/mpeg' );
INSERT INTO files ( gid, file, mime ) VALUES ( '33900', 'http://www.gutenberg.org/files/33900/33900-h/music2/264.xml', 'text/xml' );
INSERT INTO files ( gid, file, mime ) VALUES ( '33900', 'http://www.gutenberg.org/files/33900/33900-h/music2/265.mp3', 'audio/mpeg' );
INSERT INTO files ( gid, file, mime ) VALUES ( '33900', 'http://www.gutenberg.org/files/33900/33900-h/music2/265.xml', 'text/xml' );
INSERT INTO files ( gid, file, mime ) VALUES ( '33900', 'http://www.gutenberg.org/files/33900/33900-h/music2/266.mp3', 'audio/mpeg' );
INSERT INTO files ( gid, file, mime ) VALUES ( '33900', 'http://www.gutenberg.org/files/33900/33900-h/music2/266.xml', 'text/xml' );
INSERT INTO files ( gid, file, mime ) VALUES ( '33900', 'http://www.gutenberg.org/files/33900/33900-h/music2/267.mp3', 'audio/mpeg' );
INSERT INTO files ( gid, file, mime ) VALUES ( '33900', 'http://www.gutenberg.org/files/33900/33900-h/music2/267.xml', 'text/xml' );
INSERT INTO files ( gid, file, mime ) VALUES ( '33900', 'http://www.gutenberg.org/files/33900/33900-h/music2/268.mp3', 'audio/mpeg' );
INSERT INTO files ( gid, file, mime ) VALUES ( '33900', 'http://www.gutenberg.org/files/33900/33900-h/music2/268.xml', 'text/xml' );
INSERT INTO files ( gid, file, mime ) VALUES ( '33900', 'http://www.gutenberg.org/files/33900/33900-h/music2/269.mp3', 'audio/mpeg' );
INSERT INTO files ( gid, file, mime ) VALUES ( '33900', 'http://www.gutenberg.org/files/33900/33900-h/music2/269.xml', 'text/xml' );
INSERT INTO files ( gid, file, mime ) VALUES ( '33900', 'http://www.gutenberg.org/files/33900/33900-h/music2/270.mp3', 'audio/mpeg' );
INSERT INTO files ( gid, file, mime ) VALUES ( '33900', 'http://www.gutenberg.org/files/33900/33900-h/music2/270.xml', 'text/xml' );
INSERT INTO files ( gid, file, mime ) VALUES ( '33900', 'http://www.gutenberg.org/files/33900/33900-h/music2/271.mp3', 'audio/mpeg' );
INSERT INTO files ( gid, file, mime ) VALUES ( '33900', 'http://www.gutenberg.org/files/33900/33900-h/music2/271.xml', 'text/xml' );
INSERT INTO files ( gid, file, mime ) VALUES ( '33900', 'http://www.gutenberg.org/files/33900/33900-h/music2/272.mp3', 'audio/mpeg' );
INSERT INTO files ( gid, file, mime ) VALUES ( '33900', 'http://www.gutenberg.org/files/33900/33900-h/music2/272.xml', 'text/xml' );
INSERT INTO files ( gid, file, mime ) VALUES ( '33900', 'http://www.gutenberg.org/files/33900/33900-h/music2/273.mp3', 'audio/mpeg' );
INSERT INTO files ( gid, file, mime ) VALUES ( '33900', 'http://www.gutenberg.org/files/33900/33900-h/music2/273.xml', 'text/xml' );
INSERT INTO files ( gid, file, mime ) VALUES ( '33900', 'http://www.gutenberg.org/files/33900/33900-h/music2/274.mp3', 'audio/mpeg' );
INSERT INTO files ( gid, file, mime ) VALUES ( '33900', 'http://www.gutenberg.org/files/33900/33900-h/music2/274.xml', 'text/xml' );
INSERT INTO files ( gid, file, mime ) VALUES ( '33900', 'http://www.gutenberg.org/files/33900/33900-h/music2/275.mp3', 'audio/mpeg' );
INSERT INTO files ( gid, file, mime ) VALUES ( '33900', 'http://www.gutenberg.org/files/33900/33900-h/music2/275.xml', 'text/xml' );
INSERT INTO files ( gid, file, mime ) VALUES ( '33900', 'http://www.gutenberg.org/files/33900/33900-h/music2/276.mp3', 'audio/mpeg' );
INSERT INTO files ( gid, file, mime ) VALUES ( '33900', 'http://www.gutenberg.org/files/33900/33900-h/music2/276.xml', 'text/xml' );
INSERT INTO files ( gid, file, mime ) VALUES ( '33900', 'http://www.gutenberg.org/files/33900/33900-h/music2/277.mp3', 'audio/mpeg' );
INSERT INTO files ( gid, file, mime ) VALUES ( '33900', 'http://www.gutenberg.org/files/33900/33900-h/music2/277.xml', 'text/xml' );
INSERT INTO files ( gid, file, mime ) VALUES ( '33900', 'http://www.gutenberg.org/files/33900/33900-h/music2/278.mp3', 'audio/mpeg' );
INSERT INTO files ( gid, file, mime ) VALUES ( '33900', 'http://www.gutenberg.org/files/33900/33900-h/music2/278.xml', 'text/xml' );
INSERT INTO files ( gid, file, mime ) VALUES ( '33900', 'http://www.gutenberg.org/files/33900/33900-h/music2/279.mp3', 'audio/mpeg' );
INSERT INTO files ( gid, file, mime ) VALUES ( '33900', 'http://www.gutenberg.org/files/33900/33900-h/music2/279.xml', 'text/xml' );
INSERT INTO files ( gid, file, mime ) VALUES ( '33900', 'http://www.gutenberg.org/files/33900/33900-h/music2/280.mp3', 'audio/mpeg' );
INSERT INTO files ( gid, file, mime ) VALUES ( '33900', 'http://www.gutenberg.org/files/33900/33900-h/music2/280.xml', 'text/xml' );
INSERT INTO files ( gid, file, mime ) VALUES ( '33900', 'http://www.gutenberg.org/files/33900/33900-h/music2/281.mp3', 'audio/mpeg' );
INSERT INTO files ( gid, file, mime ) VALUES ( '33900', 'http://www.gutenberg.org/files/33900/33900-h/music2/281.xml', 'text/xml' );
INSERT INTO files ( gid, file, mime ) VALUES ( '33900', 'http://www.gutenberg.org/files/33900/33900-h/music2/282.mp3', 'audio/mpeg' );
INSERT INTO files ( gid, file, mime ) VALUES ( '33900', 'http://www.gutenberg.org/files/33900/33900-h/music2/282.xml', 'text/xml' );
INSERT INTO files ( gid, file, mime ) VALUES ( '33900', 'http://www.gutenberg.org/files/33900/33900-h/music2/283.mp3', 'audio/mpeg' );
INSERT INTO files ( gid, file, mime ) VALUES ( '33900', 'http://www.gutenberg.org/files/33900/33900-h/music2/283.xml', 'text/xml' );
INSERT INTO files ( gid, file, mime ) VALUES ( '33900', 'http://www.gutenberg.org/files/33900/33900-h/music2/284.mp3', 'audio/mpeg' );
INSERT INTO files ( gid, file, mime ) VALUES ( '33900', 'http://www.gutenberg.org/files/33900/33900-h/music2/284.xml', 'text/xml' );
INSERT INTO files ( gid, file, mime ) VALUES ( '33900', 'http://www.gutenberg.org/files/33900/33900-h/music2/285.mp3', 'audio/mpeg' );
INSERT INTO files ( gid, file, mime ) VALUES ( '33900', 'http://www.gutenberg.org/files/33900/33900-h/music2/285.xml', 'text/xml' );
INSERT INTO files ( gid, file, mime ) VALUES ( '33900', 'http://www.gutenberg.org/files/33900/33900-h/music2/286.mp3', 'audio/mpeg' );
INSERT INTO files ( gid, file, mime ) VALUES ( '33900', 'http://www.gutenberg.org/files/33900/33900-h/music2/286.xml', 'text/xml' );
INSERT INTO files ( gid, file, mime ) VALUES ( '33900', 'http://www.gutenberg.org/files/33900/33900-h/music2/287.mp3', 'audio/mpeg' );
INSERT INTO files ( gid, file, mime ) VALUES ( '33900', 'http://www.gutenberg.org/files/33900/33900-h/music2/287.xml', 'text/xml' );
INSERT INTO files ( gid, file, mime ) VALUES ( '33900', 'http://www.gutenberg.org/files/33900/33900-h/music2/288.mp3', 'audio/mpeg' );
INSERT INTO files ( gid, file, mime ) VALUES ( '33900', 'http://www.gutenberg.org/files/33900/33900-h/music2/288.xml', 'text/xml' );
INSERT INTO files ( gid, file, mime ) VALUES ( '33900', 'http://www.gutenberg.org/files/33900/33900-h/music2/289.mp3', 'audio/mpeg' );
INSERT INTO files ( gid, file, mime ) VALUES ( '33900', 'http://www.gutenberg.org/files/33900/33900-h/music2/289.xml', 'text/xml' );
INSERT INTO files ( gid, file, mime ) VALUES ( '33900', 'http://www.gutenberg.org/files/33900/33900-h/music2/290.mp3', 'audio/mpeg' );
INSERT INTO files ( gid, file, mime ) VALUES ( '33900', 'http://www.gutenberg.org/files/33900/33900-h/music2/290.xml', 'text/xml' );
INSERT INTO files ( gid, file, mime ) VALUES ( '33900', 'http://www.gutenberg.org/files/33900/33900-h/music2/291.mp3', 'audio/mpeg' );
INSERT INTO files ( gid, file, mime ) VALUES ( '33900', 'http://www.gutenberg.org/files/33900/33900-h/music2/291.xml', 'text/xml' );
INSERT INTO files ( gid, file, mime ) VALUES ( '33900', 'http://www.gutenberg.org/files/33900/33900-h/music2/292a.mp3', 'audio/mpeg' );
INSERT INTO files ( gid, file, mime ) VALUES ( '33900', 'http://www.gutenberg.org/files/33900/33900-h/music2/292a.xml', 'text/xml' );
INSERT INTO files ( gid, file, mime ) VALUES ( '33900', 'http://www.gutenberg.org/files/33900/33900-h/music2/292b.mp3', 'audio/mpeg' );
INSERT INTO files ( gid, file, mime ) VALUES ( '33900', 'http://www.gutenberg.org/files/33900/33900-h/music2/292b.xml', 'text/xml' );
INSERT INTO files ( gid, file, mime ) VALUES ( '33900', 'http://www.gutenberg.org/files/33900/33900-h/music2/293.mp3', 'audio/mpeg' );
INSERT INTO files ( gid, file, mime ) VALUES ( '33900', 'http://www.gutenberg.org/files/33900/33900-h/music2/293.xml', 'text/xml' );
INSERT INTO files ( gid, file, mime ) VALUES ( '33900', 'http://www.gutenberg.org/files/33900/33900-h/music2/294.mp3', 'audio/mpeg' );
INSERT INTO files ( gid, file, mime ) VALUES ( '33900', 'http://www.gutenberg.org/files/33900/33900-h/music2/294.xml', 'text/xml' );
INSERT INTO files ( gid, file, mime ) VALUES ( '33900', 'http://www.gutenberg.org/files/33900/33900-h/music2/295.mp3', 'audio/mpeg' );
INSERT INTO files ( gid, file, mime ) VALUES ( '33900', 'http://www.gutenberg.org/files/33900/33900-h/music2/295.xml', 'text/xml' );
INSERT INTO files ( gid, file, mime ) VALUES ( '33900', 'http://www.gutenberg.org/files/33900/33900-h/music2/296.mp3', 'audio/mpeg' );
INSERT INTO files ( gid, file, mime ) VALUES ( '33900', 'http://www.gutenberg.org/files/33900/33900-h/music2/296.xml', 'text/xml' );
INSERT INTO files ( gid, file, mime ) VALUES ( '33900', 'http://www.gutenberg.org/files/33900/33900-h/music2/297.mp3', 'audio/mpeg' );
INSERT INTO files ( gid, file, mime ) VALUES ( '33900', 'http://www.gutenberg.org/files/33900/33900-h/music2/297.xml', 'text/xml' );
INSERT INTO files ( gid, file, mime ) VALUES ( '33900', 'http://www.gutenberg.org/files/33900/33900-h/music2/298.mp3', 'audio/mpeg' );
INSERT INTO files ( gid, file, mime ) VALUES ( '33900', 'http://www.gutenberg.org/files/33900/33900-h/music2/298.xml', 'text/xml' );
INSERT INTO files ( gid, file, mime ) VALUES ( '33900', 'http://www.gutenberg.org/files/33900/33900-h/music2/299.mp3', 'audio/mpeg' );
INSERT INTO files ( gid, file, mime ) VALUES ( '33900', 'http://www.gutenberg.org/files/33900/33900-h/music2/299.xml', 'text/xml' );
INSERT INTO files ( gid, file, mime ) VALUES ( '33900', 'http://www.gutenberg.org/files/33900/33900-h/music2/300.mp3', 'audio/mpeg' );
INSERT INTO files ( gid, file, mime ) VALUES ( '33900', 'http://www.gutenberg.org/files/33900/33900-h/music2/300.xml', 'text/xml' );
INSERT INTO files ( gid, file, mime ) VALUES ( '33900', 'http://www.gutenberg.org/files/33900/33900-h/music2/301.mp3', 'audio/mpeg' );
INSERT INTO files ( gid, file, mime ) VALUES ( '33900', 'http://www.gutenberg.org/files/33900/33900-h/music2/301.xml', 'text/xml' );
INSERT INTO files ( gid, file, mime ) VALUES ( '33900', 'http://www.gutenberg.org/files/33900/33900-h/music2/302.mp3', 'audio/mpeg' );
INSERT INTO files ( gid, file, mime ) VALUES ( '33900', 'http://www.gutenberg.org/files/33900/33900-h/music2/302.xml', 'text/xml' );
INSERT INTO files ( gid, file, mime ) VALUES ( '33900', 'http://www.gutenberg.org/files/33900/33900-h/music2/303.mp3', 'audio/mpeg' );
INSERT INTO files ( gid, file, mime ) VALUES ( '33900', 'http://www.gutenberg.org/files/33900/33900-h/music2/303.xml', 'text/xml' );
INSERT INTO files ( gid, file, mime ) VALUES ( '33900', 'http://www.gutenberg.org/files/33900/33900-h/music2/304.mp3', 'audio/mpeg' );
INSERT INTO files ( gid, file, mime ) VALUES ( '33900', 'http://www.gutenberg.org/files/33900/33900-h/music2/304.xml', 'text/xml' );
INSERT INTO files ( gid, file, mime ) VALUES ( '33900', 'http://www.gutenberg.org/files/33900/33900-h/music2/305.mp3', 'audio/mpeg' );
INSERT INTO files ( gid, file, mime ) VALUES ( '33900', 'http://www.gutenberg.org/files/33900/33900-h/music2/305.xml', 'text/xml' );
INSERT INTO files ( gid, file, mime ) VALUES ( '33900', 'http://www.gutenberg.org/files/33900/33900-h/music2/306.mp3', 'audio/mpeg' );
INSERT INTO files ( gid, file, mime ) VALUES ( '33900', 'http://www.gutenberg.org/files/33900/33900-h/music2/306.xml', 'text/xml' );
INSERT INTO files ( gid, file, mime ) VALUES ( '33900', 'http://www.gutenberg.org/files/33900/33900-h/music2/307.mp3', 'audio/mpeg' );
INSERT INTO files ( gid, file, mime ) VALUES ( '33900', 'http://www.gutenberg.org/files/33900/33900-h/music2/307.xml', 'text/xml' );
INSERT INTO files ( gid, file, mime ) VALUES ( '33900', 'http://www.gutenberg.org/files/33900/33900-h/music2/308.mp3', 'audio/mpeg' );
INSERT INTO files ( gid, file, mime ) VALUES ( '33900', 'http://www.gutenberg.org/files/33900/33900-h/music2/308.xml', 'text/xml' );
INSERT INTO files ( gid, file, mime ) VALUES ( '33900', 'http://www.gutenberg.org/files/33900/33900-h/music2/309.mp3', 'audio/mpeg' );
INSERT INTO files ( gid, file, mime ) VALUES ( '33900', 'http://www.gutenberg.org/files/33900/33900-h/music2/309.xml', 'text/xml' );
INSERT INTO files ( gid, file, mime ) VALUES ( '33900', 'http://www.gutenberg.org/files/33900/33900-h/music2/310.mp3', 'audio/mpeg' );
INSERT INTO files ( gid, file, mime ) VALUES ( '33900', 'http://www.gutenberg.org/files/33900/33900-h/music2/310.xml', 'text/xml' );
INSERT INTO files ( gid, file, mime ) VALUES ( '33900', 'http://www.gutenberg.org/files/33900/33900-h/music2/311.mp3', 'audio/mpeg' );
INSERT INTO files ( gid, file, mime ) VALUES ( '33900', 'http://www.gutenberg.org/files/33900/33900-h/music2/311.xml', 'text/xml' );
INSERT INTO files ( gid, file, mime ) VALUES ( '33900', 'http://www.gutenberg.org/files/33900/33900-h/music2/312.mp3', 'audio/mpeg' );
INSERT INTO files ( gid, file, mime ) VALUES ( '33900', 'http://www.gutenberg.org/files/33900/33900-h/music2/312.xml', 'text/xml' );
INSERT INTO files ( gid, file, mime ) VALUES ( '33900', 'http://www.gutenberg.org/files/33900/33900.txt', 'text/plain; charset=us-ascii' );
INSERT INTO files ( gid, file, mime ) VALUES ( '33900', 'http://www.gutenberg.org/files/33900/33900.zip', 'application/ziptext/plain; charset=us-ascii' );
INSERT INTO titles ( gid, title, author, language, rights ) VALUES ( '37100', 'The Backwoodsman; Or, Life on the Indian Frontier', '', 'en', 'Public domain in the USA.' );
INSERT INTO classifications ( gid, classification ) VALUES ( '37100', 'PR' );
INSERT INTO subjects ( gid, subject ) VALUES ( '37100', 'Hunting -- West (U.S.)' );
INSERT INTO subjects ( gid, subject ) VALUES ( '37100', 'West (U.S.) -- Description and travel' );
INSERT INTO subjects ( gid, subject ) VALUES ( '37100', 'Indians of North America -- West (U.S.)' );
INSERT INTO files ( gid, file, mime ) VALUES ( '37100', 'http://www.gutenberg.org/ebooks/37100.epub.images', 'application/epub+zip' );
INSERT INTO files ( gid, file, mime ) VALUES ( '37100', 'http://www.gutenberg.org/ebooks/37100.epub.noimages', 'application/epub+zip' );
INSERT INTO files ( gid, file, mime ) VALUES ( '37100', 'http://www.gutenberg.org/ebooks/37100.kindle.images', 'application/x-mobipocket-ebook' );
INSERT INTO files ( gid, file, mime ) VALUES ( '37100', 'http://www.gutenberg.org/ebooks/37100.kindle.noimages', 'application/x-mobipocket-ebook' );
INSERT INTO files ( gid, file, mime ) VALUES ( '37100', 'http://www.gutenberg.org/ebooks/37100.rdf', 'application/rdf+xml' );
INSERT INTO files ( gid, file, mime ) VALUES ( '37100', 'http://www.gutenberg.org/ebooks/37100.txt.utf-8', 'text/plain' );
INSERT INTO files ( gid, file, mime ) VALUES ( '37100', 'http://www.gutenberg.org/files/37100/37100-8.txt', 'text/plain; charset=iso-8859-1' );
INSERT INTO files ( gid, file, mime ) VALUES ( '37100', 'http://www.gutenberg.org/files/37100/37100-8.zip', 'application/ziptext/plain; charset=iso-8859-1' );
INSERT INTO files ( gid, file, mime ) VALUES ( '37100', 'http://www.gutenberg.org/files/37100/37100-h.zip', 'application/ziptext/html; charset=iso-8859-1' );
INSERT INTO files ( gid, file, mime ) VALUES ( '37100', 'http://www.gutenberg.org/files/37100/37100-h/37100-h.htm', 'text/html; charset=iso-8859-1' );
INSERT INTO files ( gid, file, mime ) VALUES ( '37100', 'http://www.gutenberg.org/files/37100/37100.txt', 'text/plain; charset=us-ascii' );
INSERT INTO files ( gid, file, mime ) VALUES ( '37100', 'http://www.gutenberg.org/files/37100/37100.zip', 'text/plain; charset=us-asciiapplication/zip' );
INSERT INTO titles ( gid, title, author, language, rights ) VALUES ( '37200', 'Διηγήματα, Τόμος Α', 'Moraitides, Alexandros', 'el', 'Public domain in the USA.' );
INSERT INTO classifications ( gid, classification ) VALUES ( '37200', 'PA' );
INSERT INTO subjects ( gid, subject ) VALUES ( '37200', 'Greek fiction, Modern' );
INSERT INTO subjects ( gid, subject ) VALUES ( '37200', 'Short stories' );
INSERT INTO files ( gid, file, mime ) VALUES ( '37200', 'http://www.gutenberg.org/ebooks/37200.epub.images', 'application/epub+zip' );
INSERT INTO files ( gid, file, mime ) VALUES ( '37200', 'http://www.gutenberg.org/ebooks/37200.epub.noimages', 'application/epub+zip' );
INSERT INTO files ( gid, file, mime ) VALUES ( '37200', 'http://www.gutenberg.org/ebooks/37200.kindle.images', 'application/x-mobipocket-ebook' );
INSERT INTO files ( gid, file, mime ) VALUES ( '37200', 'http://www.gutenberg.org/ebooks/37200.kindle.noimages', 'application/x-mobipocket-ebook' );
INSERT INTO files ( gid, file, mime ) VALUES ( '37200', 'http://www.gutenberg.org/ebooks/37200.rdf', 'application/rdf+xml' );
INSERT INTO files ( gid, file, mime ) VALUES ( '37200', 'http://www.gutenberg.org/files/37200/37200-0.txt', 'text/plain; charset=utf-8' );
INSERT INTO files ( gid, file, mime ) VALUES ( '37200', 'http://www.gutenberg.org/files/37200/37200-0.zip', 'application/ziptext/plain; charset=utf-8' );
INSERT INTO files ( gid, file, mime ) VALUES ( '37200', 'http://www.gutenberg.org/files/37200/37200-h.zip', 'application/ziptext/html; charset=utf-8' );
INSERT INTO files ( gid, file, mime ) VALUES ( '37200', 'http://www.gutenberg.org/files/37200/37200-h/37200-h.htm', 'text/html; charset=utf-8' );
INSERT INTO titles ( gid, title, author, language, rights ) VALUES ( '37300', 'Henry James', 'West, Rebecca', 'en', 'Public domain in the USA.' );
INSERT INTO classifications ( gid, classification ) VALUES ( '37300', 'PS' );
INSERT INTO subjects ( gid, subject ) VALUES ( '37300', 'James, Henry, 1843-1916' );
INSERT INTO subjects ( gid, subject ) VALUES ( '37300', 'Authors, American -- 19th century -- Biography' );
INSERT INTO files ( gid, file, mime ) VALUES ( '37300', 'http://www.gutenberg.org/cache/epub/37300/pg37300.cover.medium.jpg', 'image/jpeg' );
INSERT INTO files ( gid, file, mime ) VALUES ( '37300', 'http://www.gutenberg.org/cache/epub/37300/pg37300.cover.small.jpg', 'image/jpeg' );
INSERT INTO files ( gid, file, mime ) VALUES ( '37300', 'http://www.gutenberg.org/ebooks/37300.epub.images', 'application/epub+zip' );
INSERT INTO files ( gid, file, mime ) VALUES ( '37300', 'http://www.gutenberg.org/ebooks/37300.epub.noimages', 'application/epub+zip' );
INSERT INTO files ( gid, file, mime ) VALUES ( '37300', 'http://www.gutenberg.org/ebooks/37300.kindle.images', 'application/x-mobipocket-ebook' );
INSERT INTO files ( gid, file, mime ) VALUES ( '37300', 'http://www.gutenberg.org/ebooks/37300.kindle.noimages', 'application/x-mobipocket-ebook' );
INSERT INTO files ( gid, file, mime ) VALUES ( '37300', 'http://www.gutenberg.org/ebooks/37300.rdf', 'application/rdf+xml' );
INSERT INTO files ( gid, file, mime ) VALUES ( '37300', 'http://www.gutenberg.org/ebooks/37300.txt.utf-8', 'text/plain' );
INSERT INTO files ( gid, file, mime ) VALUES ( '37300', 'http://www.gutenberg.org/files/37300/37300-8.txt', 'text/plain; charset=iso-8859-1' );
INSERT INTO files ( gid, file, mime ) VALUES ( '37300', 'http://www.gutenberg.org/files/37300/37300-8.zip', 'application/ziptext/plain; charset=iso-8859-1' );
INSERT INTO files ( gid, file, mime ) VALUES ( '37300', 'http://www.gutenberg.org/files/37300/37300-h.zip', 'application/ziptext/html; charset=iso-8859-1' );
INSERT INTO files ( gid, file, mime ) VALUES ( '37300', 'http://www.gutenberg.org/files/37300/37300-h/37300-h.htm', 'text/html; charset=iso-8859-1' );
INSERT INTO files ( gid, file, mime ) VALUES ( '37300', 'http://www.gutenberg.org/files/37300/37300.txt', 'text/plain; charset=us-ascii' );
INSERT INTO files ( gid, file, mime ) VALUES ( '37300', 'http://www.gutenberg.org/files/37300/37300.zip', 'text/plain; charset=us-asciiapplication/zip' );
INSERT INTO titles ( gid, title, author, language, rights ) VALUES ( '37400', 'The Travels and Adventures of James Massey', 'Tyssot de Patot, Simon', 'en', 'Public domain in the USA.' );
INSERT INTO classifications ( gid, classification ) VALUES ( '37400', 'PQ' );
INSERT INTO subjects ( gid, subject ) VALUES ( '37400', 'Voyages, Imaginary -- Early works to 1800' );
INSERT INTO subjects ( gid, subject ) VALUES ( '37400', 'Utopias -- Early works to 1800' );
INSERT INTO files ( gid, file, mime ) VALUES ( '37400', 'http://www.gutenberg.org/ebooks/37400.epub.images', 'application/epub+zip' );
INSERT INTO files ( gid, file, mime ) VALUES ( '37400', 'http://www.gutenberg.org/ebooks/37400.epub.noimages', 'application/epub+zip' );
INSERT INTO files ( gid, file, mime ) VALUES ( '37400', 'http://www.gutenberg.org/ebooks/37400.kindle.images', 'application/x-mobipocket-ebook' );
INSERT INTO files ( gid, file, mime ) VALUES ( '37400', 'http://www.gutenberg.org/ebooks/37400.kindle.noimages', 'application/x-mobipocket-ebook' );
INSERT INTO files ( gid, file, mime ) VALUES ( '37400', 'http://www.gutenberg.org/ebooks/37400.rdf', 'application/rdf+xml' );
INSERT INTO files ( gid, file, mime ) VALUES ( '37400', 'http://www.gutenberg.org/files/37400/37400-0.txt', 'text/plain; charset=utf-8' );
INSERT INTO files ( gid, file, mime ) VALUES ( '37400', 'http://www.gutenberg.org/files/37400/37400-0.zip', 'application/ziptext/plain; charset=utf-8' );
INSERT INTO files ( gid, file, mime ) VALUES ( '37400', 'http://www.gutenberg.org/files/37400/37400-8.txt', 'text/plain; charset=iso-8859-1' );
INSERT INTO files ( gid, file, mime ) VALUES ( '37400', 'http://www.gutenberg.org/files/37400/37400-8.zip', 'application/ziptext/plain; charset=iso-8859-1' );
INSERT INTO files ( gid, file, mime ) VALUES ( '37400', 'http://www.gutenberg.org/files/37400/37400-h.zip', 'text/html; charset=utf-8application/zip' );
INSERT INTO files ( gid, file, mime ) VALUES ( '37400', 'http://www.gutenberg.org/files/37400/37400-h/37400-h.htm', 'text/html; charset=utf-8' );
INSERT INTO files ( gid, file, mime ) VALUES ( '37400', 'http://www.gutenberg.org/files/37400/37400.txt', 'text/plain; charset=us-ascii' );
INSERT INTO files ( gid, file, mime ) VALUES ( '37400', 'http://www.gutenberg.org/files/37400/37400.zip', 'application/ziptext/plain; charset=us-ascii' );
INSERT INTO titles ( gid, title, author, language, rights ) VALUES ( '37500', 'Het Auteursrecht in het Nederlandsche en internationale recht', 'Beaufort, H. L. de (Henri Louis)', 'nl', 'Public domain in the USA.' );
INSERT INTO classifications ( gid, classification ) VALUES ( '37500', 'Z' );
INSERT INTO subjects ( gid, subject ) VALUES ( '37500', 'Copyright, International' );
INSERT INTO subjects ( gid, subject ) VALUES ( '37500', 'Copyright -- Netherlands' );
INSERT INTO files ( gid, file, mime ) VALUES ( '37500', 'http://www.gutenberg.org/ebooks/37500.epub.images', 'application/epub+zip' );
INSERT INTO files ( gid, file, mime ) VALUES ( '37500', 'http://www.gutenberg.org/ebooks/37500.epub.noimages', 'application/epub+zip' );
INSERT INTO files ( gid, file, mime ) VALUES ( '37500', 'http://www.gutenberg.org/ebooks/37500.kindle.images', 'application/x-mobipocket-ebook' );
INSERT INTO files ( gid, file, mime ) VALUES ( '37500', 'http://www.gutenberg.org/ebooks/37500.kindle.noimages', 'application/x-mobipocket-ebook' );
INSERT INTO files ( gid, file, mime ) VALUES ( '37500', 'http://www.gutenberg.org/ebooks/37500.rdf', 'application/rdf+xml' );
INSERT INTO files ( gid, file, mime ) VALUES ( '37500', 'http://www.gutenberg.org/ebooks/37500.txt.utf-8', 'text/plain' );
INSERT INTO files ( gid, file, mime ) VALUES ( '37500', 'http://www.gutenberg.org/files/37500/37500-8.txt', 'text/plain; charset=iso-8859-1' );
INSERT INTO files ( gid, file, mime ) VALUES ( '37500', 'http://www.gutenberg.org/files/37500/37500-8.zip', 'application/ziptext/plain; charset=iso-8859-1' );
INSERT INTO files ( gid, file, mime ) VALUES ( '37500', 'http://www.gutenberg.org/files/37500/37500-h.zip', 'application/ziptext/html; charset=us-ascii' );
INSERT INTO files ( gid, file, mime ) VALUES ( '37500', 'http://www.gutenberg.org/files/37500/37500-h/37500-h.htm', 'text/html; charset=us-ascii' );
INSERT INTO titles ( gid, title, author, language, rights ) VALUES ( '37600', 'The Fight for Constantinople: A Story of the Gallipoli Peninsula', 'Westerman, Percy F. (Percy Francis)', 'en', 'Public domain in the USA.' );
INSERT INTO classifications ( gid, classification ) VALUES ( '37600', 'PZ' );
INSERT INTO subjects ( gid, subject ) VALUES ( '37600', 'Adventure stories' );
INSERT INTO subjects ( gid, subject ) VALUES ( '37600', 'World War, 1914-1918 -- Juvenile fiction' );
INSERT INTO subjects ( gid, subject ) VALUES ( '37600', 'Great Britain. Royal Navy -- Juvenile fiction' );
INSERT INTO files ( gid, file, mime ) VALUES ( '37600', 'http://www.gutenberg.org/cache/epub/37600/pg37600.cover.medium.jpg', 'image/jpeg' );
INSERT INTO files ( gid, file, mime ) VALUES ( '37600', 'http://www.gutenberg.org/cache/epub/37600/pg37600.cover.small.jpg', 'image/jpeg' );
INSERT INTO files ( gid, file, mime ) VALUES ( '37600', 'http://www.gutenberg.org/ebooks/37600.epub.images', 'application/epub+zip' );
INSERT INTO files ( gid, file, mime ) VALUES ( '37600', 'http://www.gutenberg.org/ebooks/37600.epub.noimages', 'application/epub+zip' );
INSERT INTO files ( gid, file, mime ) VALUES ( '37600', 'http://www.gutenberg.org/ebooks/37600.kindle.images', 'application/x-mobipocket-ebook' );
INSERT INTO files ( gid, file, mime ) VALUES ( '37600', 'http://www.gutenberg.org/ebooks/37600.kindle.noimages', 'application/x-mobipocket-ebook' );
INSERT INTO files ( gid, file, mime ) VALUES ( '37600', 'http://www.gutenberg.org/ebooks/37600.rdf', 'application/rdf+xml' );
INSERT INTO files ( gid, file, mime ) VALUES ( '37600', 'http://www.gutenberg.org/ebooks/37600.txt.utf-8', 'text/plain' );
INSERT INTO files ( gid, file, mime ) VALUES ( '37600', 'http://www.gutenberg.org/files/37600/37600-8.txt', 'text/plain; charset=iso-8859-1' );
INSERT INTO files ( gid, file, mime ) VALUES ( '37600', 'http://www.gutenberg.org/files/37600/37600-8.zip', 'application/ziptext/plain; charset=iso-8859-1' );
INSERT INTO files ( gid, file, mime ) VALUES ( '37600', 'http://www.gutenberg.org/files/37600/37600-h.zip', 'text/html; charset=iso-8859-1application/zip' );
INSERT INTO files ( gid, file, mime ) VALUES ( '37600', 'http://www.gutenberg.org/files/37600/37600-h/37600-h.htm', 'text/html; charset=iso-8859-1' );
INSERT INTO titles ( gid, title, author, language, rights ) VALUES ( '37700', 'Biblical Extracts; Or, The Holy Scriptures Analyzed; Showing Its Contradictions, Absurdities, and Immoralities', 'Cooper, Robert, secularist', 'en', 'Public domain in the USA.' );
INSERT INTO classifications ( gid, classification ) VALUES ( '37700', 'BL' );
INSERT INTO subjects ( gid, subject ) VALUES ( '37700', 'Bible -- Criticism, interpretation, etc.' );
INSERT INTO subjects ( gid, subject ) VALUES ( '37700', 'Bible -- Miscellanea' );
INSERT INTO subjects ( gid, subject ) VALUES ( '37700', 'Bible -- Controversial literature' );
INSERT INTO files ( gid, file, mime ) VALUES ( '37700', 'http://www.gutenberg.org/ebooks/37700.epub.images', 'application/epub+zip' );
INSERT INTO files ( gid, file, mime ) VALUES ( '37700', 'http://www.gutenberg.org/ebooks/37700.epub.noimages', 'application/epub+zip' );
INSERT INTO files ( gid, file, mime ) VALUES ( '37700', 'http://www.gutenberg.org/ebooks/37700.kindle.images', 'application/x-mobipocket-ebook' );
INSERT INTO files ( gid, file, mime ) VALUES ( '37700', 'http://www.gutenberg.org/ebooks/37700.kindle.noimages', 'application/x-mobipocket-ebook' );
INSERT INTO files ( gid, file, mime ) VALUES ( '37700', 'http://www.gutenberg.org/ebooks/37700.rdf', 'application/rdf+xml' );
INSERT INTO files ( gid, file, mime ) VALUES ( '37700', 'http://www.gutenberg.org/ebooks/37700.txt.utf-8', 'text/plain' );
INSERT INTO files ( gid, file, mime ) VALUES ( '37700', 'http://www.gutenberg.org/files/37700/37700-8.txt', 'text/plain; charset=iso-8859-1' );
INSERT INTO files ( gid, file, mime ) VALUES ( '37700', 'http://www.gutenberg.org/files/37700/37700-8.zip', 'text/plain; charset=iso-8859-1application/zip' );
INSERT INTO files ( gid, file, mime ) VALUES ( '37700', 'http://www.gutenberg.org/files/37700/37700-h.zip', 'text/html; charset=iso-8859-1application/zip' );
INSERT INTO files ( gid, file, mime ) VALUES ( '37700', 'http://www.gutenberg.org/files/37700/37700-h/37700-h.htm', 'text/html; charset=iso-8859-1' );
INSERT INTO files ( gid, file, mime ) VALUES ( '37700', 'http://www.gutenberg.org/files/37700/37700.txt', 'text/plain; charset=us-ascii' );
INSERT INTO files ( gid, file, mime ) VALUES ( '37700', 'http://www.gutenberg.org/files/37700/37700.zip', 'text/plain; charset=us-asciiapplication/zip' );
INSERT INTO titles ( gid, title, author, language, rights ) VALUES ( '37800', 'Girl Scouts at Dandelion Camp', 'Roy, Lillian Elizabeth', 'en', 'Public domain in the USA.' );
INSERT INTO classifications ( gid, classification ) VALUES ( '37800', 'PZ' );
INSERT INTO subjects ( gid, subject ) VALUES ( '37800', 'Young women -- Social life and customs -- Juvenile fiction' );
INSERT INTO subjects ( gid, subject ) VALUES ( '37800', 'Girl Scouts -- Juvenile fiction' );
INSERT INTO subjects ( gid, subject ) VALUES ( '37800', 'Young women -- Societies and clubs -- Juvenile fiction' );
INSERT INTO subjects ( gid, subject ) VALUES ( '37800', 'Camping -- Juvenile fiction' );
INSERT INTO files ( gid, file, mime ) VALUES ( '37800', 'http://www.gutenberg.org/ebooks/37800.epub.images', 'application/epub+zip' );
INSERT INTO files ( gid, file, mime ) VALUES ( '37800', 'http://www.gutenberg.org/ebooks/37800.epub.noimages', 'application/epub+zip' );
INSERT INTO files ( gid, file, mime ) VALUES ( '37800', 'http://www.gutenberg.org/ebooks/37800.kindle.images', 'application/x-mobipocket-ebook' );
INSERT INTO files ( gid, file, mime ) VALUES ( '37800', 'http://www.gutenberg.org/ebooks/37800.kindle.noimages', 'application/x-mobipocket-ebook' );
INSERT INTO files ( gid, file, mime ) VALUES ( '37800', 'http://www.gutenberg.org/ebooks/37800.rdf', 'application/rdf+xml' );
INSERT INTO files ( gid, file, mime ) VALUES ( '37800', 'http://www.gutenberg.org/ebooks/37800.txt.utf-8', 'text/plain' );
INSERT INTO files ( gid, file, mime ) VALUES ( '37800', 'http://www.gutenberg.org/files/37800/37800-8.txt', 'text/plain; charset=iso-8859-1' );
INSERT INTO files ( gid, file, mime ) VALUES ( '37800', 'http://www.gutenberg.org/files/37800/37800-8.zip', 'application/ziptext/plain; charset=iso-8859-1' );
INSERT INTO files ( gid, file, mime ) VALUES ( '37800', 'http://www.gutenberg.org/files/37800/37800-h.zip', 'text/html; charset=utf-8application/zip' );
INSERT INTO files ( gid, file, mime ) VALUES ( '37800', 'http://www.gutenberg.org/files/37800/37800-h/37800-h.htm', 'text/html; charset=utf-8' );
INSERT INTO files ( gid, file, mime ) VALUES ( '37800', 'http://www.gutenberg.org/files/37800/37800.txt', 'text/plain; charset=us-ascii' );
INSERT INTO files ( gid, file, mime ) VALUES ( '37800', 'http://www.gutenberg.org/files/37800/37800.zip', 'text/plain; charset=us-asciiapplication/zip' );
INSERT INTO titles ( gid, title, author, language, rights ) VALUES ( '37900', 'Passeggiate per l''Italia, vol. 3', 'Gregorovius, Ferdinand', 'it', 'Public domain in the USA.' );
INSERT INTO classifications ( gid, classification ) VALUES ( '37900', 'DG' );
INSERT INTO subjects ( gid, subject ) VALUES ( '37900', 'Italy -- Description and travel' );
INSERT INTO files ( gid, file, mime ) VALUES ( '37900', 'http://www.gutenberg.org/ebooks/37900.epub.images', 'application/epub+zip' );
INSERT INTO files ( gid, file, mime ) VALUES ( '37900', 'http://www.gutenberg.org/ebooks/37900.epub.noimages', 'application/epub+zip' );
INSERT INTO files ( gid, file, mime ) VALUES ( '37900', 'http://www.gutenberg.org/ebooks/37900.kindle.images', 'application/x-mobipocket-ebook' );
INSERT INTO files ( gid, file, mime ) VALUES ( '37900', 'http://www.gutenberg.org/ebooks/37900.kindle.noimages', 'application/x-mobipocket-ebook' );
INSERT INTO files ( gid, file, mime ) VALUES ( '37900', 'http://www.gutenberg.org/ebooks/37900.rdf', 'application/rdf+xml' );
INSERT INTO files ( gid, file, mime ) VALUES ( '37900', 'http://www.gutenberg.org/ebooks/37900.txt.utf-8', 'text/plain' );
INSERT INTO files ( gid, file, mime ) VALUES ( '37900', 'http://www.gutenberg.org/files/37900/37900-8.txt', 'text/plain; charset=iso-8859-1' );
INSERT INTO files ( gid, file, mime ) VALUES ( '37900', 'http://www.gutenberg.org/files/37900/37900-8.zip', 'text/plain; charset=iso-8859-1application/zip' );
INSERT INTO files ( gid, file, mime ) VALUES ( '37900', 'http://www.gutenberg.org/files/37900/37900-h.zip', 'text/html; charset=iso-8859-1application/zip' );
INSERT INTO files ( gid, file, mime ) VALUES ( '37900', 'http://www.gutenberg.org/files/37900/37900-h/37900-h.htm', 'text/html; charset=iso-8859-1' );
INSERT INTO titles ( gid, title, author, language, rights ) VALUES ( '38000', 'Bridge; its Principles and Rules of Play with Illustrative Hands and the Club Code of Bridge Laws', 'Elwell, J. B. (Joseph Bowne)', 'en', 'Public domain in the USA.' );
INSERT INTO classifications ( gid, classification ) VALUES ( '38000', 'GV' );
INSERT INTO subjects ( gid, subject ) VALUES ( '38000', 'Bridge whist' );
INSERT INTO files ( gid, file, mime ) VALUES ( '38000', 'http://www.gutenberg.org/ebooks/38000.epub.images', 'application/epub+zip' );
INSERT INTO files ( gid, file, mime ) VALUES ( '38000', 'http://www.gutenberg.org/ebooks/38000.epub.noimages', 'application/epub+zip' );
INSERT INTO files ( gid, file, mime ) VALUES ( '38000', 'http://www.gutenberg.org/ebooks/38000.kindle.images', 'application/x-mobipocket-ebook' );
INSERT INTO files ( gid, file, mime ) VALUES ( '38000', 'http://www.gutenberg.org/ebooks/38000.kindle.noimages', 'application/x-mobipocket-ebook' );
INSERT INTO files ( gid, file, mime ) VALUES ( '38000', 'http://www.gutenberg.org/ebooks/38000.rdf', 'application/rdf+xml' );
INSERT INTO files ( gid, file, mime ) VALUES ( '38000', 'http://www.gutenberg.org/ebooks/38000.txt.utf-8', 'text/plain' );
INSERT INTO files ( gid, file, mime ) VALUES ( '38000', 'http://www.gutenberg.org/files/38000/38000-h.zip', 'application/ziptext/html; charset=iso-8859-1' );
INSERT INTO files ( gid, file, mime ) VALUES ( '38000', 'http://www.gutenberg.org/files/38000/38000-h/38000-h.htm', 'text/html; charset=iso-8859-1' );
INSERT INTO files ( gid, file, mime ) VALUES ( '38000', 'http://www.gutenberg.org/files/38000/38000.txt', 'text/plain; charset=us-ascii' );
INSERT INTO files ( gid, file, mime ) VALUES ( '38000', 'http://www.gutenberg.org/files/38000/38000.zip', 'application/ziptext/plain; charset=us-ascii' );
INSERT INTO titles ( gid, title, author, language, rights ) VALUES ( '3800', 'Ethics', 'Spinoza, Benedictus de', 'en', 'Public domain in the USA.' );
INSERT INTO classifications ( gid, classification ) VALUES ( '3800', 'B' );
INSERT INTO subjects ( gid, subject ) VALUES ( '3800', 'Ethics' );
INSERT INTO files ( gid, file, mime ) VALUES ( '3800', 'http://www.gutenberg.org/ebooks/3800.epub.images', 'application/epub+zip' );
INSERT INTO files ( gid, file, mime ) VALUES ( '3800', 'http://www.gutenberg.org/ebooks/3800.epub.noimages', 'application/epub+zip' );
INSERT INTO files ( gid, file, mime ) VALUES ( '3800', 'http://www.gutenberg.org/ebooks/3800.kindle.images', 'application/x-mobipocket-ebook' );
INSERT INTO files ( gid, file, mime ) VALUES ( '3800', 'http://www.gutenberg.org/ebooks/3800.kindle.noimages', 'application/x-mobipocket-ebook' );
INSERT INTO files ( gid, file, mime ) VALUES ( '3800', 'http://www.gutenberg.org/ebooks/3800.rdf', 'application/rdf+xml' );
INSERT INTO files ( gid, file, mime ) VALUES ( '3800', 'http://www.gutenberg.org/ebooks/3800.txt.utf-8', 'text/plain' );
INSERT INTO files ( gid, file, mime ) VALUES ( '3800', 'http://www.gutenberg.org/files/3800/3800-8.txt', 'text/plain; charset=iso-8859-1' );
INSERT INTO files ( gid, file, mime ) VALUES ( '3800', 'http://www.gutenberg.org/files/3800/3800-8.zip', 'application/ziptext/plain; charset=iso-8859-1' );
INSERT INTO files ( gid, file, mime ) VALUES ( '3800', 'http://www.gutenberg.org/files/3800/3800-h.zip', 'text/html; charset=iso-8859-1application/zip' );
INSERT INTO files ( gid, file, mime ) VALUES ( '3800', 'http://www.gutenberg.org/files/3800/3800-h/3800-h.htm', 'text/html; charset=iso-8859-1' );
INSERT INTO files ( gid, file, mime ) VALUES ( '3800', 'http://www.gutenberg.org/files/3800/3800.txt', 'text/plain; charset=us-ascii' );
INSERT INTO files ( gid, file, mime ) VALUES ( '3800', 'http://www.gutenberg.org/files/3800/3800.zip', 'application/ziptext/plain; charset=us-ascii' );
INSERT INTO titles ( gid, title, author, language, rights ) VALUES ( '38100', 'Ancient Faiths And Modern A Dissertation upon Worships, Legends and Divinities in Central and Western Asia, Europe, and Elsewhere, Before the Christian Era. Showing Their Relations to Religious Customs as They Now Exist.', 'Inman, Thomas', 'en', 'Public domain in the USA.' );
INSERT INTO classifications ( gid, classification ) VALUES ( '38100', 'BL' );
INSERT INTO subjects ( gid, subject ) VALUES ( '38100', 'Religions' );
INSERT INTO files ( gid, file, mime ) VALUES ( '38100', 'http://www.gutenberg.org/cache/epub/38100/pg38100.cover.medium.jpg', 'image/jpeg' );
INSERT INTO files ( gid, file, mime ) VALUES ( '38100', 'http://www.gutenberg.org/cache/epub/38100/pg38100.cover.small.jpg', 'image/jpeg' );
INSERT INTO files ( gid, file, mime ) VALUES ( '38100', 'http://www.gutenberg.org/ebooks/38100.epub.images', 'application/epub+zip' );
INSERT INTO files ( gid, file, mime ) VALUES ( '38100', 'http://www.gutenberg.org/ebooks/38100.epub.noimages', 'application/epub+zip' );
INSERT INTO files ( gid, file, mime ) VALUES ( '38100', 'http://www.gutenberg.org/ebooks/38100.kindle.images', 'application/x-mobipocket-ebook' );
INSERT INTO files ( gid, file, mime ) VALUES ( '38100', 'http://www.gutenberg.org/ebooks/38100.kindle.noimages', 'application/x-mobipocket-ebook' );
INSERT INTO files ( gid, file, mime ) VALUES ( '38100', 'http://www.gutenberg.org/ebooks/38100.rdf', 'application/rdf+xml' );
INSERT INTO files ( gid, file, mime ) VALUES ( '38100', 'http://www.gutenberg.org/ebooks/38100.txt.utf-8', 'text/plain' );
INSERT INTO files ( gid, file, mime ) VALUES ( '38100', 'http://www.gutenberg.org/files/38100/38100-8.txt', 'text/plain; charset=iso-8859-1' );
INSERT INTO files ( gid, file, mime ) VALUES ( '38100', 'http://www.gutenberg.org/files/38100/38100-8.zip', 'text/plain; charset=iso-8859-1application/zip' );
INSERT INTO files ( gid, file, mime ) VALUES ( '38100', 'http://www.gutenberg.org/files/38100/38100-h.zip', 'application/ziptext/html; charset=iso-8859-1' );
INSERT INTO files ( gid, file, mime ) VALUES ( '38100', 'http://www.gutenberg.org/files/38100/38100-h/38100-h.htm', 'text/html; charset=iso-8859-1' );
INSERT INTO files ( gid, file, mime ) VALUES ( '38100', 'http://www.gutenberg.org/files/38100/38100.txt', 'text/plain; charset=us-ascii' );
INSERT INTO files ( gid, file, mime ) VALUES ( '38100', 'http://www.gutenberg.org/files/38100/38100.zip', 'text/plain; charset=us-asciiapplication/zip' );
INSERT INTO titles ( gid, title, author, language, rights ) VALUES ( '38200', '', '', 'en', 'Public domain in the USA.' );
INSERT INTO files ( gid, file, mime ) VALUES ( '38200', 'http://www.gutenberg.org/ebooks/38200.rdf', 'application/rdf+xml' );
INSERT INTO titles ( gid, title, author, language, rights ) VALUES ( '38300', 'Boy Scouts: Tenderfoot Squad; or, Camping at Raccoon Lodge', 'Douglas, Alan, Captain', 'en', 'Public domain in the USA.' );
INSERT INTO classifications ( gid, classification ) VALUES ( '38300', 'PZ' );
INSERT INTO subjects ( gid, subject ) VALUES ( '38300', 'Camping -- Juvenile fiction' );
INSERT INTO subjects ( gid, subject ) VALUES ( '38300', 'Boy Scouts of America -- Juvenile fiction' );
INSERT INTO files ( gid, file, mime ) VALUES ( '38300', 'http://www.gutenberg.org/cache/epub/38300/pg38300.cover.medium.jpg', 'image/jpeg' );
INSERT INTO files ( gid, file, mime ) VALUES ( '38300', 'http://www.gutenberg.org/cache/epub/38300/pg38300.cover.small.jpg', 'image/jpeg' );
INSERT INTO files ( gid, file, mime ) VALUES ( '38300', 'http://www.gutenberg.org/ebooks/38300.epub.images', 'application/epub+zip' );
INSERT INTO files ( gid, file, mime ) VALUES ( '38300', 'http://www.gutenberg.org/ebooks/38300.epub.noimages', 'application/epub+zip' );
INSERT INTO files ( gid, file, mime ) VALUES ( '38300', 'http://www.gutenberg.org/ebooks/38300.kindle.images', 'application/x-mobipocket-ebook' );
INSERT INTO files ( gid, file, mime ) VALUES ( '38300', 'http://www.gutenberg.org/ebooks/38300.kindle.noimages', 'application/x-mobipocket-ebook' );
INSERT INTO files ( gid, file, mime ) VALUES ( '38300', 'http://www.gutenberg.org/ebooks/38300.rdf', 'application/rdf+xml' );
INSERT INTO files ( gid, file, mime ) VALUES ( '38300', 'http://www.gutenberg.org/ebooks/38300.txt.utf-8', 'text/plain' );
INSERT INTO files ( gid, file, mime ) VALUES ( '38300', 'http://www.gutenberg.org/files/38300/38300-8.txt', 'text/plain; charset=iso-8859-1' );
INSERT INTO files ( gid, file, mime ) VALUES ( '38300', 'http://www.gutenberg.org/files/38300/38300-8.zip', 'text/plain; charset=iso-8859-1application/zip' );
INSERT INTO files ( gid, file, mime ) VALUES ( '38300', 'http://www.gutenberg.org/files/38300/38300-h.zip', 'application/ziptext/html; charset=iso-8859-1' );
INSERT INTO files ( gid, file, mime ) VALUES ( '38300', 'http://www.gutenberg.org/files/38300/38300-h/38300-h.htm', 'text/html; charset=iso-8859-1' );
INSERT INTO files ( gid, file, mime ) VALUES ( '38300', 'http://www.gutenberg.org/files/38300/38300.txt', 'text/plain; charset=us-ascii' );
INSERT INTO files ( gid, file, mime ) VALUES ( '38300', 'http://www.gutenberg.org/files/38300/38300.zip', 'application/ziptext/plain; charset=us-ascii' );
INSERT INTO titles ( gid, title, author, language, rights ) VALUES ( '38400', 'Un Cadet de Famille, v. 1/3', 'Trelawny, Edward John', 'fr', 'Public domain in the USA.' );
INSERT INTO classifications ( gid, classification ) VALUES ( '38400', 'PR' );
INSERT INTO subjects ( gid, subject ) VALUES ( '38400', 'Adventure stories' );
INSERT INTO subjects ( gid, subject ) VALUES ( '38400', 'English fiction -- Translations into French' );
INSERT INTO files ( gid, file, mime ) VALUES ( '38400', 'http://www.gutenberg.org/ebooks/38400.epub.images', 'application/epub+zip' );
INSERT INTO files ( gid, file, mime ) VALUES ( '38400', 'http://www.gutenberg.org/ebooks/38400.epub.noimages', 'application/epub+zip' );
INSERT INTO files ( gid, file, mime ) VALUES ( '38400', 'http://www.gutenberg.org/ebooks/38400.kindle.images', 'application/x-mobipocket-ebook' );
INSERT INTO files ( gid, file, mime ) VALUES ( '38400', 'http://www.gutenberg.org/ebooks/38400.kindle.noimages', 'application/x-mobipocket-ebook' );
INSERT INTO files ( gid, file, mime ) VALUES ( '38400', 'http://www.gutenberg.org/ebooks/38400.rdf', 'application/rdf+xml' );
INSERT INTO files ( gid, file, mime ) VALUES ( '38400', 'http://www.gutenberg.org/ebooks/38400.txt.utf-8', 'text/plain' );
INSERT INTO files ( gid, file, mime ) VALUES ( '38400', 'http://www.gutenberg.org/files/38400/38400-8.txt', 'text/plain; charset=iso-8859-1' );
INSERT INTO files ( gid, file, mime ) VALUES ( '38400', 'http://www.gutenberg.org/files/38400/38400-8.zip', 'text/plain; charset=iso-8859-1application/zip' );
INSERT INTO files ( gid, file, mime ) VALUES ( '38400', 'http://www.gutenberg.org/files/38400/38400-h.zip', 'application/ziptext/html; charset=iso-8859-1' );
INSERT INTO files ( gid, file, mime ) VALUES ( '38400', 'http://www.gutenberg.org/files/38400/38400-h/38400-h.htm', 'text/html; charset=iso-8859-1' );
INSERT INTO titles ( gid, title, author, language, rights ) VALUES ( '38500', 'The Great Painters'' Gospel Pictures Representing Scenes and Incidents in the Life of Our Lord Jesus Christ', 'Bailey, Henry Turner', 'en', 'Public domain in the USA.' );
INSERT INTO classifications ( gid, classification ) VALUES ( '38500', 'N' );
INSERT INTO subjects ( gid, subject ) VALUES ( '38500', 'Jesus Christ -- Biography' );
INSERT INTO subjects ( gid, subject ) VALUES ( '38500', 'Painting' );
INSERT INTO subjects ( gid, subject ) VALUES ( '38500', 'Jesus Christ -- Art' );
INSERT INTO files ( gid, file, mime ) VALUES ( '38500', 'http://www.gutenberg.org/ebooks/38500.epub.images', 'application/epub+zip' );
INSERT INTO files ( gid, file, mime ) VALUES ( '38500', 'http://www.gutenberg.org/ebooks/38500.epub.noimages', 'application/epub+zip' );
INSERT INTO files ( gid, file, mime ) VALUES ( '38500', 'http://www.gutenberg.org/ebooks/38500.kindle.images', 'application/x-mobipocket-ebook' );
INSERT INTO files ( gid, file, mime ) VALUES ( '38500', 'http://www.gutenberg.org/ebooks/38500.kindle.noimages', 'application/x-mobipocket-ebook' );
INSERT INTO files ( gid, file, mime ) VALUES ( '38500', 'http://www.gutenberg.org/ebooks/38500.rdf', 'application/rdf+xml' );
INSERT INTO files ( gid, file, mime ) VALUES ( '38500', 'http://www.gutenberg.org/ebooks/38500.txt.utf-8', 'text/plain' );
INSERT INTO files ( gid, file, mime ) VALUES ( '38500', 'http://www.gutenberg.org/files/38500/38500-8.txt', 'text/plain; charset=iso-8859-1' );
INSERT INTO files ( gid, file, mime ) VALUES ( '38500', 'http://www.gutenberg.org/files/38500/38500-8.zip', 'text/plain; charset=iso-8859-1application/zip' );
INSERT INTO files ( gid, file, mime ) VALUES ( '38500', 'http://www.gutenberg.org/files/38500/38500-h.zip', 'application/ziptext/html; charset=iso-8859-1' );
INSERT INTO files ( gid, file, mime ) VALUES ( '38500', 'http://www.gutenberg.org/files/38500/38500-h/38500-h.htm', 'text/html; charset=iso-8859-1' );
INSERT INTO files ( gid, file, mime ) VALUES ( '38500', 'http://www.gutenberg.org/files/38500/38500.txt', 'text/plain; charset=us-ascii' );
INSERT INTO files ( gid, file, mime ) VALUES ( '38500', 'http://www.gutenberg.org/files/38500/38500.zip', 'text/plain; charset=us-asciiapplication/zip' );
INSERT INTO titles ( gid, title, author, language, rights ) VALUES ( '38600', 'The World''s Sixteen Crucified Saviors; Or, Christianity Before Christ', 'Graves, Kersey', 'en', 'Public domain in the USA.' );
INSERT INTO classifications ( gid, classification ) VALUES ( '38600', 'BL' );
INSERT INTO subjects ( gid, subject ) VALUES ( '38600', 'Dying and rising gods -- Comparative studies' );
INSERT INTO subjects ( gid, subject ) VALUES ( '38600', 'Christianity -- Controversial literature' );
INSERT INTO files ( gid, file, mime ) VALUES ( '38600', 'http://www.gutenberg.org/ebooks/38600.epub.images', 'application/epub+zip' );
INSERT INTO files ( gid, file, mime ) VALUES ( '38600', 'http://www.gutenberg.org/ebooks/38600.epub.noimages', 'application/epub+zip' );
INSERT INTO files ( gid, file, mime ) VALUES ( '38600', 'http://www.gutenberg.org/ebooks/38600.kindle.images', 'application/x-mobipocket-ebook' );
INSERT INTO files ( gid, file, mime ) VALUES ( '38600', 'http://www.gutenberg.org/ebooks/38600.kindle.noimages', 'application/x-mobipocket-ebook' );
INSERT INTO files ( gid, file, mime ) VALUES ( '38600', 'http://www.gutenberg.org/ebooks/38600.rdf', 'application/rdf+xml' );
INSERT INTO files ( gid, file, mime ) VALUES ( '38600', 'http://www.gutenberg.org/ebooks/38600.txt.utf-8', 'text/plain' );
INSERT INTO files ( gid, file, mime ) VALUES ( '38600', 'http://www.gutenberg.org/files/38600/38600-8.txt', 'text/plain; charset=iso-8859-1' );
INSERT INTO files ( gid, file, mime ) VALUES ( '38600', 'http://www.gutenberg.org/files/38600/38600-8.zip', 'application/ziptext/plain; charset=iso-8859-1' );
INSERT INTO files ( gid, file, mime ) VALUES ( '38600', 'http://www.gutenberg.org/files/38600/38600-h.zip', 'application/ziptext/html; charset=iso-8859-1' );
INSERT INTO files ( gid, file, mime ) VALUES ( '38600', 'http://www.gutenberg.org/files/38600/38600-h/38600-h.htm', 'text/html; charset=iso-8859-1' );
INSERT INTO files ( gid, file, mime ) VALUES ( '38600', 'http://www.gutenberg.org/files/38600/38600.txt', 'text/plain; charset=us-ascii' );
INSERT INTO files ( gid, file, mime ) VALUES ( '38600', 'http://www.gutenberg.org/files/38600/38600.zip', 'application/ziptext/plain; charset=us-ascii' );
INSERT INTO titles ( gid, title, author, language, rights ) VALUES ( '38800', 'Μαλβίνα: Ρωμαντικό Μυθιστόρημα του 18ου αιώνος', 'Cottin, Madame (Sophie)', 'el', 'Public domain in the USA.' );
INSERT INTO classifications ( gid, classification ) VALUES ( '38800', 'PQ' );
INSERT INTO subjects ( gid, subject ) VALUES ( '38800', 'French fiction -- Translations into Greek' );
INSERT INTO files ( gid, file, mime ) VALUES ( '38800', 'http://www.gutenberg.org/ebooks/38800.epub.images', 'application/epub+zip' );
INSERT INTO files ( gid, file, mime ) VALUES ( '38800', 'http://www.gutenberg.org/ebooks/38800.epub.noimages', 'application/epub+zip' );
INSERT INTO files ( gid, file, mime ) VALUES ( '38800', 'http://www.gutenberg.org/ebooks/38800.kindle.images', 'application/x-mobipocket-ebook' );
INSERT INTO files ( gid, file, mime ) VALUES ( '38800', 'http://www.gutenberg.org/ebooks/38800.kindle.noimages', 'application/x-mobipocket-ebook' );
INSERT INTO files ( gid, file, mime ) VALUES ( '38800', 'http://www.gutenberg.org/ebooks/38800.rdf', 'application/rdf+xml' );
INSERT INTO files ( gid, file, mime ) VALUES ( '38800', 'http://www.gutenberg.org/files/38800/38800-0.txt', 'text/plain; charset=utf-8' );
INSERT INTO files ( gid, file, mime ) VALUES ( '38800', 'http://www.gutenberg.org/files/38800/38800-0.zip', 'text/plain; charset=utf-8application/zip' );
INSERT INTO files ( gid, file, mime ) VALUES ( '38800', 'http://www.gutenberg.org/files/38800/38800-h.zip', 'text/html; charset=utf-8application/zip' );
INSERT INTO files ( gid, file, mime ) VALUES ( '38800', 'http://www.gutenberg.org/files/38800/38800-h/38800-h.htm', 'text/html; charset=utf-8' );
INSERT INTO titles ( gid, title, author, language, rights ) VALUES ( '38700', 'Chambers''s Twentieth Century Dictionary (part 4 of 4: S-Z and supplements)', '', 'en', 'Public domain in the USA.' );
INSERT INTO classifications ( gid, classification ) VALUES ( '38700', 'PE' );
INSERT INTO subjects ( gid, subject ) VALUES ( '38700', 'English language -- Dictionaries' );
INSERT INTO files ( gid, file, mime ) VALUES ( '38700', 'http://www.gutenberg.org/ebooks/38700.epub.images', 'application/epub+zip' );
INSERT INTO files ( gid, file, mime ) VALUES ( '38700', 'http://www.gutenberg.org/ebooks/38700.epub.noimages', 'application/epub+zip' );
INSERT INTO files ( gid, file, mime ) VALUES ( '38700', 'http://www.gutenberg.org/ebooks/38700.kindle.images', 'application/x-mobipocket-ebook' );
INSERT INTO files ( gid, file, mime ) VALUES ( '38700', 'http://www.gutenberg.org/ebooks/38700.kindle.noimages', 'application/x-mobipocket-ebook' );
INSERT INTO files ( gid, file, mime ) VALUES ( '38700', 'http://www.gutenberg.org/ebooks/38700.rdf', 'application/rdf+xml' );
INSERT INTO files ( gid, file, mime ) VALUES ( '38700', 'http://www.gutenberg.org/ebooks/38700.txt.utf-8', 'text/plain' );
INSERT INTO files ( gid, file, mime ) VALUES ( '38700', 'http://www.gutenberg.org/files/38700/38700-8.txt', 'text/plain; charset=iso-8859-1' );
INSERT INTO files ( gid, file, mime ) VALUES ( '38700', 'http://www.gutenberg.org/files/38700/38700-8.zip', 'text/plain; charset=iso-8859-1application/zip' );
INSERT INTO files ( gid, file, mime ) VALUES ( '38700', 'http://www.gutenberg.org/files/38700/38700-h.zip', 'text/html; charset=iso-8859-1application/zip' );
INSERT INTO files ( gid, file, mime ) VALUES ( '38700', 'http://www.gutenberg.org/files/38700/38700-h/38700-h.htm', 'text/html; charset=iso-8859-1' );
INSERT INTO files ( gid, file, mime ) VALUES ( '38700', 'http://www.gutenberg.org/files/38700/38700.txt', 'text/plain; charset=us-ascii' );
INSERT INTO files ( gid, file, mime ) VALUES ( '38700', 'http://www.gutenberg.org/files/38700/38700.zip', 'application/ziptext/plain; charset=us-ascii' );
INSERT INTO titles ( gid, title, author, language, rights ) VALUES ( '38900', 'A Chronological Table of the Catholic Primates of Ireland With the Years in Which They Succeeded to the Metropolitan Sees of Armagh, Dublin, Cashell and Tuam', 'Murphy, John', 'en', 'Public domain in the USA.' );
INSERT INTO classifications ( gid, classification ) VALUES ( '38900', 'BX' );
INSERT INTO classifications ( gid, classification ) VALUES ( '38900', 'DA' );
INSERT INTO subjects ( gid, subject ) VALUES ( '38900', 'Catholic Church -- Ireland -- Clergy -- History' );
INSERT INTO files ( gid, file, mime ) VALUES ( '38900', 'http://www.gutenberg.org/ebooks/38900.epub.images', 'application/epub+zip' );
INSERT INTO files ( gid, file, mime ) VALUES ( '38900', 'http://www.gutenberg.org/ebooks/38900.epub.noimages', 'application/epub+zip' );
INSERT INTO files ( gid, file, mime ) VALUES ( '38900', 'http://www.gutenberg.org/ebooks/38900.kindle.images', 'application/x-mobipocket-ebook' );
INSERT INTO files ( gid, file, mime ) VALUES ( '38900', 'http://www.gutenberg.org/ebooks/38900.kindle.noimages', 'application/x-mobipocket-ebook' );
INSERT INTO files ( gid, file, mime ) VALUES ( '38900', 'http://www.gutenberg.org/ebooks/38900.rdf', 'application/rdf+xml' );
INSERT INTO files ( gid, file, mime ) VALUES ( '38900', 'http://www.gutenberg.org/files/38900/38900-0.txt', 'text/plain; charset=utf-8' );
INSERT INTO files ( gid, file, mime ) VALUES ( '38900', 'http://www.gutenberg.org/files/38900/38900-0.zip', 'application/ziptext/plain; charset=utf-8' );
INSERT INTO files ( gid, file, mime ) VALUES ( '38900', 'http://www.gutenberg.org/files/38900/38900-8.txt', 'text/plain; charset=iso-8859-1' );
INSERT INTO files ( gid, file, mime ) VALUES ( '38900', 'http://www.gutenberg.org/files/38900/38900-8.zip', 'application/ziptext/plain; charset=iso-8859-1' );
INSERT INTO files ( gid, file, mime ) VALUES ( '38900', 'http://www.gutenberg.org/files/38900/38900-h.zip', 'text/html; charset=utf-8application/zip' );
INSERT INTO files ( gid, file, mime ) VALUES ( '38900', 'http://www.gutenberg.org/files/38900/38900-h/38900-h.htm', 'text/html; charset=utf-8' );
INSERT INTO files ( gid, file, mime ) VALUES ( '38900', 'http://www.gutenberg.org/files/38900/38900.txt', 'text/plain; charset=us-ascii' );
INSERT INTO files ( gid, file, mime ) VALUES ( '38900', 'http://www.gutenberg.org/files/38900/38900.zip', 'text/plain; charset=us-asciiapplication/zip' );
INSERT INTO titles ( gid, title, author, language, rights ) VALUES ( '39000', 'Women Painters of the World From the Time of Caterina Vigri, 1413-1463, to Rosa Bonheur and the Present Day', '', 'en', 'Public domain in the USA.' );
INSERT INTO classifications ( gid, classification ) VALUES ( '39000', 'ND' );
INSERT INTO subjects ( gid, subject ) VALUES ( '39000', 'Painting -- History' );
INSERT INTO subjects ( gid, subject ) VALUES ( '39000', 'Women painters -- Biography' );
INSERT INTO files ( gid, file, mime ) VALUES ( '39000', 'http://www.gutenberg.org/cache/epub/39000/pg39000.cover.medium.jpg', 'image/jpeg' );
INSERT INTO files ( gid, file, mime ) VALUES ( '39000', 'http://www.gutenberg.org/cache/epub/39000/pg39000.cover.small.jpg', 'image/jpeg' );
INSERT INTO files ( gid, file, mime ) VALUES ( '39000', 'http://www.gutenberg.org/ebooks/39000.epub.images', 'application/epub+zip' );
INSERT INTO files ( gid, file, mime ) VALUES ( '39000', 'http://www.gutenberg.org/ebooks/39000.epub.noimages', 'application/epub+zip' );
INSERT INTO files ( gid, file, mime ) VALUES ( '39000', 'http://www.gutenberg.org/ebooks/39000.kindle.images', 'application/x-mobipocket-ebook' );
INSERT INTO files ( gid, file, mime ) VALUES ( '39000', 'http://www.gutenberg.org/ebooks/39000.kindle.noimages', 'application/x-mobipocket-ebook' );
INSERT INTO files ( gid, file, mime ) VALUES ( '39000', 'http://www.gutenberg.org/ebooks/39000.rdf', 'application/rdf+xml' );
INSERT INTO files ( gid, file, mime ) VALUES ( '39000', 'http://www.gutenberg.org/ebooks/39000.txt.utf-8', 'text/plain' );
INSERT INTO files ( gid, file, mime ) VALUES ( '39000', 'http://www.gutenberg.org/files/39000/39000-8.txt', 'text/plain; charset=iso-8859-1' );
INSERT INTO files ( gid, file, mime ) VALUES ( '39000', 'http://www.gutenberg.org/files/39000/39000-8.zip', 'text/plain; charset=iso-8859-1application/zip' );
INSERT INTO files ( gid, file, mime ) VALUES ( '39000', 'http://www.gutenberg.org/files/39000/39000-h.zip', 'text/html; charset=iso-8859-1application/zip' );
INSERT INTO files ( gid, file, mime ) VALUES ( '39000', 'http://www.gutenberg.org/files/39000/39000-h/39000-h.htm', 'text/html; charset=iso-8859-1' );
INSERT INTO files ( gid, file, mime ) VALUES ( '39000', 'http://www.gutenberg.org/files/39000/39000.txt', 'text/plain; charset=us-ascii' );
INSERT INTO files ( gid, file, mime ) VALUES ( '39000', 'http://www.gutenberg.org/files/39000/39000.zip', 'text/plain; charset=us-asciiapplication/zip' );
INSERT INTO titles ( gid, title, author, language, rights ) VALUES ( '3900', 'Court Memoirs of France Series — Complete', 'Various', 'en', 'Public domain in the USA.' );
INSERT INTO classifications ( gid, classification ) VALUES ( '3900', 'DC' );
INSERT INTO subjects ( gid, subject ) VALUES ( '3900', 'Pompadour, Jeanne Antoinette Poisson, marquise de, 1721-1764' );
INSERT INTO subjects ( gid, subject ) VALUES ( '3900', 'France -- History -- Consulate and First Empire, 1799-1815' );
INSERT INTO subjects ( gid, subject ) VALUES ( '3900', 'Marie Antoinette, Queen, consort of Louis XVI, King of France, 1755-1793' );
INSERT INTO subjects ( gid, subject ) VALUES ( '3900', 'France -- Court and courtiers' );
INSERT INTO subjects ( gid, subject ) VALUES ( '3900', 'Louis XIV, King of France, 1638-1715' );
INSERT INTO files ( gid, file, mime ) VALUES ( '3900', 'http://www.gutenberg.org/ebooks/3900.epub.images', 'application/epub+zip' );
INSERT INTO files ( gid, file, mime ) VALUES ( '3900', 'http://www.gutenberg.org/ebooks/3900.epub.noimages', 'application/epub+zip' );
INSERT INTO files ( gid, file, mime ) VALUES ( '3900', 'http://www.gutenberg.org/ebooks/3900.html.images', 'text/html' );
INSERT INTO files ( gid, file, mime ) VALUES ( '3900', 'http://www.gutenberg.org/ebooks/3900.html.noimages', 'text/html' );
INSERT INTO files ( gid, file, mime ) VALUES ( '3900', 'http://www.gutenberg.org/ebooks/3900.kindle.images', 'application/x-mobipocket-ebook' );
INSERT INTO files ( gid, file, mime ) VALUES ( '3900', 'http://www.gutenberg.org/ebooks/3900.kindle.noimages', 'application/x-mobipocket-ebook' );
INSERT INTO files ( gid, file, mime ) VALUES ( '3900', 'http://www.gutenberg.org/ebooks/3900.rdf', 'application/rdf+xml' );
INSERT INTO files ( gid, file, mime ) VALUES ( '3900', 'http://www.gutenberg.org/ebooks/3900.txt.utf-8', 'text/plain' );
INSERT INTO files ( gid, file, mime ) VALUES ( '3900', 'http://www.gutenberg.org/files/3900/3900.txt', 'text/plain; charset=us-ascii' );
INSERT INTO files ( gid, file, mime ) VALUES ( '3900', 'http://www.gutenberg.org/files/3900/3900.zip', 'application/ziptext/plain; charset=us-ascii' );
INSERT INTO titles ( gid, title, author, language, rights ) VALUES ( '39100', 'Naples, Past and Present', 'Norway, Arthur H. (Arthur Hamilton)', 'en', 'Public domain in the USA.' );
INSERT INTO classifications ( gid, classification ) VALUES ( '39100', 'DG' );
INSERT INTO subjects ( gid, subject ) VALUES ( '39100', 'Naples (Italy) -- Description and travel' );
INSERT INTO files ( gid, file, mime ) VALUES ( '39100', 'http://www.gutenberg.org/ebooks/39100.epub.images', 'application/epub+zip' );
INSERT INTO files ( gid, file, mime ) VALUES ( '39100', 'http://www.gutenberg.org/ebooks/39100.epub.noimages', 'application/epub+zip' );
INSERT INTO files ( gid, file, mime ) VALUES ( '39100', 'http://www.gutenberg.org/ebooks/39100.kindle.images', 'application/x-mobipocket-ebook' );
INSERT INTO files ( gid, file, mime ) VALUES ( '39100', 'http://www.gutenberg.org/ebooks/39100.kindle.noimages', 'application/x-mobipocket-ebook' );
INSERT INTO files ( gid, file, mime ) VALUES ( '39100', 'http://www.gutenberg.org/ebooks/39100.rdf', 'application/rdf+xml' );
INSERT INTO files ( gid, file, mime ) VALUES ( '39100', 'http://www.gutenberg.org/ebooks/39100.txt.utf-8', 'text/plain' );
INSERT INTO files ( gid, file, mime ) VALUES ( '39100', 'http://www.gutenberg.org/files/39100/39100-8.txt', 'text/plain; charset=iso-8859-1' );
INSERT INTO files ( gid, file, mime ) VALUES ( '39100', 'http://www.gutenberg.org/files/39100/39100-8.zip', 'application/ziptext/plain; charset=iso-8859-1' );
INSERT INTO files ( gid, file, mime ) VALUES ( '39100', 'http://www.gutenberg.org/files/39100/39100-h.zip', 'text/html; charset=iso-8859-1application/zip' );
INSERT INTO files ( gid, file, mime ) VALUES ( '39100', 'http://www.gutenberg.org/files/39100/39100-h/39100-h.htm', 'text/html; charset=iso-8859-1' );
INSERT INTO files ( gid, file, mime ) VALUES ( '39100', 'http://www.gutenberg.org/files/39100/39100.txt', 'text/plain; charset=us-ascii' );
INSERT INTO files ( gid, file, mime ) VALUES ( '39100', 'http://www.gutenberg.org/files/39100/39100.zip', 'text/plain; charset=us-asciiapplication/zip' );
INSERT INTO titles ( gid, title, author, language, rights ) VALUES ( '39200', 'The English Novel and the Principle of its Development', 'Lanier, Sidney', 'en', 'Public domain in the USA.' );
INSERT INTO classifications ( gid, classification ) VALUES ( '39200', 'PR' );
INSERT INTO subjects ( gid, subject ) VALUES ( '39200', 'English fiction -- History and criticism' );
INSERT INTO files ( gid, file, mime ) VALUES ( '39200', 'http://www.gutenberg.org/ebooks/39200.epub.images', 'application/epub+zip' );
INSERT INTO files ( gid, file, mime ) VALUES ( '39200', 'http://www.gutenberg.org/ebooks/39200.epub.noimages', 'application/epub+zip' );
INSERT INTO files ( gid, file, mime ) VALUES ( '39200', 'http://www.gutenberg.org/ebooks/39200.kindle.images', 'application/x-mobipocket-ebook' );
INSERT INTO files ( gid, file, mime ) VALUES ( '39200', 'http://www.gutenberg.org/ebooks/39200.kindle.noimages', 'application/x-mobipocket-ebook' );
INSERT INTO files ( gid, file, mime ) VALUES ( '39200', 'http://www.gutenberg.org/ebooks/39200.rdf', 'application/rdf+xml' );
INSERT INTO files ( gid, file, mime ) VALUES ( '39200', 'http://www.gutenberg.org/files/39200/39200-0.txt', 'text/plain; charset=utf-8' );
INSERT INTO files ( gid, file, mime ) VALUES ( '39200', 'http://www.gutenberg.org/files/39200/39200-0.zip', 'text/plain; charset=utf-8application/zip' );
INSERT INTO files ( gid, file, mime ) VALUES ( '39200', 'http://www.gutenberg.org/files/39200/39200-8.txt', 'text/plain; charset=iso-8859-1' );
INSERT INTO files ( gid, file, mime ) VALUES ( '39200', 'http://www.gutenberg.org/files/39200/39200-8.zip', 'text/plain; charset=iso-8859-1application/zip' );
INSERT INTO files ( gid, file, mime ) VALUES ( '39200', 'http://www.gutenberg.org/files/39200/39200-h.zip', 'application/ziptext/html; charset=iso-8859-1' );
INSERT INTO files ( gid, file, mime ) VALUES ( '39200', 'http://www.gutenberg.org/files/39200/39200-h/39200-h.htm', 'text/html; charset=iso-8859-1' );
INSERT INTO files ( gid, file, mime ) VALUES ( '39200', 'http://www.gutenberg.org/files/39200/39200.txt', 'text/plain; charset=us-ascii' );
INSERT INTO files ( gid, file, mime ) VALUES ( '39200', 'http://www.gutenberg.org/files/39200/39200.zip', 'text/plain; charset=us-asciiapplication/zip' );
INSERT INTO titles ( gid, title, author, language, rights ) VALUES ( '39300', 'The Psychology of Arithmetic', 'Thorndike, Edward L. (Edward Lee)', 'en', 'Public domain in the USA.' );
INSERT INTO classifications ( gid, classification ) VALUES ( '39300', 'QA' );
INSERT INTO subjects ( gid, subject ) VALUES ( '39300', 'Arithmetic -- Study and teaching' );
INSERT INTO files ( gid, file, mime ) VALUES ( '39300', 'http://www.gutenberg.org/ebooks/39300.epub.images', 'application/epub+zip' );
INSERT INTO files ( gid, file, mime ) VALUES ( '39300', 'http://www.gutenberg.org/ebooks/39300.epub.noimages', 'application/epub+zip' );
INSERT INTO files ( gid, file, mime ) VALUES ( '39300', 'http://www.gutenberg.org/ebooks/39300.kindle.images', 'application/x-mobipocket-ebook' );
INSERT INTO files ( gid, file, mime ) VALUES ( '39300', 'http://www.gutenberg.org/ebooks/39300.kindle.noimages', 'application/x-mobipocket-ebook' );
INSERT INTO files ( gid, file, mime ) VALUES ( '39300', 'http://www.gutenberg.org/ebooks/39300.rdf', 'application/rdf+xml' );
INSERT INTO files ( gid, file, mime ) VALUES ( '39300', 'http://www.gutenberg.org/ebooks/39300.txt.utf-8', 'text/plain' );
INSERT INTO files ( gid, file, mime ) VALUES ( '39300', 'http://www.gutenberg.org/files/39300/39300-8.txt', 'text/plain; charset=iso-8859-1' );
INSERT INTO files ( gid, file, mime ) VALUES ( '39300', 'http://www.gutenberg.org/files/39300/39300-8.zip', 'application/ziptext/plain; charset=iso-8859-1' );
INSERT INTO files ( gid, file, mime ) VALUES ( '39300', 'http://www.gutenberg.org/files/39300/39300-h.zip', 'text/html; charset=iso-8859-1application/zip' );
INSERT INTO files ( gid, file, mime ) VALUES ( '39300', 'http://www.gutenberg.org/files/39300/39300-h/39300-h.htm', 'text/html; charset=iso-8859-1' );
INSERT INTO files ( gid, file, mime ) VALUES ( '39300', 'http://www.gutenberg.org/files/39300/39300.txt', 'text/plain; charset=us-ascii' );
INSERT INTO files ( gid, file, mime ) VALUES ( '39300', 'http://www.gutenberg.org/files/39300/39300.zip', 'application/ziptext/plain; charset=us-ascii' );
INSERT INTO titles ( gid, title, author, language, rights ) VALUES ( '39500', 'Beauties and Antiquities of Ireland Being a Tourist''s Guide to Its Most Beautiful Scenery & an Archæologist''s Manual for Its Most Interesting Ruins', 'Russell, Thomas O’Neill', 'en', 'Public domain in the USA.' );
INSERT INTO classifications ( gid, classification ) VALUES ( '39500', 'DA' );
INSERT INTO subjects ( gid, subject ) VALUES ( '39500', 'Ireland -- Description and travel' );
INSERT INTO subjects ( gid, subject ) VALUES ( '39500', 'Ireland -- Antiquities' );
INSERT INTO files ( gid, file, mime ) VALUES ( '39500', 'http://www.gutenberg.org/cache/epub/39500/pg39500.cover.medium.jpg', 'image/jpeg' );
INSERT INTO files ( gid, file, mime ) VALUES ( '39500', 'http://www.gutenberg.org/cache/epub/39500/pg39500.cover.small.jpg', 'image/jpeg' );
INSERT INTO files ( gid, file, mime ) VALUES ( '39500', 'http://www.gutenberg.org/ebooks/39500.epub.images', 'application/epub+zip' );
INSERT INTO files ( gid, file, mime ) VALUES ( '39500', 'http://www.gutenberg.org/ebooks/39500.epub.noimages', 'application/epub+zip' );
INSERT INTO files ( gid, file, mime ) VALUES ( '39500', 'http://www.gutenberg.org/ebooks/39500.kindle.images', 'application/x-mobipocket-ebook' );
INSERT INTO files ( gid, file, mime ) VALUES ( '39500', 'http://www.gutenberg.org/ebooks/39500.kindle.noimages', 'application/x-mobipocket-ebook' );
INSERT INTO files ( gid, file, mime ) VALUES ( '39500', 'http://www.gutenberg.org/ebooks/39500.rdf', 'application/rdf+xml' );
INSERT INTO files ( gid, file, mime ) VALUES ( '39500', 'http://www.gutenberg.org/ebooks/39500.txt.utf-8', 'text/plain' );
INSERT INTO files ( gid, file, mime ) VALUES ( '39500', 'http://www.gutenberg.org/files/39500/39500-8.txt', 'text/plain; charset=iso-8859-1' );
INSERT INTO files ( gid, file, mime ) VALUES ( '39500', 'http://www.gutenberg.org/files/39500/39500-8.zip', 'application/ziptext/plain; charset=iso-8859-1' );
INSERT INTO files ( gid, file, mime ) VALUES ( '39500', 'http://www.gutenberg.org/files/39500/39500-h.zip', 'text/html; charset=iso-8859-1application/zip' );
INSERT INTO files ( gid, file, mime ) VALUES ( '39500', 'http://www.gutenberg.org/files/39500/39500-h/39500-h.htm', 'text/html; charset=iso-8859-1' );
INSERT INTO files ( gid, file, mime ) VALUES ( '39500', 'http://www.gutenberg.org/files/39500/39500.txt', 'text/plain; charset=us-ascii' );
INSERT INTO files ( gid, file, mime ) VALUES ( '39500', 'http://www.gutenberg.org/files/39500/39500.zip', 'application/ziptext/plain; charset=us-ascii' );
INSERT INTO titles ( gid, title, author, language, rights ) VALUES ( '39400', 'Christ''s Journal', 'Bartlett, Paul Alexander', 'en', 'Copyrighted. Read the copyright notice inside this book for details.' );
INSERT INTO classifications ( gid, classification ) VALUES ( '39400', 'PS' );
INSERT INTO subjects ( gid, subject ) VALUES ( '39400', 'Jesus Christ -- Fiction' );
INSERT INTO subjects ( gid, subject ) VALUES ( '39400', 'Diary fiction' );
INSERT INTO subjects ( gid, subject ) VALUES ( '39400', 'Historical fiction' );
INSERT INTO files ( gid, file, mime ) VALUES ( '39400', 'http://www.gutenberg.org/cache/epub/39400/pg39400.cover.medium.jpg', 'image/jpeg' );
INSERT INTO files ( gid, file, mime ) VALUES ( '39400', 'http://www.gutenberg.org/cache/epub/39400/pg39400.cover.small.jpg', 'image/jpeg' );
INSERT INTO files ( gid, file, mime ) VALUES ( '39400', 'http://www.gutenberg.org/ebooks/39400.epub.images', 'application/epub+zip' );
INSERT INTO files ( gid, file, mime ) VALUES ( '39400', 'http://www.gutenberg.org/ebooks/39400.epub.noimages', 'application/epub+zip' );
INSERT INTO files ( gid, file, mime ) VALUES ( '39400', 'http://www.gutenberg.org/ebooks/39400.kindle.images', 'application/x-mobipocket-ebook' );
INSERT INTO files ( gid, file, mime ) VALUES ( '39400', 'http://www.gutenberg.org/ebooks/39400.kindle.noimages', 'application/x-mobipocket-ebook' );
INSERT INTO files ( gid, file, mime ) VALUES ( '39400', 'http://www.gutenberg.org/ebooks/39400.rdf', 'application/rdf+xml' );
INSERT INTO files ( gid, file, mime ) VALUES ( '39400', 'http://www.gutenberg.org/files/39400/39400-0.txt', 'text/plain; charset=utf-8' );
INSERT INTO files ( gid, file, mime ) VALUES ( '39400', 'http://www.gutenberg.org/files/39400/39400-0.zip', 'application/ziptext/plain; charset=utf-8' );
INSERT INTO files ( gid, file, mime ) VALUES ( '39400', 'http://www.gutenberg.org/files/39400/39400-doc.doc', 'application/msword' );
INSERT INTO files ( gid, file, mime ) VALUES ( '39400', 'http://www.gutenberg.org/files/39400/39400-doc.zip', 'application/zipapplication/msword' );
INSERT INTO files ( gid, file, mime ) VALUES ( '39400', 'http://www.gutenberg.org/files/39400/39400-h.zip', 'text/html; charset=utf-8application/zip' );
INSERT INTO files ( gid, file, mime ) VALUES ( '39400', 'http://www.gutenberg.org/files/39400/39400-h/39400-h.htm', 'text/html; charset=utf-8' );
INSERT INTO files ( gid, file, mime ) VALUES ( '39400', 'http://www.gutenberg.org/files/39400/39400-pdf.pdf', 'application/pdf' );
INSERT INTO files ( gid, file, mime ) VALUES ( '39400', 'http://www.gutenberg.org/files/39400/39400-pdf.zip', 'application/pdfapplication/zip' );
INSERT INTO titles ( gid, title, author, language, rights ) VALUES ( '39600', 'Ελληνική Εποποιία, Ο Εωσφόρος: [Ιωάννης Τσιμισκής]', 'Papantoniou, Ch.', 'el', 'Public domain in the USA.' );
INSERT INTO classifications ( gid, classification ) VALUES ( '39600', 'DF' );
INSERT INTO subjects ( gid, subject ) VALUES ( '39600', 'John I Tzimisces, Emperor of the East, 925-976' );
INSERT INTO files ( gid, file, mime ) VALUES ( '39600', 'http://www.gutenberg.org/cache/epub/39600/pg39600.cover.medium.jpg', 'image/jpeg' );
INSERT INTO files ( gid, file, mime ) VALUES ( '39600', 'http://www.gutenberg.org/cache/epub/39600/pg39600.cover.small.jpg', 'image/jpeg' );
INSERT INTO files ( gid, file, mime ) VALUES ( '39600', 'http://www.gutenberg.org/ebooks/39600.epub.images', 'application/epub+zip' );
INSERT INTO files ( gid, file, mime ) VALUES ( '39600', 'http://www.gutenberg.org/ebooks/39600.epub.noimages', 'application/epub+zip' );
INSERT INTO files ( gid, file, mime ) VALUES ( '39600', 'http://www.gutenberg.org/ebooks/39600.kindle.images', 'application/x-mobipocket-ebook' );
INSERT INTO files ( gid, file, mime ) VALUES ( '39600', 'http://www.gutenberg.org/ebooks/39600.kindle.noimages', 'application/x-mobipocket-ebook' );
INSERT INTO files ( gid, file, mime ) VALUES ( '39600', 'http://www.gutenberg.org/ebooks/39600.rdf', 'application/rdf+xml' );
INSERT INTO files ( gid, file, mime ) VALUES ( '39600', 'http://www.gutenberg.org/files/39600/39600-0.txt', 'text/plain; charset=utf-8' );
INSERT INTO files ( gid, file, mime ) VALUES ( '39600', 'http://www.gutenberg.org/files/39600/39600-0.zip', 'text/plain; charset=utf-8application/zip' );
INSERT INTO files ( gid, file, mime ) VALUES ( '39600', 'http://www.gutenberg.org/files/39600/39600-h.zip', 'application/ziptext/html; charset=utf-8' );
INSERT INTO files ( gid, file, mime ) VALUES ( '39600', 'http://www.gutenberg.org/files/39600/39600-h/39600-h.htm', 'text/html; charset=utf-8' );
INSERT INTO titles ( gid, title, author, language, rights ) VALUES ( '39700', 'Encyclopaedia Britannica, 11th Edition, "Isabnormal Lines" to "Italic" Volume 14, Slice 8', 'Various', 'en', 'Public domain in the USA.' );
INSERT INTO classifications ( gid, classification ) VALUES ( '39700', 'AE' );
INSERT INTO subjects ( gid, subject ) VALUES ( '39700', 'Encyclopedias and dictionaries' );
INSERT INTO files ( gid, file, mime ) VALUES ( '39700', 'http://www.gutenberg.org/ebooks/39700.epub.images', 'application/epub+zip' );
INSERT INTO files ( gid, file, mime ) VALUES ( '39700', 'http://www.gutenberg.org/ebooks/39700.epub.noimages', 'application/epub+zip' );
INSERT INTO files ( gid, file, mime ) VALUES ( '39700', 'http://www.gutenberg.org/ebooks/39700.kindle.images', 'application/x-mobipocket-ebook' );
INSERT INTO files ( gid, file, mime ) VALUES ( '39700', 'http://www.gutenberg.org/ebooks/39700.kindle.noimages', 'application/x-mobipocket-ebook' );
INSERT INTO files ( gid, file, mime ) VALUES ( '39700', 'http://www.gutenberg.org/ebooks/39700.rdf', 'application/rdf+xml' );
INSERT INTO files ( gid, file, mime ) VALUES ( '39700', 'http://www.gutenberg.org/ebooks/39700.txt.utf-8', 'text/plain' );
INSERT INTO files ( gid, file, mime ) VALUES ( '39700', 'http://www.gutenberg.org/files/39700/39700-8.txt', 'text/plain; charset=iso-8859-1' );
INSERT INTO files ( gid, file, mime ) VALUES ( '39700', 'http://www.gutenberg.org/files/39700/39700-8.zip', 'text/plain; charset=iso-8859-1application/zip' );
INSERT INTO files ( gid, file, mime ) VALUES ( '39700', 'http://www.gutenberg.org/files/39700/39700-h.zip', 'text/html; charset=iso-8859-1application/zip' );
INSERT INTO files ( gid, file, mime ) VALUES ( '39700', 'http://www.gutenberg.org/files/39700/39700-h/39700-h.htm', 'text/html; charset=iso-8859-1' );
INSERT INTO files ( gid, file, mime ) VALUES ( '39700', 'http://www.gutenberg.org/files/39700/39700.txt', 'text/plain; charset=us-ascii' );
INSERT INTO files ( gid, file, mime ) VALUES ( '39700', 'http://www.gutenberg.org/files/39700/39700.zip', 'application/ziptext/plain; charset=us-ascii' );
INSERT INTO titles ( gid, title, author, language, rights ) VALUES ( '39900', 'The Slipper Point Mystery', 'Seaman, Augusta Huiell', 'en', 'Public domain in the USA.' );
INSERT INTO classifications ( gid, classification ) VALUES ( '39900', 'PZ' );
INSERT INTO subjects ( gid, subject ) VALUES ( '39900', 'Treasure troves -- Juvenile fiction' );
INSERT INTO subjects ( gid, subject ) VALUES ( '39900', 'Mystery fiction' );
INSERT INTO subjects ( gid, subject ) VALUES ( '39900', 'Girls -- Juvenile fiction' );
INSERT INTO files ( gid, file, mime ) VALUES ( '39900', 'http://www.gutenberg.org/ebooks/39900.epub.images', 'application/epub+zip' );
INSERT INTO files ( gid, file, mime ) VALUES ( '39900', 'http://www.gutenberg.org/ebooks/39900.epub.noimages', 'application/epub+zip' );
INSERT INTO files ( gid, file, mime ) VALUES ( '39900', 'http://www.gutenberg.org/ebooks/39900.kindle.images', 'application/x-mobipocket-ebook' );
INSERT INTO files ( gid, file, mime ) VALUES ( '39900', 'http://www.gutenberg.org/ebooks/39900.kindle.noimages', 'application/x-mobipocket-ebook' );
INSERT INTO files ( gid, file, mime ) VALUES ( '39900', 'http://www.gutenberg.org/ebooks/39900.rdf', 'application/rdf+xml' );
INSERT INTO files ( gid, file, mime ) VALUES ( '39900', 'http://www.gutenberg.org/ebooks/39900.txt.utf-8', 'text/plain' );
INSERT INTO files ( gid, file, mime ) VALUES ( '39900', 'http://www.gutenberg.org/files/39900/39900-8.txt', 'text/plain; charset=iso-8859-1' );
INSERT INTO files ( gid, file, mime ) VALUES ( '39900', 'http://www.gutenberg.org/files/39900/39900-8.zip', 'text/plain; charset=iso-8859-1application/zip' );
INSERT INTO files ( gid, file, mime ) VALUES ( '39900', 'http://www.gutenberg.org/files/39900/39900-h.zip', 'text/html; charset=iso-8859-1application/zip' );
INSERT INTO files ( gid, file, mime ) VALUES ( '39900', 'http://www.gutenberg.org/files/39900/39900-h/39900-h.htm', 'text/html; charset=iso-8859-1' );
INSERT INTO files ( gid, file, mime ) VALUES ( '39900', 'http://www.gutenberg.org/files/39900/39900.txt', 'text/plain; charset=us-ascii' );
INSERT INTO files ( gid, file, mime ) VALUES ( '39900', 'http://www.gutenberg.org/files/39900/39900.zip', 'application/ziptext/plain; charset=us-ascii' );
INSERT INTO titles ( gid, title, author, language, rights ) VALUES ( '39800', 'The Adventures of Dick Trevanion: A Story of Eighteen Hundred and Four', 'Strang, Herbert', 'en', 'Public domain in the USA.' );
INSERT INTO classifications ( gid, classification ) VALUES ( '39800', 'PZ' );
INSERT INTO subjects ( gid, subject ) VALUES ( '39800', 'Boys -- Juvenile fiction' );
INSERT INTO subjects ( gid, subject ) VALUES ( '39800', 'Smugglers -- Juvenile fiction' );
INSERT INTO subjects ( gid, subject ) VALUES ( '39800', 'Great Britain -- History -- 19th century -- Juvenile fiction' );
INSERT INTO files ( gid, file, mime ) VALUES ( '39800', 'http://www.gutenberg.org/cache/epub/39800/pg39800.cover.medium.jpg', 'image/jpeg' );
INSERT INTO files ( gid, file, mime ) VALUES ( '39800', 'http://www.gutenberg.org/cache/epub/39800/pg39800.cover.small.jpg', 'image/jpeg' );
INSERT INTO files ( gid, file, mime ) VALUES ( '39800', 'http://www.gutenberg.org/ebooks/39800.epub.images', 'application/epub+zip' );
INSERT INTO files ( gid, file, mime ) VALUES ( '39800', 'http://www.gutenberg.org/ebooks/39800.epub.noimages', 'application/epub+zip' );
INSERT INTO files ( gid, file, mime ) VALUES ( '39800', 'http://www.gutenberg.org/ebooks/39800.kindle.images', 'application/x-mobipocket-ebook' );
INSERT INTO files ( gid, file, mime ) VALUES ( '39800', 'http://www.gutenberg.org/ebooks/39800.kindle.noimages', 'application/x-mobipocket-ebook' );
INSERT INTO files ( gid, file, mime ) VALUES ( '39800', 'http://www.gutenberg.org/ebooks/39800.rdf', 'application/rdf+xml' );
INSERT INTO files ( gid, file, mime ) VALUES ( '39800', 'http://www.gutenberg.org/ebooks/39800.rst.gen', 'text/x-rst' );
INSERT INTO files ( gid, file, mime ) VALUES ( '39800', 'http://www.gutenberg.org/files/39800/39800-0.txt', 'text/plain; charset=utf-8' );
INSERT INTO files ( gid, file, mime ) VALUES ( '39800', 'http://www.gutenberg.org/files/39800/39800-0.zip', 'text/plain; charset=utf-8application/zip' );
INSERT INTO files ( gid, file, mime ) VALUES ( '39800', 'http://www.gutenberg.org/files/39800/39800-8.txt', 'text/plain; charset=iso-8859-1' );
INSERT INTO files ( gid, file, mime ) VALUES ( '39800', 'http://www.gutenberg.org/files/39800/39800-8.zip', 'application/ziptext/plain; charset=iso-8859-1' );
INSERT INTO files ( gid, file, mime ) VALUES ( '39800', 'http://www.gutenberg.org/files/39800/39800-h.zip', 'text/html; charset=utf-8application/zip' );
INSERT INTO files ( gid, file, mime ) VALUES ( '39800', 'http://www.gutenberg.org/files/39800/39800-h/39800-h.html', 'text/html; charset=utf-8' );
INSERT INTO files ( gid, file, mime ) VALUES ( '39800', 'http://www.gutenberg.org/files/39800/39800-rst.zip', 'text/x-rstapplication/zip' );
INSERT INTO files ( gid, file, mime ) VALUES ( '39800', 'http://www.gutenberg.org/files/39800/39800-rst/39800-rst.rst', 'text/x-rst' );
INSERT INTO files ( gid, file, mime ) VALUES ( '39800', 'http://www.gutenberg.org/files/39800/39800.txt', 'text/plain; charset=us-ascii' );
INSERT INTO files ( gid, file, mime ) VALUES ( '39800', 'http://www.gutenberg.org/files/39800/39800.zip', 'text/plain; charset=us-asciiapplication/zip' );
INSERT INTO titles ( gid, title, author, language, rights ) VALUES ( '40000', 'Extinct Birds An attempt to unite in one volume a short account of those Birds which have become extinct in historical times', 'Rothschild, Lionel Walter Rothschild, Baron', 'en', 'Public domain in the USA.' );
INSERT INTO classifications ( gid, classification ) VALUES ( '40000', 'QL' );
INSERT INTO subjects ( gid, subject ) VALUES ( '40000', 'Birds' );
INSERT INTO subjects ( gid, subject ) VALUES ( '40000', 'Extinct birds' );
INSERT INTO files ( gid, file, mime ) VALUES ( '40000', 'http://www.gutenberg.org/ebooks/40000.epub.images', 'application/epub+zip' );
INSERT INTO files ( gid, file, mime ) VALUES ( '40000', 'http://www.gutenberg.org/ebooks/40000.epub.noimages', 'application/epub+zip' );
INSERT INTO files ( gid, file, mime ) VALUES ( '40000', 'http://www.gutenberg.org/ebooks/40000.kindle.images', 'application/x-mobipocket-ebook' );
INSERT INTO files ( gid, file, mime ) VALUES ( '40000', 'http://www.gutenberg.org/ebooks/40000.kindle.noimages', 'application/x-mobipocket-ebook' );
INSERT INTO files ( gid, file, mime ) VALUES ( '40000', 'http://www.gutenberg.org/ebooks/40000.rdf', 'application/rdf+xml' );
INSERT INTO files ( gid, file, mime ) VALUES ( '40000', 'http://www.gutenberg.org/ebooks/40000.txt.utf-8', 'text/plain' );
INSERT INTO files ( gid, file, mime ) VALUES ( '40000', 'http://www.gutenberg.org/files/40000/40000-8.zip', 'text/plain; charset=iso-8859-1application/zip' );
INSERT INTO files ( gid, file, mime ) VALUES ( '40000', 'http://www.gutenberg.org/files/40000/40000-h.zip', 'application/ziptext/html; charset=iso-8859-1' );
INSERT INTO files ( gid, file, mime ) VALUES ( '40000', 'http://www.gutenberg.org/files/40000/40000-h/40000-h.htm', 'text/html; charset=iso-8859-1' );
INSERT INTO files ( gid, file, mime ) VALUES ( '40000', 'http://www.gutenberg.org/files/40000/40000.txt', 'text/plain; charset=us-ascii' );
INSERT INTO files ( gid, file, mime ) VALUES ( '40000', 'http://www.gutenberg.org/files/40000/40000.zip', 'text/plain; charset=us-asciiapplication/zip' );
INSERT INTO titles ( gid, title, author, language, rights ) VALUES ( '4000', 'The Immortals: Masterpieces of Fiction, Crowned by the French Academy — Complete', 'Various', 'en', 'Public domain in the USA.' );
INSERT INTO classifications ( gid, classification ) VALUES ( '4000', 'PQ' );
INSERT INTO subjects ( gid, subject ) VALUES ( '4000', 'Literature -- Collections' );
INSERT INTO subjects ( gid, subject ) VALUES ( '4000', 'French fiction' );
INSERT INTO files ( gid, file, mime ) VALUES ( '4000', 'http://www.gutenberg.org/cache/epub/4000/pg4000.cover.medium.jpg', 'image/jpeg' );
INSERT INTO files ( gid, file, mime ) VALUES ( '4000', 'http://www.gutenberg.org/cache/epub/4000/pg4000.cover.small.jpg', 'image/jpeg' );
INSERT INTO files ( gid, file, mime ) VALUES ( '4000', 'http://www.gutenberg.org/ebooks/4000.epub.images', 'application/epub+zip' );
INSERT INTO files ( gid, file, mime ) VALUES ( '4000', 'http://www.gutenberg.org/ebooks/4000.epub.noimages', 'application/epub+zip' );
INSERT INTO files ( gid, file, mime ) VALUES ( '4000', 'http://www.gutenberg.org/ebooks/4000.kindle.images', 'application/x-mobipocket-ebook' );
INSERT INTO files ( gid, file, mime ) VALUES ( '4000', 'http://www.gutenberg.org/ebooks/4000.kindle.noimages', 'application/x-mobipocket-ebook' );
INSERT INTO files ( gid, file, mime ) VALUES ( '4000', 'http://www.gutenberg.org/ebooks/4000.rdf', 'application/rdf+xml' );
INSERT INTO files ( gid, file, mime ) VALUES ( '4000', 'http://www.gutenberg.org/ebooks/4000.txt.utf-8', 'text/plain' );
INSERT INTO files ( gid, file, mime ) VALUES ( '4000', 'http://www.gutenberg.org/files/4000/4000-h/4000-h.htm', 'text/html; charset=us-ascii' );
INSERT INTO files ( gid, file, mime ) VALUES ( '4000', 'http://www.gutenberg.org/files/4000/4000.txt', 'text/plain; charset=us-ascii' );
INSERT INTO files ( gid, file, mime ) VALUES ( '4000', 'http://www.gutenberg.org/files/4000/4000.zip', 'application/ziptext/plain; charset=us-ascii' );
INSERT INTO files ( gid, file, mime ) VALUES ( '4000', 'http://www.gutenberg.org/files/4000/instructions.txt', 'text/plain; charset=us-ascii' );
INSERT INTO titles ( gid, title, author, language, rights ) VALUES ( '400', 'Helen of Troy, and Other Poems', 'Teasdale, Sara', 'en', 'Public domain in the USA.' );
INSERT INTO classifications ( gid, classification ) VALUES ( '400', 'PS' );
INSERT INTO subjects ( gid, subject ) VALUES ( '400', 'Mythology, Greek -- Poetry' );
INSERT INTO subjects ( gid, subject ) VALUES ( '400', 'Lyric poetry' );
INSERT INTO subjects ( gid, subject ) VALUES ( '400', 'Helen, of Troy, Queen of Sparta -- Poetry' );
INSERT INTO files ( gid, file, mime ) VALUES ( '400', 'http://www.gutenberg.org/ebooks/400.epub.images', 'application/epub+zip' );
INSERT INTO files ( gid, file, mime ) VALUES ( '400', 'http://www.gutenberg.org/ebooks/400.epub.noimages', 'application/epub+zip' );
INSERT INTO files ( gid, file, mime ) VALUES ( '400', 'http://www.gutenberg.org/ebooks/400.html.images', 'text/html' );
INSERT INTO files ( gid, file, mime ) VALUES ( '400', 'http://www.gutenberg.org/ebooks/400.html.noimages', 'text/html' );
INSERT INTO files ( gid, file, mime ) VALUES ( '400', 'http://www.gutenberg.org/ebooks/400.kindle.images', 'application/x-mobipocket-ebook' );
INSERT INTO files ( gid, file, mime ) VALUES ( '400', 'http://www.gutenberg.org/ebooks/400.kindle.noimages', 'application/x-mobipocket-ebook' );
INSERT INTO files ( gid, file, mime ) VALUES ( '400', 'http://www.gutenberg.org/ebooks/400.rdf', 'application/rdf+xml' );
INSERT INTO files ( gid, file, mime ) VALUES ( '400', 'http://www.gutenberg.org/ebooks/400.txt.utf-8', 'text/plain' );
INSERT INTO files ( gid, file, mime ) VALUES ( '400', 'http://www.gutenberg.org/files/400/400.txt', 'text/plain; charset=us-ascii' );
INSERT INTO files ( gid, file, mime ) VALUES ( '400', 'http://www.gutenberg.org/files/400/400.zip', 'application/ziptext/plain; charset=us-ascii' );
INSERT INTO titles ( gid, title, author, language, rights ) VALUES ( '40100', 'Life Histories of North American Wood Warblers, Part One and Part Two', 'Bent, Arthur Cleveland', 'en', 'Public domain in the USA.' );
INSERT INTO classifications ( gid, classification ) VALUES ( '40100', 'QL' );
INSERT INTO subjects ( gid, subject ) VALUES ( '40100', 'Birds -- North America' );
INSERT INTO subjects ( gid, subject ) VALUES ( '40100', 'Passeriformes' );
INSERT INTO subjects ( gid, subject ) VALUES ( '40100', 'Wood warblers' );
INSERT INTO files ( gid, file, mime ) VALUES ( '40100', 'http://www.gutenberg.org/cache/epub/40100/pg40100.cover.medium.jpg', 'image/jpeg' );
INSERT INTO files ( gid, file, mime ) VALUES ( '40100', 'http://www.gutenberg.org/cache/epub/40100/pg40100.cover.small.jpg', 'image/jpeg' );
INSERT INTO files ( gid, file, mime ) VALUES ( '40100', 'http://www.gutenberg.org/ebooks/40100.epub.images', 'application/epub+zip' );
INSERT INTO files ( gid, file, mime ) VALUES ( '40100', 'http://www.gutenberg.org/ebooks/40100.epub.noimages', 'application/epub+zip' );
INSERT INTO files ( gid, file, mime ) VALUES ( '40100', 'http://www.gutenberg.org/ebooks/40100.kindle.images', 'application/x-mobipocket-ebook' );
INSERT INTO files ( gid, file, mime ) VALUES ( '40100', 'http://www.gutenberg.org/ebooks/40100.kindle.noimages', 'application/x-mobipocket-ebook' );
INSERT INTO files ( gid, file, mime ) VALUES ( '40100', 'http://www.gutenberg.org/ebooks/40100.rdf', 'application/rdf+xml' );
INSERT INTO files ( gid, file, mime ) VALUES ( '40100', 'http://www.gutenberg.org/ebooks/40100.txt.utf-8', 'text/plain' );
INSERT INTO files ( gid, file, mime ) VALUES ( '40100', 'http://www.gutenberg.org/files/40100/40100-8.txt', 'text/plain; charset=iso-8859-1' );
INSERT INTO files ( gid, file, mime ) VALUES ( '40100', 'http://www.gutenberg.org/files/40100/40100-8.zip', 'application/ziptext/plain; charset=iso-8859-1' );
INSERT INTO files ( gid, file, mime ) VALUES ( '40100', 'http://www.gutenberg.org/files/40100/40100-h.zip', 'application/ziptext/html; charset=iso-8859-1' );
INSERT INTO files ( gid, file, mime ) VALUES ( '40100', 'http://www.gutenberg.org/files/40100/40100-h/40100-h.htm', 'text/html; charset=iso-8859-1' );
INSERT INTO files ( gid, file, mime ) VALUES ( '40100', 'http://www.gutenberg.org/files/40100/40100.txt', 'text/plain; charset=us-ascii' );
INSERT INTO files ( gid, file, mime ) VALUES ( '40100', 'http://www.gutenberg.org/files/40100/40100.zip', 'application/ziptext/plain; charset=us-ascii' );
INSERT INTO titles ( gid, title, author, language, rights ) VALUES ( '40200', 'Exultations', 'Pound, Ezra', 'en', 'Public domain in the USA.' );
INSERT INTO classifications ( gid, classification ) VALUES ( '40200', 'PS' );
INSERT INTO subjects ( gid, subject ) VALUES ( '40200', 'Poetry, Modern -- 20th century' );
INSERT INTO files ( gid, file, mime ) VALUES ( '40200', 'http://www.gutenberg.org/ebooks/40200.epub.images', 'application/epub+zip' );
INSERT INTO files ( gid, file, mime ) VALUES ( '40200', 'http://www.gutenberg.org/ebooks/40200.epub.noimages', 'application/epub+zip' );
INSERT INTO files ( gid, file, mime ) VALUES ( '40200', 'http://www.gutenberg.org/ebooks/40200.kindle.images', 'application/x-mobipocket-ebook' );
INSERT INTO files ( gid, file, mime ) VALUES ( '40200', 'http://www.gutenberg.org/ebooks/40200.kindle.noimages', 'application/x-mobipocket-ebook' );
INSERT INTO files ( gid, file, mime ) VALUES ( '40200', 'http://www.gutenberg.org/ebooks/40200.rdf', 'application/rdf+xml' );
INSERT INTO files ( gid, file, mime ) VALUES ( '40200', 'http://www.gutenberg.org/files/40200/40200-0.txt', 'text/plain; charset=utf-8' );
INSERT INTO files ( gid, file, mime ) VALUES ( '40200', 'http://www.gutenberg.org/files/40200/40200-0.zip', 'application/ziptext/plain; charset=utf-8' );
INSERT INTO files ( gid, file, mime ) VALUES ( '40200', 'http://www.gutenberg.org/files/40200/40200-8.txt', 'text/plain; charset=iso-8859-1' );
INSERT INTO files ( gid, file, mime ) VALUES ( '40200', 'http://www.gutenberg.org/files/40200/40200-8.zip', 'text/plain; charset=iso-8859-1application/zip' );
INSERT INTO files ( gid, file, mime ) VALUES ( '40200', 'http://www.gutenberg.org/files/40200/40200-h.zip', 'application/ziptext/html; charset=utf-8' );
INSERT INTO files ( gid, file, mime ) VALUES ( '40200', 'http://www.gutenberg.org/files/40200/40200-h/40200-h.htm', 'text/html; charset=utf-8' );
INSERT INTO files ( gid, file, mime ) VALUES ( '40200', 'http://www.gutenberg.org/files/40200/40200.txt', 'text/plain; charset=us-ascii' );
INSERT INTO files ( gid, file, mime ) VALUES ( '40200', 'http://www.gutenberg.org/files/40200/40200.zip', 'application/ziptext/plain; charset=us-ascii' );
INSERT INTO titles ( gid, title, author, language, rights ) VALUES ( '40300', 'Dorothy', 'Raymond, Evelyn', 'en', 'Public domain in the USA.' );
INSERT INTO classifications ( gid, classification ) VALUES ( '40300', 'PZ' );
INSERT INTO subjects ( gid, subject ) VALUES ( '40300', 'Kidnapping -- Juvenile fiction' );
INSERT INTO subjects ( gid, subject ) VALUES ( '40300', 'Children and adults -- Juvenile fiction' );
INSERT INTO subjects ( gid, subject ) VALUES ( '40300', 'Orphans -- Juvenile fiction' );
INSERT INTO subjects ( gid, subject ) VALUES ( '40300', 'Chester, Dorothy (Fictitious character) -- Juvenile fiction' );
INSERT INTO subjects ( gid, subject ) VALUES ( '40300', 'Baltimore (Md.) -- Social life and customs -- Juvenile fiction' );
INSERT INTO subjects ( gid, subject ) VALUES ( '40300', 'Bildungsromans' );
INSERT INTO files ( gid, file, mime ) VALUES ( '40300', 'http://www.gutenberg.org/cache/epub/40300/pg40300.cover.medium.jpg', 'image/jpeg' );
INSERT INTO files ( gid, file, mime ) VALUES ( '40300', 'http://www.gutenberg.org/cache/epub/40300/pg40300.cover.small.jpg', 'image/jpeg' );
INSERT INTO files ( gid, file, mime ) VALUES ( '40300', 'http://www.gutenberg.org/ebooks/40300.epub.images', 'application/epub+zip' );
INSERT INTO files ( gid, file, mime ) VALUES ( '40300', 'http://www.gutenberg.org/ebooks/40300.epub.noimages', 'application/epub+zip' );
INSERT INTO files ( gid, file, mime ) VALUES ( '40300', 'http://www.gutenberg.org/ebooks/40300.kindle.images', 'application/x-mobipocket-ebook' );
INSERT INTO files ( gid, file, mime ) VALUES ( '40300', 'http://www.gutenberg.org/ebooks/40300.kindle.noimages', 'application/x-mobipocket-ebook' );
INSERT INTO files ( gid, file, mime ) VALUES ( '40300', 'http://www.gutenberg.org/ebooks/40300.rdf', 'application/rdf+xml' );
INSERT INTO files ( gid, file, mime ) VALUES ( '40300', 'http://www.gutenberg.org/ebooks/40300.txt.utf-8', 'text/plain' );
INSERT INTO files ( gid, file, mime ) VALUES ( '40300', 'http://www.gutenberg.org/files/40300/40300-8.txt', 'text/plain; charset=iso-8859-1' );
INSERT INTO files ( gid, file, mime ) VALUES ( '40300', 'http://www.gutenberg.org/files/40300/40300-8.zip', 'text/plain; charset=iso-8859-1application/zip' );
INSERT INTO files ( gid, file, mime ) VALUES ( '40300', 'http://www.gutenberg.org/files/40300/40300-h.zip', 'text/html; charset=iso-8859-1application/zip' );
INSERT INTO files ( gid, file, mime ) VALUES ( '40300', 'http://www.gutenberg.org/files/40300/40300-h/40300-h.htm', 'text/html; charset=iso-8859-1' );
INSERT INTO files ( gid, file, mime ) VALUES ( '40300', 'http://www.gutenberg.org/files/40300/40300.txt', 'text/plain; charset=us-ascii' );
INSERT INTO files ( gid, file, mime ) VALUES ( '40300', 'http://www.gutenberg.org/files/40300/40300.zip', 'text/plain; charset=us-asciiapplication/zip' );
INSERT INTO titles ( gid, title, author, language, rights ) VALUES ( '40400', 'History of the Origin, Formation, and Adoption of the Constitution of the United States, Vol. 1 With Notices of Its Principle Framers', 'Curtis, George Ticknor', 'en', 'Public domain in the USA.' );
INSERT INTO classifications ( gid, classification ) VALUES ( '40400', 'KF' );
INSERT INTO subjects ( gid, subject ) VALUES ( '40400', 'Constitutional history -- United States' );
INSERT INTO files ( gid, file, mime ) VALUES ( '40400', 'http://www.gutenberg.org/ebooks/40400.epub.images', 'application/epub+zip' );
INSERT INTO files ( gid, file, mime ) VALUES ( '40400', 'http://www.gutenberg.org/ebooks/40400.epub.noimages', 'application/epub+zip' );
INSERT INTO files ( gid, file, mime ) VALUES ( '40400', 'http://www.gutenberg.org/ebooks/40400.kindle.images', 'application/x-mobipocket-ebook' );
INSERT INTO files ( gid, file, mime ) VALUES ( '40400', 'http://www.gutenberg.org/ebooks/40400.kindle.noimages', 'application/x-mobipocket-ebook' );
INSERT INTO files ( gid, file, mime ) VALUES ( '40400', 'http://www.gutenberg.org/ebooks/40400.rdf', 'application/rdf+xml' );
INSERT INTO files ( gid, file, mime ) VALUES ( '40400', 'http://www.gutenberg.org/ebooks/40400.txt.utf-8', 'text/plain' );
INSERT INTO files ( gid, file, mime ) VALUES ( '40400', 'http://www.gutenberg.org/files/40400/40400-8.txt', 'text/plain; charset=iso-8859-1' );
INSERT INTO files ( gid, file, mime ) VALUES ( '40400', 'http://www.gutenberg.org/files/40400/40400-8.zip', 'text/plain; charset=iso-8859-1application/zip' );
INSERT INTO files ( gid, file, mime ) VALUES ( '40400', 'http://www.gutenberg.org/files/40400/40400-h.zip', 'text/html; charset=iso-8859-1application/zip' );
INSERT INTO files ( gid, file, mime ) VALUES ( '40400', 'http://www.gutenberg.org/files/40400/40400-h/40400-h.htm', 'text/html; charset=iso-8859-1' );
INSERT INTO files ( gid, file, mime ) VALUES ( '40400', 'http://www.gutenberg.org/files/40400/40400.txt', 'text/plain; charset=us-ascii' );
INSERT INTO files ( gid, file, mime ) VALUES ( '40400', 'http://www.gutenberg.org/files/40400/40400.zip', 'text/plain; charset=us-asciiapplication/zip' );
INSERT INTO titles ( gid, title, author, language, rights ) VALUES ( '40500', 'Leatherface: A Tale of Old Flanders', 'Orczy, Emmuska Orczy, Baroness', 'en', 'Public domain in the USA.' );
INSERT INTO classifications ( gid, classification ) VALUES ( '40500', 'PR' );
INSERT INTO subjects ( gid, subject ) VALUES ( '40500', 'Flanders -- History -- Fiction' );
INSERT INTO files ( gid, file, mime ) VALUES ( '40500', 'http://www.gutenberg.org/cache/epub/40500/pg40500.cover.medium.jpg', 'image/jpeg' );
INSERT INTO files ( gid, file, mime ) VALUES ( '40500', 'http://www.gutenberg.org/cache/epub/40500/pg40500.cover.small.jpg', 'image/jpeg' );
INSERT INTO files ( gid, file, mime ) VALUES ( '40500', 'http://www.gutenberg.org/ebooks/40500.epub.images', 'application/epub+zip' );
INSERT INTO files ( gid, file, mime ) VALUES ( '40500', 'http://www.gutenberg.org/ebooks/40500.epub.noimages', 'application/epub+zip' );
INSERT INTO files ( gid, file, mime ) VALUES ( '40500', 'http://www.gutenberg.org/ebooks/40500.kindle.images', 'application/x-mobipocket-ebook' );
INSERT INTO files ( gid, file, mime ) VALUES ( '40500', 'http://www.gutenberg.org/ebooks/40500.kindle.noimages', 'application/x-mobipocket-ebook' );
INSERT INTO files ( gid, file, mime ) VALUES ( '40500', 'http://www.gutenberg.org/ebooks/40500.pdf.noimages', 'application/pdf' );
INSERT INTO files ( gid, file, mime ) VALUES ( '40500', 'http://www.gutenberg.org/ebooks/40500.rdf', 'application/rdf+xml' );
INSERT INTO files ( gid, file, mime ) VALUES ( '40500', 'http://www.gutenberg.org/ebooks/40500.rst.gen', 'text/x-rst' );
INSERT INTO files ( gid, file, mime ) VALUES ( '40500', 'http://www.gutenberg.org/files/40500/40500-0.txt', 'text/plain; charset=utf-8' );
INSERT INTO files ( gid, file, mime ) VALUES ( '40500', 'http://www.gutenberg.org/files/40500/40500-0.zip', 'application/ziptext/plain; charset=utf-8' );
INSERT INTO files ( gid, file, mime ) VALUES ( '40500', 'http://www.gutenberg.org/files/40500/40500-8.txt', 'text/plain; charset=iso-8859-1' );
INSERT INTO files ( gid, file, mime ) VALUES ( '40500', 'http://www.gutenberg.org/files/40500/40500-8.zip', 'text/plain; charset=iso-8859-1application/zip' );
INSERT INTO files ( gid, file, mime ) VALUES ( '40500', 'http://www.gutenberg.org/files/40500/40500-h.zip', 'application/ziptext/html; charset=utf-8' );
INSERT INTO files ( gid, file, mime ) VALUES ( '40500', 'http://www.gutenberg.org/files/40500/40500-h/40500-h.html', 'text/html; charset=utf-8' );
INSERT INTO files ( gid, file, mime ) VALUES ( '40500', 'http://www.gutenberg.org/files/40500/40500-rst.zip', 'text/x-rstapplication/zip' );
INSERT INTO files ( gid, file, mime ) VALUES ( '40500', 'http://www.gutenberg.org/files/40500/40500-rst/40500-rst.rst', 'text/x-rst' );
INSERT INTO files ( gid, file, mime ) VALUES ( '40500', 'http://www.gutenberg.org/files/40500/40500.txt', 'text/plain; charset=us-ascii' );
INSERT INTO files ( gid, file, mime ) VALUES ( '40500', 'http://www.gutenberg.org/files/40500/40500.zip', 'application/ziptext/plain; charset=us-ascii' );
INSERT INTO titles ( gid, title, author, language, rights ) VALUES ( '40600', 'Over the Border: A Novel', 'Whitaker, Herman', 'en', 'Public domain in the USA.' );
INSERT INTO classifications ( gid, classification ) VALUES ( '40600', 'PS' );
INSERT INTO subjects ( gid, subject ) VALUES ( '40600', 'Mexico -- Fiction' );
INSERT INTO subjects ( gid, subject ) VALUES ( '40600', 'Outlaws -- Fiction' );
INSERT INTO subjects ( gid, subject ) VALUES ( '40600', 'Western stories' );
INSERT INTO files ( gid, file, mime ) VALUES ( '40600', 'http://www.gutenberg.org/cache/epub/40600/pg40600.cover.medium.jpg', 'image/jpeg' );
INSERT INTO files ( gid, file, mime ) VALUES ( '40600', 'http://www.gutenberg.org/cache/epub/40600/pg40600.cover.small.jpg', 'image/jpeg' );
INSERT INTO files ( gid, file, mime ) VALUES ( '40600', 'http://www.gutenberg.org/ebooks/40600.epub.images', 'application/epub+zip' );
INSERT INTO files ( gid, file, mime ) VALUES ( '40600', 'http://www.gutenberg.org/ebooks/40600.epub.noimages', 'application/epub+zip' );
INSERT INTO files ( gid, file, mime ) VALUES ( '40600', 'http://www.gutenberg.org/ebooks/40600.kindle.images', 'application/x-mobipocket-ebook' );
INSERT INTO files ( gid, file, mime ) VALUES ( '40600', 'http://www.gutenberg.org/ebooks/40600.kindle.noimages', 'application/x-mobipocket-ebook' );
INSERT INTO files ( gid, file, mime ) VALUES ( '40600', 'http://www.gutenberg.org/ebooks/40600.pdf.images', 'application/pdf' );
INSERT INTO files ( gid, file, mime ) VALUES ( '40600', 'http://www.gutenberg.org/ebooks/40600.pdf.noimages', 'application/pdf' );
INSERT INTO files ( gid, file, mime ) VALUES ( '40600', 'http://www.gutenberg.org/ebooks/40600.rdf', 'application/rdf+xml' );
INSERT INTO files ( gid, file, mime ) VALUES ( '40600', 'http://www.gutenberg.org/ebooks/40600.rst.gen', 'text/x-rst' );
INSERT INTO files ( gid, file, mime ) VALUES ( '40600', 'http://www.gutenberg.org/files/40600/40600-0.txt', 'text/plain; charset=utf-8' );
INSERT INTO files ( gid, file, mime ) VALUES ( '40600', 'http://www.gutenberg.org/files/40600/40600-0.zip', 'text/plain; charset=utf-8application/zip' );
INSERT INTO files ( gid, file, mime ) VALUES ( '40600', 'http://www.gutenberg.org/files/40600/40600-8.txt', 'text/plain; charset=iso-8859-1' );
INSERT INTO files ( gid, file, mime ) VALUES ( '40600', 'http://www.gutenberg.org/files/40600/40600-8.zip', 'application/ziptext/plain; charset=iso-8859-1' );
INSERT INTO files ( gid, file, mime ) VALUES ( '40600', 'http://www.gutenberg.org/files/40600/40600-h.zip', 'application/ziptext/html; charset=utf-8' );
INSERT INTO files ( gid, file, mime ) VALUES ( '40600', 'http://www.gutenberg.org/files/40600/40600-h/40600-h.html', 'text/html; charset=utf-8' );
INSERT INTO files ( gid, file, mime ) VALUES ( '40600', 'http://www.gutenberg.org/files/40600/40600-rst.zip', 'text/x-rstapplication/zip' );
INSERT INTO files ( gid, file, mime ) VALUES ( '40600', 'http://www.gutenberg.org/files/40600/40600-rst/40600-rst.rst', 'text/x-rst' );
INSERT INTO files ( gid, file, mime ) VALUES ( '40600', 'http://www.gutenberg.org/files/40600/40600.txt', 'text/plain; charset=us-ascii' );
INSERT INTO files ( gid, file, mime ) VALUES ( '40600', 'http://www.gutenberg.org/files/40600/40600.zip', 'text/plain; charset=us-asciiapplication/zip' );
INSERT INTO titles ( gid, title, author, language, rights ) VALUES ( '40700', 'Dandy Dick: A Play in Three Acts', 'Pinero, Arthur Wing', 'en', 'Public domain in the USA.' );
INSERT INTO classifications ( gid, classification ) VALUES ( '40700', 'PR' );
INSERT INTO subjects ( gid, subject ) VALUES ( '40700', 'English drama -- 19th century' );
INSERT INTO files ( gid, file, mime ) VALUES ( '40700', 'http://www.gutenberg.org/cache/epub/40700/pg40700.cover.medium.jpg', 'image/jpeg' );
INSERT INTO files ( gid, file, mime ) VALUES ( '40700', 'http://www.gutenberg.org/cache/epub/40700/pg40700.cover.small.jpg', 'image/jpeg' );
INSERT INTO files ( gid, file, mime ) VALUES ( '40700', 'http://www.gutenberg.org/ebooks/40700.epub.images', 'application/epub+zip' );
INSERT INTO files ( gid, file, mime ) VALUES ( '40700', 'http://www.gutenberg.org/ebooks/40700.epub.noimages', 'application/epub+zip' );
INSERT INTO files ( gid, file, mime ) VALUES ( '40700', 'http://www.gutenberg.org/ebooks/40700.kindle.images', 'application/x-mobipocket-ebook' );
INSERT INTO files ( gid, file, mime ) VALUES ( '40700', 'http://www.gutenberg.org/ebooks/40700.kindle.noimages', 'application/x-mobipocket-ebook' );
INSERT INTO files ( gid, file, mime ) VALUES ( '40700', 'http://www.gutenberg.org/ebooks/40700.rdf', 'application/rdf+xml' );
INSERT INTO files ( gid, file, mime ) VALUES ( '40700', 'http://www.gutenberg.org/files/40700/40700-0.txt', 'text/plain; charset=utf-8' );
INSERT INTO files ( gid, file, mime ) VALUES ( '40700', 'http://www.gutenberg.org/files/40700/40700-0.zip', 'application/ziptext/plain; charset=utf-8' );
INSERT INTO files ( gid, file, mime ) VALUES ( '40700', 'http://www.gutenberg.org/files/40700/40700-8.txt', 'text/plain; charset=iso-8859-1' );
INSERT INTO files ( gid, file, mime ) VALUES ( '40700', 'http://www.gutenberg.org/files/40700/40700-8.zip', 'application/ziptext/plain; charset=iso-8859-1' );
INSERT INTO files ( gid, file, mime ) VALUES ( '40700', 'http://www.gutenberg.org/files/40700/40700-h.zip', 'text/html; charset=utf-8application/zip' );
INSERT INTO files ( gid, file, mime ) VALUES ( '40700', 'http://www.gutenberg.org/files/40700/40700-h/40700-h.htm', 'text/html; charset=utf-8' );
INSERT INTO files ( gid, file, mime ) VALUES ( '40700', 'http://www.gutenberg.org/files/40700/40700.txt', 'text/plain; charset=us-ascii' );
INSERT INTO files ( gid, file, mime ) VALUES ( '40700', 'http://www.gutenberg.org/files/40700/40700.zip', 'text/plain; charset=us-asciiapplication/zip' );
INSERT INTO titles ( gid, title, author, language, rights ) VALUES ( '40800', 'An Imperial Marriage', 'Marchmont, Arthur W.', 'en', 'Public domain in the USA.' );
INSERT INTO classifications ( gid, classification ) VALUES ( '40800', 'PR' );
INSERT INTO subjects ( gid, subject ) VALUES ( '40800', 'Adventure stories' );
INSERT INTO subjects ( gid, subject ) VALUES ( '40800', 'Love stories' );
INSERT INTO subjects ( gid, subject ) VALUES ( '40800', 'British -- Germany -- Fiction' );
INSERT INTO files ( gid, file, mime ) VALUES ( '40800', 'http://www.gutenberg.org/cache/epub/40800/pg40800.cover.medium.jpg', 'image/jpeg' );
INSERT INTO files ( gid, file, mime ) VALUES ( '40800', 'http://www.gutenberg.org/cache/epub/40800/pg40800.cover.small.jpg', 'image/jpeg' );
INSERT INTO files ( gid, file, mime ) VALUES ( '40800', 'http://www.gutenberg.org/ebooks/40800.epub.images', 'application/epub+zip' );
INSERT INTO files ( gid, file, mime ) VALUES ( '40800', 'http://www.gutenberg.org/ebooks/40800.epub.noimages', 'application/epub+zip' );
INSERT INTO files ( gid, file, mime ) VALUES ( '40800', 'http://www.gutenberg.org/ebooks/40800.kindle.images', 'application/x-mobipocket-ebook' );
INSERT INTO files ( gid, file, mime ) VALUES ( '40800', 'http://www.gutenberg.org/ebooks/40800.kindle.noimages', 'application/x-mobipocket-ebook' );
INSERT INTO files ( gid, file, mime ) VALUES ( '40800', 'http://www.gutenberg.org/ebooks/40800.pdf.images', 'application/pdf' );
INSERT INTO files ( gid, file, mime ) VALUES ( '40800', 'http://www.gutenberg.org/ebooks/40800.pdf.noimages', 'application/pdf' );
INSERT INTO files ( gid, file, mime ) VALUES ( '40800', 'http://www.gutenberg.org/ebooks/40800.rdf', 'application/rdf+xml' );
INSERT INTO files ( gid, file, mime ) VALUES ( '40800', 'http://www.gutenberg.org/ebooks/40800.rst.gen', 'text/x-rst' );
INSERT INTO files ( gid, file, mime ) VALUES ( '40800', 'http://www.gutenberg.org/files/40800/40800-0.txt', 'text/plain; charset=utf-8' );
INSERT INTO files ( gid, file, mime ) VALUES ( '40800', 'http://www.gutenberg.org/files/40800/40800-0.zip', 'text/plain; charset=utf-8application/zip' );
INSERT INTO files ( gid, file, mime ) VALUES ( '40800', 'http://www.gutenberg.org/files/40800/40800-8.txt', 'text/plain; charset=iso-8859-1' );
INSERT INTO files ( gid, file, mime ) VALUES ( '40800', 'http://www.gutenberg.org/files/40800/40800-8.zip', 'text/plain; charset=iso-8859-1application/zip' );
INSERT INTO files ( gid, file, mime ) VALUES ( '40800', 'http://www.gutenberg.org/files/40800/40800-h.zip', 'application/ziptext/html; charset=utf-8' );
INSERT INTO files ( gid, file, mime ) VALUES ( '40800', 'http://www.gutenberg.org/files/40800/40800-h/40800-h.html', 'text/html; charset=utf-8' );
INSERT INTO files ( gid, file, mime ) VALUES ( '40800', 'http://www.gutenberg.org/files/40800/40800-rst.zip', 'application/ziptext/x-rst' );
INSERT INTO files ( gid, file, mime ) VALUES ( '40800', 'http://www.gutenberg.org/files/40800/40800-rst/40800-rst.rst', 'text/x-rst' );
INSERT INTO files ( gid, file, mime ) VALUES ( '40800', 'http://www.gutenberg.org/files/40800/40800.txt', 'text/plain; charset=us-ascii' );
INSERT INTO files ( gid, file, mime ) VALUES ( '40800', 'http://www.gutenberg.org/files/40800/40800.zip', 'text/plain; charset=us-asciiapplication/zip' );
INSERT INTO titles ( gid, title, author, language, rights ) VALUES ( '40900', 'A Literary and Historical Atlas of Asia', 'Bartholomew, J. G. (John George)', 'en', 'Public domain in the USA.' );
INSERT INTO classifications ( gid, classification ) VALUES ( '40900', 'DS' );
INSERT INTO subjects ( gid, subject ) VALUES ( '40900', 'Asia -- Maps' );
INSERT INTO subjects ( gid, subject ) VALUES ( '40900', 'Asia -- Historical geography -- Maps' );
INSERT INTO subjects ( gid, subject ) VALUES ( '40900', 'Coinage -- Asia -- History' );
INSERT INTO files ( gid, file, mime ) VALUES ( '40900', 'http://www.gutenberg.org/ebooks/40900.epub.images', 'application/epub+zip' );
INSERT INTO files ( gid, file, mime ) VALUES ( '40900', 'http://www.gutenberg.org/ebooks/40900.epub.noimages', 'application/epub+zip' );
INSERT INTO files ( gid, file, mime ) VALUES ( '40900', 'http://www.gutenberg.org/ebooks/40900.kindle.images', 'application/x-mobipocket-ebook' );
INSERT INTO files ( gid, file, mime ) VALUES ( '40900', 'http://www.gutenberg.org/ebooks/40900.kindle.noimages', 'application/x-mobipocket-ebook' );
INSERT INTO files ( gid, file, mime ) VALUES ( '40900', 'http://www.gutenberg.org/ebooks/40900.rdf', 'application/rdf+xml' );
INSERT INTO files ( gid, file, mime ) VALUES ( '40900', 'http://www.gutenberg.org/ebooks/40900.txt.utf-8', 'text/plain' );
INSERT INTO files ( gid, file, mime ) VALUES ( '40900', 'http://www.gutenberg.org/files/40900/40900-8.txt', 'text/plain; charset=iso-8859-1' );
INSERT INTO files ( gid, file, mime ) VALUES ( '40900', 'http://www.gutenberg.org/files/40900/40900-8.zip', 'application/ziptext/plain; charset=iso-8859-1' );
INSERT INTO files ( gid, file, mime ) VALUES ( '40900', 'http://www.gutenberg.org/files/40900/40900-h.zip', 'text/html; charset=iso-8859-1application/zip' );
INSERT INTO files ( gid, file, mime ) VALUES ( '40900', 'http://www.gutenberg.org/files/40900/40900-h/40900-h.htm', 'text/html; charset=iso-8859-1' );
INSERT INTO files ( gid, file, mime ) VALUES ( '40900', 'http://www.gutenberg.org/files/40900/40900.txt', 'text/plain; charset=us-ascii' );
INSERT INTO files ( gid, file, mime ) VALUES ( '40900', 'http://www.gutenberg.org/files/40900/40900.zip', 'text/plain; charset=us-asciiapplication/zip' );
INSERT INTO titles ( gid, title, author, language, rights ) VALUES ( '41000', 'Her Majesty''s Minister', 'Le Queux, William', 'en', 'Public domain in the USA.' );
INSERT INTO classifications ( gid, classification ) VALUES ( '41000', 'PR' );
INSERT INTO subjects ( gid, subject ) VALUES ( '41000', 'British -- France -- Paris -- Fiction' );
INSERT INTO subjects ( gid, subject ) VALUES ( '41000', 'Great Britain -- Foreign relations -- Fiction' );
INSERT INTO subjects ( gid, subject ) VALUES ( '41000', 'Political fiction' );
INSERT INTO subjects ( gid, subject ) VALUES ( '41000', 'Paris (France) -- Fiction' );
INSERT INTO subjects ( gid, subject ) VALUES ( '41000', 'Spy stories' );
INSERT INTO files ( gid, file, mime ) VALUES ( '41000', 'http://www.gutenberg.org/ebooks/41000.epub.images', 'application/epub+zip' );
INSERT INTO files ( gid, file, mime ) VALUES ( '41000', 'http://www.gutenberg.org/ebooks/41000.epub.noimages', 'application/epub+zip' );
INSERT INTO files ( gid, file, mime ) VALUES ( '41000', 'http://www.gutenberg.org/ebooks/41000.kindle.images', 'application/x-mobipocket-ebook' );
INSERT INTO files ( gid, file, mime ) VALUES ( '41000', 'http://www.gutenberg.org/ebooks/41000.kindle.noimages', 'application/x-mobipocket-ebook' );
INSERT INTO files ( gid, file, mime ) VALUES ( '41000', 'http://www.gutenberg.org/ebooks/41000.rdf', 'application/rdf+xml' );
INSERT INTO files ( gid, file, mime ) VALUES ( '41000', 'http://www.gutenberg.org/ebooks/41000.txt.utf-8', 'text/plain' );
INSERT INTO files ( gid, file, mime ) VALUES ( '41000', 'http://www.gutenberg.org/files/41000/41000-h.zip', 'application/ziptext/html; charset=utf-8' );
INSERT INTO files ( gid, file, mime ) VALUES ( '41000', 'http://www.gutenberg.org/files/41000/41000-h/41000-h.htm', 'text/html; charset=utf-8' );
INSERT INTO files ( gid, file, mime ) VALUES ( '41000', 'http://www.gutenberg.org/files/41000/41000.txt', 'text/plain; charset=us-ascii' );
INSERT INTO files ( gid, file, mime ) VALUES ( '41000', 'http://www.gutenberg.org/files/41000/41000.zip', 'application/ziptext/plain; charset=us-ascii' );
INSERT INTO titles ( gid, title, author, language, rights ) VALUES ( '4100', 'Όραμα και Μεταμόρφωση : Μια εισαγωγή στο Ευγενές Οκταπλό Μονοπάτι του Βούδδα', 'Sangharakshita, Bhikshu', 'el', 'Copyrighted. Read the copyright notice inside this book for details.' );
INSERT INTO classifications ( gid, classification ) VALUES ( '4100', 'BQ' );
INSERT INTO subjects ( gid, subject ) VALUES ( '4100', 'Religious life -- Buddhism' );
INSERT INTO subjects ( gid, subject ) VALUES ( '4100', 'Sangharakshita, Bhikshu, 1925-' );
INSERT INTO files ( gid, file, mime ) VALUES ( '4100', 'http://www.gutenberg.org/ebooks/4100.epub.images', 'application/epub+zip' );
INSERT INTO files ( gid, file, mime ) VALUES ( '4100', 'http://www.gutenberg.org/ebooks/4100.epub.noimages', 'application/epub+zip' );
INSERT INTO files ( gid, file, mime ) VALUES ( '4100', 'http://www.gutenberg.org/ebooks/4100.html.images', 'text/html' );
INSERT INTO files ( gid, file, mime ) VALUES ( '4100', 'http://www.gutenberg.org/ebooks/4100.html.noimages', 'text/html' );
INSERT INTO files ( gid, file, mime ) VALUES ( '4100', 'http://www.gutenberg.org/ebooks/4100.kindle.images', 'application/x-mobipocket-ebook' );
INSERT INTO files ( gid, file, mime ) VALUES ( '4100', 'http://www.gutenberg.org/ebooks/4100.kindle.noimages', 'application/x-mobipocket-ebook' );
INSERT INTO files ( gid, file, mime ) VALUES ( '4100', 'http://www.gutenberg.org/ebooks/4100.rdf', 'application/rdf+xml' );
INSERT INTO files ( gid, file, mime ) VALUES ( '4100', 'http://www.gutenberg.org/files/4100/4100-0.txt', 'text/plain; charset=utf-8' );
INSERT INTO files ( gid, file, mime ) VALUES ( '4100', 'http://www.gutenberg.org/files/4100/4100-0.zip', 'text/plain; charset=utf-8application/zip' );
INSERT INTO files ( gid, file, mime ) VALUES ( '4100', 'http://www.gutenberg.org/files/4100/4100-r.rtf', 'text/rtf' );
INSERT INTO files ( gid, file, mime ) VALUES ( '4100', 'http://www.gutenberg.org/files/4100/4100-r.zip', 'application/zipapplication/octet-stream' );
INSERT INTO titles ( gid, title, author, language, rights ) VALUES ( '41100', 'L''exilée', 'Loti, Pierre', 'fr', 'Public domain in the USA.' );
INSERT INTO classifications ( gid, classification ) VALUES ( '41100', 'PQ' );
INSERT INTO subjects ( gid, subject ) VALUES ( '41100', 'Sylva, Carmen, 1843-1916' );
INSERT INTO subjects ( gid, subject ) VALUES ( '41100', 'Women -- Japan' );
INSERT INTO subjects ( gid, subject ) VALUES ( '41100', 'Constantinople -- Description and travel' );
INSERT INTO subjects ( gid, subject ) VALUES ( '41100', 'Japan -- Description and travel' );
INSERT INTO files ( gid, file, mime ) VALUES ( '41100', 'http://www.gutenberg.org/cache/epub/41100/pg41100.cover.medium.jpg', 'image/jpeg' );
INSERT INTO files ( gid, file, mime ) VALUES ( '41100', 'http://www.gutenberg.org/cache/epub/41100/pg41100.cover.small.jpg', 'image/jpeg' );
INSERT INTO files ( gid, file, mime ) VALUES ( '41100', 'http://www.gutenberg.org/ebooks/41100.epub.images', 'application/epub+zip' );
INSERT INTO files ( gid, file, mime ) VALUES ( '41100', 'http://www.gutenberg.org/ebooks/41100.epub.noimages', 'application/epub+zip' );
INSERT INTO files ( gid, file, mime ) VALUES ( '41100', 'http://www.gutenberg.org/ebooks/41100.kindle.images', 'application/x-mobipocket-ebook' );
INSERT INTO files ( gid, file, mime ) VALUES ( '41100', 'http://www.gutenberg.org/ebooks/41100.kindle.noimages', 'application/x-mobipocket-ebook' );
INSERT INTO files ( gid, file, mime ) VALUES ( '41100', 'http://www.gutenberg.org/ebooks/41100.rdf', 'application/rdf+xml' );
INSERT INTO files ( gid, file, mime ) VALUES ( '41100', 'http://www.gutenberg.org/ebooks/41100.txt.utf-8', 'text/plain' );
INSERT INTO files ( gid, file, mime ) VALUES ( '41100', 'http://www.gutenberg.org/files/41100/41100-8.txt', 'text/plain; charset=iso-8859-1' );
INSERT INTO files ( gid, file, mime ) VALUES ( '41100', 'http://www.gutenberg.org/files/41100/41100-8.zip', 'application/ziptext/plain; charset=iso-8859-1' );
INSERT INTO files ( gid, file, mime ) VALUES ( '41100', 'http://www.gutenberg.org/files/41100/41100-h.zip', 'application/ziptext/html; charset=iso-8859-1' );
INSERT INTO files ( gid, file, mime ) VALUES ( '41100', 'http://www.gutenberg.org/files/41100/41100-h/41100-h.htm', 'text/html; charset=iso-8859-1' );
INSERT INTO titles ( gid, title, author, language, rights ) VALUES ( '41200', 'The Voyages of Pedro Fernandez de Quiros, 1595 to 1606. Volume 1', 'Queirós, Pedro Fernandes de', 'en', 'Public domain in the USA.' );
INSERT INTO classifications ( gid, classification ) VALUES ( '41200', 'G' );
INSERT INTO subjects ( gid, subject ) VALUES ( '41200', 'Oceania -- Discovery and exploration' );
INSERT INTO subjects ( gid, subject ) VALUES ( '41200', 'Discoveries in geography -- Spanish' );
INSERT INTO subjects ( gid, subject ) VALUES ( '41200', 'Early maps' );
INSERT INTO subjects ( gid, subject ) VALUES ( '41200', 'Mendaña de Neira, Alvaro de, 1542?-1595' );
INSERT INTO files ( gid, file, mime ) VALUES ( '41200', 'http://www.gutenberg.org/cache/epub/41200/pg41200.cover.medium.jpg', 'image/jpeg' );
INSERT INTO files ( gid, file, mime ) VALUES ( '41200', 'http://www.gutenberg.org/cache/epub/41200/pg41200.cover.small.jpg', 'image/jpeg' );
INSERT INTO files ( gid, file, mime ) VALUES ( '41200', 'http://www.gutenberg.org/ebooks/41200.epub.images', 'application/epub+zip' );
INSERT INTO files ( gid, file, mime ) VALUES ( '41200', 'http://www.gutenberg.org/ebooks/41200.epub.noimages', 'application/epub+zip' );
INSERT INTO files ( gid, file, mime ) VALUES ( '41200', 'http://www.gutenberg.org/ebooks/41200.kindle.images', 'application/x-mobipocket-ebook' );
INSERT INTO files ( gid, file, mime ) VALUES ( '41200', 'http://www.gutenberg.org/ebooks/41200.kindle.noimages', 'application/x-mobipocket-ebook' );
INSERT INTO files ( gid, file, mime ) VALUES ( '41200', 'http://www.gutenberg.org/ebooks/41200.rdf', 'application/rdf+xml' );
INSERT INTO files ( gid, file, mime ) VALUES ( '41200', 'http://www.gutenberg.org/ebooks/41200.txt.utf-8', 'text/plain' );
INSERT INTO files ( gid, file, mime ) VALUES ( '41200', 'http://www.gutenberg.org/files/41200/41200-8.txt', 'text/plain; charset=iso-8859-1' );
INSERT INTO files ( gid, file, mime ) VALUES ( '41200', 'http://www.gutenberg.org/files/41200/41200-8.zip', 'application/ziptext/plain; charset=iso-8859-1' );
INSERT INTO files ( gid, file, mime ) VALUES ( '41200', 'http://www.gutenberg.org/files/41200/41200-h.zip', 'text/html; charset=us-asciiapplication/zip' );
INSERT INTO files ( gid, file, mime ) VALUES ( '41200', 'http://www.gutenberg.org/files/41200/41200-h/41200-h.htm', 'text/html; charset=us-ascii' );
INSERT INTO files ( gid, file, mime ) VALUES ( '41200', 'http://www.gutenberg.org/files/41200/41200.txt', 'text/plain; charset=us-ascii' );
INSERT INTO files ( gid, file, mime ) VALUES ( '41200', 'http://www.gutenberg.org/files/41200/41200.zip', 'text/plain; charset=us-asciiapplication/zip' );
INSERT INTO titles ( gid, title, author, language, rights ) VALUES ( '41300', 'Daniel Webster for Young Americans Comprising the greatest speeches of the defender of the Constitution', 'Webster, Daniel', 'en', 'Public domain in the USA.' );
INSERT INTO subjects ( gid, subject ) VALUES ( '41300', 'E300' );
INSERT INTO subjects ( gid, subject ) VALUES ( '41300', 'Speeches, addresses, etc., American' );
INSERT INTO subjects ( gid, subject ) VALUES ( '41300', 'Readers' );
INSERT INTO files ( gid, file, mime ) VALUES ( '41300', 'http://www.gutenberg.org/ebooks/41300.epub.images', 'application/epub+zip' );
INSERT INTO files ( gid, file, mime ) VALUES ( '41300', 'http://www.gutenberg.org/ebooks/41300.epub.noimages', 'application/epub+zip' );
INSERT INTO files ( gid, file, mime ) VALUES ( '41300', 'http://www.gutenberg.org/ebooks/41300.kindle.images', 'application/x-mobipocket-ebook' );
INSERT INTO files ( gid, file, mime ) VALUES ( '41300', 'http://www.gutenberg.org/ebooks/41300.kindle.noimages', 'application/x-mobipocket-ebook' );
INSERT INTO files ( gid, file, mime ) VALUES ( '41300', 'http://www.gutenberg.org/ebooks/41300.rdf', 'application/rdf+xml' );
INSERT INTO files ( gid, file, mime ) VALUES ( '41300', 'http://www.gutenberg.org/ebooks/41300.txt.utf-8', 'text/plain' );
INSERT INTO files ( gid, file, mime ) VALUES ( '41300', 'http://www.gutenberg.org/files/41300/41300-8.txt', 'text/plain; charset=iso-8859-1' );
INSERT INTO files ( gid, file, mime ) VALUES ( '41300', 'http://www.gutenberg.org/files/41300/41300-8.zip', 'text/plain; charset=iso-8859-1application/zip' );
INSERT INTO files ( gid, file, mime ) VALUES ( '41300', 'http://www.gutenberg.org/files/41300/41300-h.zip', 'text/html; charset=iso-8859-1application/zip' );
INSERT INTO files ( gid, file, mime ) VALUES ( '41300', 'http://www.gutenberg.org/files/41300/41300-h/41300-h.htm', 'text/html; charset=iso-8859-1' );
INSERT INTO files ( gid, file, mime ) VALUES ( '41300', 'http://www.gutenberg.org/files/41300/41300.txt', 'text/plain; charset=us-ascii' );
INSERT INTO files ( gid, file, mime ) VALUES ( '41300', 'http://www.gutenberg.org/files/41300/41300.zip', 'application/ziptext/plain; charset=us-ascii' );
INSERT INTO titles ( gid, title, author, language, rights ) VALUES ( '41400', 'Miss Eden''s Letters', 'Eden, Emily', 'en', 'Public domain in the USA.' );
INSERT INTO classifications ( gid, classification ) VALUES ( '41400', 'PR' );
INSERT INTO classifications ( gid, classification ) VALUES ( '41400', 'DA' );
INSERT INTO subjects ( gid, subject ) VALUES ( '41400', 'Authors, English -- 19th century -- Correspondence' );
INSERT INTO subjects ( gid, subject ) VALUES ( '41400', 'Eden, Emily, 1797-1869 -- Correspondence' );
INSERT INTO files ( gid, file, mime ) VALUES ( '41400', 'http://www.gutenberg.org/cache/epub/41400/pg41400.cover.medium.jpg', 'image/jpeg' );
INSERT INTO files ( gid, file, mime ) VALUES ( '41400', 'http://www.gutenberg.org/cache/epub/41400/pg41400.cover.small.jpg', 'image/jpeg' );
INSERT INTO files ( gid, file, mime ) VALUES ( '41400', 'http://www.gutenberg.org/ebooks/41400.epub.images', 'application/epub+zip' );
INSERT INTO files ( gid, file, mime ) VALUES ( '41400', 'http://www.gutenberg.org/ebooks/41400.epub.noimages', 'application/epub+zip' );
INSERT INTO files ( gid, file, mime ) VALUES ( '41400', 'http://www.gutenberg.org/ebooks/41400.kindle.images', 'application/x-mobipocket-ebook' );
INSERT INTO files ( gid, file, mime ) VALUES ( '41400', 'http://www.gutenberg.org/ebooks/41400.kindle.noimages', 'application/x-mobipocket-ebook' );
INSERT INTO files ( gid, file, mime ) VALUES ( '41400', 'http://www.gutenberg.org/ebooks/41400.rdf', 'application/rdf+xml' );
INSERT INTO files ( gid, file, mime ) VALUES ( '41400', 'http://www.gutenberg.org/files/41400/41400-0.txt', 'text/plain; charset=utf-8' );
INSERT INTO files ( gid, file, mime ) VALUES ( '41400', 'http://www.gutenberg.org/files/41400/41400-0.zip', 'text/plain; charset=utf-8application/zip' );
INSERT INTO files ( gid, file, mime ) VALUES ( '41400', 'http://www.gutenberg.org/files/41400/41400-8.txt', 'text/plain; charset=iso-8859-1' );
INSERT INTO files ( gid, file, mime ) VALUES ( '41400', 'http://www.gutenberg.org/files/41400/41400-8.zip', 'text/plain; charset=iso-8859-1application/zip' );
INSERT INTO files ( gid, file, mime ) VALUES ( '41400', 'http://www.gutenberg.org/files/41400/41400-h.zip', 'application/ziptext/html; charset=utf-8' );
INSERT INTO files ( gid, file, mime ) VALUES ( '41400', 'http://www.gutenberg.org/files/41400/41400-h/41400-h.htm', 'text/html; charset=utf-8' );
INSERT INTO files ( gid, file, mime ) VALUES ( '41400', 'http://www.gutenberg.org/files/41400/41400.txt', 'text/plain; charset=us-ascii' );
INSERT INTO files ( gid, file, mime ) VALUES ( '41400', 'http://www.gutenberg.org/files/41400/41400.zip', 'text/plain; charset=us-asciiapplication/zip' );
INSERT INTO titles ( gid, title, author, language, rights ) VALUES ( '41500', 'A Layman''s Life of Jesus', 'Byers, S. H. M. (Samuel Hawkins Marshall)', 'en', 'Public domain in the USA.' );
INSERT INTO classifications ( gid, classification ) VALUES ( '41500', 'BT' );
INSERT INTO subjects ( gid, subject ) VALUES ( '41500', 'Jesus Christ -- Biography' );
INSERT INTO files ( gid, file, mime ) VALUES ( '41500', 'http://www.gutenberg.org/cache/epub/41500/pg41500.cover.medium.jpg', 'image/jpeg' );
INSERT INTO files ( gid, file, mime ) VALUES ( '41500', 'http://www.gutenberg.org/cache/epub/41500/pg41500.cover.small.jpg', 'image/jpeg' );
INSERT INTO files ( gid, file, mime ) VALUES ( '41500', 'http://www.gutenberg.org/ebooks/41500.epub.images', 'application/epub+zip' );
INSERT INTO files ( gid, file, mime ) VALUES ( '41500', 'http://www.gutenberg.org/ebooks/41500.epub.noimages', 'application/epub+zip' );
INSERT INTO files ( gid, file, mime ) VALUES ( '41500', 'http://www.gutenberg.org/ebooks/41500.kindle.images', 'application/x-mobipocket-ebook' );
INSERT INTO files ( gid, file, mime ) VALUES ( '41500', 'http://www.gutenberg.org/ebooks/41500.kindle.noimages', 'application/x-mobipocket-ebook' );
INSERT INTO files ( gid, file, mime ) VALUES ( '41500', 'http://www.gutenberg.org/ebooks/41500.rdf', 'application/rdf+xml' );
INSERT INTO files ( gid, file, mime ) VALUES ( '41500', 'http://www.gutenberg.org/ebooks/41500.txt.utf-8', 'text/plain' );
INSERT INTO files ( gid, file, mime ) VALUES ( '41500', 'http://www.gutenberg.org/files/41500/41500-8.txt', 'text/plain; charset=iso-8859-1' );
INSERT INTO files ( gid, file, mime ) VALUES ( '41500', 'http://www.gutenberg.org/files/41500/41500-8.zip', 'application/ziptext/plain; charset=iso-8859-1' );
INSERT INTO files ( gid, file, mime ) VALUES ( '41500', 'http://www.gutenberg.org/files/41500/41500-h.zip', 'application/ziptext/html; charset=iso-8859-1' );
INSERT INTO files ( gid, file, mime ) VALUES ( '41500', 'http://www.gutenberg.org/files/41500/41500-h/41500-h.htm', 'text/html; charset=iso-8859-1' );
INSERT INTO files ( gid, file, mime ) VALUES ( '41500', 'http://www.gutenberg.org/files/41500/41500.txt', 'text/plain; charset=us-ascii' );
INSERT INTO files ( gid, file, mime ) VALUES ( '41500', 'http://www.gutenberg.org/files/41500/41500.zip', 'text/plain; charset=us-asciiapplication/zip' );
INSERT INTO titles ( gid, title, author, language, rights ) VALUES ( '41600', 'I Bagni di Lucca, Coreglia e Barga', 'Bonaventura, Arnaldo', 'it', 'Public domain in the USA.' );
INSERT INTO classifications ( gid, classification ) VALUES ( '41600', 'DG' );
INSERT INTO classifications ( gid, classification ) VALUES ( '41600', 'N' );
INSERT INTO subjects ( gid, subject ) VALUES ( '41600', 'Barga (Italy) -- Description and travel' );
INSERT INTO subjects ( gid, subject ) VALUES ( '41600', 'Coreglia (Italy) -- Description and travel' );
INSERT INTO subjects ( gid, subject ) VALUES ( '41600', 'Art -- Italy -- Barga' );
INSERT INTO subjects ( gid, subject ) VALUES ( '41600', 'Art -- Italy -- Coreglia' );
INSERT INTO subjects ( gid, subject ) VALUES ( '41600', 'Art -- Italy -- Bagni di Lucca' );
INSERT INTO subjects ( gid, subject ) VALUES ( '41600', 'Bagni di Lucca (Italy) -- Description and travel' );
INSERT INTO files ( gid, file, mime ) VALUES ( '41600', 'http://www.gutenberg.org/cache/epub/41600/pg41600.cover.medium.jpg', 'image/jpeg' );
INSERT INTO files ( gid, file, mime ) VALUES ( '41600', 'http://www.gutenberg.org/cache/epub/41600/pg41600.cover.small.jpg', 'image/jpeg' );
INSERT INTO files ( gid, file, mime ) VALUES ( '41600', 'http://www.gutenberg.org/ebooks/41600.epub.images', 'application/epub+zip' );
INSERT INTO files ( gid, file, mime ) VALUES ( '41600', 'http://www.gutenberg.org/ebooks/41600.epub.noimages', 'application/epub+zip' );
INSERT INTO files ( gid, file, mime ) VALUES ( '41600', 'http://www.gutenberg.org/ebooks/41600.kindle.images', 'application/x-mobipocket-ebook' );
INSERT INTO files ( gid, file, mime ) VALUES ( '41600', 'http://www.gutenberg.org/ebooks/41600.kindle.noimages', 'application/x-mobipocket-ebook' );
INSERT INTO files ( gid, file, mime ) VALUES ( '41600', 'http://www.gutenberg.org/ebooks/41600.rdf', 'application/rdf+xml' );
INSERT INTO files ( gid, file, mime ) VALUES ( '41600', 'http://www.gutenberg.org/files/41600/41600-0.txt', 'text/plain; charset=utf-8' );
INSERT INTO files ( gid, file, mime ) VALUES ( '41600', 'http://www.gutenberg.org/files/41600/41600-0.zip', 'application/ziptext/plain; charset=utf-8' );
INSERT INTO files ( gid, file, mime ) VALUES ( '41600', 'http://www.gutenberg.org/files/41600/41600-h.zip', 'application/ziptext/html; charset=utf-8' );
INSERT INTO files ( gid, file, mime ) VALUES ( '41600', 'http://www.gutenberg.org/files/41600/41600-h/41600-h.htm', 'text/html; charset=utf-8' );
INSERT INTO titles ( gid, title, author, language, rights ) VALUES ( '41700', 'Hi Jolly!', 'Kjelgaard, Jim', 'en', 'Public domain in the USA.' );
INSERT INTO classifications ( gid, classification ) VALUES ( '41700', 'PZ' );
INSERT INTO subjects ( gid, subject ) VALUES ( '41700', 'Voyages and travels -- Juvenile fiction' );
INSERT INTO subjects ( gid, subject ) VALUES ( '41700', 'Camels -- Juvenile fiction' );
INSERT INTO subjects ( gid, subject ) VALUES ( '41700', 'Courage -- Juvenile fiction' );
INSERT INTO subjects ( gid, subject ) VALUES ( '41700', 'Southwest, New -- Juvenile fiction' );
INSERT INTO subjects ( gid, subject ) VALUES ( '41700', 'Hi Jolly, 1828?-1903 -- Juvenile fiction' );
INSERT INTO subjects ( gid, subject ) VALUES ( '41700', 'Determination (Personality trait) -- Juvenile fiction' );
INSERT INTO files ( gid, file, mime ) VALUES ( '41700', 'http://www.gutenberg.org/ebooks/41700.epub.images', 'application/epub+zip' );
INSERT INTO files ( gid, file, mime ) VALUES ( '41700', 'http://www.gutenberg.org/ebooks/41700.epub.noimages', 'application/epub+zip' );
INSERT INTO files ( gid, file, mime ) VALUES ( '41700', 'http://www.gutenberg.org/ebooks/41700.kindle.images', 'application/x-mobipocket-ebook' );
INSERT INTO files ( gid, file, mime ) VALUES ( '41700', 'http://www.gutenberg.org/ebooks/41700.kindle.noimages', 'application/x-mobipocket-ebook' );
INSERT INTO files ( gid, file, mime ) VALUES ( '41700', 'http://www.gutenberg.org/ebooks/41700.rdf', 'application/rdf+xml' );
INSERT INTO files ( gid, file, mime ) VALUES ( '41700', 'http://www.gutenberg.org/ebooks/41700.txt.utf-8', 'text/plain' );
INSERT INTO files ( gid, file, mime ) VALUES ( '41700', 'http://www.gutenberg.org/files/41700/41700-8.txt', 'text/plain; charset=iso-8859-1' );
INSERT INTO files ( gid, file, mime ) VALUES ( '41700', 'http://www.gutenberg.org/files/41700/41700-8.zip', 'application/ziptext/plain; charset=iso-8859-1' );
INSERT INTO files ( gid, file, mime ) VALUES ( '41700', 'http://www.gutenberg.org/files/41700/41700-h.zip', 'text/html; charset=iso-8859-1application/zip' );
INSERT INTO files ( gid, file, mime ) VALUES ( '41700', 'http://www.gutenberg.org/files/41700/41700-h/41700-h.htm', 'text/html; charset=iso-8859-1' );
INSERT INTO files ( gid, file, mime ) VALUES ( '41700', 'http://www.gutenberg.org/files/41700/41700.txt', 'text/plain; charset=us-ascii' );
INSERT INTO files ( gid, file, mime ) VALUES ( '41700', 'http://www.gutenberg.org/files/41700/41700.zip', 'application/ziptext/plain; charset=us-ascii' );
INSERT INTO titles ( gid, title, author, language, rights ) VALUES ( '41800', 'The Treaty of Waitangi; or, how New Zealand became a British Colony', 'Buick, Thomas Lindsay', 'en', 'Public domain in the USA.' );
INSERT INTO classifications ( gid, classification ) VALUES ( '41800', 'DU' );
INSERT INTO subjects ( gid, subject ) VALUES ( '41800', 'Treaty of Waitangi (1840)' );
INSERT INTO subjects ( gid, subject ) VALUES ( '41800', 'New Zealand -- Politics and government' );
INSERT INTO files ( gid, file, mime ) VALUES ( '41800', 'http://www.gutenberg.org/cache/epub/41800/pg41800.cover.medium.jpg', 'image/jpeg' );
INSERT INTO files ( gid, file, mime ) VALUES ( '41800', 'http://www.gutenberg.org/cache/epub/41800/pg41800.cover.small.jpg', 'image/jpeg' );
INSERT INTO files ( gid, file, mime ) VALUES ( '41800', 'http://www.gutenberg.org/ebooks/41800.epub.images', 'application/epub+zip' );
INSERT INTO files ( gid, file, mime ) VALUES ( '41800', 'http://www.gutenberg.org/ebooks/41800.epub.noimages', 'application/epub+zip' );
INSERT INTO files ( gid, file, mime ) VALUES ( '41800', 'http://www.gutenberg.org/ebooks/41800.kindle.images', 'application/x-mobipocket-ebook' );
INSERT INTO files ( gid, file, mime ) VALUES ( '41800', 'http://www.gutenberg.org/ebooks/41800.kindle.noimages', 'application/x-mobipocket-ebook' );
INSERT INTO files ( gid, file, mime ) VALUES ( '41800', 'http://www.gutenberg.org/ebooks/41800.rdf', 'application/rdf+xml' );
INSERT INTO files ( gid, file, mime ) VALUES ( '41800', 'http://www.gutenberg.org/files/41800/41800-0.txt', 'text/plain; charset=utf-8' );
INSERT INTO files ( gid, file, mime ) VALUES ( '41800', 'http://www.gutenberg.org/files/41800/41800-0.zip', 'application/ziptext/plain; charset=utf-8' );
INSERT INTO files ( gid, file, mime ) VALUES ( '41800', 'http://www.gutenberg.org/files/41800/41800-8.txt', 'text/plain; charset=iso-8859-1' );
INSERT INTO files ( gid, file, mime ) VALUES ( '41800', 'http://www.gutenberg.org/files/41800/41800-8.zip', 'application/ziptext/plain; charset=iso-8859-1' );
INSERT INTO files ( gid, file, mime ) VALUES ( '41800', 'http://www.gutenberg.org/files/41800/41800-h.zip', 'application/ziptext/html; charset=iso-8859-1' );
INSERT INTO files ( gid, file, mime ) VALUES ( '41800', 'http://www.gutenberg.org/files/41800/41800-h/41800-h.htm', 'text/html; charset=iso-8859-1' );
INSERT INTO files ( gid, file, mime ) VALUES ( '41800', 'http://www.gutenberg.org/files/41800/41800.txt', 'text/plain; charset=us-ascii' );
INSERT INTO files ( gid, file, mime ) VALUES ( '41800', 'http://www.gutenberg.org/files/41800/41800.zip', 'text/plain; charset=us-asciiapplication/zip' );
INSERT INTO titles ( gid, title, author, language, rights ) VALUES ( '41900', 'How to Master the English Bible An Experience, a Method, a Result, an Illustration', 'Gray, James M. (James Martin)', 'en', 'Public domain in the USA.' );
INSERT INTO classifications ( gid, classification ) VALUES ( '41900', 'BS' );
INSERT INTO subjects ( gid, subject ) VALUES ( '41900', 'Bible -- Study and teaching' );
INSERT INTO files ( gid, file, mime ) VALUES ( '41900', 'http://www.gutenberg.org/ebooks/41900.epub.images', 'application/epub+zip' );
INSERT INTO files ( gid, file, mime ) VALUES ( '41900', 'http://www.gutenberg.org/ebooks/41900.epub.noimages', 'application/epub+zip' );
INSERT INTO files ( gid, file, mime ) VALUES ( '41900', 'http://www.gutenberg.org/ebooks/41900.html.images', 'text/html' );
INSERT INTO files ( gid, file, mime ) VALUES ( '41900', 'http://www.gutenberg.org/ebooks/41900.html.noimages', 'text/html' );
INSERT INTO files ( gid, file, mime ) VALUES ( '41900', 'http://www.gutenberg.org/ebooks/41900.kindle.images', 'application/x-mobipocket-ebook' );
INSERT INTO files ( gid, file, mime ) VALUES ( '41900', 'http://www.gutenberg.org/ebooks/41900.kindle.noimages', 'application/x-mobipocket-ebook' );
INSERT INTO files ( gid, file, mime ) VALUES ( '41900', 'http://www.gutenberg.org/ebooks/41900.rdf', 'application/rdf+xml' );
INSERT INTO files ( gid, file, mime ) VALUES ( '41900', 'http://www.gutenberg.org/ebooks/41900.txt.utf-8', 'text/plain' );
INSERT INTO files ( gid, file, mime ) VALUES ( '41900', 'http://www.gutenberg.org/files/41900/41900.txt', 'text/plain; charset=us-ascii' );
INSERT INTO files ( gid, file, mime ) VALUES ( '41900', 'http://www.gutenberg.org/files/41900/41900.zip', 'application/ziptext/plain; charset=us-ascii' );
INSERT INTO titles ( gid, title, author, language, rights ) VALUES ( '42000', 'On the Mexican Highlands, with a Passing Glimpse of Cuba', 'Edwards, William Seymour', 'en', 'Public domain in the USA.' );
INSERT INTO subjects ( gid, subject ) VALUES ( '42000', 'Cuba -- Description and travel' );
INSERT INTO subjects ( gid, subject ) VALUES ( '42000', 'Mexico -- Description and travel' );
INSERT INTO subjects ( gid, subject ) VALUES ( '42000', 'F1201' );
INSERT INTO files ( gid, file, mime ) VALUES ( '42000', 'http://www.gutenberg.org/cache/epub/42000/pg42000.cover.medium.jpg', 'image/jpeg' );
INSERT INTO files ( gid, file, mime ) VALUES ( '42000', 'http://www.gutenberg.org/cache/epub/42000/pg42000.cover.small.jpg', 'image/jpeg' );
INSERT INTO files ( gid, file, mime ) VALUES ( '42000', 'http://www.gutenberg.org/ebooks/42000.epub.images', 'application/epub+zip' );
INSERT INTO files ( gid, file, mime ) VALUES ( '42000', 'http://www.gutenberg.org/ebooks/42000.epub.noimages', 'application/epub+zip' );
INSERT INTO files ( gid, file, mime ) VALUES ( '42000', 'http://www.gutenberg.org/ebooks/42000.kindle.images', 'application/x-mobipocket-ebook' );
INSERT INTO files ( gid, file, mime ) VALUES ( '42000', 'http://www.gutenberg.org/ebooks/42000.kindle.noimages', 'application/x-mobipocket-ebook' );
INSERT INTO files ( gid, file, mime ) VALUES ( '42000', 'http://www.gutenberg.org/ebooks/42000.rdf', 'application/rdf+xml' );
INSERT INTO files ( gid, file, mime ) VALUES ( '42000', 'http://www.gutenberg.org/files/42000/42000-0.txt', 'text/plain; charset=utf-8' );
INSERT INTO files ( gid, file, mime ) VALUES ( '42000', 'http://www.gutenberg.org/files/42000/42000-0.zip', 'application/ziptext/plain; charset=utf-8' );
INSERT INTO files ( gid, file, mime ) VALUES ( '42000', 'http://www.gutenberg.org/files/42000/42000-8.txt', 'text/plain; charset=iso-8859-1' );
INSERT INTO files ( gid, file, mime ) VALUES ( '42000', 'http://www.gutenberg.org/files/42000/42000-8.zip', 'application/ziptext/plain; charset=iso-8859-1' );
INSERT INTO files ( gid, file, mime ) VALUES ( '42000', 'http://www.gutenberg.org/files/42000/42000-h.zip', 'text/html; charset=utf-8application/zip' );
INSERT INTO files ( gid, file, mime ) VALUES ( '42000', 'http://www.gutenberg.org/files/42000/42000-h/42000-h.htm', 'text/html; charset=utf-8' );
INSERT INTO files ( gid, file, mime ) VALUES ( '42000', 'http://www.gutenberg.org/files/42000/42000.txt', 'text/plain; charset=us-ascii' );
INSERT INTO files ( gid, file, mime ) VALUES ( '42000', 'http://www.gutenberg.org/files/42000/42000.zip', 'application/ziptext/plain; charset=us-ascii' );
INSERT INTO titles ( gid, title, author, language, rights ) VALUES ( '4200', 'The Diary of Samuel Pepys — Complete', 'Pepys, Samuel', 'en', 'Public domain in the USA.' );
INSERT INTO classifications ( gid, classification ) VALUES ( '4200', 'DA' );
INSERT INTO subjects ( gid, subject ) VALUES ( '4200', 'Great Britain -- Social life and customs -- 17th century -- Sources' );
INSERT INTO subjects ( gid, subject ) VALUES ( '4200', 'Diarists -- Great Britain -- Diaries' );
INSERT INTO subjects ( gid, subject ) VALUES ( '4200', 'Great Britain -- History -- Charles II, 1660-1685 -- Sources' );
INSERT INTO subjects ( gid, subject ) VALUES ( '4200', 'Cabinet officers -- Great Britain -- Diaries' );
INSERT INTO subjects ( gid, subject ) VALUES ( '4200', 'Pepys, Samuel, 1633-1703 -- Diaries' );
INSERT INTO files ( gid, file, mime ) VALUES ( '4200', 'http://www.gutenberg.org/cache/epub/4200/pg4200.cover.medium.jpg', 'image/jpeg' );
INSERT INTO files ( gid, file, mime ) VALUES ( '4200', 'http://www.gutenberg.org/cache/epub/4200/pg4200.cover.small.jpg', 'image/jpeg' );
INSERT INTO files ( gid, file, mime ) VALUES ( '4200', 'http://www.gutenberg.org/ebooks/4200.epub.images', 'application/epub+zip' );
INSERT INTO files ( gid, file, mime ) VALUES ( '4200', 'http://www.gutenberg.org/ebooks/4200.epub.noimages', 'application/epub+zip' );
INSERT INTO files ( gid, file, mime ) VALUES ( '4200', 'http://www.gutenberg.org/ebooks/4200.kindle.images', 'application/x-mobipocket-ebook' );
INSERT INTO files ( gid, file, mime ) VALUES ( '4200', 'http://www.gutenberg.org/ebooks/4200.kindle.noimages', 'application/x-mobipocket-ebook' );
INSERT INTO files ( gid, file, mime ) VALUES ( '4200', 'http://www.gutenberg.org/ebooks/4200.rdf', 'application/rdf+xml' );
INSERT INTO files ( gid, file, mime ) VALUES ( '4200', 'http://www.gutenberg.org/files/4200/4200-0.txt', 'text/plain; charset=utf-8' );
INSERT INTO files ( gid, file, mime ) VALUES ( '4200', 'http://www.gutenberg.org/files/4200/4200-0.zip', 'text/plain; charset=utf-8application/zip' );
INSERT INTO files ( gid, file, mime ) VALUES ( '4200', 'http://www.gutenberg.org/files/4200/4200-h.zip', 'application/ziptext/html; charset=utf-8' );
INSERT INTO files ( gid, file, mime ) VALUES ( '4200', 'http://www.gutenberg.org/files/4200/4200-h/4200-h.htm', 'text/html; charset=utf-8' );
INSERT INTO files ( gid, file, mime ) VALUES ( '4200', 'http://www.gutenberg.org/files/4200/4200.txt', 'text/plain; charset=us-ascii' );
INSERT INTO files ( gid, file, mime ) VALUES ( '4200', 'http://www.gutenberg.org/files/4200/4200.zip', 'text/plain; charset=us-asciiapplication/zip' );
INSERT INTO titles ( gid, title, author, language, rights ) VALUES ( '42100', 'The Bride of the Tomb, and Queenie''s Terrible Secret', 'Miller, Alex. McVeigh, Mrs.', 'en', 'Public domain in the USA.' );
INSERT INTO classifications ( gid, classification ) VALUES ( '42100', 'PS' );
INSERT INTO subjects ( gid, subject ) VALUES ( '42100', 'United States -- Social life and customs -- Fiction' );
INSERT INTO subjects ( gid, subject ) VALUES ( '42100', 'Young women -- Fiction' );
INSERT INTO files ( gid, file, mime ) VALUES ( '42100', 'http://www.gutenberg.org/cache/epub/42100/pg42100.cover.medium.jpg', 'image/jpeg' );
INSERT INTO files ( gid, file, mime ) VALUES ( '42100', 'http://www.gutenberg.org/cache/epub/42100/pg42100.cover.small.jpg', 'image/jpeg' );
INSERT INTO files ( gid, file, mime ) VALUES ( '42100', 'http://www.gutenberg.org/ebooks/42100.epub.images', 'application/epub+zip' );
INSERT INTO files ( gid, file, mime ) VALUES ( '42100', 'http://www.gutenberg.org/ebooks/42100.epub.noimages', 'application/epub+zip' );
INSERT INTO files ( gid, file, mime ) VALUES ( '42100', 'http://www.gutenberg.org/ebooks/42100.kindle.images', 'application/x-mobipocket-ebook' );
INSERT INTO files ( gid, file, mime ) VALUES ( '42100', 'http://www.gutenberg.org/ebooks/42100.kindle.noimages', 'application/x-mobipocket-ebook' );
INSERT INTO files ( gid, file, mime ) VALUES ( '42100', 'http://www.gutenberg.org/ebooks/42100.rdf', 'application/rdf+xml' );
INSERT INTO files ( gid, file, mime ) VALUES ( '42100', 'http://www.gutenberg.org/ebooks/42100.txt.utf-8', 'text/plain' );
INSERT INTO files ( gid, file, mime ) VALUES ( '42100', 'http://www.gutenberg.org/files/42100/42100-8.txt', 'text/plain; charset=iso-8859-1' );
INSERT INTO files ( gid, file, mime ) VALUES ( '42100', 'http://www.gutenberg.org/files/42100/42100-8.zip', 'application/ziptext/plain; charset=iso-8859-1' );
INSERT INTO files ( gid, file, mime ) VALUES ( '42100', 'http://www.gutenberg.org/files/42100/42100-h.zip', 'text/html; charset=iso-8859-1application/zip' );
INSERT INTO files ( gid, file, mime ) VALUES ( '42100', 'http://www.gutenberg.org/files/42100/42100-h/42100-h.htm', 'text/html; charset=iso-8859-1' );
INSERT INTO files ( gid, file, mime ) VALUES ( '42100', 'http://www.gutenberg.org/files/42100/42100.txt', 'text/plain; charset=us-ascii' );
INSERT INTO files ( gid, file, mime ) VALUES ( '42100', 'http://www.gutenberg.org/files/42100/42100.zip', 'text/plain; charset=us-asciiapplication/zip' );
INSERT INTO titles ( gid, title, author, language, rights ) VALUES ( '42200', 'The Shadow of Ashlydyat', 'Wood, Henry, Mrs.', 'en', 'Public domain in the USA.' );
INSERT INTO classifications ( gid, classification ) VALUES ( '42200', 'PR' );
INSERT INTO subjects ( gid, subject ) VALUES ( '42200', 'England -- Social life and customs -- 19th century -- Fiction' );
INSERT INTO files ( gid, file, mime ) VALUES ( '42200', 'http://www.gutenberg.org/cache/epub/42200/pg42200.cover.medium.jpg', 'image/jpeg' );
INSERT INTO files ( gid, file, mime ) VALUES ( '42200', 'http://www.gutenberg.org/cache/epub/42200/pg42200.cover.small.jpg', 'image/jpeg' );
INSERT INTO files ( gid, file, mime ) VALUES ( '42200', 'http://www.gutenberg.org/ebooks/42200.epub.images', 'application/epub+zip' );
INSERT INTO files ( gid, file, mime ) VALUES ( '42200', 'http://www.gutenberg.org/ebooks/42200.epub.noimages', 'application/epub+zip' );
INSERT INTO files ( gid, file, mime ) VALUES ( '42200', 'http://www.gutenberg.org/ebooks/42200.kindle.images', 'application/x-mobipocket-ebook' );
INSERT INTO files ( gid, file, mime ) VALUES ( '42200', 'http://www.gutenberg.org/ebooks/42200.kindle.noimages', 'application/x-mobipocket-ebook' );
INSERT INTO files ( gid, file, mime ) VALUES ( '42200', 'http://www.gutenberg.org/ebooks/42200.rdf', 'application/rdf+xml' );
INSERT INTO files ( gid, file, mime ) VALUES ( '42200', 'http://www.gutenberg.org/ebooks/42200.txt.utf-8', 'text/plain' );
INSERT INTO files ( gid, file, mime ) VALUES ( '42200', 'http://www.gutenberg.org/files/42200/42200-8.txt', 'text/plain; charset=iso-8859-1' );
INSERT INTO files ( gid, file, mime ) VALUES ( '42200', 'http://www.gutenberg.org/files/42200/42200-8.zip', 'text/plain; charset=iso-8859-1application/zip' );
INSERT INTO files ( gid, file, mime ) VALUES ( '42200', 'http://www.gutenberg.org/files/42200/42200-h.zip', 'text/htmlapplication/zip' );
INSERT INTO files ( gid, file, mime ) VALUES ( '42200', 'http://www.gutenberg.org/files/42200/42200-h/42200-h.htm', 'text/html' );
INSERT INTO files ( gid, file, mime ) VALUES ( '42200', 'http://www.gutenberg.org/files/42200/42200.txt', 'text/plain; charset=us-ascii' );
INSERT INTO files ( gid, file, mime ) VALUES ( '42200', 'http://www.gutenberg.org/files/42200/42200.zip', 'application/ziptext/plain; charset=us-ascii' );
INSERT INTO titles ( gid, title, author, language, rights ) VALUES ( '42300', 'Œuvres Complètes de Frédéric Bastiat, tome 2 mises en ordre, revues et annotées d''après les manuscrits de l''auteur', 'Bastiat, Frédéric', 'fr', 'Public domain in the USA.' );
INSERT INTO classifications ( gid, classification ) VALUES ( '42300', 'HB' );
INSERT INTO subjects ( gid, subject ) VALUES ( '42300', 'Economics' );
INSERT INTO files ( gid, file, mime ) VALUES ( '42300', 'http://www.gutenberg.org/ebooks/42300.epub.images', 'application/epub+zip' );
INSERT INTO files ( gid, file, mime ) VALUES ( '42300', 'http://www.gutenberg.org/ebooks/42300.epub.noimages', 'application/epub+zip' );
INSERT INTO files ( gid, file, mime ) VALUES ( '42300', 'http://www.gutenberg.org/ebooks/42300.kindle.images', 'application/x-mobipocket-ebook' );
INSERT INTO files ( gid, file, mime ) VALUES ( '42300', 'http://www.gutenberg.org/ebooks/42300.kindle.noimages', 'application/x-mobipocket-ebook' );
INSERT INTO files ( gid, file, mime ) VALUES ( '42300', 'http://www.gutenberg.org/ebooks/42300.rdf', 'application/rdf+xml' );
INSERT INTO files ( gid, file, mime ) VALUES ( '42300', 'http://www.gutenberg.org/ebooks/42300.txt.utf-8', 'text/plain' );
INSERT INTO files ( gid, file, mime ) VALUES ( '42300', 'http://www.gutenberg.org/files/42300/42300-8.txt', 'text/plain; charset=iso-8859-1' );
INSERT INTO files ( gid, file, mime ) VALUES ( '42300', 'http://www.gutenberg.org/files/42300/42300-8.zip', 'text/plain; charset=iso-8859-1application/zip' );
INSERT INTO files ( gid, file, mime ) VALUES ( '42300', 'http://www.gutenberg.org/files/42300/42300-h.zip', 'application/ziptext/html; charset=iso-8859-1' );
INSERT INTO files ( gid, file, mime ) VALUES ( '42300', 'http://www.gutenberg.org/files/42300/42300-h/42300-h.htm', 'text/html; charset=iso-8859-1' );
INSERT INTO titles ( gid, title, author, language, rights ) VALUES ( '42400', 'Mr. Punch''s Book of Love: Being the Humours of Courtship and Matrimony', '', 'en', 'Public domain in the USA.' );
INSERT INTO classifications ( gid, classification ) VALUES ( '42400', 'PN' );
INSERT INTO subjects ( gid, subject ) VALUES ( '42400', 'Man-woman relationships -- Humor' );
INSERT INTO subjects ( gid, subject ) VALUES ( '42400', 'English wit and humor' );
INSERT INTO subjects ( gid, subject ) VALUES ( '42400', 'Love -- Humor' );
INSERT INTO subjects ( gid, subject ) VALUES ( '42400', 'English wit and humor, Pictorial' );
INSERT INTO subjects ( gid, subject ) VALUES ( '42400', 'Marriage -- Humor' );
INSERT INTO files ( gid, file, mime ) VALUES ( '42400', 'http://www.gutenberg.org/cache/epub/42400/pg42400.cover.medium.jpg', 'image/jpeg' );
INSERT INTO files ( gid, file, mime ) VALUES ( '42400', 'http://www.gutenberg.org/cache/epub/42400/pg42400.cover.small.jpg', 'image/jpeg' );
INSERT INTO files ( gid, file, mime ) VALUES ( '42400', 'http://www.gutenberg.org/ebooks/42400.epub.images', 'application/epub+zip' );
INSERT INTO files ( gid, file, mime ) VALUES ( '42400', 'http://www.gutenberg.org/ebooks/42400.epub.noimages', 'application/epub+zip' );
INSERT INTO files ( gid, file, mime ) VALUES ( '42400', 'http://www.gutenberg.org/ebooks/42400.kindle.images', 'application/x-mobipocket-ebook' );
INSERT INTO files ( gid, file, mime ) VALUES ( '42400', 'http://www.gutenberg.org/ebooks/42400.kindle.noimages', 'application/x-mobipocket-ebook' );
INSERT INTO files ( gid, file, mime ) VALUES ( '42400', 'http://www.gutenberg.org/ebooks/42400.rdf', 'application/rdf+xml' );
INSERT INTO files ( gid, file, mime ) VALUES ( '42400', 'http://www.gutenberg.org/ebooks/42400.txt.utf-8', 'text/plain' );
INSERT INTO files ( gid, file, mime ) VALUES ( '42400', 'http://www.gutenberg.org/files/42400/42400-8.txt', 'text/plain; charset=iso-8859-1' );
INSERT INTO files ( gid, file, mime ) VALUES ( '42400', 'http://www.gutenberg.org/files/42400/42400-8.zip', 'text/plain; charset=iso-8859-1application/zip' );
INSERT INTO files ( gid, file, mime ) VALUES ( '42400', 'http://www.gutenberg.org/files/42400/42400-h.zip', 'text/html; charset=iso-8859-1application/zip' );
INSERT INTO files ( gid, file, mime ) VALUES ( '42400', 'http://www.gutenberg.org/files/42400/42400-h/42400-h.htm', 'text/html; charset=iso-8859-1' );
INSERT INTO files ( gid, file, mime ) VALUES ( '42400', 'http://www.gutenberg.org/files/42400/42400.txt', 'text/plain; charset=us-ascii' );
INSERT INTO files ( gid, file, mime ) VALUES ( '42400', 'http://www.gutenberg.org/files/42400/42400.zip', 'application/ziptext/plain; charset=us-ascii' );
INSERT INTO titles ( gid, title, author, language, rights ) VALUES ( '42500', 'The Maine Woods The Writings of Henry David Thoreau, Volume 03 (of 20)', 'Thoreau, Henry David', 'en', 'Public domain in the USA.' );
INSERT INTO subjects ( gid, subject ) VALUES ( '42500', 'Piscataquis County (Me.) -- Description and travel' );
INSERT INTO subjects ( gid, subject ) VALUES ( '42500', 'Maine -- Description and travel' );
INSERT INTO subjects ( gid, subject ) VALUES ( '42500', 'F001' );
INSERT INTO subjects ( gid, subject ) VALUES ( '42500', 'Thoreau, Henry David, 1817-1862 -- Travel -- Maine' );
INSERT INTO subjects ( gid, subject ) VALUES ( '42500', 'Authors, American -- 19th century -- Biography' );
INSERT INTO files ( gid, file, mime ) VALUES ( '42500', 'http://www.gutenberg.org/cache/epub/42500/pg42500.cover.medium.jpg', 'image/jpeg' );
INSERT INTO files ( gid, file, mime ) VALUES ( '42500', 'http://www.gutenberg.org/cache/epub/42500/pg42500.cover.small.jpg', 'image/jpeg' );
INSERT INTO files ( gid, file, mime ) VALUES ( '42500', 'http://www.gutenberg.org/ebooks/42500.epub.images', 'application/epub+zip' );
INSERT INTO files ( gid, file, mime ) VALUES ( '42500', 'http://www.gutenberg.org/ebooks/42500.epub.noimages', 'application/epub+zip' );
INSERT INTO files ( gid, file, mime ) VALUES ( '42500', 'http://www.gutenberg.org/ebooks/42500.kindle.images', 'application/x-mobipocket-ebook' );
INSERT INTO files ( gid, file, mime ) VALUES ( '42500', 'http://www.gutenberg.org/ebooks/42500.kindle.noimages', 'application/x-mobipocket-ebook' );
INSERT INTO files ( gid, file, mime ) VALUES ( '42500', 'http://www.gutenberg.org/ebooks/42500.rdf', 'application/rdf+xml' );
INSERT INTO files ( gid, file, mime ) VALUES ( '42500', 'http://www.gutenberg.org/files/42500/42500-0.txt', 'text/plain; charset=utf-8' );
INSERT INTO files ( gid, file, mime ) VALUES ( '42500', 'http://www.gutenberg.org/files/42500/42500-0.zip', 'text/plain; charset=utf-8application/zip' );
INSERT INTO files ( gid, file, mime ) VALUES ( '42500', 'http://www.gutenberg.org/files/42500/42500-8.txt', 'text/plain; charset=iso-8859-1' );
INSERT INTO files ( gid, file, mime ) VALUES ( '42500', 'http://www.gutenberg.org/files/42500/42500-8.zip', 'application/ziptext/plain; charset=iso-8859-1' );
INSERT INTO files ( gid, file, mime ) VALUES ( '42500', 'http://www.gutenberg.org/files/42500/42500-h.zip', 'application/ziptext/html; charset=utf-8' );
INSERT INTO files ( gid, file, mime ) VALUES ( '42500', 'http://www.gutenberg.org/files/42500/42500-h/42500-h.htm', 'text/html; charset=utf-8' );
INSERT INTO files ( gid, file, mime ) VALUES ( '42500', 'http://www.gutenberg.org/files/42500/42500.txt', 'text/plain; charset=us-ascii' );
INSERT INTO files ( gid, file, mime ) VALUES ( '42500', 'http://www.gutenberg.org/files/42500/42500.zip', 'text/plain; charset=us-asciiapplication/zip' );
INSERT INTO titles ( gid, title, author, language, rights ) VALUES ( '42600', 'Under St Paul''s: A Romance', 'Dowling, Richard', 'en', 'Public domain in the USA.' );
INSERT INTO classifications ( gid, classification ) VALUES ( '42600', 'PR' );
INSERT INTO subjects ( gid, subject ) VALUES ( '42600', 'St. Paul''s Cathedral (London, England) -- Fiction' );
INSERT INTO subjects ( gid, subject ) VALUES ( '42600', 'Man-woman relationships -- Fiction' );
INSERT INTO files ( gid, file, mime ) VALUES ( '42600', 'http://www.gutenberg.org/ebooks/42600.epub.images', 'application/epub+zip' );
INSERT INTO files ( gid, file, mime ) VALUES ( '42600', 'http://www.gutenberg.org/ebooks/42600.epub.noimages', 'application/epub+zip' );
INSERT INTO files ( gid, file, mime ) VALUES ( '42600', 'http://www.gutenberg.org/ebooks/42600.kindle.images', 'application/x-mobipocket-ebook' );
INSERT INTO files ( gid, file, mime ) VALUES ( '42600', 'http://www.gutenberg.org/ebooks/42600.kindle.noimages', 'application/x-mobipocket-ebook' );
INSERT INTO files ( gid, file, mime ) VALUES ( '42600', 'http://www.gutenberg.org/ebooks/42600.rdf', 'application/rdf+xml' );
INSERT INTO files ( gid, file, mime ) VALUES ( '42600', 'http://www.gutenberg.org/ebooks/42600.txt.utf-8', 'text/plain' );
INSERT INTO files ( gid, file, mime ) VALUES ( '42600', 'http://www.gutenberg.org/files/42600/42600-8.txt', 'text/plain; charset=iso-8859-1' );
INSERT INTO files ( gid, file, mime ) VALUES ( '42600', 'http://www.gutenberg.org/files/42600/42600-8.zip', 'application/ziptext/plain; charset=iso-8859-1' );
INSERT INTO files ( gid, file, mime ) VALUES ( '42600', 'http://www.gutenberg.org/files/42600/42600-h.zip', 'text/html; charset=iso-8859-1application/zip' );
INSERT INTO files ( gid, file, mime ) VALUES ( '42600', 'http://www.gutenberg.org/files/42600/42600-h/42600-h.htm', 'text/html; charset=iso-8859-1' );
INSERT INTO files ( gid, file, mime ) VALUES ( '42600', 'http://www.gutenberg.org/files/42600/42600.txt', 'text/plain; charset=us-ascii' );
INSERT INTO files ( gid, file, mime ) VALUES ( '42600', 'http://www.gutenberg.org/files/42600/42600.zip', 'application/ziptext/plain; charset=us-ascii' );
INSERT INTO titles ( gid, title, author, language, rights ) VALUES ( '42700', 'Πλουτάρχου Βίοι Παράλληλοι - Τόμος 3 Αλκιβιάδης - Κοριολάνος - Τιμολέων - Αιμίλιος Παύλος - Πελοπίδας - Μάρκελλος', 'Plutarch', 'el', 'Public domain in the USA.' );
INSERT INTO classifications ( gid, classification ) VALUES ( '42700', 'PA' );
INSERT INTO subjects ( gid, subject ) VALUES ( '42700', 'Rome -- Biography -- Early works to 1800' );
INSERT INTO subjects ( gid, subject ) VALUES ( '42700', 'Greece -- Biography -- Early works to 1800' );
INSERT INTO files ( gid, file, mime ) VALUES ( '42700', 'http://www.gutenberg.org/cache/epub/42700/pg42700.cover.medium.jpg', 'image/jpeg' );
INSERT INTO files ( gid, file, mime ) VALUES ( '42700', 'http://www.gutenberg.org/cache/epub/42700/pg42700.cover.small.jpg', 'image/jpeg' );
INSERT INTO files ( gid, file, mime ) VALUES ( '42700', 'http://www.gutenberg.org/ebooks/42700.epub.images', 'application/epub+zip' );
INSERT INTO files ( gid, file, mime ) VALUES ( '42700', 'http://www.gutenberg.org/ebooks/42700.epub.noimages', 'application/epub+zip' );
INSERT INTO files ( gid, file, mime ) VALUES ( '42700', 'http://www.gutenberg.org/ebooks/42700.kindle.images', 'application/x-mobipocket-ebook' );
INSERT INTO files ( gid, file, mime ) VALUES ( '42700', 'http://www.gutenberg.org/ebooks/42700.kindle.noimages', 'application/x-mobipocket-ebook' );
INSERT INTO files ( gid, file, mime ) VALUES ( '42700', 'http://www.gutenberg.org/ebooks/42700.rdf', 'application/rdf+xml' );
INSERT INTO files ( gid, file, mime ) VALUES ( '42700', 'http://www.gutenberg.org/files/42700/42700-0.txt', 'text/plain; charset=utf-8' );
INSERT INTO files ( gid, file, mime ) VALUES ( '42700', 'http://www.gutenberg.org/files/42700/42700-0.zip', 'application/ziptext/plain; charset=utf-8' );
INSERT INTO files ( gid, file, mime ) VALUES ( '42700', 'http://www.gutenberg.org/files/42700/42700-h.zip', 'application/ziptext/html; charset=utf-8' );
INSERT INTO files ( gid, file, mime ) VALUES ( '42700', 'http://www.gutenberg.org/files/42700/42700-h/42700-h.htm', 'text/html; charset=utf-8' );
INSERT INTO titles ( gid, title, author, language, rights ) VALUES ( '42900', 'Gänsemütterchens Märchen', 'Perrault, Charles', 'de', 'Public domain in the USA.' );
INSERT INTO classifications ( gid, classification ) VALUES ( '42900', 'PZ' );
INSERT INTO subjects ( gid, subject ) VALUES ( '42900', 'Fairy tales -- France -- Translations into German' );
INSERT INTO files ( gid, file, mime ) VALUES ( '42900', 'http://www.gutenberg.org/cache/epub/42900/pg42900.cover.medium.jpg', 'image/jpeg' );
INSERT INTO files ( gid, file, mime ) VALUES ( '42900', 'http://www.gutenberg.org/cache/epub/42900/pg42900.cover.small.jpg', 'image/jpeg' );
INSERT INTO files ( gid, file, mime ) VALUES ( '42900', 'http://www.gutenberg.org/ebooks/42900.epub.images', 'application/epub+zip' );
INSERT INTO files ( gid, file, mime ) VALUES ( '42900', 'http://www.gutenberg.org/ebooks/42900.epub.noimages', 'application/epub+zip' );
INSERT INTO files ( gid, file, mime ) VALUES ( '42900', 'http://www.gutenberg.org/ebooks/42900.kindle.images', 'application/x-mobipocket-ebook' );
INSERT INTO files ( gid, file, mime ) VALUES ( '42900', 'http://www.gutenberg.org/ebooks/42900.kindle.noimages', 'application/x-mobipocket-ebook' );
INSERT INTO files ( gid, file, mime ) VALUES ( '42900', 'http://www.gutenberg.org/ebooks/42900.rdf', 'application/rdf+xml' );
INSERT INTO files ( gid, file, mime ) VALUES ( '42900', 'http://www.gutenberg.org/ebooks/42900.txt.utf-8', 'text/plain' );
INSERT INTO files ( gid, file, mime ) VALUES ( '42900', 'http://www.gutenberg.org/files/42900/42900-8.txt', 'text/plain; charset=iso-8859-1' );
INSERT INTO files ( gid, file, mime ) VALUES ( '42900', 'http://www.gutenberg.org/files/42900/42900-8.zip', 'text/plain; charset=iso-8859-1application/zip' );
INSERT INTO files ( gid, file, mime ) VALUES ( '42900', 'http://www.gutenberg.org/files/42900/42900-h.zip', 'text/html; charset=iso-8859-1application/zip' );
INSERT INTO files ( gid, file, mime ) VALUES ( '42900', 'http://www.gutenberg.org/files/42900/42900-h/42900-h.htm', 'text/html; charset=iso-8859-1' );
INSERT INTO titles ( gid, title, author, language, rights ) VALUES ( '42800', 'Buck Peters, Ranchman Being the Story of What Happened When Buck Peters, Hopalong Cassidy, and Their Bar-20 Associates Went to Montana', 'Clay, John Wood', 'en', 'Public domain in the USA.' );
