INSERT INTO classifications ( gid, classification ) VALUES ( '42800', 'PS' );
INSERT INTO subjects ( gid, subject ) VALUES ( '42800', 'Ranch life -- Fiction' );
INSERT INTO subjects ( gid, subject ) VALUES ( '42800', 'Cassidy, Hopalong (Fictitious character) -- Fiction' );
INSERT INTO subjects ( gid, subject ) VALUES ( '42800', 'Western stories' );
INSERT INTO subjects ( gid, subject ) VALUES ( '42800', 'Montana -- Fiction' );
INSERT INTO files ( gid, file, mime ) VALUES ( '42800', 'http://www.gutenberg.org/cache/epub/42800/pg42800.cover.medium.jpg', 'image/jpeg' );
INSERT INTO files ( gid, file, mime ) VALUES ( '42800', 'http://www.gutenberg.org/cache/epub/42800/pg42800.cover.small.jpg', 'image/jpeg' );
INSERT INTO files ( gid, file, mime ) VALUES ( '42800', 'http://www.gutenberg.org/ebooks/42800.epub.images', 'application/epub+zip' );
INSERT INTO files ( gid, file, mime ) VALUES ( '42800', 'http://www.gutenberg.org/ebooks/42800.epub.noimages', 'application/epub+zip' );
INSERT INTO files ( gid, file, mime ) VALUES ( '42800', 'http://www.gutenberg.org/ebooks/42800.kindle.images', 'application/x-mobipocket-ebook' );
INSERT INTO files ( gid, file, mime ) VALUES ( '42800', 'http://www.gutenberg.org/ebooks/42800.kindle.noimages', 'application/x-mobipocket-ebook' );
INSERT INTO files ( gid, file, mime ) VALUES ( '42800', 'http://www.gutenberg.org/ebooks/42800.rdf', 'application/rdf+xml' );
INSERT INTO files ( gid, file, mime ) VALUES ( '42800', 'http://www.gutenberg.org/ebooks/42800.rst.gen', 'text/x-rst' );
INSERT INTO files ( gid, file, mime ) VALUES ( '42800', 'http://www.gutenberg.org/files/42800/42800-0.txt', 'text/plain; charset=utf-8' );
INSERT INTO files ( gid, file, mime ) VALUES ( '42800', 'http://www.gutenberg.org/files/42800/42800-0.zip', 'text/plain; charset=utf-8application/zip' );
INSERT INTO files ( gid, file, mime ) VALUES ( '42800', 'http://www.gutenberg.org/files/42800/42800-8.txt', 'text/plain; charset=iso-8859-1' );
INSERT INTO files ( gid, file, mime ) VALUES ( '42800', 'http://www.gutenberg.org/files/42800/42800-8.zip', 'text/plain; charset=iso-8859-1application/zip' );
INSERT INTO files ( gid, file, mime ) VALUES ( '42800', 'http://www.gutenberg.org/files/42800/42800-h.zip', 'text/html; charset=utf-8application/zip' );
INSERT INTO files ( gid, file, mime ) VALUES ( '42800', 'http://www.gutenberg.org/files/42800/42800-h/42800-h.html', 'text/html; charset=utf-8' );
INSERT INTO files ( gid, file, mime ) VALUES ( '42800', 'http://www.gutenberg.org/files/42800/42800-rst/42800-rst.rst', 'text/x-rst' );
INSERT INTO files ( gid, file, mime ) VALUES ( '42800', 'http://www.gutenberg.org/files/42800/42800.txt', 'text/plain; charset=us-ascii' );
INSERT INTO files ( gid, file, mime ) VALUES ( '42800', 'http://www.gutenberg.org/files/42800/42800.zip', 'text/plain; charset=us-asciiapplication/zip' );
INSERT INTO titles ( gid, title, author, language, rights ) VALUES ( '43000', 'Mennyt', 'Alkio, Santeri', 'fi', 'Public domain in the USA.' );
INSERT INTO classifications ( gid, classification ) VALUES ( '43000', 'PH' );
INSERT INTO subjects ( gid, subject ) VALUES ( '43000', 'Fiction' );
INSERT INTO files ( gid, file, mime ) VALUES ( '43000', 'http://www.gutenberg.org/ebooks/43000.epub.images', 'application/epub+zip' );
INSERT INTO files ( gid, file, mime ) VALUES ( '43000', 'http://www.gutenberg.org/ebooks/43000.epub.noimages', 'application/epub+zip' );
INSERT INTO files ( gid, file, mime ) VALUES ( '43000', 'http://www.gutenberg.org/ebooks/43000.html.images', 'text/html' );
INSERT INTO files ( gid, file, mime ) VALUES ( '43000', 'http://www.gutenberg.org/ebooks/43000.html.noimages', 'text/html' );
INSERT INTO files ( gid, file, mime ) VALUES ( '43000', 'http://www.gutenberg.org/ebooks/43000.kindle.images', 'application/x-mobipocket-ebook' );
INSERT INTO files ( gid, file, mime ) VALUES ( '43000', 'http://www.gutenberg.org/ebooks/43000.kindle.noimages', 'application/x-mobipocket-ebook' );
INSERT INTO files ( gid, file, mime ) VALUES ( '43000', 'http://www.gutenberg.org/ebooks/43000.rdf', 'application/rdf+xml' );
INSERT INTO files ( gid, file, mime ) VALUES ( '43000', 'http://www.gutenberg.org/ebooks/43000.txt.utf-8', 'text/plain' );
INSERT INTO files ( gid, file, mime ) VALUES ( '43000', 'http://www.gutenberg.org/files/43000/43000-8.txt', 'text/plain; charset=iso-8859-1' );
INSERT INTO files ( gid, file, mime ) VALUES ( '43000', 'http://www.gutenberg.org/files/43000/43000-8.zip', 'application/ziptext/plain; charset=iso-8859-1' );
INSERT INTO titles ( gid, title, author, language, rights ) VALUES ( '4300', 'Ulysses', 'Joyce, James', 'en', 'Public domain in the USA.' );
INSERT INTO classifications ( gid, classification ) VALUES ( '4300', 'PR' );
INSERT INTO subjects ( gid, subject ) VALUES ( '4300', 'Alienation (Social psychology) -- Fiction' );
INSERT INTO subjects ( gid, subject ) VALUES ( '4300', 'Psychological fiction' );
INSERT INTO subjects ( gid, subject ) VALUES ( '4300', 'Artists -- Fiction' );
INSERT INTO subjects ( gid, subject ) VALUES ( '4300', 'Married people -- Fiction' );
INSERT INTO subjects ( gid, subject ) VALUES ( '4300', 'Domestic fiction' );
INSERT INTO subjects ( gid, subject ) VALUES ( '4300', 'City and town life -- Fiction' );
INSERT INTO subjects ( gid, subject ) VALUES ( '4300', 'Dublin (Ireland) -- Fiction' );
INSERT INTO subjects ( gid, subject ) VALUES ( '4300', 'Epic literature' );
INSERT INTO subjects ( gid, subject ) VALUES ( '4300', 'Jewish men -- Fiction' );
INSERT INTO subjects ( gid, subject ) VALUES ( '4300', 'Male friendship -- Fiction' );
INSERT INTO files ( gid, file, mime ) VALUES ( '4300', 'http://www.gutenberg.org/cache/epub/4300/pg4300.cover.medium.jpg', 'image/jpeg' );
INSERT INTO files ( gid, file, mime ) VALUES ( '4300', 'http://www.gutenberg.org/cache/epub/4300/pg4300.cover.small.jpg', 'image/jpeg' );
INSERT INTO files ( gid, file, mime ) VALUES ( '4300', 'http://www.gutenberg.org/ebooks/4300.epub.images', 'application/epub+zip' );
INSERT INTO files ( gid, file, mime ) VALUES ( '4300', 'http://www.gutenberg.org/ebooks/4300.epub.noimages', 'application/epub+zip' );
INSERT INTO files ( gid, file, mime ) VALUES ( '4300', 'http://www.gutenberg.org/ebooks/4300.kindle.images', 'application/x-mobipocket-ebook' );
INSERT INTO files ( gid, file, mime ) VALUES ( '4300', 'http://www.gutenberg.org/ebooks/4300.kindle.noimages', 'application/x-mobipocket-ebook' );
INSERT INTO files ( gid, file, mime ) VALUES ( '4300', 'http://www.gutenberg.org/ebooks/4300.rdf', 'application/rdf+xml' );
INSERT INTO files ( gid, file, mime ) VALUES ( '4300', 'http://www.gutenberg.org/files/4300/4300-0.txt', 'text/plain; charset=utf-8' );
INSERT INTO files ( gid, file, mime ) VALUES ( '4300', 'http://www.gutenberg.org/files/4300/4300-0.zip', 'text/plain; charset=utf-8application/zip' );
INSERT INTO files ( gid, file, mime ) VALUES ( '4300', 'http://www.gutenberg.org/files/4300/4300-h.zip', 'text/html; charset=utf-8application/zip' );
INSERT INTO files ( gid, file, mime ) VALUES ( '4300', 'http://www.gutenberg.org/files/4300/4300-h/4300-h.htm', 'text/html; charset=utf-8' );
INSERT INTO titles ( gid, title, author, language, rights ) VALUES ( '43100', '"Tex"', 'Mulford, Clarence Edward', 'en', 'Public domain in the USA.' );
INSERT INTO classifications ( gid, classification ) VALUES ( '43100', 'PS' );
INSERT INTO subjects ( gid, subject ) VALUES ( '43100', 'Cassidy, Hopalong (Fictitious character) -- Fiction' );
INSERT INTO subjects ( gid, subject ) VALUES ( '43100', 'Western stories' );
INSERT INTO files ( gid, file, mime ) VALUES ( '43100', 'http://www.gutenberg.org/cache/epub/43100/pg43100.cover.medium.jpg', 'image/jpeg' );
INSERT INTO files ( gid, file, mime ) VALUES ( '43100', 'http://www.gutenberg.org/cache/epub/43100/pg43100.cover.small.jpg', 'image/jpeg' );
INSERT INTO files ( gid, file, mime ) VALUES ( '43100', 'http://www.gutenberg.org/ebooks/43100.epub.images', 'application/epub+zip' );
INSERT INTO files ( gid, file, mime ) VALUES ( '43100', 'http://www.gutenberg.org/ebooks/43100.epub.noimages', 'application/epub+zip' );
INSERT INTO files ( gid, file, mime ) VALUES ( '43100', 'http://www.gutenberg.org/ebooks/43100.kindle.images', 'application/x-mobipocket-ebook' );
INSERT INTO files ( gid, file, mime ) VALUES ( '43100', 'http://www.gutenberg.org/ebooks/43100.kindle.noimages', 'application/x-mobipocket-ebook' );
INSERT INTO files ( gid, file, mime ) VALUES ( '43100', 'http://www.gutenberg.org/ebooks/43100.rdf', 'application/rdf+xml' );
INSERT INTO files ( gid, file, mime ) VALUES ( '43100', 'http://www.gutenberg.org/ebooks/43100.rst.gen', 'text/x-rst' );
INSERT INTO files ( gid, file, mime ) VALUES ( '43100', 'http://www.gutenberg.org/files/43100/43100-0.txt', 'text/plain; charset=utf-8' );
INSERT INTO files ( gid, file, mime ) VALUES ( '43100', 'http://www.gutenberg.org/files/43100/43100-0.zip', 'application/ziptext/plain; charset=utf-8' );
INSERT INTO files ( gid, file, mime ) VALUES ( '43100', 'http://www.gutenberg.org/files/43100/43100-8.txt', 'text/plain; charset=iso-8859-1' );
INSERT INTO files ( gid, file, mime ) VALUES ( '43100', 'http://www.gutenberg.org/files/43100/43100-8.zip', 'application/ziptext/plain; charset=iso-8859-1' );
INSERT INTO files ( gid, file, mime ) VALUES ( '43100', 'http://www.gutenberg.org/files/43100/43100-h.zip', 'application/ziptext/html; charset=utf-8' );
INSERT INTO files ( gid, file, mime ) VALUES ( '43100', 'http://www.gutenberg.org/files/43100/43100-h/43100-h.html', 'text/html; charset=utf-8' );
INSERT INTO files ( gid, file, mime ) VALUES ( '43100', 'http://www.gutenberg.org/files/43100/43100-rst.zip', 'text/x-rstapplication/zip' );
INSERT INTO files ( gid, file, mime ) VALUES ( '43100', 'http://www.gutenberg.org/files/43100/43100-rst/43100-rst.rst', 'text/x-rst' );
INSERT INTO files ( gid, file, mime ) VALUES ( '43100', 'http://www.gutenberg.org/files/43100/43100.txt', 'text/plain; charset=us-ascii' );
INSERT INTO files ( gid, file, mime ) VALUES ( '43100', 'http://www.gutenberg.org/files/43100/43100.zip', 'text/plain; charset=us-asciiapplication/zip' );
INSERT INTO titles ( gid, title, author, language, rights ) VALUES ( '43200', 'Cornell Nature-Study Leaflets Being a selection, with revision, from the teachers'' leaflets, home nature-study lessons, junior naturalist monthlies and other publications from the College of Agriculture, Cornell University, Ithaca, N.Y., 1896-1904', 'New York State College of Agriculture', 'en', 'Public domain in the USA.' );
INSERT INTO classifications ( gid, classification ) VALUES ( '43200', 'QH' );
INSERT INTO subjects ( gid, subject ) VALUES ( '43200', 'Nature study' );
INSERT INTO subjects ( gid, subject ) VALUES ( '43200', 'Natural history' );
INSERT INTO files ( gid, file, mime ) VALUES ( '43200', 'http://www.gutenberg.org/cache/epub/43200/pg43200.cover.medium.jpg', 'image/jpeg' );
INSERT INTO files ( gid, file, mime ) VALUES ( '43200', 'http://www.gutenberg.org/cache/epub/43200/pg43200.cover.small.jpg', 'image/jpeg' );
INSERT INTO files ( gid, file, mime ) VALUES ( '43200', 'http://www.gutenberg.org/ebooks/43200.epub.images', 'application/epub+zip' );
INSERT INTO files ( gid, file, mime ) VALUES ( '43200', 'http://www.gutenberg.org/ebooks/43200.epub.noimages', 'application/epub+zip' );
INSERT INTO files ( gid, file, mime ) VALUES ( '43200', 'http://www.gutenberg.org/ebooks/43200.kindle.images', 'application/x-mobipocket-ebook' );
INSERT INTO files ( gid, file, mime ) VALUES ( '43200', 'http://www.gutenberg.org/ebooks/43200.kindle.noimages', 'application/x-mobipocket-ebook' );
INSERT INTO files ( gid, file, mime ) VALUES ( '43200', 'http://www.gutenberg.org/ebooks/43200.rdf', 'application/rdf+xml' );
INSERT INTO files ( gid, file, mime ) VALUES ( '43200', 'http://www.gutenberg.org/ebooks/43200.txt.utf-8', 'text/plain' );
INSERT INTO files ( gid, file, mime ) VALUES ( '43200', 'http://www.gutenberg.org/files/43200/43200-8.txt', 'text/plain; charset=iso-8859-1' );
INSERT INTO files ( gid, file, mime ) VALUES ( '43200', 'http://www.gutenberg.org/files/43200/43200-8.zip', 'text/plain; charset=iso-8859-1application/zip' );
INSERT INTO files ( gid, file, mime ) VALUES ( '43200', 'http://www.gutenberg.org/files/43200/43200-h.zip', 'text/html; charset=iso-8859-1application/zip' );
INSERT INTO files ( gid, file, mime ) VALUES ( '43200', 'http://www.gutenberg.org/files/43200/43200-h/43200-h.htm', 'text/html; charset=iso-8859-1' );
INSERT INTO files ( gid, file, mime ) VALUES ( '43200', 'http://www.gutenberg.org/files/43200/43200.txt', 'text/plain; charset=us-ascii' );
INSERT INTO files ( gid, file, mime ) VALUES ( '43200', 'http://www.gutenberg.org/files/43200/43200.zip', 'application/ziptext/plain; charset=us-ascii' );
INSERT INTO titles ( gid, title, author, language, rights ) VALUES ( '43300', 'Medieval Medicine', 'Walsh, James J. (James Joseph)', 'en', 'Public domain in the USA.' );
INSERT INTO classifications ( gid, classification ) VALUES ( '43300', 'R' );
INSERT INTO subjects ( gid, subject ) VALUES ( '43300', 'Medicine, Medieval' );
INSERT INTO files ( gid, file, mime ) VALUES ( '43300', 'http://www.gutenberg.org/cache/epub/43300/pg43300.cover.medium.jpg', 'image/jpeg' );
INSERT INTO files ( gid, file, mime ) VALUES ( '43300', 'http://www.gutenberg.org/cache/epub/43300/pg43300.cover.small.jpg', 'image/jpeg' );
INSERT INTO files ( gid, file, mime ) VALUES ( '43300', 'http://www.gutenberg.org/ebooks/43300.epub.images', 'application/epub+zip' );
INSERT INTO files ( gid, file, mime ) VALUES ( '43300', 'http://www.gutenberg.org/ebooks/43300.epub.noimages', 'application/epub+zip' );
INSERT INTO files ( gid, file, mime ) VALUES ( '43300', 'http://www.gutenberg.org/ebooks/43300.kindle.images', 'application/x-mobipocket-ebook' );
INSERT INTO files ( gid, file, mime ) VALUES ( '43300', 'http://www.gutenberg.org/ebooks/43300.kindle.noimages', 'application/x-mobipocket-ebook' );
INSERT INTO files ( gid, file, mime ) VALUES ( '43300', 'http://www.gutenberg.org/ebooks/43300.rdf', 'application/rdf+xml' );
INSERT INTO files ( gid, file, mime ) VALUES ( '43300', 'http://www.gutenberg.org/ebooks/43300.txt.utf-8', 'text/plain' );
INSERT INTO files ( gid, file, mime ) VALUES ( '43300', 'http://www.gutenberg.org/files/43300/43300-8.txt', 'text/plain; charset=iso-8859-1' );
INSERT INTO files ( gid, file, mime ) VALUES ( '43300', 'http://www.gutenberg.org/files/43300/43300-8.zip', 'text/plain; charset=iso-8859-1application/zip' );
INSERT INTO files ( gid, file, mime ) VALUES ( '43300', 'http://www.gutenberg.org/files/43300/43300-h.zip', 'application/ziptext/html' );
INSERT INTO files ( gid, file, mime ) VALUES ( '43300', 'http://www.gutenberg.org/files/43300/43300-h/43300-h.htm', 'text/html' );
INSERT INTO files ( gid, file, mime ) VALUES ( '43300', 'http://www.gutenberg.org/files/43300/43300.txt', 'text/plain; charset=us-ascii' );
INSERT INTO files ( gid, file, mime ) VALUES ( '43300', 'http://www.gutenberg.org/files/43300/43300.zip', 'application/ziptext/plain; charset=us-ascii' );
INSERT INTO titles ( gid, title, author, language, rights ) VALUES ( '43400', 'Música y Músicos Portorriqueños', 'Callejo Ferrer, Fernando', 'es', 'Public domain in the USA.' );
INSERT INTO classifications ( gid, classification ) VALUES ( '43400', 'ML' );
INSERT INTO subjects ( gid, subject ) VALUES ( '43400', 'Music -- Puerto Rico -- History and criticism' );
INSERT INTO subjects ( gid, subject ) VALUES ( '43400', 'Musicians -- Puerto Rico' );
INSERT INTO files ( gid, file, mime ) VALUES ( '43400', 'http://www.gutenberg.org/cache/epub/43400/pg43400.cover.medium.jpg', 'image/jpeg' );
INSERT INTO files ( gid, file, mime ) VALUES ( '43400', 'http://www.gutenberg.org/cache/epub/43400/pg43400.cover.small.jpg', 'image/jpeg' );
INSERT INTO files ( gid, file, mime ) VALUES ( '43400', 'http://www.gutenberg.org/ebooks/43400.epub.images', 'application/epub+zip' );
INSERT INTO files ( gid, file, mime ) VALUES ( '43400', 'http://www.gutenberg.org/ebooks/43400.epub.noimages', 'application/epub+zip' );
INSERT INTO files ( gid, file, mime ) VALUES ( '43400', 'http://www.gutenberg.org/ebooks/43400.kindle.images', 'application/x-mobipocket-ebook' );
INSERT INTO files ( gid, file, mime ) VALUES ( '43400', 'http://www.gutenberg.org/ebooks/43400.kindle.noimages', 'application/x-mobipocket-ebook' );
INSERT INTO files ( gid, file, mime ) VALUES ( '43400', 'http://www.gutenberg.org/ebooks/43400.rdf', 'application/rdf+xml' );
INSERT INTO files ( gid, file, mime ) VALUES ( '43400', 'http://www.gutenberg.org/ebooks/43400.txt.utf-8', 'text/plain' );
INSERT INTO files ( gid, file, mime ) VALUES ( '43400', 'http://www.gutenberg.org/files/43400/43400-8.txt', 'text/plain; charset=iso-8859-1' );
INSERT INTO files ( gid, file, mime ) VALUES ( '43400', 'http://www.gutenberg.org/files/43400/43400-8.zip', 'application/ziptext/plain; charset=iso-8859-1' );
INSERT INTO files ( gid, file, mime ) VALUES ( '43400', 'http://www.gutenberg.org/files/43400/43400-h.zip', 'application/ziptext/html; charset=iso-8859-1' );
INSERT INTO files ( gid, file, mime ) VALUES ( '43400', 'http://www.gutenberg.org/files/43400/43400-h/43400-h.htm', 'text/html; charset=iso-8859-1' );
INSERT INTO titles ( gid, title, author, language, rights ) VALUES ( '43500', 'Graining and Marbling A Series of Practical Treatises on Material, Tools and Appliances Used; General Operations; Preparing Oil Graining Colors; Mixing; Rubbing; Applying Distemper Colors; Wiping Out; Penciling; The Use of Crayons; Review of Woods; The Graining of Oak, Ash, Cherry, Satinwood, Mahogany, Maple, Bird''s Eye Maple, Sycamore, Walnut, Etc.; Marbling in All Shades.', 'Maire, F. (Frederick)', 'en', 'Public domain in the USA.' );
INSERT INTO classifications ( gid, classification ) VALUES ( '43500', 'TT' );
INSERT INTO subjects ( gid, subject ) VALUES ( '43500', 'Marbling' );
INSERT INTO subjects ( gid, subject ) VALUES ( '43500', 'Graining' );
INSERT INTO files ( gid, file, mime ) VALUES ( '43500', 'http://www.gutenberg.org/cache/epub/43500/pg43500.cover.medium.jpg', 'image/jpeg' );
INSERT INTO files ( gid, file, mime ) VALUES ( '43500', 'http://www.gutenberg.org/cache/epub/43500/pg43500.cover.small.jpg', 'image/jpeg' );
INSERT INTO files ( gid, file, mime ) VALUES ( '43500', 'http://www.gutenberg.org/ebooks/43500.epub.images', 'application/epub+zip' );
INSERT INTO files ( gid, file, mime ) VALUES ( '43500', 'http://www.gutenberg.org/ebooks/43500.epub.noimages', 'application/epub+zip' );
INSERT INTO files ( gid, file, mime ) VALUES ( '43500', 'http://www.gutenberg.org/ebooks/43500.kindle.images', 'application/x-mobipocket-ebook' );
INSERT INTO files ( gid, file, mime ) VALUES ( '43500', 'http://www.gutenberg.org/ebooks/43500.kindle.noimages', 'application/x-mobipocket-ebook' );
INSERT INTO files ( gid, file, mime ) VALUES ( '43500', 'http://www.gutenberg.org/ebooks/43500.rdf', 'application/rdf+xml' );
INSERT INTO files ( gid, file, mime ) VALUES ( '43500', 'http://www.gutenberg.org/ebooks/43500.txt.utf-8', 'text/plain' );
INSERT INTO files ( gid, file, mime ) VALUES ( '43500', 'http://www.gutenberg.org/files/43500/43500-8.txt', 'text/plain; charset=iso-8859-1' );
INSERT INTO files ( gid, file, mime ) VALUES ( '43500', 'http://www.gutenberg.org/files/43500/43500-8.zip', 'application/ziptext/plain; charset=iso-8859-1' );
INSERT INTO files ( gid, file, mime ) VALUES ( '43500', 'http://www.gutenberg.org/files/43500/43500-h.zip', 'application/ziptext/html; charset=utf-8' );
INSERT INTO files ( gid, file, mime ) VALUES ( '43500', 'http://www.gutenberg.org/files/43500/43500-h/43500-h.htm', 'text/html; charset=utf-8' );
INSERT INTO files ( gid, file, mime ) VALUES ( '43500', 'http://www.gutenberg.org/files/43500/43500.txt', 'text/plain; charset=us-ascii' );
INSERT INTO files ( gid, file, mime ) VALUES ( '43500', 'http://www.gutenberg.org/files/43500/43500.zip', 'application/ziptext/plain; charset=us-ascii' );
INSERT INTO titles ( gid, title, author, language, rights ) VALUES ( '43600', 'Wonderful Stories for Children', 'Andersen, H. C. (Hans Christian)', 'en', 'Public domain in the USA.' );
INSERT INTO classifications ( gid, classification ) VALUES ( '43600', 'PZ' );
INSERT INTO subjects ( gid, subject ) VALUES ( '43600', 'Fairy tales -- Denmark' );
INSERT INTO subjects ( gid, subject ) VALUES ( '43600', 'Fairy tales' );
INSERT INTO files ( gid, file, mime ) VALUES ( '43600', 'http://www.gutenberg.org/cache/epub/43600/pg43600.cover.medium.jpg', 'image/jpeg' );
INSERT INTO files ( gid, file, mime ) VALUES ( '43600', 'http://www.gutenberg.org/cache/epub/43600/pg43600.cover.small.jpg', 'image/jpeg' );
INSERT INTO files ( gid, file, mime ) VALUES ( '43600', 'http://www.gutenberg.org/ebooks/43600.epub.images', 'application/epub+zip' );
INSERT INTO files ( gid, file, mime ) VALUES ( '43600', 'http://www.gutenberg.org/ebooks/43600.epub.noimages', 'application/epub+zip' );
INSERT INTO files ( gid, file, mime ) VALUES ( '43600', 'http://www.gutenberg.org/ebooks/43600.kindle.images', 'application/x-mobipocket-ebook' );
INSERT INTO files ( gid, file, mime ) VALUES ( '43600', 'http://www.gutenberg.org/ebooks/43600.kindle.noimages', 'application/x-mobipocket-ebook' );
INSERT INTO files ( gid, file, mime ) VALUES ( '43600', 'http://www.gutenberg.org/ebooks/43600.rdf', 'application/rdf+xml' );
INSERT INTO files ( gid, file, mime ) VALUES ( '43600', 'http://www.gutenberg.org/ebooks/43600.txt.utf-8', 'text/plain' );
INSERT INTO files ( gid, file, mime ) VALUES ( '43600', 'http://www.gutenberg.org/files/43600/43600-8.txt', 'text/plain; charset=iso-8859-1' );
INSERT INTO files ( gid, file, mime ) VALUES ( '43600', 'http://www.gutenberg.org/files/43600/43600-8.zip', 'application/ziptext/plain; charset=iso-8859-1' );
INSERT INTO files ( gid, file, mime ) VALUES ( '43600', 'http://www.gutenberg.org/files/43600/43600-h.zip', 'text/html; charset=iso-8859-1application/zip' );
INSERT INTO files ( gid, file, mime ) VALUES ( '43600', 'http://www.gutenberg.org/files/43600/43600-h/43600-h.htm', 'text/html; charset=iso-8859-1' );
INSERT INTO files ( gid, file, mime ) VALUES ( '43600', 'http://www.gutenberg.org/files/43600/43600.txt', 'text/plain; charset=us-ascii' );
INSERT INTO files ( gid, file, mime ) VALUES ( '43600', 'http://www.gutenberg.org/files/43600/43600.zip', 'text/plain; charset=us-asciiapplication/zip' );
INSERT INTO titles ( gid, title, author, language, rights ) VALUES ( '43700', 'The Quiver, Annual Volume 10/1899', 'Various', 'en', 'Public domain in the USA.' );
INSERT INTO classifications ( gid, classification ) VALUES ( '43700', 'AP' );
INSERT INTO subjects ( gid, subject ) VALUES ( '43700', 'Religious newspapers and periodicals' );
INSERT INTO files ( gid, file, mime ) VALUES ( '43700', 'http://www.gutenberg.org/cache/epub/43700/pg43700.cover.medium.jpg', 'image/jpeg' );
INSERT INTO files ( gid, file, mime ) VALUES ( '43700', 'http://www.gutenberg.org/cache/epub/43700/pg43700.cover.small.jpg', 'image/jpeg' );
INSERT INTO files ( gid, file, mime ) VALUES ( '43700', 'http://www.gutenberg.org/ebooks/43700.epub.images', 'application/epub+zip' );
INSERT INTO files ( gid, file, mime ) VALUES ( '43700', 'http://www.gutenberg.org/ebooks/43700.epub.noimages', 'application/epub+zip' );
INSERT INTO files ( gid, file, mime ) VALUES ( '43700', 'http://www.gutenberg.org/ebooks/43700.kindle.images', 'application/x-mobipocket-ebook' );
INSERT INTO files ( gid, file, mime ) VALUES ( '43700', 'http://www.gutenberg.org/ebooks/43700.kindle.noimages', 'application/x-mobipocket-ebook' );
INSERT INTO files ( gid, file, mime ) VALUES ( '43700', 'http://www.gutenberg.org/ebooks/43700.rdf', 'application/rdf+xml' );
INSERT INTO files ( gid, file, mime ) VALUES ( '43700', 'http://www.gutenberg.org/files/43700/43700-0.txt', 'text/plain; charset=utf-8' );
INSERT INTO files ( gid, file, mime ) VALUES ( '43700', 'http://www.gutenberg.org/files/43700/43700-0.zip', 'text/plain; charset=utf-8application/zip' );
INSERT INTO files ( gid, file, mime ) VALUES ( '43700', 'http://www.gutenberg.org/files/43700/43700-8.txt', 'text/plain; charset=iso-8859-1' );
INSERT INTO files ( gid, file, mime ) VALUES ( '43700', 'http://www.gutenberg.org/files/43700/43700-8.zip', 'application/ziptext/plain; charset=iso-8859-1' );
INSERT INTO files ( gid, file, mime ) VALUES ( '43700', 'http://www.gutenberg.org/files/43700/43700-h.zip', 'text/html; charset=iso-8859-1application/zip' );
INSERT INTO files ( gid, file, mime ) VALUES ( '43700', 'http://www.gutenberg.org/files/43700/43700-h/43700-h.htm', 'text/html; charset=iso-8859-1' );
INSERT INTO files ( gid, file, mime ) VALUES ( '43700', 'http://www.gutenberg.org/files/43700/43700.txt', 'text/plain; charset=us-ascii' );
INSERT INTO files ( gid, file, mime ) VALUES ( '43700', 'http://www.gutenberg.org/files/43700/43700.zip', 'application/ziptext/plain; charset=us-ascii' );
INSERT INTO titles ( gid, title, author, language, rights ) VALUES ( '43800', 'A Christian Directory, Part 2: Christian Economics', 'Baxter, Richard', 'en', 'Public domain in the USA.' );
INSERT INTO classifications ( gid, classification ) VALUES ( '43800', 'BJ' );
INSERT INTO subjects ( gid, subject ) VALUES ( '43800', 'Casuistry' );
INSERT INTO subjects ( gid, subject ) VALUES ( '43800', 'Christian sociology' );
INSERT INTO files ( gid, file, mime ) VALUES ( '43800', 'http://www.gutenberg.org/cache/epub/43800/pg43800.cover.medium.jpg', 'image/jpeg' );
INSERT INTO files ( gid, file, mime ) VALUES ( '43800', 'http://www.gutenberg.org/cache/epub/43800/pg43800.cover.small.jpg', 'image/jpeg' );
INSERT INTO files ( gid, file, mime ) VALUES ( '43800', 'http://www.gutenberg.org/ebooks/43800.epub.images', 'application/epub+zip' );
INSERT INTO files ( gid, file, mime ) VALUES ( '43800', 'http://www.gutenberg.org/ebooks/43800.epub.noimages', 'application/epub+zip' );
INSERT INTO files ( gid, file, mime ) VALUES ( '43800', 'http://www.gutenberg.org/ebooks/43800.kindle.images', 'application/x-mobipocket-ebook' );
INSERT INTO files ( gid, file, mime ) VALUES ( '43800', 'http://www.gutenberg.org/ebooks/43800.kindle.noimages', 'application/x-mobipocket-ebook' );
INSERT INTO files ( gid, file, mime ) VALUES ( '43800', 'http://www.gutenberg.org/ebooks/43800.rdf', 'application/rdf+xml' );
INSERT INTO files ( gid, file, mime ) VALUES ( '43800', 'http://www.gutenberg.org/files/43800/43800-0.txt', 'text/plain; charset=utf-8' );
INSERT INTO files ( gid, file, mime ) VALUES ( '43800', 'http://www.gutenberg.org/files/43800/43800-0.zip', 'application/ziptext/plain; charset=utf-8' );
INSERT INTO files ( gid, file, mime ) VALUES ( '43800', 'http://www.gutenberg.org/files/43800/43800-8.txt', 'text/plain; charset=iso-8859-1' );
INSERT INTO files ( gid, file, mime ) VALUES ( '43800', 'http://www.gutenberg.org/files/43800/43800-8.zip', 'application/ziptext/plain; charset=iso-8859-1' );
INSERT INTO files ( gid, file, mime ) VALUES ( '43800', 'http://www.gutenberg.org/files/43800/43800-h.zip', 'application/ziptext/html; charset=utf-8' );
INSERT INTO files ( gid, file, mime ) VALUES ( '43800', 'http://www.gutenberg.org/files/43800/43800-h/43800-h.htm', 'text/html; charset=utf-8' );
INSERT INTO files ( gid, file, mime ) VALUES ( '43800', 'http://www.gutenberg.org/files/43800/43800.txt', 'text/plain; charset=us-ascii' );
INSERT INTO files ( gid, file, mime ) VALUES ( '43800', 'http://www.gutenberg.org/files/43800/43800.zip', 'text/plain; charset=us-asciiapplication/zip' );
INSERT INTO titles ( gid, title, author, language, rights ) VALUES ( '43900', 'History of the Jews, Vol. 4 (of 6)', 'Graetz, Heinrich', 'en', 'Public domain in the USA.' );
INSERT INTO classifications ( gid, classification ) VALUES ( '43900', 'DS' );
INSERT INTO subjects ( gid, subject ) VALUES ( '43900', 'Jews -- History' );
INSERT INTO files ( gid, file, mime ) VALUES ( '43900', 'http://www.gutenberg.org/cache/epub/43900/pg43900.cover.medium.jpg', 'image/jpeg' );
INSERT INTO files ( gid, file, mime ) VALUES ( '43900', 'http://www.gutenberg.org/cache/epub/43900/pg43900.cover.small.jpg', 'image/jpeg' );
INSERT INTO files ( gid, file, mime ) VALUES ( '43900', 'http://www.gutenberg.org/ebooks/43900.epub.images', 'application/epub+zip' );
INSERT INTO files ( gid, file, mime ) VALUES ( '43900', 'http://www.gutenberg.org/ebooks/43900.epub.noimages', 'application/epub+zip' );
INSERT INTO files ( gid, file, mime ) VALUES ( '43900', 'http://www.gutenberg.org/ebooks/43900.kindle.images', 'application/x-mobipocket-ebook' );
INSERT INTO files ( gid, file, mime ) VALUES ( '43900', 'http://www.gutenberg.org/ebooks/43900.kindle.noimages', 'application/x-mobipocket-ebook' );
INSERT INTO files ( gid, file, mime ) VALUES ( '43900', 'http://www.gutenberg.org/ebooks/43900.rdf', 'application/rdf+xml' );
INSERT INTO files ( gid, file, mime ) VALUES ( '43900', 'http://www.gutenberg.org/files/43900/43900-0.txt', 'text/plain; charset=utf-8' );
INSERT INTO files ( gid, file, mime ) VALUES ( '43900', 'http://www.gutenberg.org/files/43900/43900-0.zip', 'application/ziptext/plain; charset=utf-8' );
INSERT INTO files ( gid, file, mime ) VALUES ( '43900', 'http://www.gutenberg.org/files/43900/43900-8.txt', 'text/plain; charset=iso-8859-1' );
INSERT INTO files ( gid, file, mime ) VALUES ( '43900', 'http://www.gutenberg.org/files/43900/43900-8.zip', 'text/plain; charset=iso-8859-1application/zip' );
INSERT INTO files ( gid, file, mime ) VALUES ( '43900', 'http://www.gutenberg.org/files/43900/43900-h.zip', 'application/ziptext/html; charset=iso-8859-1' );
INSERT INTO files ( gid, file, mime ) VALUES ( '43900', 'http://www.gutenberg.org/files/43900/43900-h/43900-h.htm', 'text/html; charset=iso-8859-1' );
INSERT INTO files ( gid, file, mime ) VALUES ( '43900', 'http://www.gutenberg.org/files/43900/43900.txt', 'text/plain; charset=us-ascii' );
INSERT INTO files ( gid, file, mime ) VALUES ( '43900', 'http://www.gutenberg.org/files/43900/43900.zip', 'text/plain; charset=us-asciiapplication/zip' );
INSERT INTO titles ( gid, title, author, language, rights ) VALUES ( '44011', 'Warren Commission (11 of 26): Hearings Vol. XI (of 15)', 'United States. Warren Commission', 'en', 'Public domain in the USA.' );
INSERT INTO subjects ( gid, subject ) VALUES ( '44011', 'E740' );
INSERT INTO subjects ( gid, subject ) VALUES ( '44011', 'Kennedy, John F. (John Fitzgerald), 1917-1963 -- Assassination' );
INSERT INTO subjects ( gid, subject ) VALUES ( '44011', 'Oswald, Lee Harvey' );
INSERT INTO files ( gid, file, mime ) VALUES ( '44011', 'http://www.gutenberg.org/cache/epub/44011/pg44011.cover.medium.jpg', 'image/jpeg' );
INSERT INTO files ( gid, file, mime ) VALUES ( '44011', 'http://www.gutenberg.org/cache/epub/44011/pg44011.cover.small.jpg', 'image/jpeg' );
INSERT INTO files ( gid, file, mime ) VALUES ( '44011', 'http://www.gutenberg.org/ebooks/44011.epub.images', 'application/epub+zip' );
INSERT INTO files ( gid, file, mime ) VALUES ( '44011', 'http://www.gutenberg.org/ebooks/44011.epub.noimages', 'application/epub+zip' );
INSERT INTO files ( gid, file, mime ) VALUES ( '44011', 'http://www.gutenberg.org/ebooks/44011.kindle.images', 'application/x-mobipocket-ebook' );
INSERT INTO files ( gid, file, mime ) VALUES ( '44011', 'http://www.gutenberg.org/ebooks/44011.kindle.noimages', 'application/x-mobipocket-ebook' );
INSERT INTO files ( gid, file, mime ) VALUES ( '44011', 'http://www.gutenberg.org/ebooks/44011.rdf', 'application/rdf+xml' );
INSERT INTO files ( gid, file, mime ) VALUES ( '44011', 'http://www.gutenberg.org/ebooks/44011.txt.utf-8', 'text/plain' );
INSERT INTO files ( gid, file, mime ) VALUES ( '44011', 'http://www.gutenberg.org/files/44011/44011-8.txt', 'text/plain; charset=iso-8859-1' );
INSERT INTO files ( gid, file, mime ) VALUES ( '44011', 'http://www.gutenberg.org/files/44011/44011-8.zip', 'application/ziptext/plain; charset=iso-8859-1' );
INSERT INTO files ( gid, file, mime ) VALUES ( '44011', 'http://www.gutenberg.org/files/44011/44011-h.zip', 'text/html; charset=iso-8859-1application/zip' );
INSERT INTO files ( gid, file, mime ) VALUES ( '44011', 'http://www.gutenberg.org/files/44011/44011-h/44011-h.htm', 'text/html; charset=iso-8859-1' );
INSERT INTO files ( gid, file, mime ) VALUES ( '44011', 'http://www.gutenberg.org/files/44011/44011.txt', 'text/plain; charset=us-ascii' );
INSERT INTO files ( gid, file, mime ) VALUES ( '44011', 'http://www.gutenberg.org/files/44011/44011.zip', 'application/ziptext/plain; charset=us-ascii' );
INSERT INTO titles ( gid, title, author, language, rights ) VALUES ( '44111', 'Red Dynamite A Mystery Story for Boys', 'Snell, Roy J. (Roy Judson)', 'en', 'Public domain in the USA.' );
INSERT INTO classifications ( gid, classification ) VALUES ( '44111', 'PZ' );
INSERT INTO subjects ( gid, subject ) VALUES ( '44111', 'Teamwork (Sports) -- Juvenile fiction' );
INSERT INTO subjects ( gid, subject ) VALUES ( '44111', 'Friendship -- Juvenile fiction' );
INSERT INTO subjects ( gid, subject ) VALUES ( '44111', 'Football stories' );
INSERT INTO subjects ( gid, subject ) VALUES ( '44111', 'Mystery and detective stories' );
INSERT INTO files ( gid, file, mime ) VALUES ( '44111', 'http://www.gutenberg.org/cache/epub/44111/pg44111.cover.medium.jpg', 'image/jpeg' );
INSERT INTO files ( gid, file, mime ) VALUES ( '44111', 'http://www.gutenberg.org/cache/epub/44111/pg44111.cover.small.jpg', 'image/jpeg' );
INSERT INTO files ( gid, file, mime ) VALUES ( '44111', 'http://www.gutenberg.org/ebooks/44111.epub.images', 'application/epub+zip' );
INSERT INTO files ( gid, file, mime ) VALUES ( '44111', 'http://www.gutenberg.org/ebooks/44111.epub.noimages', 'application/epub+zip' );
INSERT INTO files ( gid, file, mime ) VALUES ( '44111', 'http://www.gutenberg.org/ebooks/44111.kindle.images', 'application/x-mobipocket-ebook' );
INSERT INTO files ( gid, file, mime ) VALUES ( '44111', 'http://www.gutenberg.org/ebooks/44111.kindle.noimages', 'application/x-mobipocket-ebook' );
INSERT INTO files ( gid, file, mime ) VALUES ( '44111', 'http://www.gutenberg.org/ebooks/44111.rdf', 'application/rdf+xml' );
INSERT INTO files ( gid, file, mime ) VALUES ( '44111', 'http://www.gutenberg.org/files/44111/44111-0.txt', 'text/plain; charset=utf-8' );
INSERT INTO files ( gid, file, mime ) VALUES ( '44111', 'http://www.gutenberg.org/files/44111/44111-0.zip', 'text/plain; charset=utf-8application/zip' );
INSERT INTO files ( gid, file, mime ) VALUES ( '44111', 'http://www.gutenberg.org/files/44111/44111-h.zip', 'text/html; charset=utf-8application/zip' );
INSERT INTO files ( gid, file, mime ) VALUES ( '44111', 'http://www.gutenberg.org/files/44111/44111-h/44111-h.htm', 'text/html; charset=utf-8' );
INSERT INTO files ( gid, file, mime ) VALUES ( '44111', 'http://www.gutenberg.org/files/44111/44111.txt', 'text/plain; charset=us-ascii' );
INSERT INTO files ( gid, file, mime ) VALUES ( '44111', 'http://www.gutenberg.org/files/44111/44111.zip', 'application/ziptext/plain; charset=us-ascii' );
INSERT INTO titles ( gid, title, author, language, rights ) VALUES ( '44211', 'Nocturnos', 'Crespo, Gonçalves', 'pt', 'Public domain in the USA.' );
INSERT INTO classifications ( gid, classification ) VALUES ( '44211', 'PQ' );
INSERT INTO subjects ( gid, subject ) VALUES ( '44211', 'Portuguese poetry -- 19th century' );
INSERT INTO files ( gid, file, mime ) VALUES ( '44211', 'http://www.gutenberg.org/ebooks/44211.epub.images', 'application/epub+zip' );
INSERT INTO files ( gid, file, mime ) VALUES ( '44211', 'http://www.gutenberg.org/ebooks/44211.epub.noimages', 'application/epub+zip' );
INSERT INTO files ( gid, file, mime ) VALUES ( '44211', 'http://www.gutenberg.org/ebooks/44211.kindle.images', 'application/x-mobipocket-ebook' );
INSERT INTO files ( gid, file, mime ) VALUES ( '44211', 'http://www.gutenberg.org/ebooks/44211.kindle.noimages', 'application/x-mobipocket-ebook' );
INSERT INTO files ( gid, file, mime ) VALUES ( '44211', 'http://www.gutenberg.org/ebooks/44211.rdf', 'application/rdf+xml' );
INSERT INTO files ( gid, file, mime ) VALUES ( '44211', 'http://www.gutenberg.org/ebooks/44211.txt.utf-8', 'text/plain' );
INSERT INTO files ( gid, file, mime ) VALUES ( '44211', 'http://www.gutenberg.org/files/44211/44211-8.txt', 'text/plain; charset=iso-8859-1' );
INSERT INTO files ( gid, file, mime ) VALUES ( '44211', 'http://www.gutenberg.org/files/44211/44211-8.zip', 'application/ziptext/plain; charset=iso-8859-1' );
INSERT INTO files ( gid, file, mime ) VALUES ( '44211', 'http://www.gutenberg.org/files/44211/44211-h.zip', 'text/html; charset=iso-8859-1application/zip' );
INSERT INTO files ( gid, file, mime ) VALUES ( '44211', 'http://www.gutenberg.org/files/44211/44211-h/44211-h.htm', 'text/html; charset=iso-8859-1' );
INSERT INTO titles ( gid, title, author, language, rights ) VALUES ( '4411', 'The Ordeal of Richard Feverel — Volume 6', 'Meredith, George', 'en', 'Public domain in the USA.' );
INSERT INTO classifications ( gid, classification ) VALUES ( '4411', 'PR' );
INSERT INTO subjects ( gid, subject ) VALUES ( '4411', 'English fiction -- 19th century' );
INSERT INTO subjects ( gid, subject ) VALUES ( '4411', 'England -- Fiction' );
INSERT INTO subjects ( gid, subject ) VALUES ( '4411', 'Domestic fiction' );
INSERT INTO subjects ( gid, subject ) VALUES ( '4411', 'Fathers and sons -- Fiction' );
INSERT INTO files ( gid, file, mime ) VALUES ( '4411', 'http://www.gutenberg.org/ebooks/4411.epub.images', 'application/epub+zip' );
INSERT INTO files ( gid, file, mime ) VALUES ( '4411', 'http://www.gutenberg.org/ebooks/4411.epub.noimages', 'application/epub+zip' );
INSERT INTO files ( gid, file, mime ) VALUES ( '4411', 'http://www.gutenberg.org/ebooks/4411.html.images', 'text/html' );
INSERT INTO files ( gid, file, mime ) VALUES ( '4411', 'http://www.gutenberg.org/ebooks/4411.html.noimages', 'text/html' );
INSERT INTO files ( gid, file, mime ) VALUES ( '4411', 'http://www.gutenberg.org/ebooks/4411.kindle.images', 'application/x-mobipocket-ebook' );
INSERT INTO files ( gid, file, mime ) VALUES ( '4411', 'http://www.gutenberg.org/ebooks/4411.kindle.noimages', 'application/x-mobipocket-ebook' );
INSERT INTO files ( gid, file, mime ) VALUES ( '4411', 'http://www.gutenberg.org/ebooks/4411.rdf', 'application/rdf+xml' );
INSERT INTO files ( gid, file, mime ) VALUES ( '4411', 'http://www.gutenberg.org/ebooks/4411.txt.utf-8', 'text/plain' );
INSERT INTO files ( gid, file, mime ) VALUES ( '4411', 'http://www.gutenberg.org/files/4411/4411.txt', 'text/plain; charset=us-ascii' );
INSERT INTO files ( gid, file, mime ) VALUES ( '4411', 'http://www.gutenberg.org/files/4411/4411.zip', 'text/plain; charset=us-asciiapplication/zip' );
INSERT INTO titles ( gid, title, author, language, rights ) VALUES ( '44311', 'Corleone: A Tale of Sicily', 'Crawford, F. Marion (Francis Marion)', 'en', 'Public domain in the USA.' );
INSERT INTO classifications ( gid, classification ) VALUES ( '44311', 'PS' );
INSERT INTO subjects ( gid, subject ) VALUES ( '44311', 'Mafia -- Fiction' );
INSERT INTO subjects ( gid, subject ) VALUES ( '44311', 'Sicily (Italy) -- Fiction' );
INSERT INTO files ( gid, file, mime ) VALUES ( '44311', 'http://www.gutenberg.org/cache/epub/44311/pg44311.cover.medium.jpg', 'image/jpeg' );
INSERT INTO files ( gid, file, mime ) VALUES ( '44311', 'http://www.gutenberg.org/cache/epub/44311/pg44311.cover.small.jpg', 'image/jpeg' );
INSERT INTO files ( gid, file, mime ) VALUES ( '44311', 'http://www.gutenberg.org/ebooks/44311.epub.images', 'application/epub+zip' );
INSERT INTO files ( gid, file, mime ) VALUES ( '44311', 'http://www.gutenberg.org/ebooks/44311.epub.noimages', 'application/epub+zip' );
INSERT INTO files ( gid, file, mime ) VALUES ( '44311', 'http://www.gutenberg.org/ebooks/44311.kindle.images', 'application/x-mobipocket-ebook' );
INSERT INTO files ( gid, file, mime ) VALUES ( '44311', 'http://www.gutenberg.org/ebooks/44311.kindle.noimages', 'application/x-mobipocket-ebook' );
INSERT INTO files ( gid, file, mime ) VALUES ( '44311', 'http://www.gutenberg.org/ebooks/44311.rdf', 'application/rdf+xml' );
INSERT INTO files ( gid, file, mime ) VALUES ( '44311', 'http://www.gutenberg.org/ebooks/44311.txt.utf-8', 'text/plain' );
INSERT INTO files ( gid, file, mime ) VALUES ( '44311', 'http://www.gutenberg.org/files/44311/44311-8.txt', 'text/plain; charset=iso-8859-1' );
INSERT INTO files ( gid, file, mime ) VALUES ( '44311', 'http://www.gutenberg.org/files/44311/44311-8.zip', 'text/plain; charset=iso-8859-1application/zip' );
INSERT INTO files ( gid, file, mime ) VALUES ( '44311', 'http://www.gutenberg.org/files/44311/44311-h.zip', 'text/html; charset=iso-8859-1application/zip' );
INSERT INTO files ( gid, file, mime ) VALUES ( '44311', 'http://www.gutenberg.org/files/44311/44311-h/44311-h.htm', 'text/html; charset=iso-8859-1' );
INSERT INTO files ( gid, file, mime ) VALUES ( '44311', 'http://www.gutenberg.org/files/44311/44311.txt', 'text/plain; charset=us-ascii' );
INSERT INTO files ( gid, file, mime ) VALUES ( '44311', 'http://www.gutenberg.org/files/44311/44311.zip', 'application/ziptext/plain; charset=us-ascii' );
INSERT INTO titles ( gid, title, author, language, rights ) VALUES ( '44411', 'The World''s Great Sermons, Volume 04: L. Beecher to Bushnell', '', 'en', 'Public domain in the USA.' );
INSERT INTO classifications ( gid, classification ) VALUES ( '44411', 'BV' );
INSERT INTO subjects ( gid, subject ) VALUES ( '44411', 'Sermons' );
INSERT INTO files ( gid, file, mime ) VALUES ( '44411', 'http://www.gutenberg.org/cache/epub/44411/pg44411.cover.medium.jpg', 'image/jpeg' );
INSERT INTO files ( gid, file, mime ) VALUES ( '44411', 'http://www.gutenberg.org/cache/epub/44411/pg44411.cover.small.jpg', 'image/jpeg' );
INSERT INTO files ( gid, file, mime ) VALUES ( '44411', 'http://www.gutenberg.org/ebooks/44411.epub.images', 'application/epub+zip' );
INSERT INTO files ( gid, file, mime ) VALUES ( '44411', 'http://www.gutenberg.org/ebooks/44411.epub.noimages', 'application/epub+zip' );
INSERT INTO files ( gid, file, mime ) VALUES ( '44411', 'http://www.gutenberg.org/ebooks/44411.kindle.images', 'application/x-mobipocket-ebook' );
INSERT INTO files ( gid, file, mime ) VALUES ( '44411', 'http://www.gutenberg.org/ebooks/44411.kindle.noimages', 'application/x-mobipocket-ebook' );
INSERT INTO files ( gid, file, mime ) VALUES ( '44411', 'http://www.gutenberg.org/ebooks/44411.rdf', 'application/rdf+xml' );
INSERT INTO files ( gid, file, mime ) VALUES ( '44411', 'http://www.gutenberg.org/ebooks/44411.txt.utf-8', 'text/plain' );
INSERT INTO files ( gid, file, mime ) VALUES ( '44411', 'http://www.gutenberg.org/files/44411/44411-h.zip', 'text/html; charset=utf-8application/zip' );
INSERT INTO files ( gid, file, mime ) VALUES ( '44411', 'http://www.gutenberg.org/files/44411/44411-h/44411-h.htm', 'text/html; charset=utf-8' );
INSERT INTO files ( gid, file, mime ) VALUES ( '44411', 'http://www.gutenberg.org/files/44411/44411.txt', 'text/plain; charset=us-ascii' );
INSERT INTO files ( gid, file, mime ) VALUES ( '44411', 'http://www.gutenberg.org/files/44411/44411.zip', 'text/plain; charset=us-asciiapplication/zip' );
INSERT INTO titles ( gid, title, author, language, rights ) VALUES ( '44511', 'With a Reservist in France A Personal Account of All the Engagements in Which the 1st Division 1st Corps Took Part, viz.: Mons (Including the Retirement), the Marne, the Aisne, First Battle of Ypres, Neuve Chapelle, Festubert, and Loos', 'Bolwell, F. A.', 'en', 'Public domain in the USA.' );
INSERT INTO subjects ( gid, subject ) VALUES ( '44511', 'World War, 1914-1918 -- Campaigns -- France' );
INSERT INTO subjects ( gid, subject ) VALUES ( '44511', 'D501' );
INSERT INTO files ( gid, file, mime ) VALUES ( '44511', 'http://www.gutenberg.org/cache/epub/44511/pg44511.cover.medium.jpg', 'image/jpeg' );
INSERT INTO files ( gid, file, mime ) VALUES ( '44511', 'http://www.gutenberg.org/cache/epub/44511/pg44511.cover.small.jpg', 'image/jpeg' );
INSERT INTO files ( gid, file, mime ) VALUES ( '44511', 'http://www.gutenberg.org/ebooks/44511.epub.images', 'application/epub+zip' );
INSERT INTO files ( gid, file, mime ) VALUES ( '44511', 'http://www.gutenberg.org/ebooks/44511.epub.noimages', 'application/epub+zip' );
INSERT INTO files ( gid, file, mime ) VALUES ( '44511', 'http://www.gutenberg.org/ebooks/44511.kindle.images', 'application/x-mobipocket-ebook' );
INSERT INTO files ( gid, file, mime ) VALUES ( '44511', 'http://www.gutenberg.org/ebooks/44511.kindle.noimages', 'application/x-mobipocket-ebook' );
INSERT INTO files ( gid, file, mime ) VALUES ( '44511', 'http://www.gutenberg.org/ebooks/44511.rdf', 'application/rdf+xml' );
INSERT INTO files ( gid, file, mime ) VALUES ( '44511', 'http://www.gutenberg.org/ebooks/44511.txt.utf-8', 'text/plain' );
INSERT INTO files ( gid, file, mime ) VALUES ( '44511', 'http://www.gutenberg.org/files/44511/44511-8.txt', 'text/plain; charset=iso-8859-1' );
INSERT INTO files ( gid, file, mime ) VALUES ( '44511', 'http://www.gutenberg.org/files/44511/44511-8.zip', 'text/plain; charset=iso-8859-1application/zip' );
INSERT INTO files ( gid, file, mime ) VALUES ( '44511', 'http://www.gutenberg.org/files/44511/44511-h.zip', 'text/htmlapplication/zip' );
INSERT INTO files ( gid, file, mime ) VALUES ( '44511', 'http://www.gutenberg.org/files/44511/44511-h/44511-h.htm', 'text/html' );
INSERT INTO files ( gid, file, mime ) VALUES ( '44511', 'http://www.gutenberg.org/files/44511/44511.txt', 'text/plain; charset=us-ascii' );
INSERT INTO files ( gid, file, mime ) VALUES ( '44511', 'http://www.gutenberg.org/files/44511/44511.zip', 'text/plain; charset=us-asciiapplication/zip' );
INSERT INTO titles ( gid, title, author, language, rights ) VALUES ( '44611', 'Polnische Gedichte', 'Leonhard, Rudolf', 'de', 'Public domain in the USA.' );
INSERT INTO classifications ( gid, classification ) VALUES ( '44611', 'PT' );
INSERT INTO subjects ( gid, subject ) VALUES ( '44611', 'Polish people -- Poetry' );
INSERT INTO files ( gid, file, mime ) VALUES ( '44611', 'http://www.gutenberg.org/cache/epub/44611/pg44611.cover.medium.jpg', 'image/jpeg' );
INSERT INTO files ( gid, file, mime ) VALUES ( '44611', 'http://www.gutenberg.org/cache/epub/44611/pg44611.cover.small.jpg', 'image/jpeg' );
INSERT INTO files ( gid, file, mime ) VALUES ( '44611', 'http://www.gutenberg.org/ebooks/44611.epub.images', 'application/epub+zip' );
INSERT INTO files ( gid, file, mime ) VALUES ( '44611', 'http://www.gutenberg.org/ebooks/44611.epub.noimages', 'application/epub+zip' );
INSERT INTO files ( gid, file, mime ) VALUES ( '44611', 'http://www.gutenberg.org/ebooks/44611.rdf', 'application/rdf+xml' );
INSERT INTO files ( gid, file, mime ) VALUES ( '44611', 'http://www.gutenberg.org/ebooks/44611.txt.utf-8', 'text/plain' );
INSERT INTO files ( gid, file, mime ) VALUES ( '44611', 'http://www.gutenberg.org/files/44611/44611-8.txt', 'text/plain; charset=iso-8859-1' );
INSERT INTO files ( gid, file, mime ) VALUES ( '44611', 'http://www.gutenberg.org/files/44611/44611-8.zip', 'application/ziptext/plain; charset=iso-8859-1' );
INSERT INTO files ( gid, file, mime ) VALUES ( '44611', 'http://www.gutenberg.org/files/44611/44611-h.zip', 'application/ziptext/html; charset=iso-8859-1' );
INSERT INTO files ( gid, file, mime ) VALUES ( '44611', 'http://www.gutenberg.org/files/44611/44611-h/44611-h.htm', 'text/html; charset=iso-8859-1' );
INSERT INTO titles ( gid, title, author, language, rights ) VALUES ( '44711', 'Kertomuksia Suomen historiasta II Kustaa Vaasa', 'Krohn, Julius', 'fi', 'Public domain in the USA.' );
INSERT INTO classifications ( gid, classification ) VALUES ( '44711', 'DK' );
INSERT INTO subjects ( gid, subject ) VALUES ( '44711', 'Finland -- History' );
INSERT INTO files ( gid, file, mime ) VALUES ( '44711', 'http://www.gutenberg.org/ebooks/44711.epub.images', 'application/epub+zip' );
INSERT INTO files ( gid, file, mime ) VALUES ( '44711', 'http://www.gutenberg.org/ebooks/44711.epub.noimages', 'application/epub+zip' );
INSERT INTO files ( gid, file, mime ) VALUES ( '44711', 'http://www.gutenberg.org/ebooks/44711.html.images', 'text/html' );
INSERT INTO files ( gid, file, mime ) VALUES ( '44711', 'http://www.gutenberg.org/ebooks/44711.html.noimages', 'text/html' );
INSERT INTO files ( gid, file, mime ) VALUES ( '44711', 'http://www.gutenberg.org/ebooks/44711.kindle.images', 'application/x-mobipocket-ebook' );
INSERT INTO files ( gid, file, mime ) VALUES ( '44711', 'http://www.gutenberg.org/ebooks/44711.kindle.noimages', 'application/x-mobipocket-ebook' );
INSERT INTO files ( gid, file, mime ) VALUES ( '44711', 'http://www.gutenberg.org/ebooks/44711.rdf', 'application/rdf+xml' );
INSERT INTO files ( gid, file, mime ) VALUES ( '44711', 'http://www.gutenberg.org/ebooks/44711.txt.utf-8', 'text/plain' );
INSERT INTO files ( gid, file, mime ) VALUES ( '44711', 'http://www.gutenberg.org/files/44711/44711-8.txt', 'text/plain; charset=iso-8859-1' );
INSERT INTO files ( gid, file, mime ) VALUES ( '44711', 'http://www.gutenberg.org/files/44711/44711-8.zip', 'text/plain; charset=iso-8859-1application/zip' );
INSERT INTO titles ( gid, title, author, language, rights ) VALUES ( '44811', 'Het Leven der Dieren. Derde Deel, Hoofdstuk 1 tot 4, De Kruipende Dieren', 'Brehm, Alfred Edmund', 'nl', 'Public domain in the USA.' );
INSERT INTO classifications ( gid, classification ) VALUES ( '44811', 'QL' );
INSERT INTO subjects ( gid, subject ) VALUES ( '44811', 'Animals' );
INSERT INTO files ( gid, file, mime ) VALUES ( '44811', 'http://www.gutenberg.org/cache/epub/44811/pg44811.cover.medium.jpg', 'image/jpeg' );
INSERT INTO files ( gid, file, mime ) VALUES ( '44811', 'http://www.gutenberg.org/cache/epub/44811/pg44811.cover.small.jpg', 'image/jpeg' );
INSERT INTO files ( gid, file, mime ) VALUES ( '44811', 'http://www.gutenberg.org/ebooks/44811.epub.images', 'application/epub+zip' );
INSERT INTO files ( gid, file, mime ) VALUES ( '44811', 'http://www.gutenberg.org/ebooks/44811.epub.noimages', 'application/epub+zip' );
INSERT INTO files ( gid, file, mime ) VALUES ( '44811', 'http://www.gutenberg.org/ebooks/44811.kindle.images', 'application/x-mobipocket-ebook' );
INSERT INTO files ( gid, file, mime ) VALUES ( '44811', 'http://www.gutenberg.org/ebooks/44811.kindle.noimages', 'application/x-mobipocket-ebook' );
INSERT INTO files ( gid, file, mime ) VALUES ( '44811', 'http://www.gutenberg.org/ebooks/44811.rdf', 'application/rdf+xml' );
INSERT INTO files ( gid, file, mime ) VALUES ( '44811', 'http://www.gutenberg.org/ebooks/44811.txt.utf-8', 'text/plain' );
INSERT INTO files ( gid, file, mime ) VALUES ( '44811', 'http://www.gutenberg.org/files/44811/44811-8.txt', 'text/plain; charset=iso-8859-1' );
INSERT INTO files ( gid, file, mime ) VALUES ( '44811', 'http://www.gutenberg.org/files/44811/44811-8.zip', 'text/plain; charset=iso-8859-1application/zip' );
INSERT INTO files ( gid, file, mime ) VALUES ( '44811', 'http://www.gutenberg.org/files/44811/44811-h.zip', 'text/html; charset=us-asciiapplication/zip' );
INSERT INTO files ( gid, file, mime ) VALUES ( '44811', 'http://www.gutenberg.org/files/44811/44811-h/44811-h.htm', 'text/html; charset=us-ascii' );
INSERT INTO titles ( gid, title, author, language, rights ) VALUES ( '44911', 'Cruelle Énigme', 'Bourget, Paul', 'fr', 'Public domain in the USA.' );
INSERT INTO classifications ( gid, classification ) VALUES ( '44911', 'PQ' );
INSERT INTO subjects ( gid, subject ) VALUES ( '44911', 'Man-woman relationships -- Fiction' );
INSERT INTO files ( gid, file, mime ) VALUES ( '44911', 'http://www.gutenberg.org/cache/epub/44911/pg44911.cover.medium.jpg', 'image/jpeg' );
INSERT INTO files ( gid, file, mime ) VALUES ( '44911', 'http://www.gutenberg.org/cache/epub/44911/pg44911.cover.small.jpg', 'image/jpeg' );
INSERT INTO files ( gid, file, mime ) VALUES ( '44911', 'http://www.gutenberg.org/ebooks/44911.epub.images', 'application/epub+zip' );
INSERT INTO files ( gid, file, mime ) VALUES ( '44911', 'http://www.gutenberg.org/ebooks/44911.epub.noimages', 'application/epub+zip' );
INSERT INTO files ( gid, file, mime ) VALUES ( '44911', 'http://www.gutenberg.org/ebooks/44911.kindle.images', 'application/x-mobipocket-ebook' );
INSERT INTO files ( gid, file, mime ) VALUES ( '44911', 'http://www.gutenberg.org/ebooks/44911.kindle.noimages', 'application/x-mobipocket-ebook' );
INSERT INTO files ( gid, file, mime ) VALUES ( '44911', 'http://www.gutenberg.org/ebooks/44911.rdf', 'application/rdf+xml' );
INSERT INTO files ( gid, file, mime ) VALUES ( '44911', 'http://www.gutenberg.org/ebooks/44911.txt.utf-8', 'text/plain' );
INSERT INTO files ( gid, file, mime ) VALUES ( '44911', 'http://www.gutenberg.org/files/44911/44911-8.txt', 'text/plain; charset=iso-8859-1' );
INSERT INTO files ( gid, file, mime ) VALUES ( '44911', 'http://www.gutenberg.org/files/44911/44911-8.zip', 'text/plain; charset=iso-8859-1application/zip' );
INSERT INTO files ( gid, file, mime ) VALUES ( '44911', 'http://www.gutenberg.org/files/44911/44911-h.zip', 'text/html; charset=iso-8859-1application/zip' );
INSERT INTO files ( gid, file, mime ) VALUES ( '44911', 'http://www.gutenberg.org/files/44911/44911-h/44911-h.htm', 'text/html; charset=iso-8859-1' );
INSERT INTO titles ( gid, title, author, language, rights ) VALUES ( '45011', 'The Logs of the Serapis--Allance--Ariel, Under the Command of John Paul Jones, 1779-1780', '', 'en', 'Public domain in the USA.' );
INSERT INTO subjects ( gid, subject ) VALUES ( '45011', 'Ariel (Ship : 1777-1793)' );
INSERT INTO subjects ( gid, subject ) VALUES ( '45011', 'Bon Homme Richard (Ship)' );
INSERT INTO subjects ( gid, subject ) VALUES ( '45011', 'Alliance (Frigate)' );
INSERT INTO subjects ( gid, subject ) VALUES ( '45011', 'E201' );
INSERT INTO subjects ( gid, subject ) VALUES ( '45011', 'United States -- History -- Revolution, 1775-1783 -- Naval operations' );
INSERT INTO subjects ( gid, subject ) VALUES ( '45011', 'Jones, John Paul, 1747-1792' );
INSERT INTO subjects ( gid, subject ) VALUES ( '45011', 'Serapis (Ship)' );
INSERT INTO files ( gid, file, mime ) VALUES ( '45011', 'http://www.gutenberg.org/cache/epub/45011/pg45011.cover.medium.jpg', 'image/jpeg' );
INSERT INTO files ( gid, file, mime ) VALUES ( '45011', 'http://www.gutenberg.org/cache/epub/45011/pg45011.cover.small.jpg', 'image/jpeg' );
INSERT INTO files ( gid, file, mime ) VALUES ( '45011', 'http://www.gutenberg.org/ebooks/45011.epub.images', 'application/epub+zip' );
INSERT INTO files ( gid, file, mime ) VALUES ( '45011', 'http://www.gutenberg.org/ebooks/45011.epub.noimages', 'application/epub+zip' );
INSERT INTO files ( gid, file, mime ) VALUES ( '45011', 'http://www.gutenberg.org/ebooks/45011.kindle.images', 'application/x-mobipocket-ebook' );
INSERT INTO files ( gid, file, mime ) VALUES ( '45011', 'http://www.gutenberg.org/ebooks/45011.kindle.noimages', 'application/x-mobipocket-ebook' );
INSERT INTO files ( gid, file, mime ) VALUES ( '45011', 'http://www.gutenberg.org/ebooks/45011.rdf', 'application/rdf+xml' );
INSERT INTO files ( gid, file, mime ) VALUES ( '45011', 'http://www.gutenberg.org/ebooks/45011.txt.utf-8', 'text/plain' );
INSERT INTO files ( gid, file, mime ) VALUES ( '45011', 'http://www.gutenberg.org/files/45011/45011-8.txt', 'text/plain; charset=iso-8859-1' );
INSERT INTO files ( gid, file, mime ) VALUES ( '45011', 'http://www.gutenberg.org/files/45011/45011-8.zip', 'application/ziptext/plain; charset=iso-8859-1' );
INSERT INTO files ( gid, file, mime ) VALUES ( '45011', 'http://www.gutenberg.org/files/45011/45011-h.zip', 'text/html; charset=iso-8859-1application/zip' );
INSERT INTO files ( gid, file, mime ) VALUES ( '45011', 'http://www.gutenberg.org/files/45011/45011-h/45011-h.htm', 'text/html; charset=iso-8859-1' );
INSERT INTO files ( gid, file, mime ) VALUES ( '45011', 'http://www.gutenberg.org/files/45011/45011.txt', 'text/plain; charset=us-ascii' );
INSERT INTO files ( gid, file, mime ) VALUES ( '45011', 'http://www.gutenberg.org/files/45011/45011.zip', 'text/plain; charset=us-asciiapplication/zip' );
INSERT INTO titles ( gid, title, author, language, rights ) VALUES ( '45111', 'The Anglo-Saxon Century and the Unification of the English-Speaking People', 'Dos Passos, John R. (John Randolph)', 'en', 'Public domain in the USA.' );
INSERT INTO classifications ( gid, classification ) VALUES ( '45111', 'D' );
INSERT INTO subjects ( gid, subject ) VALUES ( '45111', 'United States -- Foreign relations -- Great Britain' );
INSERT INTO subjects ( gid, subject ) VALUES ( '45111', 'Great Britain -- Foreign relations -- United States' );
INSERT INTO subjects ( gid, subject ) VALUES ( '45111', 'Anglo-Saxon race' );
INSERT INTO files ( gid, file, mime ) VALUES ( '45111', 'http://www.gutenberg.org/ebooks/45111.epub.images', 'application/epub+zip' );
INSERT INTO files ( gid, file, mime ) VALUES ( '45111', 'http://www.gutenberg.org/ebooks/45111.epub.noimages', 'application/epub+zip' );
INSERT INTO files ( gid, file, mime ) VALUES ( '45111', 'http://www.gutenberg.org/ebooks/45111.html.images', 'text/html' );
INSERT INTO files ( gid, file, mime ) VALUES ( '45111', 'http://www.gutenberg.org/ebooks/45111.html.noimages', 'text/html' );
INSERT INTO files ( gid, file, mime ) VALUES ( '45111', 'http://www.gutenberg.org/ebooks/45111.kindle.images', 'application/x-mobipocket-ebook' );
INSERT INTO files ( gid, file, mime ) VALUES ( '45111', 'http://www.gutenberg.org/ebooks/45111.kindle.noimages', 'application/x-mobipocket-ebook' );
INSERT INTO files ( gid, file, mime ) VALUES ( '45111', 'http://www.gutenberg.org/ebooks/45111.rdf', 'application/rdf+xml' );
INSERT INTO files ( gid, file, mime ) VALUES ( '45111', 'http://www.gutenberg.org/files/45111/45111-0.txt', 'text/plain; charset=utf-8' );
INSERT INTO files ( gid, file, mime ) VALUES ( '45111', 'http://www.gutenberg.org/files/45111/45111-0.zip', 'text/plain; charset=utf-8application/zip' );
INSERT INTO files ( gid, file, mime ) VALUES ( '45111', 'http://www.gutenberg.org/files/45111/45111-8.txt', 'text/plain; charset=iso-8859-1' );
INSERT INTO files ( gid, file, mime ) VALUES ( '45111', 'http://www.gutenberg.org/files/45111/45111-8.zip', 'application/ziptext/plain; charset=iso-8859-1' );
INSERT INTO files ( gid, file, mime ) VALUES ( '45111', 'http://www.gutenberg.org/files/45111/45111.txt', 'text/plain; charset=us-ascii' );
INSERT INTO files ( gid, file, mime ) VALUES ( '45111', 'http://www.gutenberg.org/files/45111/45111.zip', 'text/plain; charset=us-asciiapplication/zip' );
INSERT INTO titles ( gid, title, author, language, rights ) VALUES ( '4511', 'The Life of the Bee', 'Maeterlinck, Maurice', 'en', 'Public domain in the USA.' );
INSERT INTO classifications ( gid, classification ) VALUES ( '4511', 'QL' );
INSERT INTO subjects ( gid, subject ) VALUES ( '4511', 'Bees' );
INSERT INTO files ( gid, file, mime ) VALUES ( '4511', 'http://www.gutenberg.org/ebooks/4511.epub.images', 'application/epub+zip' );
INSERT INTO files ( gid, file, mime ) VALUES ( '4511', 'http://www.gutenberg.org/ebooks/4511.epub.noimages', 'application/epub+zip' );
INSERT INTO files ( gid, file, mime ) VALUES ( '4511', 'http://www.gutenberg.org/ebooks/4511.kindle.images', 'application/x-mobipocket-ebook' );
INSERT INTO files ( gid, file, mime ) VALUES ( '4511', 'http://www.gutenberg.org/ebooks/4511.kindle.noimages', 'application/x-mobipocket-ebook' );
INSERT INTO files ( gid, file, mime ) VALUES ( '4511', 'http://www.gutenberg.org/ebooks/4511.rdf', 'application/rdf+xml' );
INSERT INTO files ( gid, file, mime ) VALUES ( '4511', 'http://www.gutenberg.org/ebooks/4511.txt.utf-8', 'text/plain' );
INSERT INTO files ( gid, file, mime ) VALUES ( '4511', 'http://www.gutenberg.org/files/4511/4511-h.zip', 'application/ziptext/html; charset=us-ascii' );
INSERT INTO files ( gid, file, mime ) VALUES ( '4511', 'http://www.gutenberg.org/files/4511/4511-h/4511-h.htm', 'text/html; charset=us-ascii' );
INSERT INTO files ( gid, file, mime ) VALUES ( '4511', 'http://www.gutenberg.org/files/4511/4511.txt', 'text/plain; charset=us-ascii' );
INSERT INTO files ( gid, file, mime ) VALUES ( '4511', 'http://www.gutenberg.org/files/4511/4511.zip', 'text/plain; charset=us-asciiapplication/zip' );
INSERT INTO titles ( gid, title, author, language, rights ) VALUES ( '45211', 'Histoire du Consulat et de l''Empire, (Vol. 14 / 20) faisant suite à l''Histoire de la Révolution Française', 'Thiers, Adolphe', 'fr', 'Public domain in the USA.' );
INSERT INTO classifications ( gid, classification ) VALUES ( '45211', 'DC' );
INSERT INTO subjects ( gid, subject ) VALUES ( '45211', 'France -- History -- Consulate and First Empire, 1799-1815' );
INSERT INTO files ( gid, file, mime ) VALUES ( '45211', 'http://www.gutenberg.org/cache/epub/45211/pg45211.cover.medium.jpg', 'image/jpeg' );
INSERT INTO files ( gid, file, mime ) VALUES ( '45211', 'http://www.gutenberg.org/cache/epub/45211/pg45211.cover.small.jpg', 'image/jpeg' );
INSERT INTO files ( gid, file, mime ) VALUES ( '45211', 'http://www.gutenberg.org/ebooks/45211.epub.images', 'application/epub+zip' );
INSERT INTO files ( gid, file, mime ) VALUES ( '45211', 'http://www.gutenberg.org/ebooks/45211.epub.noimages', 'application/epub+zip' );
INSERT INTO files ( gid, file, mime ) VALUES ( '45211', 'http://www.gutenberg.org/ebooks/45211.kindle.images', 'application/x-mobipocket-ebook' );
INSERT INTO files ( gid, file, mime ) VALUES ( '45211', 'http://www.gutenberg.org/ebooks/45211.kindle.noimages', 'application/x-mobipocket-ebook' );
INSERT INTO files ( gid, file, mime ) VALUES ( '45211', 'http://www.gutenberg.org/ebooks/45211.rdf', 'application/rdf+xml' );
INSERT INTO files ( gid, file, mime ) VALUES ( '45211', 'http://www.gutenberg.org/ebooks/45211.txt.utf-8', 'text/plain' );
INSERT INTO files ( gid, file, mime ) VALUES ( '45211', 'http://www.gutenberg.org/files/45211/45211-8.txt', 'text/plain; charset=iso-8859-1' );
INSERT INTO files ( gid, file, mime ) VALUES ( '45211', 'http://www.gutenberg.org/files/45211/45211-8.zip', 'application/ziptext/plain; charset=iso-8859-1' );
INSERT INTO files ( gid, file, mime ) VALUES ( '45211', 'http://www.gutenberg.org/files/45211/45211-h.zip', 'application/ziptext/html; charset=iso-8859-1' );
INSERT INTO files ( gid, file, mime ) VALUES ( '45211', 'http://www.gutenberg.org/files/45211/45211-h/45211-h.htm', 'text/html; charset=iso-8859-1' );
INSERT INTO titles ( gid, title, author, language, rights ) VALUES ( '45311', 'The Norwegian Fjords', 'Cooper, A. Heaton (Alfred Heaton)', 'en', 'Public domain in the USA.' );
INSERT INTO classifications ( gid, classification ) VALUES ( '45311', 'DL' );
INSERT INTO subjects ( gid, subject ) VALUES ( '45311', 'Norway -- Description and travel' );
INSERT INTO files ( gid, file, mime ) VALUES ( '45311', 'http://www.gutenberg.org/cache/epub/45311/pg45311.cover.medium.jpg', 'image/jpeg' );
INSERT INTO files ( gid, file, mime ) VALUES ( '45311', 'http://www.gutenberg.org/cache/epub/45311/pg45311.cover.small.jpg', 'image/jpeg' );
INSERT INTO files ( gid, file, mime ) VALUES ( '45311', 'http://www.gutenberg.org/ebooks/45311.epub.images', 'application/epub+zip' );
INSERT INTO files ( gid, file, mime ) VALUES ( '45311', 'http://www.gutenberg.org/ebooks/45311.epub.noimages', 'application/epub+zip' );
INSERT INTO files ( gid, file, mime ) VALUES ( '45311', 'http://www.gutenberg.org/ebooks/45311.kindle.images', 'application/x-mobipocket-ebook' );
INSERT INTO files ( gid, file, mime ) VALUES ( '45311', 'http://www.gutenberg.org/ebooks/45311.kindle.noimages', 'application/x-mobipocket-ebook' );
INSERT INTO files ( gid, file, mime ) VALUES ( '45311', 'http://www.gutenberg.org/ebooks/45311.rdf', 'application/rdf+xml' );
INSERT INTO files ( gid, file, mime ) VALUES ( '45311', 'http://www.gutenberg.org/files/45311/45311-0.txt', 'text/plain; charset=utf-8' );
INSERT INTO files ( gid, file, mime ) VALUES ( '45311', 'http://www.gutenberg.org/files/45311/45311-0.zip', 'text/plain; charset=utf-8application/zip' );
INSERT INTO files ( gid, file, mime ) VALUES ( '45311', 'http://www.gutenberg.org/files/45311/45311-8.txt', 'text/plain; charset=iso-8859-1' );
INSERT INTO files ( gid, file, mime ) VALUES ( '45311', 'http://www.gutenberg.org/files/45311/45311-8.zip', 'application/ziptext/plain; charset=iso-8859-1' );
INSERT INTO files ( gid, file, mime ) VALUES ( '45311', 'http://www.gutenberg.org/files/45311/45311-h.zip', 'application/ziptext/html; charset=iso-8859-1' );
INSERT INTO files ( gid, file, mime ) VALUES ( '45311', 'http://www.gutenberg.org/files/45311/45311-h/45311-h.htm', 'text/html; charset=iso-8859-1' );
INSERT INTO files ( gid, file, mime ) VALUES ( '45311', 'http://www.gutenberg.org/files/45311/45311.txt', 'text/plain; charset=us-ascii' );
INSERT INTO files ( gid, file, mime ) VALUES ( '45311', 'http://www.gutenberg.org/files/45311/45311.zip', 'application/ziptext/plain; charset=us-ascii' );
INSERT INTO titles ( gid, title, author, language, rights ) VALUES ( '45411', 'Trois mois sous la neige: Journal d''un jeune habitant du Jura', 'Porchat, J. Jacques (Jean Jacques)', 'fr', 'Public domain in the USA.' );
INSERT INTO classifications ( gid, classification ) VALUES ( '45411', 'DC' );
INSERT INTO subjects ( gid, subject ) VALUES ( '45411', 'Survival -- Jura Mountains (France and Switzerland)' );
INSERT INTO subjects ( gid, subject ) VALUES ( '45411', 'Children and death -- Jura Mountains (France and Switzerland)' );
INSERT INTO subjects ( gid, subject ) VALUES ( '45411', 'Jura Mountains (France and Switzerland)' );
INSERT INTO subjects ( gid, subject ) VALUES ( '45411', 'Grandparent and child -- Jura Mountains (France and Switzerland)' );
INSERT INTO subjects ( gid, subject ) VALUES ( '45411', 'Accidents -- Jura Mountains (France and Switzerland)' );
INSERT INTO files ( gid, file, mime ) VALUES ( '45411', 'http://www.gutenberg.org/cache/epub/45411/pg45411.cover.medium.jpg', 'image/jpeg' );
INSERT INTO files ( gid, file, mime ) VALUES ( '45411', 'http://www.gutenberg.org/cache/epub/45411/pg45411.cover.small.jpg', 'image/jpeg' );
INSERT INTO files ( gid, file, mime ) VALUES ( '45411', 'http://www.gutenberg.org/ebooks/45411.epub.images', 'application/epub+zip' );
INSERT INTO files ( gid, file, mime ) VALUES ( '45411', 'http://www.gutenberg.org/ebooks/45411.epub.noimages', 'application/epub+zip' );
INSERT INTO files ( gid, file, mime ) VALUES ( '45411', 'http://www.gutenberg.org/ebooks/45411.kindle.images', 'application/x-mobipocket-ebook' );
INSERT INTO files ( gid, file, mime ) VALUES ( '45411', 'http://www.gutenberg.org/ebooks/45411.kindle.noimages', 'application/x-mobipocket-ebook' );
INSERT INTO files ( gid, file, mime ) VALUES ( '45411', 'http://www.gutenberg.org/ebooks/45411.rdf', 'application/rdf+xml' );
INSERT INTO files ( gid, file, mime ) VALUES ( '45411', 'http://www.gutenberg.org/files/45411/45411-0.txt', 'text/plain; charset=utf-8' );
INSERT INTO files ( gid, file, mime ) VALUES ( '45411', 'http://www.gutenberg.org/files/45411/45411-0.zip', 'text/plain; charset=utf-8application/zip' );
INSERT INTO files ( gid, file, mime ) VALUES ( '45411', 'http://www.gutenberg.org/files/45411/45411-8.txt', 'text/plain; charset=iso-8859-1' );
INSERT INTO files ( gid, file, mime ) VALUES ( '45411', 'http://www.gutenberg.org/files/45411/45411-8.zip', 'text/plain; charset=iso-8859-1application/zip' );
INSERT INTO files ( gid, file, mime ) VALUES ( '45411', 'http://www.gutenberg.org/files/45411/45411-h.zip', 'text/html; charset=iso-8859-1application/zip' );
INSERT INTO files ( gid, file, mime ) VALUES ( '45411', 'http://www.gutenberg.org/files/45411/45411-h/45411-h.htm', 'text/html; charset=iso-8859-1' );
INSERT INTO titles ( gid, title, author, language, rights ) VALUES ( '45511', 'Red Caps and Lilies', 'Adams, Katharine', 'en', 'Public domain in the USA.' );
INSERT INTO classifications ( gid, classification ) VALUES ( '45511', 'PZ' );
INSERT INTO subjects ( gid, subject ) VALUES ( '45511', 'Children and war -- Juvenile fiction' );
INSERT INTO subjects ( gid, subject ) VALUES ( '45511', 'France -- History -- Revolution, 1789-1799 -- Juvenile fiction' );
INSERT INTO files ( gid, file, mime ) VALUES ( '45511', 'http://www.gutenberg.org/cache/epub/45511/pg45511.cover.medium.jpg', 'image/jpeg' );
INSERT INTO files ( gid, file, mime ) VALUES ( '45511', 'http://www.gutenberg.org/cache/epub/45511/pg45511.cover.small.jpg', 'image/jpeg' );
INSERT INTO files ( gid, file, mime ) VALUES ( '45511', 'http://www.gutenberg.org/ebooks/45511.epub.images', 'application/epub+zip' );
INSERT INTO files ( gid, file, mime ) VALUES ( '45511', 'http://www.gutenberg.org/ebooks/45511.epub.noimages', 'application/epub+zip' );
INSERT INTO files ( gid, file, mime ) VALUES ( '45511', 'http://www.gutenberg.org/ebooks/45511.kindle.images', 'application/x-mobipocket-ebook' );
INSERT INTO files ( gid, file, mime ) VALUES ( '45511', 'http://www.gutenberg.org/ebooks/45511.kindle.noimages', 'application/x-mobipocket-ebook' );
INSERT INTO files ( gid, file, mime ) VALUES ( '45511', 'http://www.gutenberg.org/ebooks/45511.rdf', 'application/rdf+xml' );
INSERT INTO files ( gid, file, mime ) VALUES ( '45511', 'http://www.gutenberg.org/files/45511/45511-0.txt', 'text/plain; charset=utf-8' );
INSERT INTO files ( gid, file, mime ) VALUES ( '45511', 'http://www.gutenberg.org/files/45511/45511-0.zip', 'text/plain; charset=utf-8application/zip' );
INSERT INTO files ( gid, file, mime ) VALUES ( '45511', 'http://www.gutenberg.org/files/45511/45511-8.txt', 'text/plain; charset=iso-8859-1' );
INSERT INTO files ( gid, file, mime ) VALUES ( '45511', 'http://www.gutenberg.org/files/45511/45511-8.zip', 'text/plain; charset=iso-8859-1application/zip' );
INSERT INTO files ( gid, file, mime ) VALUES ( '45511', 'http://www.gutenberg.org/files/45511/45511-h.zip', 'application/ziptext/html; charset=utf-8' );
INSERT INTO files ( gid, file, mime ) VALUES ( '45511', 'http://www.gutenberg.org/files/45511/45511-h/45511-h.htm', 'text/html; charset=utf-8' );
INSERT INTO files ( gid, file, mime ) VALUES ( '45511', 'http://www.gutenberg.org/files/45511/45511.txt', 'text/plain; charset=us-ascii' );
INSERT INTO files ( gid, file, mime ) VALUES ( '45511', 'http://www.gutenberg.org/files/45511/45511.zip', 'text/plain; charset=us-asciiapplication/zip' );
INSERT INTO titles ( gid, title, author, language, rights ) VALUES ( '45611', 'Chronicles of England, Scotland and Ireland (3 of 6): England (6 of 9) Richard the Third, Third Sonne to Richard Duke of Yorke, and Uncle to Edward the Fift', 'Holinshed, Raphael', 'en', 'Public domain in the USA.' );
INSERT INTO classifications ( gid, classification ) VALUES ( '45611', 'DA' );
INSERT INTO subjects ( gid, subject ) VALUES ( '45611', 'Great Britain -- History -- Tudors, 1485-1603' );
INSERT INTO subjects ( gid, subject ) VALUES ( '45611', 'Great Britain -- History -- To 1485' );
INSERT INTO subjects ( gid, subject ) VALUES ( '45611', 'Great Britain -- History -- Richard III, 1483-1485' );
INSERT INTO files ( gid, file, mime ) VALUES ( '45611', 'http://www.gutenberg.org/cache/epub/45611/pg45611.cover.medium.jpg', 'image/jpeg' );
INSERT INTO files ( gid, file, mime ) VALUES ( '45611', 'http://www.gutenberg.org/cache/epub/45611/pg45611.cover.small.jpg', 'image/jpeg' );
INSERT INTO files ( gid, file, mime ) VALUES ( '45611', 'http://www.gutenberg.org/ebooks/45611.epub.images', 'application/epub+zip' );
INSERT INTO files ( gid, file, mime ) VALUES ( '45611', 'http://www.gutenberg.org/ebooks/45611.epub.noimages', 'application/epub+zip' );
INSERT INTO files ( gid, file, mime ) VALUES ( '45611', 'http://www.gutenberg.org/ebooks/45611.kindle.images', 'application/x-mobipocket-ebook' );
INSERT INTO files ( gid, file, mime ) VALUES ( '45611', 'http://www.gutenberg.org/ebooks/45611.kindle.noimages', 'application/x-mobipocket-ebook' );
INSERT INTO files ( gid, file, mime ) VALUES ( '45611', 'http://www.gutenberg.org/ebooks/45611.rdf', 'application/rdf+xml' );
INSERT INTO files ( gid, file, mime ) VALUES ( '45611', 'http://www.gutenberg.org/ebooks/45611.txt.utf-8', 'text/plain' );
INSERT INTO files ( gid, file, mime ) VALUES ( '45611', 'http://www.gutenberg.org/files/45611/45611-8.txt', 'text/plain; charset=iso-8859-1' );
INSERT INTO files ( gid, file, mime ) VALUES ( '45611', 'http://www.gutenberg.org/files/45611/45611-8.zip', 'text/plain; charset=iso-8859-1application/zip' );
INSERT INTO files ( gid, file, mime ) VALUES ( '45611', 'http://www.gutenberg.org/files/45611/45611-h.zip', 'text/html; charset=iso-8859-1application/zip' );
INSERT INTO files ( gid, file, mime ) VALUES ( '45611', 'http://www.gutenberg.org/files/45611/45611-h/45611-h.htm', 'text/html; charset=iso-8859-1' );
INSERT INTO files ( gid, file, mime ) VALUES ( '45611', 'http://www.gutenberg.org/files/45611/45611.txt', 'text/plain; charset=us-ascii' );
INSERT INTO files ( gid, file, mime ) VALUES ( '45611', 'http://www.gutenberg.org/files/45611/45611.zip', 'text/plain; charset=us-asciiapplication/zip' );
INSERT INTO titles ( gid, title, author, language, rights ) VALUES ( '45711', 'Radiant Motherhood: A Book for Those Who are Creating the Future', 'Stopes, Marie Carmichael', 'en', 'Public domain in the USA.' );
INSERT INTO classifications ( gid, classification ) VALUES ( '45711', 'HQ' );
INSERT INTO subjects ( gid, subject ) VALUES ( '45711', 'Mothers' );
INSERT INTO files ( gid, file, mime ) VALUES ( '45711', 'http://www.gutenberg.org/cache/epub/45711/pg45711.cover.medium.jpg', 'image/jpeg' );
INSERT INTO files ( gid, file, mime ) VALUES ( '45711', 'http://www.gutenberg.org/cache/epub/45711/pg45711.cover.small.jpg', 'image/jpeg' );
INSERT INTO files ( gid, file, mime ) VALUES ( '45711', 'http://www.gutenberg.org/ebooks/45711.epub.images', 'application/epub+zip' );
INSERT INTO files ( gid, file, mime ) VALUES ( '45711', 'http://www.gutenberg.org/ebooks/45711.epub.noimages', 'application/epub+zip' );
INSERT INTO files ( gid, file, mime ) VALUES ( '45711', 'http://www.gutenberg.org/ebooks/45711.kindle.images', 'application/x-mobipocket-ebook' );
INSERT INTO files ( gid, file, mime ) VALUES ( '45711', 'http://www.gutenberg.org/ebooks/45711.kindle.noimages', 'application/x-mobipocket-ebook' );
INSERT INTO files ( gid, file, mime ) VALUES ( '45711', 'http://www.gutenberg.org/ebooks/45711.rdf', 'application/rdf+xml' );
INSERT INTO files ( gid, file, mime ) VALUES ( '45711', 'http://www.gutenberg.org/files/45711/45711-0.txt', 'text/plain; charset=utf-8' );
INSERT INTO files ( gid, file, mime ) VALUES ( '45711', 'http://www.gutenberg.org/files/45711/45711-0.zip', 'text/plain; charset=utf-8application/zip' );
INSERT INTO files ( gid, file, mime ) VALUES ( '45711', 'http://www.gutenberg.org/files/45711/45711-8.txt', 'text/plain; charset=iso-8859-1' );
INSERT INTO files ( gid, file, mime ) VALUES ( '45711', 'http://www.gutenberg.org/files/45711/45711-8.zip', 'application/ziptext/plain; charset=iso-8859-1' );
INSERT INTO files ( gid, file, mime ) VALUES ( '45711', 'http://www.gutenberg.org/files/45711/45711-h.zip', 'application/ziptext/html; charset=utf-8' );
INSERT INTO files ( gid, file, mime ) VALUES ( '45711', 'http://www.gutenberg.org/files/45711/45711-h/45711-h.htm', 'text/html; charset=utf-8' );
INSERT INTO files ( gid, file, mime ) VALUES ( '45711', 'http://www.gutenberg.org/files/45711/45711.txt', 'text/plain; charset=us-ascii' );
INSERT INTO files ( gid, file, mime ) VALUES ( '45711', 'http://www.gutenberg.org/files/45711/45711.zip', 'text/plain; charset=us-asciiapplication/zip' );
INSERT INTO titles ( gid, title, author, language, rights ) VALUES ( '45811', 'A Chesterton Calendar Compiled from the writings of ''G.K.C.'' both in verse and in prose. With a section apart for the moveable feasts.', 'Chesterton, G. K. (Gilbert Keith)', 'en', 'Public domain in the USA.' );
INSERT INTO classifications ( gid, classification ) VALUES ( '45811', 'PR' );
INSERT INTO subjects ( gid, subject ) VALUES ( '45811', 'Chesterton, G. K. (Gilbert Keith), 1874-1936 -- Calendars' );
INSERT INTO files ( gid, file, mime ) VALUES ( '45811', 'http://www.gutenberg.org/cache/epub/45811/pg45811.cover.medium.jpg', 'image/jpeg' );
INSERT INTO files ( gid, file, mime ) VALUES ( '45811', 'http://www.gutenberg.org/cache/epub/45811/pg45811.cover.small.jpg', 'image/jpeg' );
INSERT INTO files ( gid, file, mime ) VALUES ( '45811', 'http://www.gutenberg.org/ebooks/45811.epub.images', 'application/epub+zip' );
INSERT INTO files ( gid, file, mime ) VALUES ( '45811', 'http://www.gutenberg.org/ebooks/45811.epub.noimages', 'application/epub+zip' );
INSERT INTO files ( gid, file, mime ) VALUES ( '45811', 'http://www.gutenberg.org/ebooks/45811.kindle.images', 'application/x-mobipocket-ebook' );
INSERT INTO files ( gid, file, mime ) VALUES ( '45811', 'http://www.gutenberg.org/ebooks/45811.kindle.noimages', 'application/x-mobipocket-ebook' );
INSERT INTO files ( gid, file, mime ) VALUES ( '45811', 'http://www.gutenberg.org/ebooks/45811.rdf', 'application/rdf+xml' );
INSERT INTO files ( gid, file, mime ) VALUES ( '45811', 'http://www.gutenberg.org/ebooks/45811.txt.utf-8', 'text/plain' );
INSERT INTO files ( gid, file, mime ) VALUES ( '45811', 'http://www.gutenberg.org/files/45811/45811-8.txt', 'text/plain; charset=iso-8859-1' );
INSERT INTO files ( gid, file, mime ) VALUES ( '45811', 'http://www.gutenberg.org/files/45811/45811-8.zip', 'text/plain; charset=iso-8859-1application/zip' );
INSERT INTO files ( gid, file, mime ) VALUES ( '45811', 'http://www.gutenberg.org/files/45811/45811-h.zip', 'application/ziptext/html; charset=iso-8859-1' );
INSERT INTO files ( gid, file, mime ) VALUES ( '45811', 'http://www.gutenberg.org/files/45811/45811-h/45811-h.htm', 'text/html; charset=iso-8859-1' );
INSERT INTO files ( gid, file, mime ) VALUES ( '45811', 'http://www.gutenberg.org/files/45811/45811.txt', 'text/plain; charset=us-ascii' );
INSERT INTO files ( gid, file, mime ) VALUES ( '45811', 'http://www.gutenberg.org/files/45811/45811.zip', 'application/ziptext/plain; charset=us-ascii' );
INSERT INTO titles ( gid, title, author, language, rights ) VALUES ( '45911', 'L''Illustration, No. 2517, 23 Mai 1891', 'Various', 'fr', 'Public domain in the USA.' );
INSERT INTO classifications ( gid, classification ) VALUES ( '45911', 'AP' );
INSERT INTO subjects ( gid, subject ) VALUES ( '45911', 'Illustrated periodicals -- France' );
INSERT INTO files ( gid, file, mime ) VALUES ( '45911', 'http://www.gutenberg.org/cache/epub/45911/pg45911.cover.medium.jpg', 'image/jpeg' );
INSERT INTO files ( gid, file, mime ) VALUES ( '45911', 'http://www.gutenberg.org/cache/epub/45911/pg45911.cover.small.jpg', 'image/jpeg' );
INSERT INTO files ( gid, file, mime ) VALUES ( '45911', 'http://www.gutenberg.org/ebooks/45911.epub.images', 'application/epub+zip' );
INSERT INTO files ( gid, file, mime ) VALUES ( '45911', 'http://www.gutenberg.org/ebooks/45911.epub.noimages', 'application/epub+zip' );
INSERT INTO files ( gid, file, mime ) VALUES ( '45911', 'http://www.gutenberg.org/ebooks/45911.kindle.images', 'application/x-mobipocket-ebook' );
INSERT INTO files ( gid, file, mime ) VALUES ( '45911', 'http://www.gutenberg.org/ebooks/45911.kindle.noimages', 'application/x-mobipocket-ebook' );
INSERT INTO files ( gid, file, mime ) VALUES ( '45911', 'http://www.gutenberg.org/ebooks/45911.rdf', 'application/rdf+xml' );
INSERT INTO files ( gid, file, mime ) VALUES ( '45911', 'http://www.gutenberg.org/ebooks/45911.txt.utf-8', 'text/plain' );
INSERT INTO files ( gid, file, mime ) VALUES ( '45911', 'http://www.gutenberg.org/files/45911/45911-8.txt', 'text/plain; charset=iso-8859-1' );
INSERT INTO files ( gid, file, mime ) VALUES ( '45911', 'http://www.gutenberg.org/files/45911/45911-8.zip', 'application/ziptext/plain; charset=iso-8859-1' );
INSERT INTO files ( gid, file, mime ) VALUES ( '45911', 'http://www.gutenberg.org/files/45911/45911-h.zip', 'text/html; charset=iso-8859-1application/zip' );
INSERT INTO files ( gid, file, mime ) VALUES ( '45911', 'http://www.gutenberg.org/files/45911/45911-h/45911-h.htm', 'text/html; charset=iso-8859-1' );
INSERT INTO titles ( gid, title, author, language, rights ) VALUES ( '46011', 'The Moving Picture Boys and the Flood; Or, Perilous Days on the Mississippi', 'Appleton, Victor', 'en', 'Public domain in the USA.' );
INSERT INTO classifications ( gid, classification ) VALUES ( '46011', 'PZ' );
INSERT INTO subjects ( gid, subject ) VALUES ( '46011', 'Mississippi River -- Juvenile fiction' );
INSERT INTO subjects ( gid, subject ) VALUES ( '46011', 'Floods -- Juvenile fiction' );
INSERT INTO files ( gid, file, mime ) VALUES ( '46011', 'http://www.gutenberg.org/cache/epub/46011/pg46011.cover.medium.jpg', 'image/jpeg' );
INSERT INTO files ( gid, file, mime ) VALUES ( '46011', 'http://www.gutenberg.org/cache/epub/46011/pg46011.cover.small.jpg', 'image/jpeg' );
INSERT INTO files ( gid, file, mime ) VALUES ( '46011', 'http://www.gutenberg.org/ebooks/46011.epub.images', 'application/epub+zip' );
INSERT INTO files ( gid, file, mime ) VALUES ( '46011', 'http://www.gutenberg.org/ebooks/46011.epub.noimages', 'application/epub+zip' );
INSERT INTO files ( gid, file, mime ) VALUES ( '46011', 'http://www.gutenberg.org/ebooks/46011.kindle.images', 'application/x-mobipocket-ebook' );
INSERT INTO files ( gid, file, mime ) VALUES ( '46011', 'http://www.gutenberg.org/ebooks/46011.kindle.noimages', 'application/x-mobipocket-ebook' );
INSERT INTO files ( gid, file, mime ) VALUES ( '46011', 'http://www.gutenberg.org/ebooks/46011.rdf', 'application/rdf+xml' );
INSERT INTO files ( gid, file, mime ) VALUES ( '46011', 'http://www.gutenberg.org/ebooks/46011.txt.utf-8', 'text/plain' );
INSERT INTO files ( gid, file, mime ) VALUES ( '46011', 'http://www.gutenberg.org/files/46011/46011-h.zip', 'text/htmlapplication/zip' );
INSERT INTO files ( gid, file, mime ) VALUES ( '46011', 'http://www.gutenberg.org/files/46011/46011-h/46011-h.htm', 'text/html' );
INSERT INTO files ( gid, file, mime ) VALUES ( '46011', 'http://www.gutenberg.org/files/46011/46011.txt', 'text/plain; charset=us-ascii' );
INSERT INTO files ( gid, file, mime ) VALUES ( '46011', 'http://www.gutenberg.org/files/46011/46011.zip', 'text/plain; charset=us-asciiapplication/zip' );
INSERT INTO titles ( gid, title, author, language, rights ) VALUES ( '46111', 'Autour de la lune', 'Verne, Jules', 'fr', 'Public domain in the USA.' );
INSERT INTO classifications ( gid, classification ) VALUES ( '46111', 'PQ' );
INSERT INTO subjects ( gid, subject ) VALUES ( '46111', 'Moon -- Fiction' );
INSERT INTO subjects ( gid, subject ) VALUES ( '46111', 'Science fiction' );
INSERT INTO subjects ( gid, subject ) VALUES ( '46111', 'Space ships -- Fiction' );
INSERT INTO subjects ( gid, subject ) VALUES ( '46111', 'Manned space flight -- Fiction' );
INSERT INTO subjects ( gid, subject ) VALUES ( '46111', 'Space flight to the moon -- Fiction' );
INSERT INTO files ( gid, file, mime ) VALUES ( '46111', 'http://www.gutenberg.org/cache/epub/46111/pg46111.cover.medium.jpg', 'image/jpeg' );
INSERT INTO files ( gid, file, mime ) VALUES ( '46111', 'http://www.gutenberg.org/cache/epub/46111/pg46111.cover.small.jpg', 'image/jpeg' );
INSERT INTO files ( gid, file, mime ) VALUES ( '46111', 'http://www.gutenberg.org/ebooks/46111.epub.images', 'application/epub+zip' );
INSERT INTO files ( gid, file, mime ) VALUES ( '46111', 'http://www.gutenberg.org/ebooks/46111.epub.noimages', 'application/epub+zip' );
INSERT INTO files ( gid, file, mime ) VALUES ( '46111', 'http://www.gutenberg.org/ebooks/46111.kindle.images', 'application/x-mobipocket-ebook' );
INSERT INTO files ( gid, file, mime ) VALUES ( '46111', 'http://www.gutenberg.org/ebooks/46111.kindle.noimages', 'application/x-mobipocket-ebook' );
INSERT INTO files ( gid, file, mime ) VALUES ( '46111', 'http://www.gutenberg.org/ebooks/46111.rdf', 'application/rdf+xml' );
INSERT INTO files ( gid, file, mime ) VALUES ( '46111', 'http://www.gutenberg.org/files/46111/46111-0.txt', 'text/plain; charset=utf-8' );
INSERT INTO files ( gid, file, mime ) VALUES ( '46111', 'http://www.gutenberg.org/files/46111/46111-0.zip', 'application/ziptext/plain; charset=utf-8' );
INSERT INTO files ( gid, file, mime ) VALUES ( '46111', 'http://www.gutenberg.org/files/46111/46111-8.txt', 'text/plain; charset=iso-8859-1' );
INSERT INTO files ( gid, file, mime ) VALUES ( '46111', 'http://www.gutenberg.org/files/46111/46111-8.zip', 'text/plain; charset=iso-8859-1application/zip' );
INSERT INTO files ( gid, file, mime ) VALUES ( '46111', 'http://www.gutenberg.org/files/46111/46111-h.zip', 'text/html; charset=iso-8859-1application/zip' );
INSERT INTO files ( gid, file, mime ) VALUES ( '46111', 'http://www.gutenberg.org/files/46111/46111-h/46111-h.htm', 'text/html; charset=iso-8859-1' );
INSERT INTO titles ( gid, title, author, language, rights ) VALUES ( '4611', 'Where No Fear Was: A Book About Fear', 'Benson, Arthur Christopher', 'en', 'Public domain in the USA.' );
INSERT INTO classifications ( gid, classification ) VALUES ( '4611', 'BF' );
INSERT INTO subjects ( gid, subject ) VALUES ( '4611', 'Fear' );
INSERT INTO files ( gid, file, mime ) VALUES ( '4611', 'http://www.gutenberg.org/ebooks/4611.epub.images', 'application/epub+zip' );
INSERT INTO files ( gid, file, mime ) VALUES ( '4611', 'http://www.gutenberg.org/ebooks/4611.epub.noimages', 'application/epub+zip' );
INSERT INTO files ( gid, file, mime ) VALUES ( '4611', 'http://www.gutenberg.org/ebooks/4611.kindle.images', 'application/x-mobipocket-ebook' );
INSERT INTO files ( gid, file, mime ) VALUES ( '4611', 'http://www.gutenberg.org/ebooks/4611.kindle.noimages', 'application/x-mobipocket-ebook' );
INSERT INTO files ( gid, file, mime ) VALUES ( '4611', 'http://www.gutenberg.org/ebooks/4611.rdf', 'application/rdf+xml' );
INSERT INTO files ( gid, file, mime ) VALUES ( '4611', 'http://www.gutenberg.org/ebooks/4611.txt.utf-8', 'text/plain' );
INSERT INTO files ( gid, file, mime ) VALUES ( '4611', 'http://www.gutenberg.org/files/4611/4611-h.zip', 'application/ziptext/html; charset=iso-8859-1' );
INSERT INTO files ( gid, file, mime ) VALUES ( '4611', 'http://www.gutenberg.org/files/4611/4611-h/4611-h.htm', 'text/html; charset=iso-8859-1' );
INSERT INTO files ( gid, file, mime ) VALUES ( '4611', 'http://www.gutenberg.org/files/4611/4611.txt', 'text/plain; charset=us-ascii' );
INSERT INTO files ( gid, file, mime ) VALUES ( '4611', 'http://www.gutenberg.org/files/4611/4611.zip', 'application/ziptext/plain; charset=us-ascii' );
INSERT INTO titles ( gid, title, author, language, rights ) VALUES ( '46211', 'Ombre di occaso', 'Oriani, Alfredo', 'it', 'Public domain in the USA.' );
INSERT INTO classifications ( gid, classification ) VALUES ( '46211', 'PQ' );
INSERT INTO subjects ( gid, subject ) VALUES ( '46211', 'Italian fiction' );
INSERT INTO files ( gid, file, mime ) VALUES ( '46211', 'http://www.gutenberg.org/cache/epub/46211/pg46211.cover.medium.jpg', 'image/jpeg' );
INSERT INTO files ( gid, file, mime ) VALUES ( '46211', 'http://www.gutenberg.org/cache/epub/46211/pg46211.cover.small.jpg', 'image/jpeg' );
INSERT INTO files ( gid, file, mime ) VALUES ( '46211', 'http://www.gutenberg.org/ebooks/46211.epub.images', 'application/epub+zip' );
INSERT INTO files ( gid, file, mime ) VALUES ( '46211', 'http://www.gutenberg.org/ebooks/46211.epub.noimages', 'application/epub+zip' );
INSERT INTO files ( gid, file, mime ) VALUES ( '46211', 'http://www.gutenberg.org/ebooks/46211.kindle.images', 'application/x-mobipocket-ebook' );
INSERT INTO files ( gid, file, mime ) VALUES ( '46211', 'http://www.gutenberg.org/ebooks/46211.kindle.noimages', 'application/x-mobipocket-ebook' );
INSERT INTO files ( gid, file, mime ) VALUES ( '46211', 'http://www.gutenberg.org/ebooks/46211.rdf', 'application/rdf+xml' );
INSERT INTO files ( gid, file, mime ) VALUES ( '46211', 'http://www.gutenberg.org/files/46211/46211-0.txt', 'text/plain; charset=utf-8' );
INSERT INTO files ( gid, file, mime ) VALUES ( '46211', 'http://www.gutenberg.org/files/46211/46211-0.zip', 'application/ziptext/plain; charset=utf-8' );
INSERT INTO files ( gid, file, mime ) VALUES ( '46211', 'http://www.gutenberg.org/files/46211/46211-8.txt', 'text/plain; charset=iso-8859-1' );
INSERT INTO files ( gid, file, mime ) VALUES ( '46211', 'http://www.gutenberg.org/files/46211/46211-8.zip', 'application/ziptext/plain; charset=iso-8859-1' );
INSERT INTO files ( gid, file, mime ) VALUES ( '46211', 'http://www.gutenberg.org/files/46211/46211-h.zip', 'application/ziptext/html; charset=utf-8' );
INSERT INTO files ( gid, file, mime ) VALUES ( '46211', 'http://www.gutenberg.org/files/46211/46211-h/46211-h.htm', 'text/html; charset=utf-8' );
INSERT INTO titles ( gid, title, author, language, rights ) VALUES ( '46311', 'The Works of John Marston. Volume 2', 'Marston, John', 'en', 'Public domain in the USA.' );
INSERT INTO classifications ( gid, classification ) VALUES ( '46311', 'PR' );
INSERT INTO subjects ( gid, subject ) VALUES ( '46311', 'English drama -- 17th century' );
INSERT INTO files ( gid, file, mime ) VALUES ( '46311', 'http://www.gutenberg.org/cache/epub/46311/pg46311.cover.medium.jpg', 'image/jpeg' );
INSERT INTO files ( gid, file, mime ) VALUES ( '46311', 'http://www.gutenberg.org/cache/epub/46311/pg46311.cover.small.jpg', 'image/jpeg' );
INSERT INTO files ( gid, file, mime ) VALUES ( '46311', 'http://www.gutenberg.org/ebooks/46311.epub.images', 'application/epub+zip' );
INSERT INTO files ( gid, file, mime ) VALUES ( '46311', 'http://www.gutenberg.org/ebooks/46311.epub.noimages', 'application/epub+zip' );
INSERT INTO files ( gid, file, mime ) VALUES ( '46311', 'http://www.gutenberg.org/ebooks/46311.kindle.images', 'application/x-mobipocket-ebook' );
INSERT INTO files ( gid, file, mime ) VALUES ( '46311', 'http://www.gutenberg.org/ebooks/46311.kindle.noimages', 'application/x-mobipocket-ebook' );
INSERT INTO files ( gid, file, mime ) VALUES ( '46311', 'http://www.gutenberg.org/ebooks/46311.rdf', 'application/rdf+xml' );
INSERT INTO files ( gid, file, mime ) VALUES ( '46311', 'http://www.gutenberg.org/ebooks/46311.txt.utf-8', 'text/plain' );
INSERT INTO files ( gid, file, mime ) VALUES ( '46311', 'http://www.gutenberg.org/files/46311/46311-8.txt', 'text/plain; charset=iso-8859-1' );
INSERT INTO files ( gid, file, mime ) VALUES ( '46311', 'http://www.gutenberg.org/files/46311/46311-8.zip', 'text/plain; charset=iso-8859-1application/zip' );
INSERT INTO files ( gid, file, mime ) VALUES ( '46311', 'http://www.gutenberg.org/files/46311/46311-h.zip', 'text/html; charset=iso-8859-1application/zip' );
INSERT INTO files ( gid, file, mime ) VALUES ( '46311', 'http://www.gutenberg.org/files/46311/46311-h/46311-h.htm', 'text/html; charset=iso-8859-1' );
INSERT INTO files ( gid, file, mime ) VALUES ( '46311', 'http://www.gutenberg.org/files/46311/46311.txt', 'text/plain; charset=us-ascii' );
INSERT INTO files ( gid, file, mime ) VALUES ( '46311', 'http://www.gutenberg.org/files/46311/46311.zip', 'text/plain; charset=us-asciiapplication/zip' );
INSERT INTO titles ( gid, title, author, language, rights ) VALUES ( '46411', 'Die Chronik der Sperlingsgasse', 'Raabe, Wilhelm', 'de', 'Public domain in the USA.' );
INSERT INTO classifications ( gid, classification ) VALUES ( '46411', 'PT' );
INSERT INTO subjects ( gid, subject ) VALUES ( '46411', 'German fiction' );
INSERT INTO files ( gid, file, mime ) VALUES ( '46411', 'http://www.gutenberg.org/cache/epub/46411/pg46411.cover.medium.jpg', 'image/jpeg' );
INSERT INTO files ( gid, file, mime ) VALUES ( '46411', 'http://www.gutenberg.org/cache/epub/46411/pg46411.cover.small.jpg', 'image/jpeg' );
INSERT INTO files ( gid, file, mime ) VALUES ( '46411', 'http://www.gutenberg.org/ebooks/46411.epub.images', 'application/epub+zip' );
INSERT INTO files ( gid, file, mime ) VALUES ( '46411', 'http://www.gutenberg.org/ebooks/46411.epub.noimages', 'application/epub+zip' );
INSERT INTO files ( gid, file, mime ) VALUES ( '46411', 'http://www.gutenberg.org/ebooks/46411.kindle.images', 'application/x-mobipocket-ebook' );
INSERT INTO files ( gid, file, mime ) VALUES ( '46411', 'http://www.gutenberg.org/ebooks/46411.kindle.noimages', 'application/x-mobipocket-ebook' );
INSERT INTO files ( gid, file, mime ) VALUES ( '46411', 'http://www.gutenberg.org/ebooks/46411.rdf', 'application/rdf+xml' );
INSERT INTO files ( gid, file, mime ) VALUES ( '46411', 'http://www.gutenberg.org/ebooks/46411.txt.utf-8', 'text/plain' );
INSERT INTO files ( gid, file, mime ) VALUES ( '46411', 'http://www.gutenberg.org/files/46411/46411-8.txt', 'text/plain; charset=iso-8859-1' );
INSERT INTO files ( gid, file, mime ) VALUES ( '46411', 'http://www.gutenberg.org/files/46411/46411-8.zip', 'application/ziptext/plain; charset=iso-8859-1' );
INSERT INTO files ( gid, file, mime ) VALUES ( '46411', 'http://www.gutenberg.org/files/46411/46411-h.zip', 'application/ziptext/html; charset=iso-8859-1' );
INSERT INTO files ( gid, file, mime ) VALUES ( '46411', 'http://www.gutenberg.org/files/46411/46411-h/46411-h.htm', 'text/html; charset=iso-8859-1' );
INSERT INTO titles ( gid, title, author, language, rights ) VALUES ( '46511', 'Encyclopedia of Diet: A Treatise on the Food Question, Vol. 1 of 5', 'Christian, Eugene', 'en', 'Public domain in the USA.' );
INSERT INTO classifications ( gid, classification ) VALUES ( '46511', 'RM' );
INSERT INTO subjects ( gid, subject ) VALUES ( '46511', 'Diet in disease' );
INSERT INTO subjects ( gid, subject ) VALUES ( '46511', 'Food' );
INSERT INTO subjects ( gid, subject ) VALUES ( '46511', 'Diet' );
INSERT INTO files ( gid, file, mime ) VALUES ( '46511', 'http://www.gutenberg.org/cache/epub/46511/pg46511.cover.medium.jpg', 'image/jpeg' );
INSERT INTO files ( gid, file, mime ) VALUES ( '46511', 'http://www.gutenberg.org/cache/epub/46511/pg46511.cover.small.jpg', 'image/jpeg' );
INSERT INTO files ( gid, file, mime ) VALUES ( '46511', 'http://www.gutenberg.org/ebooks/46511.epub.images', 'application/epub+zip' );
INSERT INTO files ( gid, file, mime ) VALUES ( '46511', 'http://www.gutenberg.org/ebooks/46511.epub.noimages', 'application/epub+zip' );
INSERT INTO files ( gid, file, mime ) VALUES ( '46511', 'http://www.gutenberg.org/ebooks/46511.kindle.images', 'application/x-mobipocket-ebook' );
INSERT INTO files ( gid, file, mime ) VALUES ( '46511', 'http://www.gutenberg.org/ebooks/46511.kindle.noimages', 'application/x-mobipocket-ebook' );
INSERT INTO files ( gid, file, mime ) VALUES ( '46511', 'http://www.gutenberg.org/ebooks/46511.rdf', 'application/rdf+xml' );
INSERT INTO files ( gid, file, mime ) VALUES ( '46511', 'http://www.gutenberg.org/files/46511/46511-0.txt', 'text/plain; charset=utf-8' );
INSERT INTO files ( gid, file, mime ) VALUES ( '46511', 'http://www.gutenberg.org/files/46511/46511-0.zip', 'text/plain; charset=utf-8application/zip' );
INSERT INTO files ( gid, file, mime ) VALUES ( '46511', 'http://www.gutenberg.org/files/46511/46511-8.txt', 'text/plain; charset=iso-8859-1' );
INSERT INTO files ( gid, file, mime ) VALUES ( '46511', 'http://www.gutenberg.org/files/46511/46511-8.zip', 'text/plain; charset=iso-8859-1application/zip' );
INSERT INTO files ( gid, file, mime ) VALUES ( '46511', 'http://www.gutenberg.org/files/46511/46511-h.zip', 'application/ziptext/html; charset=iso-8859-1' );
INSERT INTO files ( gid, file, mime ) VALUES ( '46511', 'http://www.gutenberg.org/files/46511/46511-h/46511-h.htm', 'text/html; charset=iso-8859-1' );
INSERT INTO files ( gid, file, mime ) VALUES ( '46511', 'http://www.gutenberg.org/files/46511/46511.txt', 'text/plain; charset=us-ascii' );
INSERT INTO files ( gid, file, mime ) VALUES ( '46511', 'http://www.gutenberg.org/files/46511/46511.zip', 'text/plain; charset=us-asciiapplication/zip' );
INSERT INTO titles ( gid, title, author, language, rights ) VALUES ( '46611', 'Kun on tunteet: Novelleja', 'Jotuni, Maria', 'fi', 'Public domain in the USA.' );
INSERT INTO classifications ( gid, classification ) VALUES ( '46611', 'PH' );
INSERT INTO subjects ( gid, subject ) VALUES ( '46611', 'Short stories, Finnish' );
INSERT INTO subjects ( gid, subject ) VALUES ( '46611', 'Finnish fiction -- 20th century' );
INSERT INTO files ( gid, file, mime ) VALUES ( '46611', 'http://www.gutenberg.org/ebooks/46611.epub.images', 'application/epub+zip' );
INSERT INTO files ( gid, file, mime ) VALUES ( '46611', 'http://www.gutenberg.org/ebooks/46611.epub.noimages', 'application/epub+zip' );
INSERT INTO files ( gid, file, mime ) VALUES ( '46611', 'http://www.gutenberg.org/ebooks/46611.html.images', 'text/html' );
INSERT INTO files ( gid, file, mime ) VALUES ( '46611', 'http://www.gutenberg.org/ebooks/46611.html.noimages', 'text/html' );
INSERT INTO files ( gid, file, mime ) VALUES ( '46611', 'http://www.gutenberg.org/ebooks/46611.kindle.images', 'application/x-mobipocket-ebook' );
INSERT INTO files ( gid, file, mime ) VALUES ( '46611', 'http://www.gutenberg.org/ebooks/46611.kindle.noimages', 'application/x-mobipocket-ebook' );
INSERT INTO files ( gid, file, mime ) VALUES ( '46611', 'http://www.gutenberg.org/ebooks/46611.rdf', 'application/rdf+xml' );
INSERT INTO files ( gid, file, mime ) VALUES ( '46611', 'http://www.gutenberg.org/ebooks/46611.txt.utf-8', 'text/plain' );
INSERT INTO files ( gid, file, mime ) VALUES ( '46611', 'http://www.gutenberg.org/files/46611/46611-8.txt', 'text/plain; charset=iso-8859-1' );
INSERT INTO files ( gid, file, mime ) VALUES ( '46611', 'http://www.gutenberg.org/files/46611/46611-8.zip', 'application/ziptext/plain; charset=iso-8859-1' );
INSERT INTO titles ( gid, title, author, language, rights ) VALUES ( '46711', 'Secrets of Wise Men, Chemists and Great Physicians', 'David, William K. (William King)', 'en', 'Public domain in the USA.' );
INSERT INTO classifications ( gid, classification ) VALUES ( '46711', 'T' );
INSERT INTO subjects ( gid, subject ) VALUES ( '46711', 'Formulas, recipes, etc.' );
INSERT INTO subjects ( gid, subject ) VALUES ( '46711', 'Chemistry, Technical -- Formulae, receipts, prescriptions' );
INSERT INTO subjects ( gid, subject ) VALUES ( '46711', 'Medicine -- Formulae, receipts, prescriptions' );
INSERT INTO subjects ( gid, subject ) VALUES ( '46711', 'Magic tricks' );
INSERT INTO subjects ( gid, subject ) VALUES ( '46711', 'Inventions' );
INSERT INTO files ( gid, file, mime ) VALUES ( '46711', 'http://www.gutenberg.org/cache/epub/46711/pg46711.cover.medium.jpg', 'image/jpeg' );
INSERT INTO files ( gid, file, mime ) VALUES ( '46711', 'http://www.gutenberg.org/cache/epub/46711/pg46711.cover.small.jpg', 'image/jpeg' );
INSERT INTO files ( gid, file, mime ) VALUES ( '46711', 'http://www.gutenberg.org/ebooks/46711.epub.images', 'application/epub+zip' );
INSERT INTO files ( gid, file, mime ) VALUES ( '46711', 'http://www.gutenberg.org/ebooks/46711.epub.noimages', 'application/epub+zip' );
INSERT INTO files ( gid, file, mime ) VALUES ( '46711', 'http://www.gutenberg.org/ebooks/46711.kindle.images', 'application/x-mobipocket-ebook' );
INSERT INTO files ( gid, file, mime ) VALUES ( '46711', 'http://www.gutenberg.org/ebooks/46711.kindle.noimages', 'application/x-mobipocket-ebook' );
INSERT INTO files ( gid, file, mime ) VALUES ( '46711', 'http://www.gutenberg.org/ebooks/46711.rdf', 'application/rdf+xml' );
INSERT INTO files ( gid, file, mime ) VALUES ( '46711', 'http://www.gutenberg.org/files/46711/46711-0.txt', 'text/plain; charset=utf-8' );
INSERT INTO files ( gid, file, mime ) VALUES ( '46711', 'http://www.gutenberg.org/files/46711/46711-0.zip', 'text/plain; charset=utf-8application/zip' );
INSERT INTO files ( gid, file, mime ) VALUES ( '46711', 'http://www.gutenberg.org/files/46711/46711-h.zip', 'application/ziptext/html; charset=utf-8' );
INSERT INTO files ( gid, file, mime ) VALUES ( '46711', 'http://www.gutenberg.org/files/46711/46711-h/46711-h.htm', 'text/html; charset=utf-8' );
INSERT INTO titles ( gid, title, author, language, rights ) VALUES ( '46811', 'Chambers''s Journal of Popular Literature, Science, and Art, No. 683 January 27, 1877', 'Various', 'en', 'Public domain in the USA.' );
INSERT INTO classifications ( gid, classification ) VALUES ( '46811', 'AP' );
INSERT INTO subjects ( gid, subject ) VALUES ( '46811', 'Periodicals' );
INSERT INTO files ( gid, file, mime ) VALUES ( '46811', 'http://www.gutenberg.org/cache/epub/46811/pg46811.cover.medium.jpg', 'image/jpeg' );
INSERT INTO files ( gid, file, mime ) VALUES ( '46811', 'http://www.gutenberg.org/cache/epub/46811/pg46811.cover.small.jpg', 'image/jpeg' );
INSERT INTO files ( gid, file, mime ) VALUES ( '46811', 'http://www.gutenberg.org/ebooks/46811.epub.images', 'application/epub+zip' );
INSERT INTO files ( gid, file, mime ) VALUES ( '46811', 'http://www.gutenberg.org/ebooks/46811.epub.noimages', 'application/epub+zip' );
INSERT INTO files ( gid, file, mime ) VALUES ( '46811', 'http://www.gutenberg.org/ebooks/46811.kindle.images', 'application/x-mobipocket-ebook' );
INSERT INTO files ( gid, file, mime ) VALUES ( '46811', 'http://www.gutenberg.org/ebooks/46811.kindle.noimages', 'application/x-mobipocket-ebook' );
INSERT INTO files ( gid, file, mime ) VALUES ( '46811', 'http://www.gutenberg.org/ebooks/46811.rdf', 'application/rdf+xml' );
INSERT INTO files ( gid, file, mime ) VALUES ( '46811', 'http://www.gutenberg.org/files/46811/46811-0.txt', 'text/plain; charset=utf-8' );
INSERT INTO files ( gid, file, mime ) VALUES ( '46811', 'http://www.gutenberg.org/files/46811/46811-0.zip', 'application/ziptext/plain; charset=utf-8' );
INSERT INTO files ( gid, file, mime ) VALUES ( '46811', 'http://www.gutenberg.org/files/46811/46811-8.txt', 'text/plain; charset=iso-8859-1' );
INSERT INTO files ( gid, file, mime ) VALUES ( '46811', 'http://www.gutenberg.org/files/46811/46811-8.zip', 'application/ziptext/plain; charset=iso-8859-1' );
INSERT INTO files ( gid, file, mime ) VALUES ( '46811', 'http://www.gutenberg.org/files/46811/46811-h.zip', 'text/html; charset=iso-8859-1application/zip' );
INSERT INTO files ( gid, file, mime ) VALUES ( '46811', 'http://www.gutenberg.org/files/46811/46811-h/46811-h.htm', 'text/html; charset=iso-8859-1' );
INSERT INTO files ( gid, file, mime ) VALUES ( '46811', 'http://www.gutenberg.org/files/46811/46811.txt', 'text/plain; charset=us-ascii' );
INSERT INTO files ( gid, file, mime ) VALUES ( '46811', 'http://www.gutenberg.org/files/46811/46811.zip', 'application/ziptext/plain; charset=us-ascii' );
INSERT INTO titles ( gid, title, author, language, rights ) VALUES ( '46911', 'Wonders of the Yellowstone', 'Richardson, James (Geologist)', 'en', 'Public domain in the USA.' );
INSERT INTO subjects ( gid, subject ) VALUES ( '46911', 'Yellowstone National Park' );
INSERT INTO subjects ( gid, subject ) VALUES ( '46911', 'F721' );
INSERT INTO files ( gid, file, mime ) VALUES ( '46911', 'http://www.gutenberg.org/cache/epub/46911/pg46911.cover.medium.jpg', 'image/jpeg' );
INSERT INTO files ( gid, file, mime ) VALUES ( '46911', 'http://www.gutenberg.org/cache/epub/46911/pg46911.cover.small.jpg', 'image/jpeg' );
INSERT INTO files ( gid, file, mime ) VALUES ( '46911', 'http://www.gutenberg.org/ebooks/46911.epub.images', 'application/epub+zip' );
INSERT INTO files ( gid, file, mime ) VALUES ( '46911', 'http://www.gutenberg.org/ebooks/46911.epub.noimages', 'application/epub+zip' );
INSERT INTO files ( gid, file, mime ) VALUES ( '46911', 'http://www.gutenberg.org/ebooks/46911.kindle.images', 'application/x-mobipocket-ebook' );
INSERT INTO files ( gid, file, mime ) VALUES ( '46911', 'http://www.gutenberg.org/ebooks/46911.kindle.noimages', 'application/x-mobipocket-ebook' );
INSERT INTO files ( gid, file, mime ) VALUES ( '46911', 'http://www.gutenberg.org/ebooks/46911.rdf', 'application/rdf+xml' );
INSERT INTO files ( gid, file, mime ) VALUES ( '46911', 'http://www.gutenberg.org/ebooks/46911.txt.utf-8', 'text/plain' );
INSERT INTO files ( gid, file, mime ) VALUES ( '46911', 'http://www.gutenberg.org/files/46911/46911-8.txt', 'text/plain; charset=iso-8859-1' );
INSERT INTO files ( gid, file, mime ) VALUES ( '46911', 'http://www.gutenberg.org/files/46911/46911-8.zip', 'application/ziptext/plain; charset=iso-8859-1' );
INSERT INTO files ( gid, file, mime ) VALUES ( '46911', 'http://www.gutenberg.org/files/46911/46911-h.zip', 'application/ziptext/html; charset=iso-8859-1' );
INSERT INTO files ( gid, file, mime ) VALUES ( '46911', 'http://www.gutenberg.org/files/46911/46911-h/46911-h.htm', 'text/html; charset=iso-8859-1' );
INSERT INTO files ( gid, file, mime ) VALUES ( '46911', 'http://www.gutenberg.org/files/46911/46911.txt', 'text/plain; charset=us-ascii' );
INSERT INTO files ( gid, file, mime ) VALUES ( '46911', 'http://www.gutenberg.org/files/46911/46911.zip', 'application/ziptext/plain; charset=us-ascii' );
INSERT INTO titles ( gid, title, author, language, rights ) VALUES ( '47011', 'Wilson''s Tales of the Borders and of Scotland, Volume 19', '', 'en', 'Public domain in the USA.' );
INSERT INTO classifications ( gid, classification ) VALUES ( '47011', 'PR' );
INSERT INTO subjects ( gid, subject ) VALUES ( '47011', 'Scottish Borders (Scotland) -- Fiction' );
INSERT INTO files ( gid, file, mime ) VALUES ( '47011', 'http://www.gutenberg.org/cache/epub/47011/pg47011.cover.medium.jpg', 'image/jpeg' );
INSERT INTO files ( gid, file, mime ) VALUES ( '47011', 'http://www.gutenberg.org/cache/epub/47011/pg47011.cover.small.jpg', 'image/jpeg' );
INSERT INTO files ( gid, file, mime ) VALUES ( '47011', 'http://www.gutenberg.org/ebooks/47011.epub.images', 'application/epub+zip' );
INSERT INTO files ( gid, file, mime ) VALUES ( '47011', 'http://www.gutenberg.org/ebooks/47011.epub.noimages', 'application/epub+zip' );
INSERT INTO files ( gid, file, mime ) VALUES ( '47011', 'http://www.gutenberg.org/ebooks/47011.kindle.images', 'application/x-mobipocket-ebook' );
INSERT INTO files ( gid, file, mime ) VALUES ( '47011', 'http://www.gutenberg.org/ebooks/47011.kindle.noimages', 'application/x-mobipocket-ebook' );
INSERT INTO files ( gid, file, mime ) VALUES ( '47011', 'http://www.gutenberg.org/ebooks/47011.rdf', 'application/rdf+xml' );
INSERT INTO files ( gid, file, mime ) VALUES ( '47011', 'http://www.gutenberg.org/files/47011/47011-0.txt', 'text/plain; charset=utf-8' );
INSERT INTO files ( gid, file, mime ) VALUES ( '47011', 'http://www.gutenberg.org/files/47011/47011-0.zip', 'text/plain; charset=utf-8application/zip' );
INSERT INTO files ( gid, file, mime ) VALUES ( '47011', 'http://www.gutenberg.org/files/47011/47011-8.txt', 'text/plain; charset=iso-8859-1' );
INSERT INTO files ( gid, file, mime ) VALUES ( '47011', 'http://www.gutenberg.org/files/47011/47011-8.zip', 'text/plain; charset=iso-8859-1application/zip' );
INSERT INTO files ( gid, file, mime ) VALUES ( '47011', 'http://www.gutenberg.org/files/47011/47011-h.zip', 'text/html; charset=utf-8application/zip' );
INSERT INTO files ( gid, file, mime ) VALUES ( '47011', 'http://www.gutenberg.org/files/47011/47011-h/47011-h.htm', 'text/html; charset=utf-8' );
INSERT INTO files ( gid, file, mime ) VALUES ( '47011', 'http://www.gutenberg.org/files/47011/47011.txt', 'text/plain; charset=us-ascii' );
INSERT INTO files ( gid, file, mime ) VALUES ( '47011', 'http://www.gutenberg.org/files/47011/47011.zip', 'application/ziptext/plain; charset=us-ascii' );
INSERT INTO titles ( gid, title, author, language, rights ) VALUES ( '47111', 'Letters from a Farmer in Pennsylvania, to the Inhabitants of the British Colonies', 'Dickinson, John', 'en', 'Public domain in the USA.' );
INSERT INTO subjects ( gid, subject ) VALUES ( '47111', 'Great Britain -- Colonies -- America -- Early works to 1800' );
INSERT INTO subjects ( gid, subject ) VALUES ( '47111', 'United States -- History -- Revolution, 1775-1783 -- Causes' );
INSERT INTO subjects ( gid, subject ) VALUES ( '47111', 'E201' );
INSERT INTO subjects ( gid, subject ) VALUES ( '47111', 'Finance -- Great Britain -- Colonies' );
INSERT INTO files ( gid, file, mime ) VALUES ( '47111', 'http://www.gutenberg.org/cache/epub/47111/pg47111.cover.medium.jpg', 'image/jpeg' );
INSERT INTO files ( gid, file, mime ) VALUES ( '47111', 'http://www.gutenberg.org/cache/epub/47111/pg47111.cover.small.jpg', 'image/jpeg' );
INSERT INTO files ( gid, file, mime ) VALUES ( '47111', 'http://www.gutenberg.org/ebooks/47111.epub.images', 'application/epub+zip' );
INSERT INTO files ( gid, file, mime ) VALUES ( '47111', 'http://www.gutenberg.org/ebooks/47111.epub.noimages', 'application/epub+zip' );
INSERT INTO files ( gid, file, mime ) VALUES ( '47111', 'http://www.gutenberg.org/ebooks/47111.kindle.images', 'application/x-mobipocket-ebook' );
INSERT INTO files ( gid, file, mime ) VALUES ( '47111', 'http://www.gutenberg.org/ebooks/47111.kindle.noimages', 'application/x-mobipocket-ebook' );
INSERT INTO files ( gid, file, mime ) VALUES ( '47111', 'http://www.gutenberg.org/ebooks/47111.rdf', 'application/rdf+xml' );
INSERT INTO files ( gid, file, mime ) VALUES ( '47111', 'http://www.gutenberg.org/ebooks/47111.txt.utf-8', 'text/plain' );
INSERT INTO files ( gid, file, mime ) VALUES ( '47111', 'http://www.gutenberg.org/files/47111/47111-8.txt', 'text/plain; charset=iso-8859-1' );
INSERT INTO files ( gid, file, mime ) VALUES ( '47111', 'http://www.gutenberg.org/files/47111/47111-8.zip', 'text/plain; charset=iso-8859-1application/zip' );
INSERT INTO files ( gid, file, mime ) VALUES ( '47111', 'http://www.gutenberg.org/files/47111/47111-h.zip', 'text/html; charset=iso-8859-1application/zip' );
INSERT INTO files ( gid, file, mime ) VALUES ( '47111', 'http://www.gutenberg.org/files/47111/47111-h/47111-h.htm', 'text/html; charset=iso-8859-1' );
INSERT INTO files ( gid, file, mime ) VALUES ( '47111', 'http://www.gutenberg.org/files/47111/47111.txt', 'text/plain; charset=us-ascii' );
INSERT INTO files ( gid, file, mime ) VALUES ( '47111', 'http://www.gutenberg.org/files/47111/47111.zip', 'application/ziptext/plain; charset=us-ascii' );
INSERT INTO titles ( gid, title, author, language, rights ) VALUES ( '4711', 'Tom Swift in the City of Gold; Or, Marvelous Adventures Underground', 'Appleton, Victor', 'en', 'Public domain in the USA.' );
INSERT INTO classifications ( gid, classification ) VALUES ( '4711', 'PZ' );
INSERT INTO classifications ( gid, classification ) VALUES ( '4711', 'PS' );
INSERT INTO subjects ( gid, subject ) VALUES ( '4711', 'Adventure and adventurers -- Juvenile fiction' );
INSERT INTO subjects ( gid, subject ) VALUES ( '4711', 'Extinct cities -- Juvenile fiction' );
INSERT INTO subjects ( gid, subject ) VALUES ( '4711', 'Swift, Tom (Fictitious character) -- Juvenile fiction' );
INSERT INTO subjects ( gid, subject ) VALUES ( '4711', 'Mexico -- Juvenile fiction' );
INSERT INTO files ( gid, file, mime ) VALUES ( '4711', 'http://www.gutenberg.org/ebooks/4711.epub.images', 'application/epub+zip' );
INSERT INTO files ( gid, file, mime ) VALUES ( '4711', 'http://www.gutenberg.org/ebooks/4711.epub.noimages', 'application/epub+zip' );
INSERT INTO files ( gid, file, mime ) VALUES ( '4711', 'http://www.gutenberg.org/ebooks/4711.kindle.images', 'application/x-mobipocket-ebook' );
INSERT INTO files ( gid, file, mime ) VALUES ( '4711', 'http://www.gutenberg.org/ebooks/4711.kindle.noimages', 'application/x-mobipocket-ebook' );
INSERT INTO files ( gid, file, mime ) VALUES ( '4711', 'http://www.gutenberg.org/ebooks/4711.rdf', 'application/rdf+xml' );
INSERT INTO files ( gid, file, mime ) VALUES ( '4711', 'http://www.gutenberg.org/ebooks/4711.txt.utf-8', 'text/plain' );
INSERT INTO files ( gid, file, mime ) VALUES ( '4711', 'http://www.gutenberg.org/files/4711/4711-h.zip', 'application/ziptext/html; charset=iso-8859-1' );
INSERT INTO files ( gid, file, mime ) VALUES ( '4711', 'http://www.gutenberg.org/files/4711/4711-h/4711-h.htm', 'text/html; charset=iso-8859-1' );
INSERT INTO files ( gid, file, mime ) VALUES ( '4711', 'http://www.gutenberg.org/files/4711/4711.txt', 'text/plain; charset=us-ascii' );
INSERT INTO files ( gid, file, mime ) VALUES ( '4711', 'http://www.gutenberg.org/files/4711/4711.zip', 'text/plain; charset=us-asciiapplication/zip' );
INSERT INTO titles ( gid, title, author, language, rights ) VALUES ( '47311', 'Wanderungen durch die Mark Brandenburg, Dritter Teil Havelland', 'Fontane, Theodor', 'de', 'Public domain in the USA.' );
INSERT INTO classifications ( gid, classification ) VALUES ( '47311', 'DD' );
INSERT INTO subjects ( gid, subject ) VALUES ( '47311', 'Brandenburg (Germany) -- Description and travel' );
INSERT INTO subjects ( gid, subject ) VALUES ( '47311', 'Brandenburg (Germany) -- History' );
INSERT INTO files ( gid, file, mime ) VALUES ( '47311', 'http://www.gutenberg.org/cache/epub/47311/pg47311.cover.medium.jpg', 'image/jpeg' );
INSERT INTO files ( gid, file, mime ) VALUES ( '47311', 'http://www.gutenberg.org/cache/epub/47311/pg47311.cover.small.jpg', 'image/jpeg' );
INSERT INTO files ( gid, file, mime ) VALUES ( '47311', 'http://www.gutenberg.org/ebooks/47311.epub.images', 'application/epub+zip' );
INSERT INTO files ( gid, file, mime ) VALUES ( '47311', 'http://www.gutenberg.org/ebooks/47311.epub.noimages', 'application/epub+zip' );
INSERT INTO files ( gid, file, mime ) VALUES ( '47311', 'http://www.gutenberg.org/ebooks/47311.kindle.images', 'application/x-mobipocket-ebook' );
INSERT INTO files ( gid, file, mime ) VALUES ( '47311', 'http://www.gutenberg.org/ebooks/47311.kindle.noimages', 'application/x-mobipocket-ebook' );
INSERT INTO files ( gid, file, mime ) VALUES ( '47311', 'http://www.gutenberg.org/ebooks/47311.rdf', 'application/rdf+xml' );
INSERT INTO files ( gid, file, mime ) VALUES ( '47311', 'http://www.gutenberg.org/files/47311/47311-0.txt', 'text/plain; charset=utf-8' );
INSERT INTO files ( gid, file, mime ) VALUES ( '47311', 'http://www.gutenberg.org/files/47311/47311-0.zip', 'application/ziptext/plain; charset=utf-8' );
INSERT INTO files ( gid, file, mime ) VALUES ( '47311', 'http://www.gutenberg.org/files/47311/47311-h.zip', 'text/html; charset=utf-8application/zip' );
INSERT INTO files ( gid, file, mime ) VALUES ( '47311', 'http://www.gutenberg.org/files/47311/47311-h/47311-h.htm', 'text/html; charset=utf-8' );
INSERT INTO titles ( gid, title, author, language, rights ) VALUES ( '47211', 'The Idol of the Blind: A Novel', 'Gallon, Tom', 'en', 'Public domain in the USA.' );
INSERT INTO classifications ( gid, classification ) VALUES ( '47211', 'PR' );
INSERT INTO subjects ( gid, subject ) VALUES ( '47211', 'Fiction' );
INSERT INTO files ( gid, file, mime ) VALUES ( '47211', 'http://www.gutenberg.org/cache/epub/47211/pg47211.cover.medium.jpg', 'image/jpeg' );
INSERT INTO files ( gid, file, mime ) VALUES ( '47211', 'http://www.gutenberg.org/cache/epub/47211/pg47211.cover.small.jpg', 'image/jpeg' );
INSERT INTO files ( gid, file, mime ) VALUES ( '47211', 'http://www.gutenberg.org/ebooks/47211.epub.images', 'application/epub+zip' );
INSERT INTO files ( gid, file, mime ) VALUES ( '47211', 'http://www.gutenberg.org/ebooks/47211.epub.noimages', 'application/epub+zip' );
INSERT INTO files ( gid, file, mime ) VALUES ( '47211', 'http://www.gutenberg.org/ebooks/47211.kindle.images', 'application/x-mobipocket-ebook' );
INSERT INTO files ( gid, file, mime ) VALUES ( '47211', 'http://www.gutenberg.org/ebooks/47211.kindle.noimages', 'application/x-mobipocket-ebook' );
INSERT INTO files ( gid, file, mime ) VALUES ( '47211', 'http://www.gutenberg.org/ebooks/47211.rdf', 'application/rdf+xml' );
INSERT INTO files ( gid, file, mime ) VALUES ( '47211', 'http://www.gutenberg.org/ebooks/47211.txt.utf-8', 'text/plain' );
INSERT INTO files ( gid, file, mime ) VALUES ( '47211', 'http://www.gutenberg.org/files/47211/47211-8.txt', 'text/plain; charset=iso-8859-1' );
INSERT INTO files ( gid, file, mime ) VALUES ( '47211', 'http://www.gutenberg.org/files/47211/47211-8.zip', 'text/plain; charset=iso-8859-1application/zip' );
INSERT INTO files ( gid, file, mime ) VALUES ( '47211', 'http://www.gutenberg.org/files/47211/47211-h.zip', 'application/ziptext/html; charset=iso-8859-1' );
INSERT INTO files ( gid, file, mime ) VALUES ( '47211', 'http://www.gutenberg.org/files/47211/47211-h/47211-h.htm', 'text/html; charset=iso-8859-1' );
INSERT INTO files ( gid, file, mime ) VALUES ( '47211', 'http://www.gutenberg.org/files/47211/47211.txt', 'text/plain; charset=us-ascii' );
INSERT INTO files ( gid, file, mime ) VALUES ( '47211', 'http://www.gutenberg.org/files/47211/47211.zip', 'application/ziptext/plain; charset=us-ascii' );
INSERT INTO titles ( gid, title, author, language, rights ) VALUES ( '47411', 'Tom Sawyer ilmailija Huckleberry Finn''in jatko', 'Twain, Mark', 'fi', 'Public domain in the USA.' );
INSERT INTO classifications ( gid, classification ) VALUES ( '47411', 'PS' );
INSERT INTO subjects ( gid, subject ) VALUES ( '47411', 'Balloon ascensions -- Fiction' );
INSERT INTO subjects ( gid, subject ) VALUES ( '47411', 'Sawyer, Tom (Fictitious character) -- Fiction' );
INSERT INTO subjects ( gid, subject ) VALUES ( '47411', 'Americans -- Foreign countries -- Fiction' );
INSERT INTO subjects ( gid, subject ) VALUES ( '47411', 'Adventure stories' );
INSERT INTO files ( gid, file, mime ) VALUES ( '47411', 'http://www.gutenberg.org/ebooks/47411.epub.images', 'application/epub+zip' );
INSERT INTO files ( gid, file, mime ) VALUES ( '47411', 'http://www.gutenberg.org/ebooks/47411.epub.noimages', 'application/epub+zip' );
INSERT INTO files ( gid, file, mime ) VALUES ( '47411', 'http://www.gutenberg.org/ebooks/47411.html.images', 'text/html' );
INSERT INTO files ( gid, file, mime ) VALUES ( '47411', 'http://www.gutenberg.org/ebooks/47411.html.noimages', 'text/html' );
INSERT INTO files ( gid, file, mime ) VALUES ( '47411', 'http://www.gutenberg.org/ebooks/47411.kindle.images', 'application/x-mobipocket-ebook' );
INSERT INTO files ( gid, file, mime ) VALUES ( '47411', 'http://www.gutenberg.org/ebooks/47411.kindle.noimages', 'application/x-mobipocket-ebook' );
INSERT INTO files ( gid, file, mime ) VALUES ( '47411', 'http://www.gutenberg.org/ebooks/47411.rdf', 'application/rdf+xml' );
INSERT INTO files ( gid, file, mime ) VALUES ( '47411', 'http://www.gutenberg.org/ebooks/47411.txt.utf-8', 'text/plain' );
INSERT INTO files ( gid, file, mime ) VALUES ( '47411', 'http://www.gutenberg.org/files/47411/47411-8.txt', 'text/plain; charset=iso-8859-1' );
INSERT INTO files ( gid, file, mime ) VALUES ( '47411', 'http://www.gutenberg.org/files/47411/47411-8.zip', 'text/plain; charset=iso-8859-1application/zip' );
INSERT INTO titles ( gid, title, author, language, rights ) VALUES ( '47511', 'Haiti: Its dawn of progress after years in a night of revolution', 'Kuser, John Dryden', 'en', 'Public domain in the USA.' );
INSERT INTO subjects ( gid, subject ) VALUES ( '47511', 'Haiti -- Description and travel' );
INSERT INTO subjects ( gid, subject ) VALUES ( '47511', 'F1900' );
INSERT INTO files ( gid, file, mime ) VALUES ( '47511', 'http://www.gutenberg.org/cache/epub/47511/pg47511.cover.medium.jpg', 'image/jpeg' );
INSERT INTO files ( gid, file, mime ) VALUES ( '47511', 'http://www.gutenberg.org/cache/epub/47511/pg47511.cover.small.jpg', 'image/jpeg' );
INSERT INTO files ( gid, file, mime ) VALUES ( '47511', 'http://www.gutenberg.org/ebooks/47511.epub.images', 'application/epub+zip' );
INSERT INTO files ( gid, file, mime ) VALUES ( '47511', 'http://www.gutenberg.org/ebooks/47511.epub.noimages', 'application/epub+zip' );
INSERT INTO files ( gid, file, mime ) VALUES ( '47511', 'http://www.gutenberg.org/ebooks/47511.kindle.images', 'application/x-mobipocket-ebook' );
INSERT INTO files ( gid, file, mime ) VALUES ( '47511', 'http://www.gutenberg.org/ebooks/47511.kindle.noimages', 'application/x-mobipocket-ebook' );
INSERT INTO files ( gid, file, mime ) VALUES ( '47511', 'http://www.gutenberg.org/ebooks/47511.rdf', 'application/rdf+xml' );
INSERT INTO files ( gid, file, mime ) VALUES ( '47511', 'http://www.gutenberg.org/ebooks/47511.txt.utf-8', 'text/plain' );
INSERT INTO files ( gid, file, mime ) VALUES ( '47511', 'http://www.gutenberg.org/files/47511/47511-8.txt', 'text/plain; charset=iso-8859-1' );
INSERT INTO files ( gid, file, mime ) VALUES ( '47511', 'http://www.gutenberg.org/files/47511/47511-8.zip', 'text/plain; charset=iso-8859-1application/zip' );
INSERT INTO files ( gid, file, mime ) VALUES ( '47511', 'http://www.gutenberg.org/files/47511/47511-h.zip', 'text/html; charset=iso-8859-1application/zip' );
INSERT INTO files ( gid, file, mime ) VALUES ( '47511', 'http://www.gutenberg.org/files/47511/47511-h/47511-h.htm', 'text/html; charset=iso-8859-1' );
INSERT INTO titles ( gid, title, author, language, rights ) VALUES ( '47611', 'The Relief of Chitral', 'Younghusband, G. J. (George John)', 'en', 'Public domain in the USA.' );
INSERT INTO classifications ( gid, classification ) VALUES ( '47611', 'DS' );
INSERT INTO subjects ( gid, subject ) VALUES ( '47611', 'India -- History -- Chitral Campaign, 1895' );
INSERT INTO files ( gid, file, mime ) VALUES ( '47611', 'http://www.gutenberg.org/cache/epub/47611/pg47611.cover.medium.jpg', 'image/jpeg' );
INSERT INTO files ( gid, file, mime ) VALUES ( '47611', 'http://www.gutenberg.org/cache/epub/47611/pg47611.cover.small.jpg', 'image/jpeg' );
INSERT INTO files ( gid, file, mime ) VALUES ( '47611', 'http://www.gutenberg.org/ebooks/47611.epub.images', 'application/epub+zip' );
INSERT INTO files ( gid, file, mime ) VALUES ( '47611', 'http://www.gutenberg.org/ebooks/47611.epub.noimages', 'application/epub+zip' );
INSERT INTO files ( gid, file, mime ) VALUES ( '47611', 'http://www.gutenberg.org/ebooks/47611.kindle.images', 'application/x-mobipocket-ebook' );
INSERT INTO files ( gid, file, mime ) VALUES ( '47611', 'http://www.gutenberg.org/ebooks/47611.kindle.noimages', 'application/x-mobipocket-ebook' );
INSERT INTO files ( gid, file, mime ) VALUES ( '47611', 'http://www.gutenberg.org/ebooks/47611.rdf', 'application/rdf+xml' );
INSERT INTO files ( gid, file, mime ) VALUES ( '47611', 'http://www.gutenberg.org/ebooks/47611.txt.utf-8', 'text/plain' );
INSERT INTO files ( gid, file, mime ) VALUES ( '47611', 'http://www.gutenberg.org/files/47611/47611-8.txt', 'text/plain; charset=iso-8859-1' );
INSERT INTO files ( gid, file, mime ) VALUES ( '47611', 'http://www.gutenberg.org/files/47611/47611-8.zip', 'text/plain; charset=iso-8859-1application/zip' );
INSERT INTO files ( gid, file, mime ) VALUES ( '47611', 'http://www.gutenberg.org/files/47611/47611-h.zip', 'text/html; charset=iso-8859-1application/zip' );
INSERT INTO files ( gid, file, mime ) VALUES ( '47611', 'http://www.gutenberg.org/files/47611/47611-h/47611-h.htm', 'text/html; charset=iso-8859-1' );
INSERT INTO titles ( gid, title, author, language, rights ) VALUES ( '47711', 'Der Ewige Jude', 'Vermeylen, August', 'de', 'Public domain in the USA.' );
INSERT INTO classifications ( gid, classification ) VALUES ( '47711', 'PT' );
INSERT INTO subjects ( gid, subject ) VALUES ( '47711', 'Wandering Jew -- Fiction' );
INSERT INTO files ( gid, file, mime ) VALUES ( '47711', 'http://www.gutenberg.org/cache/epub/47711/pg47711.cover.medium.jpg', 'image/jpeg' );
INSERT INTO files ( gid, file, mime ) VALUES ( '47711', 'http://www.gutenberg.org/cache/epub/47711/pg47711.cover.small.jpg', 'image/jpeg' );
INSERT INTO files ( gid, file, mime ) VALUES ( '47711', 'http://www.gutenberg.org/ebooks/47711.epub.images', 'application/epub+zip' );
INSERT INTO files ( gid, file, mime ) VALUES ( '47711', 'http://www.gutenberg.org/ebooks/47711.epub.noimages', 'application/epub+zip' );
INSERT INTO files ( gid, file, mime ) VALUES ( '47711', 'http://www.gutenberg.org/ebooks/47711.kindle.images', 'application/x-mobipocket-ebook' );
INSERT INTO files ( gid, file, mime ) VALUES ( '47711', 'http://www.gutenberg.org/ebooks/47711.kindle.noimages', 'application/x-mobipocket-ebook' );
INSERT INTO files ( gid, file, mime ) VALUES ( '47711', 'http://www.gutenberg.org/ebooks/47711.rdf', 'application/rdf+xml' );
INSERT INTO files ( gid, file, mime ) VALUES ( '47711', 'http://www.gutenberg.org/ebooks/47711.txt.utf-8', 'text/plain' );
INSERT INTO files ( gid, file, mime ) VALUES ( '47711', 'http://www.gutenberg.org/files/47711/47711-8.txt', 'text/plain; charset=iso-8859-1' );
INSERT INTO files ( gid, file, mime ) VALUES ( '47711', 'http://www.gutenberg.org/files/47711/47711-8.zip', 'text/plain; charset=iso-8859-1application/zip' );
INSERT INTO files ( gid, file, mime ) VALUES ( '47711', 'http://www.gutenberg.org/files/47711/47711-h.zip', 'text/html; charset=iso-8859-1application/zip' );
INSERT INTO files ( gid, file, mime ) VALUES ( '47711', 'http://www.gutenberg.org/files/47711/47711-h/47711-h.htm', 'text/html; charset=iso-8859-1' );
INSERT INTO files ( gid, file, mime ) VALUES ( '47711', 'http://www.gutenberg.org/files/47711/47711-page-images.zip', 'application/octet-streamapplication/zip' );
INSERT INTO titles ( gid, title, author, language, rights ) VALUES ( '47811', '"Abe" Lincoln''s Anecdotes and Stories A Collection of the Best Stories Told by Lincoln Which Made Him Famous as America''s Best Story Teller', '', 'en', 'Public domain in the USA.' );
INSERT INTO subjects ( gid, subject ) VALUES ( '47811', 'E456' );
INSERT INTO subjects ( gid, subject ) VALUES ( '47811', 'Lincoln, Abraham, 1809-1865 -- Anecdotes' );
INSERT INTO files ( gid, file, mime ) VALUES ( '47811', 'http://www.gutenberg.org/cache/epub/47811/pg47811.cover.medium.jpg', 'image/jpeg' );
INSERT INTO files ( gid, file, mime ) VALUES ( '47811', 'http://www.gutenberg.org/cache/epub/47811/pg47811.cover.small.jpg', 'image/jpeg' );
INSERT INTO files ( gid, file, mime ) VALUES ( '47811', 'http://www.gutenberg.org/ebooks/47811.epub.images', 'application/epub+zip' );
INSERT INTO files ( gid, file, mime ) VALUES ( '47811', 'http://www.gutenberg.org/ebooks/47811.epub.noimages', 'application/epub+zip' );
INSERT INTO files ( gid, file, mime ) VALUES ( '47811', 'http://www.gutenberg.org/ebooks/47811.kindle.images', 'application/x-mobipocket-ebook' );
INSERT INTO files ( gid, file, mime ) VALUES ( '47811', 'http://www.gutenberg.org/ebooks/47811.kindle.noimages', 'application/x-mobipocket-ebook' );
INSERT INTO files ( gid, file, mime ) VALUES ( '47811', 'http://www.gutenberg.org/ebooks/47811.rdf', 'application/rdf+xml' );
INSERT INTO files ( gid, file, mime ) VALUES ( '47811', 'http://www.gutenberg.org/ebooks/47811.txt.utf-8', 'text/plain' );
INSERT INTO files ( gid, file, mime ) VALUES ( '47811', 'http://www.gutenberg.org/files/47811/47811-8.txt', 'text/plain; charset=iso-8859-1' );
INSERT INTO files ( gid, file, mime ) VALUES ( '47811', 'http://www.gutenberg.org/files/47811/47811-8.zip', 'text/plain; charset=iso-8859-1application/zip' );
INSERT INTO files ( gid, file, mime ) VALUES ( '47811', 'http://www.gutenberg.org/files/47811/47811-h.zip', 'application/ziptext/html; charset=iso-8859-1' );
INSERT INTO files ( gid, file, mime ) VALUES ( '47811', 'http://www.gutenberg.org/files/47811/47811-h/47811-h.htm', 'text/html; charset=iso-8859-1' );
INSERT INTO titles ( gid, title, author, language, rights ) VALUES ( '47911', 'Dactylography; Or, The Study of Finger-prints', 'Faulds, Henry', 'en', 'Public domain in the USA.' );
INSERT INTO classifications ( gid, classification ) VALUES ( '47911', 'HV' );
INSERT INTO subjects ( gid, subject ) VALUES ( '47911', 'Fingerprints' );
INSERT INTO files ( gid, file, mime ) VALUES ( '47911', 'http://www.gutenberg.org/cache/epub/47911/pg47911.cover.medium.jpg', 'image/jpeg' );
INSERT INTO files ( gid, file, mime ) VALUES ( '47911', 'http://www.gutenberg.org/cache/epub/47911/pg47911.cover.small.jpg', 'image/jpeg' );
INSERT INTO files ( gid, file, mime ) VALUES ( '47911', 'http://www.gutenberg.org/ebooks/47911.epub.images', 'application/epub+zip' );
INSERT INTO files ( gid, file, mime ) VALUES ( '47911', 'http://www.gutenberg.org/ebooks/47911.epub.noimages', 'application/epub+zip' );
INSERT INTO files ( gid, file, mime ) VALUES ( '47911', 'http://www.gutenberg.org/ebooks/47911.kindle.images', 'application/x-mobipocket-ebook' );
INSERT INTO files ( gid, file, mime ) VALUES ( '47911', 'http://www.gutenberg.org/ebooks/47911.kindle.noimages', 'application/x-mobipocket-ebook' );
INSERT INTO files ( gid, file, mime ) VALUES ( '47911', 'http://www.gutenberg.org/ebooks/47911.rdf', 'application/rdf+xml' );
INSERT INTO files ( gid, file, mime ) VALUES ( '47911', 'http://www.gutenberg.org/files/47911/47911-0.txt', 'text/plain; charset=utf-8' );
INSERT INTO files ( gid, file, mime ) VALUES ( '47911', 'http://www.gutenberg.org/files/47911/47911-0.zip', 'text/plain; charset=utf-8application/zip' );
INSERT INTO files ( gid, file, mime ) VALUES ( '47911', 'http://www.gutenberg.org/files/47911/47911-h.zip', 'application/ziptext/html; charset=utf-8' );
INSERT INTO files ( gid, file, mime ) VALUES ( '47911', 'http://www.gutenberg.org/files/47911/47911-h/47911-h.htm', 'text/html; charset=utf-8' );
INSERT INTO titles ( gid, title, author, language, rights ) VALUES ( '48011', 'Le Premier Livre', 'Méras, Albert A. (Albert Amedeé)', 'fr', 'Public domain in the USA.' );
INSERT INTO classifications ( gid, classification ) VALUES ( '48011', 'PC' );
INSERT INTO subjects ( gid, subject ) VALUES ( '48011', 'French language -- Readers' );
INSERT INTO subjects ( gid, subject ) VALUES ( '48011', 'French language -- Grammar' );
INSERT INTO files ( gid, file, mime ) VALUES ( '48011', 'http://www.gutenberg.org/cache/epub/48011/pg48011.cover.medium.jpg', 'image/jpeg' );
INSERT INTO files ( gid, file, mime ) VALUES ( '48011', 'http://www.gutenberg.org/cache/epub/48011/pg48011.cover.small.jpg', 'image/jpeg' );
INSERT INTO files ( gid, file, mime ) VALUES ( '48011', 'http://www.gutenberg.org/ebooks/48011.epub.images', 'application/epub+zip' );
INSERT INTO files ( gid, file, mime ) VALUES ( '48011', 'http://www.gutenberg.org/ebooks/48011.epub.noimages', 'application/epub+zip' );
INSERT INTO files ( gid, file, mime ) VALUES ( '48011', 'http://www.gutenberg.org/ebooks/48011.kindle.images', 'application/x-mobipocket-ebook' );
INSERT INTO files ( gid, file, mime ) VALUES ( '48011', 'http://www.gutenberg.org/ebooks/48011.kindle.noimages', 'application/x-mobipocket-ebook' );
INSERT INTO files ( gid, file, mime ) VALUES ( '48011', 'http://www.gutenberg.org/ebooks/48011.rdf', 'application/rdf+xml' );
INSERT INTO files ( gid, file, mime ) VALUES ( '48011', 'http://www.gutenberg.org/ebooks/48011.txt.utf-8', 'text/plain' );
INSERT INTO files ( gid, file, mime ) VALUES ( '48011', 'http://www.gutenberg.org/files/48011/48011-8.txt', 'text/plain; charset=iso-8859-1' );
INSERT INTO files ( gid, file, mime ) VALUES ( '48011', 'http://www.gutenberg.org/files/48011/48011-8.zip', 'application/ziptext/plain; charset=iso-8859-1' );
INSERT INTO files ( gid, file, mime ) VALUES ( '48011', 'http://www.gutenberg.org/files/48011/48011-h.zip', 'application/ziptext/html; charset=iso-8859-1' );
INSERT INTO files ( gid, file, mime ) VALUES ( '48011', 'http://www.gutenberg.org/files/48011/48011-h/48011-h.htm', 'text/html; charset=iso-8859-1' );
INSERT INTO titles ( gid, title, author, language, rights ) VALUES ( '48111', 'The Kingdom of the Yellow Robe Being Sketches of the Domestic and Religious Rites and Ceremonies of the Siamese', 'Young, Ernest', 'en', 'Public domain in the USA.' );
INSERT INTO classifications ( gid, classification ) VALUES ( '48111', 'DS' );
INSERT INTO subjects ( gid, subject ) VALUES ( '48111', 'Thailand -- Religious life and customs' );
INSERT INTO subjects ( gid, subject ) VALUES ( '48111', 'Thailand -- Social life and customs' );
INSERT INTO files ( gid, file, mime ) VALUES ( '48111', 'http://www.gutenberg.org/cache/epub/48111/pg48111.cover.medium.jpg', 'image/jpeg' );
INSERT INTO files ( gid, file, mime ) VALUES ( '48111', 'http://www.gutenberg.org/cache/epub/48111/pg48111.cover.small.jpg', 'image/jpeg' );
INSERT INTO files ( gid, file, mime ) VALUES ( '48111', 'http://www.gutenberg.org/ebooks/48111.epub.images', 'application/epub+zip' );
INSERT INTO files ( gid, file, mime ) VALUES ( '48111', 'http://www.gutenberg.org/ebooks/48111.epub.noimages', 'application/epub+zip' );
INSERT INTO files ( gid, file, mime ) VALUES ( '48111', 'http://www.gutenberg.org/ebooks/48111.kindle.images', 'application/x-mobipocket-ebook' );
INSERT INTO files ( gid, file, mime ) VALUES ( '48111', 'http://www.gutenberg.org/ebooks/48111.kindle.noimages', 'application/x-mobipocket-ebook' );
INSERT INTO files ( gid, file, mime ) VALUES ( '48111', 'http://www.gutenberg.org/ebooks/48111.rdf', 'application/rdf+xml' );
INSERT INTO files ( gid, file, mime ) VALUES ( '48111', 'http://www.gutenberg.org/ebooks/48111.txt.utf-8', 'text/plain' );
INSERT INTO files ( gid, file, mime ) VALUES ( '48111', 'http://www.gutenberg.org/files/48111/48111-8.txt', 'text/plain; charset=iso-8859-1' );
INSERT INTO files ( gid, file, mime ) VALUES ( '48111', 'http://www.gutenberg.org/files/48111/48111-8.zip', 'application/ziptext/plain; charset=iso-8859-1' );
INSERT INTO files ( gid, file, mime ) VALUES ( '48111', 'http://www.gutenberg.org/files/48111/48111-h.zip', 'application/ziptext/html; charset=iso-8859-1' );
INSERT INTO files ( gid, file, mime ) VALUES ( '48111', 'http://www.gutenberg.org/files/48111/48111-h/48111-h.htm', 'text/html; charset=iso-8859-1' );
INSERT INTO titles ( gid, title, author, language, rights ) VALUES ( '4811', 'The Rise of the Dutch Republic — Complete (1555-66)', 'Motley, John Lothrop', 'en', 'Public domain in the USA.' );
INSERT INTO classifications ( gid, classification ) VALUES ( '4811', 'DH' );
INSERT INTO subjects ( gid, subject ) VALUES ( '4811', 'Netherlands -- History -- Eighty Years'' War, 1568-1648' );
INSERT INTO subjects ( gid, subject ) VALUES ( '4811', 'Netherlands -- Church history' );
INSERT INTO files ( gid, file, mime ) VALUES ( '4811', 'http://www.gutenberg.org/ebooks/4811.epub.images', 'application/epub+zip' );
INSERT INTO files ( gid, file, mime ) VALUES ( '4811', 'http://www.gutenberg.org/ebooks/4811.epub.noimages', 'application/epub+zip' );
INSERT INTO files ( gid, file, mime ) VALUES ( '4811', 'http://www.gutenberg.org/ebooks/4811.kindle.images', 'application/x-mobipocket-ebook' );
INSERT INTO files ( gid, file, mime ) VALUES ( '4811', 'http://www.gutenberg.org/ebooks/4811.kindle.noimages', 'application/x-mobipocket-ebook' );
INSERT INTO files ( gid, file, mime ) VALUES ( '4811', 'http://www.gutenberg.org/ebooks/4811.rdf', 'application/rdf+xml' );
INSERT INTO files ( gid, file, mime ) VALUES ( '4811', 'http://www.gutenberg.org/ebooks/4811.txt.utf-8', 'text/plain' );
INSERT INTO files ( gid, file, mime ) VALUES ( '4811', 'http://www.gutenberg.org/files/4811/4811-h.zip', 'application/ziptext/html; charset=us-ascii' );
INSERT INTO files ( gid, file, mime ) VALUES ( '4811', 'http://www.gutenberg.org/files/4811/4811-h/4811-h.htm', 'text/html; charset=us-ascii' );
INSERT INTO files ( gid, file, mime ) VALUES ( '4811', 'http://www.gutenberg.org/files/4811/4811.txt', 'text/plain; charset=us-ascii' );
INSERT INTO files ( gid, file, mime ) VALUES ( '4811', 'http://www.gutenberg.org/files/4811/4811.zip', 'application/ziptext/plain; charset=us-ascii' );
INSERT INTO titles ( gid, title, author, language, rights ) VALUES ( '48211', 'Kunst und Künstler Almanach 1909', 'Various', 'de', 'Public domain in the USA.' );
INSERT INTO classifications ( gid, classification ) VALUES ( '48211', 'PT' );
INSERT INTO subjects ( gid, subject ) VALUES ( '48211', 'German literature -- Periodicals' );
INSERT INTO files ( gid, file, mime ) VALUES ( '48211', 'http://www.gutenberg.org/cache/epub/48211/pg48211.cover.medium.jpg', 'image/jpeg' );
INSERT INTO files ( gid, file, mime ) VALUES ( '48211', 'http://www.gutenberg.org/cache/epub/48211/pg48211.cover.small.jpg', 'image/jpeg' );
INSERT INTO files ( gid, file, mime ) VALUES ( '48211', 'http://www.gutenberg.org/ebooks/48211.epub.images', 'application/epub+zip' );
INSERT INTO files ( gid, file, mime ) VALUES ( '48211', 'http://www.gutenberg.org/ebooks/48211.epub.noimages', 'application/epub+zip' );
INSERT INTO files ( gid, file, mime ) VALUES ( '48211', 'http://www.gutenberg.org/ebooks/48211.kindle.images', 'application/x-mobipocket-ebook' );
INSERT INTO files ( gid, file, mime ) VALUES ( '48211', 'http://www.gutenberg.org/ebooks/48211.kindle.noimages', 'application/x-mobipocket-ebook' );
INSERT INTO files ( gid, file, mime ) VALUES ( '48211', 'http://www.gutenberg.org/ebooks/48211.rdf', 'application/rdf+xml' );
INSERT INTO files ( gid, file, mime ) VALUES ( '48211', 'http://www.gutenberg.org/ebooks/48211.txt.utf-8', 'text/plain' );
INSERT INTO files ( gid, file, mime ) VALUES ( '48211', 'http://www.gutenberg.org/files/48211/48211-8.txt', 'text/plain; charset=iso-8859-1' );
INSERT INTO files ( gid, file, mime ) VALUES ( '48211', 'http://www.gutenberg.org/files/48211/48211-8.zip', 'text/plain; charset=iso-8859-1application/zip' );
INSERT INTO files ( gid, file, mime ) VALUES ( '48211', 'http://www.gutenberg.org/files/48211/48211-h.zip', 'text/html; charset=iso-8859-1application/zip' );
INSERT INTO files ( gid, file, mime ) VALUES ( '48211', 'http://www.gutenberg.org/files/48211/48211-h/48211-h.htm', 'text/html; charset=iso-8859-1' );
INSERT INTO titles ( gid, title, author, language, rights ) VALUES ( '48411', 'Studies in the Epistle of James', 'Robertson, A. T.', 'en', 'Public domain in the USA.' );
INSERT INTO classifications ( gid, classification ) VALUES ( '48411', 'BS' );
INSERT INTO subjects ( gid, subject ) VALUES ( '48411', 'Bible. James -- Commentaries' );
INSERT INTO files ( gid, file, mime ) VALUES ( '48411', 'http://www.gutenberg.org/cache/epub/48411/pg48411.cover.medium.jpg', 'image/jpeg' );
INSERT INTO files ( gid, file, mime ) VALUES ( '48411', 'http://www.gutenberg.org/cache/epub/48411/pg48411.cover.small.jpg', 'image/jpeg' );
INSERT INTO files ( gid, file, mime ) VALUES ( '48411', 'http://www.gutenberg.org/ebooks/48411.epub.images', 'application/epub+zip' );
INSERT INTO files ( gid, file, mime ) VALUES ( '48411', 'http://www.gutenberg.org/ebooks/48411.epub.noimages', 'application/epub+zip' );
INSERT INTO files ( gid, file, mime ) VALUES ( '48411', 'http://www.gutenberg.org/ebooks/48411.kindle.images', 'application/x-mobipocket-ebook' );
INSERT INTO files ( gid, file, mime ) VALUES ( '48411', 'http://www.gutenberg.org/ebooks/48411.kindle.noimages', 'application/x-mobipocket-ebook' );
INSERT INTO files ( gid, file, mime ) VALUES ( '48411', 'http://www.gutenberg.org/ebooks/48411.rdf', 'application/rdf+xml' );
INSERT INTO files ( gid, file, mime ) VALUES ( '48411', 'http://www.gutenberg.org/files/48411/48411-0.txt', 'text/plain; charset=utf-8' );
INSERT INTO files ( gid, file, mime ) VALUES ( '48411', 'http://www.gutenberg.org/files/48411/48411-0.zip', 'application/ziptext/plain; charset=utf-8' );
INSERT INTO files ( gid, file, mime ) VALUES ( '48411', 'http://www.gutenberg.org/files/48411/48411-8.txt', 'text/plain; charset=iso-8859-1' );
INSERT INTO files ( gid, file, mime ) VALUES ( '48411', 'http://www.gutenberg.org/files/48411/48411-8.zip', 'application/ziptext/plain; charset=iso-8859-1' );
INSERT INTO files ( gid, file, mime ) VALUES ( '48411', 'http://www.gutenberg.org/files/48411/48411-h.zip', 'application/ziptext/html; charset=utf-8' );
INSERT INTO files ( gid, file, mime ) VALUES ( '48411', 'http://www.gutenberg.org/files/48411/48411-h/48411-h.htm', 'text/html; charset=utf-8' );
INSERT INTO titles ( gid, title, author, language, rights ) VALUES ( '48311', 'James Russell Lowell and His Friends', 'Hale, Edward Everett', 'en', 'Public domain in the USA.' );
INSERT INTO classifications ( gid, classification ) VALUES ( '48311', 'PS' );
INSERT INTO subjects ( gid, subject ) VALUES ( '48311', 'Authors, American -- 19th century -- Biography' );
INSERT INTO subjects ( gid, subject ) VALUES ( '48311', 'Lowell, James Russell, 1819-1891' );
INSERT INTO subjects ( gid, subject ) VALUES ( '48311', 'Diplomats -- United States -- Biography' );
INSERT INTO files ( gid, file, mime ) VALUES ( '48311', 'http://www.gutenberg.org/cache/epub/48311/pg48311.cover.medium.jpg', 'image/jpeg' );
INSERT INTO files ( gid, file, mime ) VALUES ( '48311', 'http://www.gutenberg.org/cache/epub/48311/pg48311.cover.small.jpg', 'image/jpeg' );
INSERT INTO files ( gid, file, mime ) VALUES ( '48311', 'http://www.gutenberg.org/ebooks/48311.epub.images', 'application/epub+zip' );
INSERT INTO files ( gid, file, mime ) VALUES ( '48311', 'http://www.gutenberg.org/ebooks/48311.epub.noimages', 'application/epub+zip' );
INSERT INTO files ( gid, file, mime ) VALUES ( '48311', 'http://www.gutenberg.org/ebooks/48311.kindle.images', 'application/x-mobipocket-ebook' );
INSERT INTO files ( gid, file, mime ) VALUES ( '48311', 'http://www.gutenberg.org/ebooks/48311.kindle.noimages', 'application/x-mobipocket-ebook' );
INSERT INTO files ( gid, file, mime ) VALUES ( '48311', 'http://www.gutenberg.org/ebooks/48311.rdf', 'application/rdf+xml' );
INSERT INTO files ( gid, file, mime ) VALUES ( '48311', 'http://www.gutenberg.org/files/48311/48311-0.txt', 'text/plain; charset=utf-8' );
INSERT INTO files ( gid, file, mime ) VALUES ( '48311', 'http://www.gutenberg.org/files/48311/48311-0.zip', 'text/plain; charset=utf-8application/zip' );
INSERT INTO files ( gid, file, mime ) VALUES ( '48311', 'http://www.gutenberg.org/files/48311/48311-h.zip', 'application/ziptext/html' );
INSERT INTO files ( gid, file, mime ) VALUES ( '48311', 'http://www.gutenberg.org/files/48311/48311-h/48311-h.htm', 'text/html' );
INSERT INTO titles ( gid, title, author, language, rights ) VALUES ( '48511', 'Vikram and the Vampire; or, Tales of Hindu Devilry', 'Burton, Richard Francis, Sir', 'en', 'Public domain in the USA.' );
INSERT INTO classifications ( gid, classification ) VALUES ( '48511', 'GR' );
INSERT INTO subjects ( gid, subject ) VALUES ( '48511', 'Tales -- India' );
INSERT INTO subjects ( gid, subject ) VALUES ( '48511', 'Vampires -- India -- Folklore' );
INSERT INTO subjects ( gid, subject ) VALUES ( '48511', 'Hindus -- Folklore' );
INSERT INTO files ( gid, file, mime ) VALUES ( '48511', 'http://www.gutenberg.org/cache/epub/48511/pg48511.cover.medium.jpg', 'image/jpeg' );
INSERT INTO files ( gid, file, mime ) VALUES ( '48511', 'http://www.gutenberg.org/cache/epub/48511/pg48511.cover.small.jpg', 'image/jpeg' );
INSERT INTO files ( gid, file, mime ) VALUES ( '48511', 'http://www.gutenberg.org/ebooks/48511.epub.images', 'application/epub+zip' );
INSERT INTO files ( gid, file, mime ) VALUES ( '48511', 'http://www.gutenberg.org/ebooks/48511.epub.noimages', 'application/epub+zip' );
INSERT INTO files ( gid, file, mime ) VALUES ( '48511', 'http://www.gutenberg.org/ebooks/48511.kindle.images', 'application/x-mobipocket-ebook' );
INSERT INTO files ( gid, file, mime ) VALUES ( '48511', 'http://www.gutenberg.org/ebooks/48511.kindle.noimages', 'application/x-mobipocket-ebook' );
INSERT INTO files ( gid, file, mime ) VALUES ( '48511', 'http://www.gutenberg.org/ebooks/48511.rdf', 'application/rdf+xml' );
INSERT INTO files ( gid, file, mime ) VALUES ( '48511', 'http://www.gutenberg.org/files/48511/48511-0.txt', 'text/plain; charset=utf-8' );
INSERT INTO files ( gid, file, mime ) VALUES ( '48511', 'http://www.gutenberg.org/files/48511/48511-0.zip', 'text/plain; charset=utf-8application/zip' );
INSERT INTO files ( gid, file, mime ) VALUES ( '48511', 'http://www.gutenberg.org/files/48511/48511-h.zip', 'text/html; charset=utf-8application/zip' );
INSERT INTO files ( gid, file, mime ) VALUES ( '48511', 'http://www.gutenberg.org/files/48511/48511-h/48511-h.htm', 'text/html; charset=utf-8' );
INSERT INTO titles ( gid, title, author, language, rights ) VALUES ( '48611', 'Fall and Holiday Trade, Season 1900-1901, Nerlich & Co. Illustrated Catalogue', 'Nerlich & Co.', 'en', 'Public domain in the USA.' );
INSERT INTO classifications ( gid, classification ) VALUES ( '48611', 'HF' );
INSERT INTO subjects ( gid, subject ) VALUES ( '48611', 'Commercial catalogs -- Canada' );
INSERT INTO files ( gid, file, mime ) VALUES ( '48611', 'http://www.gutenberg.org/cache/epub/48611/pg48611.cover.medium.jpg', 'image/jpeg' );
INSERT INTO files ( gid, file, mime ) VALUES ( '48611', 'http://www.gutenberg.org/cache/epub/48611/pg48611.cover.small.jpg', 'image/jpeg' );
INSERT INTO files ( gid, file, mime ) VALUES ( '48611', 'http://www.gutenberg.org/ebooks/48611.epub.images', 'application/epub+zip' );
INSERT INTO files ( gid, file, mime ) VALUES ( '48611', 'http://www.gutenberg.org/ebooks/48611.epub.noimages', 'application/epub+zip' );
INSERT INTO files ( gid, file, mime ) VALUES ( '48611', 'http://www.gutenberg.org/ebooks/48611.kindle.images', 'application/x-mobipocket-ebook' );
INSERT INTO files ( gid, file, mime ) VALUES ( '48611', 'http://www.gutenberg.org/ebooks/48611.kindle.noimages', 'application/x-mobipocket-ebook' );
INSERT INTO files ( gid, file, mime ) VALUES ( '48611', 'http://www.gutenberg.org/ebooks/48611.rdf', 'application/rdf+xml' );
INSERT INTO files ( gid, file, mime ) VALUES ( '48611', 'http://www.gutenberg.org/files/48611/48611-0.txt', 'text/plain; charset=utf-8' );
INSERT INTO files ( gid, file, mime ) VALUES ( '48611', 'http://www.gutenberg.org/files/48611/48611-0.zip', 'application/ziptext/plain; charset=utf-8' );
INSERT INTO files ( gid, file, mime ) VALUES ( '48611', 'http://www.gutenberg.org/files/48611/48611-h.zip', 'application/ziptext/html; charset=us-ascii' );
INSERT INTO files ( gid, file, mime ) VALUES ( '48611', 'http://www.gutenberg.org/files/48611/48611-h/48611-h.htm', 'text/html; charset=us-ascii' );
INSERT INTO titles ( gid, title, author, language, rights ) VALUES ( '48811', 'From Makin to Bougainville: Marine Raiders in the Pacific War', 'Hoffman, Jon T.', 'en', 'Public domain in the USA.' );
INSERT INTO subjects ( gid, subject ) VALUES ( '48811', 'D731' );
INSERT INTO subjects ( gid, subject ) VALUES ( '48811', 'United States. Marine Corps. Marine Raider Regiment, 1st -- History' );
INSERT INTO subjects ( gid, subject ) VALUES ( '48811', 'World War, 1939-1945 -- Amphibious operations' );
INSERT INTO subjects ( gid, subject ) VALUES ( '48811', 'World War, 1939-1945 -- Campaigns -- Pacific Area' );
INSERT INTO files ( gid, file, mime ) VALUES ( '48811', 'http://www.gutenberg.org/cache/epub/48811/pg48811.cover.medium.jpg', 'image/jpeg' );
INSERT INTO files ( gid, file, mime ) VALUES ( '48811', 'http://www.gutenberg.org/cache/epub/48811/pg48811.cover.small.jpg', 'image/jpeg' );
INSERT INTO files ( gid, file, mime ) VALUES ( '48811', 'http://www.gutenberg.org/ebooks/48811.epub.images', 'application/epub+zip' );
INSERT INTO files ( gid, file, mime ) VALUES ( '48811', 'http://www.gutenberg.org/ebooks/48811.epub.noimages', 'application/epub+zip' );
INSERT INTO files ( gid, file, mime ) VALUES ( '48811', 'http://www.gutenberg.org/ebooks/48811.kindle.images', 'application/x-mobipocket-ebook' );
INSERT INTO files ( gid, file, mime ) VALUES ( '48811', 'http://www.gutenberg.org/ebooks/48811.kindle.noimages', 'application/x-mobipocket-ebook' );
INSERT INTO files ( gid, file, mime ) VALUES ( '48811', 'http://www.gutenberg.org/ebooks/48811.rdf', 'application/rdf+xml' );
INSERT INTO files ( gid, file, mime ) VALUES ( '48811', 'http://www.gutenberg.org/files/48811/48811-0.txt', 'text/plain; charset=utf-8' );
INSERT INTO files ( gid, file, mime ) VALUES ( '48811', 'http://www.gutenberg.org/files/48811/48811-0.zip', 'application/ziptext/plain; charset=utf-8' );
INSERT INTO files ( gid, file, mime ) VALUES ( '48811', 'http://www.gutenberg.org/files/48811/48811-h.zip', 'application/ziptext/html; charset=utf-8' );
INSERT INTO files ( gid, file, mime ) VALUES ( '48811', 'http://www.gutenberg.org/files/48811/48811-h/48811-h.htm', 'text/html; charset=utf-8' );
INSERT INTO titles ( gid, title, author, language, rights ) VALUES ( '48711', 'Hints on Mountain-Lion Trapping USDA Leaflet No. 94', 'Young, Stanley Paul', 'en', 'Public domain in the USA.' );
INSERT INTO classifications ( gid, classification ) VALUES ( '48711', 'SK' );
INSERT INTO subjects ( gid, subject ) VALUES ( '48711', 'Puma -- Control' );
INSERT INTO subjects ( gid, subject ) VALUES ( '48711', 'Animal traps' );
INSERT INTO subjects ( gid, subject ) VALUES ( '48711', 'Trapping' );
INSERT INTO files ( gid, file, mime ) VALUES ( '48711', 'http://www.gutenberg.org/cache/epub/48711/pg48711.cover.medium.jpg', 'image/jpeg' );
INSERT INTO files ( gid, file, mime ) VALUES ( '48711', 'http://www.gutenberg.org/cache/epub/48711/pg48711.cover.small.jpg', 'image/jpeg' );
INSERT INTO files ( gid, file, mime ) VALUES ( '48711', 'http://www.gutenberg.org/ebooks/48711.epub.images', 'application/epub+zip' );
INSERT INTO files ( gid, file, mime ) VALUES ( '48711', 'http://www.gutenberg.org/ebooks/48711.epub.noimages', 'application/epub+zip' );
INSERT INTO files ( gid, file, mime ) VALUES ( '48711', 'http://www.gutenberg.org/ebooks/48711.kindle.images', 'application/x-mobipocket-ebook' );
INSERT INTO files ( gid, file, mime ) VALUES ( '48711', 'http://www.gutenberg.org/ebooks/48711.kindle.noimages', 'application/x-mobipocket-ebook' );
INSERT INTO files ( gid, file, mime ) VALUES ( '48711', 'http://www.gutenberg.org/ebooks/48711.rdf', 'application/rdf+xml' );
INSERT INTO files ( gid, file, mime ) VALUES ( '48711', 'http://www.gutenberg.org/ebooks/48711.txt.utf-8', 'text/plain' );
INSERT INTO files ( gid, file, mime ) VALUES ( '48711', 'http://www.gutenberg.org/files/48711/48711-8.txt', 'text/plain; charset=iso-8859-1' );
INSERT INTO files ( gid, file, mime ) VALUES ( '48711', 'http://www.gutenberg.org/files/48711/48711-8.zip', 'text/plain; charset=iso-8859-1application/zip' );
INSERT INTO files ( gid, file, mime ) VALUES ( '48711', 'http://www.gutenberg.org/files/48711/48711-h.zip', 'text/html; charset=iso-8859-1application/zip' );
INSERT INTO files ( gid, file, mime ) VALUES ( '48711', 'http://www.gutenberg.org/files/48711/48711-h/48711-h.htm', 'text/html; charset=iso-8859-1' );
INSERT INTO titles ( gid, title, author, language, rights ) VALUES ( '48911', 'A Mine of Faults', 'Bain, F. W. (Francis William)', 'en', 'Public domain in the USA.' );
INSERT INTO classifications ( gid, classification ) VALUES ( '48911', 'PR' );
INSERT INTO subjects ( gid, subject ) VALUES ( '48911', 'Fantasy fiction' );
INSERT INTO files ( gid, file, mime ) VALUES ( '48911', 'http://www.gutenberg.org/cache/epub/48911/pg48911.cover.medium.jpg', 'image/jpeg' );
INSERT INTO files ( gid, file, mime ) VALUES ( '48911', 'http://www.gutenberg.org/cache/epub/48911/pg48911.cover.small.jpg', 'image/jpeg' );
INSERT INTO files ( gid, file, mime ) VALUES ( '48911', 'http://www.gutenberg.org/ebooks/48911.epub.images', 'application/epub+zip' );
INSERT INTO files ( gid, file, mime ) VALUES ( '48911', 'http://www.gutenberg.org/ebooks/48911.epub.noimages', 'application/epub+zip' );
INSERT INTO files ( gid, file, mime ) VALUES ( '48911', 'http://www.gutenberg.org/ebooks/48911.kindle.images', 'application/x-mobipocket-ebook' );
INSERT INTO files ( gid, file, mime ) VALUES ( '48911', 'http://www.gutenberg.org/ebooks/48911.kindle.noimages', 'application/x-mobipocket-ebook' );
INSERT INTO files ( gid, file, mime ) VALUES ( '48911', 'http://www.gutenberg.org/ebooks/48911.rdf', 'application/rdf+xml' );
INSERT INTO files ( gid, file, mime ) VALUES ( '48911', 'http://www.gutenberg.org/ebooks/48911.txt.utf-8', 'text/plain' );
INSERT INTO files ( gid, file, mime ) VALUES ( '48911', 'http://www.gutenberg.org/files/48911/48911-8.txt', 'text/plain; charset=iso-8859-1' );
INSERT INTO files ( gid, file, mime ) VALUES ( '48911', 'http://www.gutenberg.org/files/48911/48911-8.zip', 'text/plain; charset=iso-8859-1application/zip' );
INSERT INTO files ( gid, file, mime ) VALUES ( '48911', 'http://www.gutenberg.org/files/48911/48911-h.zip', 'application/ziptext/html; charset=iso-8859-1' );
INSERT INTO files ( gid, file, mime ) VALUES ( '48911', 'http://www.gutenberg.org/files/48911/48911-h/48911-h.htm', 'text/html; charset=iso-8859-1' );
INSERT INTO titles ( gid, title, author, language, rights ) VALUES ( '49011', 'The Annals of the Barber-Surgeons of London', '', 'en', 'Public domain in the USA.' );
INSERT INTO classifications ( gid, classification ) VALUES ( '49011', 'RD' );
INSERT INTO subjects ( gid, subject ) VALUES ( '49011', 'Surgery -- England -- London -- History -- Sources' );
INSERT INTO subjects ( gid, subject ) VALUES ( '49011', 'Barbers'' Company (London, England) -- History' );
INSERT INTO subjects ( gid, subject ) VALUES ( '49011', 'Barbers -- England -- London -- History -- Sources' );
INSERT INTO files ( gid, file, mime ) VALUES ( '49011', 'http://www.gutenberg.org/cache/epub/49011/pg49011.cover.medium.jpg', 'image/jpeg' );
INSERT INTO files ( gid, file, mime ) VALUES ( '49011', 'http://www.gutenberg.org/cache/epub/49011/pg49011.cover.small.jpg', 'image/jpeg' );
INSERT INTO files ( gid, file, mime ) VALUES ( '49011', 'http://www.gutenberg.org/ebooks/49011.epub.images', 'application/epub+zip' );
INSERT INTO files ( gid, file, mime ) VALUES ( '49011', 'http://www.gutenberg.org/ebooks/49011.epub.noimages', 'application/epub+zip' );
INSERT INTO files ( gid, file, mime ) VALUES ( '49011', 'http://www.gutenberg.org/ebooks/49011.kindle.images', 'application/x-mobipocket-ebook' );
INSERT INTO files ( gid, file, mime ) VALUES ( '49011', 'http://www.gutenberg.org/ebooks/49011.kindle.noimages', 'application/x-mobipocket-ebook' );
INSERT INTO files ( gid, file, mime ) VALUES ( '49011', 'http://www.gutenberg.org/ebooks/49011.rdf', 'application/rdf+xml' );
INSERT INTO files ( gid, file, mime ) VALUES ( '49011', 'http://www.gutenberg.org/files/49011/49011-0.txt', 'text/plain; charset=utf-8' );
INSERT INTO files ( gid, file, mime ) VALUES ( '49011', 'http://www.gutenberg.org/files/49011/49011-0.zip', 'text/plain; charset=utf-8application/zip' );
INSERT INTO files ( gid, file, mime ) VALUES ( '49011', 'http://www.gutenberg.org/files/49011/49011-h.zip', 'application/ziptext/html; charset=utf-8' );
INSERT INTO files ( gid, file, mime ) VALUES ( '49011', 'http://www.gutenberg.org/files/49011/49011-h/49011-h.htm', 'text/html; charset=utf-8' );
INSERT INTO titles ( gid, title, author, language, rights ) VALUES ( '4911', 'Wacousta : a tale of the Pontiac conspiracy — Volume 3', 'Richardson, Major (John)', 'en', 'Public domain in the USA.' );
INSERT INTO classifications ( gid, classification ) VALUES ( '4911', 'PS' );
INSERT INTO subjects ( gid, subject ) VALUES ( '4911', 'Pontiac''s Conspiracy, 1763-1765 -- Fiction' );
INSERT INTO files ( gid, file, mime ) VALUES ( '4911', 'http://www.gutenberg.org/ebooks/4911.epub.images', 'application/epub+zip' );
INSERT INTO files ( gid, file, mime ) VALUES ( '4911', 'http://www.gutenberg.org/ebooks/4911.epub.noimages', 'application/epub+zip' );
INSERT INTO files ( gid, file, mime ) VALUES ( '4911', 'http://www.gutenberg.org/ebooks/4911.kindle.images', 'application/x-mobipocket-ebook' );
INSERT INTO files ( gid, file, mime ) VALUES ( '4911', 'http://www.gutenberg.org/ebooks/4911.kindle.noimages', 'application/x-mobipocket-ebook' );
INSERT INTO files ( gid, file, mime ) VALUES ( '4911', 'http://www.gutenberg.org/ebooks/4911.rdf', 'application/rdf+xml' );
INSERT INTO files ( gid, file, mime ) VALUES ( '4911', 'http://www.gutenberg.org/ebooks/4911.txt.utf-8', 'text/plain' );
INSERT INTO files ( gid, file, mime ) VALUES ( '4911', 'http://www.gutenberg.org/files/4911/4911-h.zip', 'application/ziptext/html; charset=iso-8859-1' );
INSERT INTO files ( gid, file, mime ) VALUES ( '4911', 'http://www.gutenberg.org/files/4911/4911-h/4911-h.htm', 'text/html; charset=iso-8859-1' );
INSERT INTO files ( gid, file, mime ) VALUES ( '4911', 'http://www.gutenberg.org/files/4911/4911.txt', 'text/plain; charset=us-ascii' );
INSERT INTO files ( gid, file, mime ) VALUES ( '4911', 'http://www.gutenberg.org/files/4911/4911.zip', 'application/ziptext/plain; charset=us-ascii' );
INSERT INTO titles ( gid, title, author, language, rights ) VALUES ( '49111', 'Laurel Vane; or, The Girls'' Conspiracy', 'Miller, Alex. McVeigh, Mrs.', 'en', 'Public domain in the USA.' );
INSERT INTO classifications ( gid, classification ) VALUES ( '49111', 'PS' );
INSERT INTO subjects ( gid, subject ) VALUES ( '49111', 'Husband and wife -- Fiction' );
INSERT INTO subjects ( gid, subject ) VALUES ( '49111', 'Impostors and imposture -- Fiction' );
INSERT INTO subjects ( gid, subject ) VALUES ( '49111', 'Orphans -- Fiction' );
INSERT INTO subjects ( gid, subject ) VALUES ( '49111', 'Dime novels' );
INSERT INTO subjects ( gid, subject ) VALUES ( '49111', 'Young women -- Fiction' );
INSERT INTO files ( gid, file, mime ) VALUES ( '49111', 'http://www.gutenberg.org/cache/epub/49111/pg49111.cover.medium.jpg', 'image/jpeg' );
INSERT INTO files ( gid, file, mime ) VALUES ( '49111', 'http://www.gutenberg.org/cache/epub/49111/pg49111.cover.small.jpg', 'image/jpeg' );
INSERT INTO files ( gid, file, mime ) VALUES ( '49111', 'http://www.gutenberg.org/ebooks/49111.epub.images', 'application/epub+zip' );
INSERT INTO files ( gid, file, mime ) VALUES ( '49111', 'http://www.gutenberg.org/ebooks/49111.epub.noimages', 'application/epub+zip' );
INSERT INTO files ( gid, file, mime ) VALUES ( '49111', 'http://www.gutenberg.org/ebooks/49111.kindle.images', 'application/x-mobipocket-ebook' );
INSERT INTO files ( gid, file, mime ) VALUES ( '49111', 'http://www.gutenberg.org/ebooks/49111.kindle.noimages', 'application/x-mobipocket-ebook' );
INSERT INTO files ( gid, file, mime ) VALUES ( '49111', 'http://www.gutenberg.org/ebooks/49111.rdf', 'application/rdf+xml' );
INSERT INTO files ( gid, file, mime ) VALUES ( '49111', 'http://www.gutenberg.org/ebooks/49111.txt.utf-8', 'text/plain' );
INSERT INTO files ( gid, file, mime ) VALUES ( '49111', 'http://www.gutenberg.org/files/49111/49111-8.txt', 'text/plain; charset=iso-8859-1' );
INSERT INTO files ( gid, file, mime ) VALUES ( '49111', 'http://www.gutenberg.org/files/49111/49111-8.zip', 'application/ziptext/plain; charset=iso-8859-1' );
INSERT INTO files ( gid, file, mime ) VALUES ( '49111', 'http://www.gutenberg.org/files/49111/49111-h.zip', 'application/ziptext/html; charset=iso-8859-1' );
INSERT INTO files ( gid, file, mime ) VALUES ( '49111', 'http://www.gutenberg.org/files/49111/49111-h/49111-h.htm', 'text/html; charset=iso-8859-1' );
INSERT INTO titles ( gid, title, author, language, rights ) VALUES ( '49311', 'Deutsch-Ostafrika: Geographie und Geschichte der Colonie', 'Förster, Brix', 'de', 'Public domain in the USA.' );
INSERT INTO classifications ( gid, classification ) VALUES ( '49311', 'DT' );
INSERT INTO subjects ( gid, subject ) VALUES ( '49311', 'German East Africa -- Description and travel' );
INSERT INTO files ( gid, file, mime ) VALUES ( '49311', 'http://www.gutenberg.org/cache/epub/49311/pg49311.cover.medium.jpg', 'image/jpeg' );
INSERT INTO files ( gid, file, mime ) VALUES ( '49311', 'http://www.gutenberg.org/cache/epub/49311/pg49311.cover.small.jpg', 'image/jpeg' );
INSERT INTO files ( gid, file, mime ) VALUES ( '49311', 'http://www.gutenberg.org/ebooks/49311.epub.images', 'application/epub+zip' );
INSERT INTO files ( gid, file, mime ) VALUES ( '49311', 'http://www.gutenberg.org/ebooks/49311.epub.noimages', 'application/epub+zip' );
INSERT INTO files ( gid, file, mime ) VALUES ( '49311', 'http://www.gutenberg.org/ebooks/49311.kindle.images', 'application/x-mobipocket-ebook' );
INSERT INTO files ( gid, file, mime ) VALUES ( '49311', 'http://www.gutenberg.org/ebooks/49311.kindle.noimages', 'application/x-mobipocket-ebook' );
INSERT INTO files ( gid, file, mime ) VALUES ( '49311', 'http://www.gutenberg.org/ebooks/49311.rdf', 'application/rdf+xml' );
INSERT INTO files ( gid, file, mime ) VALUES ( '49311', 'http://www.gutenberg.org/files/49311/49311-0.txt', 'text/plain; charset=utf-8' );
INSERT INTO files ( gid, file, mime ) VALUES ( '49311', 'http://www.gutenberg.org/files/49311/49311-0.zip', 'text/plain; charset=utf-8application/zip' );
INSERT INTO files ( gid, file, mime ) VALUES ( '49311', 'http://www.gutenberg.org/files/49311/49311-h.zip', 'application/ziptext/html; charset=iso-8859-1' );
INSERT INTO files ( gid, file, mime ) VALUES ( '49311', 'http://www.gutenberg.org/files/49311/49311-h/49311-h.htm', 'text/html; charset=iso-8859-1' );
INSERT INTO titles ( gid, title, author, language, rights ) VALUES ( '49211', 'Botany: The Science of Plant Life', 'Taylor, Norman', 'en', 'Public domain in the USA.' );
INSERT INTO classifications ( gid, classification ) VALUES ( '49211', 'QK' );
INSERT INTO subjects ( gid, subject ) VALUES ( '49211', 'Plants' );
INSERT INTO subjects ( gid, subject ) VALUES ( '49211', 'Botany -- Textbooks' );
INSERT INTO files ( gid, file, mime ) VALUES ( '49211', 'http://www.gutenberg.org/cache/epub/49211/pg49211.cover.medium.jpg', 'image/jpeg' );
INSERT INTO files ( gid, file, mime ) VALUES ( '49211', 'http://www.gutenberg.org/cache/epub/49211/pg49211.cover.small.jpg', 'image/jpeg' );
INSERT INTO files ( gid, file, mime ) VALUES ( '49211', 'http://www.gutenberg.org/ebooks/49211.epub.images', 'application/epub+zip' );
INSERT INTO files ( gid, file, mime ) VALUES ( '49211', 'http://www.gutenberg.org/ebooks/49211.epub.noimages', 'application/epub+zip' );
INSERT INTO files ( gid, file, mime ) VALUES ( '49211', 'http://www.gutenberg.org/ebooks/49211.kindle.images', 'application/x-mobipocket-ebook' );
INSERT INTO files ( gid, file, mime ) VALUES ( '49211', 'http://www.gutenberg.org/ebooks/49211.kindle.noimages', 'application/x-mobipocket-ebook' );
INSERT INTO files ( gid, file, mime ) VALUES ( '49211', 'http://www.gutenberg.org/ebooks/49211.rdf', 'application/rdf+xml' );
INSERT INTO files ( gid, file, mime ) VALUES ( '49211', 'http://www.gutenberg.org/files/49211/49211-0.txt', 'text/plain; charset=utf-8' );
INSERT INTO files ( gid, file, mime ) VALUES ( '49211', 'http://www.gutenberg.org/files/49211/49211-0.zip', 'text/plain; charset=utf-8application/zip' );
INSERT INTO files ( gid, file, mime ) VALUES ( '49211', 'http://www.gutenberg.org/files/49211/49211-h.zip', 'application/ziptext/html; charset=utf-8' );
INSERT INTO files ( gid, file, mime ) VALUES ( '49211', 'http://www.gutenberg.org/files/49211/49211-h/49211-h.htm', 'text/html; charset=utf-8' );
INSERT INTO titles ( gid, title, author, language, rights ) VALUES ( '49511', 'The Fantasy Fan April 1934 The Fan''s Own Magazine', 'Various', 'en', 'Public domain in the USA.' );
INSERT INTO classifications ( gid, classification ) VALUES ( '49511', 'PN' );
INSERT INTO subjects ( gid, subject ) VALUES ( '49511', 'Fantasy fiction -- History and criticism -- Periodicals' );
INSERT INTO subjects ( gid, subject ) VALUES ( '49511', 'Fan magazines' );
INSERT INTO subjects ( gid, subject ) VALUES ( '49511', 'Fantasy fiction -- Periodicals' );
INSERT INTO files ( gid, file, mime ) VALUES ( '49511', 'http://www.gutenberg.org/cache/epub/49511/pg49511.cover.medium.jpg', 'image/jpeg' );
INSERT INTO files ( gid, file, mime ) VALUES ( '49511', 'http://www.gutenberg.org/cache/epub/49511/pg49511.cover.small.jpg', 'image/jpeg' );
INSERT INTO files ( gid, file, mime ) VALUES ( '49511', 'http://www.gutenberg.org/ebooks/49511.epub.images', 'application/epub+zip' );
INSERT INTO files ( gid, file, mime ) VALUES ( '49511', 'http://www.gutenberg.org/ebooks/49511.epub.noimages', 'application/epub+zip' );
INSERT INTO files ( gid, file, mime ) VALUES ( '49511', 'http://www.gutenberg.org/ebooks/49511.kindle.images', 'application/x-mobipocket-ebook' );
INSERT INTO files ( gid, file, mime ) VALUES ( '49511', 'http://www.gutenberg.org/ebooks/49511.kindle.noimages', 'application/x-mobipocket-ebook' );
INSERT INTO files ( gid, file, mime ) VALUES ( '49511', 'http://www.gutenberg.org/ebooks/49511.rdf', 'application/rdf+xml' );
INSERT INTO files ( gid, file, mime ) VALUES ( '49511', 'http://www.gutenberg.org/ebooks/49511.txt.utf-8', 'text/plain' );
INSERT INTO files ( gid, file, mime ) VALUES ( '49511', 'http://www.gutenberg.org/files/49511/49511-h.zip', 'application/ziptext/html; charset=iso-8859-1' );
INSERT INTO files ( gid, file, mime ) VALUES ( '49511', 'http://www.gutenberg.org/files/49511/49511-h/49511-h.htm', 'text/html; charset=iso-8859-1' );
INSERT INTO files ( gid, file, mime ) VALUES ( '49511', 'http://www.gutenberg.org/files/49511/49511.txt', 'text/plain; charset=us-ascii' );
INSERT INTO files ( gid, file, mime ) VALUES ( '49511', 'http://www.gutenberg.org/files/49511/49511.zip', 'text/plain; charset=us-asciiapplication/zip' );
INSERT INTO titles ( gid, title, author, language, rights ) VALUES ( '49411', 'The Women of The American Revolution, Vol. 1', 'Ellet, E. F. (Elizabeth Fries)', 'en', 'Public domain in the USA.' );
INSERT INTO subjects ( gid, subject ) VALUES ( '49411', 'Women -- United States -- History -- 18th century' );
INSERT INTO subjects ( gid, subject ) VALUES ( '49411', 'E201' );
INSERT INTO subjects ( gid, subject ) VALUES ( '49411', 'United States -- History -- Revolution, 1775-1783 -- Biography' );
INSERT INTO subjects ( gid, subject ) VALUES ( '49411', 'United States -- History -- Revolution, 1775-1783 -- Women' );
INSERT INTO files ( gid, file, mime ) VALUES ( '49411', 'http://www.gutenberg.org/cache/epub/49411/pg49411.cover.medium.jpg', 'image/jpeg' );
INSERT INTO files ( gid, file, mime ) VALUES ( '49411', 'http://www.gutenberg.org/cache/epub/49411/pg49411.cover.small.jpg', 'image/jpeg' );
INSERT INTO files ( gid, file, mime ) VALUES ( '49411', 'http://www.gutenberg.org/ebooks/49411.epub.images', 'application/epub+zip' );
INSERT INTO files ( gid, file, mime ) VALUES ( '49411', 'http://www.gutenberg.org/ebooks/49411.epub.noimages', 'application/epub+zip' );
INSERT INTO files ( gid, file, mime ) VALUES ( '49411', 'http://www.gutenberg.org/ebooks/49411.kindle.images', 'application/x-mobipocket-ebook' );
INSERT INTO files ( gid, file, mime ) VALUES ( '49411', 'http://www.gutenberg.org/ebooks/49411.kindle.noimages', 'application/x-mobipocket-ebook' );
INSERT INTO files ( gid, file, mime ) VALUES ( '49411', 'http://www.gutenberg.org/ebooks/49411.rdf', 'application/rdf+xml' );
INSERT INTO files ( gid, file, mime ) VALUES ( '49411', 'http://www.gutenberg.org/ebooks/49411.txt.utf-8', 'text/plain' );
INSERT INTO files ( gid, file, mime ) VALUES ( '49411', 'http://www.gutenberg.org/files/49411/49411-8.txt', 'text/plain; charset=iso-8859-1' );
INSERT INTO files ( gid, file, mime ) VALUES ( '49411', 'http://www.gutenberg.org/files/49411/49411-8.zip', 'text/plain; charset=iso-8859-1application/zip' );
INSERT INTO files ( gid, file, mime ) VALUES ( '49411', 'http://www.gutenberg.org/files/49411/49411-h.zip', 'text/html; charset=iso-8859-1application/zip' );
INSERT INTO files ( gid, file, mime ) VALUES ( '49411', 'http://www.gutenberg.org/files/49411/49411-h/49411-h.htm', 'text/html; charset=iso-8859-1' );
INSERT INTO titles ( gid, title, author, language, rights ) VALUES ( '49611', 'The Collected Works in Verse and Prose of William Butler Yeats, Vol. 4 (of 8) The Hour-glass. Cathleen ni Houlihan. The Golden Helmet. The Irish Dramatic Movement', 'Yeats, W. B. (William Butler)', 'en', 'Public domain in the USA.' );
INSERT INTO classifications ( gid, classification ) VALUES ( '49611', 'PR' );
INSERT INTO subjects ( gid, subject ) VALUES ( '49611', 'English literature -- Irish authors' );
INSERT INTO files ( gid, file, mime ) VALUES ( '49611', 'http://www.gutenberg.org/cache/epub/49611/pg49611.cover.medium.jpg', 'image/jpeg' );
INSERT INTO files ( gid, file, mime ) VALUES ( '49611', 'http://www.gutenberg.org/cache/epub/49611/pg49611.cover.small.jpg', 'image/jpeg' );
INSERT INTO files ( gid, file, mime ) VALUES ( '49611', 'http://www.gutenberg.org/ebooks/49611.epub.images', 'application/epub+zip' );
INSERT INTO files ( gid, file, mime ) VALUES ( '49611', 'http://www.gutenberg.org/ebooks/49611.epub.noimages', 'application/epub+zip' );
INSERT INTO files ( gid, file, mime ) VALUES ( '49611', 'http://www.gutenberg.org/ebooks/49611.kindle.images', 'application/x-mobipocket-ebook' );
INSERT INTO files ( gid, file, mime ) VALUES ( '49611', 'http://www.gutenberg.org/ebooks/49611.kindle.noimages', 'application/x-mobipocket-ebook' );
INSERT INTO files ( gid, file, mime ) VALUES ( '49611', 'http://www.gutenberg.org/ebooks/49611.rdf', 'application/rdf+xml' );
INSERT INTO files ( gid, file, mime ) VALUES ( '49611', 'http://www.gutenberg.org/files/49611/49611-0.txt', 'text/plain; charset=utf-8' );
INSERT INTO files ( gid, file, mime ) VALUES ( '49611', 'http://www.gutenberg.org/files/49611/49611-0.zip', 'text/plain; charset=utf-8application/zip' );
INSERT INTO files ( gid, file, mime ) VALUES ( '49611', 'http://www.gutenberg.org/files/49611/49611-h.zip', 'application/ziptext/html; charset=utf-8' );
INSERT INTO files ( gid, file, mime ) VALUES ( '49611', 'http://www.gutenberg.org/files/49611/49611-h/49611-h.htm', 'text/html; charset=utf-8' );
INSERT INTO titles ( gid, title, author, language, rights ) VALUES ( '49711', 'The National Geographic Magazine, Vol. I., No. 1, October, 1888', 'Various', 'en', 'Public domain in the USA.' );
INSERT INTO classifications ( gid, classification ) VALUES ( '49711', 'G' );
INSERT INTO subjects ( gid, subject ) VALUES ( '49711', 'Geography -- Periodicals' );
INSERT INTO files ( gid, file, mime ) VALUES ( '49711', 'http://www.gutenberg.org/cache/epub/49711/pg49711.cover.medium.jpg', 'image/jpeg' );
INSERT INTO files ( gid, file, mime ) VALUES ( '49711', 'http://www.gutenberg.org/cache/epub/49711/pg49711.cover.small.jpg', 'image/jpeg' );
INSERT INTO files ( gid, file, mime ) VALUES ( '49711', 'http://www.gutenberg.org/ebooks/49711.epub.images', 'application/epub+zip' );
INSERT INTO files ( gid, file, mime ) VALUES ( '49711', 'http://www.gutenberg.org/ebooks/49711.epub.noimages', 'application/epub+zip' );
INSERT INTO files ( gid, file, mime ) VALUES ( '49711', 'http://www.gutenberg.org/ebooks/49711.kindle.images', 'application/x-mobipocket-ebook' );
INSERT INTO files ( gid, file, mime ) VALUES ( '49711', 'http://www.gutenberg.org/ebooks/49711.kindle.noimages', 'application/x-mobipocket-ebook' );
INSERT INTO files ( gid, file, mime ) VALUES ( '49711', 'http://www.gutenberg.org/ebooks/49711.rdf', 'application/rdf+xml' );
INSERT INTO files ( gid, file, mime ) VALUES ( '49711', 'http://www.gutenberg.org/ebooks/49711.txt.utf-8', 'text/plain' );
INSERT INTO files ( gid, file, mime ) VALUES ( '49711', 'http://www.gutenberg.org/files/49711/49711-8.txt', 'text/plain; charset=iso-8859-1' );
INSERT INTO files ( gid, file, mime ) VALUES ( '49711', 'http://www.gutenberg.org/files/49711/49711-8.zip', 'application/ziptext/plain; charset=iso-8859-1' );
INSERT INTO files ( gid, file, mime ) VALUES ( '49711', 'http://www.gutenberg.org/files/49711/49711-h.zip', 'application/ziptext/html; charset=iso-8859-1' );
INSERT INTO files ( gid, file, mime ) VALUES ( '49711', 'http://www.gutenberg.org/files/49711/49711-h/49711-h.htm', 'text/html; charset=iso-8859-1' );
INSERT INTO titles ( gid, title, author, language, rights ) VALUES ( '49811', 'The Mentor: The Conquest of the Poles, Serial No. 37', 'Peary, Robert E. (Robert Edwin)', 'en', 'Public domain in the USA.' );
INSERT INTO classifications ( gid, classification ) VALUES ( '49811', 'G' );
INSERT INTO subjects ( gid, subject ) VALUES ( '49811', 'North Pole -- Discovery and exploration' );
INSERT INTO subjects ( gid, subject ) VALUES ( '49811', 'South Pole -- Discovery and exploration' );
INSERT INTO subjects ( gid, subject ) VALUES ( '49811', 'Polar regions -- Discovery and exploration' );
INSERT INTO files ( gid, file, mime ) VALUES ( '49811', 'http://www.gutenberg.org/cache/epub/49811/pg49811.cover.medium.jpg', 'image/jpeg' );
INSERT INTO files ( gid, file, mime ) VALUES ( '49811', 'http://www.gutenberg.org/cache/epub/49811/pg49811.cover.small.jpg', 'image/jpeg' );
INSERT INTO files ( gid, file, mime ) VALUES ( '49811', 'http://www.gutenberg.org/ebooks/49811.epub.images', 'application/epub+zip' );
INSERT INTO files ( gid, file, mime ) VALUES ( '49811', 'http://www.gutenberg.org/ebooks/49811.epub.noimages', 'application/epub+zip' );
INSERT INTO files ( gid, file, mime ) VALUES ( '49811', 'http://www.gutenberg.org/ebooks/49811.kindle.images', 'application/x-mobipocket-ebook' );
INSERT INTO files ( gid, file, mime ) VALUES ( '49811', 'http://www.gutenberg.org/ebooks/49811.kindle.noimages', 'application/x-mobipocket-ebook' );
INSERT INTO files ( gid, file, mime ) VALUES ( '49811', 'http://www.gutenberg.org/ebooks/49811.rdf', 'application/rdf+xml' );
INSERT INTO files ( gid, file, mime ) VALUES ( '49811', 'http://www.gutenberg.org/files/49811/49811-0.txt', 'text/plain; charset=utf-8' );
INSERT INTO files ( gid, file, mime ) VALUES ( '49811', 'http://www.gutenberg.org/files/49811/49811-0.zip', 'text/plain; charset=utf-8application/zip' );
INSERT INTO files ( gid, file, mime ) VALUES ( '49811', 'http://www.gutenberg.org/files/49811/49811-h.zip', 'text/html; charset=utf-8application/zip' );
INSERT INTO files ( gid, file, mime ) VALUES ( '49811', 'http://www.gutenberg.org/files/49811/49811-h/49811-h.htm', 'text/html; charset=utf-8' );
INSERT INTO titles ( gid, title, author, language, rights ) VALUES ( '49911', 'My Adventures During the Late War A narrative of shipwreck, captivity, escapes from French prisons, and sea service in 1804-14', 'O''Brien, Donat Henchy', 'en', 'Public domain in the USA.' );
INSERT INTO classifications ( gid, classification ) VALUES ( '49911', 'DA' );
INSERT INTO classifications ( gid, classification ) VALUES ( '49911', 'DC' );
INSERT INTO subjects ( gid, subject ) VALUES ( '49911', 'Great Britain -- History, Naval -- 19th century' );
INSERT INTO subjects ( gid, subject ) VALUES ( '49911', 'Great Britain. Royal Navy -- Officers -- Biography' );
INSERT INTO subjects ( gid, subject ) VALUES ( '49911', 'O''Brien, Donat Henchy, 1785-1857' );
INSERT INTO subjects ( gid, subject ) VALUES ( '49911', 'Napoleonic Wars, 1800-1815' );
INSERT INTO files ( gid, file, mime ) VALUES ( '49911', 'http://www.gutenberg.org/cache/epub/49911/pg49911.cover.medium.jpg', 'image/jpeg' );
INSERT INTO files ( gid, file, mime ) VALUES ( '49911', 'http://www.gutenberg.org/cache/epub/49911/pg49911.cover.small.jpg', 'image/jpeg' );
INSERT INTO files ( gid, file, mime ) VALUES ( '49911', 'http://www.gutenberg.org/ebooks/49911.epub.images', 'application/epub+zip' );
INSERT INTO files ( gid, file, mime ) VALUES ( '49911', 'http://www.gutenberg.org/ebooks/49911.epub.noimages', 'application/epub+zip' );
INSERT INTO files ( gid, file, mime ) VALUES ( '49911', 'http://www.gutenberg.org/ebooks/49911.kindle.images', 'application/x-mobipocket-ebook' );
INSERT INTO files ( gid, file, mime ) VALUES ( '49911', 'http://www.gutenberg.org/ebooks/49911.kindle.noimages', 'application/x-mobipocket-ebook' );
INSERT INTO files ( gid, file, mime ) VALUES ( '49911', 'http://www.gutenberg.org/ebooks/49911.rdf', 'application/rdf+xml' );
INSERT INTO files ( gid, file, mime ) VALUES ( '49911', 'http://www.gutenberg.org/files/49911/49911-0.txt', 'text/plain; charset=utf-8' );
INSERT INTO files ( gid, file, mime ) VALUES ( '49911', 'http://www.gutenberg.org/files/49911/49911-0.zip', 'text/plain; charset=utf-8application/zip' );
INSERT INTO files ( gid, file, mime ) VALUES ( '49911', 'http://www.gutenberg.org/files/49911/49911-h.zip', 'text/html; charset=utf-8application/zip' );
INSERT INTO files ( gid, file, mime ) VALUES ( '49911', 'http://www.gutenberg.org/files/49911/49911-h/49911-h.htm', 'text/html; charset=utf-8' );
INSERT INTO titles ( gid, title, author, language, rights ) VALUES ( '50011', 'Myths and Folk-tales of the Russians, Western Slavs, and Magyars', 'Curtin, Jeremiah', 'en', 'Public domain in the USA.' );
INSERT INTO classifications ( gid, classification ) VALUES ( '50011', 'GR' );
INSERT INTO subjects ( gid, subject ) VALUES ( '50011', 'Fairy tales -- Russia' );
INSERT INTO subjects ( gid, subject ) VALUES ( '50011', 'Fairy tales -- Czech Republic' );
INSERT INTO subjects ( gid, subject ) VALUES ( '50011', 'Fairy tales -- Hungary' );
INSERT INTO files ( gid, file, mime ) VALUES ( '50011', 'http://www.gutenberg.org/cache/epub/50011/pg50011.cover.medium.jpg', 'image/jpeg' );
INSERT INTO files ( gid, file, mime ) VALUES ( '50011', 'http://www.gutenberg.org/cache/epub/50011/pg50011.cover.small.jpg', 'image/jpeg' );
INSERT INTO files ( gid, file, mime ) VALUES ( '50011', 'http://www.gutenberg.org/ebooks/50011.epub.images', 'application/epub+zip' );
INSERT INTO files ( gid, file, mime ) VALUES ( '50011', 'http://www.gutenberg.org/ebooks/50011.epub.noimages', 'application/epub+zip' );
INSERT INTO files ( gid, file, mime ) VALUES ( '50011', 'http://www.gutenberg.org/ebooks/50011.kindle.images', 'application/x-mobipocket-ebook' );
INSERT INTO files ( gid, file, mime ) VALUES ( '50011', 'http://www.gutenberg.org/ebooks/50011.kindle.noimages', 'application/x-mobipocket-ebook' );
INSERT INTO files ( gid, file, mime ) VALUES ( '50011', 'http://www.gutenberg.org/ebooks/50011.rdf', 'application/rdf+xml' );
INSERT INTO files ( gid, file, mime ) VALUES ( '50011', 'http://www.gutenberg.org/files/50011/50011-0.txt', 'text/plain; charset=utf-8' );
INSERT INTO files ( gid, file, mime ) VALUES ( '50011', 'http://www.gutenberg.org/files/50011/50011-0.zip', 'text/plain; charset=utf-8application/zip' );
INSERT INTO files ( gid, file, mime ) VALUES ( '50011', 'http://www.gutenberg.org/files/50011/50011-h.zip', 'application/ziptext/html; charset=iso-8859-1' );
INSERT INTO files ( gid, file, mime ) VALUES ( '50011', 'http://www.gutenberg.org/files/50011/50011-h/50011-h.htm', 'text/html; charset=iso-8859-1' );
INSERT INTO titles ( gid, title, author, language, rights ) VALUES ( '50111', 'The Philippine Islands, 1493-1898, Volume 38, 1674-1683 Explorations by early navigators, descriptions of the islands and their peoples, their history and records of the Catholic missions, as related in contemporaneous books and manuscripts, showing the political, economic, commercial and religious conditions of those islands from their earliest relations with European nations to the close of the nineteenth century', '', 'en', 'Public domain in the USA.' );
INSERT INTO classifications ( gid, classification ) VALUES ( '50111', 'DS' );
INSERT INTO subjects ( gid, subject ) VALUES ( '50111', 'Missions -- Philippines' );
INSERT INTO subjects ( gid, subject ) VALUES ( '50111', 'Philippines -- Discovery and exploration' );
INSERT INTO subjects ( gid, subject ) VALUES ( '50111', 'Demarcation line of Alexander VI' );
INSERT INTO subjects ( gid, subject ) VALUES ( '50111', 'Philippines -- History -- Sources' );
INSERT INTO files ( gid, file, mime ) VALUES ( '50111', 'http://www.gutenberg.org/cache/epub/50111/pg50111.cover.medium.jpg', 'image/jpeg' );
INSERT INTO files ( gid, file, mime ) VALUES ( '50111', 'http://www.gutenberg.org/cache/epub/50111/pg50111.cover.small.jpg', 'image/jpeg' );
INSERT INTO files ( gid, file, mime ) VALUES ( '50111', 'http://www.gutenberg.org/ebooks/50111.epub.images', 'application/epub+zip' );
INSERT INTO files ( gid, file, mime ) VALUES ( '50111', 'http://www.gutenberg.org/ebooks/50111.epub.noimages', 'application/epub+zip' );
INSERT INTO files ( gid, file, mime ) VALUES ( '50111', 'http://www.gutenberg.org/ebooks/50111.kindle.images', 'application/x-mobipocket-ebook' );
INSERT INTO files ( gid, file, mime ) VALUES ( '50111', 'http://www.gutenberg.org/ebooks/50111.kindle.noimages', 'application/x-mobipocket-ebook' );
INSERT INTO files ( gid, file, mime ) VALUES ( '50111', 'http://www.gutenberg.org/ebooks/50111.rdf', 'application/rdf+xml' );
INSERT INTO files ( gid, file, mime ) VALUES ( '50111', 'http://www.gutenberg.org/ebooks/50111.txt.utf-8', 'text/plain' );
INSERT INTO files ( gid, file, mime ) VALUES ( '50111', 'http://www.gutenberg.org/files/50111/50111-8.txt', 'text/plain; charset=iso-8859-1' );
INSERT INTO files ( gid, file, mime ) VALUES ( '50111', 'http://www.gutenberg.org/files/50111/50111-8.zip', 'text/plain; charset=iso-8859-1application/zip' );
INSERT INTO files ( gid, file, mime ) VALUES ( '50111', 'http://www.gutenberg.org/files/50111/50111-h.zip', 'text/html; charset=us-asciiapplication/zip' );
INSERT INTO files ( gid, file, mime ) VALUES ( '50111', 'http://www.gutenberg.org/files/50111/50111-h/50111-h.htm', 'text/html; charset=us-ascii' );
INSERT INTO titles ( gid, title, author, language, rights ) VALUES ( '5011', 'State of the Union Addresses', 'Adams, John', 'en', 'Public domain in the USA.' );
INSERT INTO classifications ( gid, classification ) VALUES ( '5011', 'J' );
INSERT INTO subjects ( gid, subject ) VALUES ( '5011', 'United States -- Politics and government -- Sources' );
INSERT INTO subjects ( gid, subject ) VALUES ( '5011', 'Presidents -- United States -- Messages' );
INSERT INTO files ( gid, file, mime ) VALUES ( '5011', 'http://www.gutenberg.org/ebooks/5011.epub.images', 'application/epub+zip' );
INSERT INTO files ( gid, file, mime ) VALUES ( '5011', 'http://www.gutenberg.org/ebooks/5011.epub.noimages', 'application/epub+zip' );
INSERT INTO files ( gid, file, mime ) VALUES ( '5011', 'http://www.gutenberg.org/ebooks/5011.kindle.images', 'application/x-mobipocket-ebook' );
INSERT INTO files ( gid, file, mime ) VALUES ( '5011', 'http://www.gutenberg.org/ebooks/5011.kindle.noimages', 'application/x-mobipocket-ebook' );
INSERT INTO files ( gid, file, mime ) VALUES ( '5011', 'http://www.gutenberg.org/ebooks/5011.rdf', 'application/rdf+xml' );
INSERT INTO files ( gid, file, mime ) VALUES ( '5011', 'http://www.gutenberg.org/ebooks/5011.txt.utf-8', 'text/plain' );
INSERT INTO files ( gid, file, mime ) VALUES ( '5011', 'http://www.gutenberg.org/files/5011/5011-h.zip', 'application/ziptext/html; charset=iso-8859-1' );
INSERT INTO files ( gid, file, mime ) VALUES ( '5011', 'http://www.gutenberg.org/files/5011/5011-h/5011-h.htm', 'text/html; charset=iso-8859-1' );
INSERT INTO files ( gid, file, mime ) VALUES ( '5011', 'http://www.gutenberg.org/files/5011/5011.txt', 'text/plain; charset=us-ascii' );
INSERT INTO files ( gid, file, mime ) VALUES ( '5011', 'http://www.gutenberg.org/files/5011/5011.zip', 'application/ziptext/plain; charset=us-ascii' );
INSERT INTO titles ( gid, title, author, language, rights ) VALUES ( '50211', 'La chambre obscure', 'Hildebrand', 'fr', 'Public domain in the USA.' );
INSERT INTO classifications ( gid, classification ) VALUES ( '50211', 'PT' );
INSERT INTO subjects ( gid, subject ) VALUES ( '50211', 'Dutch literature -- Translations into French' );
INSERT INTO files ( gid, file, mime ) VALUES ( '50211', 'http://www.gutenberg.org/cache/epub/50211/pg50211.cover.medium.jpg', 'image/jpeg' );
INSERT INTO files ( gid, file, mime ) VALUES ( '50211', 'http://www.gutenberg.org/cache/epub/50211/pg50211.cover.small.jpg', 'image/jpeg' );
INSERT INTO files ( gid, file, mime ) VALUES ( '50211', 'http://www.gutenberg.org/ebooks/50211.epub.images', 'application/epub+zip' );
INSERT INTO files ( gid, file, mime ) VALUES ( '50211', 'http://www.gutenberg.org/ebooks/50211.epub.noimages', 'application/epub+zip' );
INSERT INTO files ( gid, file, mime ) VALUES ( '50211', 'http://www.gutenberg.org/ebooks/50211.kindle.images', 'application/x-mobipocket-ebook' );
INSERT INTO files ( gid, file, mime ) VALUES ( '50211', 'http://www.gutenberg.org/ebooks/50211.kindle.noimages', 'application/x-mobipocket-ebook' );
INSERT INTO files ( gid, file, mime ) VALUES ( '50211', 'http://www.gutenberg.org/ebooks/50211.rdf', 'application/rdf+xml' );
INSERT INTO files ( gid, file, mime ) VALUES ( '50211', 'http://www.gutenberg.org/files/50211/50211-0.txt', 'text/plain; charset=utf-8' );
INSERT INTO files ( gid, file, mime ) VALUES ( '50211', 'http://www.gutenberg.org/files/50211/50211-0.zip', 'application/ziptext/plain; charset=utf-8' );
INSERT INTO files ( gid, file, mime ) VALUES ( '50211', 'http://www.gutenberg.org/files/50211/50211-h.zip', 'text/html; charset=utf-8application/zip' );
INSERT INTO files ( gid, file, mime ) VALUES ( '50211', 'http://www.gutenberg.org/files/50211/50211-h/50211-h.htm', 'text/html; charset=utf-8' );
INSERT INTO titles ( gid, title, author, language, rights ) VALUES ( '50311', 'Mont Oriol; or, A Romance of Auvergne: A Novel', 'Maupassant, Guy de', 'en', 'Public domain in the USA.' );
INSERT INTO classifications ( gid, classification ) VALUES ( '50311', 'PQ' );
INSERT INTO subjects ( gid, subject ) VALUES ( '50311', 'France -- Social life and customs -- 19th century -- Fiction' );
INSERT INTO subjects ( gid, subject ) VALUES ( '50311', 'Triangles (Interpersonal relations) -- Fiction' );
INSERT INTO subjects ( gid, subject ) VALUES ( '50311', 'Aristocracy (Social class) -- Fiction' );
INSERT INTO subjects ( gid, subject ) VALUES ( '50311', 'Health resorts -- Fiction' );
INSERT INTO subjects ( gid, subject ) VALUES ( '50311', 'Domestic fiction' );
INSERT INTO subjects ( gid, subject ) VALUES ( '50311', 'Women -- France -- Fiction' );
INSERT INTO files ( gid, file, mime ) VALUES ( '50311', 'http://www.gutenberg.org/cache/epub/50311/pg50311.cover.medium.jpg', 'image/jpeg' );
INSERT INTO files ( gid, file, mime ) VALUES ( '50311', 'http://www.gutenberg.org/cache/epub/50311/pg50311.cover.small.jpg', 'image/jpeg' );
INSERT INTO files ( gid, file, mime ) VALUES ( '50311', 'http://www.gutenberg.org/ebooks/50311.epub.images', 'application/epub+zip' );
INSERT INTO files ( gid, file, mime ) VALUES ( '50311', 'http://www.gutenberg.org/ebooks/50311.epub.noimages', 'application/epub+zip' );
INSERT INTO files ( gid, file, mime ) VALUES ( '50311', 'http://www.gutenberg.org/ebooks/50311.kindle.images', 'application/x-mobipocket-ebook' );
INSERT INTO files ( gid, file, mime ) VALUES ( '50311', 'http://www.gutenberg.org/ebooks/50311.kindle.noimages', 'application/x-mobipocket-ebook' );
INSERT INTO files ( gid, file, mime ) VALUES ( '50311', 'http://www.gutenberg.org/ebooks/50311.rdf', 'application/rdf+xml' );
INSERT INTO files ( gid, file, mime ) VALUES ( '50311', 'http://www.gutenberg.org/ebooks/50311.txt.utf-8', 'text/plain' );
INSERT INTO files ( gid, file, mime ) VALUES ( '50311', 'http://www.gutenberg.org/files/50311/50311-8.txt', 'text/plain; charset=iso-8859-1' );
INSERT INTO files ( gid, file, mime ) VALUES ( '50311', 'http://www.gutenberg.org/files/50311/50311-8.zip', 'text/plain; charset=iso-8859-1application/zip' );
INSERT INTO files ( gid, file, mime ) VALUES ( '50311', 'http://www.gutenberg.org/files/50311/50311-h.zip', 'text/html; charset=iso-8859-1application/zip' );
INSERT INTO files ( gid, file, mime ) VALUES ( '50311', 'http://www.gutenberg.org/files/50311/50311-h/50311-h.htm', 'text/html; charset=iso-8859-1' );
INSERT INTO titles ( gid, title, author, language, rights ) VALUES ( '50411', 'The Squatter''s Dream: A Story of Australian Life', 'Boldrewood, Rolf', 'en', 'Public domain in the USA.' );
INSERT INTO classifications ( gid, classification ) VALUES ( '50411', 'PR' );
INSERT INTO subjects ( gid, subject ) VALUES ( '50411', 'Australia -- Fiction' );
INSERT INTO files ( gid, file, mime ) VALUES ( '50411', 'http://www.gutenberg.org/cache/epub/50411/pg50411.cover.medium.jpg', 'image/jpeg' );
INSERT INTO files ( gid, file, mime ) VALUES ( '50411', 'http://www.gutenberg.org/cache/epub/50411/pg50411.cover.small.jpg', 'image/jpeg' );
INSERT INTO files ( gid, file, mime ) VALUES ( '50411', 'http://www.gutenberg.org/ebooks/50411.epub.images', 'application/epub+zip' );
INSERT INTO files ( gid, file, mime ) VALUES ( '50411', 'http://www.gutenberg.org/ebooks/50411.epub.noimages', 'application/epub+zip' );
INSERT INTO files ( gid, file, mime ) VALUES ( '50411', 'http://www.gutenberg.org/ebooks/50411.kindle.images', 'application/x-mobipocket-ebook' );
INSERT INTO files ( gid, file, mime ) VALUES ( '50411', 'http://www.gutenberg.org/ebooks/50411.kindle.noimages', 'application/x-mobipocket-ebook' );
INSERT INTO files ( gid, file, mime ) VALUES ( '50411', 'http://www.gutenberg.org/ebooks/50411.rdf', 'application/rdf+xml' );
INSERT INTO files ( gid, file, mime ) VALUES ( '50411', 'http://www.gutenberg.org/files/50411/50411-0.txt', 'text/plain; charset=utf-8' );
INSERT INTO files ( gid, file, mime ) VALUES ( '50411', 'http://www.gutenberg.org/files/50411/50411-0.zip', 'text/plain; charset=utf-8application/zip' );
INSERT INTO files ( gid, file, mime ) VALUES ( '50411', 'http://www.gutenberg.org/files/50411/50411-8.txt', 'text/plain; charset=iso-8859-1' );
INSERT INTO files ( gid, file, mime ) VALUES ( '50411', 'http://www.gutenberg.org/files/50411/50411-8.zip', 'text/plain; charset=iso-8859-1application/zip' );
INSERT INTO files ( gid, file, mime ) VALUES ( '50411', 'http://www.gutenberg.org/files/50411/50411-h.zip', 'application/ziptext/html; charset=utf-8' );
INSERT INTO files ( gid, file, mime ) VALUES ( '50411', 'http://www.gutenberg.org/files/50411/50411-h/50411-h.htm', 'text/html; charset=utf-8' );
INSERT INTO titles ( gid, title, author, language, rights ) VALUES ( '50511', 'Loitering in Pleasant Paths', 'Harland, Marion', 'en', 'Public domain in the USA.' );
INSERT INTO classifications ( gid, classification ) VALUES ( '50511', 'D' );
INSERT INTO classifications ( gid, classification ) VALUES ( '50511', 'PS' );
INSERT INTO subjects ( gid, subject ) VALUES ( '50511', 'Europe -- Description and travel' );
INSERT INTO files ( gid, file, mime ) VALUES ( '50511', 'http://www.gutenberg.org/cache/epub/50511/pg50511.cover.medium.jpg', 'image/jpeg' );
INSERT INTO files ( gid, file, mime ) VALUES ( '50511', 'http://www.gutenberg.org/cache/epub/50511/pg50511.cover.small.jpg', 'image/jpeg' );
INSERT INTO files ( gid, file, mime ) VALUES ( '50511', 'http://www.gutenberg.org/ebooks/50511.epub.images', 'application/epub+zip' );
INSERT INTO files ( gid, file, mime ) VALUES ( '50511', 'http://www.gutenberg.org/ebooks/50511.epub.noimages', 'application/epub+zip' );
INSERT INTO files ( gid, file, mime ) VALUES ( '50511', 'http://www.gutenberg.org/ebooks/50511.kindle.images', 'application/x-mobipocket-ebook' );
INSERT INTO files ( gid, file, mime ) VALUES ( '50511', 'http://www.gutenberg.org/ebooks/50511.kindle.noimages', 'application/x-mobipocket-ebook' );
INSERT INTO files ( gid, file, mime ) VALUES ( '50511', 'http://www.gutenberg.org/ebooks/50511.rdf', 'application/rdf+xml' );
INSERT INTO files ( gid, file, mime ) VALUES ( '50511', 'http://www.gutenberg.org/files/50511/50511-0.txt', 'text/plain; charset=utf-8' );
INSERT INTO files ( gid, file, mime ) VALUES ( '50511', 'http://www.gutenberg.org/files/50511/50511-0.zip', 'application/ziptext/plain; charset=utf-8' );
INSERT INTO files ( gid, file, mime ) VALUES ( '50511', 'http://www.gutenberg.org/files/50511/50511-h.zip', 'text/html; charset=utf-8application/zip' );
INSERT INTO files ( gid, file, mime ) VALUES ( '50511', 'http://www.gutenberg.org/files/50511/50511-h/50511-h.htm', 'text/html; charset=utf-8' );
INSERT INTO titles ( gid, title, author, language, rights ) VALUES ( '50611', 'The Pillar of Fire; or, Israel in Bondage', 'Ingraham, J. H. (Joseph Holt)', 'en', 'Public domain in the USA.' );
INSERT INTO classifications ( gid, classification ) VALUES ( '50611', 'PS' );
INSERT INTO subjects ( gid, subject ) VALUES ( '50611', 'Jews -- Fiction' );
INSERT INTO subjects ( gid, subject ) VALUES ( '50611', 'Historical fiction' );
INSERT INTO subjects ( gid, subject ) VALUES ( '50611', 'Jewish fiction' );
INSERT INTO files ( gid, file, mime ) VALUES ( '50611', 'http://www.gutenberg.org/cache/epub/50611/pg50611.cover.medium.jpg', 'image/jpeg' );
INSERT INTO files ( gid, file, mime ) VALUES ( '50611', 'http://www.gutenberg.org/cache/epub/50611/pg50611.cover.small.jpg', 'image/jpeg' );
INSERT INTO files ( gid, file, mime ) VALUES ( '50611', 'http://www.gutenberg.org/ebooks/50611.epub.images', 'application/epub+zip' );
INSERT INTO files ( gid, file, mime ) VALUES ( '50611', 'http://www.gutenberg.org/ebooks/50611.epub.noimages', 'application/epub+zip' );
INSERT INTO files ( gid, file, mime ) VALUES ( '50611', 'http://www.gutenberg.org/ebooks/50611.kindle.images', 'application/x-mobipocket-ebook' );
INSERT INTO files ( gid, file, mime ) VALUES ( '50611', 'http://www.gutenberg.org/ebooks/50611.kindle.noimages', 'application/x-mobipocket-ebook' );
INSERT INTO files ( gid, file, mime ) VALUES ( '50611', 'http://www.gutenberg.org/ebooks/50611.rdf', 'application/rdf+xml' );
INSERT INTO files ( gid, file, mime ) VALUES ( '50611', 'http://www.gutenberg.org/files/50611/50611-0.txt', 'text/plain; charset=utf-8' );
INSERT INTO files ( gid, file, mime ) VALUES ( '50611', 'http://www.gutenberg.org/files/50611/50611-0.zip', 'text/plain; charset=utf-8application/zip' );
INSERT INTO files ( gid, file, mime ) VALUES ( '50611', 'http://www.gutenberg.org/files/50611/50611-8.txt', 'text/plain; charset=iso-8859-1' );
INSERT INTO files ( gid, file, mime ) VALUES ( '50611', 'http://www.gutenberg.org/files/50611/50611-8.zip', 'application/ziptext/plain; charset=iso-8859-1' );
INSERT INTO files ( gid, file, mime ) VALUES ( '50611', 'http://www.gutenberg.org/files/50611/50611-h.zip', 'application/ziptext/html; charset=iso-8859-1' );
INSERT INTO files ( gid, file, mime ) VALUES ( '50611', 'http://www.gutenberg.org/files/50611/50611-h/50611-h.htm', 'text/html; charset=iso-8859-1' );
INSERT INTO titles ( gid, title, author, language, rights ) VALUES ( '50711', 'Salliman oikkuja', 'Alkio, Santeri', 'fi', 'Public domain in the USA.' );
INSERT INTO classifications ( gid, classification ) VALUES ( '50711', 'PH' );
INSERT INTO subjects ( gid, subject ) VALUES ( '50711', 'Fiction' );
INSERT INTO files ( gid, file, mime ) VALUES ( '50711', 'http://www.gutenberg.org/ebooks/50711.epub.images', 'application/epub+zip' );
INSERT INTO files ( gid, file, mime ) VALUES ( '50711', 'http://www.gutenberg.org/ebooks/50711.epub.noimages', 'application/epub+zip' );
INSERT INTO files ( gid, file, mime ) VALUES ( '50711', 'http://www.gutenberg.org/ebooks/50711.html.images', 'text/html' );
INSERT INTO files ( gid, file, mime ) VALUES ( '50711', 'http://www.gutenberg.org/ebooks/50711.html.noimages', 'text/html' );
INSERT INTO files ( gid, file, mime ) VALUES ( '50711', 'http://www.gutenberg.org/ebooks/50711.kindle.images', 'application/x-mobipocket-ebook' );
INSERT INTO files ( gid, file, mime ) VALUES ( '50711', 'http://www.gutenberg.org/ebooks/50711.kindle.noimages', 'application/x-mobipocket-ebook' );
INSERT INTO files ( gid, file, mime ) VALUES ( '50711', 'http://www.gutenberg.org/ebooks/50711.rdf', 'application/rdf+xml' );
INSERT INTO files ( gid, file, mime ) VALUES ( '50711', 'http://www.gutenberg.org/ebooks/50711.txt.utf-8', 'text/plain' );
INSERT INTO files ( gid, file, mime ) VALUES ( '50711', 'http://www.gutenberg.org/files/50711/50711-8.txt', 'text/plain; charset=iso-8859-1' );
INSERT INTO files ( gid, file, mime ) VALUES ( '50711', 'http://www.gutenberg.org/files/50711/50711-8.zip', 'application/ziptext/plain; charset=iso-8859-1' );
INSERT INTO titles ( gid, title, author, language, rights ) VALUES ( '50811', 'What Happened at Quasi: The Story of a Carolina Cruise', 'Eggleston, George Cary', 'en', 'Public domain in the USA.' );
INSERT INTO classifications ( gid, classification ) VALUES ( '50811', 'PZ' );
INSERT INTO subjects ( gid, subject ) VALUES ( '50811', 'Young men -- Juvenile fiction' );
INSERT INTO subjects ( gid, subject ) VALUES ( '50811', 'South Carolina -- Juvenile fiction' );
INSERT INTO subjects ( gid, subject ) VALUES ( '50811', 'Camping -- Juvenile fiction' );
INSERT INTO subjects ( gid, subject ) VALUES ( '50811', 'Outdoor life -- Juvenile fiction' );
INSERT INTO subjects ( gid, subject ) VALUES ( '50811', 'Boats and boating -- Juvenile fiction' );
INSERT INTO subjects ( gid, subject ) VALUES ( '50811', 'Adventure stories' );
INSERT INTO subjects ( gid, subject ) VALUES ( '50811', 'Friendship -- Juvenile fiction' );
INSERT INTO files ( gid, file, mime ) VALUES ( '50811', 'http://www.gutenberg.org/cache/epub/50811/pg50811.cover.medium.jpg', 'image/jpeg' );
INSERT INTO files ( gid, file, mime ) VALUES ( '50811', 'http://www.gutenberg.org/cache/epub/50811/pg50811.cover.small.jpg', 'image/jpeg' );
INSERT INTO files ( gid, file, mime ) VALUES ( '50811', 'http://www.gutenberg.org/ebooks/50811.epub.images', 'application/epub+zip' );
INSERT INTO files ( gid, file, mime ) VALUES ( '50811', 'http://www.gutenberg.org/ebooks/50811.epub.noimages', 'application/epub+zip' );
INSERT INTO files ( gid, file, mime ) VALUES ( '50811', 'http://www.gutenberg.org/ebooks/50811.kindle.images', 'application/x-mobipocket-ebook' );
INSERT INTO files ( gid, file, mime ) VALUES ( '50811', 'http://www.gutenberg.org/ebooks/50811.kindle.noimages', 'application/x-mobipocket-ebook' );
INSERT INTO files ( gid, file, mime ) VALUES ( '50811', 'http://www.gutenberg.org/ebooks/50811.rdf', 'application/rdf+xml' );
INSERT INTO files ( gid, file, mime ) VALUES ( '50811', 'http://www.gutenberg.org/files/50811/50811-0.txt', 'text/plain; charset=utf-8' );
INSERT INTO files ( gid, file, mime ) VALUES ( '50811', 'http://www.gutenberg.org/files/50811/50811-0.zip', 'text/plain; charset=utf-8application/zip' );
INSERT INTO files ( gid, file, mime ) VALUES ( '50811', 'http://www.gutenberg.org/files/50811/50811-h.zip', 'application/ziptext/html; charset=utf-8' );
INSERT INTO files ( gid, file, mime ) VALUES ( '50811', 'http://www.gutenberg.org/files/50811/50811-h/50811-h.htm', 'text/html; charset=utf-8' );
INSERT INTO titles ( gid, title, author, language, rights ) VALUES ( '10011', '365 Foreign Dishes A Foreign Dish for Every Day in the Year', 'Unknown', 'en', 'Public domain in the USA.' );
INSERT INTO classifications ( gid, classification ) VALUES ( '10011', 'TX' );
INSERT INTO subjects ( gid, subject ) VALUES ( '10011', 'Cooking' );
INSERT INTO files ( gid, file, mime ) VALUES ( '10011', 'http://www.gutenberg.org/ebooks/10011.epub.images', 'application/epub+zip' );
INSERT INTO files ( gid, file, mime ) VALUES ( '10011', 'http://www.gutenberg.org/ebooks/10011.epub.noimages', 'application/epub+zip' );
INSERT INTO files ( gid, file, mime ) VALUES ( '10011', 'http://www.gutenberg.org/ebooks/10011.kindle.images', 'application/x-mobipocket-ebook' );
INSERT INTO files ( gid, file, mime ) VALUES ( '10011', 'http://www.gutenberg.org/ebooks/10011.kindle.noimages', 'application/x-mobipocket-ebook' );
INSERT INTO files ( gid, file, mime ) VALUES ( '10011', 'http://www.gutenberg.org/ebooks/10011.rdf', 'application/rdf+xml' );
INSERT INTO files ( gid, file, mime ) VALUES ( '10011', 'http://www.gutenberg.org/ebooks/10011.txt.utf-8', 'text/plain' );
INSERT INTO files ( gid, file, mime ) VALUES ( '10011', 'http://www.gutenberg.org/files/10011/10011-8.txt', 'text/plain; charset=iso-8859-1' );
INSERT INTO files ( gid, file, mime ) VALUES ( '10011', 'http://www.gutenberg.org/files/10011/10011-8.zip', 'text/plain; charset=iso-8859-1application/zip' );
INSERT INTO files ( gid, file, mime ) VALUES ( '10011', 'http://www.gutenberg.org/files/10011/10011-h.zip', 'application/ziptext/html' );
INSERT INTO files ( gid, file, mime ) VALUES ( '10011', 'http://www.gutenberg.org/files/10011/10011-h/10011-h.htm', 'text/html; charset=iso-8859-1' );
INSERT INTO files ( gid, file, mime ) VALUES ( '10011', 'http://www.gutenberg.org/files/10011/10011.txt', 'text/plain; charset=us-ascii' );
INSERT INTO files ( gid, file, mime ) VALUES ( '10011', 'http://www.gutenberg.org/files/10011/10011.zip', 'application/ziptext/plain' );
INSERT INTO titles ( gid, title, author, language, rights ) VALUES ( '10111', 'Boys and Girls from Thackeray', 'Sweetser, Kate Dickinson', 'en', 'Public domain in the USA.' );
INSERT INTO classifications ( gid, classification ) VALUES ( '10111', 'PR' );
INSERT INTO subjects ( gid, subject ) VALUES ( '10111', 'Thackeray, William Makepeace, 1811-1863 -- Characters' );
INSERT INTO files ( gid, file, mime ) VALUES ( '10111', 'http://www.gutenberg.org/ebooks/10111.epub.images', 'application/epub+zip' );
INSERT INTO files ( gid, file, mime ) VALUES ( '10111', 'http://www.gutenberg.org/ebooks/10111.epub.noimages', 'application/epub+zip' );
INSERT INTO files ( gid, file, mime ) VALUES ( '10111', 'http://www.gutenberg.org/ebooks/10111.html.images', 'text/html' );
INSERT INTO files ( gid, file, mime ) VALUES ( '10111', 'http://www.gutenberg.org/ebooks/10111.html.noimages', 'text/html' );
INSERT INTO files ( gid, file, mime ) VALUES ( '10111', 'http://www.gutenberg.org/ebooks/10111.kindle.images', 'application/x-mobipocket-ebook' );
INSERT INTO files ( gid, file, mime ) VALUES ( '10111', 'http://www.gutenberg.org/ebooks/10111.kindle.noimages', 'application/x-mobipocket-ebook' );
INSERT INTO files ( gid, file, mime ) VALUES ( '10111', 'http://www.gutenberg.org/ebooks/10111.rdf', 'application/rdf+xml' );
INSERT INTO files ( gid, file, mime ) VALUES ( '10111', 'http://www.gutenberg.org/ebooks/10111.txt.utf-8', 'text/plain' );
INSERT INTO files ( gid, file, mime ) VALUES ( '10111', 'http://www.gutenberg.org/files/10111/10111-8.txt', 'text/plain; charset=iso-8859-1' );
INSERT INTO files ( gid, file, mime ) VALUES ( '10111', 'http://www.gutenberg.org/files/10111/10111-8.zip', 'application/ziptext/plain; charset=iso-8859-1' );
INSERT INTO files ( gid, file, mime ) VALUES ( '10111', 'http://www.gutenberg.org/files/10111/10111.txt', 'text/plain' );
INSERT INTO files ( gid, file, mime ) VALUES ( '10111', 'http://www.gutenberg.org/files/10111/10111.zip', 'application/ziptext/plain' );
INSERT INTO titles ( gid, title, author, language, rights ) VALUES ( '10211', 'At Whispering Pine Lodge', 'Leslie, Lawrence J.', 'en', 'Public domain in the USA.' );
INSERT INTO classifications ( gid, classification ) VALUES ( '10211', 'PS' );
INSERT INTO subjects ( gid, subject ) VALUES ( '10211', 'Camping -- Fiction' );
INSERT INTO files ( gid, file, mime ) VALUES ( '10211', 'http://www.gutenberg.org/ebooks/10211.epub.images', 'application/epub+zip' );
INSERT INTO files ( gid, file, mime ) VALUES ( '10211', 'http://www.gutenberg.org/ebooks/10211.epub.noimages', 'application/epub+zip' );
INSERT INTO files ( gid, file, mime ) VALUES ( '10211', 'http://www.gutenberg.org/ebooks/10211.kindle.images', 'application/x-mobipocket-ebook' );
INSERT INTO files ( gid, file, mime ) VALUES ( '10211', 'http://www.gutenberg.org/ebooks/10211.kindle.noimages', 'application/x-mobipocket-ebook' );
INSERT INTO files ( gid, file, mime ) VALUES ( '10211', 'http://www.gutenberg.org/ebooks/10211.rdf', 'application/rdf+xml' );
INSERT INTO files ( gid, file, mime ) VALUES ( '10211', 'http://www.gutenberg.org/ebooks/10211.txt.utf-8', 'text/plain' );
INSERT INTO files ( gid, file, mime ) VALUES ( '10211', 'http://www.gutenberg.org/files/10211/10211-h.zip', 'text/htmlapplication/zip' );
INSERT INTO files ( gid, file, mime ) VALUES ( '10211', 'http://www.gutenberg.org/files/10211/10211-h/10211-h.htm', 'text/html; charset=us-ascii' );
INSERT INTO files ( gid, file, mime ) VALUES ( '10211', 'http://www.gutenberg.org/files/10211/10211.txt', 'text/plain; charset=us-ascii' );
INSERT INTO files ( gid, file, mime ) VALUES ( '10211', 'http://www.gutenberg.org/files/10211/10211.zip', 'application/ziptext/plain' );
INSERT INTO titles ( gid, title, author, language, rights ) VALUES ( '1011', 'La Divina Commedia di Dante: Paradiso', 'Dante Alighieri', 'it', 'Public domain in the USA.' );
INSERT INTO classifications ( gid, classification ) VALUES ( '1011', 'PQ' );
INSERT INTO subjects ( gid, subject ) VALUES ( '1011', 'Epic poetry, Italian' );
INSERT INTO subjects ( gid, subject ) VALUES ( '1011', 'Italian poetry -- To 1400' );
INSERT INTO files ( gid, file, mime ) VALUES ( '1011', 'http://www.gutenberg.org/ebooks/1011.epub.images', 'application/epub+zip' );
INSERT INTO files ( gid, file, mime ) VALUES ( '1011', 'http://www.gutenberg.org/ebooks/1011.epub.noimages', 'application/epub+zip' );
INSERT INTO files ( gid, file, mime ) VALUES ( '1011', 'http://www.gutenberg.org/ebooks/1011.kindle.images', 'application/x-mobipocket-ebook' );
INSERT INTO files ( gid, file, mime ) VALUES ( '1011', 'http://www.gutenberg.org/ebooks/1011.kindle.noimages', 'application/x-mobipocket-ebook' );
INSERT INTO files ( gid, file, mime ) VALUES ( '1011', 'http://www.gutenberg.org/ebooks/1011.rdf', 'application/rdf+xml' );
INSERT INTO files ( gid, file, mime ) VALUES ( '1011', 'http://www.gutenberg.org/ebooks/1011.txt.utf-8', 'text/plain' );
INSERT INTO files ( gid, file, mime ) VALUES ( '1011', 'http://www.gutenberg.org/files/1011/1011-8.txt', 'text/plain; charset=iso-8859-1' );
INSERT INTO files ( gid, file, mime ) VALUES ( '1011', 'http://www.gutenberg.org/files/1011/1011-8.zip', 'application/ziptext/plain; charset=iso-8859-1' );
INSERT INTO files ( gid, file, mime ) VALUES ( '1011', 'http://www.gutenberg.org/files/1011/1011-h.zip', 'application/ziptext/html; charset=iso-8859-1' );
INSERT INTO files ( gid, file, mime ) VALUES ( '1011', 'http://www.gutenberg.org/files/1011/1011-h/1011-h.htm', 'text/html; charset=iso-8859-1' );
INSERT INTO titles ( gid, title, author, language, rights ) VALUES ( '10311', 'Around the World on the Phonograph', 'Edison, Thomas A. (Thomas Alva)', 'en', 'Public domain in the USA.' );
INSERT INTO classifications ( gid, classification ) VALUES ( '10311', 'PS' );
INSERT INTO subjects ( gid, subject ) VALUES ( '10311', 'Voyages, Imaginary' );
INSERT INTO files ( gid, file, mime ) VALUES ( '10311', 'http://www.gutenberg.org/ebooks/10311.rdf', 'application/rdf+xml' );
INSERT INTO files ( gid, file, mime ) VALUES ( '10311', 'http://www.gutenberg.org/files/10311/10311-m/10311-m-001.mp3', 'audio/mpeg' );
INSERT INTO files ( gid, file, mime ) VALUES ( '10311', 'http://www.gutenberg.org/files/10311/10311-m/10311-m-readme.txt', 'text/plain; charset=us-ascii' );
INSERT INTO titles ( gid, title, author, language, rights ) VALUES ( '10411', 'By the Sapphire Sea', '', 'en', 'Public domain in the USA.' );
INSERT INTO classifications ( gid, classification ) VALUES ( '10411', 'M' );
INSERT INTO subjects ( gid, subject ) VALUES ( '10411', 'Love songs' );
INSERT INTO subjects ( gid, subject ) VALUES ( '10411', 'Ocean -- Songs and music' );
INSERT INTO subjects ( gid, subject ) VALUES ( '10411', 'Popular music -- 1921-1930' );
INSERT INTO subjects ( gid, subject ) VALUES ( '10411', 'Sea songs' );
INSERT INTO files ( gid, file, mime ) VALUES ( '10411', 'http://www.gutenberg.org/ebooks/10411.rdf', 'application/rdf+xml' );
INSERT INTO files ( gid, file, mime ) VALUES ( '10411', 'http://www.gutenberg.org/files/10411/10411-m.zip', 'application/zipaudio/mpeg' );
INSERT INTO files ( gid, file, mime ) VALUES ( '10411', 'http://www.gutenberg.org/files/10411/10411-m/10411-m-001.mp3', 'audio/mpeg' );
INSERT INTO files ( gid, file, mime ) VALUES ( '10411', 'http://www.gutenberg.org/files/10411/10411-m/10411-m-readme.txt', 'text/plain; charset=us-ascii' );
INSERT INTO titles ( gid, title, author, language, rights ) VALUES ( '10511', 'A Rogue by Compulsion An Affair of the Secret Service', 'Bridges, Victor', 'en', 'Public domain in the USA.' );
INSERT INTO classifications ( gid, classification ) VALUES ( '10511', 'PR' );
INSERT INTO subjects ( gid, subject ) VALUES ( '10511', 'Secret service -- Fiction' );
INSERT INTO subjects ( gid, subject ) VALUES ( '10511', 'Spy stories' );
INSERT INTO files ( gid, file, mime ) VALUES ( '10511', 'http://www.gutenberg.org/ebooks/10511.epub.images', 'application/epub+zip' );
INSERT INTO files ( gid, file, mime ) VALUES ( '10511', 'http://www.gutenberg.org/ebooks/10511.epub.noimages', 'application/epub+zip' );
INSERT INTO files ( gid, file, mime ) VALUES ( '10511', 'http://www.gutenberg.org/ebooks/10511.html.images', 'text/html' );
INSERT INTO files ( gid, file, mime ) VALUES ( '10511', 'http://www.gutenberg.org/ebooks/10511.html.noimages', 'text/html' );
INSERT INTO files ( gid, file, mime ) VALUES ( '10511', 'http://www.gutenberg.org/ebooks/10511.kindle.images', 'application/x-mobipocket-ebook' );
INSERT INTO files ( gid, file, mime ) VALUES ( '10511', 'http://www.gutenberg.org/ebooks/10511.kindle.noimages', 'application/x-mobipocket-ebook' );
INSERT INTO files ( gid, file, mime ) VALUES ( '10511', 'http://www.gutenberg.org/ebooks/10511.rdf', 'application/rdf+xml' );
INSERT INTO files ( gid, file, mime ) VALUES ( '10511', 'http://www.gutenberg.org/ebooks/10511.txt.utf-8', 'text/plain' );
INSERT INTO files ( gid, file, mime ) VALUES ( '10511', 'http://www.gutenberg.org/files/10511/10511-8.txt', 'text/plain; charset=iso-8859-1' );
INSERT INTO files ( gid, file, mime ) VALUES ( '10511', 'http://www.gutenberg.org/files/10511/10511-8.zip', 'text/plain; charset=iso-8859-1application/zip' );
INSERT INTO files ( gid, file, mime ) VALUES ( '10511', 'http://www.gutenberg.org/files/10511/10511.txt', 'text/plain; charset=us-ascii' );
INSERT INTO files ( gid, file, mime ) VALUES ( '10511', 'http://www.gutenberg.org/files/10511/10511.zip', 'application/ziptext/plain; charset=us-ascii' );
INSERT INTO titles ( gid, title, author, language, rights ) VALUES ( '50911', 'Der versiegelte Engel, und andere Geschichten', 'Leskov, N. S. (Nikolai Semenovich)', 'de', 'Public domain in the USA.' );
INSERT INTO classifications ( gid, classification ) VALUES ( '50911', 'PG' );
INSERT INTO subjects ( gid, subject ) VALUES ( '50911', 'Russian fiction -- Translations into German' );
INSERT INTO files ( gid, file, mime ) VALUES ( '50911', 'http://www.gutenberg.org/cache/epub/50911/pg50911.cover.medium.jpg', 'image/jpeg' );
INSERT INTO files ( gid, file, mime ) VALUES ( '50911', 'http://www.gutenberg.org/cache/epub/50911/pg50911.cover.small.jpg', 'image/jpeg' );
INSERT INTO files ( gid, file, mime ) VALUES ( '50911', 'http://www.gutenberg.org/ebooks/50911.epub.images', 'application/epub+zip' );
INSERT INTO files ( gid, file, mime ) VALUES ( '50911', 'http://www.gutenberg.org/ebooks/50911.epub.noimages', 'application/epub+zip' );
INSERT INTO files ( gid, file, mime ) VALUES ( '50911', 'http://www.gutenberg.org/ebooks/50911.kindle.images', 'application/x-mobipocket-ebook' );
INSERT INTO files ( gid, file, mime ) VALUES ( '50911', 'http://www.gutenberg.org/ebooks/50911.kindle.noimages', 'application/x-mobipocket-ebook' );
INSERT INTO files ( gid, file, mime ) VALUES ( '50911', 'http://www.gutenberg.org/ebooks/50911.rdf', 'application/rdf+xml' );
INSERT INTO files ( gid, file, mime ) VALUES ( '50911', 'http://www.gutenberg.org/ebooks/50911.txt.utf-8', 'text/plain' );
INSERT INTO files ( gid, file, mime ) VALUES ( '50911', 'http://www.gutenberg.org/files/50911/50911-8.txt', 'text/plain; charset=iso-8859-1' );
INSERT INTO files ( gid, file, mime ) VALUES ( '50911', 'http://www.gutenberg.org/files/50911/50911-8.zip', 'application/ziptext/plain; charset=iso-8859-1' );
INSERT INTO files ( gid, file, mime ) VALUES ( '50911', 'http://www.gutenberg.org/files/50911/50911-h.zip', 'text/html; charset=iso-8859-1application/zip' );
INSERT INTO files ( gid, file, mime ) VALUES ( '50911', 'http://www.gutenberg.org/files/50911/50911-h/50911-h.htm', 'text/html; charset=iso-8859-1' );
INSERT INTO titles ( gid, title, author, language, rights ) VALUES ( '51011', 'The Ghost Camp; or, the Avengers', 'Boldrewood, Rolf', 'en', 'Public domain in the USA.' );
INSERT INTO classifications ( gid, classification ) VALUES ( '51011', 'PR' );
INSERT INTO subjects ( gid, subject ) VALUES ( '51011', 'Australia -- Fiction' );
INSERT INTO files ( gid, file, mime ) VALUES ( '51011', 'http://www.gutenberg.org/cache/epub/51011/pg51011.cover.medium.jpg', 'image/jpeg' );
INSERT INTO files ( gid, file, mime ) VALUES ( '51011', 'http://www.gutenberg.org/cache/epub/51011/pg51011.cover.small.jpg', 'image/jpeg' );
INSERT INTO files ( gid, file, mime ) VALUES ( '51011', 'http://www.gutenberg.org/ebooks/51011.epub.images', 'application/epub+zip' );
INSERT INTO files ( gid, file, mime ) VALUES ( '51011', 'http://www.gutenberg.org/ebooks/51011.epub.noimages', 'application/epub+zip' );
INSERT INTO files ( gid, file, mime ) VALUES ( '51011', 'http://www.gutenberg.org/ebooks/51011.kindle.images', 'application/x-mobipocket-ebook' );
INSERT INTO files ( gid, file, mime ) VALUES ( '51011', 'http://www.gutenberg.org/ebooks/51011.kindle.noimages', 'application/x-mobipocket-ebook' );
INSERT INTO files ( gid, file, mime ) VALUES ( '51011', 'http://www.gutenberg.org/ebooks/51011.rdf', 'application/rdf+xml' );
INSERT INTO files ( gid, file, mime ) VALUES ( '51011', 'http://www.gutenberg.org/files/51011/51011-0.txt', 'text/plain; charset=utf-8' );
INSERT INTO files ( gid, file, mime ) VALUES ( '51011', 'http://www.gutenberg.org/files/51011/51011-0.zip', 'text/plain; charset=utf-8application/zip' );
INSERT INTO files ( gid, file, mime ) VALUES ( '51011', 'http://www.gutenberg.org/files/51011/51011-h.zip', 'text/html; charset=utf-8application/zip' );
INSERT INTO files ( gid, file, mime ) VALUES ( '51011', 'http://www.gutenberg.org/files/51011/51011-h/51011-h.htm', 'text/html; charset=utf-8' );
INSERT INTO titles ( gid, title, author, language, rights ) VALUES ( '51111', 'Isät ja lapset: Romaani', 'Turgenev, Ivan Sergeevich', 'fi', 'Public domain in the USA.' );
INSERT INTO classifications ( gid, classification ) VALUES ( '51111', 'PG' );
INSERT INTO subjects ( gid, subject ) VALUES ( '51111', 'Domestic fiction' );
INSERT INTO subjects ( gid, subject ) VALUES ( '51111', 'Nihilism (Philosophy) -- Fiction' );
INSERT INTO subjects ( gid, subject ) VALUES ( '51111', 'Russia -- Social conditions -- 1801-1917 -- Fiction' );
INSERT INTO subjects ( gid, subject ) VALUES ( '51111', 'Russia -- Social life and customs -- 1533-1917 -- Fiction' );
INSERT INTO subjects ( gid, subject ) VALUES ( '51111', 'Historical fiction' );
INSERT INTO subjects ( gid, subject ) VALUES ( '51111', 'Fathers and sons -- Fiction' );
INSERT INTO files ( gid, file, mime ) VALUES ( '51111', 'http://www.gutenberg.org/ebooks/51111.epub.images', 'application/epub+zip' );
INSERT INTO files ( gid, file, mime ) VALUES ( '51111', 'http://www.gutenberg.org/ebooks/51111.epub.noimages', 'application/epub+zip' );
INSERT INTO files ( gid, file, mime ) VALUES ( '51111', 'http://www.gutenberg.org/ebooks/51111.html.images', 'text/html' );
INSERT INTO files ( gid, file, mime ) VALUES ( '51111', 'http://www.gutenberg.org/ebooks/51111.html.noimages', 'text/html' );
INSERT INTO files ( gid, file, mime ) VALUES ( '51111', 'http://www.gutenberg.org/ebooks/51111.kindle.images', 'application/x-mobipocket-ebook' );
INSERT INTO files ( gid, file, mime ) VALUES ( '51111', 'http://www.gutenberg.org/ebooks/51111.kindle.noimages', 'application/x-mobipocket-ebook' );
INSERT INTO files ( gid, file, mime ) VALUES ( '51111', 'http://www.gutenberg.org/ebooks/51111.rdf', 'application/rdf+xml' );
INSERT INTO files ( gid, file, mime ) VALUES ( '51111', 'http://www.gutenberg.org/ebooks/51111.txt.utf-8', 'text/plain' );
INSERT INTO files ( gid, file, mime ) VALUES ( '51111', 'http://www.gutenberg.org/files/51111/51111-8.txt', 'text/plain; charset=iso-8859-1' );
INSERT INTO files ( gid, file, mime ) VALUES ( '51111', 'http://www.gutenberg.org/files/51111/51111-8.zip', 'application/ziptext/plain; charset=iso-8859-1' );
INSERT INTO titles ( gid, title, author, language, rights ) VALUES ( '5111', 'The Real Diary of a Real Boy', 'Shute, Henry A. (Henry Augustus)', 'en', 'Public domain in the USA.' );
INSERT INTO classifications ( gid, classification ) VALUES ( '5111', 'PZ' );
INSERT INTO classifications ( gid, classification ) VALUES ( '5111', 'PS' );
INSERT INTO subjects ( gid, subject ) VALUES ( '5111', 'Diary fiction' );
INSERT INTO subjects ( gid, subject ) VALUES ( '5111', 'Boys -- Fiction' );
INSERT INTO files ( gid, file, mime ) VALUES ( '5111', 'http://www.gutenberg.org/ebooks/5111.epub.images', 'application/epub+zip' );
INSERT INTO files ( gid, file, mime ) VALUES ( '5111', 'http://www.gutenberg.org/ebooks/5111.epub.noimages', 'application/epub+zip' );
INSERT INTO files ( gid, file, mime ) VALUES ( '5111', 'http://www.gutenberg.org/ebooks/5111.kindle.images', 'application/x-mobipocket-ebook' );
INSERT INTO files ( gid, file, mime ) VALUES ( '5111', 'http://www.gutenberg.org/ebooks/5111.kindle.noimages', 'application/x-mobipocket-ebook' );
INSERT INTO files ( gid, file, mime ) VALUES ( '5111', 'http://www.gutenberg.org/ebooks/5111.rdf', 'application/rdf+xml' );
INSERT INTO files ( gid, file, mime ) VALUES ( '5111', 'http://www.gutenberg.org/ebooks/5111.txt.utf-8', 'text/plain' );
INSERT INTO files ( gid, file, mime ) VALUES ( '5111', 'http://www.gutenberg.org/files/5111/5111-h.zip', 'text/html; charset=us-asciiapplication/zip' );
INSERT INTO files ( gid, file, mime ) VALUES ( '5111', 'http://www.gutenberg.org/files/5111/5111-h/5111-h.htm', 'text/html; charset=us-ascii' );
INSERT INTO files ( gid, file, mime ) VALUES ( '5111', 'http://www.gutenberg.org/files/5111/5111.txt', 'text/plain; charset=us-ascii' );
INSERT INTO files ( gid, file, mime ) VALUES ( '5111', 'http://www.gutenberg.org/files/5111/5111.zip', 'text/plain; charset=us-asciiapplication/zip' );
INSERT INTO titles ( gid, title, author, language, rights ) VALUES ( '511', 'The Purcell Papers — Volume 3', 'Le Fanu, Joseph Sheridan', 'en', 'Public domain in the USA.' );
INSERT INTO classifications ( gid, classification ) VALUES ( '511', 'PR' );
INSERT INTO subjects ( gid, subject ) VALUES ( '511', 'Fantasy fiction, English' );
INSERT INTO subjects ( gid, subject ) VALUES ( '511', 'Ireland -- Fiction' );
INSERT INTO files ( gid, file, mime ) VALUES ( '511', 'http://www.gutenberg.org/ebooks/511.epub.images', 'application/epub+zip' );
INSERT INTO files ( gid, file, mime ) VALUES ( '511', 'http://www.gutenberg.org/ebooks/511.epub.noimages', 'application/epub+zip' );
INSERT INTO files ( gid, file, mime ) VALUES ( '511', 'http://www.gutenberg.org/ebooks/511.kindle.images', 'application/x-mobipocket-ebook' );
INSERT INTO files ( gid, file, mime ) VALUES ( '511', 'http://www.gutenberg.org/ebooks/511.kindle.noimages', 'application/x-mobipocket-ebook' );
INSERT INTO files ( gid, file, mime ) VALUES ( '511', 'http://www.gutenberg.org/ebooks/511.rdf', 'application/rdf+xml' );
INSERT INTO files ( gid, file, mime ) VALUES ( '511', 'http://www.gutenberg.org/ebooks/511.txt.utf-8', 'text/plain' );
INSERT INTO files ( gid, file, mime ) VALUES ( '511', 'http://www.gutenberg.org/files/511/511-h.zip', 'application/ziptext/html; charset=us-ascii' );
INSERT INTO files ( gid, file, mime ) VALUES ( '511', 'http://www.gutenberg.org/files/511/511-h/511-h.htm', 'text/html; charset=us-ascii' );
INSERT INTO files ( gid, file, mime ) VALUES ( '511', 'http://www.gutenberg.org/files/511/511.txt', 'text/plain; charset=us-ascii' );
INSERT INTO files ( gid, file, mime ) VALUES ( '511', 'http://www.gutenberg.org/files/511/511.zip', 'application/ziptext/plain; charset=us-ascii' );
INSERT INTO titles ( gid, title, author, language, rights ) VALUES ( '51211', 'A Rebel''s Recollections', 'Eggleston, George Cary', 'en', 'Public domain in the USA.' );
INSERT INTO subjects ( gid, subject ) VALUES ( '51211', 'United States -- History -- Civil War, 1861-1865 -- Personal narratives, Confederate' );
INSERT INTO subjects ( gid, subject ) VALUES ( '51211', 'Eggleston, George Cary, 1839-1911' );
INSERT INTO subjects ( gid, subject ) VALUES ( '51211', 'Confederate States of America -- History' );
INSERT INTO subjects ( gid, subject ) VALUES ( '51211', 'E456' );
INSERT INTO files ( gid, file, mime ) VALUES ( '51211', 'http://www.gutenberg.org/cache/epub/51211/pg51211.cover.medium.jpg', 'image/jpeg' );
INSERT INTO files ( gid, file, mime ) VALUES ( '51211', 'http://www.gutenberg.org/cache/epub/51211/pg51211.cover.small.jpg', 'image/jpeg' );
INSERT INTO files ( gid, file, mime ) VALUES ( '51211', 'http://www.gutenberg.org/ebooks/51211.epub.images', 'application/epub+zip' );
INSERT INTO files ( gid, file, mime ) VALUES ( '51211', 'http://www.gutenberg.org/ebooks/51211.epub.noimages', 'application/epub+zip' );
INSERT INTO files ( gid, file, mime ) VALUES ( '51211', 'http://www.gutenberg.org/ebooks/51211.kindle.images', 'application/x-mobipocket-ebook' );
INSERT INTO files ( gid, file, mime ) VALUES ( '51211', 'http://www.gutenberg.org/ebooks/51211.kindle.noimages', 'application/x-mobipocket-ebook' );
INSERT INTO files ( gid, file, mime ) VALUES ( '51211', 'http://www.gutenberg.org/ebooks/51211.rdf', 'application/rdf+xml' );
INSERT INTO files ( gid, file, mime ) VALUES ( '51211', 'http://www.gutenberg.org/ebooks/51211.txt.utf-8', 'text/plain' );
INSERT INTO files ( gid, file, mime ) VALUES ( '51211', 'http://www.gutenberg.org/files/51211/51211-8.txt', 'text/plain; charset=iso-8859-1' );
INSERT INTO files ( gid, file, mime ) VALUES ( '51211', 'http://www.gutenberg.org/files/51211/51211-8.zip', 'text/plain; charset=iso-8859-1application/zip' );
INSERT INTO files ( gid, file, mime ) VALUES ( '51211', 'http://www.gutenberg.org/files/51211/51211-h.zip', 'application/ziptext/html; charset=iso-8859-1' );
INSERT INTO files ( gid, file, mime ) VALUES ( '51211', 'http://www.gutenberg.org/files/51211/51211-h/51211-h.htm', 'text/html; charset=iso-8859-1' );
INSERT INTO titles ( gid, title, author, language, rights ) VALUES ( '51311', 'Make Me An Offer', 'Blomberg, Con', 'en', 'Public domain in the USA.' );
INSERT INTO classifications ( gid, classification ) VALUES ( '51311', 'PS' );
INSERT INTO subjects ( gid, subject ) VALUES ( '51311', 'New York (N.Y.) -- Fiction' );
INSERT INTO subjects ( gid, subject ) VALUES ( '51311', 'Science fiction' );
INSERT INTO subjects ( gid, subject ) VALUES ( '51311', 'Protest movements -- Fiction' );
INSERT INTO subjects ( gid, subject ) VALUES ( '51311', 'City managers -- Fiction' );
INSERT INTO subjects ( gid, subject ) VALUES ( '51311', 'Short stories' );
INSERT INTO files ( gid, file, mime ) VALUES ( '51311', 'http://www.gutenberg.org/cache/epub/51311/pg51311.cover.medium.jpg', 'image/jpeg' );
INSERT INTO files ( gid, file, mime ) VALUES ( '51311', 'http://www.gutenberg.org/cache/epub/51311/pg51311.cover.small.jpg', 'image/jpeg' );
INSERT INTO files ( gid, file, mime ) VALUES ( '51311', 'http://www.gutenberg.org/ebooks/51311.epub.images', 'application/epub+zip' );
INSERT INTO files ( gid, file, mime ) VALUES ( '51311', 'http://www.gutenberg.org/ebooks/51311.epub.noimages', 'application/epub+zip' );
INSERT INTO files ( gid, file, mime ) VALUES ( '51311', 'http://www.gutenberg.org/ebooks/51311.kindle.images', 'application/x-mobipocket-ebook' );
INSERT INTO files ( gid, file, mime ) VALUES ( '51311', 'http://www.gutenberg.org/ebooks/51311.kindle.noimages', 'application/x-mobipocket-ebook' );
INSERT INTO files ( gid, file, mime ) VALUES ( '51311', 'http://www.gutenberg.org/ebooks/51311.rdf', 'application/rdf+xml' );
INSERT INTO files ( gid, file, mime ) VALUES ( '51311', 'http://www.gutenberg.org/ebooks/51311.txt.utf-8', 'text/plain' );
INSERT INTO files ( gid, file, mime ) VALUES ( '51311', 'http://www.gutenberg.org/files/51311/51311-h.zip', 'application/ziptext/html; charset=us-ascii' );
INSERT INTO files ( gid, file, mime ) VALUES ( '51311', 'http://www.gutenberg.org/files/51311/51311-h/51311-h.htm', 'text/html; charset=us-ascii' );
INSERT INTO files ( gid, file, mime ) VALUES ( '51311', 'http://www.gutenberg.org/files/51311/51311.txt', 'text/plain; charset=us-ascii' );
INSERT INTO files ( gid, file, mime ) VALUES ( '51311', 'http://www.gutenberg.org/files/51311/51311.zip', 'application/ziptext/plain; charset=us-ascii' );
INSERT INTO titles ( gid, title, author, language, rights ) VALUES ( '51411', 'The Campaign in Russian Poland', 'Standing, Percy Cross', 'en', 'Public domain in the USA.' );
INSERT INTO subjects ( gid, subject ) VALUES ( '51411', 'World War, 1914-1918 -- Campaigns -- Eastern Front' );
INSERT INTO subjects ( gid, subject ) VALUES ( '51411', 'D501' );
INSERT INTO files ( gid, file, mime ) VALUES ( '51411', 'http://www.gutenberg.org/cache/epub/51411/pg51411.cover.medium.jpg', 'image/jpeg' );
INSERT INTO files ( gid, file, mime ) VALUES ( '51411', 'http://www.gutenberg.org/cache/epub/51411/pg51411.cover.small.jpg', 'image/jpeg' );
INSERT INTO files ( gid, file, mime ) VALUES ( '51411', 'http://www.gutenberg.org/ebooks/51411.epub.images', 'application/epub+zip' );
INSERT INTO files ( gid, file, mime ) VALUES ( '51411', 'http://www.gutenberg.org/ebooks/51411.epub.noimages', 'application/epub+zip' );
INSERT INTO files ( gid, file, mime ) VALUES ( '51411', 'http://www.gutenberg.org/ebooks/51411.kindle.images', 'application/x-mobipocket-ebook' );
INSERT INTO files ( gid, file, mime ) VALUES ( '51411', 'http://www.gutenberg.org/ebooks/51411.kindle.noimages', 'application/x-mobipocket-ebook' );
INSERT INTO files ( gid, file, mime ) VALUES ( '51411', 'http://www.gutenberg.org/ebooks/51411.rdf', 'application/rdf+xml' );
INSERT INTO files ( gid, file, mime ) VALUES ( '51411', 'http://www.gutenberg.org/files/51411/51411-0.txt', 'text/plain; charset=utf-8' );
INSERT INTO files ( gid, file, mime ) VALUES ( '51411', 'http://www.gutenberg.org/files/51411/51411-0.zip', 'application/ziptext/plain; charset=utf-8' );
INSERT INTO files ( gid, file, mime ) VALUES ( '51411', 'http://www.gutenberg.org/files/51411/51411-h.zip', 'text/htmlapplication/zip' );
INSERT INTO files ( gid, file, mime ) VALUES ( '51411', 'http://www.gutenberg.org/files/51411/51411-h/51411-h.htm', 'text/html' );
INSERT INTO titles ( gid, title, author, language, rights ) VALUES ( '51511', 'An encyclopedist of the dark ages: Isidore of Seville', 'Brehaut, Ernest', 'en', 'Public domain in the USA.' );
INSERT INTO classifications ( gid, classification ) VALUES ( '51511', 'PA' );
INSERT INTO subjects ( gid, subject ) VALUES ( '51511', 'Isidore, of Seville, Saint, -636' );
INSERT INTO subjects ( gid, subject ) VALUES ( '51511', 'Thesis (Ph. D.)' );
INSERT INTO files ( gid, file, mime ) VALUES ( '51511', 'http://www.gutenberg.org/cache/epub/51511/pg51511.cover.medium.jpg', 'image/jpeg' );
INSERT INTO files ( gid, file, mime ) VALUES ( '51511', 'http://www.gutenberg.org/cache/epub/51511/pg51511.cover.small.jpg', 'image/jpeg' );
INSERT INTO files ( gid, file, mime ) VALUES ( '51511', 'http://www.gutenberg.org/ebooks/51511.epub.images', 'application/epub+zip' );
INSERT INTO files ( gid, file, mime ) VALUES ( '51511', 'http://www.gutenberg.org/ebooks/51511.epub.noimages', 'application/epub+zip' );
INSERT INTO files ( gid, file, mime ) VALUES ( '51511', 'http://www.gutenberg.org/ebooks/51511.kindle.images', 'application/x-mobipocket-ebook' );
INSERT INTO files ( gid, file, mime ) VALUES ( '51511', 'http://www.gutenberg.org/ebooks/51511.kindle.noimages', 'application/x-mobipocket-ebook' );
INSERT INTO files ( gid, file, mime ) VALUES ( '51511', 'http://www.gutenberg.org/ebooks/51511.rdf', 'application/rdf+xml' );
INSERT INTO files ( gid, file, mime ) VALUES ( '51511', 'http://www.gutenberg.org/files/51511/51511-0.txt', 'text/plain; charset=utf-8' );
INSERT INTO files ( gid, file, mime ) VALUES ( '51511', 'http://www.gutenberg.org/files/51511/51511-0.zip', 'text/plain; charset=utf-8application/zip' );
INSERT INTO files ( gid, file, mime ) VALUES ( '51511', 'http://www.gutenberg.org/files/51511/51511-h.zip', 'text/html; charset=utf-8application/zip' );
INSERT INTO files ( gid, file, mime ) VALUES ( '51511', 'http://www.gutenberg.org/files/51511/51511-h/51511-h.htm', 'text/html; charset=utf-8' );
INSERT INTO titles ( gid, title, author, language, rights ) VALUES ( '51711', 'El Canto Errante Obras Completas Vol. XVI', 'Darío, Rubén', 'es', 'Public domain in the USA.' );
INSERT INTO classifications ( gid, classification ) VALUES ( '51711', 'PQ' );
INSERT INTO subjects ( gid, subject ) VALUES ( '51711', 'Nicaraguan poetry' );
INSERT INTO files ( gid, file, mime ) VALUES ( '51711', 'http://www.gutenberg.org/cache/epub/51711/pg51711.cover.medium.jpg', 'image/jpeg' );
INSERT INTO files ( gid, file, mime ) VALUES ( '51711', 'http://www.gutenberg.org/cache/epub/51711/pg51711.cover.small.jpg', 'image/jpeg' );
INSERT INTO files ( gid, file, mime ) VALUES ( '51711', 'http://www.gutenberg.org/ebooks/51711.epub.images', 'application/epub+zip' );
INSERT INTO files ( gid, file, mime ) VALUES ( '51711', 'http://www.gutenberg.org/ebooks/51711.epub.noimages', 'application/epub+zip' );
INSERT INTO files ( gid, file, mime ) VALUES ( '51711', 'http://www.gutenberg.org/ebooks/51711.kindle.images', 'application/x-mobipocket-ebook' );
INSERT INTO files ( gid, file, mime ) VALUES ( '51711', 'http://www.gutenberg.org/ebooks/51711.kindle.noimages', 'application/x-mobipocket-ebook' );
INSERT INTO files ( gid, file, mime ) VALUES ( '51711', 'http://www.gutenberg.org/ebooks/51711.rdf', 'application/rdf+xml' );
INSERT INTO files ( gid, file, mime ) VALUES ( '51711', 'http://www.gutenberg.org/files/51711/51711-0.txt', 'text/plain; charset=utf-8' );
INSERT INTO files ( gid, file, mime ) VALUES ( '51711', 'http://www.gutenberg.org/files/51711/51711-0.zip', 'text/plain; charset=utf-8application/zip' );
INSERT INTO files ( gid, file, mime ) VALUES ( '51711', 'http://www.gutenberg.org/files/51711/51711-h.zip', 'application/ziptext/html; charset=utf-8' );
INSERT INTO files ( gid, file, mime ) VALUES ( '51711', 'http://www.gutenberg.org/files/51711/51711-h/51711-h.htm', 'text/html; charset=utf-8' );
INSERT INTO titles ( gid, title, author, language, rights ) VALUES ( '51611', 'The Silent Call', 'Royle, Edwin Milton', 'en', 'Public domain in the USA.' );
INSERT INTO classifications ( gid, classification ) VALUES ( '51611', 'PS' );
INSERT INTO subjects ( gid, subject ) VALUES ( '51611', 'Western stories' );
INSERT INTO subjects ( gid, subject ) VALUES ( '51611', 'Indians of North America -- Fiction' );
INSERT INTO files ( gid, file, mime ) VALUES ( '51611', 'http://www.gutenberg.org/cache/epub/51611/pg51611.cover.medium.jpg', 'image/jpeg' );
INSERT INTO files ( gid, file, mime ) VALUES ( '51611', 'http://www.gutenberg.org/cache/epub/51611/pg51611.cover.small.jpg', 'image/jpeg' );
INSERT INTO files ( gid, file, mime ) VALUES ( '51611', 'http://www.gutenberg.org/ebooks/51611.epub.images', 'application/epub+zip' );
INSERT INTO files ( gid, file, mime ) VALUES ( '51611', 'http://www.gutenberg.org/ebooks/51611.epub.noimages', 'application/epub+zip' );
INSERT INTO files ( gid, file, mime ) VALUES ( '51611', 'http://www.gutenberg.org/ebooks/51611.kindle.images', 'application/x-mobipocket-ebook' );
INSERT INTO files ( gid, file, mime ) VALUES ( '51611', 'http://www.gutenberg.org/ebooks/51611.kindle.noimages', 'application/x-mobipocket-ebook' );
INSERT INTO files ( gid, file, mime ) VALUES ( '51611', 'http://www.gutenberg.org/ebooks/51611.rdf', 'application/rdf+xml' );
INSERT INTO files ( gid, file, mime ) VALUES ( '51611', 'http://www.gutenberg.org/ebooks/51611.rst.gen', 'text/x-rst' );
INSERT INTO files ( gid, file, mime ) VALUES ( '51611', 'http://www.gutenberg.org/files/51611/51611-0.txt', 'text/plain; charset=utf-8' );
INSERT INTO files ( gid, file, mime ) VALUES ( '51611', 'http://www.gutenberg.org/files/51611/51611-0.zip', 'text/plain; charset=utf-8application/zip' );
INSERT INTO files ( gid, file, mime ) VALUES ( '51611', 'http://www.gutenberg.org/files/51611/51611-8.txt', 'text/plain; charset=iso-8859-1' );
INSERT INTO files ( gid, file, mime ) VALUES ( '51611', 'http://www.gutenberg.org/files/51611/51611-8.zip', 'application/ziptext/plain; charset=iso-8859-1' );
INSERT INTO files ( gid, file, mime ) VALUES ( '51611', 'http://www.gutenberg.org/files/51611/51611-h.zip', 'application/ziptext/html; charset=utf-8' );
INSERT INTO files ( gid, file, mime ) VALUES ( '51611', 'http://www.gutenberg.org/files/51611/51611-h/51611-h.html', 'text/html; charset=utf-8' );
INSERT INTO files ( gid, file, mime ) VALUES ( '51611', 'http://www.gutenberg.org/files/51611/51611-rst.zip', 'text/x-rstapplication/zip' );
INSERT INTO files ( gid, file, mime ) VALUES ( '51611', 'http://www.gutenberg.org/files/51611/51611-rst/51611-rst.rst', 'text/x-rst' );
INSERT INTO files ( gid, file, mime ) VALUES ( '51611', 'http://www.gutenberg.org/files/51611/51611.txt', 'text/plain; charset=us-ascii' );
INSERT INTO files ( gid, file, mime ) VALUES ( '51611', 'http://www.gutenberg.org/files/51611/51611.zip', 'application/ziptext/plain; charset=us-ascii' );
INSERT INTO titles ( gid, title, author, language, rights ) VALUES ( '51811', 'An abridged list of Commercial Handbooks of Sir Isaac Pitman & Sons, Ltd.', 'Isaac Pitman & Sons', 'en', 'Public domain in the USA.' );
INSERT INTO classifications ( gid, classification ) VALUES ( '51811', 'Z' );
INSERT INTO subjects ( gid, subject ) VALUES ( '51811', 'Publishers'' catalogs' );
INSERT INTO subjects ( gid, subject ) VALUES ( '51811', 'Isaac Pitman & Sons -- Catalogs' );
INSERT INTO files ( gid, file, mime ) VALUES ( '51811', 'http://www.gutenberg.org/cache/epub/51811/pg51811.cover.medium.jpg', 'image/jpeg' );
INSERT INTO files ( gid, file, mime ) VALUES ( '51811', 'http://www.gutenberg.org/cache/epub/51811/pg51811.cover.small.jpg', 'image/jpeg' );
INSERT INTO files ( gid, file, mime ) VALUES ( '51811', 'http://www.gutenberg.org/ebooks/51811.epub.images', 'application/epub+zip' );
INSERT INTO files ( gid, file, mime ) VALUES ( '51811', 'http://www.gutenberg.org/ebooks/51811.epub.noimages', 'application/epub+zip' );
INSERT INTO files ( gid, file, mime ) VALUES ( '51811', 'http://www.gutenberg.org/ebooks/51811.kindle.images', 'application/x-mobipocket-ebook' );
INSERT INTO files ( gid, file, mime ) VALUES ( '51811', 'http://www.gutenberg.org/ebooks/51811.kindle.noimages', 'application/x-mobipocket-ebook' );
INSERT INTO files ( gid, file, mime ) VALUES ( '51811', 'http://www.gutenberg.org/ebooks/51811.rdf', 'application/rdf+xml' );
INSERT INTO files ( gid, file, mime ) VALUES ( '51811', 'http://www.gutenberg.org/ebooks/51811.txt.utf-8', 'text/plain' );
INSERT INTO files ( gid, file, mime ) VALUES ( '51811', 'http://www.gutenberg.org/files/51811/51811-8.txt', 'text/plain; charset=iso-8859-1' );
INSERT INTO files ( gid, file, mime ) VALUES ( '51811', 'http://www.gutenberg.org/files/51811/51811-8.zip', 'application/ziptext/plain; charset=iso-8859-1' );
INSERT INTO files ( gid, file, mime ) VALUES ( '51811', 'http://www.gutenberg.org/files/51811/51811-h.zip', 'text/html; charset=iso-8859-1application/zip' );
INSERT INTO files ( gid, file, mime ) VALUES ( '51811', 'http://www.gutenberg.org/files/51811/51811-h/51811-h.htm', 'text/html; charset=iso-8859-1' );
INSERT INTO titles ( gid, title, author, language, rights ) VALUES ( '10611', 'An Essay on the Slavery and Commerce of the Human Species, Particularly the African Translated from a Latin Dissertation, Which Was Honoured with the First Prize in the University of Cambridge, for the Year 1785, with Additions', 'Clarkson, Thomas', 'en', 'Public domain in the USA.' );
INSERT INTO classifications ( gid, classification ) VALUES ( '10611', 'HT' );
INSERT INTO subjects ( gid, subject ) VALUES ( '10611', 'Slave trade -- Africa' );
INSERT INTO subjects ( gid, subject ) VALUES ( '10611', 'Slavery -- History' );
INSERT INTO files ( gid, file, mime ) VALUES ( '10611', 'http://www.gutenberg.org/ebooks/10611.epub.images', 'application/epub+zip' );
INSERT INTO files ( gid, file, mime ) VALUES ( '10611', 'http://www.gutenberg.org/ebooks/10611.epub.noimages', 'application/epub+zip' );
INSERT INTO files ( gid, file, mime ) VALUES ( '10611', 'http://www.gutenberg.org/ebooks/10611.kindle.images', 'application/x-mobipocket-ebook' );
INSERT INTO files ( gid, file, mime ) VALUES ( '10611', 'http://www.gutenberg.org/ebooks/10611.kindle.noimages', 'application/x-mobipocket-ebook' );
INSERT INTO files ( gid, file, mime ) VALUES ( '10611', 'http://www.gutenberg.org/ebooks/10611.rdf', 'application/rdf+xml' );
INSERT INTO files ( gid, file, mime ) VALUES ( '10611', 'http://www.gutenberg.org/ebooks/10611.txt.utf-8', 'text/plain' );
INSERT INTO files ( gid, file, mime ) VALUES ( '10611', 'http://www.gutenberg.org/files/10611/10611-8.txt', 'text/plain; charset=iso-8859-1' );
INSERT INTO files ( gid, file, mime ) VALUES ( '10611', 'http://www.gutenberg.org/files/10611/10611-8.zip', 'text/plain; charset=iso-8859-1application/zip' );
INSERT INTO files ( gid, file, mime ) VALUES ( '10611', 'http://www.gutenberg.org/files/10611/10611-h.zip', 'application/ziptext/html' );
INSERT INTO files ( gid, file, mime ) VALUES ( '10611', 'http://www.gutenberg.org/files/10611/10611-h/10611-h.htm', 'text/html; charset=iso-8859-1' );
INSERT INTO files ( gid, file, mime ) VALUES ( '10611', 'http://www.gutenberg.org/files/10611/10611.txt', 'text/plain; charset=us-ascii' );
INSERT INTO files ( gid, file, mime ) VALUES ( '10611', 'http://www.gutenberg.org/files/10611/10611.zip', 'text/plainapplication/zip' );
INSERT INTO titles ( gid, title, author, language, rights ) VALUES ( '10711', 'Punch, or the London Charivari, Volume 153, October 3, 1917', 'Various', 'en', 'Public domain in the USA.' );
INSERT INTO classifications ( gid, classification ) VALUES ( '10711', 'AP' );
INSERT INTO subjects ( gid, subject ) VALUES ( '10711', 'English wit and humor -- Periodicals' );
INSERT INTO files ( gid, file, mime ) VALUES ( '10711', 'http://www.gutenberg.org/ebooks/10711.epub.images', 'application/epub+zip' );
INSERT INTO files ( gid, file, mime ) VALUES ( '10711', 'http://www.gutenberg.org/ebooks/10711.epub.noimages', 'application/epub+zip' );
INSERT INTO files ( gid, file, mime ) VALUES ( '10711', 'http://www.gutenberg.org/ebooks/10711.kindle.images', 'application/x-mobipocket-ebook' );
INSERT INTO files ( gid, file, mime ) VALUES ( '10711', 'http://www.gutenberg.org/ebooks/10711.kindle.noimages', 'application/x-mobipocket-ebook' );
INSERT INTO files ( gid, file, mime ) VALUES ( '10711', 'http://www.gutenberg.org/ebooks/10711.rdf', 'application/rdf+xml' );
INSERT INTO files ( gid, file, mime ) VALUES ( '10711', 'http://www.gutenberg.org/ebooks/10711.txt.utf-8', 'text/plain' );
INSERT INTO files ( gid, file, mime ) VALUES ( '10711', 'http://www.gutenberg.org/files/10711/10711-8.txt', 'text/plain; charset=iso-8859-1' );
INSERT INTO files ( gid, file, mime ) VALUES ( '10711', 'http://www.gutenberg.org/files/10711/10711-8.zip', 'text/plain; charset=iso-8859-1application/zip' );
INSERT INTO files ( gid, file, mime ) VALUES ( '10711', 'http://www.gutenberg.org/files/10711/10711-h.zip', 'application/ziptext/html' );
INSERT INTO files ( gid, file, mime ) VALUES ( '10711', 'http://www.gutenberg.org/files/10711/10711-h/10711-h.htm', 'text/html; charset=iso-8859-1' );
INSERT INTO files ( gid, file, mime ) VALUES ( '10711', 'http://www.gutenberg.org/files/10711/10711.txt', 'text/plain; charset=us-ascii' );
INSERT INTO files ( gid, file, mime ) VALUES ( '10711', 'http://www.gutenberg.org/files/10711/10711.zip', 'application/ziptext/plain' );
INSERT INTO titles ( gid, title, author, language, rights ) VALUES ( '10811', 'De La Salle Fifth Reader', 'Christian Brothers', 'en', 'Public domain in the USA.' );
INSERT INTO classifications ( gid, classification ) VALUES ( '10811', 'PE' );
INSERT INTO subjects ( gid, subject ) VALUES ( '10811', 'Readers' );
INSERT INTO files ( gid, file, mime ) VALUES ( '10811', 'http://www.gutenberg.org/ebooks/10811.epub.images', 'application/epub+zip' );
INSERT INTO files ( gid, file, mime ) VALUES ( '10811', 'http://www.gutenberg.org/ebooks/10811.epub.noimages', 'application/epub+zip' );
INSERT INTO files ( gid, file, mime ) VALUES ( '10811', 'http://www.gutenberg.org/ebooks/10811.kindle.images', 'application/x-mobipocket-ebook' );
INSERT INTO files ( gid, file, mime ) VALUES ( '10811', 'http://www.gutenberg.org/ebooks/10811.kindle.noimages', 'application/x-mobipocket-ebook' );
INSERT INTO files ( gid, file, mime ) VALUES ( '10811', 'http://www.gutenberg.org/ebooks/10811.rdf', 'application/rdf+xml' );
INSERT INTO files ( gid, file, mime ) VALUES ( '10811', 'http://www.gutenberg.org/ebooks/10811.txt.utf-8', 'text/plain' );
INSERT INTO files ( gid, file, mime ) VALUES ( '10811', 'http://www.gutenberg.org/files/10811/10811-8.txt', 'text/plain; charset=iso-8859-1' );
INSERT INTO files ( gid, file, mime ) VALUES ( '10811', 'http://www.gutenberg.org/files/10811/10811-8.zip', 'application/ziptext/plain; charset=iso-8859-1' );
INSERT INTO files ( gid, file, mime ) VALUES ( '10811', 'http://www.gutenberg.org/files/10811/10811-h.zip', 'application/ziptext/html; charset=iso-8859-1' );
INSERT INTO files ( gid, file, mime ) VALUES ( '10811', 'http://www.gutenberg.org/files/10811/10811-h/10811-h.htm', 'text/html; charset=iso-8859-1' );
INSERT INTO files ( gid, file, mime ) VALUES ( '10811', 'http://www.gutenberg.org/files/10811/10811.txt', 'text/plain; charset=us-ascii' );
INSERT INTO files ( gid, file, mime ) VALUES ( '10811', 'http://www.gutenberg.org/files/10811/10811.zip', 'text/plain; charset=us-asciiapplication/zip' );
INSERT INTO titles ( gid, title, author, language, rights ) VALUES ( '11011', 'A Hilltop on the Marne Being Letters Written June 3-September 8, 1914', 'Aldrich, Mildred', 'en', 'Public domain in the USA.' );
INSERT INTO subjects ( gid, subject ) VALUES ( '11011', 'D501' );
INSERT INTO subjects ( gid, subject ) VALUES ( '11011', 'World War, 1914-1918 -- Personal narratives' );
INSERT INTO subjects ( gid, subject ) VALUES ( '11011', 'Marne, 1st Battle of the, France, 1914' );
INSERT INTO files ( gid, file, mime ) VALUES ( '11011', 'http://www.gutenberg.org/ebooks/11011.epub.images', 'application/epub+zip' );
INSERT INTO files ( gid, file, mime ) VALUES ( '11011', 'http://www.gutenberg.org/ebooks/11011.epub.noimages', 'application/epub+zip' );
INSERT INTO files ( gid, file, mime ) VALUES ( '11011', 'http://www.gutenberg.org/ebooks/11011.kindle.images', 'application/x-mobipocket-ebook' );
INSERT INTO files ( gid, file, mime ) VALUES ( '11011', 'http://www.gutenberg.org/ebooks/11011.kindle.noimages', 'application/x-mobipocket-ebook' );
INSERT INTO files ( gid, file, mime ) VALUES ( '11011', 'http://www.gutenberg.org/ebooks/11011.rdf', 'application/rdf+xml' );
INSERT INTO files ( gid, file, mime ) VALUES ( '11011', 'http://www.gutenberg.org/ebooks/11011.txt.utf-8', 'text/plain' );
INSERT INTO files ( gid, file, mime ) VALUES ( '11011', 'http://www.gutenberg.org/files/11011/11011-h.zip', 'application/ziptext/html' );
INSERT INTO files ( gid, file, mime ) VALUES ( '11011', 'http://www.gutenberg.org/files/11011/11011-h/11011-h.htm', 'text/html; charset=us-ascii' );
INSERT INTO files ( gid, file, mime ) VALUES ( '11011', 'http://www.gutenberg.org/files/11011/11011.txt', 'text/plain; charset=us-ascii' );
INSERT INTO files ( gid, file, mime ) VALUES ( '11011', 'http://www.gutenberg.org/files/11011/11011.zip', 'text/plainapplication/zip' );
INSERT INTO titles ( gid, title, author, language, rights ) VALUES ( '10911', 'Buried Alive: A Tale of These Days', 'Bennett, Arnold', 'en', 'Public domain in the USA.' );
INSERT INTO classifications ( gid, classification ) VALUES ( '10911', 'PR' );
INSERT INTO subjects ( gid, subject ) VALUES ( '10911', 'Artists -- Fiction' );
INSERT INTO subjects ( gid, subject ) VALUES ( '10911', 'Mistaken identity -- Fiction' );
INSERT INTO subjects ( gid, subject ) VALUES ( '10911', 'Painters -- Fiction' );
INSERT INTO subjects ( gid, subject ) VALUES ( '10911', 'Valets -- Fiction' );
INSERT INTO subjects ( gid, subject ) VALUES ( '10911', 'England -- Fiction' );
INSERT INTO files ( gid, file, mime ) VALUES ( '10911', 'http://www.gutenberg.org/ebooks/10911.epub.images', 'application/epub+zip' );
INSERT INTO files ( gid, file, mime ) VALUES ( '10911', 'http://www.gutenberg.org/ebooks/10911.epub.noimages', 'application/epub+zip' );
INSERT INTO files ( gid, file, mime ) VALUES ( '10911', 'http://www.gutenberg.org/ebooks/10911.kindle.images', 'application/x-mobipocket-ebook' );
INSERT INTO files ( gid, file, mime ) VALUES ( '10911', 'http://www.gutenberg.org/ebooks/10911.kindle.noimages', 'application/x-mobipocket-ebook' );
INSERT INTO files ( gid, file, mime ) VALUES ( '10911', 'http://www.gutenberg.org/ebooks/10911.rdf', 'application/rdf+xml' );
INSERT INTO files ( gid, file, mime ) VALUES ( '10911', 'http://www.gutenberg.org/ebooks/10911.txt.utf-8', 'text/plain' );
INSERT INTO files ( gid, file, mime ) VALUES ( '10911', 'http://www.gutenberg.org/files/10911/10911-8.txt', 'text/plain; charset=iso-8859-1' );
INSERT INTO files ( gid, file, mime ) VALUES ( '10911', 'http://www.gutenberg.org/files/10911/10911-8.zip', 'text/plain; charset=iso-8859-1application/zip' );
INSERT INTO files ( gid, file, mime ) VALUES ( '10911', 'http://www.gutenberg.org/files/10911/10911-h.zip', 'text/html; charset=iso-8859-1application/zip' );
INSERT INTO files ( gid, file, mime ) VALUES ( '10911', 'http://www.gutenberg.org/files/10911/10911-h/10911-h.htm', 'text/html; charset=iso-8859-1' );
INSERT INTO files ( gid, file, mime ) VALUES ( '10911', 'http://www.gutenberg.org/files/10911/10911.txt', 'text/plain; charset=us-ascii' );
INSERT INTO files ( gid, file, mime ) VALUES ( '10911', 'http://www.gutenberg.org/files/10911/10911.zip', 'text/plain; charset=us-asciiapplication/zip' );
INSERT INTO titles ( gid, title, author, language, rights ) VALUES ( '11111', 'Only an Irish Boy; Or, Andy Burke''s Fortunes', 'Alger, Horatio, Jr.', 'en', 'Public domain in the USA.' );
INSERT INTO classifications ( gid, classification ) VALUES ( '11111', 'PZ' );
INSERT INTO subjects ( gid, subject ) VALUES ( '11111', 'Irish Americans -- Juvenile fiction' );
INSERT INTO subjects ( gid, subject ) VALUES ( '11111', 'Conduct of life -- Juvenile fiction' );
INSERT INTO subjects ( gid, subject ) VALUES ( '11111', 'Inheritance and succession -- Juvenile fiction' );
INSERT INTO files ( gid, file, mime ) VALUES ( '11111', 'http://www.gutenberg.org/ebooks/11111.epub.images', 'application/epub+zip' );
INSERT INTO files ( gid, file, mime ) VALUES ( '11111', 'http://www.gutenberg.org/ebooks/11111.epub.noimages', 'application/epub+zip' );
INSERT INTO files ( gid, file, mime ) VALUES ( '11111', 'http://www.gutenberg.org/ebooks/11111.kindle.images', 'application/x-mobipocket-ebook' );
INSERT INTO files ( gid, file, mime ) VALUES ( '11111', 'http://www.gutenberg.org/ebooks/11111.kindle.noimages', 'application/x-mobipocket-ebook' );
INSERT INTO files ( gid, file, mime ) VALUES ( '11111', 'http://www.gutenberg.org/ebooks/11111.rdf', 'application/rdf+xml' );
INSERT INTO files ( gid, file, mime ) VALUES ( '11111', 'http://www.gutenberg.org/ebooks/11111.txt.utf-8', 'text/plain' );
INSERT INTO files ( gid, file, mime ) VALUES ( '11111', 'http://www.gutenberg.org/files/11111/11111-h.zip', 'application/zipapplication/octet-stream' );
INSERT INTO files ( gid, file, mime ) VALUES ( '11111', 'http://www.gutenberg.org/files/11111/11111-h/11111-h.htm', 'text/html' );
INSERT INTO files ( gid, file, mime ) VALUES ( '11111', 'http://www.gutenberg.org/files/11111/11111.txt', 'text/plain; charset=us-ascii' );
INSERT INTO files ( gid, file, mime ) VALUES ( '11111', 'http://www.gutenberg.org/files/11111/11111.zip', 'text/plain; charset=us-asciiapplication/zip' );
INSERT INTO titles ( gid, title, author, language, rights ) VALUES ( '1111', 'King Richard the Second', 'Shakespeare, William', 'en', 'Copyrighted. Read the copyright notice inside this book for details.' );
INSERT INTO classifications ( gid, classification ) VALUES ( '1111', 'PR' );
INSERT INTO subjects ( gid, subject ) VALUES ( '1111', 'Richard II, King of England, 1367-1400 -- Drama' );
INSERT INTO subjects ( gid, subject ) VALUES ( '1111', 'Tragedies' );
INSERT INTO subjects ( gid, subject ) VALUES ( '1111', 'Great Britain -- History -- Richard II, 1377-1399 -- Drama' );
INSERT INTO subjects ( gid, subject ) VALUES ( '1111', 'Historical drama' );
INSERT INTO files ( gid, file, mime ) VALUES ( '1111', 'http://www.gutenberg.org/ebooks/1111.epub.images', 'application/epub+zip' );
INSERT INTO files ( gid, file, mime ) VALUES ( '1111', 'http://www.gutenberg.org/ebooks/1111.epub.noimages', 'application/epub+zip' );
INSERT INTO files ( gid, file, mime ) VALUES ( '1111', 'http://www.gutenberg.org/ebooks/1111.html.images', 'text/html' );
INSERT INTO files ( gid, file, mime ) VALUES ( '1111', 'http://www.gutenberg.org/ebooks/1111.html.noimages', 'text/html' );
INSERT INTO files ( gid, file, mime ) VALUES ( '1111', 'http://www.gutenberg.org/ebooks/1111.kindle.images', 'application/x-mobipocket-ebook' );
INSERT INTO files ( gid, file, mime ) VALUES ( '1111', 'http://www.gutenberg.org/ebooks/1111.kindle.noimages', 'application/x-mobipocket-ebook' );
INSERT INTO files ( gid, file, mime ) VALUES ( '1111', 'http://www.gutenberg.org/ebooks/1111.rdf', 'application/rdf+xml' );
INSERT INTO files ( gid, file, mime ) VALUES ( '1111', 'http://www.gutenberg.org/ebooks/1111.txt.utf-8', 'text/plain' );
INSERT INTO files ( gid, file, mime ) VALUES ( '1111', 'http://www.gutenberg.org/files/1111/1111.txt', 'text/plain; charset=us-ascii' );
INSERT INTO files ( gid, file, mime ) VALUES ( '1111', 'http://www.gutenberg.org/files/1111/1111.zip', 'application/ziptext/plain; charset=us-ascii' );
INSERT INTO titles ( gid, title, author, language, rights ) VALUES ( '11211', 'A Minstrel in France', 'Lauder, Harry, Sir', 'en', 'Public domain in the USA.' );
INSERT INTO subjects ( gid, subject ) VALUES ( '11211', 'D501' );
INSERT INTO subjects ( gid, subject ) VALUES ( '11211', 'World War, 1914-1918 -- Personal narratives' );
INSERT INTO files ( gid, file, mime ) VALUES ( '11211', 'http://www.gutenberg.org/ebooks/11211.epub.images', 'application/epub+zip' );
INSERT INTO files ( gid, file, mime ) VALUES ( '11211', 'http://www.gutenberg.org/ebooks/11211.epub.noimages', 'application/epub+zip' );
INSERT INTO files ( gid, file, mime ) VALUES ( '11211', 'http://www.gutenberg.org/ebooks/11211.html.images', 'text/html' );
INSERT INTO files ( gid, file, mime ) VALUES ( '11211', 'http://www.gutenberg.org/ebooks/11211.html.noimages', 'text/html' );
INSERT INTO files ( gid, file, mime ) VALUES ( '11211', 'http://www.gutenberg.org/ebooks/11211.kindle.images', 'application/x-mobipocket-ebook' );
INSERT INTO files ( gid, file, mime ) VALUES ( '11211', 'http://www.gutenberg.org/ebooks/11211.kindle.noimages', 'application/x-mobipocket-ebook' );
INSERT INTO files ( gid, file, mime ) VALUES ( '11211', 'http://www.gutenberg.org/ebooks/11211.rdf', 'application/rdf+xml' );
INSERT INTO files ( gid, file, mime ) VALUES ( '11211', 'http://www.gutenberg.org/ebooks/11211.txt.utf-8', 'text/plain' );
INSERT INTO files ( gid, file, mime ) VALUES ( '11211', 'http://www.gutenberg.org/files/11211/11211.txt', 'text/plain; charset=us-ascii' );
INSERT INTO files ( gid, file, mime ) VALUES ( '11211', 'http://www.gutenberg.org/files/11211/11211.zip', 'application/ziptext/plain' );
INSERT INTO titles ( gid, title, author, language, rights ) VALUES ( '111', 'Freckles', 'Stratton-Porter, Gene', 'en', 'Public domain in the USA.' );
INSERT INTO classifications ( gid, classification ) VALUES ( '111', 'PS' );
INSERT INTO classifications ( gid, classification ) VALUES ( '111', 'PZ' );
INSERT INTO subjects ( gid, subject ) VALUES ( '111', 'People with disabilities -- Fiction' );
INSERT INTO subjects ( gid, subject ) VALUES ( '111', 'Orphans -- Fiction' );
INSERT INTO subjects ( gid, subject ) VALUES ( '111', 'Indiana -- Fiction' );
INSERT INTO subjects ( gid, subject ) VALUES ( '111', 'Swamps -- Fiction' );
INSERT INTO files ( gid, file, mime ) VALUES ( '111', 'http://www.gutenberg.org/ebooks/111.epub.images', 'application/epub+zip' );
INSERT INTO files ( gid, file, mime ) VALUES ( '111', 'http://www.gutenberg.org/ebooks/111.epub.noimages', 'application/epub+zip' );
INSERT INTO files ( gid, file, mime ) VALUES ( '111', 'http://www.gutenberg.org/ebooks/111.kindle.images', 'application/x-mobipocket-ebook' );
INSERT INTO files ( gid, file, mime ) VALUES ( '111', 'http://www.gutenberg.org/ebooks/111.kindle.noimages', 'application/x-mobipocket-ebook' );
INSERT INTO files ( gid, file, mime ) VALUES ( '111', 'http://www.gutenberg.org/ebooks/111.rdf', 'application/rdf+xml' );
INSERT INTO files ( gid, file, mime ) VALUES ( '111', 'http://www.gutenberg.org/files/111/111-0.txt', 'text/plain; charset=utf-8' );
INSERT INTO files ( gid, file, mime ) VALUES ( '111', 'http://www.gutenberg.org/files/111/111-0.zip', 'application/ziptext/plain; charset=utf-8' );
INSERT INTO files ( gid, file, mime ) VALUES ( '111', 'http://www.gutenberg.org/files/111/111-h.zip', 'text/html; charset=utf-8application/zip' );
INSERT INTO files ( gid, file, mime ) VALUES ( '111', 'http://www.gutenberg.org/files/111/111-h/111-h.htm', 'text/html; charset=utf-8' );
INSERT INTO files ( gid, file, mime ) VALUES ( '111', 'http://www.gutenberg.org/files/111/111.txt', 'text/plain; charset=us-ascii' );
INSERT INTO files ( gid, file, mime ) VALUES ( '111', 'http://www.gutenberg.org/files/111/111.zip', 'text/plain; charset=us-asciiapplication/zip' );
INSERT INTO titles ( gid, title, author, language, rights ) VALUES ( '11311', 'The Masters of the Peaks: A Story of the Great North Woods', 'Altsheler, Joseph A. (Joseph Alexander)', 'en', 'Public domain in the USA.' );
INSERT INTO classifications ( gid, classification ) VALUES ( '11311', 'PZ' );
INSERT INTO subjects ( gid, subject ) VALUES ( '11311', 'United States -- History -- French and Indian War, 1754-1763 -- Juvenile fiction' );
INSERT INTO files ( gid, file, mime ) VALUES ( '11311', 'http://www.gutenberg.org/ebooks/11311.epub.images', 'application/epub+zip' );
INSERT INTO files ( gid, file, mime ) VALUES ( '11311', 'http://www.gutenberg.org/ebooks/11311.epub.noimages', 'application/epub+zip' );
INSERT INTO files ( gid, file, mime ) VALUES ( '11311', 'http://www.gutenberg.org/ebooks/11311.kindle.images', 'application/x-mobipocket-ebook' );
INSERT INTO files ( gid, file, mime ) VALUES ( '11311', 'http://www.gutenberg.org/ebooks/11311.kindle.noimages', 'application/x-mobipocket-ebook' );
INSERT INTO files ( gid, file, mime ) VALUES ( '11311', 'http://www.gutenberg.org/ebooks/11311.rdf', 'application/rdf+xml' );
INSERT INTO files ( gid, file, mime ) VALUES ( '11311', 'http://www.gutenberg.org/ebooks/11311.txt.utf-8', 'text/plain' );
INSERT INTO files ( gid, file, mime ) VALUES ( '11311', 'http://www.gutenberg.org/files/11311/11311-8.txt', 'text/plain; charset=iso-8859-1' );
INSERT INTO files ( gid, file, mime ) VALUES ( '11311', 'http://www.gutenberg.org/files/11311/11311-8.zip', 'application/ziptext/plain; charset=iso-8859-1' );
INSERT INTO files ( gid, file, mime ) VALUES ( '11311', 'http://www.gutenberg.org/files/11311/11311-h.zip', 'text/htmlapplication/zip' );
INSERT INTO files ( gid, file, mime ) VALUES ( '11311', 'http://www.gutenberg.org/files/11311/11311-h/11311-h.htm', 'text/html; charset=iso-8859-1' );
INSERT INTO files ( gid, file, mime ) VALUES ( '11311', 'http://www.gutenberg.org/files/11311/11311.txt', 'text/plain; charset=us-ascii' );
INSERT INTO files ( gid, file, mime ) VALUES ( '11311', 'http://www.gutenberg.org/files/11311/11311.zip', 'text/plainapplication/zip' );
INSERT INTO titles ( gid, title, author, language, rights ) VALUES ( '11411', 'The Mirror of Literature, Amusement, and Instruction Volume 14, No. 390, September 19, 1829', 'Various', 'en', 'Public domain in the USA.' );
INSERT INTO classifications ( gid, classification ) VALUES ( '11411', 'AP' );
INSERT INTO subjects ( gid, subject ) VALUES ( '11411', 'Popular literature -- Great Britain -- Periodicals' );
INSERT INTO files ( gid, file, mime ) VALUES ( '11411', 'http://www.gutenberg.org/ebooks/11411.epub.images', 'application/epub+zip' );
INSERT INTO files ( gid, file, mime ) VALUES ( '11411', 'http://www.gutenberg.org/ebooks/11411.epub.noimages', 'application/epub+zip' );
INSERT INTO files ( gid, file, mime ) VALUES ( '11411', 'http://www.gutenberg.org/ebooks/11411.kindle.images', 'application/x-mobipocket-ebook' );
INSERT INTO files ( gid, file, mime ) VALUES ( '11411', 'http://www.gutenberg.org/ebooks/11411.kindle.noimages', 'application/x-mobipocket-ebook' );
INSERT INTO files ( gid, file, mime ) VALUES ( '11411', 'http://www.gutenberg.org/ebooks/11411.rdf', 'application/rdf+xml' );
INSERT INTO files ( gid, file, mime ) VALUES ( '11411', 'http://www.gutenberg.org/ebooks/11411.txt.utf-8', 'text/plain' );
INSERT INTO files ( gid, file, mime ) VALUES ( '11411', 'http://www.gutenberg.org/files/11411/11411-8.txt', 'text/plain; charset=iso-8859-1' );
INSERT INTO files ( gid, file, mime ) VALUES ( '11411', 'http://www.gutenberg.org/files/11411/11411-8.zip', 'application/ziptext/plain; charset=iso-8859-1' );
INSERT INTO files ( gid, file, mime ) VALUES ( '11411', 'http://www.gutenberg.org/files/11411/11411-h.zip', 'application/ziptext/html' );
INSERT INTO files ( gid, file, mime ) VALUES ( '11411', 'http://www.gutenberg.org/files/11411/11411-h/11411-h.htm', 'text/html; charset=iso-8859-1' );
INSERT INTO files ( gid, file, mime ) VALUES ( '11411', 'http://www.gutenberg.org/files/11411/11411.txt', 'text/plain; charset=us-ascii' );
INSERT INTO files ( gid, file, mime ) VALUES ( '11411', 'http://www.gutenberg.org/files/11411/11411.zip', 'text/plainapplication/zip' );
INSERT INTO titles ( gid, title, author, language, rights ) VALUES ( '11511', 'Robinsono Kruso', 'Defoe, Daniel', 'eo', 'Public domain in the USA.' );
INSERT INTO classifications ( gid, classification ) VALUES ( '11511', 'PR' );
INSERT INTO subjects ( gid, subject ) VALUES ( '11511', 'Islands -- Fiction' );
INSERT INTO subjects ( gid, subject ) VALUES ( '11511', 'English fiction -- Translations into Esperanto' );
INSERT INTO subjects ( gid, subject ) VALUES ( '11511', 'Adventure stories' );
INSERT INTO subjects ( gid, subject ) VALUES ( '11511', 'Shipwreck survival -- Fiction' );
INSERT INTO subjects ( gid, subject ) VALUES ( '11511', 'Atlantic Ocean -- Fiction' );
INSERT INTO subjects ( gid, subject ) VALUES ( '11511', 'Castaways -- Fiction' );
INSERT INTO subjects ( gid, subject ) VALUES ( '11511', 'Crusoe, Robinson (Fictitious character) -- Fiction' );
INSERT INTO files ( gid, file, mime ) VALUES ( '11511', 'http://www.gutenberg.org/ebooks/11511.epub.images', 'application/epub+zip' );
INSERT INTO files ( gid, file, mime ) VALUES ( '11511', 'http://www.gutenberg.org/ebooks/11511.epub.noimages', 'application/epub+zip' );
INSERT INTO files ( gid, file, mime ) VALUES ( '11511', 'http://www.gutenberg.org/ebooks/11511.html.images', 'text/html' );
INSERT INTO files ( gid, file, mime ) VALUES ( '11511', 'http://www.gutenberg.org/ebooks/11511.html.noimages', 'text/html' );
INSERT INTO files ( gid, file, mime ) VALUES ( '11511', 'http://www.gutenberg.org/ebooks/11511.rdf', 'application/rdf+xml' );
INSERT INTO files ( gid, file, mime ) VALUES ( '11511', 'http://www.gutenberg.org/files/11511/11511-0.txt', 'text/plain; charset=utf-8' );
INSERT INTO files ( gid, file, mime ) VALUES ( '11511', 'http://www.gutenberg.org/files/11511/11511-0.zip', 'application/ziptext/plain; charset=utf-8' );
INSERT INTO files ( gid, file, mime ) VALUES ( '11511', 'http://www.gutenberg.org/files/11511/11511.txt', 'text/plain; charset=us-ascii' );
INSERT INTO files ( gid, file, mime ) VALUES ( '11511', 'http://www.gutenberg.org/files/11511/11511.zip', 'application/ziptext/plain' );
INSERT INTO titles ( gid, title, author, language, rights ) VALUES ( '11611', 'The Mirror of Literature, Amusement, and Instruction Volume 13, No. 374, June 6, 1829', 'Various', 'en', 'Public domain in the USA.' );
INSERT INTO classifications ( gid, classification ) VALUES ( '11611', 'AP' );
INSERT INTO subjects ( gid, subject ) VALUES ( '11611', 'Popular literature -- Great Britain -- Periodicals' );
INSERT INTO files ( gid, file, mime ) VALUES ( '11611', 'http://www.gutenberg.org/ebooks/11611.epub.images', 'application/epub+zip' );
INSERT INTO files ( gid, file, mime ) VALUES ( '11611', 'http://www.gutenberg.org/ebooks/11611.epub.noimages', 'application/epub+zip' );
INSERT INTO files ( gid, file, mime ) VALUES ( '11611', 'http://www.gutenberg.org/ebooks/11611.kindle.images', 'application/x-mobipocket-ebook' );
INSERT INTO files ( gid, file, mime ) VALUES ( '11611', 'http://www.gutenberg.org/ebooks/11611.kindle.noimages', 'application/x-mobipocket-ebook' );
INSERT INTO files ( gid, file, mime ) VALUES ( '11611', 'http://www.gutenberg.org/ebooks/11611.rdf', 'application/rdf+xml' );
INSERT INTO files ( gid, file, mime ) VALUES ( '11611', 'http://www.gutenberg.org/ebooks/11611.txt.utf-8', 'text/plain' );
INSERT INTO files ( gid, file, mime ) VALUES ( '11611', 'http://www.gutenberg.org/files/11611/11611-8.txt', 'text/plain; charset=iso-8859-1' );
INSERT INTO files ( gid, file, mime ) VALUES ( '11611', 'http://www.gutenberg.org/files/11611/11611-8.zip', 'application/ziptext/plain; charset=iso-8859-1' );
INSERT INTO files ( gid, file, mime ) VALUES ( '11611', 'http://www.gutenberg.org/files/11611/11611-h.zip', 'application/ziptext/html' );
INSERT INTO files ( gid, file, mime ) VALUES ( '11611', 'http://www.gutenberg.org/files/11611/11611-h/11611-h.htm', 'text/html; charset=iso-8859-1' );
INSERT INTO files ( gid, file, mime ) VALUES ( '11611', 'http://www.gutenberg.org/files/11611/11611.txt', 'text/plain; charset=us-ascii' );
INSERT INTO files ( gid, file, mime ) VALUES ( '11611', 'http://www.gutenberg.org/files/11611/11611.zip', 'application/ziptext/plain' );
INSERT INTO titles ( gid, title, author, language, rights ) VALUES ( '52011', 'Madame de Chevreuse Nouvelles études sur les femmes illustres et la société du 17e siècle', 'Cousin, Victor', 'fr', 'Public domain in the USA.' );
INSERT INTO classifications ( gid, classification ) VALUES ( '52011', 'DC' );
INSERT INTO subjects ( gid, subject ) VALUES ( '52011', 'France -- Court and courtiers' );
INSERT INTO subjects ( gid, subject ) VALUES ( '52011', 'Chevreuse, Marie de Rohan, duchesse de, 1600-1679' );
INSERT INTO files ( gid, file, mime ) VALUES ( '52011', 'http://www.gutenberg.org/cache/epub/52011/pg52011.cover.medium.jpg', 'image/jpeg' );
INSERT INTO files ( gid, file, mime ) VALUES ( '52011', 'http://www.gutenberg.org/cache/epub/52011/pg52011.cover.small.jpg', 'image/jpeg' );
INSERT INTO files ( gid, file, mime ) VALUES ( '52011', 'http://www.gutenberg.org/ebooks/52011.epub.images', 'application/epub+zip' );
INSERT INTO files ( gid, file, mime ) VALUES ( '52011', 'http://www.gutenberg.org/ebooks/52011.epub.noimages', 'application/epub+zip' );
INSERT INTO files ( gid, file, mime ) VALUES ( '52011', 'http://www.gutenberg.org/ebooks/52011.kindle.images', 'application/x-mobipocket-ebook' );
INSERT INTO files ( gid, file, mime ) VALUES ( '52011', 'http://www.gutenberg.org/ebooks/52011.kindle.noimages', 'application/x-mobipocket-ebook' );
INSERT INTO files ( gid, file, mime ) VALUES ( '52011', 'http://www.gutenberg.org/ebooks/52011.rdf', 'application/rdf+xml' );
INSERT INTO files ( gid, file, mime ) VALUES ( '52011', 'http://www.gutenberg.org/files/52011/52011-0.txt', 'text/plain; charset=utf-8' );
INSERT INTO files ( gid, file, mime ) VALUES ( '52011', 'http://www.gutenberg.org/files/52011/52011-0.zip', 'application/ziptext/plain; charset=utf-8' );
INSERT INTO files ( gid, file, mime ) VALUES ( '52011', 'http://www.gutenberg.org/files/52011/52011-h.zip', 'text/html; charset=iso-8859-1application/zip' );
INSERT INTO files ( gid, file, mime ) VALUES ( '52011', 'http://www.gutenberg.org/files/52011/52011-h/52011-h.htm', 'text/html; charset=iso-8859-1' );
INSERT INTO titles ( gid, title, author, language, rights ) VALUES ( '51911', 'An American Patrician, or The Story of Aaron Burr Illustrated', 'Lewis, Alfred Henry', 'en', 'Public domain in the USA.' );
INSERT INTO subjects ( gid, subject ) VALUES ( '51911', 'Burr, Aaron, 1756-1836' );
INSERT INTO subjects ( gid, subject ) VALUES ( '51911', 'E300' );
INSERT INTO files ( gid, file, mime ) VALUES ( '51911', 'http://www.gutenberg.org/cache/epub/51911/pg51911.cover.medium.jpg', 'image/jpeg' );
INSERT INTO files ( gid, file, mime ) VALUES ( '51911', 'http://www.gutenberg.org/cache/epub/51911/pg51911.cover.small.jpg', 'image/jpeg' );
INSERT INTO files ( gid, file, mime ) VALUES ( '51911', 'http://www.gutenberg.org/ebooks/51911.epub.images', 'application/epub+zip' );
INSERT INTO files ( gid, file, mime ) VALUES ( '51911', 'http://www.gutenberg.org/ebooks/51911.epub.noimages', 'application/epub+zip' );
INSERT INTO files ( gid, file, mime ) VALUES ( '51911', 'http://www.gutenberg.org/ebooks/51911.kindle.images', 'application/x-mobipocket-ebook' );
INSERT INTO files ( gid, file, mime ) VALUES ( '51911', 'http://www.gutenberg.org/ebooks/51911.kindle.noimages', 'application/x-mobipocket-ebook' );
INSERT INTO files ( gid, file, mime ) VALUES ( '51911', 'http://www.gutenberg.org/ebooks/51911.rdf', 'application/rdf+xml' );
INSERT INTO files ( gid, file, mime ) VALUES ( '51911', 'http://www.gutenberg.org/files/51911/51911-0.txt', 'text/plain; charset=utf-8' );
INSERT INTO files ( gid, file, mime ) VALUES ( '51911', 'http://www.gutenberg.org/files/51911/51911-0.zip', 'application/ziptext/plain; charset=utf-8' );
INSERT INTO files ( gid, file, mime ) VALUES ( '51911', 'http://www.gutenberg.org/files/51911/51911-8.txt', 'text/plain; charset=iso-8859-1' );
INSERT INTO files ( gid, file, mime ) VALUES ( '51911', 'http://www.gutenberg.org/files/51911/51911-8.zip', 'text/plain; charset=iso-8859-1application/zip' );
INSERT INTO files ( gid, file, mime ) VALUES ( '51911', 'http://www.gutenberg.org/files/51911/51911-h.zip', 'application/ziptext/html; charset=utf-8' );
INSERT INTO files ( gid, file, mime ) VALUES ( '51911', 'http://www.gutenberg.org/files/51911/51911-h/51911-h.htm', 'text/html; charset=utf-8' );
INSERT INTO files ( gid, file, mime ) VALUES ( '51911', 'http://www.gutenberg.org/files/51911/51911.txt', 'text/plain; charset=us-ascii' );
INSERT INTO files ( gid, file, mime ) VALUES ( '51911', 'http://www.gutenberg.org/files/51911/51911.zip', 'text/plain; charset=us-asciiapplication/zip' );
INSERT INTO titles ( gid, title, author, language, rights ) VALUES ( '52111', 'Ama Stelaro', 'Baena, Nuno', 'eo', 'Public domain in the USA.' );
INSERT INTO classifications ( gid, classification ) VALUES ( '52111', 'PM' );
INSERT INTO subjects ( gid, subject ) VALUES ( '52111', 'Esperanto literature' );
INSERT INTO subjects ( gid, subject ) VALUES ( '52111', 'Literature -- Translations into Esperanto' );
INSERT INTO files ( gid, file, mime ) VALUES ( '52111', 'http://www.gutenberg.org/cache/epub/52111/pg52111.cover.medium.jpg', 'image/jpeg' );
INSERT INTO files ( gid, file, mime ) VALUES ( '52111', 'http://www.gutenberg.org/cache/epub/52111/pg52111.cover.small.jpg', 'image/jpeg' );
INSERT INTO files ( gid, file, mime ) VALUES ( '52111', 'http://www.gutenberg.org/ebooks/52111.epub.images', 'application/epub+zip' );
INSERT INTO files ( gid, file, mime ) VALUES ( '52111', 'http://www.gutenberg.org/ebooks/52111.epub.noimages', 'application/epub+zip' );
INSERT INTO files ( gid, file, mime ) VALUES ( '52111', 'http://www.gutenberg.org/ebooks/52111.rdf', 'application/rdf+xml' );
INSERT INTO files ( gid, file, mime ) VALUES ( '52111', 'http://www.gutenberg.org/files/52111/52111-0.txt', 'text/plain; charset=utf-8' );
INSERT INTO files ( gid, file, mime ) VALUES ( '52111', 'http://www.gutenberg.org/files/52111/52111-0.zip', 'text/plain; charset=utf-8application/zip' );
INSERT INTO files ( gid, file, mime ) VALUES ( '52111', 'http://www.gutenberg.org/files/52111/52111-h.zip', 'application/ziptext/html; charset=utf-8' );
INSERT INTO files ( gid, file, mime ) VALUES ( '52111', 'http://www.gutenberg.org/files/52111/52111-h/52111-h.htm', 'text/html; charset=utf-8' );
INSERT INTO titles ( gid, title, author, language, rights ) VALUES ( '5211', 'The Famous Missions of California', 'Hudson, William Henry', 'en', 'Public domain in the USA.' );
INSERT INTO subjects ( gid, subject ) VALUES ( '5211', 'Missions, Spanish -- California -- History' );
INSERT INTO subjects ( gid, subject ) VALUES ( '5211', 'Spanish mission buildings -- California' );
INSERT INTO subjects ( gid, subject ) VALUES ( '5211', 'Missions -- California -- History' );
INSERT INTO subjects ( gid, subject ) VALUES ( '5211', 'F850.5' );
INSERT INTO files ( gid, file, mime ) VALUES ( '5211', 'http://www.gutenberg.org/ebooks/5211.epub.images', 'application/epub+zip' );
INSERT INTO files ( gid, file, mime ) VALUES ( '5211', 'http://www.gutenberg.org/ebooks/5211.epub.noimages', 'application/epub+zip' );
INSERT INTO files ( gid, file, mime ) VALUES ( '5211', 'http://www.gutenberg.org/ebooks/5211.kindle.images', 'application/x-mobipocket-ebook' );
INSERT INTO files ( gid, file, mime ) VALUES ( '5211', 'http://www.gutenberg.org/ebooks/5211.kindle.noimages', 'application/x-mobipocket-ebook' );
INSERT INTO files ( gid, file, mime ) VALUES ( '5211', 'http://www.gutenberg.org/ebooks/5211.rdf', 'application/rdf+xml' );
INSERT INTO files ( gid, file, mime ) VALUES ( '5211', 'http://www.gutenberg.org/ebooks/5211.txt.utf-8', 'text/plain' );
INSERT INTO files ( gid, file, mime ) VALUES ( '5211', 'http://www.gutenberg.org/files/5211/5211-8.txt', 'text/plain; charset=iso-8859-1' );
INSERT INTO files ( gid, file, mime ) VALUES ( '5211', 'http://www.gutenberg.org/files/5211/5211-8.zip', 'text/plain; charset=iso-8859-1application/zip' );
INSERT INTO files ( gid, file, mime ) VALUES ( '5211', 'http://www.gutenberg.org/files/5211/5211-h.zip', 'application/ziptext/html; charset=iso-8859-1' );
INSERT INTO files ( gid, file, mime ) VALUES ( '5211', 'http://www.gutenberg.org/files/5211/5211-h/5211-h.htm', 'text/html; charset=iso-8859-1' );
INSERT INTO files ( gid, file, mime ) VALUES ( '5211', 'http://www.gutenberg.org/files/5211/5211.txt', 'text/plain; charset=us-ascii' );
INSERT INTO files ( gid, file, mime ) VALUES ( '5211', 'http://www.gutenberg.org/files/5211/5211.zip', 'application/ziptext/plain; charset=us-ascii' );
INSERT INTO titles ( gid, title, author, language, rights ) VALUES ( '52211', 'The Gods and Mr. Perrin: A Tragi-Comedy', 'Walpole, Hugh', 'en', 'Public domain in the USA.' );
INSERT INTO classifications ( gid, classification ) VALUES ( '52211', 'PR' );
INSERT INTO subjects ( gid, subject ) VALUES ( '52211', 'Endowed public schools (Great Britain) -- Fiction' );
INSERT INTO subjects ( gid, subject ) VALUES ( '52211', 'Teachers -- Fiction' );
INSERT INTO files ( gid, file, mime ) VALUES ( '52211', 'http://www.gutenberg.org/ebooks/52211.epub.images', 'application/epub+zip' );
INSERT INTO files ( gid, file, mime ) VALUES ( '52211', 'http://www.gutenberg.org/ebooks/52211.epub.noimages', 'application/epub+zip' );
INSERT INTO files ( gid, file, mime ) VALUES ( '52211', 'http://www.gutenberg.org/ebooks/52211.kindle.images', 'application/x-mobipocket-ebook' );
INSERT INTO files ( gid, file, mime ) VALUES ( '52211', 'http://www.gutenberg.org/ebooks/52211.kindle.noimages', 'application/x-mobipocket-ebook' );
INSERT INTO files ( gid, file, mime ) VALUES ( '52211', 'http://www.gutenberg.org/ebooks/52211.rdf', 'application/rdf+xml' );
INSERT INTO files ( gid, file, mime ) VALUES ( '52211', 'http://www.gutenberg.org/files/52211/52211-0.txt', 'text/plain; charset=utf-8' );
INSERT INTO files ( gid, file, mime ) VALUES ( '52211', 'http://www.gutenberg.org/files/52211/52211-0.zip', 'application/ziptext/plain; charset=utf-8' );
INSERT INTO files ( gid, file, mime ) VALUES ( '52211', 'http://www.gutenberg.org/files/52211/52211-8.txt', 'text/plain; charset=iso-8859-1' );
INSERT INTO files ( gid, file, mime ) VALUES ( '52211', 'http://www.gutenberg.org/files/52211/52211-8.zip', 'application/ziptext/plain; charset=iso-8859-1' );
INSERT INTO files ( gid, file, mime ) VALUES ( '52211', 'http://www.gutenberg.org/files/52211/52211-h.zip', 'text/html; charset=utf-8application/zip' );
INSERT INTO files ( gid, file, mime ) VALUES ( '52211', 'http://www.gutenberg.org/files/52211/52211-h/52211-h.htm', 'text/html; charset=utf-8' );
INSERT INTO files ( gid, file, mime ) VALUES ( '52211', 'http://www.gutenberg.org/files/52211/52211.txt', 'text/plain; charset=us-ascii' );
INSERT INTO files ( gid, file, mime ) VALUES ( '52211', 'http://www.gutenberg.org/files/52211/52211.zip', 'text/plain; charset=us-asciiapplication/zip' );
INSERT INTO titles ( gid, title, author, language, rights ) VALUES ( '52311', 'The Little Navajo Herder', 'Clark, Ann Nolan', 'en', 'Public domain in the USA.' );
INSERT INTO classifications ( gid, classification ) VALUES ( '52311', 'PZ' );
INSERT INTO subjects ( gid, subject ) VALUES ( '52311', 'Navajo Indians -- Juvenile poetry' );
INSERT INTO files ( gid, file, mime ) VALUES ( '52311', 'http://www.gutenberg.org/cache/epub/52311/pg52311.cover.medium.jpg', 'image/jpeg' );
INSERT INTO files ( gid, file, mime ) VALUES ( '52311', 'http://www.gutenberg.org/cache/epub/52311/pg52311.cover.small.jpg', 'image/jpeg' );
INSERT INTO files ( gid, file, mime ) VALUES ( '52311', 'http://www.gutenberg.org/ebooks/52311.epub.images', 'application/epub+zip' );
INSERT INTO files ( gid, file, mime ) VALUES ( '52311', 'http://www.gutenberg.org/ebooks/52311.epub.noimages', 'application/epub+zip' );
INSERT INTO files ( gid, file, mime ) VALUES ( '52311', 'http://www.gutenberg.org/ebooks/52311.kindle.images', 'application/x-mobipocket-ebook' );
INSERT INTO files ( gid, file, mime ) VALUES ( '52311', 'http://www.gutenberg.org/ebooks/52311.kindle.noimages', 'application/x-mobipocket-ebook' );
INSERT INTO files ( gid, file, mime ) VALUES ( '52311', 'http://www.gutenberg.org/ebooks/52311.rdf', 'application/rdf+xml' );
INSERT INTO files ( gid, file, mime ) VALUES ( '52311', 'http://www.gutenberg.org/files/52311/52311-0.txt', 'text/plain; charset=utf-8' );
INSERT INTO files ( gid, file, mime ) VALUES ( '52311', 'http://www.gutenberg.org/files/52311/52311-0.zip', 'text/plain; charset=utf-8application/zip' );
INSERT INTO files ( gid, file, mime ) VALUES ( '52311', 'http://www.gutenberg.org/files/52311/52311-h.zip', 'text/html; charset=utf-8application/zip' );
INSERT INTO files ( gid, file, mime ) VALUES ( '52311', 'http://www.gutenberg.org/files/52311/52311-h/52311-h.htm', 'text/html; charset=utf-8' );
INSERT INTO titles ( gid, title, author, language, rights ) VALUES ( '52411', 'The Southern Literary Messenger, Vol. I., No. 2, October, 1834', 'Various', 'en', 'Public domain in the USA.' );
INSERT INTO classifications ( gid, classification ) VALUES ( '52411', 'AP' );
INSERT INTO subjects ( gid, subject ) VALUES ( '52411', 'American literature -- 19th century -- Periodicals' );
INSERT INTO files ( gid, file, mime ) VALUES ( '52411', 'http://www.gutenberg.org/ebooks/52411.epub.images', 'application/epub+zip' );
INSERT INTO files ( gid, file, mime ) VALUES ( '52411', 'http://www.gutenberg.org/ebooks/52411.epub.noimages', 'application/epub+zip' );
INSERT INTO files ( gid, file, mime ) VALUES ( '52411', 'http://www.gutenberg.org/ebooks/52411.kindle.images', 'application/x-mobipocket-ebook' );
INSERT INTO files ( gid, file, mime ) VALUES ( '52411', 'http://www.gutenberg.org/ebooks/52411.kindle.noimages', 'application/x-mobipocket-ebook' );
INSERT INTO files ( gid, file, mime ) VALUES ( '52411', 'http://www.gutenberg.org/ebooks/52411.rdf', 'application/rdf+xml' );
INSERT INTO files ( gid, file, mime ) VALUES ( '52411', 'http://www.gutenberg.org/ebooks/52411.txt.utf-8', 'text/plain' );
INSERT INTO files ( gid, file, mime ) VALUES ( '52411', 'http://www.gutenberg.org/files/52411/52411-8.txt', 'text/plain; charset=iso-8859-1' );
INSERT INTO files ( gid, file, mime ) VALUES ( '52411', 'http://www.gutenberg.org/files/52411/52411-8.zip', 'text/plain; charset=iso-8859-1application/zip' );
INSERT INTO files ( gid, file, mime ) VALUES ( '52411', 'http://www.gutenberg.org/files/52411/52411-h.zip', 'text/html; charset=iso-8859-1application/zip' );
INSERT INTO files ( gid, file, mime ) VALUES ( '52411', 'http://www.gutenberg.org/files/52411/52411-h/52411-h.htm', 'text/html; charset=iso-8859-1' );
INSERT INTO files ( gid, file, mime ) VALUES ( '52411', 'http://www.gutenberg.org/files/52411/52411.txt', 'text/plain; charset=us-ascii' );
INSERT INTO files ( gid, file, mime ) VALUES ( '52411', 'http://www.gutenberg.org/files/52411/52411.zip', 'text/plain; charset=us-asciiapplication/zip' );
INSERT INTO titles ( gid, title, author, language, rights ) VALUES ( '52511', 'Études: Baudelaire, Paul Claudel, André Gide, Rameau, Bach, Franck, Wagner, Moussorgsky, Debussy, Ingres, Cézanne, Gauguin', 'Rivière, Jacques', 'fr', 'Public domain in the USA.' );
INSERT INTO classifications ( gid, classification ) VALUES ( '52511', 'PQ' );
INSERT INTO subjects ( gid, subject ) VALUES ( '52511', 'Claudel, Paul, 1868-1955' );
INSERT INTO subjects ( gid, subject ) VALUES ( '52511', 'Baudelaire, Charles, 1821-1867' );
INSERT INTO subjects ( gid, subject ) VALUES ( '52511', 'Music' );
INSERT INTO subjects ( gid, subject ) VALUES ( '52511', 'Gide, André, 1869-1951' );
INSERT INTO subjects ( gid, subject ) VALUES ( '52511', 'Painters -- France' );
INSERT INTO files ( gid, file, mime ) VALUES ( '52511', 'http://www.gutenberg.org/cache/epub/52511/pg52511.cover.medium.jpg', 'image/jpeg' );
INSERT INTO files ( gid, file, mime ) VALUES ( '52511', 'http://www.gutenberg.org/cache/epub/52511/pg52511.cover.small.jpg', 'image/jpeg' );
INSERT INTO files ( gid, file, mime ) VALUES ( '52511', 'http://www.gutenberg.org/ebooks/52511.epub.images', 'application/epub+zip' );
INSERT INTO files ( gid, file, mime ) VALUES ( '52511', 'http://www.gutenberg.org/ebooks/52511.epub.noimages', 'application/epub+zip' );
INSERT INTO files ( gid, file, mime ) VALUES ( '52511', 'http://www.gutenberg.org/ebooks/52511.kindle.images', 'application/x-mobipocket-ebook' );
INSERT INTO files ( gid, file, mime ) VALUES ( '52511', 'http://www.gutenberg.org/ebooks/52511.kindle.noimages', 'application/x-mobipocket-ebook' );
INSERT INTO files ( gid, file, mime ) VALUES ( '52511', 'http://www.gutenberg.org/ebooks/52511.rdf', 'application/rdf+xml' );
INSERT INTO files ( gid, file, mime ) VALUES ( '52511', 'http://www.gutenberg.org/files/52511/52511-0.txt', 'text/plain; charset=utf-8' );
INSERT INTO files ( gid, file, mime ) VALUES ( '52511', 'http://www.gutenberg.org/files/52511/52511-0.zip', 'application/ziptext/plain; charset=utf-8' );
INSERT INTO files ( gid, file, mime ) VALUES ( '52511', 'http://www.gutenberg.org/files/52511/52511-h.zip', 'application/ziptext/html; charset=utf-8' );
INSERT INTO files ( gid, file, mime ) VALUES ( '52511', 'http://www.gutenberg.org/files/52511/52511-h/52511-h.htm', 'text/html; charset=utf-8' );
INSERT INTO titles ( gid, title, author, language, rights ) VALUES ( '52611', 'Le diable amoureux', 'Cazotte, Jacques', 'fr', 'Public domain in the USA.' );
INSERT INTO classifications ( gid, classification ) VALUES ( '52611', 'PQ' );
INSERT INTO subjects ( gid, subject ) VALUES ( '52611', 'Devil -- Fiction' );
INSERT INTO subjects ( gid, subject ) VALUES ( '52611', 'French fiction -- 18th century' );
INSERT INTO files ( gid, file, mime ) VALUES ( '52611', 'http://www.gutenberg.org/cache/epub/52611/pg52611.cover.medium.jpg', 'image/jpeg' );
INSERT INTO files ( gid, file, mime ) VALUES ( '52611', 'http://www.gutenberg.org/cache/epub/52611/pg52611.cover.small.jpg', 'image/jpeg' );
INSERT INTO files ( gid, file, mime ) VALUES ( '52611', 'http://www.gutenberg.org/ebooks/52611.epub.images', 'application/epub+zip' );
INSERT INTO files ( gid, file, mime ) VALUES ( '52611', 'http://www.gutenberg.org/ebooks/52611.epub.noimages', 'application/epub+zip' );
INSERT INTO files ( gid, file, mime ) VALUES ( '52611', 'http://www.gutenberg.org/ebooks/52611.kindle.images', 'application/x-mobipocket-ebook' );
INSERT INTO files ( gid, file, mime ) VALUES ( '52611', 'http://www.gutenberg.org/ebooks/52611.kindle.noimages', 'application/x-mobipocket-ebook' );
INSERT INTO files ( gid, file, mime ) VALUES ( '52611', 'http://www.gutenberg.org/ebooks/52611.rdf', 'application/rdf+xml' );
INSERT INTO files ( gid, file, mime ) VALUES ( '52611', 'http://www.gutenberg.org/files/52611/52611-0.txt', 'text/plain; charset=utf-8' );
INSERT INTO files ( gid, file, mime ) VALUES ( '52611', 'http://www.gutenberg.org/files/52611/52611-0.zip', 'application/ziptext/plain; charset=utf-8' );
INSERT INTO files ( gid, file, mime ) VALUES ( '52611', 'http://www.gutenberg.org/files/52611/52611-h.zip', 'text/html; charset=utf-8application/zip' );
INSERT INTO files ( gid, file, mime ) VALUES ( '52611', 'http://www.gutenberg.org/files/52611/52611-h/52611-h.htm', 'text/html; charset=utf-8' );
INSERT INTO titles ( gid, title, author, language, rights ) VALUES ( '52711', 'Kapina', 'Balzac, Honoré de', 'fi', 'Public domain in the USA.' );
INSERT INTO classifications ( gid, classification ) VALUES ( '52711', 'PQ' );
INSERT INTO subjects ( gid, subject ) VALUES ( '52711', 'French fiction -- Translations into Finnish' );
INSERT INTO subjects ( gid, subject ) VALUES ( '52711', 'Chouans -- Fiction' );
INSERT INTO files ( gid, file, mime ) VALUES ( '52711', 'http://www.gutenberg.org/ebooks/52711.epub.images', 'application/epub+zip' );
INSERT INTO files ( gid, file, mime ) VALUES ( '52711', 'http://www.gutenberg.org/ebooks/52711.epub.noimages', 'application/epub+zip' );
INSERT INTO files ( gid, file, mime ) VALUES ( '52711', 'http://www.gutenberg.org/ebooks/52711.html.images', 'text/html' );
INSERT INTO files ( gid, file, mime ) VALUES ( '52711', 'http://www.gutenberg.org/ebooks/52711.html.noimages', 'text/html' );
INSERT INTO files ( gid, file, mime ) VALUES ( '52711', 'http://www.gutenberg.org/ebooks/52711.kindle.images', 'application/x-mobipocket-ebook' );
INSERT INTO files ( gid, file, mime ) VALUES ( '52711', 'http://www.gutenberg.org/ebooks/52711.kindle.noimages', 'application/x-mobipocket-ebook' );
INSERT INTO files ( gid, file, mime ) VALUES ( '52711', 'http://www.gutenberg.org/ebooks/52711.rdf', 'application/rdf+xml' );
INSERT INTO files ( gid, file, mime ) VALUES ( '52711', 'http://www.gutenberg.org/ebooks/52711.txt.utf-8', 'text/plain' );
INSERT INTO files ( gid, file, mime ) VALUES ( '52711', 'http://www.gutenberg.org/files/52711/52711-8.txt', 'text/plain; charset=iso-8859-1' );
INSERT INTO files ( gid, file, mime ) VALUES ( '52711', 'http://www.gutenberg.org/files/52711/52711-8.zip', 'text/plain; charset=iso-8859-1application/zip' );
INSERT INTO titles ( gid, title, author, language, rights ) VALUES ( '52811', 'Anarchy and Anarchists A History of the Red Terror and the Social Revolution in America and Europe; Communism, Socialism, and Nihilism in Doctrine and in Deed; The Chicago Haymarket Conspiracy and the Detection and Trial of the Conspirators', 'Schaack, Michael J.', 'en', 'Public domain in the USA.' );
INSERT INTO classifications ( gid, classification ) VALUES ( '52811', 'HX' );
INSERT INTO subjects ( gid, subject ) VALUES ( '52811', 'Anarchists -- Illinois -- Chicago' );
INSERT INTO subjects ( gid, subject ) VALUES ( '52811', 'Haymarket Square Riot, Chicago, Ill., 1886' );
INSERT INTO subjects ( gid, subject ) VALUES ( '52811', 'Anarchism' );
INSERT INTO files ( gid, file, mime ) VALUES ( '52811', 'http://www.gutenberg.org/cache/epub/52811/pg52811.cover.medium.jpg', 'image/jpeg' );
INSERT INTO files ( gid, file, mime ) VALUES ( '52811', 'http://www.gutenberg.org/cache/epub/52811/pg52811.cover.small.jpg', 'image/jpeg' );
INSERT INTO files ( gid, file, mime ) VALUES ( '52811', 'http://www.gutenberg.org/ebooks/52811.epub.images', 'application/epub+zip' );
INSERT INTO files ( gid, file, mime ) VALUES ( '52811', 'http://www.gutenberg.org/ebooks/52811.epub.noimages', 'application/epub+zip' );
INSERT INTO files ( gid, file, mime ) VALUES ( '52811', 'http://www.gutenberg.org/ebooks/52811.kindle.images', 'application/x-mobipocket-ebook' );
INSERT INTO files ( gid, file, mime ) VALUES ( '52811', 'http://www.gutenberg.org/ebooks/52811.kindle.noimages', 'application/x-mobipocket-ebook' );
INSERT INTO files ( gid, file, mime ) VALUES ( '52811', 'http://www.gutenberg.org/ebooks/52811.rdf', 'application/rdf+xml' );
INSERT INTO files ( gid, file, mime ) VALUES ( '52811', 'http://www.gutenberg.org/files/52811/52811-0.txt', 'text/plain; charset=utf-8' );
INSERT INTO files ( gid, file, mime ) VALUES ( '52811', 'http://www.gutenberg.org/files/52811/52811-0.zip', 'text/plain; charset=utf-8application/zip' );
INSERT INTO files ( gid, file, mime ) VALUES ( '52811', 'http://www.gutenberg.org/files/52811/52811-h.zip', 'application/ziptext/html; charset=utf-8' );
INSERT INTO files ( gid, file, mime ) VALUES ( '52811', 'http://www.gutenberg.org/files/52811/52811-h/52811-h.htm', 'text/html; charset=utf-8' );
INSERT INTO titles ( gid, title, author, language, rights ) VALUES ( '52911', 'The Chronicles of Enguerrand de Monstrelet, Vol. 03 [of 13] Containing an account of the cruel civil wars between the houses of Orleans and Burgundy, of the possession of Paris and Normandy by the English, their expulsion thence, and of other memorable events that happened in the kingdom of France, as well as in other countries', 'Monstrelet, Enguerrand de', 'en', 'Public domain in the USA.' );
INSERT INTO classifications ( gid, classification ) VALUES ( '52911', 'D' );
INSERT INTO subjects ( gid, subject ) VALUES ( '52911', 'Hundred Years'' War, 1339-1453' );
INSERT INTO subjects ( gid, subject ) VALUES ( '52911', 'France -- History -- House of Valois, 1328-1589' );
INSERT INTO subjects ( gid, subject ) VALUES ( '52911', 'Europe -- History -- 476-1492 -- Sources' );
INSERT INTO files ( gid, file, mime ) VALUES ( '52911', 'http://www.gutenberg.org/cache/epub/52911/pg52911.cover.medium.jpg', 'image/jpeg' );
INSERT INTO files ( gid, file, mime ) VALUES ( '52911', 'http://www.gutenberg.org/cache/epub/52911/pg52911.cover.small.jpg', 'image/jpeg' );
INSERT INTO files ( gid, file, mime ) VALUES ( '52911', 'http://www.gutenberg.org/ebooks/52911.epub.images', 'application/epub+zip' );
INSERT INTO files ( gid, file, mime ) VALUES ( '52911', 'http://www.gutenberg.org/ebooks/52911.epub.noimages', 'application/epub+zip' );
INSERT INTO files ( gid, file, mime ) VALUES ( '52911', 'http://www.gutenberg.org/ebooks/52911.kindle.images', 'application/x-mobipocket-ebook' );
INSERT INTO files ( gid, file, mime ) VALUES ( '52911', 'http://www.gutenberg.org/ebooks/52911.kindle.noimages', 'application/x-mobipocket-ebook' );
INSERT INTO files ( gid, file, mime ) VALUES ( '52911', 'http://www.gutenberg.org/ebooks/52911.rdf', 'application/rdf+xml' );
INSERT INTO files ( gid, file, mime ) VALUES ( '52911', 'http://www.gutenberg.org/ebooks/52911.txt.utf-8', 'text/plain' );
INSERT INTO files ( gid, file, mime ) VALUES ( '52911', 'http://www.gutenberg.org/files/52911/52911-8.txt', 'text/plain; charset=iso-8859-1' );
INSERT INTO files ( gid, file, mime ) VALUES ( '52911', 'http://www.gutenberg.org/files/52911/52911-8.zip', 'text/plain; charset=iso-8859-1application/zip' );
INSERT INTO files ( gid, file, mime ) VALUES ( '52911', 'http://www.gutenberg.org/files/52911/52911-h.zip', 'text/html; charset=iso-8859-1application/zip' );
INSERT INTO files ( gid, file, mime ) VALUES ( '52911', 'http://www.gutenberg.org/files/52911/52911-h/52911-h.htm', 'text/html; charset=iso-8859-1' );
INSERT INTO titles ( gid, title, author, language, rights ) VALUES ( '11711', 'When hearts are trumps', 'Hall, Tom', 'en', 'Public domain in the USA.' );
INSERT INTO classifications ( gid, classification ) VALUES ( '11711', 'PS' );
INSERT INTO subjects ( gid, subject ) VALUES ( '11711', 'Love poetry, American' );
INSERT INTO files ( gid, file, mime ) VALUES ( '11711', 'http://www.gutenberg.org/ebooks/11711.epub.images', 'application/epub+zip' );
INSERT INTO files ( gid, file, mime ) VALUES ( '11711', 'http://www.gutenberg.org/ebooks/11711.epub.noimages', 'application/epub+zip' );
INSERT INTO files ( gid, file, mime ) VALUES ( '11711', 'http://www.gutenberg.org/ebooks/11711.kindle.images', 'application/x-mobipocket-ebook' );
INSERT INTO files ( gid, file, mime ) VALUES ( '11711', 'http://www.gutenberg.org/ebooks/11711.kindle.noimages', 'application/x-mobipocket-ebook' );
INSERT INTO files ( gid, file, mime ) VALUES ( '11711', 'http://www.gutenberg.org/ebooks/11711.rdf', 'application/rdf+xml' );
INSERT INTO files ( gid, file, mime ) VALUES ( '11711', 'http://www.gutenberg.org/ebooks/11711.txt.utf-8', 'text/plain' );
INSERT INTO files ( gid, file, mime ) VALUES ( '11711', 'http://www.gutenberg.org/files/11711/11711-8.txt', 'text/plain; charset=iso-8859-1' );
INSERT INTO files ( gid, file, mime ) VALUES ( '11711', 'http://www.gutenberg.org/files/11711/11711-8.zip', 'application/ziptext/plain; charset=iso-8859-1' );
INSERT INTO files ( gid, file, mime ) VALUES ( '11711', 'http://www.gutenberg.org/files/11711/11711-h.zip', 'application/ziptext/html' );
INSERT INTO files ( gid, file, mime ) VALUES ( '11711', 'http://www.gutenberg.org/files/11711/11711-h/11711-h.htm', 'text/html; charset=iso-8859-1' );
INSERT INTO files ( gid, file, mime ) VALUES ( '11711', 'http://www.gutenberg.org/files/11711/11711.txt', 'text/plain; charset=us-ascii' );
INSERT INTO files ( gid, file, mime ) VALUES ( '11711', 'http://www.gutenberg.org/files/11711/11711.zip', 'text/plainapplication/zip' );
INSERT INTO titles ( gid, title, author, language, rights ) VALUES ( '11811', 'U.S. Copyright Renewals, 1955 January - June', 'Library of Congress. Copyright Office', 'en', 'Public domain in the USA.' );
INSERT INTO classifications ( gid, classification ) VALUES ( '11811', 'Z' );
INSERT INTO subjects ( gid, subject ) VALUES ( '11811', 'Copyright -- United States -- Catalogs' );
INSERT INTO files ( gid, file, mime ) VALUES ( '11811', 'http://www.gutenberg.org/ebooks/11811.epub.images', 'application/epub+zip' );
INSERT INTO files ( gid, file, mime ) VALUES ( '11811', 'http://www.gutenberg.org/ebooks/11811.epub.noimages', 'application/epub+zip' );
INSERT INTO files ( gid, file, mime ) VALUES ( '11811', 'http://www.gutenberg.org/ebooks/11811.html.images', 'text/html' );
INSERT INTO files ( gid, file, mime ) VALUES ( '11811', 'http://www.gutenberg.org/ebooks/11811.html.noimages', 'text/html' );
INSERT INTO files ( gid, file, mime ) VALUES ( '11811', 'http://www.gutenberg.org/ebooks/11811.kindle.images', 'application/x-mobipocket-ebook' );
INSERT INTO files ( gid, file, mime ) VALUES ( '11811', 'http://www.gutenberg.org/ebooks/11811.kindle.noimages', 'application/x-mobipocket-ebook' );
INSERT INTO files ( gid, file, mime ) VALUES ( '11811', 'http://www.gutenberg.org/ebooks/11811.rdf', 'application/rdf+xml' );
INSERT INTO files ( gid, file, mime ) VALUES ( '11811', 'http://www.gutenberg.org/ebooks/11811.txt.utf-8', 'text/plain' );
INSERT INTO files ( gid, file, mime ) VALUES ( '11811', 'http://www.gutenberg.org/files/11811/11811-8.txt', 'text/plain; charset=iso-8859-1' );
INSERT INTO files ( gid, file, mime ) VALUES ( '11811', 'http://www.gutenberg.org/files/11811/11811-8.zip', 'application/ziptext/plain; charset=iso-8859-1' );
INSERT INTO titles ( gid, title, author, language, rights ) VALUES ( '11911', 'The Silent Isle', 'Benson, Arthur Christopher', 'en', 'Public domain in the USA.' );
INSERT INTO classifications ( gid, classification ) VALUES ( '11911', 'PR' );
INSERT INTO subjects ( gid, subject ) VALUES ( '11911', 'English essays' );
INSERT INTO files ( gid, file, mime ) VALUES ( '11911', 'http://www.gutenberg.org/ebooks/11911.epub.images', 'application/epub+zip' );
INSERT INTO files ( gid, file, mime ) VALUES ( '11911', 'http://www.gutenberg.org/ebooks/11911.epub.noimages', 'application/epub+zip' );
INSERT INTO files ( gid, file, mime ) VALUES ( '11911', 'http://www.gutenberg.org/ebooks/11911.kindle.images', 'application/x-mobipocket-ebook' );
INSERT INTO files ( gid, file, mime ) VALUES ( '11911', 'http://www.gutenberg.org/ebooks/11911.kindle.noimages', 'application/x-mobipocket-ebook' );
INSERT INTO files ( gid, file, mime ) VALUES ( '11911', 'http://www.gutenberg.org/ebooks/11911.rdf', 'application/rdf+xml' );
INSERT INTO files ( gid, file, mime ) VALUES ( '11911', 'http://www.gutenberg.org/ebooks/11911.txt.utf-8', 'text/plain' );
INSERT INTO files ( gid, file, mime ) VALUES ( '11911', 'http://www.gutenberg.org/files/11911/11911-8.txt', 'text/plain; charset=iso-8859-1' );
INSERT INTO files ( gid, file, mime ) VALUES ( '11911', 'http://www.gutenberg.org/files/11911/11911-8.zip', 'application/ziptext/plain; charset=iso-8859-1' );
INSERT INTO files ( gid, file, mime ) VALUES ( '11911', 'http://www.gutenberg.org/files/11911/11911-h.zip', 'application/ziptext/html' );
INSERT INTO files ( gid, file, mime ) VALUES ( '11911', 'http://www.gutenberg.org/files/11911/11911-h/11911-h.htm', 'text/html; charset=iso-8859-1' );
INSERT INTO files ( gid, file, mime ) VALUES ( '11911', 'http://www.gutenberg.org/files/11911/11911.txt', 'text/plain; charset=us-ascii' );
INSERT INTO files ( gid, file, mime ) VALUES ( '11911', 'http://www.gutenberg.org/files/11911/11911.zip', 'text/plainapplication/zip' );
INSERT INTO titles ( gid, title, author, language, rights ) VALUES ( '11', 'Alice''s Adventures in Wonderland', 'Carroll, Lewis', 'en', 'Public domain in the USA.' );
INSERT INTO classifications ( gid, classification ) VALUES ( '11', 'PR' );
INSERT INTO classifications ( gid, classification ) VALUES ( '11', 'PZ' );
INSERT INTO subjects ( gid, subject ) VALUES ( '11', 'Imaginary places -- Juvenile fiction' );
INSERT INTO subjects ( gid, subject ) VALUES ( '11', 'Alice (Fictitious character from Carroll) -- Juvenile fiction' );
INSERT INTO subjects ( gid, subject ) VALUES ( '11', 'Fantasy fiction' );
INSERT INTO subjects ( gid, subject ) VALUES ( '11', 'Children''s stories' );
INSERT INTO files ( gid, file, mime ) VALUES ( '11', 'http://www.gutenberg.org/ebooks/11.epub.images', 'application/epub+zip' );
INSERT INTO files ( gid, file, mime ) VALUES ( '11', 'http://www.gutenberg.org/ebooks/11.epub.noimages', 'application/epub+zip' );
INSERT INTO files ( gid, file, mime ) VALUES ( '11', 'http://www.gutenberg.org/ebooks/11.kindle.images', 'application/x-mobipocket-ebook' );
INSERT INTO files ( gid, file, mime ) VALUES ( '11', 'http://www.gutenberg.org/ebooks/11.kindle.noimages', 'application/x-mobipocket-ebook' );
INSERT INTO files ( gid, file, mime ) VALUES ( '11', 'http://www.gutenberg.org/ebooks/11.rdf', 'application/rdf+xml' );
INSERT INTO files ( gid, file, mime ) VALUES ( '11', 'http://www.gutenberg.org/files/11/11-0.txt', 'text/plain; charset=utf-8' );
INSERT INTO files ( gid, file, mime ) VALUES ( '11', 'http://www.gutenberg.org/files/11/11-0.zip', 'application/ziptext/plain; charset=utf-8' );
INSERT INTO files ( gid, file, mime ) VALUES ( '11', 'http://www.gutenberg.org/files/11/11-h.zip', 'application/ziptext/html; charset=utf-8' );
INSERT INTO files ( gid, file, mime ) VALUES ( '11', 'http://www.gutenberg.org/files/11/11-h/11-h.htm', 'text/html; charset=utf-8' );
INSERT INTO files ( gid, file, mime ) VALUES ( '11', 'http://www.gutenberg.org/files/11/11-pdf.pdf', 'application/pdf' );
INSERT INTO files ( gid, file, mime ) VALUES ( '11', 'http://www.gutenberg.org/files/11/11-pdf.zip', 'application/pdfapplication/zip' );
INSERT INTO files ( gid, file, mime ) VALUES ( '11', 'http://www.gutenberg.org/files/11/11.txt', 'text/plain; charset=us-ascii' );
INSERT INTO files ( gid, file, mime ) VALUES ( '11', 'http://www.gutenberg.org/files/11/11.zip', 'text/plain; charset=us-asciiapplication/zip' );
INSERT INTO titles ( gid, title, author, language, rights ) VALUES ( '12011', 'Monsieur Parent, et autres histoires courtes', 'Maupassant, Guy de', 'fr', 'Public domain in the USA.' );
INSERT INTO classifications ( gid, classification ) VALUES ( '12011', 'PQ' );
INSERT INTO subjects ( gid, subject ) VALUES ( '12011', 'Short stories, French' );
INSERT INTO subjects ( gid, subject ) VALUES ( '12011', 'French fiction -- 19th century' );
INSERT INTO files ( gid, file, mime ) VALUES ( '12011', 'http://www.gutenberg.org/ebooks/12011.epub.images', 'application/epub+zip' );
INSERT INTO files ( gid, file, mime ) VALUES ( '12011', 'http://www.gutenberg.org/ebooks/12011.epub.noimages', 'application/epub+zip' );
INSERT INTO files ( gid, file, mime ) VALUES ( '12011', 'http://www.gutenberg.org/ebooks/12011.kindle.images', 'application/x-mobipocket-ebook' );
INSERT INTO files ( gid, file, mime ) VALUES ( '12011', 'http://www.gutenberg.org/ebooks/12011.kindle.noimages', 'application/x-mobipocket-ebook' );
INSERT INTO files ( gid, file, mime ) VALUES ( '12011', 'http://www.gutenberg.org/ebooks/12011.rdf', 'application/rdf+xml' );
INSERT INTO files ( gid, file, mime ) VALUES ( '12011', 'http://www.gutenberg.org/ebooks/12011.txt.utf-8', 'text/plain' );
INSERT INTO files ( gid, file, mime ) VALUES ( '12011', 'http://www.gutenberg.org/files/12011/12011-8.txt', 'text/plain; charset=iso-8859-1' );
INSERT INTO files ( gid, file, mime ) VALUES ( '12011', 'http://www.gutenberg.org/files/12011/12011-8.zip', 'text/plain; charset=iso-8859-1application/zip' );
INSERT INTO files ( gid, file, mime ) VALUES ( '12011', 'http://www.gutenberg.org/files/12011/12011-h.zip', 'application/ziptext/html' );
INSERT INTO files ( gid, file, mime ) VALUES ( '12011', 'http://www.gutenberg.org/files/12011/12011-h/12011-h.htm', 'text/html; charset=iso-8859-1' );
INSERT INTO files ( gid, file, mime ) VALUES ( '12011', 'http://www.gutenberg.org/files/12011/12011.txt', 'text/plain; charset=us-ascii' );
INSERT INTO files ( gid, file, mime ) VALUES ( '12011', 'http://www.gutenberg.org/files/12011/12011.zip', 'application/ziptext/plain' );
INSERT INTO titles ( gid, title, author, language, rights ) VALUES ( '12111', 'The Glories of Ireland', '', 'en', 'Public domain in the USA.' );
INSERT INTO classifications ( gid, classification ) VALUES ( '12111', 'DA' );
INSERT INTO subjects ( gid, subject ) VALUES ( '12111', 'Ireland -- Civilization' );
INSERT INTO files ( gid, file, mime ) VALUES ( '12111', 'http://www.gutenberg.org/ebooks/12111.epub.images', 'application/epub+zip' );
INSERT INTO files ( gid, file, mime ) VALUES ( '12111', 'http://www.gutenberg.org/ebooks/12111.epub.noimages', 'application/epub+zip' );
INSERT INTO files ( gid, file, mime ) VALUES ( '12111', 'http://www.gutenberg.org/ebooks/12111.kindle.images', 'application/x-mobipocket-ebook' );
INSERT INTO files ( gid, file, mime ) VALUES ( '12111', 'http://www.gutenberg.org/ebooks/12111.kindle.noimages', 'application/x-mobipocket-ebook' );
INSERT INTO files ( gid, file, mime ) VALUES ( '12111', 'http://www.gutenberg.org/ebooks/12111.rdf', 'application/rdf+xml' );
INSERT INTO files ( gid, file, mime ) VALUES ( '12111', 'http://www.gutenberg.org/ebooks/12111.txt.utf-8', 'text/plain' );
INSERT INTO files ( gid, file, mime ) VALUES ( '12111', 'http://www.gutenberg.org/files/12111/12111-8.txt', 'text/plain; charset=iso-8859-1' );
INSERT INTO files ( gid, file, mime ) VALUES ( '12111', 'http://www.gutenberg.org/files/12111/12111-8.zip', 'text/plain; charset=iso-8859-1application/zip' );
INSERT INTO files ( gid, file, mime ) VALUES ( '12111', 'http://www.gutenberg.org/files/12111/12111-h.zip', 'text/htmlapplication/zip' );
INSERT INTO files ( gid, file, mime ) VALUES ( '12111', 'http://www.gutenberg.org/files/12111/12111-h/12111-h.htm', 'text/html; charset=iso-8859-1' );
INSERT INTO files ( gid, file, mime ) VALUES ( '12111', 'http://www.gutenberg.org/files/12111/12111.txt', 'text/plain; charset=us-ascii' );
INSERT INTO files ( gid, file, mime ) VALUES ( '12111', 'http://www.gutenberg.org/files/12111/12111.zip', 'text/plainapplication/zip' );
INSERT INTO titles ( gid, title, author, language, rights ) VALUES ( '1211', 'A Selection from the Lyrical Poems of Robert Herrick', 'Herrick, Robert', 'en', 'Public domain in the USA.' );
INSERT INTO classifications ( gid, classification ) VALUES ( '1211', 'PR' );
INSERT INTO subjects ( gid, subject ) VALUES ( '1211', 'English poetry -- Early modern, 1500-1700' );
INSERT INTO files ( gid, file, mime ) VALUES ( '1211', 'http://www.gutenberg.org/ebooks/1211.epub.images', 'application/epub+zip' );
INSERT INTO files ( gid, file, mime ) VALUES ( '1211', 'http://www.gutenberg.org/ebooks/1211.epub.noimages', 'application/epub+zip' );
INSERT INTO files ( gid, file, mime ) VALUES ( '1211', 'http://www.gutenberg.org/ebooks/1211.kindle.images', 'application/x-mobipocket-ebook' );
INSERT INTO files ( gid, file, mime ) VALUES ( '1211', 'http://www.gutenberg.org/ebooks/1211.kindle.noimages', 'application/x-mobipocket-ebook' );
INSERT INTO files ( gid, file, mime ) VALUES ( '1211', 'http://www.gutenberg.org/ebooks/1211.rdf', 'application/rdf+xml' );
INSERT INTO files ( gid, file, mime ) VALUES ( '1211', 'http://www.gutenberg.org/ebooks/1211.txt.utf-8', 'text/plain' );
INSERT INTO files ( gid, file, mime ) VALUES ( '1211', 'http://www.gutenberg.org/files/1211/1211-h.zip', 'text/html; charset=us-asciiapplication/zip' );
INSERT INTO files ( gid, file, mime ) VALUES ( '1211', 'http://www.gutenberg.org/files/1211/1211-h/1211-h.htm', 'text/html; charset=us-ascii' );
INSERT INTO files ( gid, file, mime ) VALUES ( '1211', 'http://www.gutenberg.org/files/1211/1211.txt', 'text/plain; charset=us-ascii' );
INSERT INTO files ( gid, file, mime ) VALUES ( '1211', 'http://www.gutenberg.org/files/1211/1211.zip', 'application/ziptext/plain; charset=us-ascii' );
INSERT INTO titles ( gid, title, author, language, rights ) VALUES ( '12211', 'A Spirit of Avarice Odd Craft, Part 11.', 'Jacobs, W. W. (William Wymark)', 'en', 'Public domain in the USA.' );
INSERT INTO classifications ( gid, classification ) VALUES ( '12211', 'PR' );
INSERT INTO subjects ( gid, subject ) VALUES ( '12211', 'Humorous stories, English' );
INSERT INTO subjects ( gid, subject ) VALUES ( '12211', 'Sailors -- Fiction' );
INSERT INTO subjects ( gid, subject ) VALUES ( '12211', 'England -- Social life and customs -- Fiction' );
INSERT INTO files ( gid, file, mime ) VALUES ( '12211', 'http://www.gutenberg.org/cache/epub/12211/pg12211.cover.medium.jpg', 'image/jpeg' );
INSERT INTO files ( gid, file, mime ) VALUES ( '12211', 'http://www.gutenberg.org/cache/epub/12211/pg12211.cover.small.jpg', 'image/jpeg' );
INSERT INTO files ( gid, file, mime ) VALUES ( '12211', 'http://www.gutenberg.org/ebooks/12211.epub.images', 'application/epub+zip' );
INSERT INTO files ( gid, file, mime ) VALUES ( '12211', 'http://www.gutenberg.org/ebooks/12211.epub.noimages', 'application/epub+zip' );
INSERT INTO files ( gid, file, mime ) VALUES ( '12211', 'http://www.gutenberg.org/ebooks/12211.kindle.images', 'application/x-mobipocket-ebook' );
INSERT INTO files ( gid, file, mime ) VALUES ( '12211', 'http://www.gutenberg.org/ebooks/12211.kindle.noimages', 'application/x-mobipocket-ebook' );
INSERT INTO files ( gid, file, mime ) VALUES ( '12211', 'http://www.gutenberg.org/ebooks/12211.rdf', 'application/rdf+xml' );
INSERT INTO files ( gid, file, mime ) VALUES ( '12211', 'http://www.gutenberg.org/ebooks/12211.txt.utf-8', 'text/plain' );
INSERT INTO files ( gid, file, mime ) VALUES ( '12211', 'http://www.gutenberg.org/files/12211/12211-h.zip', 'application/ziptext/html' );
INSERT INTO files ( gid, file, mime ) VALUES ( '12211', 'http://www.gutenberg.org/files/12211/12211-h/12211-h.htm', 'text/html; charset=us-ascii' );
INSERT INTO files ( gid, file, mime ) VALUES ( '12211', 'http://www.gutenberg.org/files/12211/12211.txt', 'text/plain; charset=us-ascii' );
INSERT INTO files ( gid, file, mime ) VALUES ( '12211', 'http://www.gutenberg.org/files/12211/12211.zip', 'text/plainapplication/zip' );
INSERT INTO titles ( gid, title, author, language, rights ) VALUES ( '12311', 'Christ: The Way, the Truth, and the Life', 'Brown, John', 'en', 'Public domain in the USA.' );
INSERT INTO classifications ( gid, classification ) VALUES ( '12311', 'BT' );
INSERT INTO subjects ( gid, subject ) VALUES ( '12311', 'Bible. John XIV, 6 -- Criticism, interpretation, etc.' );
INSERT INTO subjects ( gid, subject ) VALUES ( '12311', 'Sanctification' );
INSERT INTO subjects ( gid, subject ) VALUES ( '12311', 'Jesus Christ' );
INSERT INTO subjects ( gid, subject ) VALUES ( '12311', 'Justification (Christian theology)' );
INSERT INTO files ( gid, file, mime ) VALUES ( '12311', 'http://www.gutenberg.org/ebooks/12311.epub.images', 'application/epub+zip' );
INSERT INTO files ( gid, file, mime ) VALUES ( '12311', 'http://www.gutenberg.org/ebooks/12311.epub.noimages', 'application/epub+zip' );
INSERT INTO files ( gid, file, mime ) VALUES ( '12311', 'http://www.gutenberg.org/ebooks/12311.kindle.images', 'application/x-mobipocket-ebook' );
INSERT INTO files ( gid, file, mime ) VALUES ( '12311', 'http://www.gutenberg.org/ebooks/12311.kindle.noimages', 'application/x-mobipocket-ebook' );
INSERT INTO files ( gid, file, mime ) VALUES ( '12311', 'http://www.gutenberg.org/ebooks/12311.rdf', 'application/rdf+xml' );
INSERT INTO files ( gid, file, mime ) VALUES ( '12311', 'http://www.gutenberg.org/ebooks/12311.txt.utf-8', 'text/plain' );
INSERT INTO files ( gid, file, mime ) VALUES ( '12311', 'http://www.gutenberg.org/files/12311/12311-h.zip', 'text/htmlapplication/zip' );
INSERT INTO files ( gid, file, mime ) VALUES ( '12311', 'http://www.gutenberg.org/files/12311/12311-h/12311-h.htm', 'text/html; charset=us-ascii' );
INSERT INTO files ( gid, file, mime ) VALUES ( '12311', 'http://www.gutenberg.org/files/12311/12311.txt', 'text/plain; charset=us-ascii' );
INSERT INTO files ( gid, file, mime ) VALUES ( '12311', 'http://www.gutenberg.org/files/12311/12311.zip', 'text/plainapplication/zip' );
INSERT INTO titles ( gid, title, author, language, rights ) VALUES ( '12411', 'The Long White Cloud: "Ao Tea Roa"', 'Reeves, William Pember', 'en', 'Public domain in the USA.' );
INSERT INTO classifications ( gid, classification ) VALUES ( '12411', 'DU' );
INSERT INTO subjects ( gid, subject ) VALUES ( '12411', 'Ethnology -- New Zealand' );
INSERT INTO subjects ( gid, subject ) VALUES ( '12411', 'New Zealand' );
INSERT INTO files ( gid, file, mime ) VALUES ( '12411', 'http://www.gutenberg.org/ebooks/12411.epub.images', 'application/epub+zip' );
INSERT INTO files ( gid, file, mime ) VALUES ( '12411', 'http://www.gutenberg.org/ebooks/12411.epub.noimages', 'application/epub+zip' );
INSERT INTO files ( gid, file, mime ) VALUES ( '12411', 'http://www.gutenberg.org/ebooks/12411.kindle.images', 'application/x-mobipocket-ebook' );
INSERT INTO files ( gid, file, mime ) VALUES ( '12411', 'http://www.gutenberg.org/ebooks/12411.kindle.noimages', 'application/x-mobipocket-ebook' );
INSERT INTO files ( gid, file, mime ) VALUES ( '12411', 'http://www.gutenberg.org/ebooks/12411.rdf', 'application/rdf+xml' );
INSERT INTO files ( gid, file, mime ) VALUES ( '12411', 'http://www.gutenberg.org/ebooks/12411.txt.utf-8', 'text/plain' );
INSERT INTO files ( gid, file, mime ) VALUES ( '12411', 'http://www.gutenberg.org/files/12411/12411-8.txt', 'text/plain; charset=iso-8859-1' );
INSERT INTO files ( gid, file, mime ) VALUES ( '12411', 'http://www.gutenberg.org/files/12411/12411-8.zip', 'application/ziptext/plain; charset=iso-8859-1' );
INSERT INTO files ( gid, file, mime ) VALUES ( '12411', 'http://www.gutenberg.org/files/12411/12411-h.zip', 'text/htmlapplication/zip' );
INSERT INTO files ( gid, file, mime ) VALUES ( '12411', 'http://www.gutenberg.org/files/12411/12411-h/12411-h.htm', 'text/html; charset=iso-8859-1' );
INSERT INTO files ( gid, file, mime ) VALUES ( '12411', 'http://www.gutenberg.org/files/12411/12411.txt', 'text/plain; charset=us-ascii' );
INSERT INTO files ( gid, file, mime ) VALUES ( '12411', 'http://www.gutenberg.org/files/12411/12411.zip', 'text/plainapplication/zip' );
INSERT INTO titles ( gid, title, author, language, rights ) VALUES ( '12511', 'Blackwood''s Edinburgh Magazine — Volume 53, No. 332, June, 1843', 'Various', 'en', 'Public domain in the USA.' );
INSERT INTO classifications ( gid, classification ) VALUES ( '12511', 'AP' );
INSERT INTO subjects ( gid, subject ) VALUES ( '12511', 'England -- Periodicals' );
INSERT INTO subjects ( gid, subject ) VALUES ( '12511', 'Scotland -- Periodicals' );
INSERT INTO files ( gid, file, mime ) VALUES ( '12511', 'http://www.gutenberg.org/ebooks/12511.epub.images', 'application/epub+zip' );
INSERT INTO files ( gid, file, mime ) VALUES ( '12511', 'http://www.gutenberg.org/ebooks/12511.epub.noimages', 'application/epub+zip' );
INSERT INTO files ( gid, file, mime ) VALUES ( '12511', 'http://www.gutenberg.org/ebooks/12511.kindle.images', 'application/x-mobipocket-ebook' );
INSERT INTO files ( gid, file, mime ) VALUES ( '12511', 'http://www.gutenberg.org/ebooks/12511.kindle.noimages', 'application/x-mobipocket-ebook' );
INSERT INTO files ( gid, file, mime ) VALUES ( '12511', 'http://www.gutenberg.org/ebooks/12511.rdf', 'application/rdf+xml' );
INSERT INTO files ( gid, file, mime ) VALUES ( '12511', 'http://www.gutenberg.org/ebooks/12511.txt.utf-8', 'text/plain' );
INSERT INTO files ( gid, file, mime ) VALUES ( '12511', 'http://www.gutenberg.org/files/12511/12511-8.txt', 'text/plain; charset=iso-8859-1' );
INSERT INTO files ( gid, file, mime ) VALUES ( '12511', 'http://www.gutenberg.org/files/12511/12511-8.zip', 'text/plain; charset=iso-8859-1application/zip' );
INSERT INTO files ( gid, file, mime ) VALUES ( '12511', 'http://www.gutenberg.org/files/12511/12511-h.zip', 'application/ziptext/html; charset=iso-8859-1' );
INSERT INTO files ( gid, file, mime ) VALUES ( '12511', 'http://www.gutenberg.org/files/12511/12511-h/12511-h.htm', 'text/html; charset=iso-8859-1' );
INSERT INTO files ( gid, file, mime ) VALUES ( '12511', 'http://www.gutenberg.org/files/12511/12511.txt', 'text/plain; charset=us-ascii' );
INSERT INTO files ( gid, file, mime ) VALUES ( '12511', 'http://www.gutenberg.org/files/12511/12511.zip', 'text/plain; charset=us-asciiapplication/zip' );
INSERT INTO titles ( gid, title, author, language, rights ) VALUES ( '12611', 'The Regent', 'Bennett, Arnold', 'en', 'Public domain in the USA.' );
INSERT INTO classifications ( gid, classification ) VALUES ( '12611', 'PR' );
INSERT INTO subjects ( gid, subject ) VALUES ( '12611', 'Adventure stories' );
INSERT INTO subjects ( gid, subject ) VALUES ( '12611', 'City and town life -- Fiction' );
INSERT INTO subjects ( gid, subject ) VALUES ( '12611', 'London (England) -- Fiction' );
INSERT INTO files ( gid, file, mime ) VALUES ( '12611', 'http://www.gutenberg.org/ebooks/12611.epub.images', 'application/epub+zip' );
INSERT INTO files ( gid, file, mime ) VALUES ( '12611', 'http://www.gutenberg.org/ebooks/12611.epub.noimages', 'application/epub+zip' );
INSERT INTO files ( gid, file, mime ) VALUES ( '12611', 'http://www.gutenberg.org/ebooks/12611.kindle.images', 'application/x-mobipocket-ebook' );
INSERT INTO files ( gid, file, mime ) VALUES ( '12611', 'http://www.gutenberg.org/ebooks/12611.kindle.noimages', 'application/x-mobipocket-ebook' );
INSERT INTO files ( gid, file, mime ) VALUES ( '12611', 'http://www.gutenberg.org/ebooks/12611.rdf', 'application/rdf+xml' );
INSERT INTO files ( gid, file, mime ) VALUES ( '12611', 'http://www.gutenberg.org/ebooks/12611.txt.utf-8', 'text/plain' );
INSERT INTO files ( gid, file, mime ) VALUES ( '12611', 'http://www.gutenberg.org/files/12611/12611-8.txt', 'text/plain; charset=iso-8859-1' );
INSERT INTO files ( gid, file, mime ) VALUES ( '12611', 'http://www.gutenberg.org/files/12611/12611-8.zip', 'application/ziptext/plain; charset=iso-8859-1' );
INSERT INTO files ( gid, file, mime ) VALUES ( '12611', 'http://www.gutenberg.org/files/12611/12611-h.zip', 'text/html; charset=iso-8859-1application/zip' );
INSERT INTO files ( gid, file, mime ) VALUES ( '12611', 'http://www.gutenberg.org/files/12611/12611-h/12611-h.htm', 'text/html; charset=iso-8859-1' );
INSERT INTO files ( gid, file, mime ) VALUES ( '12611', 'http://www.gutenberg.org/files/12611/12611.txt', 'text/plain; charset=us-ascii' );
INSERT INTO files ( gid, file, mime ) VALUES ( '12611', 'http://www.gutenberg.org/files/12611/12611.zip', 'text/plain; charset=us-asciiapplication/zip' );
INSERT INTO titles ( gid, title, author, language, rights ) VALUES ( '12711', 'On the Decay of the Art of Lying', 'Twain, Mark', 'en', 'Copyrighted. Read the copyright notice inside this book for details.' );
INSERT INTO classifications ( gid, classification ) VALUES ( '12711', 'PS' );
INSERT INTO subjects ( gid, subject ) VALUES ( '12711', 'Essays' );
INSERT INTO files ( gid, file, mime ) VALUES ( '12711', 'http://www.gutenberg.org/ebooks/12711.rdf', 'application/rdf+xml' );
INSERT INTO files ( gid, file, mime ) VALUES ( '12711', 'http://www.gutenberg.org/files/12711/12711-m/12711-m-1.mp3', 'audio/mpeg' );
INSERT INTO files ( gid, file, mime ) VALUES ( '12711', 'http://www.gutenberg.org/files/12711/12711-m/12711-m-2.mp3', 'audio/mpeg' );
INSERT INTO files ( gid, file, mime ) VALUES ( '12711', 'http://www.gutenberg.org/files/12711/12711-m/12711-m-3.mp3', 'audio/mpeg' );
INSERT INTO files ( gid, file, mime ) VALUES ( '12711', 'http://www.gutenberg.org/files/12711/12711-m/12711-m-4.mp3', 'audio/mpeg' );
INSERT INTO files ( gid, file, mime ) VALUES ( '12711', 'http://www.gutenberg.org/files/12711/12711-m/12711-m-5.mp3', 'audio/mpeg' );
INSERT INTO files ( gid, file, mime ) VALUES ( '12711', 'http://www.gutenberg.org/files/12711/12711-readme.txt', 'text/plain; charset=us-ascii' );
INSERT INTO files ( gid, file, mime ) VALUES ( '12711', 'http://www.gutenberg.org/files/12711/readme-license.txt', 'application/octet-stream' );
INSERT INTO titles ( gid, title, author, language, rights ) VALUES ( '12811', 'The Human Machine', 'Bennett, Arnold', 'en', 'Public domain in the USA.' );
INSERT INTO classifications ( gid, classification ) VALUES ( '12811', 'BJ' );
INSERT INTO subjects ( gid, subject ) VALUES ( '12811', 'Conduct of life' );
INSERT INTO files ( gid, file, mime ) VALUES ( '12811', 'http://www.gutenberg.org/ebooks/12811.epub.images', 'application/epub+zip' );
INSERT INTO files ( gid, file, mime ) VALUES ( '12811', 'http://www.gutenberg.org/ebooks/12811.epub.noimages', 'application/epub+zip' );
INSERT INTO files ( gid, file, mime ) VALUES ( '12811', 'http://www.gutenberg.org/ebooks/12811.kindle.images', 'application/x-mobipocket-ebook' );
INSERT INTO files ( gid, file, mime ) VALUES ( '12811', 'http://www.gutenberg.org/ebooks/12811.kindle.noimages', 'application/x-mobipocket-ebook' );
INSERT INTO files ( gid, file, mime ) VALUES ( '12811', 'http://www.gutenberg.org/ebooks/12811.rdf', 'application/rdf+xml' );
INSERT INTO files ( gid, file, mime ) VALUES ( '12811', 'http://www.gutenberg.org/ebooks/12811.txt.utf-8', 'text/plain' );
INSERT INTO files ( gid, file, mime ) VALUES ( '12811', 'http://www.gutenberg.org/files/12811/12811-8.txt', 'text/plain; charset=iso-8859-1' );
INSERT INTO files ( gid, file, mime ) VALUES ( '12811', 'http://www.gutenberg.org/files/12811/12811-8.zip', 'text/plain; charset=iso-8859-1application/zip' );
INSERT INTO files ( gid, file, mime ) VALUES ( '12811', 'http://www.gutenberg.org/files/12811/12811-h.zip', 'text/html; charset=iso-8859-1application/zip' );
INSERT INTO files ( gid, file, mime ) VALUES ( '12811', 'http://www.gutenberg.org/files/12811/12811-h/12811-h.htm', 'text/html; charset=iso-8859-1' );
INSERT INTO files ( gid, file, mime ) VALUES ( '12811', 'http://www.gutenberg.org/files/12811/12811.txt', 'text/plain; charset=us-ascii' );
INSERT INTO files ( gid, file, mime ) VALUES ( '12811', 'http://www.gutenberg.org/files/12811/12811.zip', 'application/ziptext/plain; charset=us-ascii' );
INSERT INTO titles ( gid, title, author, language, rights ) VALUES ( '53011', 'The Mentor A little book for the guidance of such men and boys as would appear to advantage in the society of persons of the better sort', 'Ayres, Alfred', 'en', 'Public domain in the USA.' );
INSERT INTO classifications ( gid, classification ) VALUES ( '53011', 'BJ' );
INSERT INTO subjects ( gid, subject ) VALUES ( '53011', 'Etiquette' );
INSERT INTO files ( gid, file, mime ) VALUES ( '53011', 'http://www.gutenberg.org/cache/epub/53011/pg53011.cover.medium.jpg', 'image/jpeg' );
INSERT INTO files ( gid, file, mime ) VALUES ( '53011', 'http://www.gutenberg.org/cache/epub/53011/pg53011.cover.small.jpg', 'image/jpeg' );
INSERT INTO files ( gid, file, mime ) VALUES ( '53011', 'http://www.gutenberg.org/ebooks/53011.epub.images', 'application/epub+zip' );
INSERT INTO files ( gid, file, mime ) VALUES ( '53011', 'http://www.gutenberg.org/ebooks/53011.epub.noimages', 'application/epub+zip' );
INSERT INTO files ( gid, file, mime ) VALUES ( '53011', 'http://www.gutenberg.org/ebooks/53011.kindle.images', 'application/x-mobipocket-ebook' );
INSERT INTO files ( gid, file, mime ) VALUES ( '53011', 'http://www.gutenberg.org/ebooks/53011.kindle.noimages', 'application/x-mobipocket-ebook' );
INSERT INTO files ( gid, file, mime ) VALUES ( '53011', 'http://www.gutenberg.org/ebooks/53011.rdf', 'application/rdf+xml' );
INSERT INTO files ( gid, file, mime ) VALUES ( '53011', 'http://www.gutenberg.org/files/53011/53011-0.txt', 'text/plain; charset=utf-8' );
INSERT INTO files ( gid, file, mime ) VALUES ( '53011', 'http://www.gutenberg.org/files/53011/53011-0.zip', 'text/plain; charset=utf-8application/zip' );
INSERT INTO files ( gid, file, mime ) VALUES ( '53011', 'http://www.gutenberg.org/files/53011/53011-h.zip', 'application/ziptext/html; charset=utf-8' );
INSERT INTO files ( gid, file, mime ) VALUES ( '53011', 'http://www.gutenberg.org/files/53011/53011-h/53011-h.htm', 'text/html; charset=utf-8' );
INSERT INTO titles ( gid, title, author, language, rights ) VALUES ( '53111', 'Half-hours with the Highwaymen - Vol 1 Picturesque Biographies and Traditions of the "Knights of the Road"', 'Harper, Charles G. (Charles George)', 'en', 'Public domain in the USA.' );
INSERT INTO classifications ( gid, classification ) VALUES ( '53111', 'HV' );
INSERT INTO subjects ( gid, subject ) VALUES ( '53111', 'Crime -- Great Britain' );
INSERT INTO subjects ( gid, subject ) VALUES ( '53111', 'Great Britain -- Social life and customs' );
INSERT INTO subjects ( gid, subject ) VALUES ( '53111', 'Criminals -- Great Britain' );
INSERT INTO subjects ( gid, subject ) VALUES ( '53111', 'Brigands and robbers' );
INSERT INTO subjects ( gid, subject ) VALUES ( '53111', 'Roads -- Great Britain' );
INSERT INTO files ( gid, file, mime ) VALUES ( '53111', 'http://www.gutenberg.org/cache/epub/53111/pg53111.cover.medium.jpg', 'image/jpeg' );
INSERT INTO files ( gid, file, mime ) VALUES ( '53111', 'http://www.gutenberg.org/cache/epub/53111/pg53111.cover.small.jpg', 'image/jpeg' );
INSERT INTO files ( gid, file, mime ) VALUES ( '53111', 'http://www.gutenberg.org/ebooks/53111.epub.images', 'application/epub+zip' );
INSERT INTO files ( gid, file, mime ) VALUES ( '53111', 'http://www.gutenberg.org/ebooks/53111.epub.noimages', 'application/epub+zip' );
INSERT INTO files ( gid, file, mime ) VALUES ( '53111', 'http://www.gutenberg.org/ebooks/53111.kindle.images', 'application/x-mobipocket-ebook' );
INSERT INTO files ( gid, file, mime ) VALUES ( '53111', 'http://www.gutenberg.org/ebooks/53111.kindle.noimages', 'application/x-mobipocket-ebook' );
INSERT INTO files ( gid, file, mime ) VALUES ( '53111', 'http://www.gutenberg.org/ebooks/53111.rdf', 'application/rdf+xml' );
INSERT INTO files ( gid, file, mime ) VALUES ( '53111', 'http://www.gutenberg.org/files/53111/53111-0.txt', 'text/plain; charset=utf-8' );
INSERT INTO files ( gid, file, mime ) VALUES ( '53111', 'http://www.gutenberg.org/files/53111/53111-0.zip', 'application/ziptext/plain; charset=utf-8' );
INSERT INTO files ( gid, file, mime ) VALUES ( '53111', 'http://www.gutenberg.org/files/53111/53111-h.zip', 'application/ziptext/html; charset=utf-8' );
INSERT INTO files ( gid, file, mime ) VALUES ( '53111', 'http://www.gutenberg.org/files/53111/53111-h/53111-h.htm', 'text/html; charset=utf-8' );
INSERT INTO titles ( gid, title, author, language, rights ) VALUES ( '5311', 'Parnassus on Wheels', 'Morley, Christopher', 'en', 'Public domain in the USA.' );
INSERT INTO classifications ( gid, classification ) VALUES ( '5311', 'PS' );
INSERT INTO subjects ( gid, subject ) VALUES ( '5311', 'Brooklyn (New York, N.Y.) -- Fiction' );
INSERT INTO subjects ( gid, subject ) VALUES ( '5311', 'Booksellers and bookselling -- Fiction' );
INSERT INTO files ( gid, file, mime ) VALUES ( '5311', 'http://www.gutenberg.org/ebooks/5311.epub.images', 'application/epub+zip' );
INSERT INTO files ( gid, file, mime ) VALUES ( '5311', 'http://www.gutenberg.org/ebooks/5311.epub.noimages', 'application/epub+zip' );
INSERT INTO files ( gid, file, mime ) VALUES ( '5311', 'http://www.gutenberg.org/ebooks/5311.html.images', 'text/html' );
INSERT INTO files ( gid, file, mime ) VALUES ( '5311', 'http://www.gutenberg.org/ebooks/5311.html.noimages', 'text/html' );
INSERT INTO files ( gid, file, mime ) VALUES ( '5311', 'http://www.gutenberg.org/ebooks/5311.kindle.images', 'application/x-mobipocket-ebook' );
INSERT INTO files ( gid, file, mime ) VALUES ( '5311', 'http://www.gutenberg.org/ebooks/5311.kindle.noimages', 'application/x-mobipocket-ebook' );
INSERT INTO files ( gid, file, mime ) VALUES ( '5311', 'http://www.gutenberg.org/ebooks/5311.rdf', 'application/rdf+xml' );
INSERT INTO files ( gid, file, mime ) VALUES ( '5311', 'http://www.gutenberg.org/ebooks/5311.txt.utf-8', 'text/plain' );
INSERT INTO files ( gid, file, mime ) VALUES ( '5311', 'http://www.gutenberg.org/files/5311/5311.txt', 'text/plain; charset=us-ascii' );
INSERT INTO files ( gid, file, mime ) VALUES ( '5311', 'http://www.gutenberg.org/files/5311/5311.zip', 'application/ziptext/plain; charset=us-ascii' );
INSERT INTO titles ( gid, title, author, language, rights ) VALUES ( '53211', 'Kolme ystävystä II', 'Gorky, Maksim', 'fi', 'Public domain in the USA.' );
INSERT INTO classifications ( gid, classification ) VALUES ( '53211', 'PG' );
INSERT INTO subjects ( gid, subject ) VALUES ( '53211', 'Russian fiction -- Translations into Finnish' );
INSERT INTO files ( gid, file, mime ) VALUES ( '53211', 'http://www.gutenberg.org/ebooks/53211.epub.images', 'application/epub+zip' );
INSERT INTO files ( gid, file, mime ) VALUES ( '53211', 'http://www.gutenberg.org/ebooks/53211.epub.noimages', 'application/epub+zip' );
INSERT INTO files ( gid, file, mime ) VALUES ( '53211', 'http://www.gutenberg.org/ebooks/53211.html.images', 'text/html' );
INSERT INTO files ( gid, file, mime ) VALUES ( '53211', 'http://www.gutenberg.org/ebooks/53211.html.noimages', 'text/html' );
INSERT INTO files ( gid, file, mime ) VALUES ( '53211', 'http://www.gutenberg.org/ebooks/53211.kindle.images', 'application/x-mobipocket-ebook' );
INSERT INTO files ( gid, file, mime ) VALUES ( '53211', 'http://www.gutenberg.org/ebooks/53211.kindle.noimages', 'application/x-mobipocket-ebook' );
INSERT INTO files ( gid, file, mime ) VALUES ( '53211', 'http://www.gutenberg.org/ebooks/53211.rdf', 'application/rdf+xml' );
INSERT INTO files ( gid, file, mime ) VALUES ( '53211', 'http://www.gutenberg.org/ebooks/53211.txt.utf-8', 'text/plain' );
INSERT INTO files ( gid, file, mime ) VALUES ( '53211', 'http://www.gutenberg.org/files/53211/53211-8.txt', 'text/plain; charset=iso-8859-1' );
INSERT INTO files ( gid, file, mime ) VALUES ( '53211', 'http://www.gutenberg.org/files/53211/53211-8.zip', 'application/ziptext/plain; charset=iso-8859-1' );
INSERT INTO titles ( gid, title, author, language, rights ) VALUES ( '53311', 'The Life of Sir Isaac Newton', 'Brewster, David', 'en', 'Public domain in the USA.' );
INSERT INTO classifications ( gid, classification ) VALUES ( '53311', 'QC' );
INSERT INTO subjects ( gid, subject ) VALUES ( '53311', 'Newton, Isaac, Sir, 1642-1727' );
INSERT INTO files ( gid, file, mime ) VALUES ( '53311', 'http://www.gutenberg.org/cache/epub/53311/pg53311.cover.medium.jpg', 'image/jpeg' );
INSERT INTO files ( gid, file, mime ) VALUES ( '53311', 'http://www.gutenberg.org/cache/epub/53311/pg53311.cover.small.jpg', 'image/jpeg' );
INSERT INTO files ( gid, file, mime ) VALUES ( '53311', 'http://www.gutenberg.org/ebooks/53311.epub.images', 'application/epub+zip' );
INSERT INTO files ( gid, file, mime ) VALUES ( '53311', 'http://www.gutenberg.org/ebooks/53311.epub.noimages', 'application/epub+zip' );
INSERT INTO files ( gid, file, mime ) VALUES ( '53311', 'http://www.gutenberg.org/ebooks/53311.kindle.images', 'application/x-mobipocket-ebook' );
INSERT INTO files ( gid, file, mime ) VALUES ( '53311', 'http://www.gutenberg.org/ebooks/53311.kindle.noimages', 'application/x-mobipocket-ebook' );
INSERT INTO files ( gid, file, mime ) VALUES ( '53311', 'http://www.gutenberg.org/ebooks/53311.rdf', 'application/rdf+xml' );
INSERT INTO files ( gid, file, mime ) VALUES ( '53311', 'http://www.gutenberg.org/files/53311/53311-0.txt', 'text/plain; charset=utf-8' );
INSERT INTO files ( gid, file, mime ) VALUES ( '53311', 'http://www.gutenberg.org/files/53311/53311-0.zip', 'text/plain; charset=utf-8application/zip' );
INSERT INTO files ( gid, file, mime ) VALUES ( '53311', 'http://www.gutenberg.org/files/53311/53311-h.zip', 'application/ziptext/html' );
INSERT INTO files ( gid, file, mime ) VALUES ( '53311', 'http://www.gutenberg.org/files/53311/53311-h/53311-h.htm', 'text/html' );
INSERT INTO titles ( gid, title, author, language, rights ) VALUES ( '53411', 'Eve: A Novel', 'Baring-Gould, S. (Sabine)', 'en', 'Public domain in the USA.' );
INSERT INTO classifications ( gid, classification ) VALUES ( '53411', 'PR' );
INSERT INTO subjects ( gid, subject ) VALUES ( '53411', 'Dartmoor (England) -- Fiction' );
INSERT INTO files ( gid, file, mime ) VALUES ( '53411', 'http://www.gutenberg.org/cache/epub/53411/pg53411.cover.medium.jpg', 'image/jpeg' );
INSERT INTO files ( gid, file, mime ) VALUES ( '53411', 'http://www.gutenberg.org/cache/epub/53411/pg53411.cover.small.jpg', 'image/jpeg' );
INSERT INTO files ( gid, file, mime ) VALUES ( '53411', 'http://www.gutenberg.org/ebooks/53411.epub.images', 'application/epub+zip' );
INSERT INTO files ( gid, file, mime ) VALUES ( '53411', 'http://www.gutenberg.org/ebooks/53411.epub.noimages', 'application/epub+zip' );
INSERT INTO files ( gid, file, mime ) VALUES ( '53411', 'http://www.gutenberg.org/ebooks/53411.kindle.images', 'application/x-mobipocket-ebook' );
INSERT INTO files ( gid, file, mime ) VALUES ( '53411', 'http://www.gutenberg.org/ebooks/53411.kindle.noimages', 'application/x-mobipocket-ebook' );
INSERT INTO files ( gid, file, mime ) VALUES ( '53411', 'http://www.gutenberg.org/ebooks/53411.rdf', 'application/rdf+xml' );
INSERT INTO files ( gid, file, mime ) VALUES ( '53411', 'http://www.gutenberg.org/files/53411/53411-0.txt', 'text/plain; charset=utf-8' );
INSERT INTO files ( gid, file, mime ) VALUES ( '53411', 'http://www.gutenberg.org/files/53411/53411-0.zip', 'application/ziptext/plain; charset=utf-8' );
INSERT INTO files ( gid, file, mime ) VALUES ( '53411', 'http://www.gutenberg.org/files/53411/53411-h.zip', 'application/ziptext/html; charset=utf-8' );
INSERT INTO files ( gid, file, mime ) VALUES ( '53411', 'http://www.gutenberg.org/files/53411/53411-h/53411-h.htm', 'text/html; charset=utf-8' );
INSERT INTO titles ( gid, title, author, language, rights ) VALUES ( '53511', 'Tulella ja miekalla: Kuvaus menneiltä ajoilta. 1', 'Sienkiewicz, Henryk', 'fi', 'Public domain in the USA.' );
INSERT INTO classifications ( gid, classification ) VALUES ( '53511', 'PG' );
INSERT INTO subjects ( gid, subject ) VALUES ( '53511', 'Historical fiction' );
INSERT INTO subjects ( gid, subject ) VALUES ( '53511', 'Poland -- History -- John II Casimir, 1648-1668 -- Fiction' );
INSERT INTO subjects ( gid, subject ) VALUES ( '53511', 'Cossacks -- Poland -- Fiction' );
INSERT INTO subjects ( gid, subject ) VALUES ( '53511', 'Cossacks -- Ukraine -- Fiction' );
INSERT INTO files ( gid, file, mime ) VALUES ( '53511', 'http://www.gutenberg.org/ebooks/53511.epub.images', 'application/epub+zip' );
INSERT INTO files ( gid, file, mime ) VALUES ( '53511', 'http://www.gutenberg.org/ebooks/53511.epub.noimages', 'application/epub+zip' );
INSERT INTO files ( gid, file, mime ) VALUES ( '53511', 'http://www.gutenberg.org/ebooks/53511.html.images', 'text/html' );
INSERT INTO files ( gid, file, mime ) VALUES ( '53511', 'http://www.gutenberg.org/ebooks/53511.html.noimages', 'text/html' );
INSERT INTO files ( gid, file, mime ) VALUES ( '53511', 'http://www.gutenberg.org/ebooks/53511.kindle.images', 'application/x-mobipocket-ebook' );
INSERT INTO files ( gid, file, mime ) VALUES ( '53511', 'http://www.gutenberg.org/ebooks/53511.kindle.noimages', 'application/x-mobipocket-ebook' );
INSERT INTO files ( gid, file, mime ) VALUES ( '53511', 'http://www.gutenberg.org/ebooks/53511.rdf', 'application/rdf+xml' );
INSERT INTO files ( gid, file, mime ) VALUES ( '53511', 'http://www.gutenberg.org/ebooks/53511.txt.utf-8', 'text/plain' );
INSERT INTO files ( gid, file, mime ) VALUES ( '53511', 'http://www.gutenberg.org/files/53511/53511-8.txt', 'text/plain; charset=iso-8859-1' );
INSERT INTO files ( gid, file, mime ) VALUES ( '53511', 'http://www.gutenberg.org/files/53511/53511-8.zip', 'text/plain; charset=iso-8859-1application/zip' );
INSERT INTO titles ( gid, title, author, language, rights ) VALUES ( '53611', 'Goslings', 'Beresford, J. D. (John Davys)', 'en', 'Public domain in the USA.' );
INSERT INTO classifications ( gid, classification ) VALUES ( '53611', 'PR' );
INSERT INTO subjects ( gid, subject ) VALUES ( '53611', 'Science fiction' );
INSERT INTO subjects ( gid, subject ) VALUES ( '53611', 'Plague -- Fiction' );
INSERT INTO subjects ( gid, subject ) VALUES ( '53611', 'Post-apocalyptic fiction' );
INSERT INTO subjects ( gid, subject ) VALUES ( '53611', 'England -- Fiction' );
INSERT INTO files ( gid, file, mime ) VALUES ( '53611', 'http://www.gutenberg.org/cache/epub/53611/pg53611.cover.medium.jpg', 'image/jpeg' );
INSERT INTO files ( gid, file, mime ) VALUES ( '53611', 'http://www.gutenberg.org/cache/epub/53611/pg53611.cover.small.jpg', 'image/jpeg' );
INSERT INTO files ( gid, file, mime ) VALUES ( '53611', 'http://www.gutenberg.org/ebooks/53611.epub.images', 'application/epub+zip' );
INSERT INTO files ( gid, file, mime ) VALUES ( '53611', 'http://www.gutenberg.org/ebooks/53611.epub.noimages', 'application/epub+zip' );
INSERT INTO files ( gid, file, mime ) VALUES ( '53611', 'http://www.gutenberg.org/ebooks/53611.kindle.images', 'application/x-mobipocket-ebook' );
INSERT INTO files ( gid, file, mime ) VALUES ( '53611', 'http://www.gutenberg.org/ebooks/53611.kindle.noimages', 'application/x-mobipocket-ebook' );
INSERT INTO files ( gid, file, mime ) VALUES ( '53611', 'http://www.gutenberg.org/ebooks/53611.rdf', 'application/rdf+xml' );
INSERT INTO files ( gid, file, mime ) VALUES ( '53611', 'http://www.gutenberg.org/ebooks/53611.txt.utf-8', 'text/plain' );
INSERT INTO files ( gid, file, mime ) VALUES ( '53611', 'http://www.gutenberg.org/files/53611/53611-8.txt', 'text/plain; charset=iso-8859-1' );
INSERT INTO files ( gid, file, mime ) VALUES ( '53611', 'http://www.gutenberg.org/files/53611/53611-8.zip', 'text/plain; charset=iso-8859-1application/zip' );
INSERT INTO files ( gid, file, mime ) VALUES ( '53611', 'http://www.gutenberg.org/files/53611/53611-h.zip', 'text/html; charset=us-asciiapplication/zip' );
INSERT INTO files ( gid, file, mime ) VALUES ( '53611', 'http://www.gutenberg.org/files/53611/53611-h/53611-h.htm', 'text/html; charset=us-ascii' );
INSERT INTO titles ( gid, title, author, language, rights ) VALUES ( '53711', 'The Orchid', 'Grant, Robert', 'en', 'Public domain in the USA.' );
INSERT INTO classifications ( gid, classification ) VALUES ( '53711', 'PS' );
INSERT INTO subjects ( gid, subject ) VALUES ( '53711', 'Social problems -- Fiction' );
INSERT INTO subjects ( gid, subject ) VALUES ( '53711', 'Divorce -- Fiction' );
INSERT INTO subjects ( gid, subject ) VALUES ( '53711', 'Rich people -- Fiction' );
INSERT INTO subjects ( gid, subject ) VALUES ( '53711', 'Man-woman relationships -- Fiction' );
INSERT INTO subjects ( gid, subject ) VALUES ( '53711', 'Triangles (Interpersonal relations) -- Fiction' );
INSERT INTO subjects ( gid, subject ) VALUES ( '53711', 'Married people -- Fiction' );
INSERT INTO files ( gid, file, mime ) VALUES ( '53711', 'http://www.gutenberg.org/cache/epub/53711/pg53711.cover.medium.jpg', 'image/jpeg' );
INSERT INTO files ( gid, file, mime ) VALUES ( '53711', 'http://www.gutenberg.org/cache/epub/53711/pg53711.cover.small.jpg', 'image/jpeg' );
INSERT INTO files ( gid, file, mime ) VALUES ( '53711', 'http://www.gutenberg.org/ebooks/53711.epub.images', 'application/epub+zip' );
INSERT INTO files ( gid, file, mime ) VALUES ( '53711', 'http://www.gutenberg.org/ebooks/53711.epub.noimages', 'application/epub+zip' );
INSERT INTO files ( gid, file, mime ) VALUES ( '53711', 'http://www.gutenberg.org/ebooks/53711.kindle.images', 'application/x-mobipocket-ebook' );
INSERT INTO files ( gid, file, mime ) VALUES ( '53711', 'http://www.gutenberg.org/ebooks/53711.kindle.noimages', 'application/x-mobipocket-ebook' );
INSERT INTO files ( gid, file, mime ) VALUES ( '53711', 'http://www.gutenberg.org/ebooks/53711.rdf', 'application/rdf+xml' );
INSERT INTO files ( gid, file, mime ) VALUES ( '53711', 'http://www.gutenberg.org/ebooks/53711.txt.utf-8', 'text/plain' );
INSERT INTO files ( gid, file, mime ) VALUES ( '53711', 'http://www.gutenberg.org/files/53711/53711-8.txt', 'text/plain; charset=iso-8859-1' );
INSERT INTO files ( gid, file, mime ) VALUES ( '53711', 'http://www.gutenberg.org/files/53711/53711-8.zip', 'application/ziptext/plain; charset=iso-8859-1' );
INSERT INTO files ( gid, file, mime ) VALUES ( '53711', 'http://www.gutenberg.org/files/53711/53711-h.zip', 'application/ziptext/html; charset=iso-8859-1' );
INSERT INTO files ( gid, file, mime ) VALUES ( '53711', 'http://www.gutenberg.org/files/53711/53711-h/53711-h.htm', 'text/html; charset=iso-8859-1' );
INSERT INTO files ( gid, file, mime ) VALUES ( '53711', 'http://www.gutenberg.org/files/53711/53711.txt', 'text/plain; charset=us-ascii' );
INSERT INTO files ( gid, file, mime ) VALUES ( '53711', 'http://www.gutenberg.org/files/53711/53711.zip', 'application/ziptext/plain; charset=us-ascii' );
INSERT INTO titles ( gid, title, author, language, rights ) VALUES ( '53811', 'Rescue the Perishing: Personal Work Made Easy', 'Seibert, Fred R.', 'en', 'Public domain in the USA.' );
INSERT INTO classifications ( gid, classification ) VALUES ( '53811', 'BV' );
INSERT INTO subjects ( gid, subject ) VALUES ( '53811', 'Bible -- Indexes' );
INSERT INTO files ( gid, file, mime ) VALUES ( '53811', 'http://www.gutenberg.org/cache/epub/53811/pg53811.cover.medium.jpg', 'image/jpeg' );
INSERT INTO files ( gid, file, mime ) VALUES ( '53811', 'http://www.gutenberg.org/cache/epub/53811/pg53811.cover.small.jpg', 'image/jpeg' );
INSERT INTO files ( gid, file, mime ) VALUES ( '53811', 'http://www.gutenberg.org/ebooks/53811.epub.images', 'application/epub+zip' );
INSERT INTO files ( gid, file, mime ) VALUES ( '53811', 'http://www.gutenberg.org/ebooks/53811.epub.noimages', 'application/epub+zip' );
INSERT INTO files ( gid, file, mime ) VALUES ( '53811', 'http://www.gutenberg.org/ebooks/53811.kindle.images', 'application/x-mobipocket-ebook' );
INSERT INTO files ( gid, file, mime ) VALUES ( '53811', 'http://www.gutenberg.org/ebooks/53811.kindle.noimages', 'application/x-mobipocket-ebook' );
INSERT INTO files ( gid, file, mime ) VALUES ( '53811', 'http://www.gutenberg.org/ebooks/53811.rdf', 'application/rdf+xml' );
INSERT INTO files ( gid, file, mime ) VALUES ( '53811', 'http://www.gutenberg.org/ebooks/53811.rst.gen', 'text/x-rst' );
INSERT INTO files ( gid, file, mime ) VALUES ( '53811', 'http://www.gutenberg.org/files/53811/53811-0.txt', 'text/plain; charset=utf-8' );
INSERT INTO files ( gid, file, mime ) VALUES ( '53811', 'http://www.gutenberg.org/files/53811/53811-0.zip', 'application/ziptext/plain; charset=utf-8' );
INSERT INTO files ( gid, file, mime ) VALUES ( '53811', 'http://www.gutenberg.org/files/53811/53811-8.txt', 'text/plain; charset=iso-8859-1' );
INSERT INTO files ( gid, file, mime ) VALUES ( '53811', 'http://www.gutenberg.org/files/53811/53811-8.zip', 'application/ziptext/plain; charset=iso-8859-1' );
INSERT INTO files ( gid, file, mime ) VALUES ( '53811', 'http://www.gutenberg.org/files/53811/53811-h.zip', 'application/ziptext/html; charset=utf-8' );
INSERT INTO files ( gid, file, mime ) VALUES ( '53811', 'http://www.gutenberg.org/files/53811/53811-h/53811-h.html', 'text/html; charset=utf-8' );
INSERT INTO files ( gid, file, mime ) VALUES ( '53811', 'http://www.gutenberg.org/files/53811/53811-rst.zip', 'text/x-rstapplication/zip' );
INSERT INTO files ( gid, file, mime ) VALUES ( '53811', 'http://www.gutenberg.org/files/53811/53811-rst/53811-rst.rst', 'text/x-rst' );
INSERT INTO files ( gid, file, mime ) VALUES ( '53811', 'http://www.gutenberg.org/files/53811/53811.txt', 'text/plain; charset=us-ascii' );
INSERT INTO files ( gid, file, mime ) VALUES ( '53811', 'http://www.gutenberg.org/files/53811/53811.zip', 'text/plain; charset=us-asciiapplication/zip' );
INSERT INTO titles ( gid, title, author, language, rights ) VALUES ( '53911', 'Short-Title Catalog of Publications and Importations of Scientific and Engineering Books (August 1910)', 'D. Van Nostrand Company', 'en', 'Public domain in the USA.' );
INSERT INTO classifications ( gid, classification ) VALUES ( '53911', 'Z' );
INSERT INTO subjects ( gid, subject ) VALUES ( '53911', 'D. Van Nostrand Company -- Catalogs' );
INSERT INTO subjects ( gid, subject ) VALUES ( '53911', 'Booksellers'' catalogs -- New York (State) -- New York' );
INSERT INTO subjects ( gid, subject ) VALUES ( '53911', 'Engineering -- Bibliography -- Catalogs' );
INSERT INTO subjects ( gid, subject ) VALUES ( '53911', 'Science -- Bibliography -- Catalogs' );
INSERT INTO subjects ( gid, subject ) VALUES ( '53911', 'Publishers'' catalogs -- New York (State) -- New York' );
INSERT INTO files ( gid, file, mime ) VALUES ( '53911', 'http://www.gutenberg.org/cache/epub/53911/pg53911.cover.medium.jpg', 'image/jpeg' );
INSERT INTO files ( gid, file, mime ) VALUES ( '53911', 'http://www.gutenberg.org/cache/epub/53911/pg53911.cover.small.jpg', 'image/jpeg' );
INSERT INTO files ( gid, file, mime ) VALUES ( '53911', 'http://www.gutenberg.org/ebooks/53911.epub.images', 'application/epub+zip' );
INSERT INTO files ( gid, file, mime ) VALUES ( '53911', 'http://www.gutenberg.org/ebooks/53911.epub.noimages', 'application/epub+zip' );
INSERT INTO files ( gid, file, mime ) VALUES ( '53911', 'http://www.gutenberg.org/ebooks/53911.kindle.images', 'application/x-mobipocket-ebook' );
INSERT INTO files ( gid, file, mime ) VALUES ( '53911', 'http://www.gutenberg.org/ebooks/53911.kindle.noimages', 'application/x-mobipocket-ebook' );
INSERT INTO files ( gid, file, mime ) VALUES ( '53911', 'http://www.gutenberg.org/ebooks/53911.rdf', 'application/rdf+xml' );
INSERT INTO files ( gid, file, mime ) VALUES ( '53911', 'http://www.gutenberg.org/files/53911/53911-0.txt', 'text/plain; charset=utf-8' );
INSERT INTO files ( gid, file, mime ) VALUES ( '53911', 'http://www.gutenberg.org/files/53911/53911-0.zip', 'text/plain; charset=utf-8application/zip' );
INSERT INTO files ( gid, file, mime ) VALUES ( '53911', 'http://www.gutenberg.org/files/53911/53911-h.zip', 'application/ziptext/html; charset=utf-8' );
INSERT INTO files ( gid, file, mime ) VALUES ( '53911', 'http://www.gutenberg.org/files/53911/53911-h/53911-h.htm', 'text/html; charset=utf-8' );
INSERT INTO titles ( gid, title, author, language, rights ) VALUES ( '54011', 'The Younger Sister: A Novel, Vol. II.', 'Hubback, Mrs. (Catherine-Anne Austen)', 'en', 'Public domain in the USA.' );
INSERT INTO classifications ( gid, classification ) VALUES ( '54011', 'PR' );
INSERT INTO subjects ( gid, subject ) VALUES ( '54011', 'Young women -- Fiction' );
INSERT INTO subjects ( gid, subject ) VALUES ( '54011', 'Motherless families -- Fiction' );
INSERT INTO subjects ( gid, subject ) VALUES ( '54011', 'Mate selection -- Fiction' );
INSERT INTO subjects ( gid, subject ) VALUES ( '54011', 'Courtship -- Fiction' );
INSERT INTO subjects ( gid, subject ) VALUES ( '54011', 'Love stories' );
INSERT INTO subjects ( gid, subject ) VALUES ( '54011', 'England -- Fiction' );
INSERT INTO subjects ( gid, subject ) VALUES ( '54011', 'Children of clergy -- Fiction' );
INSERT INTO subjects ( gid, subject ) VALUES ( '54011', 'Sisters -- Fiction' );
INSERT INTO files ( gid, file, mime ) VALUES ( '54011', 'http://www.gutenberg.org/cache/epub/54011/pg54011.cover.medium.jpg', 'image/jpeg' );
INSERT INTO files ( gid, file, mime ) VALUES ( '54011', 'http://www.gutenberg.org/cache/epub/54011/pg54011.cover.small.jpg', 'image/jpeg' );
INSERT INTO files ( gid, file, mime ) VALUES ( '54011', 'http://www.gutenberg.org/ebooks/54011.epub.images', 'application/epub+zip' );
INSERT INTO files ( gid, file, mime ) VALUES ( '54011', 'http://www.gutenberg.org/ebooks/54011.epub.noimages', 'application/epub+zip' );
INSERT INTO files ( gid, file, mime ) VALUES ( '54011', 'http://www.gutenberg.org/ebooks/54011.kindle.images', 'application/x-mobipocket-ebook' );
INSERT INTO files ( gid, file, mime ) VALUES ( '54011', 'http://www.gutenberg.org/ebooks/54011.kindle.noimages', 'application/x-mobipocket-ebook' );
INSERT INTO files ( gid, file, mime ) VALUES ( '54011', 'http://www.gutenberg.org/ebooks/54011.rdf', 'application/rdf+xml' );
INSERT INTO files ( gid, file, mime ) VALUES ( '54011', 'http://www.gutenberg.org/files/54011/54011-0.txt', 'text/plain; charset=utf-8' );
INSERT INTO files ( gid, file, mime ) VALUES ( '54011', 'http://www.gutenberg.org/files/54011/54011-0.zip', 'application/ziptext/plain; charset=utf-8' );
INSERT INTO files ( gid, file, mime ) VALUES ( '54011', 'http://www.gutenberg.org/files/54011/54011-h.zip', 'application/ziptext/html; charset=utf-8' );
INSERT INTO files ( gid, file, mime ) VALUES ( '54011', 'http://www.gutenberg.org/files/54011/54011-h/54011-h.htm', 'text/html; charset=utf-8' );
INSERT INTO titles ( gid, title, author, language, rights ) VALUES ( '54111', 'On the Iron at Big Cloud', 'Packard, Frank L. (Frank Lucius)', 'en', 'Public domain in the USA.' );
INSERT INTO classifications ( gid, classification ) VALUES ( '54111', 'PS' );
INSERT INTO subjects ( gid, subject ) VALUES ( '54111', 'Canadian fiction -- 20th century' );
INSERT INTO subjects ( gid, subject ) VALUES ( '54111', 'Short stories, Canadian' );
INSERT INTO subjects ( gid, subject ) VALUES ( '54111', 'Railroad stories' );
INSERT INTO files ( gid, file, mime ) VALUES ( '54111', 'http://www.gutenberg.org/cache/epub/54111/pg54111.cover.medium.jpg', 'image/jpeg' );
INSERT INTO files ( gid, file, mime ) VALUES ( '54111', 'http://www.gutenberg.org/cache/epub/54111/pg54111.cover.small.jpg', 'image/jpeg' );
INSERT INTO files ( gid, file, mime ) VALUES ( '54111', 'http://www.gutenberg.org/ebooks/54111.epub.images', 'application/epub+zip' );
INSERT INTO files ( gid, file, mime ) VALUES ( '54111', 'http://www.gutenberg.org/ebooks/54111.epub.noimages', 'application/epub+zip' );
INSERT INTO files ( gid, file, mime ) VALUES ( '54111', 'http://www.gutenberg.org/ebooks/54111.kindle.images', 'application/x-mobipocket-ebook' );
INSERT INTO files ( gid, file, mime ) VALUES ( '54111', 'http://www.gutenberg.org/ebooks/54111.kindle.noimages', 'application/x-mobipocket-ebook' );
INSERT INTO files ( gid, file, mime ) VALUES ( '54111', 'http://www.gutenberg.org/ebooks/54111.rdf', 'application/rdf+xml' );
INSERT INTO files ( gid, file, mime ) VALUES ( '54111', 'http://www.gutenberg.org/files/54111/54111-0.txt', 'text/plain; charset=utf-8' );
INSERT INTO files ( gid, file, mime ) VALUES ( '54111', 'http://www.gutenberg.org/files/54111/54111-0.zip', 'application/ziptext/plain; charset=utf-8' );
INSERT INTO files ( gid, file, mime ) VALUES ( '54111', 'http://www.gutenberg.org/files/54111/54111-h.zip', 'text/html; charset=utf-8application/zip' );
INSERT INTO files ( gid, file, mime ) VALUES ( '54111', 'http://www.gutenberg.org/files/54111/54111-h/54111-h.htm', 'text/html; charset=utf-8' );
INSERT INTO titles ( gid, title, author, language, rights ) VALUES ( '5411', 'The Memoirs of Count Grammont — Volume 03', 'Hamilton, Anthony, Count', 'en', 'Public domain in the USA.' );
INSERT INTO classifications ( gid, classification ) VALUES ( '5411', 'DA' );
INSERT INTO subjects ( gid, subject ) VALUES ( '5411', 'Gramont, Philibert, comte de, 1621-1707' );
INSERT INTO subjects ( gid, subject ) VALUES ( '5411', 'Great Britain -- History -- Charles II, 1660-1685' );
INSERT INTO subjects ( gid, subject ) VALUES ( '5411', 'Great Britain -- Court and courtiers -- Early works to 1800' );
INSERT INTO files ( gid, file, mime ) VALUES ( '5411', 'http://www.gutenberg.org/ebooks/5411.epub.images', 'application/epub+zip' );
INSERT INTO files ( gid, file, mime ) VALUES ( '5411', 'http://www.gutenberg.org/ebooks/5411.epub.noimages', 'application/epub+zip' );
INSERT INTO files ( gid, file, mime ) VALUES ( '5411', 'http://www.gutenberg.org/ebooks/5411.html.images', 'text/html' );
INSERT INTO files ( gid, file, mime ) VALUES ( '5411', 'http://www.gutenberg.org/ebooks/5411.html.noimages', 'text/html' );
INSERT INTO files ( gid, file, mime ) VALUES ( '5411', 'http://www.gutenberg.org/ebooks/5411.kindle.images', 'application/x-mobipocket-ebook' );
INSERT INTO files ( gid, file, mime ) VALUES ( '5411', 'http://www.gutenberg.org/ebooks/5411.kindle.noimages', 'application/x-mobipocket-ebook' );
INSERT INTO files ( gid, file, mime ) VALUES ( '5411', 'http://www.gutenberg.org/ebooks/5411.rdf', 'application/rdf+xml' );
INSERT INTO files ( gid, file, mime ) VALUES ( '5411', 'http://www.gutenberg.org/ebooks/5411.txt.utf-8', 'text/plain' );
INSERT INTO files ( gid, file, mime ) VALUES ( '5411', 'http://www.gutenberg.org/files/5411/5411.txt', 'text/plain; charset=us-ascii' );
INSERT INTO files ( gid, file, mime ) VALUES ( '5411', 'http://www.gutenberg.org/files/5411/5411.zip', 'application/ziptext/plain; charset=us-ascii' );
INSERT INTO titles ( gid, title, author, language, rights ) VALUES ( '54211', 'American War Ballads and Lyrics, Volume 2 (of 2) A Collection of the Songs and Ballads of the Colonial Wars, the Revolutions, the War of 1812-15, the War with Mexico and the Civil War', '', 'en', 'Public domain in the USA.' );
INSERT INTO classifications ( gid, classification ) VALUES ( '54211', 'PS' );
INSERT INTO subjects ( gid, subject ) VALUES ( '54211', 'War songs -- United States -- Texts' );
INSERT INTO subjects ( gid, subject ) VALUES ( '54211', 'War poetry, American' );
INSERT INTO subjects ( gid, subject ) VALUES ( '54211', 'United States -- History -- Poetry' );
INSERT INTO files ( gid, file, mime ) VALUES ( '54211', 'http://www.gutenberg.org/cache/epub/54211/pg54211.cover.medium.jpg', 'image/jpeg' );
INSERT INTO files ( gid, file, mime ) VALUES ( '54211', 'http://www.gutenberg.org/cache/epub/54211/pg54211.cover.small.jpg', 'image/jpeg' );
INSERT INTO files ( gid, file, mime ) VALUES ( '54211', 'http://www.gutenberg.org/ebooks/54211.epub.images', 'application/epub+zip' );
INSERT INTO files ( gid, file, mime ) VALUES ( '54211', 'http://www.gutenberg.org/ebooks/54211.epub.noimages', 'application/epub+zip' );
INSERT INTO files ( gid, file, mime ) VALUES ( '54211', 'http://www.gutenberg.org/ebooks/54211.kindle.images', 'application/x-mobipocket-ebook' );
INSERT INTO files ( gid, file, mime ) VALUES ( '54211', 'http://www.gutenberg.org/ebooks/54211.kindle.noimages', 'application/x-mobipocket-ebook' );
INSERT INTO files ( gid, file, mime ) VALUES ( '54211', 'http://www.gutenberg.org/ebooks/54211.rdf', 'application/rdf+xml' );
INSERT INTO files ( gid, file, mime ) VALUES ( '54211', 'http://www.gutenberg.org/files/54211/54211-0.txt', 'text/plain; charset=utf-8' );
INSERT INTO files ( gid, file, mime ) VALUES ( '54211', 'http://www.gutenberg.org/files/54211/54211-0.zip', 'text/plain; charset=utf-8application/zip' );
INSERT INTO files ( gid, file, mime ) VALUES ( '54211', 'http://www.gutenberg.org/files/54211/54211-h.zip', 'application/ziptext/html; charset=utf-8' );
INSERT INTO files ( gid, file, mime ) VALUES ( '54211', 'http://www.gutenberg.org/files/54211/54211-h/54211-h.htm', 'text/html; charset=utf-8' );
INSERT INTO titles ( gid, title, author, language, rights ) VALUES ( '54311', 'Collection complète des oeuvres de l''Abbé de Mably, Volume 4 (of 15)', 'Mably, Gabriel Bonnot de', 'fr', 'Public domain in the USA.' );
INSERT INTO classifications ( gid, classification ) VALUES ( '54311', 'D' );
INSERT INTO subjects ( gid, subject ) VALUES ( '54311', 'Law -- Philosophy' );
INSERT INTO subjects ( gid, subject ) VALUES ( '54311', 'Political science' );
INSERT INTO subjects ( gid, subject ) VALUES ( '54311', 'History -- Philosophy' );
INSERT INTO files ( gid, file, mime ) VALUES ( '54311', 'http://www.gutenberg.org/cache/epub/54311/pg54311.cover.medium.jpg', 'image/jpeg' );
INSERT INTO files ( gid, file, mime ) VALUES ( '54311', 'http://www.gutenberg.org/cache/epub/54311/pg54311.cover.small.jpg', 'image/jpeg' );
INSERT INTO files ( gid, file, mime ) VALUES ( '54311', 'http://www.gutenberg.org/ebooks/54311.epub.images', 'application/epub+zip' );
INSERT INTO files ( gid, file, mime ) VALUES ( '54311', 'http://www.gutenberg.org/ebooks/54311.epub.noimages', 'application/epub+zip' );
INSERT INTO files ( gid, file, mime ) VALUES ( '54311', 'http://www.gutenberg.org/ebooks/54311.kindle.images', 'application/x-mobipocket-ebook' );
INSERT INTO files ( gid, file, mime ) VALUES ( '54311', 'http://www.gutenberg.org/ebooks/54311.kindle.noimages', 'application/x-mobipocket-ebook' );
INSERT INTO files ( gid, file, mime ) VALUES ( '54311', 'http://www.gutenberg.org/ebooks/54311.rdf', 'application/rdf+xml' );
INSERT INTO files ( gid, file, mime ) VALUES ( '54311', 'http://www.gutenberg.org/files/54311/54311-0.txt', 'text/plain; charset=utf-8' );
INSERT INTO files ( gid, file, mime ) VALUES ( '54311', 'http://www.gutenberg.org/files/54311/54311-0.zip', 'text/plain; charset=utf-8application/zip' );
INSERT INTO files ( gid, file, mime ) VALUES ( '54311', 'http://www.gutenberg.org/files/54311/54311-h.zip', 'text/html; charset=utf-8application/zip' );
INSERT INTO files ( gid, file, mime ) VALUES ( '54311', 'http://www.gutenberg.org/files/54311/54311-h/54311-h.htm', 'text/html; charset=utf-8' );
INSERT INTO titles ( gid, title, author, language, rights ) VALUES ( '54411', 'Gunpowder and Ammunition, Their Origin and Progress', 'Hime, H. W. L. (Henry William Lovett)', 'en', 'Public domain in the USA.' );
INSERT INTO classifications ( gid, classification ) VALUES ( '54411', 'TP' );
INSERT INTO subjects ( gid, subject ) VALUES ( '54411', 'Ammunition' );
INSERT INTO subjects ( gid, subject ) VALUES ( '54411', 'Gunpowder' );
INSERT INTO files ( gid, file, mime ) VALUES ( '54411', 'http://www.gutenberg.org/cache/epub/54411/pg54411.cover.medium.jpg', 'image/jpeg' );
INSERT INTO files ( gid, file, mime ) VALUES ( '54411', 'http://www.gutenberg.org/cache/epub/54411/pg54411.cover.small.jpg', 'image/jpeg' );
INSERT INTO files ( gid, file, mime ) VALUES ( '54411', 'http://www.gutenberg.org/ebooks/54411.epub.images', 'application/epub+zip' );
INSERT INTO files ( gid, file, mime ) VALUES ( '54411', 'http://www.gutenberg.org/ebooks/54411.epub.noimages', 'application/epub+zip' );
INSERT INTO files ( gid, file, mime ) VALUES ( '54411', 'http://www.gutenberg.org/ebooks/54411.kindle.images', 'application/x-mobipocket-ebook' );
INSERT INTO files ( gid, file, mime ) VALUES ( '54411', 'http://www.gutenberg.org/ebooks/54411.kindle.noimages', 'application/x-mobipocket-ebook' );
INSERT INTO files ( gid, file, mime ) VALUES ( '54411', 'http://www.gutenberg.org/ebooks/54411.rdf', 'application/rdf+xml' );
INSERT INTO files ( gid, file, mime ) VALUES ( '54411', 'http://www.gutenberg.org/files/54411/54411-0.txt', 'text/plain; charset=utf-8' );
INSERT INTO files ( gid, file, mime ) VALUES ( '54411', 'http://www.gutenberg.org/files/54411/54411-0.zip', 'application/ziptext/plain; charset=utf-8' );
INSERT INTO files ( gid, file, mime ) VALUES ( '54411', 'http://www.gutenberg.org/files/54411/54411-h.zip', 'application/ziptext/html; charset=utf-8' );
INSERT INTO files ( gid, file, mime ) VALUES ( '54411', 'http://www.gutenberg.org/files/54411/54411-h/54411-h.htm', 'text/html; charset=utf-8' );
INSERT INTO titles ( gid, title, author, language, rights ) VALUES ( '54511', 'Regina von Emmeritz: Näytelmä viidessä näytöksessä', 'Topelius, Zacharias', 'fi', 'Public domain in the USA.' );
INSERT INTO classifications ( gid, classification ) VALUES ( '54511', 'PT' );
INSERT INTO subjects ( gid, subject ) VALUES ( '54511', 'Drama' );
INSERT INTO files ( gid, file, mime ) VALUES ( '54511', 'http://www.gutenberg.org/ebooks/54511.epub.images', 'application/epub+zip' );
INSERT INTO files ( gid, file, mime ) VALUES ( '54511', 'http://www.gutenberg.org/ebooks/54511.epub.noimages', 'application/epub+zip' );
INSERT INTO files ( gid, file, mime ) VALUES ( '54511', 'http://www.gutenberg.org/ebooks/54511.html.images', 'text/html' );
INSERT INTO files ( gid, file, mime ) VALUES ( '54511', 'http://www.gutenberg.org/ebooks/54511.html.noimages', 'text/html' );
INSERT INTO files ( gid, file, mime ) VALUES ( '54511', 'http://www.gutenberg.org/ebooks/54511.kindle.images', 'application/x-mobipocket-ebook' );
INSERT INTO files ( gid, file, mime ) VALUES ( '54511', 'http://www.gutenberg.org/ebooks/54511.kindle.noimages', 'application/x-mobipocket-ebook' );
INSERT INTO files ( gid, file, mime ) VALUES ( '54511', 'http://www.gutenberg.org/ebooks/54511.rdf', 'application/rdf+xml' );
INSERT INTO files ( gid, file, mime ) VALUES ( '54511', 'http://www.gutenberg.org/ebooks/54511.txt.utf-8', 'text/plain' );
INSERT INTO files ( gid, file, mime ) VALUES ( '54511', 'http://www.gutenberg.org/files/54511/54511-8.txt', 'text/plain; charset=iso-8859-1' );
INSERT INTO files ( gid, file, mime ) VALUES ( '54511', 'http://www.gutenberg.org/files/54511/54511-8.zip', 'text/plain; charset=iso-8859-1application/zip' );
INSERT INTO titles ( gid, title, author, language, rights ) VALUES ( '54611', 'Mental diseases: a public health problem', 'May, James Vance', 'en', 'Public domain in the USA.' );
INSERT INTO classifications ( gid, classification ) VALUES ( '54611', 'RC' );
INSERT INTO subjects ( gid, subject ) VALUES ( '54611', 'Mental health services' );
INSERT INTO subjects ( gid, subject ) VALUES ( '54611', 'Psychology, Pathological' );
INSERT INTO files ( gid, file, mime ) VALUES ( '54611', 'http://www.gutenberg.org/cache/epub/54611/pg54611.cover.medium.jpg', 'image/jpeg' );
INSERT INTO files ( gid, file, mime ) VALUES ( '54611', 'http://www.gutenberg.org/cache/epub/54611/pg54611.cover.small.jpg', 'image/jpeg' );
INSERT INTO files ( gid, file, mime ) VALUES ( '54611', 'http://www.gutenberg.org/ebooks/54611.epub.images', 'application/epub+zip' );
INSERT INTO files ( gid, file, mime ) VALUES ( '54611', 'http://www.gutenberg.org/ebooks/54611.epub.noimages', 'application/epub+zip' );
INSERT INTO files ( gid, file, mime ) VALUES ( '54611', 'http://www.gutenberg.org/ebooks/54611.kindle.images', 'application/x-mobipocket-ebook' );
INSERT INTO files ( gid, file, mime ) VALUES ( '54611', 'http://www.gutenberg.org/ebooks/54611.kindle.noimages', 'application/x-mobipocket-ebook' );
INSERT INTO files ( gid, file, mime ) VALUES ( '54611', 'http://www.gutenberg.org/ebooks/54611.rdf', 'application/rdf+xml' );
INSERT INTO files ( gid, file, mime ) VALUES ( '54611', 'http://www.gutenberg.org/files/54611/54611-0.txt', 'text/plain; charset=utf-8' );
INSERT INTO files ( gid, file, mime ) VALUES ( '54611', 'http://www.gutenberg.org/files/54611/54611-0.zip', 'text/plain; charset=utf-8application/zip' );
INSERT INTO files ( gid, file, mime ) VALUES ( '54611', 'http://www.gutenberg.org/files/54611/54611-h.zip', 'application/ziptext/html; charset=utf-8' );
INSERT INTO files ( gid, file, mime ) VALUES ( '54611', 'http://www.gutenberg.org/files/54611/54611-h/54611-h.htm', 'text/html; charset=utf-8' );
INSERT INTO titles ( gid, title, author, language, rights ) VALUES ( '54711', 'Sweet and Twenty: A Comedy in One Act', 'Dell, Floyd', 'en', 'Public domain in the USA.' );
INSERT INTO classifications ( gid, classification ) VALUES ( '54711', 'PS' );
INSERT INTO subjects ( gid, subject ) VALUES ( '54711', 'American drama -- 20th century' );
INSERT INTO subjects ( gid, subject ) VALUES ( '54711', 'Comedies' );
INSERT INTO subjects ( gid, subject ) VALUES ( '54711', 'One-act plays' );
INSERT INTO files ( gid, file, mime ) VALUES ( '54711', 'http://www.gutenberg.org/cache/epub/54711/pg54711.cover.medium.jpg', 'image/jpeg' );
INSERT INTO files ( gid, file, mime ) VALUES ( '54711', 'http://www.gutenberg.org/cache/epub/54711/pg54711.cover.small.jpg', 'image/jpeg' );
INSERT INTO files ( gid, file, mime ) VALUES ( '54711', 'http://www.gutenberg.org/ebooks/54711.epub.images', 'application/epub+zip' );
INSERT INTO files ( gid, file, mime ) VALUES ( '54711', 'http://www.gutenberg.org/ebooks/54711.epub.noimages', 'application/epub+zip' );
INSERT INTO files ( gid, file, mime ) VALUES ( '54711', 'http://www.gutenberg.org/ebooks/54711.kindle.images', 'application/x-mobipocket-ebook' );
INSERT INTO files ( gid, file, mime ) VALUES ( '54711', 'http://www.gutenberg.org/ebooks/54711.kindle.noimages', 'application/x-mobipocket-ebook' );
INSERT INTO files ( gid, file, mime ) VALUES ( '54711', 'http://www.gutenberg.org/ebooks/54711.rdf', 'application/rdf+xml' );
INSERT INTO files ( gid, file, mime ) VALUES ( '54711', 'http://www.gutenberg.org/ebooks/54711.txt.utf-8', 'text/plain' );
INSERT INTO files ( gid, file, mime ) VALUES ( '54711', 'http://www.gutenberg.org/files/54711/54711-h.zip', 'text/htmlapplication/zip' );
INSERT INTO files ( gid, file, mime ) VALUES ( '54711', 'http://www.gutenberg.org/files/54711/54711-h/54711-h.htm', 'text/html' );
INSERT INTO files ( gid, file, mime ) VALUES ( '54711', 'http://www.gutenberg.org/files/54711/54711.txt', 'text/plain; charset=us-ascii' );
INSERT INTO files ( gid, file, mime ) VALUES ( '54711', 'http://www.gutenberg.org/files/54711/54711.zip', 'text/plain; charset=us-asciiapplication/zip' );
INSERT INTO titles ( gid, title, author, language, rights ) VALUES ( '54811', 'Luther, vol. 6 of 6', 'Grisar, Hartmann', 'en', 'Public domain in the USA.' );
INSERT INTO classifications ( gid, classification ) VALUES ( '54811', 'BR' );
INSERT INTO subjects ( gid, subject ) VALUES ( '54811', 'Luther, Martin, 1483-1546' );
INSERT INTO files ( gid, file, mime ) VALUES ( '54811', 'http://www.gutenberg.org/cache/epub/54811/pg54811.cover.medium.jpg', 'image/jpeg' );
INSERT INTO files ( gid, file, mime ) VALUES ( '54811', 'http://www.gutenberg.org/cache/epub/54811/pg54811.cover.small.jpg', 'image/jpeg' );
INSERT INTO files ( gid, file, mime ) VALUES ( '54811', 'http://www.gutenberg.org/ebooks/54811.epub.images', 'application/epub+zip' );
INSERT INTO files ( gid, file, mime ) VALUES ( '54811', 'http://www.gutenberg.org/ebooks/54811.epub.noimages', 'application/epub+zip' );
INSERT INTO files ( gid, file, mime ) VALUES ( '54811', 'http://www.gutenberg.org/ebooks/54811.kindle.images', 'application/x-mobipocket-ebook' );
INSERT INTO files ( gid, file, mime ) VALUES ( '54811', 'http://www.gutenberg.org/ebooks/54811.kindle.noimages', 'application/x-mobipocket-ebook' );
INSERT INTO files ( gid, file, mime ) VALUES ( '54811', 'http://www.gutenberg.org/ebooks/54811.rdf', 'application/rdf+xml' );
INSERT INTO files ( gid, file, mime ) VALUES ( '54811', 'http://www.gutenberg.org/files/54811/54811-0.txt', 'text/plain; charset=utf-8' );
INSERT INTO files ( gid, file, mime ) VALUES ( '54811', 'http://www.gutenberg.org/files/54811/54811-0.zip', 'application/ziptext/plain; charset=utf-8' );
INSERT INTO files ( gid, file, mime ) VALUES ( '54811', 'http://www.gutenberg.org/files/54811/54811-h.zip', 'text/html; charset=utf-8application/zip' );
INSERT INTO files ( gid, file, mime ) VALUES ( '54811', 'http://www.gutenberg.org/files/54811/54811-h/54811-h.htm', 'text/html; charset=utf-8' );
INSERT INTO titles ( gid, title, author, language, rights ) VALUES ( '54911', 'An Account of the Sore Throat Attended With Ulcers A Disease Which Hath of Late Years Appeared in This City, and in Several Parts of the Nation', 'Fothergill, John', 'en', 'Public domain in the USA.' );
INSERT INTO classifications ( gid, classification ) VALUES ( '54911', 'RC' );
INSERT INTO subjects ( gid, subject ) VALUES ( '54911', 'Diphtheria' );
INSERT INTO files ( gid, file, mime ) VALUES ( '54911', 'http://www.gutenberg.org/cache/epub/54911/pg54911.cover.medium.jpg', 'image/jpeg' );
INSERT INTO files ( gid, file, mime ) VALUES ( '54911', 'http://www.gutenberg.org/cache/epub/54911/pg54911.cover.small.jpg', 'image/jpeg' );
INSERT INTO files ( gid, file, mime ) VALUES ( '54911', 'http://www.gutenberg.org/ebooks/54911.epub.images', 'application/epub+zip' );
INSERT INTO files ( gid, file, mime ) VALUES ( '54911', 'http://www.gutenberg.org/ebooks/54911.epub.noimages', 'application/epub+zip' );
INSERT INTO files ( gid, file, mime ) VALUES ( '54911', 'http://www.gutenberg.org/ebooks/54911.kindle.images', 'application/x-mobipocket-ebook' );
INSERT INTO files ( gid, file, mime ) VALUES ( '54911', 'http://www.gutenberg.org/ebooks/54911.kindle.noimages', 'application/x-mobipocket-ebook' );
INSERT INTO files ( gid, file, mime ) VALUES ( '54911', 'http://www.gutenberg.org/ebooks/54911.rdf', 'application/rdf+xml' );
INSERT INTO files ( gid, file, mime ) VALUES ( '54911', 'http://www.gutenberg.org/files/54911/54911-0.txt', 'text/plain; charset=utf-8' );
INSERT INTO files ( gid, file, mime ) VALUES ( '54911', 'http://www.gutenberg.org/files/54911/54911-0.zip', 'application/ziptext/plain; charset=utf-8' );
INSERT INTO files ( gid, file, mime ) VALUES ( '54911', 'http://www.gutenberg.org/files/54911/54911-h.zip', 'application/ziptext/html; charset=utf-8' );
INSERT INTO files ( gid, file, mime ) VALUES ( '54911', 'http://www.gutenberg.org/files/54911/54911-h/54911-h.htm', 'text/html; charset=utf-8' );
INSERT INTO titles ( gid, title, author, language, rights ) VALUES ( '12911', 'A Backward Glance at Eighty Recollections & comment', 'Murdock, Charles A. (Charles Albert)', 'en', 'Public domain in the USA.' );
INSERT INTO subjects ( gid, subject ) VALUES ( '12911', 'Law -- Political aspects -- California' );
INSERT INTO subjects ( gid, subject ) VALUES ( '12911', 'Mines and mineral resources -- California' );
INSERT INTO subjects ( gid, subject ) VALUES ( '12911', 'F850.5' );
INSERT INTO subjects ( gid, subject ) VALUES ( '12911', 'San Francisco (Calif.)' );
INSERT INTO subjects ( gid, subject ) VALUES ( '12911', 'Business -- California' );
INSERT INTO subjects ( gid, subject ) VALUES ( '12911', 'Murdock, Charles A. (Charles Albert), 1841-1928' );
INSERT INTO files ( gid, file, mime ) VALUES ( '12911', 'http://www.gutenberg.org/ebooks/12911.epub.images', 'application/epub+zip' );
INSERT INTO files ( gid, file, mime ) VALUES ( '12911', 'http://www.gutenberg.org/ebooks/12911.epub.noimages', 'application/epub+zip' );
INSERT INTO files ( gid, file, mime ) VALUES ( '12911', 'http://www.gutenberg.org/ebooks/12911.kindle.images', 'application/x-mobipocket-ebook' );
INSERT INTO files ( gid, file, mime ) VALUES ( '12911', 'http://www.gutenberg.org/ebooks/12911.kindle.noimages', 'application/x-mobipocket-ebook' );
INSERT INTO files ( gid, file, mime ) VALUES ( '12911', 'http://www.gutenberg.org/ebooks/12911.rdf', 'application/rdf+xml' );
INSERT INTO files ( gid, file, mime ) VALUES ( '12911', 'http://www.gutenberg.org/ebooks/12911.txt.utf-8', 'text/plain' );
INSERT INTO files ( gid, file, mime ) VALUES ( '12911', 'http://www.gutenberg.org/files/12911/12911-8.txt', 'text/plain; charset=iso-8859-1' );
INSERT INTO files ( gid, file, mime ) VALUES ( '12911', 'http://www.gutenberg.org/files/12911/12911-8.zip', 'application/ziptext/plain; charset=iso-8859-1' );
INSERT INTO files ( gid, file, mime ) VALUES ( '12911', 'http://www.gutenberg.org/files/12911/12911-h.zip', 'text/html; charset=iso-8859-1application/zip' );
INSERT INTO files ( gid, file, mime ) VALUES ( '12911', 'http://www.gutenberg.org/files/12911/12911-h/12911-h.htm', 'text/html; charset=iso-8859-1' );
INSERT INTO files ( gid, file, mime ) VALUES ( '12911', 'http://www.gutenberg.org/files/12911/12911.txt', 'text/plain; charset=us-ascii' );
INSERT INTO files ( gid, file, mime ) VALUES ( '12911', 'http://www.gutenberg.org/files/12911/12911.zip', 'text/plain; charset=us-asciiapplication/zip' );
INSERT INTO titles ( gid, title, author, language, rights ) VALUES ( '13011', 'Far Off; Or, Asia and Australia Described With Anecdotes and Illustrations', 'Mortimer, Favell Lee', 'en', 'Public domain in the USA.' );
INSERT INTO classifications ( gid, classification ) VALUES ( '13011', 'PZ' );
INSERT INTO classifications ( gid, classification ) VALUES ( '13011', 'DU' );
INSERT INTO classifications ( gid, classification ) VALUES ( '13011', 'DS' );
INSERT INTO subjects ( gid, subject ) VALUES ( '13011', 'Australia -- Description and travel' );
INSERT INTO subjects ( gid, subject ) VALUES ( '13011', 'Asia -- Description and travel' );
INSERT INTO files ( gid, file, mime ) VALUES ( '13011', 'http://www.gutenberg.org/ebooks/13011.epub.images', 'application/epub+zip' );
INSERT INTO files ( gid, file, mime ) VALUES ( '13011', 'http://www.gutenberg.org/ebooks/13011.epub.noimages', 'application/epub+zip' );
INSERT INTO files ( gid, file, mime ) VALUES ( '13011', 'http://www.gutenberg.org/ebooks/13011.kindle.images', 'application/x-mobipocket-ebook' );
INSERT INTO files ( gid, file, mime ) VALUES ( '13011', 'http://www.gutenberg.org/ebooks/13011.kindle.noimages', 'application/x-mobipocket-ebook' );
INSERT INTO files ( gid, file, mime ) VALUES ( '13011', 'http://www.gutenberg.org/ebooks/13011.rdf', 'application/rdf+xml' );
INSERT INTO files ( gid, file, mime ) VALUES ( '13011', 'http://www.gutenberg.org/ebooks/13011.txt.utf-8', 'text/plain' );
INSERT INTO files ( gid, file, mime ) VALUES ( '13011', 'http://www.gutenberg.org/files/13011/13011-h.zip', 'text/html; charset=iso-8859-1application/zip' );
INSERT INTO files ( gid, file, mime ) VALUES ( '13011', 'http://www.gutenberg.org/files/13011/13011-h/13011-h.htm', 'text/html; charset=iso-8859-1' );
INSERT INTO files ( gid, file, mime ) VALUES ( '13011', 'http://www.gutenberg.org/files/13011/13011.txt', 'text/plain; charset=us-ascii' );
INSERT INTO files ( gid, file, mime ) VALUES ( '13011', 'http://www.gutenberg.org/files/13011/13011.zip', 'application/ziptext/plain; charset=us-ascii' );
INSERT INTO titles ( gid, title, author, language, rights ) VALUES ( '55011', 'The Poems of Madison Cawein, Volume 3 (of 5) Nature poems', 'Cawein, Madison Julius', 'en', 'Public domain in the USA.' );
INSERT INTO classifications ( gid, classification ) VALUES ( '55011', 'PS' );
INSERT INTO subjects ( gid, subject ) VALUES ( '55011', 'American poetry' );
INSERT INTO files ( gid, file, mime ) VALUES ( '55011', 'http://www.gutenberg.org/cache/epub/55011/pg55011.cover.medium.jpg', 'image/jpeg' );
INSERT INTO files ( gid, file, mime ) VALUES ( '55011', 'http://www.gutenberg.org/cache/epub/55011/pg55011.cover.small.jpg', 'image/jpeg' );
INSERT INTO files ( gid, file, mime ) VALUES ( '55011', 'http://www.gutenberg.org/ebooks/55011.epub.images', 'application/epub+zip' );
INSERT INTO files ( gid, file, mime ) VALUES ( '55011', 'http://www.gutenberg.org/ebooks/55011.epub.noimages', 'application/epub+zip' );
INSERT INTO files ( gid, file, mime ) VALUES ( '55011', 'http://www.gutenberg.org/ebooks/55011.kindle.images', 'application/x-mobipocket-ebook' );
INSERT INTO files ( gid, file, mime ) VALUES ( '55011', 'http://www.gutenberg.org/ebooks/55011.kindle.noimages', 'application/x-mobipocket-ebook' );
INSERT INTO files ( gid, file, mime ) VALUES ( '55011', 'http://www.gutenberg.org/ebooks/55011.rdf', 'application/rdf+xml' );
INSERT INTO files ( gid, file, mime ) VALUES ( '55011', 'http://www.gutenberg.org/files/55011/55011-0.txt', 'text/plain; charset=utf-8' );
INSERT INTO files ( gid, file, mime ) VALUES ( '55011', 'http://www.gutenberg.org/files/55011/55011-0.zip', 'text/plain; charset=utf-8application/zip' );
INSERT INTO files ( gid, file, mime ) VALUES ( '55011', 'http://www.gutenberg.org/files/55011/55011-h.zip', 'text/html; charset=utf-8application/zip' );
INSERT INTO files ( gid, file, mime ) VALUES ( '55011', 'http://www.gutenberg.org/files/55011/55011-h/55011-h.htm', 'text/html; charset=utf-8' );
INSERT INTO titles ( gid, title, author, language, rights ) VALUES ( '55111', 'Dix-sept histoires de marins', 'Farrère, Claude', 'fr', 'Public domain in the USA.' );
INSERT INTO classifications ( gid, classification ) VALUES ( '55111', 'PQ' );
INSERT INTO subjects ( gid, subject ) VALUES ( '55111', 'Short stories, French' );
INSERT INTO subjects ( gid, subject ) VALUES ( '55111', 'French fiction -- 20th century' );
INSERT INTO files ( gid, file, mime ) VALUES ( '55111', 'http://www.gutenberg.org/cache/epub/55111/pg55111.cover.medium.jpg', 'image/jpeg' );
INSERT INTO files ( gid, file, mime ) VALUES ( '55111', 'http://www.gutenberg.org/cache/epub/55111/pg55111.cover.small.jpg', 'image/jpeg' );
INSERT INTO files ( gid, file, mime ) VALUES ( '55111', 'http://www.gutenberg.org/ebooks/55111.epub.images', 'application/epub+zip' );
INSERT INTO files ( gid, file, mime ) VALUES ( '55111', 'http://www.gutenberg.org/ebooks/55111.epub.noimages', 'application/epub+zip' );
INSERT INTO files ( gid, file, mime ) VALUES ( '55111', 'http://www.gutenberg.org/ebooks/55111.kindle.images', 'application/x-mobipocket-ebook' );
INSERT INTO files ( gid, file, mime ) VALUES ( '55111', 'http://www.gutenberg.org/ebooks/55111.kindle.noimages', 'application/x-mobipocket-ebook' );
INSERT INTO files ( gid, file, mime ) VALUES ( '55111', 'http://www.gutenberg.org/ebooks/55111.rdf', 'application/rdf+xml' );
INSERT INTO files ( gid, file, mime ) VALUES ( '55111', 'http://www.gutenberg.org/files/55111/55111-0.txt', 'text/plain; charset=utf-8' );
INSERT INTO files ( gid, file, mime ) VALUES ( '55111', 'http://www.gutenberg.org/files/55111/55111-0.zip', 'application/ziptext/plain; charset=utf-8' );
INSERT INTO files ( gid, file, mime ) VALUES ( '55111', 'http://www.gutenberg.org/files/55111/55111-h.zip', 'text/html; charset=utf-8application/zip' );
INSERT INTO files ( gid, file, mime ) VALUES ( '55111', 'http://www.gutenberg.org/files/55111/55111-h/55111-h.htm', 'text/html; charset=utf-8' );
INSERT INTO titles ( gid, title, author, language, rights ) VALUES ( '5511', 'Arachne — Volume 04', 'Ebers, Georg', 'en', 'Public domain in the USA.' );
INSERT INTO classifications ( gid, classification ) VALUES ( '5511', 'PT' );
INSERT INTO subjects ( gid, subject ) VALUES ( '5511', 'German fiction -- Translations into English' );
INSERT INTO subjects ( gid, subject ) VALUES ( '5511', 'Egypt -- History -- 332-30 B.C. -- Fiction' );
INSERT INTO files ( gid, file, mime ) VALUES ( '5511', 'http://www.gutenberg.org/ebooks/5511.epub.images', 'application/epub+zip' );
INSERT INTO files ( gid, file, mime ) VALUES ( '5511', 'http://www.gutenberg.org/ebooks/5511.epub.noimages', 'application/epub+zip' );
INSERT INTO files ( gid, file, mime ) VALUES ( '5511', 'http://www.gutenberg.org/ebooks/5511.html.images', 'text/html' );
INSERT INTO files ( gid, file, mime ) VALUES ( '5511', 'http://www.gutenberg.org/ebooks/5511.html.noimages', 'text/html' );
INSERT INTO files ( gid, file, mime ) VALUES ( '5511', 'http://www.gutenberg.org/ebooks/5511.kindle.images', 'application/x-mobipocket-ebook' );
INSERT INTO files ( gid, file, mime ) VALUES ( '5511', 'http://www.gutenberg.org/ebooks/5511.kindle.noimages', 'application/x-mobipocket-ebook' );
INSERT INTO files ( gid, file, mime ) VALUES ( '5511', 'http://www.gutenberg.org/ebooks/5511.rdf', 'application/rdf+xml' );
INSERT INTO files ( gid, file, mime ) VALUES ( '5511', 'http://www.gutenberg.org/ebooks/5511.txt.utf-8', 'text/plain' );
INSERT INTO files ( gid, file, mime ) VALUES ( '5511', 'http://www.gutenberg.org/files/5511/5511.txt', 'text/plain; charset=us-ascii' );
INSERT INTO files ( gid, file, mime ) VALUES ( '5511', 'http://www.gutenberg.org/files/5511/5511.zip', 'text/plain; charset=us-asciiapplication/zip' );
INSERT INTO titles ( gid, title, author, language, rights ) VALUES ( '55211', 'Arsène Lupin Mauretanian keisari', 'Leblanc, Maurice', 'fi', 'Public domain in the USA.' );
INSERT INTO classifications ( gid, classification ) VALUES ( '55211', 'PQ' );
INSERT INTO subjects ( gid, subject ) VALUES ( '55211', 'Lupin, Arsène (Fictitious character) -- Fiction' );
INSERT INTO subjects ( gid, subject ) VALUES ( '55211', 'Detective and mystery stories' );
INSERT INTO files ( gid, file, mime ) VALUES ( '55211', 'http://www.gutenberg.org/ebooks/55211.epub.images', 'application/epub+zip' );
INSERT INTO files ( gid, file, mime ) VALUES ( '55211', 'http://www.gutenberg.org/ebooks/55211.epub.noimages', 'application/epub+zip' );
INSERT INTO files ( gid, file, mime ) VALUES ( '55211', 'http://www.gutenberg.org/ebooks/55211.html.images', 'text/html' );
INSERT INTO files ( gid, file, mime ) VALUES ( '55211', 'http://www.gutenberg.org/ebooks/55211.html.noimages', 'text/html' );
INSERT INTO files ( gid, file, mime ) VALUES ( '55211', 'http://www.gutenberg.org/ebooks/55211.kindle.images', 'application/x-mobipocket-ebook' );
INSERT INTO files ( gid, file, mime ) VALUES ( '55211', 'http://www.gutenberg.org/ebooks/55211.kindle.noimages', 'application/x-mobipocket-ebook' );
INSERT INTO files ( gid, file, mime ) VALUES ( '55211', 'http://www.gutenberg.org/ebooks/55211.rdf', 'application/rdf+xml' );
INSERT INTO files ( gid, file, mime ) VALUES ( '55211', 'http://www.gutenberg.org/ebooks/55211.txt.utf-8', 'text/plain' );
INSERT INTO files ( gid, file, mime ) VALUES ( '55211', 'http://www.gutenberg.org/files/55211/55211-8.txt', 'text/plain; charset=iso-8859-1' );
INSERT INTO files ( gid, file, mime ) VALUES ( '55211', 'http://www.gutenberg.org/files/55211/55211-8.zip', 'application/ziptext/plain; charset=iso-8859-1' );
INSERT INTO titles ( gid, title, author, language, rights ) VALUES ( '55311', 'The Girl from Malta', 'Hume, Fergus', 'en', 'Public domain in the USA.' );
INSERT INTO classifications ( gid, classification ) VALUES ( '55311', 'PR' );
INSERT INTO subjects ( gid, subject ) VALUES ( '55311', 'Mystery fiction' );
INSERT INTO files ( gid, file, mime ) VALUES ( '55311', 'http://www.gutenberg.org/ebooks/55311.epub.images', 'application/epub+zip' );
INSERT INTO files ( gid, file, mime ) VALUES ( '55311', 'http://www.gutenberg.org/ebooks/55311.epub.noimages', 'application/epub+zip' );
INSERT INTO files ( gid, file, mime ) VALUES ( '55311', 'http://www.gutenberg.org/ebooks/55311.kindle.images', 'application/x-mobipocket-ebook' );
INSERT INTO files ( gid, file, mime ) VALUES ( '55311', 'http://www.gutenberg.org/ebooks/55311.kindle.noimages', 'application/x-mobipocket-ebook' );
INSERT INTO files ( gid, file, mime ) VALUES ( '55311', 'http://www.gutenberg.org/ebooks/55311.rdf', 'application/rdf+xml' );
INSERT INTO files ( gid, file, mime ) VALUES ( '55311', 'http://www.gutenberg.org/ebooks/55311.txt.utf-8', 'text/plain' );
INSERT INTO files ( gid, file, mime ) VALUES ( '55311', 'http://www.gutenberg.org/files/55311/55311-8.txt', 'text/plain; charset=iso-8859-1' );
INSERT INTO files ( gid, file, mime ) VALUES ( '55311', 'http://www.gutenberg.org/files/55311/55311-8.zip', 'text/plain; charset=iso-8859-1application/zip' );
INSERT INTO files ( gid, file, mime ) VALUES ( '55311', 'http://www.gutenberg.org/files/55311/55311-h.zip', 'text/html; charset=iso-8859-1application/zip' );
INSERT INTO files ( gid, file, mime ) VALUES ( '55311', 'http://www.gutenberg.org/files/55311/55311-h/55311-h.htm', 'text/html; charset=iso-8859-1' );
INSERT INTO titles ( gid, title, author, language, rights ) VALUES ( '55411', 'Vallankumouskertomuksia', 'France, Anatole', 'fi', 'Public domain in the USA.' );
INSERT INTO classifications ( gid, classification ) VALUES ( '55411', 'PQ' );
INSERT INTO subjects ( gid, subject ) VALUES ( '55411', 'French fiction -- Translations into Finnish' );
INSERT INTO subjects ( gid, subject ) VALUES ( '55411', 'Short stories, French -- Translations into Finnish' );
INSERT INTO files ( gid, file, mime ) VALUES ( '55411', 'http://www.gutenberg.org/ebooks/55411.epub.images', 'application/epub+zip' );
INSERT INTO files ( gid, file, mime ) VALUES ( '55411', 'http://www.gutenberg.org/ebooks/55411.epub.noimages', 'application/epub+zip' );
INSERT INTO files ( gid, file, mime ) VALUES ( '55411', 'http://www.gutenberg.org/ebooks/55411.html.images', 'text/html' );
INSERT INTO files ( gid, file, mime ) VALUES ( '55411', 'http://www.gutenberg.org/ebooks/55411.html.noimages', 'text/html' );
INSERT INTO files ( gid, file, mime ) VALUES ( '55411', 'http://www.gutenberg.org/ebooks/55411.kindle.images', 'application/x-mobipocket-ebook' );
INSERT INTO files ( gid, file, mime ) VALUES ( '55411', 'http://www.gutenberg.org/ebooks/55411.kindle.noimages', 'application/x-mobipocket-ebook' );
INSERT INTO files ( gid, file, mime ) VALUES ( '55411', 'http://www.gutenberg.org/ebooks/55411.rdf', 'application/rdf+xml' );
INSERT INTO files ( gid, file, mime ) VALUES ( '55411', 'http://www.gutenberg.org/ebooks/55411.txt.utf-8', 'text/plain' );
INSERT INTO files ( gid, file, mime ) VALUES ( '55411', 'http://www.gutenberg.org/files/55411/55411-8.txt', 'text/plain; charset=iso-8859-1' );
INSERT INTO files ( gid, file, mime ) VALUES ( '55411', 'http://www.gutenberg.org/files/55411/55411-8.zip', 'application/ziptext/plain; charset=iso-8859-1' );
INSERT INTO titles ( gid, title, author, language, rights ) VALUES ( '55611', 'Karma: A Re-incarnation Play In Prologue, Epilogue & Three Acts', 'Blackwood, Algernon', 'en', 'Public domain in the USA.' );
INSERT INTO classifications ( gid, classification ) VALUES ( '55611', 'PR' );
INSERT INTO subjects ( gid, subject ) VALUES ( '55611', 'Reincarnation -- Drama' );
INSERT INTO files ( gid, file, mime ) VALUES ( '55611', 'http://www.gutenberg.org/cache/epub/55611/pg55611.cover.medium.jpg', 'image/jpeg' );
INSERT INTO files ( gid, file, mime ) VALUES ( '55611', 'http://www.gutenberg.org/cache/epub/55611/pg55611.cover.small.jpg', 'image/jpeg' );
INSERT INTO files ( gid, file, mime ) VALUES ( '55611', 'http://www.gutenberg.org/ebooks/55611.epub.images', 'application/epub+zip' );
INSERT INTO files ( gid, file, mime ) VALUES ( '55611', 'http://www.gutenberg.org/ebooks/55611.epub.noimages', 'application/epub+zip' );
INSERT INTO files ( gid, file, mime ) VALUES ( '55611', 'http://www.gutenberg.org/ebooks/55611.kindle.images', 'application/x-mobipocket-ebook' );
INSERT INTO files ( gid, file, mime ) VALUES ( '55611', 'http://www.gutenberg.org/ebooks/55611.kindle.noimages', 'application/x-mobipocket-ebook' );
INSERT INTO files ( gid, file, mime ) VALUES ( '55611', 'http://www.gutenberg.org/ebooks/55611.rdf', 'application/rdf+xml' );
INSERT INTO files ( gid, file, mime ) VALUES ( '55611', 'http://www.gutenberg.org/files/55611/55611-0.txt', 'text/plain; charset=utf-8' );
INSERT INTO files ( gid, file, mime ) VALUES ( '55611', 'http://www.gutenberg.org/files/55611/55611-0.zip', 'text/plain; charset=utf-8application/zip' );
INSERT INTO files ( gid, file, mime ) VALUES ( '55611', 'http://www.gutenberg.org/files/55611/55611-h.zip', 'text/html; charset=utf-8application/zip' );
INSERT INTO files ( gid, file, mime ) VALUES ( '55611', 'http://www.gutenberg.org/files/55611/55611-h/55611-h.htm', 'text/html; charset=utf-8' );
INSERT INTO titles ( gid, title, author, language, rights ) VALUES ( '55511', 'The Silver Bullet', 'Hume, Fergus', 'en', 'Public domain in the USA.' );
INSERT INTO classifications ( gid, classification ) VALUES ( '55511', 'PR' );
INSERT INTO subjects ( gid, subject ) VALUES ( '55511', 'England -- Fiction' );
INSERT INTO subjects ( gid, subject ) VALUES ( '55511', 'Murder -- Investigation -- Fiction' );
INSERT INTO subjects ( gid, subject ) VALUES ( '55511', 'Detective and mystery stories' );
INSERT INTO files ( gid, file, mime ) VALUES ( '55511', 'http://www.gutenberg.org/ebooks/55511.epub.images', 'application/epub+zip' );
INSERT INTO files ( gid, file, mime ) VALUES ( '55511', 'http://www.gutenberg.org/ebooks/55511.epub.noimages', 'application/epub+zip' );
INSERT INTO files ( gid, file, mime ) VALUES ( '55511', 'http://www.gutenberg.org/ebooks/55511.kindle.images', 'application/x-mobipocket-ebook' );
INSERT INTO files ( gid, file, mime ) VALUES ( '55511', 'http://www.gutenberg.org/ebooks/55511.kindle.noimages', 'application/x-mobipocket-ebook' );
INSERT INTO files ( gid, file, mime ) VALUES ( '55511', 'http://www.gutenberg.org/ebooks/55511.rdf', 'application/rdf+xml' );
INSERT INTO files ( gid, file, mime ) VALUES ( '55511', 'http://www.gutenberg.org/ebooks/55511.txt.utf-8', 'text/plain' );
INSERT INTO files ( gid, file, mime ) VALUES ( '55511', 'http://www.gutenberg.org/files/55511/55511-8.txt', 'text/plain; charset=iso-8859-1' );
INSERT INTO files ( gid, file, mime ) VALUES ( '55511', 'http://www.gutenberg.org/files/55511/55511-8.zip', 'text/plain; charset=iso-8859-1application/zip' );
INSERT INTO files ( gid, file, mime ) VALUES ( '55511', 'http://www.gutenberg.org/files/55511/55511-h.zip', 'text/html; charset=iso-8859-1application/zip' );
INSERT INTO files ( gid, file, mime ) VALUES ( '55511', 'http://www.gutenberg.org/files/55511/55511-h/55511-h.htm', 'text/html; charset=iso-8859-1' );
INSERT INTO titles ( gid, title, author, language, rights ) VALUES ( '55711', 'Egy az Isten (1. rész)', 'Jókai, Mór', 'hu', 'Public domain in the USA.' );
INSERT INTO classifications ( gid, classification ) VALUES ( '55711', 'PH' );
INSERT INTO subjects ( gid, subject ) VALUES ( '55711', 'Hungarian fiction -- 19th century' );
INSERT INTO files ( gid, file, mime ) VALUES ( '55711', 'http://www.gutenberg.org/cache/epub/55711/pg55711.cover.medium.jpg', 'image/jpeg' );
INSERT INTO files ( gid, file, mime ) VALUES ( '55711', 'http://www.gutenberg.org/cache/epub/55711/pg55711.cover.small.jpg', 'image/jpeg' );
INSERT INTO files ( gid, file, mime ) VALUES ( '55711', 'http://www.gutenberg.org/ebooks/55711.epub.images', 'application/epub+zip' );
INSERT INTO files ( gid, file, mime ) VALUES ( '55711', 'http://www.gutenberg.org/ebooks/55711.epub.noimages', 'application/epub+zip' );
INSERT INTO files ( gid, file, mime ) VALUES ( '55711', 'http://www.gutenberg.org/ebooks/55711.kindle.images', 'application/x-mobipocket-ebook' );
INSERT INTO files ( gid, file, mime ) VALUES ( '55711', 'http://www.gutenberg.org/ebooks/55711.kindle.noimages', 'application/x-mobipocket-ebook' );
INSERT INTO files ( gid, file, mime ) VALUES ( '55711', 'http://www.gutenberg.org/ebooks/55711.rdf', 'application/rdf+xml' );
INSERT INTO files ( gid, file, mime ) VALUES ( '55711', 'http://www.gutenberg.org/files/55711/55711-0.txt', 'text/plain; charset=utf-8' );
INSERT INTO files ( gid, file, mime ) VALUES ( '55711', 'http://www.gutenberg.org/files/55711/55711-0.zip', 'text/plain; charset=utf-8application/zip' );
INSERT INTO files ( gid, file, mime ) VALUES ( '55711', 'http://www.gutenberg.org/files/55711/55711-h.zip', 'application/ziptext/html; charset=utf-8' );
INSERT INTO files ( gid, file, mime ) VALUES ( '55711', 'http://www.gutenberg.org/files/55711/55711-h/55711-h.htm', 'text/html; charset=utf-8' );
INSERT INTO titles ( gid, title, author, language, rights ) VALUES ( '55811', 'Aarteen etsijät', 'Curwood, James Oliver', 'fi', 'Public domain in the USA.' );
INSERT INTO classifications ( gid, classification ) VALUES ( '55811', 'PS' );
INSERT INTO subjects ( gid, subject ) VALUES ( '55811', 'Gold mines and mining -- Fiction' );
INSERT INTO subjects ( gid, subject ) VALUES ( '55811', 'Hudson Bay -- Fiction' );
INSERT INTO files ( gid, file, mime ) VALUES ( '55811', 'http://www.gutenberg.org/ebooks/55811.epub.images', 'application/epub+zip' );
INSERT INTO files ( gid, file, mime ) VALUES ( '55811', 'http://www.gutenberg.org/ebooks/55811.epub.noimages', 'application/epub+zip' );
INSERT INTO files ( gid, file, mime ) VALUES ( '55811', 'http://www.gutenberg.org/ebooks/55811.html.images', 'text/html' );
INSERT INTO files ( gid, file, mime ) VALUES ( '55811', 'http://www.gutenberg.org/ebooks/55811.html.noimages', 'text/html' );
INSERT INTO files ( gid, file, mime ) VALUES ( '55811', 'http://www.gutenberg.org/ebooks/55811.kindle.images', 'application/x-mobipocket-ebook' );
INSERT INTO files ( gid, file, mime ) VALUES ( '55811', 'http://www.gutenberg.org/ebooks/55811.kindle.noimages', 'application/x-mobipocket-ebook' );
INSERT INTO files ( gid, file, mime ) VALUES ( '55811', 'http://www.gutenberg.org/ebooks/55811.rdf', 'application/rdf+xml' );
INSERT INTO files ( gid, file, mime ) VALUES ( '55811', 'http://www.gutenberg.org/ebooks/55811.txt.utf-8', 'text/plain' );
INSERT INTO files ( gid, file, mime ) VALUES ( '55811', 'http://www.gutenberg.org/files/55811/55811-8.txt', 'text/plain; charset=iso-8859-1' );
INSERT INTO files ( gid, file, mime ) VALUES ( '55811', 'http://www.gutenberg.org/files/55811/55811-8.zip', 'text/plain; charset=iso-8859-1application/zip' );
INSERT INTO titles ( gid, title, author, language, rights ) VALUES ( '55911', 'A jövő század regénye, 1. rész', 'Jókai, Mór', 'hu', 'Public domain in the USA.' );
INSERT INTO classifications ( gid, classification ) VALUES ( '55911', 'PH' );
INSERT INTO subjects ( gid, subject ) VALUES ( '55911', 'Hungarian fiction -- 19th century' );
INSERT INTO files ( gid, file, mime ) VALUES ( '55911', 'http://www.gutenberg.org/cache/epub/55911/pg55911.cover.medium.jpg', 'image/jpeg' );
INSERT INTO files ( gid, file, mime ) VALUES ( '55911', 'http://www.gutenberg.org/cache/epub/55911/pg55911.cover.small.jpg', 'image/jpeg' );
INSERT INTO files ( gid, file, mime ) VALUES ( '55911', 'http://www.gutenberg.org/ebooks/55911.epub.images', 'application/epub+zip' );
INSERT INTO files ( gid, file, mime ) VALUES ( '55911', 'http://www.gutenberg.org/ebooks/55911.epub.noimages', 'application/epub+zip' );
INSERT INTO files ( gid, file, mime ) VALUES ( '55911', 'http://www.gutenberg.org/ebooks/55911.kindle.images', 'application/x-mobipocket-ebook' );
INSERT INTO files ( gid, file, mime ) VALUES ( '55911', 'http://www.gutenberg.org/ebooks/55911.kindle.noimages', 'application/x-mobipocket-ebook' );
INSERT INTO files ( gid, file, mime ) VALUES ( '55911', 'http://www.gutenberg.org/ebooks/55911.rdf', 'application/rdf+xml' );
INSERT INTO files ( gid, file, mime ) VALUES ( '55911', 'http://www.gutenberg.org/files/55911/55911-0.txt', 'text/plain; charset=utf-8' );
INSERT INTO files ( gid, file, mime ) VALUES ( '55911', 'http://www.gutenberg.org/files/55911/55911-0.zip', 'application/ziptext/plain; charset=utf-8' );
INSERT INTO files ( gid, file, mime ) VALUES ( '55911', 'http://www.gutenberg.org/files/55911/55911-h.zip', 'text/html; charset=utf-8application/zip' );
INSERT INTO files ( gid, file, mime ) VALUES ( '55911', 'http://www.gutenberg.org/files/55911/55911-h/55911-h.htm', 'text/html; charset=utf-8' );
INSERT INTO titles ( gid, title, author, language, rights ) VALUES ( '56011', 'Ein Sommer im Orient', 'Warsberg, Alexander, Freiherr von', 'de', 'Public domain in the USA.' );
INSERT INTO classifications ( gid, classification ) VALUES ( '56011', 'DS' );
INSERT INTO subjects ( gid, subject ) VALUES ( '56011', 'Middle East -- Description and travel' );
INSERT INTO files ( gid, file, mime ) VALUES ( '56011', 'http://www.gutenberg.org/cache/epub/56011/pg56011.cover.medium.jpg', 'image/jpeg' );
INSERT INTO files ( gid, file, mime ) VALUES ( '56011', 'http://www.gutenberg.org/cache/epub/56011/pg56011.cover.small.jpg', 'image/jpeg' );
INSERT INTO files ( gid, file, mime ) VALUES ( '56011', 'http://www.gutenberg.org/ebooks/56011.epub.images', 'application/epub+zip' );
INSERT INTO files ( gid, file, mime ) VALUES ( '56011', 'http://www.gutenberg.org/ebooks/56011.epub.noimages', 'application/epub+zip' );
INSERT INTO files ( gid, file, mime ) VALUES ( '56011', 'http://www.gutenberg.org/ebooks/56011.kindle.images', 'application/x-mobipocket-ebook' );
INSERT INTO files ( gid, file, mime ) VALUES ( '56011', 'http://www.gutenberg.org/ebooks/56011.kindle.noimages', 'application/x-mobipocket-ebook' );
INSERT INTO files ( gid, file, mime ) VALUES ( '56011', 'http://www.gutenberg.org/ebooks/56011.rdf', 'application/rdf+xml' );
INSERT INTO files ( gid, file, mime ) VALUES ( '56011', 'http://www.gutenberg.org/files/56011/56011-0.txt', 'text/plain; charset=utf-8' );
INSERT INTO files ( gid, file, mime ) VALUES ( '56011', 'http://www.gutenberg.org/files/56011/56011-0.zip', 'text/plain; charset=utf-8application/zip' );
INSERT INTO files ( gid, file, mime ) VALUES ( '56011', 'http://www.gutenberg.org/files/56011/56011-h.zip', 'application/ziptext/html' );
INSERT INTO files ( gid, file, mime ) VALUES ( '56011', 'http://www.gutenberg.org/files/56011/56011-h/56011-h.htm', 'text/html' );
INSERT INTO titles ( gid, title, author, language, rights ) VALUES ( '1311', 'If: A Play in Four Acts', 'Dunsany, Lord', 'en', 'Public domain in the USA.' );
INSERT INTO classifications ( gid, classification ) VALUES ( '1311', 'PR' );
INSERT INTO subjects ( gid, subject ) VALUES ( '1311', 'English drama' );
INSERT INTO files ( gid, file, mime ) VALUES ( '1311', 'http://www.gutenberg.org/ebooks/1311.epub.images', 'application/epub+zip' );
INSERT INTO files ( gid, file, mime ) VALUES ( '1311', 'http://www.gutenberg.org/ebooks/1311.epub.noimages', 'application/epub+zip' );
INSERT INTO files ( gid, file, mime ) VALUES ( '1311', 'http://www.gutenberg.org/ebooks/1311.kindle.images', 'application/x-mobipocket-ebook' );
INSERT INTO files ( gid, file, mime ) VALUES ( '1311', 'http://www.gutenberg.org/ebooks/1311.kindle.noimages', 'application/x-mobipocket-ebook' );
INSERT INTO files ( gid, file, mime ) VALUES ( '1311', 'http://www.gutenberg.org/ebooks/1311.rdf', 'application/rdf+xml' );
INSERT INTO files ( gid, file, mime ) VALUES ( '1311', 'http://www.gutenberg.org/ebooks/1311.txt.utf-8', 'text/plain' );
INSERT INTO files ( gid, file, mime ) VALUES ( '1311', 'http://www.gutenberg.org/files/1311/1311-h.zip', 'application/ziptext/html; charset=us-ascii' );
INSERT INTO files ( gid, file, mime ) VALUES ( '1311', 'http://www.gutenberg.org/files/1311/1311-h/1311-h.htm', 'text/html; charset=us-ascii' );
INSERT INTO files ( gid, file, mime ) VALUES ( '1311', 'http://www.gutenberg.org/files/1311/1311.txt', 'text/plain; charset=us-ascii' );
INSERT INTO files ( gid, file, mime ) VALUES ( '1311', 'http://www.gutenberg.org/files/1311/1311.zip', 'text/plain; charset=us-asciiapplication/zip' );
INSERT INTO titles ( gid, title, author, language, rights ) VALUES ( '13111', 'The Brain and the Voice in Speech and Song', 'Mott, F. W. (Frederick Walker)', 'en', 'Public domain in the USA.' );
INSERT INTO classifications ( gid, classification ) VALUES ( '13111', 'QP' );
INSERT INTO subjects ( gid, subject ) VALUES ( '13111', 'Voice' );
INSERT INTO files ( gid, file, mime ) VALUES ( '13111', 'http://www.gutenberg.org/ebooks/13111.epub.images', 'application/epub+zip' );
INSERT INTO files ( gid, file, mime ) VALUES ( '13111', 'http://www.gutenberg.org/ebooks/13111.epub.noimages', 'application/epub+zip' );
INSERT INTO files ( gid, file, mime ) VALUES ( '13111', 'http://www.gutenberg.org/ebooks/13111.kindle.images', 'application/x-mobipocket-ebook' );
INSERT INTO files ( gid, file, mime ) VALUES ( '13111', 'http://www.gutenberg.org/ebooks/13111.kindle.noimages', 'application/x-mobipocket-ebook' );
INSERT INTO files ( gid, file, mime ) VALUES ( '13111', 'http://www.gutenberg.org/ebooks/13111.rdf', 'application/rdf+xml' );
INSERT INTO files ( gid, file, mime ) VALUES ( '13111', 'http://www.gutenberg.org/ebooks/13111.txt.utf-8', 'text/plain' );
INSERT INTO files ( gid, file, mime ) VALUES ( '13111', 'http://www.gutenberg.org/files/13111/13111-8.txt', 'text/plain; charset=iso-8859-1' );
INSERT INTO files ( gid, file, mime ) VALUES ( '13111', 'http://www.gutenberg.org/files/13111/13111-8.zip', 'text/plain; charset=iso-8859-1application/zip' );
INSERT INTO files ( gid, file, mime ) VALUES ( '13111', 'http://www.gutenberg.org/files/13111/13111-h.zip', 'application/ziptext/html; charset=iso-8859-1' );
INSERT INTO files ( gid, file, mime ) VALUES ( '13111', 'http://www.gutenberg.org/files/13111/13111-h/13111-h.htm', 'text/html; charset=iso-8859-1' );
INSERT INTO files ( gid, file, mime ) VALUES ( '13111', 'http://www.gutenberg.org/files/13111/13111.txt', 'text/plain; charset=us-ascii' );
INSERT INTO files ( gid, file, mime ) VALUES ( '13111', 'http://www.gutenberg.org/files/13111/13111.zip', 'text/plain; charset=us-asciiapplication/zip' );
INSERT INTO titles ( gid, title, author, language, rights ) VALUES ( '13211', 'The Pearl A Middle English Poem, A Modern Version in the Metre of the Original', 'Jewett, Sophie', 'en', 'Public domain in the USA.' );
INSERT INTO classifications ( gid, classification ) VALUES ( '13211', 'PR' );
INSERT INTO subjects ( gid, subject ) VALUES ( '13211', 'Christian poetry, English (Middle) -- Translations into English' );
INSERT INTO files ( gid, file, mime ) VALUES ( '13211', 'http://www.gutenberg.org/ebooks/13211.epub.images', 'application/epub+zip' );
INSERT INTO files ( gid, file, mime ) VALUES ( '13211', 'http://www.gutenberg.org/ebooks/13211.epub.noimages', 'application/epub+zip' );
INSERT INTO files ( gid, file, mime ) VALUES ( '13211', 'http://www.gutenberg.org/ebooks/13211.html.images', 'text/html' );
INSERT INTO files ( gid, file, mime ) VALUES ( '13211', 'http://www.gutenberg.org/ebooks/13211.html.noimages', 'text/html' );
INSERT INTO files ( gid, file, mime ) VALUES ( '13211', 'http://www.gutenberg.org/ebooks/13211.kindle.images', 'application/x-mobipocket-ebook' );
