INSERT INTO titles ( gid, title, author, language, rights ) VALUES ( '44999', 'Äiti', 'Benedictsson, Victoria', 'fi', 'Public domain in the USA.' );
INSERT INTO classifications ( gid, classification ) VALUES ( '44999', 'PT' );
INSERT INTO subjects ( gid, subject ) VALUES ( '44999', 'Swedish fiction -- Translations into Finnish' );
INSERT INTO files ( gid, file, mime ) VALUES ( '44999', 'http://www.gutenberg.org/ebooks/44999.epub.images', 'application/epub+zip' );
INSERT INTO files ( gid, file, mime ) VALUES ( '44999', 'http://www.gutenberg.org/ebooks/44999.epub.noimages', 'application/epub+zip' );
INSERT INTO files ( gid, file, mime ) VALUES ( '44999', 'http://www.gutenberg.org/ebooks/44999.html.images', 'text/html' );
INSERT INTO files ( gid, file, mime ) VALUES ( '44999', 'http://www.gutenberg.org/ebooks/44999.html.noimages', 'text/html' );
INSERT INTO files ( gid, file, mime ) VALUES ( '44999', 'http://www.gutenberg.org/ebooks/44999.kindle.images', 'application/x-mobipocket-ebook' );
INSERT INTO files ( gid, file, mime ) VALUES ( '44999', 'http://www.gutenberg.org/ebooks/44999.kindle.noimages', 'application/x-mobipocket-ebook' );
INSERT INTO files ( gid, file, mime ) VALUES ( '44999', 'http://www.gutenberg.org/ebooks/44999.rdf', 'application/rdf+xml' );
INSERT INTO files ( gid, file, mime ) VALUES ( '44999', 'http://www.gutenberg.org/ebooks/44999.txt.utf-8', 'text/plain' );
INSERT INTO files ( gid, file, mime ) VALUES ( '44999', 'http://www.gutenberg.org/files/44999/44999-8.txt', 'text/plain; charset=iso-8859-1' );
INSERT INTO files ( gid, file, mime ) VALUES ( '44999', 'http://www.gutenberg.org/files/44999/44999-8.zip', 'text/plain; charset=iso-8859-1application/zip' );
INSERT INTO titles ( gid, title, author, language, rights ) VALUES ( '43999', 'Kitty''s Picnic, and Other Stories', 'Anonymous', 'en', 'Public domain in the USA.' );
INSERT INTO classifications ( gid, classification ) VALUES ( '43999', 'PZ' );
INSERT INTO subjects ( gid, subject ) VALUES ( '43999', 'Children -- Conduct of life -- Juvenile fiction' );
INSERT INTO subjects ( gid, subject ) VALUES ( '43999', 'Children''s stories' );
INSERT INTO files ( gid, file, mime ) VALUES ( '43999', 'http://www.gutenberg.org/cache/epub/43999/pg43999.cover.medium.jpg', 'image/jpeg' );
INSERT INTO files ( gid, file, mime ) VALUES ( '43999', 'http://www.gutenberg.org/cache/epub/43999/pg43999.cover.small.jpg', 'image/jpeg' );
INSERT INTO files ( gid, file, mime ) VALUES ( '43999', 'http://www.gutenberg.org/ebooks/43999.epub.images', 'application/epub+zip' );
INSERT INTO files ( gid, file, mime ) VALUES ( '43999', 'http://www.gutenberg.org/ebooks/43999.epub.noimages', 'application/epub+zip' );
INSERT INTO files ( gid, file, mime ) VALUES ( '43999', 'http://www.gutenberg.org/ebooks/43999.kindle.images', 'application/x-mobipocket-ebook' );
INSERT INTO files ( gid, file, mime ) VALUES ( '43999', 'http://www.gutenberg.org/ebooks/43999.kindle.noimages', 'application/x-mobipocket-ebook' );
INSERT INTO files ( gid, file, mime ) VALUES ( '43999', 'http://www.gutenberg.org/ebooks/43999.rdf', 'application/rdf+xml' );
INSERT INTO files ( gid, file, mime ) VALUES ( '43999', 'http://www.gutenberg.org/ebooks/43999.rst.gen', 'text/x-rst' );
INSERT INTO files ( gid, file, mime ) VALUES ( '43999', 'http://www.gutenberg.org/files/43999/43999-0.txt', 'text/plain; charset=utf-8' );
INSERT INTO files ( gid, file, mime ) VALUES ( '43999', 'http://www.gutenberg.org/files/43999/43999-0.zip', 'text/plain; charset=utf-8application/zip' );
INSERT INTO files ( gid, file, mime ) VALUES ( '43999', 'http://www.gutenberg.org/files/43999/43999-8.txt', 'text/plain; charset=iso-8859-1' );
INSERT INTO files ( gid, file, mime ) VALUES ( '43999', 'http://www.gutenberg.org/files/43999/43999-8.zip', 'text/plain; charset=iso-8859-1application/zip' );
INSERT INTO files ( gid, file, mime ) VALUES ( '43999', 'http://www.gutenberg.org/files/43999/43999-h.zip', 'application/ziptext/html; charset=utf-8' );
INSERT INTO files ( gid, file, mime ) VALUES ( '43999', 'http://www.gutenberg.org/files/43999/43999-h/43999-h.html', 'text/html; charset=utf-8' );
INSERT INTO files ( gid, file, mime ) VALUES ( '43999', 'http://www.gutenberg.org/files/43999/43999-rst.zip', 'application/ziptext/x-rst' );
INSERT INTO files ( gid, file, mime ) VALUES ( '43999', 'http://www.gutenberg.org/files/43999/43999-rst/43999-rst.rst', 'text/x-rst' );
INSERT INTO files ( gid, file, mime ) VALUES ( '43999', 'http://www.gutenberg.org/files/43999/43999.txt', 'text/plain; charset=us-ascii' );
INSERT INTO files ( gid, file, mime ) VALUES ( '43999', 'http://www.gutenberg.org/files/43999/43999.zip', 'text/plain; charset=us-asciiapplication/zip' );
INSERT INTO titles ( gid, title, author, language, rights ) VALUES ( '45999', 'Taivaallisia tarinoita', 'Lampén, Ernst', 'fi', 'Public domain in the USA.' );
INSERT INTO classifications ( gid, classification ) VALUES ( '45999', 'PH' );
INSERT INTO subjects ( gid, subject ) VALUES ( '45999', 'Finnish fiction -- 20th century' );
INSERT INTO subjects ( gid, subject ) VALUES ( '45999', 'Short stories, Finnish' );
INSERT INTO files ( gid, file, mime ) VALUES ( '45999', 'http://www.gutenberg.org/ebooks/45999.epub.images', 'application/epub+zip' );
INSERT INTO files ( gid, file, mime ) VALUES ( '45999', 'http://www.gutenberg.org/ebooks/45999.epub.noimages', 'application/epub+zip' );
INSERT INTO files ( gid, file, mime ) VALUES ( '45999', 'http://www.gutenberg.org/ebooks/45999.html.images', 'text/html' );
INSERT INTO files ( gid, file, mime ) VALUES ( '45999', 'http://www.gutenberg.org/ebooks/45999.html.noimages', 'text/html' );
INSERT INTO files ( gid, file, mime ) VALUES ( '45999', 'http://www.gutenberg.org/ebooks/45999.kindle.images', 'application/x-mobipocket-ebook' );
INSERT INTO files ( gid, file, mime ) VALUES ( '45999', 'http://www.gutenberg.org/ebooks/45999.kindle.noimages', 'application/x-mobipocket-ebook' );
INSERT INTO files ( gid, file, mime ) VALUES ( '45999', 'http://www.gutenberg.org/ebooks/45999.rdf', 'application/rdf+xml' );
INSERT INTO files ( gid, file, mime ) VALUES ( '45999', 'http://www.gutenberg.org/ebooks/45999.txt.utf-8', 'text/plain' );
INSERT INTO files ( gid, file, mime ) VALUES ( '45999', 'http://www.gutenberg.org/files/45999/45999-8.txt', 'text/plain; charset=iso-8859-1' );
INSERT INTO files ( gid, file, mime ) VALUES ( '45999', 'http://www.gutenberg.org/files/45999/45999-8.zip', 'text/plain; charset=iso-8859-1application/zip' );
INSERT INTO titles ( gid, title, author, language, rights ) VALUES ( '46999', 'Suor Giovanna della Croce: romanzo', 'Serao, Matilde', 'it', 'Public domain in the USA.' );
INSERT INTO classifications ( gid, classification ) VALUES ( '46999', 'PQ' );
INSERT INTO subjects ( gid, subject ) VALUES ( '46999', 'Juana de la Cruz, sor, 1481-1534 -- Fiction' );
INSERT INTO subjects ( gid, subject ) VALUES ( '46999', 'Italian fiction' );
INSERT INTO files ( gid, file, mime ) VALUES ( '46999', 'http://www.gutenberg.org/cache/epub/46999/pg46999.cover.medium.jpg', 'image/jpeg' );
INSERT INTO files ( gid, file, mime ) VALUES ( '46999', 'http://www.gutenberg.org/cache/epub/46999/pg46999.cover.small.jpg', 'image/jpeg' );
INSERT INTO files ( gid, file, mime ) VALUES ( '46999', 'http://www.gutenberg.org/ebooks/46999.epub.images', 'application/epub+zip' );
INSERT INTO files ( gid, file, mime ) VALUES ( '46999', 'http://www.gutenberg.org/ebooks/46999.epub.noimages', 'application/epub+zip' );
INSERT INTO files ( gid, file, mime ) VALUES ( '46999', 'http://www.gutenberg.org/ebooks/46999.kindle.images', 'application/x-mobipocket-ebook' );
INSERT INTO files ( gid, file, mime ) VALUES ( '46999', 'http://www.gutenberg.org/ebooks/46999.kindle.noimages', 'application/x-mobipocket-ebook' );
INSERT INTO files ( gid, file, mime ) VALUES ( '46999', 'http://www.gutenberg.org/ebooks/46999.rdf', 'application/rdf+xml' );
INSERT INTO files ( gid, file, mime ) VALUES ( '46999', 'http://www.gutenberg.org/files/46999/46999-0.txt', 'text/plain; charset=utf-8' );
INSERT INTO files ( gid, file, mime ) VALUES ( '46999', 'http://www.gutenberg.org/files/46999/46999-0.zip', 'text/plain; charset=utf-8application/zip' );
INSERT INTO files ( gid, file, mime ) VALUES ( '46999', 'http://www.gutenberg.org/files/46999/46999-8.txt', 'text/plain; charset=iso-8859-1' );
INSERT INTO files ( gid, file, mime ) VALUES ( '46999', 'http://www.gutenberg.org/files/46999/46999-8.zip', 'text/plain; charset=iso-8859-1application/zip' );
INSERT INTO files ( gid, file, mime ) VALUES ( '46999', 'http://www.gutenberg.org/files/46999/46999-h.zip', 'text/html; charset=utf-8application/zip' );
INSERT INTO files ( gid, file, mime ) VALUES ( '46999', 'http://www.gutenberg.org/files/46999/46999-h/46999-h.htm', 'text/html; charset=utf-8' );
INSERT INTO titles ( gid, title, author, language, rights ) VALUES ( '47999', 'Natural Gemstones', 'Geological Survey (U.S.)', 'en', 'Public domain in the USA.' );
INSERT INTO classifications ( gid, classification ) VALUES ( '47999', 'QE' );
INSERT INTO subjects ( gid, subject ) VALUES ( '47999', 'Precious stones -- Collection and preservation -- United States' );
INSERT INTO subjects ( gid, subject ) VALUES ( '47999', 'Gems -- United States' );
INSERT INTO subjects ( gid, subject ) VALUES ( '47999', 'Precious stones -- United States' );
INSERT INTO files ( gid, file, mime ) VALUES ( '47999', 'http://www.gutenberg.org/cache/epub/47999/pg47999.cover.medium.jpg', 'image/jpeg' );
INSERT INTO files ( gid, file, mime ) VALUES ( '47999', 'http://www.gutenberg.org/cache/epub/47999/pg47999.cover.small.jpg', 'image/jpeg' );
INSERT INTO files ( gid, file, mime ) VALUES ( '47999', 'http://www.gutenberg.org/ebooks/47999.epub.images', 'application/epub+zip' );
INSERT INTO files ( gid, file, mime ) VALUES ( '47999', 'http://www.gutenberg.org/ebooks/47999.epub.noimages', 'application/epub+zip' );
INSERT INTO files ( gid, file, mime ) VALUES ( '47999', 'http://www.gutenberg.org/ebooks/47999.kindle.images', 'application/x-mobipocket-ebook' );
INSERT INTO files ( gid, file, mime ) VALUES ( '47999', 'http://www.gutenberg.org/ebooks/47999.kindle.noimages', 'application/x-mobipocket-ebook' );
INSERT INTO files ( gid, file, mime ) VALUES ( '47999', 'http://www.gutenberg.org/ebooks/47999.rdf', 'application/rdf+xml' );
INSERT INTO files ( gid, file, mime ) VALUES ( '47999', 'http://www.gutenberg.org/files/47999/47999-0.txt', 'text/plain; charset=utf-8' );
INSERT INTO files ( gid, file, mime ) VALUES ( '47999', 'http://www.gutenberg.org/files/47999/47999-0.zip', 'text/plain; charset=utf-8application/zip' );
INSERT INTO files ( gid, file, mime ) VALUES ( '47999', 'http://www.gutenberg.org/files/47999/47999-8.txt', 'text/plain; charset=iso-8859-1' );
INSERT INTO files ( gid, file, mime ) VALUES ( '47999', 'http://www.gutenberg.org/files/47999/47999-8.zip', 'application/ziptext/plain; charset=iso-8859-1' );
INSERT INTO files ( gid, file, mime ) VALUES ( '47999', 'http://www.gutenberg.org/files/47999/47999-h.zip', 'text/html; charset=utf-8application/zip' );
INSERT INTO files ( gid, file, mime ) VALUES ( '47999', 'http://www.gutenberg.org/files/47999/47999-h/47999-h.htm', 'text/html; charset=utf-8' );
INSERT INTO titles ( gid, title, author, language, rights ) VALUES ( '48999', 'The Boy Scouts of the Signal Corps', 'Shaler, Robert', 'en', 'Public domain in the USA.' );
INSERT INTO classifications ( gid, classification ) VALUES ( '48999', 'PZ' );
INSERT INTO subjects ( gid, subject ) VALUES ( '48999', 'Boy Scouts of America -- Juvenile fiction' );
INSERT INTO subjects ( gid, subject ) VALUES ( '48999', 'United States. Army. Signal Corps -- Juvenile fiction' );
INSERT INTO subjects ( gid, subject ) VALUES ( '48999', 'Mystery and detective stories' );
INSERT INTO files ( gid, file, mime ) VALUES ( '48999', 'http://www.gutenberg.org/cache/epub/48999/pg48999.cover.medium.jpg', 'image/jpeg' );
INSERT INTO files ( gid, file, mime ) VALUES ( '48999', 'http://www.gutenberg.org/cache/epub/48999/pg48999.cover.small.jpg', 'image/jpeg' );
INSERT INTO files ( gid, file, mime ) VALUES ( '48999', 'http://www.gutenberg.org/ebooks/48999.epub.images', 'application/epub+zip' );
INSERT INTO files ( gid, file, mime ) VALUES ( '48999', 'http://www.gutenberg.org/ebooks/48999.epub.noimages', 'application/epub+zip' );
INSERT INTO files ( gid, file, mime ) VALUES ( '48999', 'http://www.gutenberg.org/ebooks/48999.kindle.images', 'application/x-mobipocket-ebook' );
INSERT INTO files ( gid, file, mime ) VALUES ( '48999', 'http://www.gutenberg.org/ebooks/48999.kindle.noimages', 'application/x-mobipocket-ebook' );
INSERT INTO files ( gid, file, mime ) VALUES ( '48999', 'http://www.gutenberg.org/ebooks/48999.rdf', 'application/rdf+xml' );
INSERT INTO files ( gid, file, mime ) VALUES ( '48999', 'http://www.gutenberg.org/files/48999/48999-0.txt', 'text/plain; charset=utf-8' );
INSERT INTO files ( gid, file, mime ) VALUES ( '48999', 'http://www.gutenberg.org/files/48999/48999-0.zip', 'application/ziptext/plain; charset=utf-8' );
INSERT INTO files ( gid, file, mime ) VALUES ( '48999', 'http://www.gutenberg.org/files/48999/48999-h.zip', 'text/html; charset=utf-8application/zip' );
INSERT INTO files ( gid, file, mime ) VALUES ( '48999', 'http://www.gutenberg.org/files/48999/48999-h/48999-h.htm', 'text/html; charset=utf-8' );
INSERT INTO files ( gid, file, mime ) VALUES ( '48999', 'http://www.gutenberg.org/files/48999/48999.txt', 'text/plain; charset=us-ascii' );
INSERT INTO files ( gid, file, mime ) VALUES ( '48999', 'http://www.gutenberg.org/files/48999/48999.zip', 'application/ziptext/plain; charset=us-ascii' );
INSERT INTO titles ( gid, title, author, language, rights ) VALUES ( '49999', 'Eminent Authors of the Nineteenth Century: Literary Portraits', 'Brandes, Georg', 'en', 'Public domain in the USA.' );
INSERT INTO classifications ( gid, classification ) VALUES ( '49999', 'PN' );
INSERT INTO subjects ( gid, subject ) VALUES ( '49999', 'Literature, Modern -- 19th century -- History and criticism' );
INSERT INTO files ( gid, file, mime ) VALUES ( '49999', 'http://www.gutenberg.org/cache/epub/49999/pg49999.cover.medium.jpg', 'image/jpeg' );
INSERT INTO files ( gid, file, mime ) VALUES ( '49999', 'http://www.gutenberg.org/cache/epub/49999/pg49999.cover.small.jpg', 'image/jpeg' );
INSERT INTO files ( gid, file, mime ) VALUES ( '49999', 'http://www.gutenberg.org/ebooks/49999.epub.images', 'application/epub+zip' );
INSERT INTO files ( gid, file, mime ) VALUES ( '49999', 'http://www.gutenberg.org/ebooks/49999.epub.noimages', 'application/epub+zip' );
INSERT INTO files ( gid, file, mime ) VALUES ( '49999', 'http://www.gutenberg.org/ebooks/49999.kindle.images', 'application/x-mobipocket-ebook' );
INSERT INTO files ( gid, file, mime ) VALUES ( '49999', 'http://www.gutenberg.org/ebooks/49999.kindle.noimages', 'application/x-mobipocket-ebook' );
INSERT INTO files ( gid, file, mime ) VALUES ( '49999', 'http://www.gutenberg.org/ebooks/49999.rdf', 'application/rdf+xml' );
INSERT INTO files ( gid, file, mime ) VALUES ( '49999', 'http://www.gutenberg.org/files/49999/49999-0.txt', 'text/plain; charset=utf-8' );
INSERT INTO files ( gid, file, mime ) VALUES ( '49999', 'http://www.gutenberg.org/files/49999/49999-0.zip', 'application/ziptext/plain; charset=utf-8' );
INSERT INTO files ( gid, file, mime ) VALUES ( '49999', 'http://www.gutenberg.org/files/49999/49999-h.zip', 'application/ziptext/html; charset=utf-8' );
INSERT INTO files ( gid, file, mime ) VALUES ( '49999', 'http://www.gutenberg.org/files/49999/49999-h/49999-h.htm', 'text/html; charset=utf-8' );
INSERT INTO titles ( gid, title, author, language, rights ) VALUES ( '4999', 'The Notebooks of Leonardo Da Vinci — Volume 2', 'Leonardo, da Vinci', 'en', 'Public domain in the USA.' );
INSERT INTO classifications ( gid, classification ) VALUES ( '4999', 'ND' );
INSERT INTO subjects ( gid, subject ) VALUES ( '4999', 'Leonardo, da Vinci, 1452-1519 -- Notebooks, sketchbooks, etc.' );
INSERT INTO files ( gid, file, mime ) VALUES ( '4999', 'http://www.gutenberg.org/ebooks/4999.epub.images', 'application/epub+zip' );
INSERT INTO files ( gid, file, mime ) VALUES ( '4999', 'http://www.gutenberg.org/ebooks/4999.epub.noimages', 'application/epub+zip' );
INSERT INTO files ( gid, file, mime ) VALUES ( '4999', 'http://www.gutenberg.org/ebooks/4999.html.images', 'text/html' );
INSERT INTO files ( gid, file, mime ) VALUES ( '4999', 'http://www.gutenberg.org/ebooks/4999.html.noimages', 'text/html' );
INSERT INTO files ( gid, file, mime ) VALUES ( '4999', 'http://www.gutenberg.org/ebooks/4999.kindle.images', 'application/x-mobipocket-ebook' );
INSERT INTO files ( gid, file, mime ) VALUES ( '4999', 'http://www.gutenberg.org/ebooks/4999.kindle.noimages', 'application/x-mobipocket-ebook' );
INSERT INTO files ( gid, file, mime ) VALUES ( '4999', 'http://www.gutenberg.org/ebooks/4999.rdf', 'application/rdf+xml' );
INSERT INTO files ( gid, file, mime ) VALUES ( '4999', 'http://www.gutenberg.org/ebooks/4999.txt.utf-8', 'text/plain' );
INSERT INTO files ( gid, file, mime ) VALUES ( '4999', 'http://www.gutenberg.org/files/4999/4999-8.txt', 'text/plain; charset=iso-8859-1' );
INSERT INTO files ( gid, file, mime ) VALUES ( '4999', 'http://www.gutenberg.org/files/4999/4999-8.zip', 'text/plain; charset=iso-8859-1application/zip' );
INSERT INTO titles ( gid, title, author, language, rights ) VALUES ( '50999', 'Med Ship Man', 'Leinster, Murray', 'en', 'Public domain in the USA.' );
INSERT INTO classifications ( gid, classification ) VALUES ( '50999', 'PS' );
INSERT INTO subjects ( gid, subject ) VALUES ( '50999', 'Medical fiction' );
INSERT INTO subjects ( gid, subject ) VALUES ( '50999', 'Science fiction' );
INSERT INTO subjects ( gid, subject ) VALUES ( '50999', 'Physicians -- Fiction' );
INSERT INTO subjects ( gid, subject ) VALUES ( '50999', 'Life on other planets -- Fiction' );
INSERT INTO subjects ( gid, subject ) VALUES ( '50999', 'Space medicine -- Fiction' );
INSERT INTO files ( gid, file, mime ) VALUES ( '50999', 'http://www.gutenberg.org/cache/epub/50999/pg50999.cover.medium.jpg', 'image/jpeg' );
INSERT INTO files ( gid, file, mime ) VALUES ( '50999', 'http://www.gutenberg.org/cache/epub/50999/pg50999.cover.small.jpg', 'image/jpeg' );
INSERT INTO files ( gid, file, mime ) VALUES ( '50999', 'http://www.gutenberg.org/ebooks/50999.epub.images', 'application/epub+zip' );
INSERT INTO files ( gid, file, mime ) VALUES ( '50999', 'http://www.gutenberg.org/ebooks/50999.epub.noimages', 'application/epub+zip' );
INSERT INTO files ( gid, file, mime ) VALUES ( '50999', 'http://www.gutenberg.org/ebooks/50999.kindle.images', 'application/x-mobipocket-ebook' );
INSERT INTO files ( gid, file, mime ) VALUES ( '50999', 'http://www.gutenberg.org/ebooks/50999.kindle.noimages', 'application/x-mobipocket-ebook' );
INSERT INTO files ( gid, file, mime ) VALUES ( '50999', 'http://www.gutenberg.org/ebooks/50999.rdf', 'application/rdf+xml' );
INSERT INTO files ( gid, file, mime ) VALUES ( '50999', 'http://www.gutenberg.org/ebooks/50999.txt.utf-8', 'text/plain' );
INSERT INTO files ( gid, file, mime ) VALUES ( '50999', 'http://www.gutenberg.org/files/50999/50999-h.zip', 'text/html; charset=us-asciiapplication/zip' );
INSERT INTO files ( gid, file, mime ) VALUES ( '50999', 'http://www.gutenberg.org/files/50999/50999-h/50999-h.htm', 'text/html; charset=us-ascii' );
INSERT INTO files ( gid, file, mime ) VALUES ( '50999', 'http://www.gutenberg.org/files/50999/50999.txt', 'text/plain; charset=us-ascii' );
INSERT INTO files ( gid, file, mime ) VALUES ( '50999', 'http://www.gutenberg.org/files/50999/50999.zip', 'application/ziptext/plain; charset=us-ascii' );
INSERT INTO titles ( gid, title, author, language, rights ) VALUES ( '10999', 'Tales of Bengal', 'Banerjea, S. B.', 'en', 'Public domain in the USA.' );
INSERT INTO classifications ( gid, classification ) VALUES ( '10999', 'GR' );
INSERT INTO subjects ( gid, subject ) VALUES ( '10999', 'Tales -- India -- Bengal' );
INSERT INTO files ( gid, file, mime ) VALUES ( '10999', 'http://www.gutenberg.org/ebooks/10999.epub.images', 'application/epub+zip' );
INSERT INTO files ( gid, file, mime ) VALUES ( '10999', 'http://www.gutenberg.org/ebooks/10999.epub.noimages', 'application/epub+zip' );
INSERT INTO files ( gid, file, mime ) VALUES ( '10999', 'http://www.gutenberg.org/ebooks/10999.kindle.images', 'application/x-mobipocket-ebook' );
INSERT INTO files ( gid, file, mime ) VALUES ( '10999', 'http://www.gutenberg.org/ebooks/10999.kindle.noimages', 'application/x-mobipocket-ebook' );
INSERT INTO files ( gid, file, mime ) VALUES ( '10999', 'http://www.gutenberg.org/ebooks/10999.rdf', 'application/rdf+xml' );
INSERT INTO files ( gid, file, mime ) VALUES ( '10999', 'http://www.gutenberg.org/ebooks/10999.txt.utf-8', 'text/plain' );
INSERT INTO files ( gid, file, mime ) VALUES ( '10999', 'http://www.gutenberg.org/files/10999/10999-8.txt', 'text/plain; charset=iso-8859-1' );
INSERT INTO files ( gid, file, mime ) VALUES ( '10999', 'http://www.gutenberg.org/files/10999/10999-8.zip', 'text/plain; charset=iso-8859-1application/zip' );
INSERT INTO files ( gid, file, mime ) VALUES ( '10999', 'http://www.gutenberg.org/files/10999/10999-h.zip', 'text/html; charset=us-asciiapplication/zip' );
INSERT INTO files ( gid, file, mime ) VALUES ( '10999', 'http://www.gutenberg.org/files/10999/10999-h/10999-h.htm', 'text/html; charset=us-ascii' );
INSERT INTO files ( gid, file, mime ) VALUES ( '10999', 'http://www.gutenberg.org/files/10999/10999.txt', 'text/plain; charset=us-ascii' );
INSERT INTO files ( gid, file, mime ) VALUES ( '10999', 'http://www.gutenberg.org/files/10999/10999.zip', 'application/ziptext/plain; charset=us-ascii' );
INSERT INTO titles ( gid, title, author, language, rights ) VALUES ( '51999', 'Life and Military Career of Major-General William Tecumseh Sherman', 'Headley, P. C. (Phineas Camp)', 'en', 'Public domain in the USA.' );
INSERT INTO subjects ( gid, subject ) VALUES ( '51999', 'Sherman, William T. (William Tecumseh), 1820-1891' );
INSERT INTO subjects ( gid, subject ) VALUES ( '51999', 'E456' );
INSERT INTO files ( gid, file, mime ) VALUES ( '51999', 'http://www.gutenberg.org/cache/epub/51999/pg51999.cover.medium.jpg', 'image/jpeg' );
INSERT INTO files ( gid, file, mime ) VALUES ( '51999', 'http://www.gutenberg.org/cache/epub/51999/pg51999.cover.small.jpg', 'image/jpeg' );
INSERT INTO files ( gid, file, mime ) VALUES ( '51999', 'http://www.gutenberg.org/ebooks/51999.epub.images', 'application/epub+zip' );
INSERT INTO files ( gid, file, mime ) VALUES ( '51999', 'http://www.gutenberg.org/ebooks/51999.epub.noimages', 'application/epub+zip' );
INSERT INTO files ( gid, file, mime ) VALUES ( '51999', 'http://www.gutenberg.org/ebooks/51999.kindle.images', 'application/x-mobipocket-ebook' );
INSERT INTO files ( gid, file, mime ) VALUES ( '51999', 'http://www.gutenberg.org/ebooks/51999.kindle.noimages', 'application/x-mobipocket-ebook' );
INSERT INTO files ( gid, file, mime ) VALUES ( '51999', 'http://www.gutenberg.org/ebooks/51999.rdf', 'application/rdf+xml' );
INSERT INTO files ( gid, file, mime ) VALUES ( '51999', 'http://www.gutenberg.org/files/51999/51999-0.txt', 'text/plain; charset=utf-8' );
INSERT INTO files ( gid, file, mime ) VALUES ( '51999', 'http://www.gutenberg.org/files/51999/51999-0.zip', 'text/plain; charset=utf-8application/zip' );
INSERT INTO files ( gid, file, mime ) VALUES ( '51999', 'http://www.gutenberg.org/files/51999/51999-h.zip', 'application/ziptext/html' );
INSERT INTO files ( gid, file, mime ) VALUES ( '51999', 'http://www.gutenberg.org/files/51999/51999-h/51999-h.htm', 'text/html' );
INSERT INTO titles ( gid, title, author, language, rights ) VALUES ( '11999', 'The Servant in the House', 'Kennedy, Charles Rann', 'en', 'Public domain in the USA.' );
INSERT INTO classifications ( gid, classification ) VALUES ( '11999', 'PS' );
INSERT INTO subjects ( gid, subject ) VALUES ( '11999', 'American drama -- 20th century' );
INSERT INTO files ( gid, file, mime ) VALUES ( '11999', 'http://www.gutenberg.org/ebooks/11999.epub.images', 'application/epub+zip' );
INSERT INTO files ( gid, file, mime ) VALUES ( '11999', 'http://www.gutenberg.org/ebooks/11999.epub.noimages', 'application/epub+zip' );
INSERT INTO files ( gid, file, mime ) VALUES ( '11999', 'http://www.gutenberg.org/ebooks/11999.html.images', 'text/html' );
INSERT INTO files ( gid, file, mime ) VALUES ( '11999', 'http://www.gutenberg.org/ebooks/11999.html.noimages', 'text/html' );
INSERT INTO files ( gid, file, mime ) VALUES ( '11999', 'http://www.gutenberg.org/ebooks/11999.kindle.images', 'application/x-mobipocket-ebook' );
INSERT INTO files ( gid, file, mime ) VALUES ( '11999', 'http://www.gutenberg.org/ebooks/11999.kindle.noimages', 'application/x-mobipocket-ebook' );
INSERT INTO files ( gid, file, mime ) VALUES ( '11999', 'http://www.gutenberg.org/ebooks/11999.rdf', 'application/rdf+xml' );
INSERT INTO files ( gid, file, mime ) VALUES ( '11999', 'http://www.gutenberg.org/ebooks/11999.txt.utf-8', 'text/plain' );
INSERT INTO files ( gid, file, mime ) VALUES ( '11999', 'http://www.gutenberg.org/files/11999/11999.txt', 'text/plain; charset=us-ascii' );
INSERT INTO files ( gid, file, mime ) VALUES ( '11999', 'http://www.gutenberg.org/files/11999/11999.zip', 'application/ziptext/plain' );
INSERT INTO titles ( gid, title, author, language, rights ) VALUES ( '52999', 'Lihan evankeliumi: Moraalin arvostelua', 'Hahl, M.', 'fi', 'Public domain in the USA.' );
INSERT INTO classifications ( gid, classification ) VALUES ( '52999', 'HN' );
INSERT INTO subjects ( gid, subject ) VALUES ( '52999', 'Social history -- 20th century' );
INSERT INTO subjects ( gid, subject ) VALUES ( '52999', 'Socialism -- Philosophy' );
INSERT INTO subjects ( gid, subject ) VALUES ( '52999', 'Evolution -- Moral and ethical aspects' );
INSERT INTO subjects ( gid, subject ) VALUES ( '52999', 'Evolution -- Philosophy' );
INSERT INTO files ( gid, file, mime ) VALUES ( '52999', 'http://www.gutenberg.org/ebooks/52999.epub.images', 'application/epub+zip' );
INSERT INTO files ( gid, file, mime ) VALUES ( '52999', 'http://www.gutenberg.org/ebooks/52999.epub.noimages', 'application/epub+zip' );
INSERT INTO files ( gid, file, mime ) VALUES ( '52999', 'http://www.gutenberg.org/ebooks/52999.html.images', 'text/html' );
INSERT INTO files ( gid, file, mime ) VALUES ( '52999', 'http://www.gutenberg.org/ebooks/52999.html.noimages', 'text/html' );
INSERT INTO files ( gid, file, mime ) VALUES ( '52999', 'http://www.gutenberg.org/ebooks/52999.kindle.images', 'application/x-mobipocket-ebook' );
INSERT INTO files ( gid, file, mime ) VALUES ( '52999', 'http://www.gutenberg.org/ebooks/52999.kindle.noimages', 'application/x-mobipocket-ebook' );
INSERT INTO files ( gid, file, mime ) VALUES ( '52999', 'http://www.gutenberg.org/ebooks/52999.rdf', 'application/rdf+xml' );
INSERT INTO files ( gid, file, mime ) VALUES ( '52999', 'http://www.gutenberg.org/ebooks/52999.txt.utf-8', 'text/plain' );
INSERT INTO files ( gid, file, mime ) VALUES ( '52999', 'http://www.gutenberg.org/files/52999/52999-8.txt', 'text/plain; charset=iso-8859-1' );
INSERT INTO files ( gid, file, mime ) VALUES ( '52999', 'http://www.gutenberg.org/files/52999/52999-8.zip', 'application/ziptext/plain; charset=iso-8859-1' );
INSERT INTO titles ( gid, title, author, language, rights ) VALUES ( '53999', 'Kotoisten rantojen ikuinen kohina', 'Kianto, Ilmari', 'fi', 'Public domain in the USA.' );
INSERT INTO classifications ( gid, classification ) VALUES ( '53999', 'PH' );
INSERT INTO subjects ( gid, subject ) VALUES ( '53999', 'Finnish fiction -- 20th century' );
INSERT INTO files ( gid, file, mime ) VALUES ( '53999', 'http://www.gutenberg.org/ebooks/53999.epub.images', 'application/epub+zip' );
INSERT INTO files ( gid, file, mime ) VALUES ( '53999', 'http://www.gutenberg.org/ebooks/53999.epub.noimages', 'application/epub+zip' );
INSERT INTO files ( gid, file, mime ) VALUES ( '53999', 'http://www.gutenberg.org/ebooks/53999.html.images', 'text/html' );
INSERT INTO files ( gid, file, mime ) VALUES ( '53999', 'http://www.gutenberg.org/ebooks/53999.html.noimages', 'text/html' );
INSERT INTO files ( gid, file, mime ) VALUES ( '53999', 'http://www.gutenberg.org/ebooks/53999.kindle.images', 'application/x-mobipocket-ebook' );
INSERT INTO files ( gid, file, mime ) VALUES ( '53999', 'http://www.gutenberg.org/ebooks/53999.kindle.noimages', 'application/x-mobipocket-ebook' );
INSERT INTO files ( gid, file, mime ) VALUES ( '53999', 'http://www.gutenberg.org/ebooks/53999.rdf', 'application/rdf+xml' );
INSERT INTO files ( gid, file, mime ) VALUES ( '53999', 'http://www.gutenberg.org/ebooks/53999.txt.utf-8', 'text/plain' );
INSERT INTO files ( gid, file, mime ) VALUES ( '53999', 'http://www.gutenberg.org/files/53999/53999-8.txt', 'text/plain; charset=iso-8859-1' );
INSERT INTO files ( gid, file, mime ) VALUES ( '53999', 'http://www.gutenberg.org/files/53999/53999-8.zip', 'text/plain; charset=iso-8859-1application/zip' );
INSERT INTO titles ( gid, title, author, language, rights ) VALUES ( '54999', 'Music and Its Masters', 'Boise, O. B. (Otis Bardwell)', 'en', 'Public domain in the USA.' );
INSERT INTO classifications ( gid, classification ) VALUES ( '54999', 'ML' );
INSERT INTO subjects ( gid, subject ) VALUES ( '54999', 'Music' );
INSERT INTO subjects ( gid, subject ) VALUES ( '54999', 'Musicians' );
INSERT INTO files ( gid, file, mime ) VALUES ( '54999', 'http://www.gutenberg.org/cache/epub/54999/pg54999.cover.medium.jpg', 'image/jpeg' );
INSERT INTO files ( gid, file, mime ) VALUES ( '54999', 'http://www.gutenberg.org/cache/epub/54999/pg54999.cover.small.jpg', 'image/jpeg' );
INSERT INTO files ( gid, file, mime ) VALUES ( '54999', 'http://www.gutenberg.org/ebooks/54999.epub.images', 'application/epub+zip' );
INSERT INTO files ( gid, file, mime ) VALUES ( '54999', 'http://www.gutenberg.org/ebooks/54999.epub.noimages', 'application/epub+zip' );
INSERT INTO files ( gid, file, mime ) VALUES ( '54999', 'http://www.gutenberg.org/ebooks/54999.kindle.images', 'application/x-mobipocket-ebook' );
INSERT INTO files ( gid, file, mime ) VALUES ( '54999', 'http://www.gutenberg.org/ebooks/54999.kindle.noimages', 'application/x-mobipocket-ebook' );
INSERT INTO files ( gid, file, mime ) VALUES ( '54999', 'http://www.gutenberg.org/ebooks/54999.rdf', 'application/rdf+xml' );
INSERT INTO files ( gid, file, mime ) VALUES ( '54999', 'http://www.gutenberg.org/ebooks/54999.txt.utf-8', 'text/plain' );
INSERT INTO files ( gid, file, mime ) VALUES ( '54999', 'http://www.gutenberg.org/files/54999/54999-8.txt', 'text/plain; charset=iso-8859-1' );
INSERT INTO files ( gid, file, mime ) VALUES ( '54999', 'http://www.gutenberg.org/files/54999/54999-8.zip', 'text/plain; charset=iso-8859-1application/zip' );
INSERT INTO files ( gid, file, mime ) VALUES ( '54999', 'http://www.gutenberg.org/files/54999/54999-h.zip', 'application/ziptext/html; charset=iso-8859-1' );
INSERT INTO files ( gid, file, mime ) VALUES ( '54999', 'http://www.gutenberg.org/files/54999/54999-h/54999-h.htm', 'text/html; charset=iso-8859-1' );
INSERT INTO titles ( gid, title, author, language, rights ) VALUES ( '12999', 'Le Côté de Guermantes - Deuxième partie', 'Proust, Marcel', 'fr', 'Public domain in the USA.' );
INSERT INTO classifications ( gid, classification ) VALUES ( '12999', 'PQ' );
INSERT INTO subjects ( gid, subject ) VALUES ( '12999', 'France -- Social life and customs -- Fiction' );
INSERT INTO subjects ( gid, subject ) VALUES ( '12999', 'Autobiographical fiction' );
INSERT INTO files ( gid, file, mime ) VALUES ( '12999', 'http://www.gutenberg.org/ebooks/12999.epub.images', 'application/epub+zip' );
INSERT INTO files ( gid, file, mime ) VALUES ( '12999', 'http://www.gutenberg.org/ebooks/12999.epub.noimages', 'application/epub+zip' );
INSERT INTO files ( gid, file, mime ) VALUES ( '12999', 'http://www.gutenberg.org/ebooks/12999.kindle.images', 'application/x-mobipocket-ebook' );
INSERT INTO files ( gid, file, mime ) VALUES ( '12999', 'http://www.gutenberg.org/ebooks/12999.kindle.noimages', 'application/x-mobipocket-ebook' );
INSERT INTO files ( gid, file, mime ) VALUES ( '12999', 'http://www.gutenberg.org/ebooks/12999.rdf', 'application/rdf+xml' );
INSERT INTO files ( gid, file, mime ) VALUES ( '12999', 'http://www.gutenberg.org/ebooks/12999.txt.utf-8', 'text/plain' );
INSERT INTO files ( gid, file, mime ) VALUES ( '12999', 'http://www.gutenberg.org/files/12999/12999-8.txt', 'text/plain; charset=iso-8859-1' );
INSERT INTO files ( gid, file, mime ) VALUES ( '12999', 'http://www.gutenberg.org/files/12999/12999-8.zip', 'text/plain; charset=iso-8859-1application/zip' );
INSERT INTO files ( gid, file, mime ) VALUES ( '12999', 'http://www.gutenberg.org/files/12999/12999-h.zip', 'text/html; charset=iso-8859-1application/zip' );
INSERT INTO files ( gid, file, mime ) VALUES ( '12999', 'http://www.gutenberg.org/files/12999/12999-h/12999-h.htm', 'text/html; charset=iso-8859-1' );
INSERT INTO files ( gid, file, mime ) VALUES ( '12999', 'http://www.gutenberg.org/files/12999/12999.txt', 'text/plain; charset=us-ascii' );
INSERT INTO files ( gid, file, mime ) VALUES ( '12999', 'http://www.gutenberg.org/files/12999/12999.zip', 'application/ziptext/plain; charset=us-ascii' );
INSERT INTO titles ( gid, title, author, language, rights ) VALUES ( '55999', 'Die schöpferische Pause', 'Klatt, Fritz', 'de', 'Public domain in the USA.' );
INSERT INTO classifications ( gid, classification ) VALUES ( '55999', 'LB' );
INSERT INTO subjects ( gid, subject ) VALUES ( '55999', 'Human beings -- Constitution' );
INSERT INTO subjects ( gid, subject ) VALUES ( '55999', 'Educational psychology' );
INSERT INTO subjects ( gid, subject ) VALUES ( '55999', 'Education' );
INSERT INTO files ( gid, file, mime ) VALUES ( '55999', 'http://www.gutenberg.org/cache/epub/55999/pg55999.cover.medium.jpg', 'image/jpeg' );
INSERT INTO files ( gid, file, mime ) VALUES ( '55999', 'http://www.gutenberg.org/cache/epub/55999/pg55999.cover.small.jpg', 'image/jpeg' );
INSERT INTO files ( gid, file, mime ) VALUES ( '55999', 'http://www.gutenberg.org/ebooks/55999.epub.images', 'application/epub+zip' );
INSERT INTO files ( gid, file, mime ) VALUES ( '55999', 'http://www.gutenberg.org/ebooks/55999.epub.noimages', 'application/epub+zip' );
INSERT INTO files ( gid, file, mime ) VALUES ( '55999', 'http://www.gutenberg.org/ebooks/55999.kindle.images', 'application/x-mobipocket-ebook' );
INSERT INTO files ( gid, file, mime ) VALUES ( '55999', 'http://www.gutenberg.org/ebooks/55999.kindle.noimages', 'application/x-mobipocket-ebook' );
INSERT INTO files ( gid, file, mime ) VALUES ( '55999', 'http://www.gutenberg.org/ebooks/55999.rdf', 'application/rdf+xml' );
INSERT INTO files ( gid, file, mime ) VALUES ( '55999', 'http://www.gutenberg.org/files/55999/55999-0.txt', 'text/plain; charset=utf-8' );
INSERT INTO files ( gid, file, mime ) VALUES ( '55999', 'http://www.gutenberg.org/files/55999/55999-0.zip', 'application/ziptext/plain; charset=utf-8' );
INSERT INTO files ( gid, file, mime ) VALUES ( '55999', 'http://www.gutenberg.org/files/55999/55999-h.zip', 'text/html; charset=utf-8application/zip' );
INSERT INTO files ( gid, file, mime ) VALUES ( '55999', 'http://www.gutenberg.org/files/55999/55999-h/55999-h.htm', 'text/html; charset=utf-8' );
INSERT INTO titles ( gid, title, author, language, rights ) VALUES ( '13999', 'Auvergne De Aarde en haar Volken, 1906', 'Bosch, G.', 'nl', 'Public domain in the USA.' );
INSERT INTO classifications ( gid, classification ) VALUES ( '13999', 'DC' );
INSERT INTO subjects ( gid, subject ) VALUES ( '13999', 'Auvergne (France) -- Description and travel' );
INSERT INTO files ( gid, file, mime ) VALUES ( '13999', 'http://www.gutenberg.org/ebooks/13999.epub.images', 'application/epub+zip' );
INSERT INTO files ( gid, file, mime ) VALUES ( '13999', 'http://www.gutenberg.org/ebooks/13999.epub.noimages', 'application/epub+zip' );
INSERT INTO files ( gid, file, mime ) VALUES ( '13999', 'http://www.gutenberg.org/ebooks/13999.kindle.images', 'application/x-mobipocket-ebook' );
INSERT INTO files ( gid, file, mime ) VALUES ( '13999', 'http://www.gutenberg.org/ebooks/13999.kindle.noimages', 'application/x-mobipocket-ebook' );
INSERT INTO files ( gid, file, mime ) VALUES ( '13999', 'http://www.gutenberg.org/ebooks/13999.rdf', 'application/rdf+xml' );
INSERT INTO files ( gid, file, mime ) VALUES ( '13999', 'http://www.gutenberg.org/ebooks/13999.txt.utf-8', 'text/plain' );
INSERT INTO files ( gid, file, mime ) VALUES ( '13999', 'http://www.gutenberg.org/files/13999/13999-8.txt', 'text/plain; charset=iso-8859-1' );
INSERT INTO files ( gid, file, mime ) VALUES ( '13999', 'http://www.gutenberg.org/files/13999/13999-8.zip', 'application/ziptext/plain; charset=iso-8859-1' );
INSERT INTO files ( gid, file, mime ) VALUES ( '13999', 'http://www.gutenberg.org/files/13999/13999-h.zip', 'text/html; charset=iso-8859-1application/zip' );
INSERT INTO files ( gid, file, mime ) VALUES ( '13999', 'http://www.gutenberg.org/files/13999/13999-h/13999-h.htm', 'text/html; charset=iso-8859-1' );
INSERT INTO files ( gid, file, mime ) VALUES ( '13999', 'http://www.gutenberg.org/files/13999/13999.txt', 'text/plain; charset=us-ascii' );
INSERT INTO files ( gid, file, mime ) VALUES ( '13999', 'http://www.gutenberg.org/files/13999/13999.zip', 'application/ziptext/plain; charset=us-ascii' );
INSERT INTO titles ( gid, title, author, language, rights ) VALUES ( '56999', 'Jack Chanty: A Story of Athabasca', 'Footner, Hulbert', 'en', 'Public domain in the USA.' );
INSERT INTO classifications ( gid, classification ) VALUES ( '56999', 'PS' );
INSERT INTO subjects ( gid, subject ) VALUES ( '56999', 'Northwest Territories -- Fiction' );
INSERT INTO subjects ( gid, subject ) VALUES ( '56999', 'Canadian fiction -- 20th century' );
INSERT INTO files ( gid, file, mime ) VALUES ( '56999', 'http://www.gutenberg.org/cache/epub/56999/pg56999.cover.medium.jpg', 'image/jpeg' );
INSERT INTO files ( gid, file, mime ) VALUES ( '56999', 'http://www.gutenberg.org/cache/epub/56999/pg56999.cover.small.jpg', 'image/jpeg' );
INSERT INTO files ( gid, file, mime ) VALUES ( '56999', 'http://www.gutenberg.org/ebooks/56999.epub.images', 'application/epub+zip' );
INSERT INTO files ( gid, file, mime ) VALUES ( '56999', 'http://www.gutenberg.org/ebooks/56999.epub.noimages', 'application/epub+zip' );
INSERT INTO files ( gid, file, mime ) VALUES ( '56999', 'http://www.gutenberg.org/ebooks/56999.kindle.images', 'application/x-mobipocket-ebook' );
INSERT INTO files ( gid, file, mime ) VALUES ( '56999', 'http://www.gutenberg.org/ebooks/56999.kindle.noimages', 'application/x-mobipocket-ebook' );
INSERT INTO files ( gid, file, mime ) VALUES ( '56999', 'http://www.gutenberg.org/ebooks/56999.rdf', 'application/rdf+xml' );
INSERT INTO files ( gid, file, mime ) VALUES ( '56999', 'http://www.gutenberg.org/ebooks/56999.txt.utf-8', 'text/plain' );
INSERT INTO files ( gid, file, mime ) VALUES ( '56999', 'http://www.gutenberg.org/files/56999/56999-8.txt', 'text/plain; charset=iso-8859-1' );
INSERT INTO files ( gid, file, mime ) VALUES ( '56999', 'http://www.gutenberg.org/files/56999/56999-8.zip', 'text/plain; charset=iso-8859-1application/zip' );
INSERT INTO files ( gid, file, mime ) VALUES ( '56999', 'http://www.gutenberg.org/files/56999/56999-h.zip', 'application/ziptext/html; charset=iso-8859-1' );
INSERT INTO files ( gid, file, mime ) VALUES ( '56999', 'http://www.gutenberg.org/files/56999/56999-h/56999-h.htm', 'text/html; charset=iso-8859-1' );
INSERT INTO titles ( gid, title, author, language, rights ) VALUES ( '14999', 'A Briefe Introduction to Geography', 'Pemble, William', 'en', 'Public domain in the USA.' );
INSERT INTO classifications ( gid, classification ) VALUES ( '14999', 'GB' );
INSERT INTO subjects ( gid, subject ) VALUES ( '14999', 'Geography -- Early works to 1800' );
INSERT INTO files ( gid, file, mime ) VALUES ( '14999', 'http://www.gutenberg.org/ebooks/14999.epub.images', 'application/epub+zip' );
INSERT INTO files ( gid, file, mime ) VALUES ( '14999', 'http://www.gutenberg.org/ebooks/14999.epub.noimages', 'application/epub+zip' );
INSERT INTO files ( gid, file, mime ) VALUES ( '14999', 'http://www.gutenberg.org/ebooks/14999.kindle.images', 'application/x-mobipocket-ebook' );
INSERT INTO files ( gid, file, mime ) VALUES ( '14999', 'http://www.gutenberg.org/ebooks/14999.kindle.noimages', 'application/x-mobipocket-ebook' );
INSERT INTO files ( gid, file, mime ) VALUES ( '14999', 'http://www.gutenberg.org/ebooks/14999.rdf', 'application/rdf+xml' );
INSERT INTO files ( gid, file, mime ) VALUES ( '14999', 'http://www.gutenberg.org/ebooks/14999.txt.utf-8', 'text/plain' );
INSERT INTO files ( gid, file, mime ) VALUES ( '14999', 'http://www.gutenberg.org/files/14999/14999-8.txt', 'text/plain; charset=iso-8859-1' );
INSERT INTO files ( gid, file, mime ) VALUES ( '14999', 'http://www.gutenberg.org/files/14999/14999-8.zip', 'application/ziptext/plain; charset=iso-8859-1' );
INSERT INTO files ( gid, file, mime ) VALUES ( '14999', 'http://www.gutenberg.org/files/14999/14999-h.zip', 'text/html; charset=iso-8859-1application/zip' );
INSERT INTO files ( gid, file, mime ) VALUES ( '14999', 'http://www.gutenberg.org/files/14999/14999-h/14999-h.htm', 'text/html; charset=iso-8859-1' );
INSERT INTO files ( gid, file, mime ) VALUES ( '14999', 'http://www.gutenberg.org/files/14999/14999.txt', 'text/plain; charset=us-ascii' );
INSERT INTO files ( gid, file, mime ) VALUES ( '14999', 'http://www.gutenberg.org/files/14999/14999.zip', 'application/ziptext/plain; charset=us-ascii' );
INSERT INTO titles ( gid, title, author, language, rights ) VALUES ( '15999', 'The Theater (1720)', 'Falstaffe, John, Sir', 'en', 'Public domain in the USA.' );
INSERT INTO classifications ( gid, classification ) VALUES ( '15999', 'PR' );
INSERT INTO subjects ( gid, subject ) VALUES ( '15999', 'Theater -- Great Britain -- History' );
INSERT INTO subjects ( gid, subject ) VALUES ( '15999', 'English periodicals -- History' );
INSERT INTO subjects ( gid, subject ) VALUES ( '15999', 'Theater -- Periodicals' );
INSERT INTO files ( gid, file, mime ) VALUES ( '15999', 'http://www.gutenberg.org/ebooks/15999.epub.images', 'application/epub+zip' );
INSERT INTO files ( gid, file, mime ) VALUES ( '15999', 'http://www.gutenberg.org/ebooks/15999.epub.noimages', 'application/epub+zip' );
INSERT INTO files ( gid, file, mime ) VALUES ( '15999', 'http://www.gutenberg.org/ebooks/15999.html.images', 'text/html' );
INSERT INTO files ( gid, file, mime ) VALUES ( '15999', 'http://www.gutenberg.org/ebooks/15999.html.noimages', 'text/html' );
INSERT INTO files ( gid, file, mime ) VALUES ( '15999', 'http://www.gutenberg.org/ebooks/15999.kindle.images', 'application/x-mobipocket-ebook' );
INSERT INTO files ( gid, file, mime ) VALUES ( '15999', 'http://www.gutenberg.org/ebooks/15999.kindle.noimages', 'application/x-mobipocket-ebook' );
INSERT INTO files ( gid, file, mime ) VALUES ( '15999', 'http://www.gutenberg.org/ebooks/15999.rdf', 'application/rdf+xml' );
INSERT INTO files ( gid, file, mime ) VALUES ( '15999', 'http://www.gutenberg.org/ebooks/15999.txt.utf-8', 'text/plain' );
INSERT INTO files ( gid, file, mime ) VALUES ( '15999', 'http://www.gutenberg.org/files/15999/15999-8.txt', 'text/plain; charset=iso-8859-1' );
INSERT INTO files ( gid, file, mime ) VALUES ( '15999', 'http://www.gutenberg.org/files/15999/15999-8.zip', 'text/plain; charset=iso-8859-1application/zip' );
INSERT INTO files ( gid, file, mime ) VALUES ( '15999', 'http://www.gutenberg.org/files/15999/15999.txt', 'text/plain; charset=us-ascii' );
INSERT INTO files ( gid, file, mime ) VALUES ( '15999', 'http://www.gutenberg.org/files/15999/15999.zip', 'text/plain; charset=us-asciiapplication/zip' );
INSERT INTO titles ( gid, title, author, language, rights ) VALUES ( '57999', 'The Tragedies of Seneca Translated into English Verse, to Which Have Been Appended Comparative Analyses of the Corresponding Greek and Roman Plays, and a Mythological Index', 'Seneca, Lucius Annaeus', 'en', 'Public domain in the USA.' );
INSERT INTO classifications ( gid, classification ) VALUES ( '57999', 'PA' );
INSERT INTO subjects ( gid, subject ) VALUES ( '57999', 'Seneca, Lucius Annaeus, approximately 4 B.C.-65 A.D. -- Translations into English' );
INSERT INTO subjects ( gid, subject ) VALUES ( '57999', 'Mythology, Classical -- Drama' );
INSERT INTO files ( gid, file, mime ) VALUES ( '57999', 'http://www.gutenberg.org/cache/epub/57999/pg57999.cover.medium.jpg', 'image/jpeg' );
INSERT INTO files ( gid, file, mime ) VALUES ( '57999', 'http://www.gutenberg.org/cache/epub/57999/pg57999.cover.small.jpg', 'image/jpeg' );
INSERT INTO files ( gid, file, mime ) VALUES ( '57999', 'http://www.gutenberg.org/ebooks/57999.epub.images', 'application/epub+zip' );
INSERT INTO files ( gid, file, mime ) VALUES ( '57999', 'http://www.gutenberg.org/ebooks/57999.epub.noimages', 'application/epub+zip' );
INSERT INTO files ( gid, file, mime ) VALUES ( '57999', 'http://www.gutenberg.org/ebooks/57999.kindle.images', 'application/x-mobipocket-ebook' );
INSERT INTO files ( gid, file, mime ) VALUES ( '57999', 'http://www.gutenberg.org/ebooks/57999.kindle.noimages', 'application/x-mobipocket-ebook' );
INSERT INTO files ( gid, file, mime ) VALUES ( '57999', 'http://www.gutenberg.org/ebooks/57999.rdf', 'application/rdf+xml' );
INSERT INTO files ( gid, file, mime ) VALUES ( '57999', 'http://www.gutenberg.org/files/57999/57999-0.txt', 'text/plain; charset=utf-8' );
INSERT INTO files ( gid, file, mime ) VALUES ( '57999', 'http://www.gutenberg.org/files/57999/57999-0.zip', 'application/ziptext/plain; charset=utf-8' );
INSERT INTO files ( gid, file, mime ) VALUES ( '57999', 'http://www.gutenberg.org/files/57999/57999-h.zip', 'application/ziptext/html' );
INSERT INTO files ( gid, file, mime ) VALUES ( '57999', 'http://www.gutenberg.org/files/57999/57999-h/57999-h.htm', 'text/html' );
INSERT INTO titles ( gid, title, author, language, rights ) VALUES ( '58999', 'Arkielämää', 'Beskow, Elisabeth Maria', 'fi', 'Public domain in the USA.' );
INSERT INTO classifications ( gid, classification ) VALUES ( '58999', 'PT' );
INSERT INTO subjects ( gid, subject ) VALUES ( '58999', 'Swedish fiction -- Translations into Finnish' );
INSERT INTO files ( gid, file, mime ) VALUES ( '58999', 'http://www.gutenberg.org/ebooks/58999.epub.images', 'application/epub+zip' );
INSERT INTO files ( gid, file, mime ) VALUES ( '58999', 'http://www.gutenberg.org/ebooks/58999.epub.noimages', 'application/epub+zip' );
INSERT INTO files ( gid, file, mime ) VALUES ( '58999', 'http://www.gutenberg.org/ebooks/58999.html.images', 'text/html' );
INSERT INTO files ( gid, file, mime ) VALUES ( '58999', 'http://www.gutenberg.org/ebooks/58999.html.noimages', 'text/html' );
INSERT INTO files ( gid, file, mime ) VALUES ( '58999', 'http://www.gutenberg.org/ebooks/58999.kindle.images', 'application/x-mobipocket-ebook' );
INSERT INTO files ( gid, file, mime ) VALUES ( '58999', 'http://www.gutenberg.org/ebooks/58999.kindle.noimages', 'application/x-mobipocket-ebook' );
INSERT INTO files ( gid, file, mime ) VALUES ( '58999', 'http://www.gutenberg.org/ebooks/58999.rdf', 'application/rdf+xml' );
INSERT INTO files ( gid, file, mime ) VALUES ( '58999', 'http://www.gutenberg.org/ebooks/58999.txt.utf-8', 'text/plain' );
INSERT INTO files ( gid, file, mime ) VALUES ( '58999', 'http://www.gutenberg.org/files/58999/58999-8.txt', 'text/plain; charset=iso-8859-1' );
INSERT INTO files ( gid, file, mime ) VALUES ( '58999', 'http://www.gutenberg.org/files/58999/58999-8.zip', 'text/plain; charset=iso-8859-1application/zip' );
INSERT INTO titles ( gid, title, author, language, rights ) VALUES ( '16999', 'Servia, Youngest Member of the European Family or, A Residence in Belgrade and Travels in the Highlands and Woodlands of the Interior, during the years 1843 and 1844.', 'Paton, A. A. (Andrew Archibald)', 'en', 'Public domain in the USA.' );
INSERT INTO classifications ( gid, classification ) VALUES ( '16999', 'DR' );
INSERT INTO subjects ( gid, subject ) VALUES ( '16999', 'Serbia -- Description and travel' );
INSERT INTO files ( gid, file, mime ) VALUES ( '16999', 'http://www.gutenberg.org/ebooks/16999.epub.images', 'application/epub+zip' );
INSERT INTO files ( gid, file, mime ) VALUES ( '16999', 'http://www.gutenberg.org/ebooks/16999.epub.noimages', 'application/epub+zip' );
INSERT INTO files ( gid, file, mime ) VALUES ( '16999', 'http://www.gutenberg.org/ebooks/16999.kindle.images', 'application/x-mobipocket-ebook' );
INSERT INTO files ( gid, file, mime ) VALUES ( '16999', 'http://www.gutenberg.org/ebooks/16999.kindle.noimages', 'application/x-mobipocket-ebook' );
INSERT INTO files ( gid, file, mime ) VALUES ( '16999', 'http://www.gutenberg.org/ebooks/16999.rdf', 'application/rdf+xml' );
INSERT INTO files ( gid, file, mime ) VALUES ( '16999', 'http://www.gutenberg.org/ebooks/16999.txt.utf-8', 'text/plain' );
INSERT INTO files ( gid, file, mime ) VALUES ( '16999', 'http://www.gutenberg.org/files/16999/16999-8.txt', 'text/plain; charset=iso-8859-1' );
INSERT INTO files ( gid, file, mime ) VALUES ( '16999', 'http://www.gutenberg.org/files/16999/16999-8.zip', 'text/plain; charset=iso-8859-1application/zip' );
INSERT INTO files ( gid, file, mime ) VALUES ( '16999', 'http://www.gutenberg.org/files/16999/16999-h.zip', 'application/ziptext/html; charset=iso-8859-1' );
INSERT INTO files ( gid, file, mime ) VALUES ( '16999', 'http://www.gutenberg.org/files/16999/16999-h/16999-h.htm', 'text/html; charset=iso-8859-1' );
INSERT INTO files ( gid, file, mime ) VALUES ( '16999', 'http://www.gutenberg.org/files/16999/16999.txt', 'text/plain; charset=us-ascii' );
INSERT INTO files ( gid, file, mime ) VALUES ( '16999', 'http://www.gutenberg.org/files/16999/16999.zip', 'application/ziptext/plain; charset=us-ascii' );
INSERT INTO titles ( gid, title, author, language, rights ) VALUES ( '17999', 'The Chief Legatee', 'Green, Anna Katharine', 'en', 'Public domain in the USA.' );
INSERT INTO classifications ( gid, classification ) VALUES ( '17999', 'PS' );
INSERT INTO subjects ( gid, subject ) VALUES ( '17999', 'Inheritance and succession -- Fiction' );
INSERT INTO subjects ( gid, subject ) VALUES ( '17999', 'Detective and mystery stories' );
INSERT INTO files ( gid, file, mime ) VALUES ( '17999', 'http://www.gutenberg.org/cache/epub/17999/pg17999.cover.medium.jpg', 'image/jpeg' );
INSERT INTO files ( gid, file, mime ) VALUES ( '17999', 'http://www.gutenberg.org/cache/epub/17999/pg17999.cover.small.jpg', 'image/jpeg' );
INSERT INTO files ( gid, file, mime ) VALUES ( '17999', 'http://www.gutenberg.org/ebooks/17999.epub.images', 'application/epub+zip' );
INSERT INTO files ( gid, file, mime ) VALUES ( '17999', 'http://www.gutenberg.org/ebooks/17999.epub.noimages', 'application/epub+zip' );
INSERT INTO files ( gid, file, mime ) VALUES ( '17999', 'http://www.gutenberg.org/ebooks/17999.kindle.images', 'application/x-mobipocket-ebook' );
INSERT INTO files ( gid, file, mime ) VALUES ( '17999', 'http://www.gutenberg.org/ebooks/17999.kindle.noimages', 'application/x-mobipocket-ebook' );
INSERT INTO files ( gid, file, mime ) VALUES ( '17999', 'http://www.gutenberg.org/ebooks/17999.rdf', 'application/rdf+xml' );
INSERT INTO files ( gid, file, mime ) VALUES ( '17999', 'http://www.gutenberg.org/ebooks/17999.txt.utf-8', 'text/plain' );
INSERT INTO files ( gid, file, mime ) VALUES ( '17999', 'http://www.gutenberg.org/files/17999/17999-8.txt', 'text/plain; charset=iso-8859-1' );
INSERT INTO files ( gid, file, mime ) VALUES ( '17999', 'http://www.gutenberg.org/files/17999/17999-8.zip', 'application/ziptext/plain; charset=iso-8859-1' );
INSERT INTO files ( gid, file, mime ) VALUES ( '17999', 'http://www.gutenberg.org/files/17999/17999-h.zip', 'text/html; charset=iso-8859-1application/zip' );
INSERT INTO files ( gid, file, mime ) VALUES ( '17999', 'http://www.gutenberg.org/files/17999/17999-h/17999-h.htm', 'text/html; charset=iso-8859-1' );
INSERT INTO files ( gid, file, mime ) VALUES ( '17999', 'http://www.gutenberg.org/files/17999/17999.txt', 'text/plain; charset=us-ascii' );
INSERT INTO files ( gid, file, mime ) VALUES ( '17999', 'http://www.gutenberg.org/files/17999/17999.zip', 'text/plain; charset=us-asciiapplication/zip' );
INSERT INTO titles ( gid, title, author, language, rights ) VALUES ( '5999', 'Guy Mannering; or, The Astrologer — Complete', 'Scott, Walter', 'en', 'Public domain in the USA.' );
INSERT INTO classifications ( gid, classification ) VALUES ( '5999', 'PR' );
INSERT INTO subjects ( gid, subject ) VALUES ( '5999', 'Astrologers -- Fiction' );
INSERT INTO subjects ( gid, subject ) VALUES ( '5999', 'Inheritance and succession -- Fiction' );
INSERT INTO subjects ( gid, subject ) VALUES ( '5999', 'Disinheritance -- Fiction' );
INSERT INTO subjects ( gid, subject ) VALUES ( '5999', 'Historical fiction' );
INSERT INTO subjects ( gid, subject ) VALUES ( '5999', 'Scotland -- Fiction' );
INSERT INTO files ( gid, file, mime ) VALUES ( '5999', 'http://www.gutenberg.org/cache/epub/5999/pg5999.cover.medium.jpg', 'image/jpeg' );
INSERT INTO files ( gid, file, mime ) VALUES ( '5999', 'http://www.gutenberg.org/cache/epub/5999/pg5999.cover.small.jpg', 'image/jpeg' );
INSERT INTO files ( gid, file, mime ) VALUES ( '5999', 'http://www.gutenberg.org/ebooks/5999.epub.images', 'application/epub+zip' );
INSERT INTO files ( gid, file, mime ) VALUES ( '5999', 'http://www.gutenberg.org/ebooks/5999.epub.noimages', 'application/epub+zip' );
INSERT INTO files ( gid, file, mime ) VALUES ( '5999', 'http://www.gutenberg.org/ebooks/5999.kindle.images', 'application/x-mobipocket-ebook' );
INSERT INTO files ( gid, file, mime ) VALUES ( '5999', 'http://www.gutenberg.org/ebooks/5999.kindle.noimages', 'application/x-mobipocket-ebook' );
INSERT INTO files ( gid, file, mime ) VALUES ( '5999', 'http://www.gutenberg.org/ebooks/5999.rdf', 'application/rdf+xml' );
INSERT INTO files ( gid, file, mime ) VALUES ( '5999', 'http://www.gutenberg.org/files/5999/5999-0.txt', 'text/plain; charset=utf-8' );
INSERT INTO files ( gid, file, mime ) VALUES ( '5999', 'http://www.gutenberg.org/files/5999/5999-0.zip', 'application/ziptext/plain; charset=utf-8' );
INSERT INTO files ( gid, file, mime ) VALUES ( '5999', 'http://www.gutenberg.org/files/5999/5999-h.zip', 'application/ziptext/html; charset=utf-8' );
INSERT INTO files ( gid, file, mime ) VALUES ( '5999', 'http://www.gutenberg.org/files/5999/5999-h/5999-h.htm', 'text/html; charset=utf-8' );
INSERT INTO files ( gid, file, mime ) VALUES ( '5999', 'http://www.gutenberg.org/files/5999/5999.txt', 'text/plain; charset=us-ascii' );
INSERT INTO files ( gid, file, mime ) VALUES ( '5999', 'http://www.gutenberg.org/files/5999/5999.zip', 'application/ziptext/plain; charset=us-ascii' );
INSERT INTO titles ( gid, title, author, language, rights ) VALUES ( '6999', 'How to Live a Holy Life', 'Orr, Charles Ebert', 'en', 'Public domain in the USA.' );
INSERT INTO classifications ( gid, classification ) VALUES ( '6999', 'BV' );
INSERT INTO subjects ( gid, subject ) VALUES ( '6999', 'Christian life' );
INSERT INTO files ( gid, file, mime ) VALUES ( '6999', 'http://www.gutenberg.org/ebooks/6999.epub.images', 'application/epub+zip' );
INSERT INTO files ( gid, file, mime ) VALUES ( '6999', 'http://www.gutenberg.org/ebooks/6999.epub.noimages', 'application/epub+zip' );
INSERT INTO files ( gid, file, mime ) VALUES ( '6999', 'http://www.gutenberg.org/ebooks/6999.html.images', 'text/html' );
INSERT INTO files ( gid, file, mime ) VALUES ( '6999', 'http://www.gutenberg.org/ebooks/6999.html.noimages', 'text/html' );
INSERT INTO files ( gid, file, mime ) VALUES ( '6999', 'http://www.gutenberg.org/ebooks/6999.kindle.images', 'application/x-mobipocket-ebook' );
INSERT INTO files ( gid, file, mime ) VALUES ( '6999', 'http://www.gutenberg.org/ebooks/6999.kindle.noimages', 'application/x-mobipocket-ebook' );
INSERT INTO files ( gid, file, mime ) VALUES ( '6999', 'http://www.gutenberg.org/ebooks/6999.rdf', 'application/rdf+xml' );
INSERT INTO files ( gid, file, mime ) VALUES ( '6999', 'http://www.gutenberg.org/ebooks/6999.txt.utf-8', 'text/plain' );
INSERT INTO files ( gid, file, mime ) VALUES ( '6999', 'http://www.gutenberg.org/files/6999/6999.txt', 'text/plain; charset=us-ascii' );
INSERT INTO files ( gid, file, mime ) VALUES ( '6999', 'http://www.gutenberg.org/files/6999/6999.zip', 'application/ziptext/plain; charset=us-ascii' );
INSERT INTO titles ( gid, title, author, language, rights ) VALUES ( '18999', 'Chambers''s Edinburgh Journal, No. 440 Volume 17, New Series, June 5, 1852', 'Various', 'en', 'Public domain in the USA.' );
INSERT INTO classifications ( gid, classification ) VALUES ( '18999', 'AP' );
INSERT INTO subjects ( gid, subject ) VALUES ( '18999', 'Periodicals' );
INSERT INTO files ( gid, file, mime ) VALUES ( '18999', 'http://www.gutenberg.org/ebooks/18999.epub.images', 'application/epub+zip' );
INSERT INTO files ( gid, file, mime ) VALUES ( '18999', 'http://www.gutenberg.org/ebooks/18999.epub.noimages', 'application/epub+zip' );
INSERT INTO files ( gid, file, mime ) VALUES ( '18999', 'http://www.gutenberg.org/ebooks/18999.kindle.images', 'application/x-mobipocket-ebook' );
INSERT INTO files ( gid, file, mime ) VALUES ( '18999', 'http://www.gutenberg.org/ebooks/18999.kindle.noimages', 'application/x-mobipocket-ebook' );
INSERT INTO files ( gid, file, mime ) VALUES ( '18999', 'http://www.gutenberg.org/ebooks/18999.rdf', 'application/rdf+xml' );
INSERT INTO files ( gid, file, mime ) VALUES ( '18999', 'http://www.gutenberg.org/ebooks/18999.txt.utf-8', 'text/plain' );
INSERT INTO files ( gid, file, mime ) VALUES ( '18999', 'http://www.gutenberg.org/files/18999/18999-8.txt', 'text/plain; charset=iso-8859-1' );
INSERT INTO files ( gid, file, mime ) VALUES ( '18999', 'http://www.gutenberg.org/files/18999/18999-8.zip', 'text/plain; charset=iso-8859-1application/zip' );
INSERT INTO files ( gid, file, mime ) VALUES ( '18999', 'http://www.gutenberg.org/files/18999/18999-h.zip', 'application/ziptext/html; charset=iso-8859-1' );
INSERT INTO files ( gid, file, mime ) VALUES ( '18999', 'http://www.gutenberg.org/files/18999/18999-h/18999-h.htm', 'text/html; charset=iso-8859-1' );
INSERT INTO files ( gid, file, mime ) VALUES ( '18999', 'http://www.gutenberg.org/files/18999/18999.txt', 'text/plain; charset=us-ascii' );
INSERT INTO files ( gid, file, mime ) VALUES ( '18999', 'http://www.gutenberg.org/files/18999/18999.zip', 'text/plain; charset=us-asciiapplication/zip' );
INSERT INTO titles ( gid, title, author, language, rights ) VALUES ( '19999', 'The Drummer Boy', 'Trowbridge, J. T. (John Townsend)', 'en', 'Public domain in the USA.' );
INSERT INTO classifications ( gid, classification ) VALUES ( '19999', 'PZ' );
INSERT INTO subjects ( gid, subject ) VALUES ( '19999', 'United States -- History -- Civil War, 1861-1865 -- Juvenile fiction' );
INSERT INTO files ( gid, file, mime ) VALUES ( '19999', 'http://www.gutenberg.org/cache/epub/19999/pg19999.cover.medium.jpg', 'image/jpeg' );
INSERT INTO files ( gid, file, mime ) VALUES ( '19999', 'http://www.gutenberg.org/cache/epub/19999/pg19999.cover.small.jpg', 'image/jpeg' );
INSERT INTO files ( gid, file, mime ) VALUES ( '19999', 'http://www.gutenberg.org/ebooks/19999.epub.images', 'application/epub+zip' );
INSERT INTO files ( gid, file, mime ) VALUES ( '19999', 'http://www.gutenberg.org/ebooks/19999.epub.noimages', 'application/epub+zip' );
INSERT INTO files ( gid, file, mime ) VALUES ( '19999', 'http://www.gutenberg.org/ebooks/19999.kindle.images', 'application/x-mobipocket-ebook' );
INSERT INTO files ( gid, file, mime ) VALUES ( '19999', 'http://www.gutenberg.org/ebooks/19999.kindle.noimages', 'application/x-mobipocket-ebook' );
INSERT INTO files ( gid, file, mime ) VALUES ( '19999', 'http://www.gutenberg.org/ebooks/19999.rdf', 'application/rdf+xml' );
INSERT INTO files ( gid, file, mime ) VALUES ( '19999', 'http://www.gutenberg.org/ebooks/19999.txt.utf-8', 'text/plain' );
INSERT INTO files ( gid, file, mime ) VALUES ( '19999', 'http://www.gutenberg.org/files/19999/19999-8.txt', 'text/plain; charset=iso-8859-1' );
INSERT INTO files ( gid, file, mime ) VALUES ( '19999', 'http://www.gutenberg.org/files/19999/19999-8.zip', 'text/plain; charset=iso-8859-1application/zip' );
INSERT INTO files ( gid, file, mime ) VALUES ( '19999', 'http://www.gutenberg.org/files/19999/19999-h.zip', 'application/ziptext/html; charset=iso-8859-1' );
INSERT INTO files ( gid, file, mime ) VALUES ( '19999', 'http://www.gutenberg.org/files/19999/19999-h/19999-h.htm', 'text/html; charset=iso-8859-1' );
INSERT INTO files ( gid, file, mime ) VALUES ( '19999', 'http://www.gutenberg.org/files/19999/19999.txt', 'text/plain; charset=us-ascii' );
INSERT INTO files ( gid, file, mime ) VALUES ( '19999', 'http://www.gutenberg.org/files/19999/19999.zip', 'application/ziptext/plain; charset=us-ascii' );
INSERT INTO titles ( gid, title, author, language, rights ) VALUES ( '1999', 'Crome Yellow', 'Huxley, Aldous', 'en', 'Public domain in the USA.' );
INSERT INTO classifications ( gid, classification ) VALUES ( '1999', 'PR' );
INSERT INTO subjects ( gid, subject ) VALUES ( '1999', 'Intellectuals -- Fiction' );
INSERT INTO subjects ( gid, subject ) VALUES ( '1999', 'Satire' );
INSERT INTO subjects ( gid, subject ) VALUES ( '1999', 'Country homes -- Fiction' );
INSERT INTO subjects ( gid, subject ) VALUES ( '1999', 'Humorous stories' );
INSERT INTO subjects ( gid, subject ) VALUES ( '1999', 'England -- Fiction' );
INSERT INTO files ( gid, file, mime ) VALUES ( '1999', 'http://www.gutenberg.org/ebooks/1999.epub.images', 'application/epub+zip' );
INSERT INTO files ( gid, file, mime ) VALUES ( '1999', 'http://www.gutenberg.org/ebooks/1999.epub.noimages', 'application/epub+zip' );
INSERT INTO files ( gid, file, mime ) VALUES ( '1999', 'http://www.gutenberg.org/ebooks/1999.kindle.images', 'application/x-mobipocket-ebook' );
INSERT INTO files ( gid, file, mime ) VALUES ( '1999', 'http://www.gutenberg.org/ebooks/1999.kindle.noimages', 'application/x-mobipocket-ebook' );
INSERT INTO files ( gid, file, mime ) VALUES ( '1999', 'http://www.gutenberg.org/ebooks/1999.rdf', 'application/rdf+xml' );
INSERT INTO files ( gid, file, mime ) VALUES ( '1999', 'http://www.gutenberg.org/files/1999/1999-0.txt', 'text/plain; charset=utf-8' );
INSERT INTO files ( gid, file, mime ) VALUES ( '1999', 'http://www.gutenberg.org/files/1999/1999-0.zip', 'text/plain; charset=utf-8application/zip' );
INSERT INTO files ( gid, file, mime ) VALUES ( '1999', 'http://www.gutenberg.org/files/1999/1999-8.txt', 'text/plain; charset=iso-8859-1' );
INSERT INTO files ( gid, file, mime ) VALUES ( '1999', 'http://www.gutenberg.org/files/1999/1999-8.zip', 'text/plain; charset=iso-8859-1application/zip' );
INSERT INTO files ( gid, file, mime ) VALUES ( '1999', 'http://www.gutenberg.org/files/1999/1999-h.zip', 'application/ziptext/html; charset=utf-8' );
INSERT INTO files ( gid, file, mime ) VALUES ( '1999', 'http://www.gutenberg.org/files/1999/1999-h/1999-h.htm', 'text/html; charset=utf-8' );
INSERT INTO files ( gid, file, mime ) VALUES ( '1999', 'http://www.gutenberg.org/files/1999/1999.zip', 'application/ziptext/plain; charset=us-ascii' );
INSERT INTO titles ( gid, title, author, language, rights ) VALUES ( '7999', 'The Bible, King James Version, Complete Contents', 'Anonymous', 'en', 'Public domain in the USA.' );
INSERT INTO classifications ( gid, classification ) VALUES ( '7999', 'BS' );
INSERT INTO subjects ( gid, subject ) VALUES ( '7999', 'Bible' );
INSERT INTO files ( gid, file, mime ) VALUES ( '7999', 'http://www.gutenberg.org/ebooks/7999.epub.images', 'application/epub+zip' );
INSERT INTO files ( gid, file, mime ) VALUES ( '7999', 'http://www.gutenberg.org/ebooks/7999.epub.noimages', 'application/epub+zip' );
INSERT INTO files ( gid, file, mime ) VALUES ( '7999', 'http://www.gutenberg.org/ebooks/7999.kindle.images', 'application/x-mobipocket-ebook' );
INSERT INTO files ( gid, file, mime ) VALUES ( '7999', 'http://www.gutenberg.org/ebooks/7999.kindle.noimages', 'application/x-mobipocket-ebook' );
INSERT INTO files ( gid, file, mime ) VALUES ( '7999', 'http://www.gutenberg.org/ebooks/7999.rdf', 'application/rdf+xml' );
INSERT INTO files ( gid, file, mime ) VALUES ( '7999', 'http://www.gutenberg.org/files/7999/7999-h.zip', 'text/html; charset=us-asciiapplication/zip' );
INSERT INTO files ( gid, file, mime ) VALUES ( '7999', 'http://www.gutenberg.org/files/7999/7999-h/7999-h.htm', 'text/html; charset=us-ascii' );
INSERT INTO titles ( gid, title, author, language, rights ) VALUES ( '20999', 'Á hora do crime phantasia dramatica em 1 acto a proposito do assassinato do General Prim', 'Miranda, Francisco Luís Coutinho de', 'pt', 'Public domain in the USA.' );
INSERT INTO classifications ( gid, classification ) VALUES ( '20999', 'PQ' );
INSERT INTO subjects ( gid, subject ) VALUES ( '20999', 'Drama' );
INSERT INTO files ( gid, file, mime ) VALUES ( '20999', 'http://www.gutenberg.org/ebooks/20999.epub.images', 'application/epub+zip' );
INSERT INTO files ( gid, file, mime ) VALUES ( '20999', 'http://www.gutenberg.org/ebooks/20999.epub.noimages', 'application/epub+zip' );
INSERT INTO files ( gid, file, mime ) VALUES ( '20999', 'http://www.gutenberg.org/ebooks/20999.kindle.images', 'application/x-mobipocket-ebook' );
INSERT INTO files ( gid, file, mime ) VALUES ( '20999', 'http://www.gutenberg.org/ebooks/20999.kindle.noimages', 'application/x-mobipocket-ebook' );
INSERT INTO files ( gid, file, mime ) VALUES ( '20999', 'http://www.gutenberg.org/ebooks/20999.rdf', 'application/rdf+xml' );
INSERT INTO files ( gid, file, mime ) VALUES ( '20999', 'http://www.gutenberg.org/ebooks/20999.txt.utf-8', 'text/plain' );
INSERT INTO files ( gid, file, mime ) VALUES ( '20999', 'http://www.gutenberg.org/files/20999/20999-8.txt', 'text/plain; charset=iso-8859-1' );
INSERT INTO files ( gid, file, mime ) VALUES ( '20999', 'http://www.gutenberg.org/files/20999/20999-8.zip', 'application/ziptext/plain; charset=iso-8859-1' );
INSERT INTO files ( gid, file, mime ) VALUES ( '20999', 'http://www.gutenberg.org/files/20999/20999-h.zip', 'text/html; charset=iso-8859-1application/zip' );
INSERT INTO files ( gid, file, mime ) VALUES ( '20999', 'http://www.gutenberg.org/files/20999/20999-h/20999-h.htm', 'text/html; charset=iso-8859-1' );
INSERT INTO titles ( gid, title, author, language, rights ) VALUES ( '8999', 'Das Kloster bei Sendomir', 'Grillparzer, Franz', 'de', 'Public domain in the USA.' );
INSERT INTO classifications ( gid, classification ) VALUES ( '8999', 'PT' );
INSERT INTO subjects ( gid, subject ) VALUES ( '8999', 'Poland -- Fiction' );
INSERT INTO files ( gid, file, mime ) VALUES ( '8999', 'http://www.gutenberg.org/ebooks/8999.epub.images', 'application/epub+zip' );
INSERT INTO files ( gid, file, mime ) VALUES ( '8999', 'http://www.gutenberg.org/ebooks/8999.epub.noimages', 'application/epub+zip' );
INSERT INTO files ( gid, file, mime ) VALUES ( '8999', 'http://www.gutenberg.org/ebooks/8999.html.images', 'text/html' );
INSERT INTO files ( gid, file, mime ) VALUES ( '8999', 'http://www.gutenberg.org/ebooks/8999.html.noimages', 'text/html' );
INSERT INTO files ( gid, file, mime ) VALUES ( '8999', 'http://www.gutenberg.org/ebooks/8999.kindle.images', 'application/x-mobipocket-ebook' );
INSERT INTO files ( gid, file, mime ) VALUES ( '8999', 'http://www.gutenberg.org/ebooks/8999.kindle.noimages', 'application/x-mobipocket-ebook' );
INSERT INTO files ( gid, file, mime ) VALUES ( '8999', 'http://www.gutenberg.org/ebooks/8999.rdf', 'application/rdf+xml' );
INSERT INTO files ( gid, file, mime ) VALUES ( '8999', 'http://www.gutenberg.org/ebooks/8999.txt.utf-8', 'text/plain' );
INSERT INTO files ( gid, file, mime ) VALUES ( '8999', 'http://www.gutenberg.org/files/8999/8999-8.txt', 'text/plain; charset=iso-8859-1' );
INSERT INTO files ( gid, file, mime ) VALUES ( '8999', 'http://www.gutenberg.org/files/8999/8999-8.zip', 'application/ziptext/plain; charset=iso-8859-1' );
INSERT INTO titles ( gid, title, author, language, rights ) VALUES ( '21999', 'The Wind Bloweth', 'Byrne, Donn', 'en', 'Public domain in the USA.' );
INSERT INTO classifications ( gid, classification ) VALUES ( '21999', 'PR' );
INSERT INTO subjects ( gid, subject ) VALUES ( '21999', 'Fiction' );
INSERT INTO files ( gid, file, mime ) VALUES ( '21999', 'http://www.gutenberg.org/ebooks/21999.epub.images', 'application/epub+zip' );
INSERT INTO files ( gid, file, mime ) VALUES ( '21999', 'http://www.gutenberg.org/ebooks/21999.epub.noimages', 'application/epub+zip' );
INSERT INTO files ( gid, file, mime ) VALUES ( '21999', 'http://www.gutenberg.org/ebooks/21999.kindle.images', 'application/x-mobipocket-ebook' );
INSERT INTO files ( gid, file, mime ) VALUES ( '21999', 'http://www.gutenberg.org/ebooks/21999.kindle.noimages', 'application/x-mobipocket-ebook' );
INSERT INTO files ( gid, file, mime ) VALUES ( '21999', 'http://www.gutenberg.org/ebooks/21999.rdf', 'application/rdf+xml' );
INSERT INTO files ( gid, file, mime ) VALUES ( '21999', 'http://www.gutenberg.org/ebooks/21999.txt.utf-8', 'text/plain' );
INSERT INTO files ( gid, file, mime ) VALUES ( '21999', 'http://www.gutenberg.org/files/21999/21999-8.txt', 'text/plain; charset=iso-8859-1' );
INSERT INTO files ( gid, file, mime ) VALUES ( '21999', 'http://www.gutenberg.org/files/21999/21999-8.zip', 'application/ziptext/plain; charset=iso-8859-1' );
INSERT INTO files ( gid, file, mime ) VALUES ( '21999', 'http://www.gutenberg.org/files/21999/21999-h.zip', 'application/ziptext/html; charset=iso-8859-1' );
INSERT INTO files ( gid, file, mime ) VALUES ( '21999', 'http://www.gutenberg.org/files/21999/21999-h/21999-h.htm', 'text/html; charset=iso-8859-1' );
INSERT INTO files ( gid, file, mime ) VALUES ( '21999', 'http://www.gutenberg.org/files/21999/21999.txt', 'text/plain; charset=us-ascii' );
INSERT INTO files ( gid, file, mime ) VALUES ( '21999', 'http://www.gutenberg.org/files/21999/21999.zip', 'text/plain; charset=us-asciiapplication/zip' );
INSERT INTO titles ( gid, title, author, language, rights ) VALUES ( '22999', 'The Ffolliots of Redmarley', 'Harker, L. Allen (Lizzie Allen)', 'en', 'Public domain in the USA.' );
INSERT INTO classifications ( gid, classification ) VALUES ( '22999', 'PR' );
INSERT INTO subjects ( gid, subject ) VALUES ( '22999', 'Mate selection -- Fiction' );
INSERT INTO subjects ( gid, subject ) VALUES ( '22999', 'Young women -- Fiction' );
INSERT INTO subjects ( gid, subject ) VALUES ( '22999', 'Social classes -- Fiction' );
INSERT INTO files ( gid, file, mime ) VALUES ( '22999', 'http://www.gutenberg.org/ebooks/22999.epub.images', 'application/epub+zip' );
INSERT INTO files ( gid, file, mime ) VALUES ( '22999', 'http://www.gutenberg.org/ebooks/22999.epub.noimages', 'application/epub+zip' );
INSERT INTO files ( gid, file, mime ) VALUES ( '22999', 'http://www.gutenberg.org/ebooks/22999.html.images', 'text/html' );
INSERT INTO files ( gid, file, mime ) VALUES ( '22999', 'http://www.gutenberg.org/ebooks/22999.html.noimages', 'text/html' );
INSERT INTO files ( gid, file, mime ) VALUES ( '22999', 'http://www.gutenberg.org/ebooks/22999.kindle.images', 'application/x-mobipocket-ebook' );
INSERT INTO files ( gid, file, mime ) VALUES ( '22999', 'http://www.gutenberg.org/ebooks/22999.kindle.noimages', 'application/x-mobipocket-ebook' );
INSERT INTO files ( gid, file, mime ) VALUES ( '22999', 'http://www.gutenberg.org/ebooks/22999.rdf', 'application/rdf+xml' );
INSERT INTO files ( gid, file, mime ) VALUES ( '22999', 'http://www.gutenberg.org/ebooks/22999.txt.utf-8', 'text/plain' );
INSERT INTO files ( gid, file, mime ) VALUES ( '22999', 'http://www.gutenberg.org/files/22999/22999-8.txt', 'text/plain; charset=iso-8859-1' );
INSERT INTO files ( gid, file, mime ) VALUES ( '22999', 'http://www.gutenberg.org/files/22999/22999-8.zip', 'application/ziptext/plain; charset=iso-8859-1' );
INSERT INTO files ( gid, file, mime ) VALUES ( '22999', 'http://www.gutenberg.org/files/22999/22999.txt', 'text/plain; charset=us-ascii' );
INSERT INTO files ( gid, file, mime ) VALUES ( '22999', 'http://www.gutenberg.org/files/22999/22999.zip', 'text/plain; charset=us-asciiapplication/zip' );
INSERT INTO titles ( gid, title, author, language, rights ) VALUES ( '23999', 'A Day at the County Fair', 'Burnett, Alice Hale', 'en', 'Public domain in the USA.' );
INSERT INTO classifications ( gid, classification ) VALUES ( '23999', 'PZ' );
INSERT INTO subjects ( gid, subject ) VALUES ( '23999', 'Girls -- Juvenile fiction' );
INSERT INTO subjects ( gid, subject ) VALUES ( '23999', 'Agricultural exhibitions -- Juvenile fiction' );
INSERT INTO files ( gid, file, mime ) VALUES ( '23999', 'http://www.gutenberg.org/cache/epub/23999/pg23999.cover.medium.jpg', 'image/jpeg' );
INSERT INTO files ( gid, file, mime ) VALUES ( '23999', 'http://www.gutenberg.org/cache/epub/23999/pg23999.cover.small.jpg', 'image/jpeg' );
INSERT INTO files ( gid, file, mime ) VALUES ( '23999', 'http://www.gutenberg.org/ebooks/23999.epub.images', 'application/epub+zip' );
INSERT INTO files ( gid, file, mime ) VALUES ( '23999', 'http://www.gutenberg.org/ebooks/23999.epub.noimages', 'application/epub+zip' );
INSERT INTO files ( gid, file, mime ) VALUES ( '23999', 'http://www.gutenberg.org/ebooks/23999.kindle.images', 'application/x-mobipocket-ebook' );
INSERT INTO files ( gid, file, mime ) VALUES ( '23999', 'http://www.gutenberg.org/ebooks/23999.kindle.noimages', 'application/x-mobipocket-ebook' );
INSERT INTO files ( gid, file, mime ) VALUES ( '23999', 'http://www.gutenberg.org/ebooks/23999.rdf', 'application/rdf+xml' );
INSERT INTO files ( gid, file, mime ) VALUES ( '23999', 'http://www.gutenberg.org/ebooks/23999.txt.utf-8', 'text/plain' );
INSERT INTO files ( gid, file, mime ) VALUES ( '23999', 'http://www.gutenberg.org/files/23999/23999-h.zip', 'text/html; charset=iso-8859-1application/zip' );
INSERT INTO files ( gid, file, mime ) VALUES ( '23999', 'http://www.gutenberg.org/files/23999/23999-h/23999-h.htm', 'text/html; charset=iso-8859-1' );
INSERT INTO files ( gid, file, mime ) VALUES ( '23999', 'http://www.gutenberg.org/files/23999/23999.txt', 'text/plain; charset=us-ascii' );
INSERT INTO files ( gid, file, mime ) VALUES ( '23999', 'http://www.gutenberg.org/files/23999/23999.zip', 'text/plain; charset=us-asciiapplication/zip' );
INSERT INTO titles ( gid, title, author, language, rights ) VALUES ( '999999', 'Piccole anime', '', '', 'Public domain in the USA.' );
INSERT INTO files ( gid, file, mime ) VALUES ( '999999', 'http://www.gutenberg.org/4/2/4/1/42416/42416-0.txt', 'text/plain; charset=utf-8' );
INSERT INTO files ( gid, file, mime ) VALUES ( '999999', 'http://www.gutenberg.org/4/2/4/1/42416/42416-0.zip', 'application/ziptext/plain; charset=utf-8' );
INSERT INTO files ( gid, file, mime ) VALUES ( '999999', 'http://www.gutenberg.org/4/2/4/1/42416/42416-8.txt', 'text/plain; charset=iso-8859-1' );
INSERT INTO files ( gid, file, mime ) VALUES ( '999999', 'http://www.gutenberg.org/4/2/4/1/42416/42416-8.zip', 'application/ziptext/plain; charset=iso-8859-1' );
INSERT INTO files ( gid, file, mime ) VALUES ( '999999', 'http://www.gutenberg.org/4/2/4/1/42416/42416-h.zip', 'application/ziptext/html; charset=utf-8' );
INSERT INTO files ( gid, file, mime ) VALUES ( '999999', 'http://www.gutenberg.org/4/2/4/1/42416/42416-h/42416-h.html', 'text/html; charset=utf-8' );
INSERT INTO titles ( gid, title, author, language, rights ) VALUES ( '9999', 'Harriet, the Moses of Her People', 'Bradford, Sarah H. (Sarah Hopkins)', 'en', 'Public domain in the USA.' );
INSERT INTO subjects ( gid, subject ) VALUES ( '9999', 'Tubman, Harriet, 1822-1913' );
INSERT INTO subjects ( gid, subject ) VALUES ( '9999', 'E300' );
INSERT INTO subjects ( gid, subject ) VALUES ( '9999', 'African Americans -- Biography' );
INSERT INTO subjects ( gid, subject ) VALUES ( '9999', 'Underground Railroad' );
INSERT INTO subjects ( gid, subject ) VALUES ( '9999', 'Slaves -- United States -- Biography' );
INSERT INTO files ( gid, file, mime ) VALUES ( '9999', 'http://www.gutenberg.org/ebooks/9999.epub.images', 'application/epub+zip' );
INSERT INTO files ( gid, file, mime ) VALUES ( '9999', 'http://www.gutenberg.org/ebooks/9999.epub.noimages', 'application/epub+zip' );
INSERT INTO files ( gid, file, mime ) VALUES ( '9999', 'http://www.gutenberg.org/ebooks/9999.kindle.images', 'application/x-mobipocket-ebook' );
INSERT INTO files ( gid, file, mime ) VALUES ( '9999', 'http://www.gutenberg.org/ebooks/9999.kindle.noimages', 'application/x-mobipocket-ebook' );
INSERT INTO files ( gid, file, mime ) VALUES ( '9999', 'http://www.gutenberg.org/ebooks/9999.rdf', 'application/rdf+xml' );
INSERT INTO files ( gid, file, mime ) VALUES ( '9999', 'http://www.gutenberg.org/ebooks/9999.txt.utf-8', 'text/plain' );
INSERT INTO files ( gid, file, mime ) VALUES ( '9999', 'http://www.gutenberg.org/files/9999/9999-8.txt', 'text/plain; charset=iso-8859-1' );
INSERT INTO files ( gid, file, mime ) VALUES ( '9999', 'http://www.gutenberg.org/files/9999/9999-8.zip', 'text/plain; charset=iso-8859-1application/zip' );
INSERT INTO files ( gid, file, mime ) VALUES ( '9999', 'http://www.gutenberg.org/files/9999/9999-h.zip', 'text/html; charset=iso-8859-1application/zip' );
INSERT INTO files ( gid, file, mime ) VALUES ( '9999', 'http://www.gutenberg.org/files/9999/9999-h/9999-h.htm', 'text/html; charset=iso-8859-1' );
INSERT INTO files ( gid, file, mime ) VALUES ( '9999', 'http://www.gutenberg.org/files/9999/9999.txt', 'text/plain; charset=us-ascii' );
INSERT INTO files ( gid, file, mime ) VALUES ( '9999', 'http://www.gutenberg.org/files/9999/9999.zip', 'text/plain; charset=us-asciiapplication/zip' );
INSERT INTO titles ( gid, title, author, language, rights ) VALUES ( '999', 'Divina Commedia di Dante: Paradiso', 'Dante Alighieri', 'it', 'Public domain in the USA.' );
INSERT INTO classifications ( gid, classification ) VALUES ( '999', 'PQ' );
INSERT INTO subjects ( gid, subject ) VALUES ( '999', 'Epic poetry, Italian' );
INSERT INTO subjects ( gid, subject ) VALUES ( '999', 'Italian poetry -- To 1400' );
INSERT INTO files ( gid, file, mime ) VALUES ( '999', 'http://www.gutenberg.org/ebooks/999.epub.images', 'application/epub+zip' );
INSERT INTO files ( gid, file, mime ) VALUES ( '999', 'http://www.gutenberg.org/ebooks/999.epub.noimages', 'application/epub+zip' );
INSERT INTO files ( gid, file, mime ) VALUES ( '999', 'http://www.gutenberg.org/ebooks/999.html.images', 'text/html' );
INSERT INTO files ( gid, file, mime ) VALUES ( '999', 'http://www.gutenberg.org/ebooks/999.html.noimages', 'text/html' );
INSERT INTO files ( gid, file, mime ) VALUES ( '999', 'http://www.gutenberg.org/ebooks/999.kindle.images', 'application/x-mobipocket-ebook' );
INSERT INTO files ( gid, file, mime ) VALUES ( '999', 'http://www.gutenberg.org/ebooks/999.kindle.noimages', 'application/x-mobipocket-ebook' );
INSERT INTO files ( gid, file, mime ) VALUES ( '999', 'http://www.gutenberg.org/ebooks/999.rdf', 'application/rdf+xml' );
INSERT INTO files ( gid, file, mime ) VALUES ( '999', 'http://www.gutenberg.org/ebooks/999.txt.utf-8', 'text/plain' );
INSERT INTO files ( gid, file, mime ) VALUES ( '999', 'http://www.gutenberg.org/files/999/999.txt', 'text/plain; charset=us-ascii' );
INSERT INTO files ( gid, file, mime ) VALUES ( '999', 'http://www.gutenberg.org/files/999/999.zip', 'text/plain; charset=us-asciiapplication/zip' );
INSERT INTO titles ( gid, title, author, language, rights ) VALUES ( '24999', 'The Strange Adventure Of James Shervinton 1902', 'Becke, Louis', 'en', 'Public domain in the USA.' );
INSERT INTO classifications ( gid, classification ) VALUES ( '24999', 'PR' );
INSERT INTO subjects ( gid, subject ) VALUES ( '24999', 'Sea stories' );
INSERT INTO subjects ( gid, subject ) VALUES ( '24999', 'Pacific Area -- Social life and customs -- Fiction' );
INSERT INTO subjects ( gid, subject ) VALUES ( '24999', 'Adventure stories, Australian' );
INSERT INTO files ( gid, file, mime ) VALUES ( '24999', 'http://www.gutenberg.org/cache/epub/24999/pg24999.cover.medium.jpg', 'image/jpeg' );
INSERT INTO files ( gid, file, mime ) VALUES ( '24999', 'http://www.gutenberg.org/cache/epub/24999/pg24999.cover.small.jpg', 'image/jpeg' );
INSERT INTO files ( gid, file, mime ) VALUES ( '24999', 'http://www.gutenberg.org/ebooks/24999.epub.images', 'application/epub+zip' );
INSERT INTO files ( gid, file, mime ) VALUES ( '24999', 'http://www.gutenberg.org/ebooks/24999.epub.noimages', 'application/epub+zip' );
INSERT INTO files ( gid, file, mime ) VALUES ( '24999', 'http://www.gutenberg.org/ebooks/24999.kindle.images', 'application/x-mobipocket-ebook' );
INSERT INTO files ( gid, file, mime ) VALUES ( '24999', 'http://www.gutenberg.org/ebooks/24999.kindle.noimages', 'application/x-mobipocket-ebook' );
INSERT INTO files ( gid, file, mime ) VALUES ( '24999', 'http://www.gutenberg.org/ebooks/24999.rdf', 'application/rdf+xml' );
INSERT INTO files ( gid, file, mime ) VALUES ( '24999', 'http://www.gutenberg.org/files/24999/24999-0.txt', 'text/plain; charset=utf-8' );
INSERT INTO files ( gid, file, mime ) VALUES ( '24999', 'http://www.gutenberg.org/files/24999/24999-0.zip', 'text/plain; charset=utf-8application/zip' );
INSERT INTO files ( gid, file, mime ) VALUES ( '24999', 'http://www.gutenberg.org/files/24999/24999-8.txt', 'text/plain; charset=iso-8859-1' );
INSERT INTO files ( gid, file, mime ) VALUES ( '24999', 'http://www.gutenberg.org/files/24999/24999-8.zip', 'text/plain; charset=iso-8859-1application/zip' );
INSERT INTO files ( gid, file, mime ) VALUES ( '24999', 'http://www.gutenberg.org/files/24999/24999-h.zip', 'application/ziptext/html; charset=utf-8' );
INSERT INTO files ( gid, file, mime ) VALUES ( '24999', 'http://www.gutenberg.org/files/24999/24999-h/24999-h.htm', 'text/html; charset=utf-8' );
INSERT INTO files ( gid, file, mime ) VALUES ( '24999', 'http://www.gutenberg.org/files/24999/24999.txt', 'text/plain; charset=us-ascii' );
INSERT INTO files ( gid, file, mime ) VALUES ( '24999', 'http://www.gutenberg.org/files/24999/24999.zip', 'text/plain; charset=us-asciiapplication/zip' );
INSERT INTO titles ( gid, title, author, language, rights ) VALUES ( '25999', 'Der Hansische Stahlhof in London Ein Vortrag, gehalten im Saale des goldenen Sterns zu Bonn am 11. März 1856', 'Pauli, Reinhold', 'de', 'Public domain in the USA.' );
INSERT INTO classifications ( gid, classification ) VALUES ( '25999', 'DA' );
INSERT INTO classifications ( gid, classification ) VALUES ( '25999', 'DD' );
INSERT INTO subjects ( gid, subject ) VALUES ( '25999', 'Europe -- History -- Hanseatic League' );
INSERT INTO subjects ( gid, subject ) VALUES ( '25999', 'Speeches, addresses, etc.' );
INSERT INTO files ( gid, file, mime ) VALUES ( '25999', 'http://www.gutenberg.org/ebooks/25999.epub.images', 'application/epub+zip' );
INSERT INTO files ( gid, file, mime ) VALUES ( '25999', 'http://www.gutenberg.org/ebooks/25999.epub.noimages', 'application/epub+zip' );
INSERT INTO files ( gid, file, mime ) VALUES ( '25999', 'http://www.gutenberg.org/ebooks/25999.kindle.images', 'application/x-mobipocket-ebook' );
INSERT INTO files ( gid, file, mime ) VALUES ( '25999', 'http://www.gutenberg.org/ebooks/25999.kindle.noimages', 'application/x-mobipocket-ebook' );
INSERT INTO files ( gid, file, mime ) VALUES ( '25999', 'http://www.gutenberg.org/ebooks/25999.rdf', 'application/rdf+xml' );
INSERT INTO files ( gid, file, mime ) VALUES ( '25999', 'http://www.gutenberg.org/ebooks/25999.txt.utf-8', 'text/plain' );
INSERT INTO files ( gid, file, mime ) VALUES ( '25999', 'http://www.gutenberg.org/files/25999/25999-8.txt', 'text/plain; charset=iso-8859-1' );
INSERT INTO files ( gid, file, mime ) VALUES ( '25999', 'http://www.gutenberg.org/files/25999/25999-8.zip', 'application/ziptext/plain; charset=iso-8859-1' );
INSERT INTO files ( gid, file, mime ) VALUES ( '25999', 'http://www.gutenberg.org/files/25999/25999-h.zip', 'text/html; charset=iso-8859-1application/zip' );
INSERT INTO files ( gid, file, mime ) VALUES ( '25999', 'http://www.gutenberg.org/files/25999/25999-h/25999-h.htm', 'text/html; charset=iso-8859-1' );
INSERT INTO titles ( gid, title, author, language, rights ) VALUES ( '27999', 'Dante: His Times and His Work', 'Butler, Arthur John', 'en', 'Public domain in the USA.' );
INSERT INTO classifications ( gid, classification ) VALUES ( '27999', 'PQ' );
INSERT INTO subjects ( gid, subject ) VALUES ( '27999', 'Dante Alighieri, 1265-1321' );
INSERT INTO files ( gid, file, mime ) VALUES ( '27999', 'http://www.gutenberg.org/ebooks/27999.epub.images', 'application/epub+zip' );
INSERT INTO files ( gid, file, mime ) VALUES ( '27999', 'http://www.gutenberg.org/ebooks/27999.epub.noimages', 'application/epub+zip' );
INSERT INTO files ( gid, file, mime ) VALUES ( '27999', 'http://www.gutenberg.org/ebooks/27999.kindle.images', 'application/x-mobipocket-ebook' );
INSERT INTO files ( gid, file, mime ) VALUES ( '27999', 'http://www.gutenberg.org/ebooks/27999.kindle.noimages', 'application/x-mobipocket-ebook' );
INSERT INTO files ( gid, file, mime ) VALUES ( '27999', 'http://www.gutenberg.org/ebooks/27999.rdf', 'application/rdf+xml' );
INSERT INTO files ( gid, file, mime ) VALUES ( '27999', 'http://www.gutenberg.org/files/27999/27999-0.txt', 'text/plain; charset=utf-8' );
INSERT INTO files ( gid, file, mime ) VALUES ( '27999', 'http://www.gutenberg.org/files/27999/27999-0.zip', 'application/ziptext/plain; charset=utf-8' );
INSERT INTO files ( gid, file, mime ) VALUES ( '27999', 'http://www.gutenberg.org/files/27999/27999-8.txt', 'text/plain; charset=iso-8859-1' );
INSERT INTO files ( gid, file, mime ) VALUES ( '27999', 'http://www.gutenberg.org/files/27999/27999-8.zip', 'text/plain; charset=iso-8859-1application/zip' );
INSERT INTO files ( gid, file, mime ) VALUES ( '27999', 'http://www.gutenberg.org/files/27999/27999-h.zip', 'text/html; charset=utf-8application/zip' );
INSERT INTO files ( gid, file, mime ) VALUES ( '27999', 'http://www.gutenberg.org/files/27999/27999-h/27999-h.htm', 'text/html; charset=utf-8' );
INSERT INTO files ( gid, file, mime ) VALUES ( '27999', 'http://www.gutenberg.org/files/27999/27999.txt', 'text/plain; charset=us-ascii' );
INSERT INTO files ( gid, file, mime ) VALUES ( '27999', 'http://www.gutenberg.org/files/27999/27999.zip', 'application/ziptext/plain; charset=us-ascii' );
INSERT INTO titles ( gid, title, author, language, rights ) VALUES ( '26999', 'Peter Pan in Kensington Gardens', 'Barrie, J. M. (James Matthew)', 'en', 'Public domain in the USA.' );
INSERT INTO classifications ( gid, classification ) VALUES ( '26999', 'PR' );
INSERT INTO classifications ( gid, classification ) VALUES ( '26999', 'PZ' );
INSERT INTO subjects ( gid, subject ) VALUES ( '26999', 'Fantasy literature' );
INSERT INTO subjects ( gid, subject ) VALUES ( '26999', 'Kensington Gardens (London, England) -- Fiction' );
INSERT INTO subjects ( gid, subject ) VALUES ( '26999', 'Peter Pan (Fictitious character) -- Fiction' );
INSERT INTO subjects ( gid, subject ) VALUES ( '26999', 'Fairies -- Fiction' );
INSERT INTO files ( gid, file, mime ) VALUES ( '26999', 'http://www.gutenberg.org/cache/epub/26999/pg26999.cover.medium.jpg', 'image/jpeg' );
INSERT INTO files ( gid, file, mime ) VALUES ( '26999', 'http://www.gutenberg.org/cache/epub/26999/pg26999.cover.small.jpg', 'image/jpeg' );
INSERT INTO files ( gid, file, mime ) VALUES ( '26999', 'http://www.gutenberg.org/ebooks/26999.epub.images', 'application/epub+zip' );
INSERT INTO files ( gid, file, mime ) VALUES ( '26999', 'http://www.gutenberg.org/ebooks/26999.epub.noimages', 'application/epub+zip' );
INSERT INTO files ( gid, file, mime ) VALUES ( '26999', 'http://www.gutenberg.org/ebooks/26999.kindle.images', 'application/x-mobipocket-ebook' );
INSERT INTO files ( gid, file, mime ) VALUES ( '26999', 'http://www.gutenberg.org/ebooks/26999.kindle.noimages', 'application/x-mobipocket-ebook' );
INSERT INTO files ( gid, file, mime ) VALUES ( '26999', 'http://www.gutenberg.org/ebooks/26999.rdf', 'application/rdf+xml' );
INSERT INTO files ( gid, file, mime ) VALUES ( '26999', 'http://www.gutenberg.org/ebooks/26999.txt.utf-8', 'text/plain' );
INSERT INTO files ( gid, file, mime ) VALUES ( '26999', 'http://www.gutenberg.org/files/26999/26999-h.zip', 'text/html; charset=iso-8859-1application/zip' );
INSERT INTO files ( gid, file, mime ) VALUES ( '26999', 'http://www.gutenberg.org/files/26999/26999-h/26999-h.htm', 'text/html; charset=iso-8859-1' );
INSERT INTO files ( gid, file, mime ) VALUES ( '26999', 'http://www.gutenberg.org/files/26999/26999.txt', 'text/plain; charset=us-ascii' );
INSERT INTO files ( gid, file, mime ) VALUES ( '26999', 'http://www.gutenberg.org/files/26999/26999.zip', 'application/ziptext/plain; charset=us-ascii' );
INSERT INTO titles ( gid, title, author, language, rights ) VALUES ( '29999', 'Costumes Madrilenos Notas de um Viajante', 'Lima, S. de Magalhães (Sebastião de Magalhães)', 'pt', 'Public domain in the USA.' );
INSERT INTO classifications ( gid, classification ) VALUES ( '29999', 'DP' );
INSERT INTO subjects ( gid, subject ) VALUES ( '29999', 'Madrid (Spain) -- Description and travel' );
INSERT INTO subjects ( gid, subject ) VALUES ( '29999', 'Madrid (Spain) -- Social life and customs' );
INSERT INTO files ( gid, file, mime ) VALUES ( '29999', 'http://www.gutenberg.org/ebooks/29999.epub.images', 'application/epub+zip' );
INSERT INTO files ( gid, file, mime ) VALUES ( '29999', 'http://www.gutenberg.org/ebooks/29999.epub.noimages', 'application/epub+zip' );
INSERT INTO files ( gid, file, mime ) VALUES ( '29999', 'http://www.gutenberg.org/ebooks/29999.kindle.images', 'application/x-mobipocket-ebook' );
INSERT INTO files ( gid, file, mime ) VALUES ( '29999', 'http://www.gutenberg.org/ebooks/29999.kindle.noimages', 'application/x-mobipocket-ebook' );
INSERT INTO files ( gid, file, mime ) VALUES ( '29999', 'http://www.gutenberg.org/ebooks/29999.rdf', 'application/rdf+xml' );
INSERT INTO files ( gid, file, mime ) VALUES ( '29999', 'http://www.gutenberg.org/ebooks/29999.txt.utf-8', 'text/plain' );
INSERT INTO files ( gid, file, mime ) VALUES ( '29999', 'http://www.gutenberg.org/files/29999/29999-8.txt', 'text/plain; charset=iso-8859-1' );
INSERT INTO files ( gid, file, mime ) VALUES ( '29999', 'http://www.gutenberg.org/files/29999/29999-8.zip', 'application/ziptext/plain; charset=iso-8859-1' );
INSERT INTO files ( gid, file, mime ) VALUES ( '29999', 'http://www.gutenberg.org/files/29999/29999-h.zip', 'application/ziptext/html; charset=iso-8859-1' );
INSERT INTO files ( gid, file, mime ) VALUES ( '29999', 'http://www.gutenberg.org/files/29999/29999-h/29999-h.htm', 'text/html; charset=iso-8859-1' );
INSERT INTO titles ( gid, title, author, language, rights ) VALUES ( '28999', 'Daisy''s Aunt', 'Benson, E. F. (Edward Frederic)', 'en', 'Public domain in the USA.' );
INSERT INTO classifications ( gid, classification ) VALUES ( '28999', 'PR' );
INSERT INTO subjects ( gid, subject ) VALUES ( '28999', 'England -- Social life and customs -- 20th century -- Fiction' );
INSERT INTO subjects ( gid, subject ) VALUES ( '28999', 'Young women -- Fiction' );
INSERT INTO subjects ( gid, subject ) VALUES ( '28999', 'Socialites -- Fiction' );
INSERT INTO subjects ( gid, subject ) VALUES ( '28999', 'Aunts -- Fiction' );
INSERT INTO files ( gid, file, mime ) VALUES ( '28999', 'http://www.gutenberg.org/ebooks/28999.epub.images', 'application/epub+zip' );
INSERT INTO files ( gid, file, mime ) VALUES ( '28999', 'http://www.gutenberg.org/ebooks/28999.epub.noimages', 'application/epub+zip' );
INSERT INTO files ( gid, file, mime ) VALUES ( '28999', 'http://www.gutenberg.org/ebooks/28999.kindle.images', 'application/x-mobipocket-ebook' );
INSERT INTO files ( gid, file, mime ) VALUES ( '28999', 'http://www.gutenberg.org/ebooks/28999.kindle.noimages', 'application/x-mobipocket-ebook' );
INSERT INTO files ( gid, file, mime ) VALUES ( '28999', 'http://www.gutenberg.org/ebooks/28999.rdf', 'application/rdf+xml' );
INSERT INTO files ( gid, file, mime ) VALUES ( '28999', 'http://www.gutenberg.org/ebooks/28999.txt.utf-8', 'text/plain' );
INSERT INTO files ( gid, file, mime ) VALUES ( '28999', 'http://www.gutenberg.org/files/28999/28999-8.txt', 'text/plain; charset=iso-8859-1' );
INSERT INTO files ( gid, file, mime ) VALUES ( '28999', 'http://www.gutenberg.org/files/28999/28999-8.zip', 'text/plain; charset=iso-8859-1application/zip' );
INSERT INTO files ( gid, file, mime ) VALUES ( '28999', 'http://www.gutenberg.org/files/28999/28999-h.zip', 'application/ziptext/html; charset=iso-8859-1' );
INSERT INTO files ( gid, file, mime ) VALUES ( '28999', 'http://www.gutenberg.org/files/28999/28999-h/28999-h.htm', 'text/html; charset=iso-8859-1' );
INSERT INTO files ( gid, file, mime ) VALUES ( '28999', 'http://www.gutenberg.org/files/28999/28999.txt', 'text/plain; charset=us-ascii' );
INSERT INTO files ( gid, file, mime ) VALUES ( '28999', 'http://www.gutenberg.org/files/28999/28999.zip', 'text/plain; charset=us-asciiapplication/zip' );
INSERT INTO titles ( gid, title, author, language, rights ) VALUES ( '30999', 'A New Chipmunk (Genus Eutamias) from the Black Hills', 'White, John A.', 'en', 'Public domain in the USA.' );
INSERT INTO classifications ( gid, classification ) VALUES ( '30999', 'QH' );
INSERT INTO classifications ( gid, classification ) VALUES ( '30999', 'QL' );
INSERT INTO subjects ( gid, subject ) VALUES ( '30999', 'Mammals -- South Dakota' );
INSERT INTO subjects ( gid, subject ) VALUES ( '30999', 'Chipmunks' );
INSERT INTO files ( gid, file, mime ) VALUES ( '30999', 'http://www.gutenberg.org/ebooks/30999.epub.images', 'application/epub+zip' );
INSERT INTO files ( gid, file, mime ) VALUES ( '30999', 'http://www.gutenberg.org/ebooks/30999.epub.noimages', 'application/epub+zip' );
INSERT INTO files ( gid, file, mime ) VALUES ( '30999', 'http://www.gutenberg.org/ebooks/30999.kindle.images', 'application/x-mobipocket-ebook' );
INSERT INTO files ( gid, file, mime ) VALUES ( '30999', 'http://www.gutenberg.org/ebooks/30999.kindle.noimages', 'application/x-mobipocket-ebook' );
INSERT INTO files ( gid, file, mime ) VALUES ( '30999', 'http://www.gutenberg.org/ebooks/30999.rdf', 'application/rdf+xml' );
INSERT INTO files ( gid, file, mime ) VALUES ( '30999', 'http://www.gutenberg.org/ebooks/30999.txt.utf-8', 'text/plain' );
INSERT INTO files ( gid, file, mime ) VALUES ( '30999', 'http://www.gutenberg.org/files/30999/30999-h.zip', 'application/ziptext/html; charset=iso-8859-1' );
INSERT INTO files ( gid, file, mime ) VALUES ( '30999', 'http://www.gutenberg.org/files/30999/30999-h/30999-h.htm', 'text/html; charset=iso-8859-1' );
INSERT INTO files ( gid, file, mime ) VALUES ( '30999', 'http://www.gutenberg.org/files/30999/30999.txt', 'text/plain; charset=us-ascii' );
INSERT INTO files ( gid, file, mime ) VALUES ( '30999', 'http://www.gutenberg.org/files/30999/30999.zip', 'text/plain; charset=us-asciiapplication/zip' );
INSERT INTO titles ( gid, title, author, language, rights ) VALUES ( '2999', 'A l''ombre des jeunes filles en fleurs — Deuxième partie', 'Proust, Marcel', 'fr', 'Public domain in the USA.' );
INSERT INTO classifications ( gid, classification ) VALUES ( '2999', 'PQ' );
INSERT INTO subjects ( gid, subject ) VALUES ( '2999', 'France -- Social life and customs -- 19th century -- Fiction' );
INSERT INTO subjects ( gid, subject ) VALUES ( '2999', 'Villages -- France -- Fiction' );
INSERT INTO subjects ( gid, subject ) VALUES ( '2999', 'Autobiographical fiction' );
INSERT INTO files ( gid, file, mime ) VALUES ( '2999', 'http://www.gutenberg.org/ebooks/2999.epub.images', 'application/epub+zip' );
INSERT INTO files ( gid, file, mime ) VALUES ( '2999', 'http://www.gutenberg.org/ebooks/2999.epub.noimages', 'application/epub+zip' );
INSERT INTO files ( gid, file, mime ) VALUES ( '2999', 'http://www.gutenberg.org/ebooks/2999.kindle.images', 'application/x-mobipocket-ebook' );
INSERT INTO files ( gid, file, mime ) VALUES ( '2999', 'http://www.gutenberg.org/ebooks/2999.kindle.noimages', 'application/x-mobipocket-ebook' );
INSERT INTO files ( gid, file, mime ) VALUES ( '2999', 'http://www.gutenberg.org/ebooks/2999.rdf', 'application/rdf+xml' );
INSERT INTO files ( gid, file, mime ) VALUES ( '2999', 'http://www.gutenberg.org/files/2999/2999-0.txt', 'text/plain; charset=utf-8' );
INSERT INTO files ( gid, file, mime ) VALUES ( '2999', 'http://www.gutenberg.org/files/2999/2999-0.zip', 'text/plain; charset=utf-8application/zip' );
INSERT INTO files ( gid, file, mime ) VALUES ( '2999', 'http://www.gutenberg.org/files/2999/2999-8.txt', 'text/plain; charset=iso-8859-1' );
INSERT INTO files ( gid, file, mime ) VALUES ( '2999', 'http://www.gutenberg.org/files/2999/2999-8.zip', 'application/ziptext/plain; charset=iso-8859-1' );
INSERT INTO files ( gid, file, mime ) VALUES ( '2999', 'http://www.gutenberg.org/files/2999/2999-h.zip', 'text/html; charset=iso-8859-1application/zip' );
INSERT INTO files ( gid, file, mime ) VALUES ( '2999', 'http://www.gutenberg.org/files/2999/2999-h/2999-h.htm', 'text/html; charset=iso-8859-1' );
INSERT INTO titles ( gid, title, author, language, rights ) VALUES ( '32999', 'Harper''s Round Table, June 4, 1895', 'Various', 'en', 'Public domain in the USA.' );
INSERT INTO classifications ( gid, classification ) VALUES ( '32999', 'AP' );
INSERT INTO subjects ( gid, subject ) VALUES ( '32999', 'Children''s periodicals' );
INSERT INTO files ( gid, file, mime ) VALUES ( '32999', 'http://www.gutenberg.org/ebooks/32999.epub.images', 'application/epub+zip' );
INSERT INTO files ( gid, file, mime ) VALUES ( '32999', 'http://www.gutenberg.org/ebooks/32999.epub.noimages', 'application/epub+zip' );
INSERT INTO files ( gid, file, mime ) VALUES ( '32999', 'http://www.gutenberg.org/ebooks/32999.kindle.images', 'application/x-mobipocket-ebook' );
INSERT INTO files ( gid, file, mime ) VALUES ( '32999', 'http://www.gutenberg.org/ebooks/32999.kindle.noimages', 'application/x-mobipocket-ebook' );
INSERT INTO files ( gid, file, mime ) VALUES ( '32999', 'http://www.gutenberg.org/ebooks/32999.rdf', 'application/rdf+xml' );
INSERT INTO files ( gid, file, mime ) VALUES ( '32999', 'http://www.gutenberg.org/ebooks/32999.txt.utf-8', 'text/plain' );
INSERT INTO files ( gid, file, mime ) VALUES ( '32999', 'http://www.gutenberg.org/files/32999/32999-h.zip', 'application/ziptext/html; charset=iso-8859-1' );
INSERT INTO files ( gid, file, mime ) VALUES ( '32999', 'http://www.gutenberg.org/files/32999/32999-h/32999-h.htm', 'text/html; charset=iso-8859-1' );
INSERT INTO files ( gid, file, mime ) VALUES ( '32999', 'http://www.gutenberg.org/files/32999/32999.txt', 'text/plain; charset=us-ascii' );
INSERT INTO files ( gid, file, mime ) VALUES ( '32999', 'http://www.gutenberg.org/files/32999/32999.zip', 'text/plain; charset=us-asciiapplication/zip' );
INSERT INTO titles ( gid, title, author, language, rights ) VALUES ( '31999', 'The Natural Philosophy of William Gilbert and His Predecessors', 'King, W. James (William James)', 'en', 'Public domain in the USA.' );
INSERT INTO classifications ( gid, classification ) VALUES ( '31999', 'QC' );
INSERT INTO subjects ( gid, subject ) VALUES ( '31999', 'Magnetism -- History' );
INSERT INTO subjects ( gid, subject ) VALUES ( '31999', 'Gilbert, William, 1544-1603' );
INSERT INTO files ( gid, file, mime ) VALUES ( '31999', 'http://www.gutenberg.org/cache/epub/31999/pg31999.cover.medium.jpg', 'image/jpeg' );
INSERT INTO files ( gid, file, mime ) VALUES ( '31999', 'http://www.gutenberg.org/cache/epub/31999/pg31999.cover.small.jpg', 'image/jpeg' );
INSERT INTO files ( gid, file, mime ) VALUES ( '31999', 'http://www.gutenberg.org/ebooks/31999.epub.images', 'application/epub+zip' );
INSERT INTO files ( gid, file, mime ) VALUES ( '31999', 'http://www.gutenberg.org/ebooks/31999.epub.noimages', 'application/epub+zip' );
INSERT INTO files ( gid, file, mime ) VALUES ( '31999', 'http://www.gutenberg.org/ebooks/31999.kindle.images', 'application/x-mobipocket-ebook' );
INSERT INTO files ( gid, file, mime ) VALUES ( '31999', 'http://www.gutenberg.org/ebooks/31999.kindle.noimages', 'application/x-mobipocket-ebook' );
INSERT INTO files ( gid, file, mime ) VALUES ( '31999', 'http://www.gutenberg.org/ebooks/31999.rdf', 'application/rdf+xml' );
INSERT INTO files ( gid, file, mime ) VALUES ( '31999', 'http://www.gutenberg.org/ebooks/31999.txt.utf-8', 'text/plain' );
INSERT INTO files ( gid, file, mime ) VALUES ( '31999', 'http://www.gutenberg.org/files/31999/31999-8.txt', 'text/plain; charset=iso-8859-1' );
INSERT INTO files ( gid, file, mime ) VALUES ( '31999', 'http://www.gutenberg.org/files/31999/31999-8.zip', 'text/plain; charset=iso-8859-1application/zip' );
INSERT INTO files ( gid, file, mime ) VALUES ( '31999', 'http://www.gutenberg.org/files/31999/31999-h.zip', 'text/html; charset=iso-8859-1application/zip' );
INSERT INTO files ( gid, file, mime ) VALUES ( '31999', 'http://www.gutenberg.org/files/31999/31999-h/31999-h.htm', 'text/html; charset=iso-8859-1' );
INSERT INTO files ( gid, file, mime ) VALUES ( '31999', 'http://www.gutenberg.org/files/31999/31999.txt', 'text/plain; charset=us-ascii' );
INSERT INTO files ( gid, file, mime ) VALUES ( '31999', 'http://www.gutenberg.org/files/31999/31999.zip', 'text/plain; charset=us-asciiapplication/zip' );
INSERT INTO titles ( gid, title, author, language, rights ) VALUES ( '33999', 'The Bondman: A New Saga', 'Caine, Hall, Sir', 'en', 'Public domain in the USA.' );
INSERT INTO classifications ( gid, classification ) VALUES ( '33999', 'PR' );
INSERT INTO subjects ( gid, subject ) VALUES ( '33999', 'Iceland -- Fiction' );
INSERT INTO subjects ( gid, subject ) VALUES ( '33999', 'Isle of Man -- Fiction' );
INSERT INTO files ( gid, file, mime ) VALUES ( '33999', 'http://www.gutenberg.org/ebooks/33999.epub.images', 'application/epub+zip' );
INSERT INTO files ( gid, file, mime ) VALUES ( '33999', 'http://www.gutenberg.org/ebooks/33999.epub.noimages', 'application/epub+zip' );
INSERT INTO files ( gid, file, mime ) VALUES ( '33999', 'http://www.gutenberg.org/ebooks/33999.kindle.images', 'application/x-mobipocket-ebook' );
INSERT INTO files ( gid, file, mime ) VALUES ( '33999', 'http://www.gutenberg.org/ebooks/33999.kindle.noimages', 'application/x-mobipocket-ebook' );
INSERT INTO files ( gid, file, mime ) VALUES ( '33999', 'http://www.gutenberg.org/ebooks/33999.rdf', 'application/rdf+xml' );
INSERT INTO files ( gid, file, mime ) VALUES ( '33999', 'http://www.gutenberg.org/ebooks/33999.txt.utf-8', 'text/plain' );
INSERT INTO files ( gid, file, mime ) VALUES ( '33999', 'http://www.gutenberg.org/files/33999/33999-8.txt', 'text/plain; charset=iso-8859-1' );
INSERT INTO files ( gid, file, mime ) VALUES ( '33999', 'http://www.gutenberg.org/files/33999/33999-8.zip', 'text/plain; charset=iso-8859-1application/zip' );
INSERT INTO files ( gid, file, mime ) VALUES ( '33999', 'http://www.gutenberg.org/files/33999/33999-h.zip', 'text/html; charset=iso-8859-1application/zip' );
INSERT INTO files ( gid, file, mime ) VALUES ( '33999', 'http://www.gutenberg.org/files/33999/33999-h/33999-h.htm', 'text/html; charset=iso-8859-1' );
INSERT INTO files ( gid, file, mime ) VALUES ( '33999', 'http://www.gutenberg.org/files/33999/33999.txt', 'text/plain; charset=us-ascii' );
INSERT INTO files ( gid, file, mime ) VALUES ( '33999', 'http://www.gutenberg.org/files/33999/33999.zip', 'text/plain; charset=us-asciiapplication/zip' );
INSERT INTO titles ( gid, title, author, language, rights ) VALUES ( '34999', 'The Count of Nideck adapted from the French of Erckmann-Chartrian', 'Erckmann-Chatrian', 'en', 'Public domain in the USA.' );
INSERT INTO classifications ( gid, classification ) VALUES ( '34999', 'PR' );
INSERT INTO subjects ( gid, subject ) VALUES ( '34999', 'Fiction' );
INSERT INTO files ( gid, file, mime ) VALUES ( '34999', 'http://www.gutenberg.org/ebooks/34999.epub.images', 'application/epub+zip' );
INSERT INTO files ( gid, file, mime ) VALUES ( '34999', 'http://www.gutenberg.org/ebooks/34999.epub.noimages', 'application/epub+zip' );
INSERT INTO files ( gid, file, mime ) VALUES ( '34999', 'http://www.gutenberg.org/ebooks/34999.kindle.images', 'application/x-mobipocket-ebook' );
INSERT INTO files ( gid, file, mime ) VALUES ( '34999', 'http://www.gutenberg.org/ebooks/34999.kindle.noimages', 'application/x-mobipocket-ebook' );
INSERT INTO files ( gid, file, mime ) VALUES ( '34999', 'http://www.gutenberg.org/ebooks/34999.rdf', 'application/rdf+xml' );
INSERT INTO files ( gid, file, mime ) VALUES ( '34999', 'http://www.gutenberg.org/ebooks/34999.txt.utf-8', 'text/plain' );
INSERT INTO files ( gid, file, mime ) VALUES ( '34999', 'http://www.gutenberg.org/files/34999/34999-8.txt', 'text/plain; charset=iso-8859-1' );
INSERT INTO files ( gid, file, mime ) VALUES ( '34999', 'http://www.gutenberg.org/files/34999/34999-8.zip', 'application/ziptext/plain; charset=iso-8859-1' );
INSERT INTO files ( gid, file, mime ) VALUES ( '34999', 'http://www.gutenberg.org/files/34999/34999-h.zip', 'text/html; charset=iso-8859-1application/zip' );
INSERT INTO files ( gid, file, mime ) VALUES ( '34999', 'http://www.gutenberg.org/files/34999/34999-h/34999-h.htm', 'text/html; charset=iso-8859-1' );
INSERT INTO files ( gid, file, mime ) VALUES ( '34999', 'http://www.gutenberg.org/files/34999/34999.txt', 'text/plain; charset=us-ascii' );
INSERT INTO files ( gid, file, mime ) VALUES ( '34999', 'http://www.gutenberg.org/files/34999/34999.zip', 'application/ziptext/plain; charset=us-ascii' );
INSERT INTO titles ( gid, title, author, language, rights ) VALUES ( '36999', 'The Land of Lure: A Story of the Columbia River Basin', 'Smith, Elliott', 'en', 'Public domain in the USA.' );
INSERT INTO classifications ( gid, classification ) VALUES ( '36999', 'PS' );
INSERT INTO subjects ( gid, subject ) VALUES ( '36999', 'Frontier and pioneer life -- Fiction' );
INSERT INTO subjects ( gid, subject ) VALUES ( '36999', 'Northwest, Pacific -- Fiction' );
INSERT INTO files ( gid, file, mime ) VALUES ( '36999', 'http://www.gutenberg.org/cache/epub/36999/pg36999.cover.medium.jpg', 'image/jpeg' );
INSERT INTO files ( gid, file, mime ) VALUES ( '36999', 'http://www.gutenberg.org/cache/epub/36999/pg36999.cover.small.jpg', 'image/jpeg' );
INSERT INTO files ( gid, file, mime ) VALUES ( '36999', 'http://www.gutenberg.org/ebooks/36999.epub.images', 'application/epub+zip' );
INSERT INTO files ( gid, file, mime ) VALUES ( '36999', 'http://www.gutenberg.org/ebooks/36999.epub.noimages', 'application/epub+zip' );
INSERT INTO files ( gid, file, mime ) VALUES ( '36999', 'http://www.gutenberg.org/ebooks/36999.kindle.images', 'application/x-mobipocket-ebook' );
INSERT INTO files ( gid, file, mime ) VALUES ( '36999', 'http://www.gutenberg.org/ebooks/36999.kindle.noimages', 'application/x-mobipocket-ebook' );
INSERT INTO files ( gid, file, mime ) VALUES ( '36999', 'http://www.gutenberg.org/ebooks/36999.rdf', 'application/rdf+xml' );
INSERT INTO files ( gid, file, mime ) VALUES ( '36999', 'http://www.gutenberg.org/ebooks/36999.txt.utf-8', 'text/plain' );
INSERT INTO files ( gid, file, mime ) VALUES ( '36999', 'http://www.gutenberg.org/files/36999/36999-h.zip', 'application/ziptext/html; charset=iso-8859-1' );
INSERT INTO files ( gid, file, mime ) VALUES ( '36999', 'http://www.gutenberg.org/files/36999/36999-h/36999-h.htm', 'text/html; charset=iso-8859-1' );
INSERT INTO files ( gid, file, mime ) VALUES ( '36999', 'http://www.gutenberg.org/files/36999/36999.txt', 'text/plain; charset=us-ascii' );
INSERT INTO files ( gid, file, mime ) VALUES ( '36999', 'http://www.gutenberg.org/files/36999/36999.zip', 'application/ziptext/plain; charset=us-ascii' );
INSERT INTO titles ( gid, title, author, language, rights ) VALUES ( '35999', 'Seelenverkäufer: Das Schicksal einer Deutsch-Amerikanerin', 'Gontard-Schuck, M.', 'de', 'Public domain in the USA.' );
INSERT INTO classifications ( gid, classification ) VALUES ( '35999', 'PT' );
INSERT INTO subjects ( gid, subject ) VALUES ( '35999', 'Fiction' );
INSERT INTO files ( gid, file, mime ) VALUES ( '35999', 'http://www.gutenberg.org/ebooks/35999.epub.images', 'application/epub+zip' );
INSERT INTO files ( gid, file, mime ) VALUES ( '35999', 'http://www.gutenberg.org/ebooks/35999.epub.noimages', 'application/epub+zip' );
INSERT INTO files ( gid, file, mime ) VALUES ( '35999', 'http://www.gutenberg.org/ebooks/35999.kindle.images', 'application/x-mobipocket-ebook' );
INSERT INTO files ( gid, file, mime ) VALUES ( '35999', 'http://www.gutenberg.org/ebooks/35999.kindle.noimages', 'application/x-mobipocket-ebook' );
INSERT INTO files ( gid, file, mime ) VALUES ( '35999', 'http://www.gutenberg.org/ebooks/35999.rdf', 'application/rdf+xml' );
INSERT INTO files ( gid, file, mime ) VALUES ( '35999', 'http://www.gutenberg.org/ebooks/35999.txt.utf-8', 'text/plain' );
INSERT INTO files ( gid, file, mime ) VALUES ( '35999', 'http://www.gutenberg.org/files/35999/35999-8.txt', 'text/plain; charset=iso-8859-1' );
INSERT INTO files ( gid, file, mime ) VALUES ( '35999', 'http://www.gutenberg.org/files/35999/35999-8.zip', 'text/plain; charset=iso-8859-1application/zip' );
INSERT INTO files ( gid, file, mime ) VALUES ( '35999', 'http://www.gutenberg.org/files/35999/35999-h.zip', 'application/ziptext/html; charset=iso-8859-1' );
INSERT INTO files ( gid, file, mime ) VALUES ( '35999', 'http://www.gutenberg.org/files/35999/35999-h/35999-h.htm', 'text/html; charset=iso-8859-1' );
INSERT INTO files ( gid, file, mime ) VALUES ( '35999', 'http://www.gutenberg.org/files/35999/35999-page-images.zip', 'application/octet-streamapplication/zip' );
INSERT INTO titles ( gid, title, author, language, rights ) VALUES ( '37999', 'Poems', 'Macy, Arthur', 'en', 'Public domain in the USA.' );
INSERT INTO classifications ( gid, classification ) VALUES ( '37999', 'PS' );
INSERT INTO subjects ( gid, subject ) VALUES ( '37999', 'American poetry' );
INSERT INTO files ( gid, file, mime ) VALUES ( '37999', 'http://www.gutenberg.org/ebooks/37999.epub.images', 'application/epub+zip' );
INSERT INTO files ( gid, file, mime ) VALUES ( '37999', 'http://www.gutenberg.org/ebooks/37999.epub.noimages', 'application/epub+zip' );
INSERT INTO files ( gid, file, mime ) VALUES ( '37999', 'http://www.gutenberg.org/ebooks/37999.kindle.images', 'application/x-mobipocket-ebook' );
INSERT INTO files ( gid, file, mime ) VALUES ( '37999', 'http://www.gutenberg.org/ebooks/37999.kindle.noimages', 'application/x-mobipocket-ebook' );
INSERT INTO files ( gid, file, mime ) VALUES ( '37999', 'http://www.gutenberg.org/ebooks/37999.rdf', 'application/rdf+xml' );
INSERT INTO files ( gid, file, mime ) VALUES ( '37999', 'http://www.gutenberg.org/ebooks/37999.txt.utf-8', 'text/plain' );
INSERT INTO files ( gid, file, mime ) VALUES ( '37999', 'http://www.gutenberg.org/files/37999/37999-8.txt', 'text/plain; charset=iso-8859-1' );
INSERT INTO files ( gid, file, mime ) VALUES ( '37999', 'http://www.gutenberg.org/files/37999/37999-8.zip', 'text/plain; charset=iso-8859-1application/zip' );
INSERT INTO files ( gid, file, mime ) VALUES ( '37999', 'http://www.gutenberg.org/files/37999/37999-h.zip', 'application/ziptext/html; charset=iso-8859-1' );
INSERT INTO files ( gid, file, mime ) VALUES ( '37999', 'http://www.gutenberg.org/files/37999/37999-h/37999-h.htm', 'text/html; charset=iso-8859-1' );
INSERT INTO files ( gid, file, mime ) VALUES ( '37999', 'http://www.gutenberg.org/files/37999/37999.txt', 'text/plain; charset=us-ascii' );
INSERT INTO files ( gid, file, mime ) VALUES ( '37999', 'http://www.gutenberg.org/files/37999/37999.zip', 'application/ziptext/plain; charset=us-ascii' );
INSERT INTO titles ( gid, title, author, language, rights ) VALUES ( '38999', 'Mellifont Abbey, Co. Louth Its Ruins and Associations, a Guide and Popular History', 'Anonymous', 'en', 'Public domain in the USA.' );
INSERT INTO classifications ( gid, classification ) VALUES ( '38999', 'BX' );
INSERT INTO subjects ( gid, subject ) VALUES ( '38999', 'Cistercians -- Ireland' );
INSERT INTO subjects ( gid, subject ) VALUES ( '38999', 'Mellifont Abbey (Louth, Ireland : 1142-1539)' );
INSERT INTO files ( gid, file, mime ) VALUES ( '38999', 'http://www.gutenberg.org/ebooks/38999.epub.images', 'application/epub+zip' );
INSERT INTO files ( gid, file, mime ) VALUES ( '38999', 'http://www.gutenberg.org/ebooks/38999.epub.noimages', 'application/epub+zip' );
INSERT INTO files ( gid, file, mime ) VALUES ( '38999', 'http://www.gutenberg.org/ebooks/38999.kindle.images', 'application/x-mobipocket-ebook' );
INSERT INTO files ( gid, file, mime ) VALUES ( '38999', 'http://www.gutenberg.org/ebooks/38999.kindle.noimages', 'application/x-mobipocket-ebook' );
INSERT INTO files ( gid, file, mime ) VALUES ( '38999', 'http://www.gutenberg.org/ebooks/38999.rdf', 'application/rdf+xml' );
INSERT INTO files ( gid, file, mime ) VALUES ( '38999', 'http://www.gutenberg.org/ebooks/38999.txt.utf-8', 'text/plain' );
INSERT INTO files ( gid, file, mime ) VALUES ( '38999', 'http://www.gutenberg.org/files/38999/38999-8.txt', 'text/plain; charset=iso-8859-1' );
INSERT INTO files ( gid, file, mime ) VALUES ( '38999', 'http://www.gutenberg.org/files/38999/38999-8.zip', 'application/ziptext/plain; charset=iso-8859-1' );
INSERT INTO files ( gid, file, mime ) VALUES ( '38999', 'http://www.gutenberg.org/files/38999/38999-h.zip', 'text/html; charset=iso-8859-1application/zip' );
INSERT INTO files ( gid, file, mime ) VALUES ( '38999', 'http://www.gutenberg.org/files/38999/38999-h/38999-h.htm', 'text/html; charset=iso-8859-1' );
INSERT INTO files ( gid, file, mime ) VALUES ( '38999', 'http://www.gutenberg.org/files/38999/38999.txt', 'text/plain; charset=us-ascii' );
INSERT INTO files ( gid, file, mime ) VALUES ( '38999', 'http://www.gutenberg.org/files/38999/38999.zip', 'application/ziptext/plain; charset=us-ascii' );
INSERT INTO titles ( gid, title, author, language, rights ) VALUES ( '39999', 'The Great Acceptance: The Life Story of F. N. Charrington', 'Thorne, Guy', 'en', 'Public domain in the USA.' );
INSERT INTO classifications ( gid, classification ) VALUES ( '39999', 'HV' );
INSERT INTO subjects ( gid, subject ) VALUES ( '39999', 'Charrington, Fredk. N. (Frederick Nicholas), 1850-1936' );
INSERT INTO subjects ( gid, subject ) VALUES ( '39999', 'Poor -- England -- London' );
INSERT INTO files ( gid, file, mime ) VALUES ( '39999', 'http://www.gutenberg.org/cache/epub/39999/pg39999.cover.medium.jpg', 'image/jpeg' );
INSERT INTO files ( gid, file, mime ) VALUES ( '39999', 'http://www.gutenberg.org/cache/epub/39999/pg39999.cover.small.jpg', 'image/jpeg' );
INSERT INTO files ( gid, file, mime ) VALUES ( '39999', 'http://www.gutenberg.org/ebooks/39999.epub.images', 'application/epub+zip' );
INSERT INTO files ( gid, file, mime ) VALUES ( '39999', 'http://www.gutenberg.org/ebooks/39999.epub.noimages', 'application/epub+zip' );
INSERT INTO files ( gid, file, mime ) VALUES ( '39999', 'http://www.gutenberg.org/ebooks/39999.kindle.images', 'application/x-mobipocket-ebook' );
INSERT INTO files ( gid, file, mime ) VALUES ( '39999', 'http://www.gutenberg.org/ebooks/39999.kindle.noimages', 'application/x-mobipocket-ebook' );
INSERT INTO files ( gid, file, mime ) VALUES ( '39999', 'http://www.gutenberg.org/ebooks/39999.rdf', 'application/rdf+xml' );
INSERT INTO files ( gid, file, mime ) VALUES ( '39999', 'http://www.gutenberg.org/ebooks/39999.txt.utf-8', 'text/plain' );
INSERT INTO files ( gid, file, mime ) VALUES ( '39999', 'http://www.gutenberg.org/files/39999/39999-8.txt', 'text/plain; charset=iso-8859-1' );
INSERT INTO files ( gid, file, mime ) VALUES ( '39999', 'http://www.gutenberg.org/files/39999/39999-8.zip', 'text/plain; charset=iso-8859-1application/zip' );
INSERT INTO files ( gid, file, mime ) VALUES ( '39999', 'http://www.gutenberg.org/files/39999/39999-h.zip', 'text/html; charset=iso-8859-1application/zip' );
INSERT INTO files ( gid, file, mime ) VALUES ( '39999', 'http://www.gutenberg.org/files/39999/39999-h/39999-h.htm', 'text/html; charset=iso-8859-1' );
INSERT INTO files ( gid, file, mime ) VALUES ( '39999', 'http://www.gutenberg.org/files/39999/39999.txt', 'text/plain; charset=us-ascii' );
INSERT INTO files ( gid, file, mime ) VALUES ( '39999', 'http://www.gutenberg.org/files/39999/39999.zip', 'text/plain; charset=us-asciiapplication/zip' );
INSERT INTO titles ( gid, title, author, language, rights ) VALUES ( '3999', 'An Attic Philosopher in Paris — Complete', 'Souvestre, Émile', 'en', 'Public domain in the USA.' );
INSERT INTO classifications ( gid, classification ) VALUES ( '3999', 'PQ' );
INSERT INTO subjects ( gid, subject ) VALUES ( '3999', 'Paris (France) -- Fiction' );
INSERT INTO files ( gid, file, mime ) VALUES ( '3999', 'http://www.gutenberg.org/ebooks/3999.epub.images', 'application/epub+zip' );
INSERT INTO files ( gid, file, mime ) VALUES ( '3999', 'http://www.gutenberg.org/ebooks/3999.epub.noimages', 'application/epub+zip' );
INSERT INTO files ( gid, file, mime ) VALUES ( '3999', 'http://www.gutenberg.org/ebooks/3999.kindle.images', 'application/x-mobipocket-ebook' );
INSERT INTO files ( gid, file, mime ) VALUES ( '3999', 'http://www.gutenberg.org/ebooks/3999.kindle.noimages', 'application/x-mobipocket-ebook' );
INSERT INTO files ( gid, file, mime ) VALUES ( '3999', 'http://www.gutenberg.org/ebooks/3999.rdf', 'application/rdf+xml' );
INSERT INTO files ( gid, file, mime ) VALUES ( '3999', 'http://www.gutenberg.org/files/3999/3999-0.txt', 'text/plain; charset=utf-8' );
INSERT INTO files ( gid, file, mime ) VALUES ( '3999', 'http://www.gutenberg.org/files/3999/3999-0.zip', 'text/plain; charset=utf-8application/zip' );
INSERT INTO files ( gid, file, mime ) VALUES ( '3999', 'http://www.gutenberg.org/files/3999/3999-h.zip', 'application/ziptext/html; charset=utf-8' );
INSERT INTO files ( gid, file, mime ) VALUES ( '3999', 'http://www.gutenberg.org/files/3999/3999-h/3999-h.htm', 'text/html; charset=utf-8' );
INSERT INTO files ( gid, file, mime ) VALUES ( '3999', 'http://www.gutenberg.org/files/3999/3999.txt', 'text/plain; charset=us-ascii' );
INSERT INTO files ( gid, file, mime ) VALUES ( '3999', 'http://www.gutenberg.org/files/3999/3999.zip', 'application/ziptext/plain; charset=us-ascii' );
INSERT INTO titles ( gid, title, author, language, rights ) VALUES ( '40999', 'Stolen Souls', 'Le Queux, William', 'en', 'Public domain in the USA.' );
INSERT INTO classifications ( gid, classification ) VALUES ( '40999', 'PR' );
INSERT INTO subjects ( gid, subject ) VALUES ( '40999', 'Fiction' );
INSERT INTO files ( gid, file, mime ) VALUES ( '40999', 'http://www.gutenberg.org/ebooks/40999.epub.images', 'application/epub+zip' );
INSERT INTO files ( gid, file, mime ) VALUES ( '40999', 'http://www.gutenberg.org/ebooks/40999.epub.noimages', 'application/epub+zip' );
INSERT INTO files ( gid, file, mime ) VALUES ( '40999', 'http://www.gutenberg.org/ebooks/40999.kindle.images', 'application/x-mobipocket-ebook' );
INSERT INTO files ( gid, file, mime ) VALUES ( '40999', 'http://www.gutenberg.org/ebooks/40999.kindle.noimages', 'application/x-mobipocket-ebook' );
INSERT INTO files ( gid, file, mime ) VALUES ( '40999', 'http://www.gutenberg.org/ebooks/40999.rdf', 'application/rdf+xml' );
INSERT INTO files ( gid, file, mime ) VALUES ( '40999', 'http://www.gutenberg.org/ebooks/40999.txt.utf-8', 'text/plain' );
INSERT INTO files ( gid, file, mime ) VALUES ( '40999', 'http://www.gutenberg.org/files/40999/40999-h.zip', 'application/ziptext/html; charset=utf-8' );
INSERT INTO files ( gid, file, mime ) VALUES ( '40999', 'http://www.gutenberg.org/files/40999/40999-h/40999-h.htm', 'text/html; charset=utf-8' );
INSERT INTO files ( gid, file, mime ) VALUES ( '40999', 'http://www.gutenberg.org/files/40999/40999.txt', 'text/plain; charset=us-ascii' );
INSERT INTO files ( gid, file, mime ) VALUES ( '40999', 'http://www.gutenberg.org/files/40999/40999.zip', 'text/plain; charset=us-asciiapplication/zip' );
INSERT INTO titles ( gid, title, author, language, rights ) VALUES ( '41999', 'Notes and Queries, Number 220, January 14, 1854 A Medium of Inter-communication for Literary Men, Artists, Antiquaries, Genealogists, etc.', 'Various', 'en', 'Public domain in the USA.' );
INSERT INTO classifications ( gid, classification ) VALUES ( '41999', 'AG' );
INSERT INTO subjects ( gid, subject ) VALUES ( '41999', 'Questions and answers -- Periodicals' );
INSERT INTO files ( gid, file, mime ) VALUES ( '41999', 'http://www.gutenberg.org/ebooks/41999.epub.images', 'application/epub+zip' );
INSERT INTO files ( gid, file, mime ) VALUES ( '41999', 'http://www.gutenberg.org/ebooks/41999.epub.noimages', 'application/epub+zip' );
INSERT INTO files ( gid, file, mime ) VALUES ( '41999', 'http://www.gutenberg.org/ebooks/41999.kindle.images', 'application/x-mobipocket-ebook' );
INSERT INTO files ( gid, file, mime ) VALUES ( '41999', 'http://www.gutenberg.org/ebooks/41999.kindle.noimages', 'application/x-mobipocket-ebook' );
INSERT INTO files ( gid, file, mime ) VALUES ( '41999', 'http://www.gutenberg.org/ebooks/41999.rdf', 'application/rdf+xml' );
INSERT INTO files ( gid, file, mime ) VALUES ( '41999', 'http://www.gutenberg.org/ebooks/41999.txt.utf-8', 'text/plain' );
INSERT INTO files ( gid, file, mime ) VALUES ( '41999', 'http://www.gutenberg.org/files/41999/41999-8.txt', 'text/plain; charset=iso-8859-1' );
INSERT INTO files ( gid, file, mime ) VALUES ( '41999', 'http://www.gutenberg.org/files/41999/41999-8.zip', 'application/ziptext/plain; charset=iso-8859-1' );
INSERT INTO files ( gid, file, mime ) VALUES ( '41999', 'http://www.gutenberg.org/files/41999/41999-h.zip', 'text/html; charset=iso-8859-1application/zip' );
INSERT INTO files ( gid, file, mime ) VALUES ( '41999', 'http://www.gutenberg.org/files/41999/41999-h/41999-h.htm', 'text/html; charset=iso-8859-1' );
INSERT INTO files ( gid, file, mime ) VALUES ( '41999', 'http://www.gutenberg.org/files/41999/41999.txt', 'text/plain; charset=us-ascii' );
INSERT INTO files ( gid, file, mime ) VALUES ( '41999', 'http://www.gutenberg.org/files/41999/41999.zip', 'application/ziptext/plain; charset=us-ascii' );
INSERT INTO titles ( gid, title, author, language, rights ) VALUES ( '42999', 'Old Boston Taverns and Tavern Clubs', 'Drake, Samuel Adams', 'en', 'Public domain in the USA.' );
INSERT INTO subjects ( gid, subject ) VALUES ( '42999', 'Boston (Mass.) -- Social life and customs' );
INSERT INTO subjects ( gid, subject ) VALUES ( '42999', 'Taverns (Inns) -- Massachusetts -- Boston' );
INSERT INTO subjects ( gid, subject ) VALUES ( '42999', 'Clubs -- Massachusetts -- Boston' );
INSERT INTO subjects ( gid, subject ) VALUES ( '42999', 'F001' );
INSERT INTO files ( gid, file, mime ) VALUES ( '42999', 'http://www.gutenberg.org/cache/epub/42999/pg42999.cover.medium.jpg', 'image/jpeg' );
INSERT INTO files ( gid, file, mime ) VALUES ( '42999', 'http://www.gutenberg.org/cache/epub/42999/pg42999.cover.small.jpg', 'image/jpeg' );
INSERT INTO files ( gid, file, mime ) VALUES ( '42999', 'http://www.gutenberg.org/ebooks/42999.epub.images', 'application/epub+zip' );
INSERT INTO files ( gid, file, mime ) VALUES ( '42999', 'http://www.gutenberg.org/ebooks/42999.epub.noimages', 'application/epub+zip' );
INSERT INTO files ( gid, file, mime ) VALUES ( '42999', 'http://www.gutenberg.org/ebooks/42999.kindle.images', 'application/x-mobipocket-ebook' );
INSERT INTO files ( gid, file, mime ) VALUES ( '42999', 'http://www.gutenberg.org/ebooks/42999.kindle.noimages', 'application/x-mobipocket-ebook' );
INSERT INTO files ( gid, file, mime ) VALUES ( '42999', 'http://www.gutenberg.org/ebooks/42999.rdf', 'application/rdf+xml' );
INSERT INTO files ( gid, file, mime ) VALUES ( '42999', 'http://www.gutenberg.org/ebooks/42999.txt.utf-8', 'text/plain' );
INSERT INTO files ( gid, file, mime ) VALUES ( '42999', 'http://www.gutenberg.org/files/42999/42999-8.txt', 'text/plain; charset=iso-8859-1' );
INSERT INTO files ( gid, file, mime ) VALUES ( '42999', 'http://www.gutenberg.org/files/42999/42999-8.zip', 'text/plain; charset=iso-8859-1application/zip' );
INSERT INTO files ( gid, file, mime ) VALUES ( '42999', 'http://www.gutenberg.org/files/42999/42999-h.zip', 'text/html; charset=utf-8application/zip' );
INSERT INTO files ( gid, file, mime ) VALUES ( '42999', 'http://www.gutenberg.org/files/42999/42999-h/42999-h.htm', 'text/html; charset=utf-8' );
INSERT INTO files ( gid, file, mime ) VALUES ( '42999', 'http://www.gutenberg.org/files/42999/42999.txt', 'text/plain; charset=us-ascii' );
INSERT INTO files ( gid, file, mime ) VALUES ( '42999', 'http://www.gutenberg.org/files/42999/42999.zip', 'application/ziptext/plain; charset=us-ascii' );
INSERT INTO titles ( gid, title, author, language, rights ) VALUES ( '44000', 'The Origin of Vertebrates', 'Gaskell, Walter Holbrook', 'en', 'Public domain in the USA.' );
INSERT INTO classifications ( gid, classification ) VALUES ( '44000', 'QH' );
INSERT INTO subjects ( gid, subject ) VALUES ( '44000', 'Vertebrates' );
INSERT INTO files ( gid, file, mime ) VALUES ( '44000', 'http://www.gutenberg.org/ebooks/44000.epub.images', 'application/epub+zip' );
INSERT INTO files ( gid, file, mime ) VALUES ( '44000', 'http://www.gutenberg.org/ebooks/44000.epub.noimages', 'application/epub+zip' );
INSERT INTO files ( gid, file, mime ) VALUES ( '44000', 'http://www.gutenberg.org/ebooks/44000.kindle.images', 'application/x-mobipocket-ebook' );
INSERT INTO files ( gid, file, mime ) VALUES ( '44000', 'http://www.gutenberg.org/ebooks/44000.kindle.noimages', 'application/x-mobipocket-ebook' );
INSERT INTO files ( gid, file, mime ) VALUES ( '44000', 'http://www.gutenberg.org/ebooks/44000.rdf', 'application/rdf+xml' );
INSERT INTO files ( gid, file, mime ) VALUES ( '44000', 'http://www.gutenberg.org/ebooks/44000.txt.utf-8', 'text/plain' );
INSERT INTO files ( gid, file, mime ) VALUES ( '44000', 'http://www.gutenberg.org/files/44000/44000-8.txt', 'text/plain; charset=iso-8859-1' );
INSERT INTO files ( gid, file, mime ) VALUES ( '44000', 'http://www.gutenberg.org/files/44000/44000-8.zip', 'text/plain; charset=iso-8859-1application/zip' );
INSERT INTO files ( gid, file, mime ) VALUES ( '44000', 'http://www.gutenberg.org/files/44000/44000-h.zip', 'text/html; charset=iso-8859-1application/zip' );
INSERT INTO files ( gid, file, mime ) VALUES ( '44000', 'http://www.gutenberg.org/files/44000/44000-h/44000-h.htm', 'text/html; charset=iso-8859-1' );
INSERT INTO files ( gid, file, mime ) VALUES ( '44000', 'http://www.gutenberg.org/files/44000/44000.txt', 'text/plain; charset=us-ascii' );
INSERT INTO files ( gid, file, mime ) VALUES ( '44000', 'http://www.gutenberg.org/files/44000/44000.zip', 'text/plain; charset=us-asciiapplication/zip' );
INSERT INTO titles ( gid, title, author, language, rights ) VALUES ( '4400', 'Hira Singh : when India came to fight in Flanders', 'Mundy, Talbot', 'en', 'Public domain in the USA.' );
INSERT INTO classifications ( gid, classification ) VALUES ( '4400', 'PR' );
INSERT INTO subjects ( gid, subject ) VALUES ( '4400', 'World War, 1914-1918 -- Fiction' );
INSERT INTO files ( gid, file, mime ) VALUES ( '4400', 'http://www.gutenberg.org/ebooks/4400.epub.images', 'application/epub+zip' );
INSERT INTO files ( gid, file, mime ) VALUES ( '4400', 'http://www.gutenberg.org/ebooks/4400.epub.noimages', 'application/epub+zip' );
INSERT INTO files ( gid, file, mime ) VALUES ( '4400', 'http://www.gutenberg.org/ebooks/4400.kindle.images', 'application/x-mobipocket-ebook' );
INSERT INTO files ( gid, file, mime ) VALUES ( '4400', 'http://www.gutenberg.org/ebooks/4400.kindle.noimages', 'application/x-mobipocket-ebook' );
INSERT INTO files ( gid, file, mime ) VALUES ( '4400', 'http://www.gutenberg.org/ebooks/4400.rdf', 'application/rdf+xml' );
INSERT INTO files ( gid, file, mime ) VALUES ( '4400', 'http://www.gutenberg.org/ebooks/4400.txt.utf-8', 'text/plain' );
INSERT INTO files ( gid, file, mime ) VALUES ( '4400', 'http://www.gutenberg.org/files/4400/4400-h.zip', 'text/html; charset=iso-8859-1application/zip' );
INSERT INTO files ( gid, file, mime ) VALUES ( '4400', 'http://www.gutenberg.org/files/4400/4400-h/4400-h.htm', 'text/html; charset=iso-8859-1' );
INSERT INTO files ( gid, file, mime ) VALUES ( '4400', 'http://www.gutenberg.org/files/4400/4400.txt', 'text/plain; charset=us-ascii' );
INSERT INTO files ( gid, file, mime ) VALUES ( '4400', 'http://www.gutenberg.org/files/4400/4400.zip', 'text/plain; charset=us-asciiapplication/zip' );
INSERT INTO titles ( gid, title, author, language, rights ) VALUES ( '44100', 'Ruth of Boston: A Story of the Massachusetts Bay Colony', 'Otis, James', 'en', 'Public domain in the USA.' );
INSERT INTO classifications ( gid, classification ) VALUES ( '44100', 'PZ' );
INSERT INTO subjects ( gid, subject ) VALUES ( '44100', 'F001' );
INSERT INTO subjects ( gid, subject ) VALUES ( '44100', 'Massachusetts -- History -- Colonial period, ca. 1600-1775 -- Juvenile literature' );
INSERT INTO subjects ( gid, subject ) VALUES ( '44100', 'Boston (Mass.) -- Social life and customs -- Juvenile literature' );
INSERT INTO files ( gid, file, mime ) VALUES ( '44100', 'http://www.gutenberg.org/cache/epub/44100/pg44100.cover.medium.jpg', 'image/jpeg' );
INSERT INTO files ( gid, file, mime ) VALUES ( '44100', 'http://www.gutenberg.org/cache/epub/44100/pg44100.cover.small.jpg', 'image/jpeg' );
INSERT INTO files ( gid, file, mime ) VALUES ( '44100', 'http://www.gutenberg.org/ebooks/44100.epub.images', 'application/epub+zip' );
INSERT INTO files ( gid, file, mime ) VALUES ( '44100', 'http://www.gutenberg.org/ebooks/44100.epub.noimages', 'application/epub+zip' );
INSERT INTO files ( gid, file, mime ) VALUES ( '44100', 'http://www.gutenberg.org/ebooks/44100.kindle.images', 'application/x-mobipocket-ebook' );
INSERT INTO files ( gid, file, mime ) VALUES ( '44100', 'http://www.gutenberg.org/ebooks/44100.kindle.noimages', 'application/x-mobipocket-ebook' );
INSERT INTO files ( gid, file, mime ) VALUES ( '44100', 'http://www.gutenberg.org/ebooks/44100.rdf', 'application/rdf+xml' );
INSERT INTO files ( gid, file, mime ) VALUES ( '44100', 'http://www.gutenberg.org/ebooks/44100.txt.utf-8', 'text/plain' );
INSERT INTO files ( gid, file, mime ) VALUES ( '44100', 'http://www.gutenberg.org/files/44100/44100-h.zip', 'text/html; charset=iso-8859-1application/zip' );
INSERT INTO files ( gid, file, mime ) VALUES ( '44100', 'http://www.gutenberg.org/files/44100/44100-h/44100-h.htm', 'text/html; charset=iso-8859-1' );
INSERT INTO files ( gid, file, mime ) VALUES ( '44100', 'http://www.gutenberg.org/files/44100/44100.txt', 'text/plain; charset=us-ascii' );
INSERT INTO files ( gid, file, mime ) VALUES ( '44100', 'http://www.gutenberg.org/files/44100/44100.zip', 'text/plain; charset=us-asciiapplication/zip' );
INSERT INTO titles ( gid, title, author, language, rights ) VALUES ( '44200', 'The Reality of War: A Companion to Clausewitz', 'Murray, Stewart Lygon', 'en', 'Public domain in the USA.' );
INSERT INTO classifications ( gid, classification ) VALUES ( '44200', 'U' );
INSERT INTO subjects ( gid, subject ) VALUES ( '44200', 'War' );
INSERT INTO subjects ( gid, subject ) VALUES ( '44200', 'Clausewitz, Carl von, 1780-1831. Vom Kriege' );
INSERT INTO subjects ( gid, subject ) VALUES ( '44200', 'Military art and science' );
INSERT INTO files ( gid, file, mime ) VALUES ( '44200', 'http://www.gutenberg.org/cache/epub/44200/pg44200.cover.medium.jpg', 'image/jpeg' );
INSERT INTO files ( gid, file, mime ) VALUES ( '44200', 'http://www.gutenberg.org/cache/epub/44200/pg44200.cover.small.jpg', 'image/jpeg' );
INSERT INTO files ( gid, file, mime ) VALUES ( '44200', 'http://www.gutenberg.org/ebooks/44200.epub.images', 'application/epub+zip' );
INSERT INTO files ( gid, file, mime ) VALUES ( '44200', 'http://www.gutenberg.org/ebooks/44200.epub.noimages', 'application/epub+zip' );
INSERT INTO files ( gid, file, mime ) VALUES ( '44200', 'http://www.gutenberg.org/ebooks/44200.kindle.images', 'application/x-mobipocket-ebook' );
INSERT INTO files ( gid, file, mime ) VALUES ( '44200', 'http://www.gutenberg.org/ebooks/44200.kindle.noimages', 'application/x-mobipocket-ebook' );
INSERT INTO files ( gid, file, mime ) VALUES ( '44200', 'http://www.gutenberg.org/ebooks/44200.rdf', 'application/rdf+xml' );
INSERT INTO files ( gid, file, mime ) VALUES ( '44200', 'http://www.gutenberg.org/ebooks/44200.txt.utf-8', 'text/plain' );
INSERT INTO files ( gid, file, mime ) VALUES ( '44200', 'http://www.gutenberg.org/files/44200/44200-8.txt', 'text/plain; charset=iso-8859-1' );
INSERT INTO files ( gid, file, mime ) VALUES ( '44200', 'http://www.gutenberg.org/files/44200/44200-8.zip', 'application/ziptext/plain; charset=iso-8859-1' );
INSERT INTO files ( gid, file, mime ) VALUES ( '44200', 'http://www.gutenberg.org/files/44200/44200-h.zip', 'application/ziptext/html; charset=iso-8859-1' );
INSERT INTO files ( gid, file, mime ) VALUES ( '44200', 'http://www.gutenberg.org/files/44200/44200-h/44200-h.htm', 'text/html; charset=iso-8859-1' );
INSERT INTO files ( gid, file, mime ) VALUES ( '44200', 'http://www.gutenberg.org/files/44200/44200.txt', 'text/plain; charset=us-ascii' );
INSERT INTO files ( gid, file, mime ) VALUES ( '44200', 'http://www.gutenberg.org/files/44200/44200.zip', 'text/plain; charset=us-asciiapplication/zip' );
INSERT INTO titles ( gid, title, author, language, rights ) VALUES ( '44300', 'Dernières Années de la Cour de Lunéville Mme de Boufflers, ses enfants et ses amis', 'Maugras, Gaston', 'fr', 'Public domain in the USA.' );
INSERT INTO classifications ( gid, classification ) VALUES ( '44300', 'DK' );
INSERT INTO subjects ( gid, subject ) VALUES ( '44300', 'Stanislaw I Leszczynski, King of Poland, 1677-1766' );
INSERT INTO subjects ( gid, subject ) VALUES ( '44300', 'Boufflers, Marie Françoise Catherine de Beauvau, marquise de, 1711-1786' );
INSERT INTO files ( gid, file, mime ) VALUES ( '44300', 'http://www.gutenberg.org/cache/epub/44300/pg44300.cover.medium.jpg', 'image/jpeg' );
INSERT INTO files ( gid, file, mime ) VALUES ( '44300', 'http://www.gutenberg.org/cache/epub/44300/pg44300.cover.small.jpg', 'image/jpeg' );
INSERT INTO files ( gid, file, mime ) VALUES ( '44300', 'http://www.gutenberg.org/ebooks/44300.epub.images', 'application/epub+zip' );
INSERT INTO files ( gid, file, mime ) VALUES ( '44300', 'http://www.gutenberg.org/ebooks/44300.epub.noimages', 'application/epub+zip' );
INSERT INTO files ( gid, file, mime ) VALUES ( '44300', 'http://www.gutenberg.org/ebooks/44300.kindle.images', 'application/x-mobipocket-ebook' );
INSERT INTO files ( gid, file, mime ) VALUES ( '44300', 'http://www.gutenberg.org/ebooks/44300.kindle.noimages', 'application/x-mobipocket-ebook' );
INSERT INTO files ( gid, file, mime ) VALUES ( '44300', 'http://www.gutenberg.org/ebooks/44300.rdf', 'application/rdf+xml' );
INSERT INTO files ( gid, file, mime ) VALUES ( '44300', 'http://www.gutenberg.org/files/44300/44300-0.txt', 'text/plain; charset=utf-8' );
INSERT INTO files ( gid, file, mime ) VALUES ( '44300', 'http://www.gutenberg.org/files/44300/44300-0.zip', 'text/plain; charset=utf-8application/zip' );
INSERT INTO files ( gid, file, mime ) VALUES ( '44300', 'http://www.gutenberg.org/files/44300/44300-8.txt', 'text/plain; charset=iso-8859-1' );
INSERT INTO files ( gid, file, mime ) VALUES ( '44300', 'http://www.gutenberg.org/files/44300/44300-8.zip', 'text/plain; charset=iso-8859-1application/zip' );
INSERT INTO files ( gid, file, mime ) VALUES ( '44300', 'http://www.gutenberg.org/files/44300/44300-h.zip', 'application/ziptext/html; charset=iso-8859-1' );
INSERT INTO files ( gid, file, mime ) VALUES ( '44300', 'http://www.gutenberg.org/files/44300/44300-h/44300-h.htm', 'text/html; charset=iso-8859-1' );
INSERT INTO titles ( gid, title, author, language, rights ) VALUES ( '44400', 'Ticktock and Jim', 'Robertson, Keith', 'en', 'Public domain in the USA.' );
INSERT INTO classifications ( gid, classification ) VALUES ( '44400', 'PZ' );
INSERT INTO subjects ( gid, subject ) VALUES ( '44400', 'Boys -- Juvenile fiction' );
INSERT INTO subjects ( gid, subject ) VALUES ( '44400', 'Horses -- Juvenile fiction' );
INSERT INTO files ( gid, file, mime ) VALUES ( '44400', 'http://www.gutenberg.org/cache/epub/44400/pg44400.cover.medium.jpg', 'image/jpeg' );
INSERT INTO files ( gid, file, mime ) VALUES ( '44400', 'http://www.gutenberg.org/cache/epub/44400/pg44400.cover.small.jpg', 'image/jpeg' );
INSERT INTO files ( gid, file, mime ) VALUES ( '44400', 'http://www.gutenberg.org/ebooks/44400.epub.images', 'application/epub+zip' );
INSERT INTO files ( gid, file, mime ) VALUES ( '44400', 'http://www.gutenberg.org/ebooks/44400.epub.noimages', 'application/epub+zip' );
INSERT INTO files ( gid, file, mime ) VALUES ( '44400', 'http://www.gutenberg.org/ebooks/44400.kindle.images', 'application/x-mobipocket-ebook' );
INSERT INTO files ( gid, file, mime ) VALUES ( '44400', 'http://www.gutenberg.org/ebooks/44400.kindle.noimages', 'application/x-mobipocket-ebook' );
INSERT INTO files ( gid, file, mime ) VALUES ( '44400', 'http://www.gutenberg.org/ebooks/44400.rdf', 'application/rdf+xml' );
INSERT INTO files ( gid, file, mime ) VALUES ( '44400', 'http://www.gutenberg.org/files/44400/44400-0.txt', 'text/plain; charset=utf-8' );
INSERT INTO files ( gid, file, mime ) VALUES ( '44400', 'http://www.gutenberg.org/files/44400/44400-0.zip', 'text/plain; charset=utf-8application/zip' );
INSERT INTO files ( gid, file, mime ) VALUES ( '44400', 'http://www.gutenberg.org/files/44400/44400-8.txt', 'text/plain; charset=iso-8859-1' );
INSERT INTO files ( gid, file, mime ) VALUES ( '44400', 'http://www.gutenberg.org/files/44400/44400-8.zip', 'application/ziptext/plain; charset=iso-8859-1' );
INSERT INTO files ( gid, file, mime ) VALUES ( '44400', 'http://www.gutenberg.org/files/44400/44400-h.zip', 'application/ziptext/html; charset=utf-8' );
INSERT INTO files ( gid, file, mime ) VALUES ( '44400', 'http://www.gutenberg.org/files/44400/44400-h/44400-h.htm', 'text/html; charset=utf-8' );
INSERT INTO files ( gid, file, mime ) VALUES ( '44400', 'http://www.gutenberg.org/files/44400/44400.txt', 'text/plain; charset=us-ascii' );
INSERT INTO files ( gid, file, mime ) VALUES ( '44400', 'http://www.gutenberg.org/files/44400/44400.zip', 'text/plain; charset=us-asciiapplication/zip' );
INSERT INTO titles ( gid, title, author, language, rights ) VALUES ( '44500', 'The Criminal', 'Ellis, Havelock', 'en', 'Public domain in the USA.' );
INSERT INTO classifications ( gid, classification ) VALUES ( '44500', 'HV' );
INSERT INTO subjects ( gid, subject ) VALUES ( '44500', 'Criminal anthropology' );
INSERT INTO subjects ( gid, subject ) VALUES ( '44500', 'Criminology' );
INSERT INTO files ( gid, file, mime ) VALUES ( '44500', 'http://www.gutenberg.org/cache/epub/44500/pg44500.cover.medium.jpg', 'image/jpeg' );
INSERT INTO files ( gid, file, mime ) VALUES ( '44500', 'http://www.gutenberg.org/cache/epub/44500/pg44500.cover.small.jpg', 'image/jpeg' );
INSERT INTO files ( gid, file, mime ) VALUES ( '44500', 'http://www.gutenberg.org/ebooks/44500.epub.images', 'application/epub+zip' );
INSERT INTO files ( gid, file, mime ) VALUES ( '44500', 'http://www.gutenberg.org/ebooks/44500.epub.noimages', 'application/epub+zip' );
INSERT INTO files ( gid, file, mime ) VALUES ( '44500', 'http://www.gutenberg.org/ebooks/44500.kindle.images', 'application/x-mobipocket-ebook' );
INSERT INTO files ( gid, file, mime ) VALUES ( '44500', 'http://www.gutenberg.org/ebooks/44500.kindle.noimages', 'application/x-mobipocket-ebook' );
INSERT INTO files ( gid, file, mime ) VALUES ( '44500', 'http://www.gutenberg.org/ebooks/44500.rdf', 'application/rdf+xml' );
INSERT INTO files ( gid, file, mime ) VALUES ( '44500', 'http://www.gutenberg.org/files/44500/44500-0.txt', 'text/plain; charset=utf-8' );
INSERT INTO files ( gid, file, mime ) VALUES ( '44500', 'http://www.gutenberg.org/files/44500/44500-0.zip', 'text/plain; charset=utf-8application/zip' );
INSERT INTO files ( gid, file, mime ) VALUES ( '44500', 'http://www.gutenberg.org/files/44500/44500-8.txt', 'text/plain; charset=iso-8859-1' );
INSERT INTO files ( gid, file, mime ) VALUES ( '44500', 'http://www.gutenberg.org/files/44500/44500-8.zip', 'application/ziptext/plain; charset=iso-8859-1' );
INSERT INTO files ( gid, file, mime ) VALUES ( '44500', 'http://www.gutenberg.org/files/44500/44500-h.zip', 'application/ziptext/html; charset=utf-8' );
INSERT INTO files ( gid, file, mime ) VALUES ( '44500', 'http://www.gutenberg.org/files/44500/44500-h/44500-h.htm', 'text/html; charset=utf-8' );
INSERT INTO titles ( gid, title, author, language, rights ) VALUES ( '44600', 'Martha of California: A Story of the California Trail', 'Otis, James', 'en', 'Public domain in the USA.' );
INSERT INTO classifications ( gid, classification ) VALUES ( '44600', 'PZ' );
INSERT INTO subjects ( gid, subject ) VALUES ( '44600', 'Overland journeys to the Pacific -- Juvenile fiction' );
INSERT INTO subjects ( gid, subject ) VALUES ( '44600', 'United States -- History -- 1849-1877 -- Juvenile fiction' );
INSERT INTO subjects ( gid, subject ) VALUES ( '44600', 'West (U.S.) -- Juvenile fiction' );
INSERT INTO subjects ( gid, subject ) VALUES ( '44600', 'Frontier and pioneer life -- West (U.S.) -- Juvenile fiction' );
INSERT INTO files ( gid, file, mime ) VALUES ( '44600', 'http://www.gutenberg.org/cache/epub/44600/pg44600.cover.medium.jpg', 'image/jpeg' );
INSERT INTO files ( gid, file, mime ) VALUES ( '44600', 'http://www.gutenberg.org/cache/epub/44600/pg44600.cover.small.jpg', 'image/jpeg' );
INSERT INTO files ( gid, file, mime ) VALUES ( '44600', 'http://www.gutenberg.org/ebooks/44600.epub.images', 'application/epub+zip' );
INSERT INTO files ( gid, file, mime ) VALUES ( '44600', 'http://www.gutenberg.org/ebooks/44600.epub.noimages', 'application/epub+zip' );
INSERT INTO files ( gid, file, mime ) VALUES ( '44600', 'http://www.gutenberg.org/ebooks/44600.kindle.images', 'application/x-mobipocket-ebook' );
INSERT INTO files ( gid, file, mime ) VALUES ( '44600', 'http://www.gutenberg.org/ebooks/44600.kindle.noimages', 'application/x-mobipocket-ebook' );
INSERT INTO files ( gid, file, mime ) VALUES ( '44600', 'http://www.gutenberg.org/ebooks/44600.rdf', 'application/rdf+xml' );
INSERT INTO files ( gid, file, mime ) VALUES ( '44600', 'http://www.gutenberg.org/files/44600/44600-0.txt', 'text/plain; charset=utf-8' );
INSERT INTO files ( gid, file, mime ) VALUES ( '44600', 'http://www.gutenberg.org/files/44600/44600-0.zip', 'text/plain; charset=utf-8application/zip' );
INSERT INTO files ( gid, file, mime ) VALUES ( '44600', 'http://www.gutenberg.org/files/44600/44600-8.txt', 'text/plain; charset=iso-8859-1' );
INSERT INTO files ( gid, file, mime ) VALUES ( '44600', 'http://www.gutenberg.org/files/44600/44600-8.zip', 'text/plain; charset=iso-8859-1application/zip' );
INSERT INTO files ( gid, file, mime ) VALUES ( '44600', 'http://www.gutenberg.org/files/44600/44600-h.zip', 'text/html; charset=utf-8application/zip' );
INSERT INTO files ( gid, file, mime ) VALUES ( '44600', 'http://www.gutenberg.org/files/44600/44600-h/44600-h.htm', 'text/html; charset=utf-8' );
INSERT INTO files ( gid, file, mime ) VALUES ( '44600', 'http://www.gutenberg.org/files/44600/44600.txt', 'text/plain; charset=us-ascii' );
INSERT INTO files ( gid, file, mime ) VALUES ( '44600', 'http://www.gutenberg.org/files/44600/44600.zip', 'text/plain; charset=us-asciiapplication/zip' );
INSERT INTO titles ( gid, title, author, language, rights ) VALUES ( '44700', 'Holinshed Chronicles: England, Scotland, and Ireland. Volume 1, Complete', 'Harrison, William', 'en', 'Public domain in the USA.' );
INSERT INTO classifications ( gid, classification ) VALUES ( '44700', 'DA' );
INSERT INTO subjects ( gid, subject ) VALUES ( '44700', 'Great Britain -- History -- Tudors, 1485-1603' );
INSERT INTO subjects ( gid, subject ) VALUES ( '44700', 'Great Britain -- History -- To 1485' );
INSERT INTO files ( gid, file, mime ) VALUES ( '44700', 'http://www.gutenberg.org/ebooks/44700.epub.images', 'application/epub+zip' );
INSERT INTO files ( gid, file, mime ) VALUES ( '44700', 'http://www.gutenberg.org/ebooks/44700.epub.noimages', 'application/epub+zip' );
INSERT INTO files ( gid, file, mime ) VALUES ( '44700', 'http://www.gutenberg.org/ebooks/44700.kindle.images', 'application/x-mobipocket-ebook' );
INSERT INTO files ( gid, file, mime ) VALUES ( '44700', 'http://www.gutenberg.org/ebooks/44700.kindle.noimages', 'application/x-mobipocket-ebook' );
INSERT INTO files ( gid, file, mime ) VALUES ( '44700', 'http://www.gutenberg.org/ebooks/44700.rdf', 'application/rdf+xml' );
INSERT INTO files ( gid, file, mime ) VALUES ( '44700', 'http://www.gutenberg.org/ebooks/44700.txt.utf-8', 'text/plain' );
INSERT INTO files ( gid, file, mime ) VALUES ( '44700', 'http://www.gutenberg.org/files/44700/44700-8.txt', 'text/plain; charset=iso-8859-1' );
INSERT INTO files ( gid, file, mime ) VALUES ( '44700', 'http://www.gutenberg.org/files/44700/44700-8.zip', 'application/ziptext/plain; charset=iso-8859-1' );
INSERT INTO files ( gid, file, mime ) VALUES ( '44700', 'http://www.gutenberg.org/files/44700/44700-h.zip', 'text/html; charset=iso-8859-1application/zip' );
INSERT INTO files ( gid, file, mime ) VALUES ( '44700', 'http://www.gutenberg.org/files/44700/44700-h/44700-h.htm', 'text/html; charset=iso-8859-1' );
INSERT INTO titles ( gid, title, author, language, rights ) VALUES ( '44800', 'The Law', 'Bastiat, Frédéric', 'en', 'Public domain in the USA.' );
INSERT INTO classifications ( gid, classification ) VALUES ( '44800', 'K' );
INSERT INTO subjects ( gid, subject ) VALUES ( '44800', 'Property' );
INSERT INTO subjects ( gid, subject ) VALUES ( '44800', 'Law -- Philosophy' );
INSERT INTO subjects ( gid, subject ) VALUES ( '44800', 'Socialism and liberty' );
INSERT INTO subjects ( gid, subject ) VALUES ( '44800', 'Justice, Administration of' );
INSERT INTO subjects ( gid, subject ) VALUES ( '44800', 'Law and socialism' );
INSERT INTO files ( gid, file, mime ) VALUES ( '44800', 'http://www.gutenberg.org/cache/epub/44800/pg44800.cover.medium.jpg', 'image/jpeg' );
INSERT INTO files ( gid, file, mime ) VALUES ( '44800', 'http://www.gutenberg.org/cache/epub/44800/pg44800.cover.small.jpg', 'image/jpeg' );
INSERT INTO files ( gid, file, mime ) VALUES ( '44800', 'http://www.gutenberg.org/ebooks/44800.epub.images', 'application/epub+zip' );
INSERT INTO files ( gid, file, mime ) VALUES ( '44800', 'http://www.gutenberg.org/ebooks/44800.epub.noimages', 'application/epub+zip' );
INSERT INTO files ( gid, file, mime ) VALUES ( '44800', 'http://www.gutenberg.org/ebooks/44800.kindle.images', 'application/x-mobipocket-ebook' );
INSERT INTO files ( gid, file, mime ) VALUES ( '44800', 'http://www.gutenberg.org/ebooks/44800.kindle.noimages', 'application/x-mobipocket-ebook' );
INSERT INTO files ( gid, file, mime ) VALUES ( '44800', 'http://www.gutenberg.org/ebooks/44800.rdf', 'application/rdf+xml' );
INSERT INTO files ( gid, file, mime ) VALUES ( '44800', 'http://www.gutenberg.org/ebooks/44800.txt.utf-8', 'text/plain' );
INSERT INTO files ( gid, file, mime ) VALUES ( '44800', 'http://www.gutenberg.org/files/44800/44800-8.txt', 'text/plain; charset=iso-8859-1' );
INSERT INTO files ( gid, file, mime ) VALUES ( '44800', 'http://www.gutenberg.org/files/44800/44800-8.zip', 'application/ziptext/plain; charset=iso-8859-1' );
INSERT INTO files ( gid, file, mime ) VALUES ( '44800', 'http://www.gutenberg.org/files/44800/44800-h.zip', 'application/ziptext/html; charset=iso-8859-1' );
INSERT INTO files ( gid, file, mime ) VALUES ( '44800', 'http://www.gutenberg.org/files/44800/44800-h/44800-h.htm', 'text/html; charset=iso-8859-1' );
INSERT INTO files ( gid, file, mime ) VALUES ( '44800', 'http://www.gutenberg.org/files/44800/44800.txt', 'text/plain; charset=us-ascii' );
INSERT INTO files ( gid, file, mime ) VALUES ( '44800', 'http://www.gutenberg.org/files/44800/44800.zip', 'application/ziptext/plain; charset=us-ascii' );
INSERT INTO titles ( gid, title, author, language, rights ) VALUES ( '44900', 'The Life of Sir John Falstaff', 'Brough, Robert B. (Robert Barnabas)', 'en', 'Public domain in the USA.' );
INSERT INTO classifications ( gid, classification ) VALUES ( '44900', 'PR' );
INSERT INTO subjects ( gid, subject ) VALUES ( '44900', 'Shakespeare, William, 1564-1616 -- Characters -- Falstaff' );
INSERT INTO files ( gid, file, mime ) VALUES ( '44900', 'http://www.gutenberg.org/cache/epub/44900/pg44900.cover.medium.jpg', 'image/jpeg' );
INSERT INTO files ( gid, file, mime ) VALUES ( '44900', 'http://www.gutenberg.org/cache/epub/44900/pg44900.cover.small.jpg', 'image/jpeg' );
INSERT INTO files ( gid, file, mime ) VALUES ( '44900', 'http://www.gutenberg.org/ebooks/44900.epub.images', 'application/epub+zip' );
INSERT INTO files ( gid, file, mime ) VALUES ( '44900', 'http://www.gutenberg.org/ebooks/44900.epub.noimages', 'application/epub+zip' );
INSERT INTO files ( gid, file, mime ) VALUES ( '44900', 'http://www.gutenberg.org/ebooks/44900.kindle.images', 'application/x-mobipocket-ebook' );
INSERT INTO files ( gid, file, mime ) VALUES ( '44900', 'http://www.gutenberg.org/ebooks/44900.kindle.noimages', 'application/x-mobipocket-ebook' );
INSERT INTO files ( gid, file, mime ) VALUES ( '44900', 'http://www.gutenberg.org/ebooks/44900.rdf', 'application/rdf+xml' );
INSERT INTO files ( gid, file, mime ) VALUES ( '44900', 'http://www.gutenberg.org/files/44900/44900-0.txt', 'text/plain; charset=utf-8' );
INSERT INTO files ( gid, file, mime ) VALUES ( '44900', 'http://www.gutenberg.org/files/44900/44900-0.zip', 'application/ziptext/plain; charset=utf-8' );
INSERT INTO files ( gid, file, mime ) VALUES ( '44900', 'http://www.gutenberg.org/files/44900/44900-8.txt', 'text/plain; charset=iso-8859-1' );
INSERT INTO files ( gid, file, mime ) VALUES ( '44900', 'http://www.gutenberg.org/files/44900/44900-8.zip', 'application/ziptext/plain; charset=iso-8859-1' );
INSERT INTO files ( gid, file, mime ) VALUES ( '44900', 'http://www.gutenberg.org/files/44900/44900-h.zip', 'application/ziptext/html; charset=utf-8' );
INSERT INTO files ( gid, file, mime ) VALUES ( '44900', 'http://www.gutenberg.org/files/44900/44900-h/44900-h.htm', 'text/html; charset=utf-8' );
INSERT INTO files ( gid, file, mime ) VALUES ( '44900', 'http://www.gutenberg.org/files/44900/44900.txt', 'text/plain; charset=us-ascii' );
INSERT INTO files ( gid, file, mime ) VALUES ( '44900', 'http://www.gutenberg.org/files/44900/44900.zip', 'text/plain; charset=us-asciiapplication/zip' );
INSERT INTO titles ( gid, title, author, language, rights ) VALUES ( '45000', 'Elias Lönnrotin nuoruuden ajoilta Laukon kartanossa', 'Nervander, Emil Fredrik', 'fi', 'Public domain in the USA.' );
INSERT INTO classifications ( gid, classification ) VALUES ( '45000', 'PH' );
INSERT INTO subjects ( gid, subject ) VALUES ( '45000', 'Lönnrot, Elias, 1802-1884' );
INSERT INTO files ( gid, file, mime ) VALUES ( '45000', 'http://www.gutenberg.org/ebooks/45000.epub.images', 'application/epub+zip' );
INSERT INTO files ( gid, file, mime ) VALUES ( '45000', 'http://www.gutenberg.org/ebooks/45000.epub.noimages', 'application/epub+zip' );
INSERT INTO files ( gid, file, mime ) VALUES ( '45000', 'http://www.gutenberg.org/ebooks/45000.kindle.images', 'application/x-mobipocket-ebook' );
INSERT INTO files ( gid, file, mime ) VALUES ( '45000', 'http://www.gutenberg.org/ebooks/45000.kindle.noimages', 'application/x-mobipocket-ebook' );
INSERT INTO files ( gid, file, mime ) VALUES ( '45000', 'http://www.gutenberg.org/ebooks/45000.rdf', 'application/rdf+xml' );
INSERT INTO files ( gid, file, mime ) VALUES ( '45000', 'http://www.gutenberg.org/ebooks/45000.txt.utf-8', 'text/plain' );
INSERT INTO files ( gid, file, mime ) VALUES ( '45000', 'http://www.gutenberg.org/files/45000/45000-8.txt', 'text/plain; charset=iso-8859-1' );
INSERT INTO files ( gid, file, mime ) VALUES ( '45000', 'http://www.gutenberg.org/files/45000/45000-8.zip', 'text/plain; charset=iso-8859-1application/zip' );
INSERT INTO files ( gid, file, mime ) VALUES ( '45000', 'http://www.gutenberg.org/files/45000/45000-h.zip', 'application/ziptext/html' );
INSERT INTO files ( gid, file, mime ) VALUES ( '45000', 'http://www.gutenberg.org/files/45000/45000-h/45000-h.htm', 'text/html' );
INSERT INTO titles ( gid, title, author, language, rights ) VALUES ( '4500', 'Complete Project Gutenberg Works of George Meredith', 'Meredith, George', 'en', 'Public domain in the USA.' );
INSERT INTO classifications ( gid, classification ) VALUES ( '4500', 'PR' );
INSERT INTO subjects ( gid, subject ) VALUES ( '4500', 'English fiction -- 19th century' );
INSERT INTO files ( gid, file, mime ) VALUES ( '4500', 'http://www.gutenberg.org/ebooks/4500.epub.images', 'application/epub+zip' );
INSERT INTO files ( gid, file, mime ) VALUES ( '4500', 'http://www.gutenberg.org/ebooks/4500.epub.noimages', 'application/epub+zip' );
INSERT INTO files ( gid, file, mime ) VALUES ( '4500', 'http://www.gutenberg.org/ebooks/4500.html.images', 'text/html' );
INSERT INTO files ( gid, file, mime ) VALUES ( '4500', 'http://www.gutenberg.org/ebooks/4500.html.noimages', 'text/html' );
INSERT INTO files ( gid, file, mime ) VALUES ( '4500', 'http://www.gutenberg.org/ebooks/4500.kindle.images', 'application/x-mobipocket-ebook' );
INSERT INTO files ( gid, file, mime ) VALUES ( '4500', 'http://www.gutenberg.org/ebooks/4500.kindle.noimages', 'application/x-mobipocket-ebook' );
INSERT INTO files ( gid, file, mime ) VALUES ( '4500', 'http://www.gutenberg.org/ebooks/4500.rdf', 'application/rdf+xml' );
INSERT INTO files ( gid, file, mime ) VALUES ( '4500', 'http://www.gutenberg.org/ebooks/4500.txt.utf-8', 'text/plain' );
INSERT INTO files ( gid, file, mime ) VALUES ( '4500', 'http://www.gutenberg.org/files/4500/4500.txt', 'text/plain; charset=us-ascii' );
INSERT INTO files ( gid, file, mime ) VALUES ( '4500', 'http://www.gutenberg.org/files/4500/4500.zip', 'application/ziptext/plain; charset=us-ascii' );
INSERT INTO titles ( gid, title, author, language, rights ) VALUES ( '45100', 'The Whirl: A Romance of Washington Society', 'Davis, Foxcroft', 'en', 'Public domain in the USA.' );
INSERT INTO classifications ( gid, classification ) VALUES ( '45100', 'PS' );
INSERT INTO subjects ( gid, subject ) VALUES ( '45100', 'Socialites -- Fiction' );
INSERT INTO subjects ( gid, subject ) VALUES ( '45100', 'Washington (D.C.) -- Fiction' );
INSERT INTO files ( gid, file, mime ) VALUES ( '45100', 'http://www.gutenberg.org/cache/epub/45100/pg45100.cover.medium.jpg', 'image/jpeg' );
INSERT INTO files ( gid, file, mime ) VALUES ( '45100', 'http://www.gutenberg.org/cache/epub/45100/pg45100.cover.small.jpg', 'image/jpeg' );
INSERT INTO files ( gid, file, mime ) VALUES ( '45100', 'http://www.gutenberg.org/ebooks/45100.epub.images', 'application/epub+zip' );
INSERT INTO files ( gid, file, mime ) VALUES ( '45100', 'http://www.gutenberg.org/ebooks/45100.epub.noimages', 'application/epub+zip' );
INSERT INTO files ( gid, file, mime ) VALUES ( '45100', 'http://www.gutenberg.org/ebooks/45100.kindle.images', 'application/x-mobipocket-ebook' );
INSERT INTO files ( gid, file, mime ) VALUES ( '45100', 'http://www.gutenberg.org/ebooks/45100.kindle.noimages', 'application/x-mobipocket-ebook' );
INSERT INTO files ( gid, file, mime ) VALUES ( '45100', 'http://www.gutenberg.org/ebooks/45100.rdf', 'application/rdf+xml' );
INSERT INTO files ( gid, file, mime ) VALUES ( '45100', 'http://www.gutenberg.org/ebooks/45100.rst.gen', 'text/x-rst' );
INSERT INTO files ( gid, file, mime ) VALUES ( '45100', 'http://www.gutenberg.org/files/45100/45100-0.txt', 'text/plain; charset=utf-8' );
INSERT INTO files ( gid, file, mime ) VALUES ( '45100', 'http://www.gutenberg.org/files/45100/45100-0.zip', 'text/plain; charset=utf-8application/zip' );
INSERT INTO files ( gid, file, mime ) VALUES ( '45100', 'http://www.gutenberg.org/files/45100/45100-8.txt', 'text/plain; charset=iso-8859-1' );
INSERT INTO files ( gid, file, mime ) VALUES ( '45100', 'http://www.gutenberg.org/files/45100/45100-8.zip', 'text/plain; charset=iso-8859-1application/zip' );
INSERT INTO files ( gid, file, mime ) VALUES ( '45100', 'http://www.gutenberg.org/files/45100/45100-h.zip', 'text/html; charset=utf-8application/zip' );
INSERT INTO files ( gid, file, mime ) VALUES ( '45100', 'http://www.gutenberg.org/files/45100/45100-h/45100-h.html', 'text/html; charset=utf-8' );
INSERT INTO files ( gid, file, mime ) VALUES ( '45100', 'http://www.gutenberg.org/files/45100/45100-rst.zip', 'application/ziptext/x-rst' );
INSERT INTO files ( gid, file, mime ) VALUES ( '45100', 'http://www.gutenberg.org/files/45100/45100-rst/45100-rst.rst', 'text/x-rst' );
INSERT INTO files ( gid, file, mime ) VALUES ( '45100', 'http://www.gutenberg.org/files/45100/45100.txt', 'text/plain; charset=us-ascii' );
INSERT INTO files ( gid, file, mime ) VALUES ( '45100', 'http://www.gutenberg.org/files/45100/45100.zip', 'application/ziptext/plain; charset=us-ascii' );
INSERT INTO titles ( gid, title, author, language, rights ) VALUES ( '45200', 'The Romance of a Poor Young Man', 'Feuillet, Octave', 'en', 'Public domain in the USA.' );
INSERT INTO classifications ( gid, classification ) VALUES ( '45200', 'PQ' );
INSERT INTO subjects ( gid, subject ) VALUES ( '45200', 'Young men -- France -- Fiction' );
INSERT INTO files ( gid, file, mime ) VALUES ( '45200', 'http://www.gutenberg.org/cache/epub/45200/pg45200.cover.medium.jpg', 'image/jpeg' );
INSERT INTO files ( gid, file, mime ) VALUES ( '45200', 'http://www.gutenberg.org/cache/epub/45200/pg45200.cover.small.jpg', 'image/jpeg' );
INSERT INTO files ( gid, file, mime ) VALUES ( '45200', 'http://www.gutenberg.org/ebooks/45200.epub.images', 'application/epub+zip' );
INSERT INTO files ( gid, file, mime ) VALUES ( '45200', 'http://www.gutenberg.org/ebooks/45200.epub.noimages', 'application/epub+zip' );
INSERT INTO files ( gid, file, mime ) VALUES ( '45200', 'http://www.gutenberg.org/ebooks/45200.kindle.images', 'application/x-mobipocket-ebook' );
INSERT INTO files ( gid, file, mime ) VALUES ( '45200', 'http://www.gutenberg.org/ebooks/45200.kindle.noimages', 'application/x-mobipocket-ebook' );
INSERT INTO files ( gid, file, mime ) VALUES ( '45200', 'http://www.gutenberg.org/ebooks/45200.rdf', 'application/rdf+xml' );
INSERT INTO files ( gid, file, mime ) VALUES ( '45200', 'http://www.gutenberg.org/ebooks/45200.rst.gen', 'text/x-rst' );
INSERT INTO files ( gid, file, mime ) VALUES ( '45200', 'http://www.gutenberg.org/files/45200/45200-0.txt', 'text/plain; charset=utf-8' );
INSERT INTO files ( gid, file, mime ) VALUES ( '45200', 'http://www.gutenberg.org/files/45200/45200-0.zip', 'text/plain; charset=utf-8application/zip' );
INSERT INTO files ( gid, file, mime ) VALUES ( '45200', 'http://www.gutenberg.org/files/45200/45200-8.txt', 'text/plain; charset=iso-8859-1' );
INSERT INTO files ( gid, file, mime ) VALUES ( '45200', 'http://www.gutenberg.org/files/45200/45200-8.zip', 'text/plain; charset=iso-8859-1application/zip' );
INSERT INTO files ( gid, file, mime ) VALUES ( '45200', 'http://www.gutenberg.org/files/45200/45200-h.zip', 'application/ziptext/html; charset=utf-8' );
INSERT INTO files ( gid, file, mime ) VALUES ( '45200', 'http://www.gutenberg.org/files/45200/45200-h/45200-h.html', 'text/html; charset=utf-8' );
INSERT INTO files ( gid, file, mime ) VALUES ( '45200', 'http://www.gutenberg.org/files/45200/45200-rst.zip', 'application/ziptext/x-rst' );
INSERT INTO files ( gid, file, mime ) VALUES ( '45200', 'http://www.gutenberg.org/files/45200/45200-rst/45200-rst.rst', 'text/x-rst' );
INSERT INTO files ( gid, file, mime ) VALUES ( '45200', 'http://www.gutenberg.org/files/45200/45200.txt', 'text/plain; charset=us-ascii' );
INSERT INTO files ( gid, file, mime ) VALUES ( '45200', 'http://www.gutenberg.org/files/45200/45200.zip', 'application/ziptext/plain; charset=us-ascii' );
INSERT INTO titles ( gid, title, author, language, rights ) VALUES ( '45300', 'Once Upon a Time, and Other Child-Verses', 'Freeman, Mary Eleanor Wilkins', 'en', 'Public domain in the USA.' );
INSERT INTO classifications ( gid, classification ) VALUES ( '45300', 'PZ' );
INSERT INTO subjects ( gid, subject ) VALUES ( '45300', 'Children''s poetry' );
INSERT INTO files ( gid, file, mime ) VALUES ( '45300', 'http://www.gutenberg.org/cache/epub/45300/pg45300.cover.medium.jpg', 'image/jpeg' );
INSERT INTO files ( gid, file, mime ) VALUES ( '45300', 'http://www.gutenberg.org/cache/epub/45300/pg45300.cover.small.jpg', 'image/jpeg' );
INSERT INTO files ( gid, file, mime ) VALUES ( '45300', 'http://www.gutenberg.org/ebooks/45300.epub.images', 'application/epub+zip' );
INSERT INTO files ( gid, file, mime ) VALUES ( '45300', 'http://www.gutenberg.org/ebooks/45300.epub.noimages', 'application/epub+zip' );
INSERT INTO files ( gid, file, mime ) VALUES ( '45300', 'http://www.gutenberg.org/ebooks/45300.kindle.images', 'application/x-mobipocket-ebook' );
INSERT INTO files ( gid, file, mime ) VALUES ( '45300', 'http://www.gutenberg.org/ebooks/45300.kindle.noimages', 'application/x-mobipocket-ebook' );
INSERT INTO files ( gid, file, mime ) VALUES ( '45300', 'http://www.gutenberg.org/ebooks/45300.rdf', 'application/rdf+xml' );
INSERT INTO files ( gid, file, mime ) VALUES ( '45300', 'http://www.gutenberg.org/ebooks/45300.txt.utf-8', 'text/plain' );
INSERT INTO files ( gid, file, mime ) VALUES ( '45300', 'http://www.gutenberg.org/files/45300/45300-8.txt', 'text/plain; charset=iso-8859-1' );
INSERT INTO files ( gid, file, mime ) VALUES ( '45300', 'http://www.gutenberg.org/files/45300/45300-8.zip', 'text/plain; charset=iso-8859-1application/zip' );
INSERT INTO files ( gid, file, mime ) VALUES ( '45300', 'http://www.gutenberg.org/files/45300/45300-h.zip', 'application/ziptext/html; charset=iso-8859-1' );
INSERT INTO files ( gid, file, mime ) VALUES ( '45300', 'http://www.gutenberg.org/files/45300/45300-h/45300-h.htm', 'text/html; charset=iso-8859-1' );
INSERT INTO files ( gid, file, mime ) VALUES ( '45300', 'http://www.gutenberg.org/files/45300/45300.txt', 'text/plain; charset=us-ascii' );
INSERT INTO files ( gid, file, mime ) VALUES ( '45300', 'http://www.gutenberg.org/files/45300/45300.zip', 'text/plain; charset=us-asciiapplication/zip' );
INSERT INTO titles ( gid, title, author, language, rights ) VALUES ( '45400', 'Punch, or the London Charivari, Vol. 109, November 9th, 1895', 'Various', 'en', 'Public domain in the USA.' );
INSERT INTO classifications ( gid, classification ) VALUES ( '45400', 'AP' );
INSERT INTO subjects ( gid, subject ) VALUES ( '45400', 'English wit and humor -- Periodicals' );
INSERT INTO files ( gid, file, mime ) VALUES ( '45400', 'http://www.gutenberg.org/cache/epub/45400/pg45400.cover.medium.jpg', 'image/jpeg' );
INSERT INTO files ( gid, file, mime ) VALUES ( '45400', 'http://www.gutenberg.org/cache/epub/45400/pg45400.cover.small.jpg', 'image/jpeg' );
INSERT INTO files ( gid, file, mime ) VALUES ( '45400', 'http://www.gutenberg.org/ebooks/45400.epub.images', 'application/epub+zip' );
INSERT INTO files ( gid, file, mime ) VALUES ( '45400', 'http://www.gutenberg.org/ebooks/45400.epub.noimages', 'application/epub+zip' );
INSERT INTO files ( gid, file, mime ) VALUES ( '45400', 'http://www.gutenberg.org/ebooks/45400.kindle.images', 'application/x-mobipocket-ebook' );
INSERT INTO files ( gid, file, mime ) VALUES ( '45400', 'http://www.gutenberg.org/ebooks/45400.kindle.noimages', 'application/x-mobipocket-ebook' );
INSERT INTO files ( gid, file, mime ) VALUES ( '45400', 'http://www.gutenberg.org/ebooks/45400.rdf', 'application/rdf+xml' );
INSERT INTO files ( gid, file, mime ) VALUES ( '45400', 'http://www.gutenberg.org/ebooks/45400.txt.utf-8', 'text/plain' );
INSERT INTO files ( gid, file, mime ) VALUES ( '45400', 'http://www.gutenberg.org/files/45400/45400-8.txt', 'text/plain; charset=iso-8859-1' );
INSERT INTO files ( gid, file, mime ) VALUES ( '45400', 'http://www.gutenberg.org/files/45400/45400-8.zip', 'text/plain; charset=iso-8859-1application/zip' );
INSERT INTO files ( gid, file, mime ) VALUES ( '45400', 'http://www.gutenberg.org/files/45400/45400-h.zip', 'application/ziptext/html; charset=iso-8859-1' );
INSERT INTO files ( gid, file, mime ) VALUES ( '45400', 'http://www.gutenberg.org/files/45400/45400-h/45400-h.htm', 'text/html; charset=iso-8859-1' );
INSERT INTO files ( gid, file, mime ) VALUES ( '45400', 'http://www.gutenberg.org/files/45400/45400.txt', 'text/plain; charset=us-ascii' );
INSERT INTO files ( gid, file, mime ) VALUES ( '45400', 'http://www.gutenberg.org/files/45400/45400.zip', 'text/plain; charset=us-asciiapplication/zip' );
INSERT INTO titles ( gid, title, author, language, rights ) VALUES ( '45500', 'Nuoren ylioppilaan kirjeitä 1850-luvulta', 'Krohn, Julius', 'fi', 'Public domain in the USA.' );
INSERT INTO classifications ( gid, classification ) VALUES ( '45500', 'PH' );
INSERT INTO subjects ( gid, subject ) VALUES ( '45500', 'Fennomania' );
INSERT INTO subjects ( gid, subject ) VALUES ( '45500', 'Folklorists -- Finland -- Correspondence' );
INSERT INTO subjects ( gid, subject ) VALUES ( '45500', 'Krohn, Julius, 1835-1888 -- Correspondence' );
INSERT INTO files ( gid, file, mime ) VALUES ( '45500', 'http://www.gutenberg.org/ebooks/45500.epub.images', 'application/epub+zip' );
INSERT INTO files ( gid, file, mime ) VALUES ( '45500', 'http://www.gutenberg.org/ebooks/45500.epub.noimages', 'application/epub+zip' );
INSERT INTO files ( gid, file, mime ) VALUES ( '45500', 'http://www.gutenberg.org/ebooks/45500.html.images', 'text/html' );
INSERT INTO files ( gid, file, mime ) VALUES ( '45500', 'http://www.gutenberg.org/ebooks/45500.html.noimages', 'text/html' );
INSERT INTO files ( gid, file, mime ) VALUES ( '45500', 'http://www.gutenberg.org/ebooks/45500.kindle.images', 'application/x-mobipocket-ebook' );
INSERT INTO files ( gid, file, mime ) VALUES ( '45500', 'http://www.gutenberg.org/ebooks/45500.kindle.noimages', 'application/x-mobipocket-ebook' );
INSERT INTO files ( gid, file, mime ) VALUES ( '45500', 'http://www.gutenberg.org/ebooks/45500.rdf', 'application/rdf+xml' );
INSERT INTO files ( gid, file, mime ) VALUES ( '45500', 'http://www.gutenberg.org/ebooks/45500.txt.utf-8', 'text/plain' );
INSERT INTO files ( gid, file, mime ) VALUES ( '45500', 'http://www.gutenberg.org/files/45500/45500-8.txt', 'text/plain; charset=iso-8859-1' );
INSERT INTO files ( gid, file, mime ) VALUES ( '45500', 'http://www.gutenberg.org/files/45500/45500-8.zip', 'application/ziptext/plain; charset=iso-8859-1' );
INSERT INTO titles ( gid, title, author, language, rights ) VALUES ( '45600', 'Almansor: Eine Tragödie', 'Heine, Heinrich', 'de', 'Public domain in the USA.' );
INSERT INTO classifications ( gid, classification ) VALUES ( '45600', 'PT' );
INSERT INTO subjects ( gid, subject ) VALUES ( '45600', 'German drama -- 19th century' );
INSERT INTO subjects ( gid, subject ) VALUES ( '45600', 'Tragedies' );
INSERT INTO files ( gid, file, mime ) VALUES ( '45600', 'http://www.gutenberg.org/cache/epub/45600/pg45600.cover.medium.jpg', 'image/jpeg' );
INSERT INTO files ( gid, file, mime ) VALUES ( '45600', 'http://www.gutenberg.org/cache/epub/45600/pg45600.cover.small.jpg', 'image/jpeg' );
INSERT INTO files ( gid, file, mime ) VALUES ( '45600', 'http://www.gutenberg.org/ebooks/45600.epub.images', 'application/epub+zip' );
INSERT INTO files ( gid, file, mime ) VALUES ( '45600', 'http://www.gutenberg.org/ebooks/45600.epub.noimages', 'application/epub+zip' );
INSERT INTO files ( gid, file, mime ) VALUES ( '45600', 'http://www.gutenberg.org/ebooks/45600.rdf', 'application/rdf+xml' );
INSERT INTO files ( gid, file, mime ) VALUES ( '45600', 'http://www.gutenberg.org/ebooks/45600.txt.utf-8', 'text/plain' );
INSERT INTO files ( gid, file, mime ) VALUES ( '45600', 'http://www.gutenberg.org/files/45600/45600-8.txt', 'text/plain; charset=iso-8859-1' );
INSERT INTO files ( gid, file, mime ) VALUES ( '45600', 'http://www.gutenberg.org/files/45600/45600-8.zip', 'text/plain; charset=iso-8859-1application/zip' );
INSERT INTO files ( gid, file, mime ) VALUES ( '45600', 'http://www.gutenberg.org/files/45600/45600-h.zip', 'application/ziptext/html' );
INSERT INTO files ( gid, file, mime ) VALUES ( '45600', 'http://www.gutenberg.org/files/45600/45600-h/45600-h.htm', 'text/html' );
INSERT INTO titles ( gid, title, author, language, rights ) VALUES ( '45700', 'Mr. Punch on the Continong', '', 'en', 'Public domain in the USA.' );
INSERT INTO classifications ( gid, classification ) VALUES ( '45700', 'PN' );
INSERT INTO subjects ( gid, subject ) VALUES ( '45700', 'English wit and humor, Pictorial' );
INSERT INTO subjects ( gid, subject ) VALUES ( '45700', 'English wit and humor' );
INSERT INTO subjects ( gid, subject ) VALUES ( '45700', 'Europe -- Description and travel -- Humor' );
INSERT INTO files ( gid, file, mime ) VALUES ( '45700', 'http://www.gutenberg.org/cache/epub/45700/pg45700.cover.medium.jpg', 'image/jpeg' );
INSERT INTO files ( gid, file, mime ) VALUES ( '45700', 'http://www.gutenberg.org/cache/epub/45700/pg45700.cover.small.jpg', 'image/jpeg' );
INSERT INTO files ( gid, file, mime ) VALUES ( '45700', 'http://www.gutenberg.org/ebooks/45700.epub.images', 'application/epub+zip' );
INSERT INTO files ( gid, file, mime ) VALUES ( '45700', 'http://www.gutenberg.org/ebooks/45700.epub.noimages', 'application/epub+zip' );
INSERT INTO files ( gid, file, mime ) VALUES ( '45700', 'http://www.gutenberg.org/ebooks/45700.kindle.images', 'application/x-mobipocket-ebook' );
INSERT INTO files ( gid, file, mime ) VALUES ( '45700', 'http://www.gutenberg.org/ebooks/45700.kindle.noimages', 'application/x-mobipocket-ebook' );
INSERT INTO files ( gid, file, mime ) VALUES ( '45700', 'http://www.gutenberg.org/ebooks/45700.rdf', 'application/rdf+xml' );
INSERT INTO files ( gid, file, mime ) VALUES ( '45700', 'http://www.gutenberg.org/ebooks/45700.txt.utf-8', 'text/plain' );
INSERT INTO files ( gid, file, mime ) VALUES ( '45700', 'http://www.gutenberg.org/files/45700/45700-8.txt', 'text/plain; charset=iso-8859-1' );
INSERT INTO files ( gid, file, mime ) VALUES ( '45700', 'http://www.gutenberg.org/files/45700/45700-8.zip', 'application/ziptext/plain; charset=iso-8859-1' );
INSERT INTO files ( gid, file, mime ) VALUES ( '45700', 'http://www.gutenberg.org/files/45700/45700-h.zip', 'text/html; charset=iso-8859-1application/zip' );
INSERT INTO files ( gid, file, mime ) VALUES ( '45700', 'http://www.gutenberg.org/files/45700/45700-h/45700-h.htm', 'text/html; charset=iso-8859-1' );
INSERT INTO files ( gid, file, mime ) VALUES ( '45700', 'http://www.gutenberg.org/files/45700/45700.txt', 'text/plain; charset=us-ascii' );
INSERT INTO files ( gid, file, mime ) VALUES ( '45700', 'http://www.gutenberg.org/files/45700/45700.zip', 'application/ziptext/plain; charset=us-ascii' );
INSERT INTO titles ( gid, title, author, language, rights ) VALUES ( '45800', 'The House of Defence v. 1', 'Benson, E. F. (Edward Frederic)', 'en', 'Public domain in the USA.' );
INSERT INTO classifications ( gid, classification ) VALUES ( '45800', 'PR' );
INSERT INTO subjects ( gid, subject ) VALUES ( '45800', 'Christian Science -- Fiction' );
INSERT INTO subjects ( gid, subject ) VALUES ( '45800', 'Spiritual healing -- Fiction' );
INSERT INTO subjects ( gid, subject ) VALUES ( '45800', 'England -- Social life and customs -- Fiction' );
INSERT INTO files ( gid, file, mime ) VALUES ( '45800', 'http://www.gutenberg.org/cache/epub/45800/pg45800.cover.medium.jpg', 'image/jpeg' );
INSERT INTO files ( gid, file, mime ) VALUES ( '45800', 'http://www.gutenberg.org/cache/epub/45800/pg45800.cover.small.jpg', 'image/jpeg' );
INSERT INTO files ( gid, file, mime ) VALUES ( '45800', 'http://www.gutenberg.org/ebooks/45800.epub.images', 'application/epub+zip' );
INSERT INTO files ( gid, file, mime ) VALUES ( '45800', 'http://www.gutenberg.org/ebooks/45800.epub.noimages', 'application/epub+zip' );
INSERT INTO files ( gid, file, mime ) VALUES ( '45800', 'http://www.gutenberg.org/ebooks/45800.kindle.images', 'application/x-mobipocket-ebook' );
INSERT INTO files ( gid, file, mime ) VALUES ( '45800', 'http://www.gutenberg.org/ebooks/45800.kindle.noimages', 'application/x-mobipocket-ebook' );
INSERT INTO files ( gid, file, mime ) VALUES ( '45800', 'http://www.gutenberg.org/ebooks/45800.rdf', 'application/rdf+xml' );
INSERT INTO files ( gid, file, mime ) VALUES ( '45800', 'http://www.gutenberg.org/ebooks/45800.txt.utf-8', 'text/plain' );
INSERT INTO files ( gid, file, mime ) VALUES ( '45800', 'http://www.gutenberg.org/files/45800/45800-8.txt', 'text/plain; charset=iso-8859-1' );
INSERT INTO files ( gid, file, mime ) VALUES ( '45800', 'http://www.gutenberg.org/files/45800/45800-8.zip', 'application/ziptext/plain; charset=iso-8859-1' );
INSERT INTO files ( gid, file, mime ) VALUES ( '45800', 'http://www.gutenberg.org/files/45800/45800-h.zip', 'text/html; charset=utf-8application/zip' );
INSERT INTO files ( gid, file, mime ) VALUES ( '45800', 'http://www.gutenberg.org/files/45800/45800-h/45800-h.htm', 'text/html; charset=utf-8' );
INSERT INTO files ( gid, file, mime ) VALUES ( '45800', 'http://www.gutenberg.org/files/45800/45800.txt', 'text/plain; charset=us-ascii' );
INSERT INTO files ( gid, file, mime ) VALUES ( '45800', 'http://www.gutenberg.org/files/45800/45800.zip', 'text/plain; charset=us-asciiapplication/zip' );
INSERT INTO titles ( gid, title, author, language, rights ) VALUES ( '45900', 'Record of Medals of Honor issued to the officers and enlisted men of the United States Navy, Marine Corps and Coast Guard, 1862-1923', 'United States. Bureau of Naval Personnel', 'en', 'Public domain in the USA.' );
INSERT INTO classifications ( gid, classification ) VALUES ( '45900', 'VB' );
INSERT INTO subjects ( gid, subject ) VALUES ( '45900', 'United States. Navy -- Medals, badges, decorations, etc.' );
INSERT INTO files ( gid, file, mime ) VALUES ( '45900', 'http://www.gutenberg.org/cache/epub/45900/pg45900.cover.medium.jpg', 'image/jpeg' );
INSERT INTO files ( gid, file, mime ) VALUES ( '45900', 'http://www.gutenberg.org/cache/epub/45900/pg45900.cover.small.jpg', 'image/jpeg' );
INSERT INTO files ( gid, file, mime ) VALUES ( '45900', 'http://www.gutenberg.org/ebooks/45900.epub.images', 'application/epub+zip' );
INSERT INTO files ( gid, file, mime ) VALUES ( '45900', 'http://www.gutenberg.org/ebooks/45900.epub.noimages', 'application/epub+zip' );
INSERT INTO files ( gid, file, mime ) VALUES ( '45900', 'http://www.gutenberg.org/ebooks/45900.kindle.images', 'application/x-mobipocket-ebook' );
INSERT INTO files ( gid, file, mime ) VALUES ( '45900', 'http://www.gutenberg.org/ebooks/45900.kindle.noimages', 'application/x-mobipocket-ebook' );
INSERT INTO files ( gid, file, mime ) VALUES ( '45900', 'http://www.gutenberg.org/ebooks/45900.rdf', 'application/rdf+xml' );
INSERT INTO files ( gid, file, mime ) VALUES ( '45900', 'http://www.gutenberg.org/ebooks/45900.txt.utf-8', 'text/plain' );
INSERT INTO files ( gid, file, mime ) VALUES ( '45900', 'http://www.gutenberg.org/files/45900/45900-8.txt', 'text/plain; charset=iso-8859-1' );
INSERT INTO files ( gid, file, mime ) VALUES ( '45900', 'http://www.gutenberg.org/files/45900/45900-8.zip', 'application/ziptext/plain; charset=iso-8859-1' );
INSERT INTO files ( gid, file, mime ) VALUES ( '45900', 'http://www.gutenberg.org/files/45900/45900-h.zip', 'text/html; charset=utf-8application/zip' );
INSERT INTO files ( gid, file, mime ) VALUES ( '45900', 'http://www.gutenberg.org/files/45900/45900-h/45900-h.htm', 'text/html; charset=utf-8' );
INSERT INTO files ( gid, file, mime ) VALUES ( '45900', 'http://www.gutenberg.org/files/45900/45900.txt', 'text/plain; charset=us-ascii' );
INSERT INTO files ( gid, file, mime ) VALUES ( '45900', 'http://www.gutenberg.org/files/45900/45900.zip', 'text/plain; charset=us-asciiapplication/zip' );
INSERT INTO titles ( gid, title, author, language, rights ) VALUES ( '46000', 'Cuentos ingenuos', 'Trigo, Felipe', 'es', 'Public domain in the USA.' );
INSERT INTO classifications ( gid, classification ) VALUES ( '46000', 'PQ' );
INSERT INTO subjects ( gid, subject ) VALUES ( '46000', 'Short stories, Spanish' );
INSERT INTO subjects ( gid, subject ) VALUES ( '46000', 'Spanish fiction -- 20th century' );
INSERT INTO files ( gid, file, mime ) VALUES ( '46000', 'http://www.gutenberg.org/cache/epub/46000/pg46000.cover.medium.jpg', 'image/jpeg' );
INSERT INTO files ( gid, file, mime ) VALUES ( '46000', 'http://www.gutenberg.org/cache/epub/46000/pg46000.cover.small.jpg', 'image/jpeg' );
INSERT INTO files ( gid, file, mime ) VALUES ( '46000', 'http://www.gutenberg.org/ebooks/46000.epub.images', 'application/epub+zip' );
INSERT INTO files ( gid, file, mime ) VALUES ( '46000', 'http://www.gutenberg.org/ebooks/46000.epub.noimages', 'application/epub+zip' );
INSERT INTO files ( gid, file, mime ) VALUES ( '46000', 'http://www.gutenberg.org/ebooks/46000.kindle.images', 'application/x-mobipocket-ebook' );
INSERT INTO files ( gid, file, mime ) VALUES ( '46000', 'http://www.gutenberg.org/ebooks/46000.kindle.noimages', 'application/x-mobipocket-ebook' );
INSERT INTO files ( gid, file, mime ) VALUES ( '46000', 'http://www.gutenberg.org/ebooks/46000.rdf', 'application/rdf+xml' );
INSERT INTO files ( gid, file, mime ) VALUES ( '46000', 'http://www.gutenberg.org/ebooks/46000.txt.utf-8', 'text/plain' );
INSERT INTO files ( gid, file, mime ) VALUES ( '46000', 'http://www.gutenberg.org/files/46000/46000-8.txt', 'text/plain; charset=iso-8859-1' );
INSERT INTO files ( gid, file, mime ) VALUES ( '46000', 'http://www.gutenberg.org/files/46000/46000-8.zip', 'text/plain; charset=iso-8859-1application/zip' );
INSERT INTO files ( gid, file, mime ) VALUES ( '46000', 'http://www.gutenberg.org/files/46000/46000-h.zip', 'application/ziptext/html; charset=utf-8' );
INSERT INTO files ( gid, file, mime ) VALUES ( '46000', 'http://www.gutenberg.org/files/46000/46000-h/46000-h.htm', 'text/html; charset=utf-8' );
INSERT INTO titles ( gid, title, author, language, rights ) VALUES ( '4600', 'A Hazard of New Fortunes — Complete', 'Howells, William Dean', 'en', 'Public domain in the USA.' );
INSERT INTO classifications ( gid, classification ) VALUES ( '4600', 'PS' );
INSERT INTO subjects ( gid, subject ) VALUES ( '4600', 'City and town life -- Fiction' );
INSERT INTO subjects ( gid, subject ) VALUES ( '4600', 'Married people -- Fiction' );
INSERT INTO subjects ( gid, subject ) VALUES ( '4600', 'New York (N.Y.) -- Fiction' );
INSERT INTO subjects ( gid, subject ) VALUES ( '4600', 'Middle-aged persons -- Fiction' );
INSERT INTO subjects ( gid, subject ) VALUES ( '4600', 'Social classes -- Fiction' );
INSERT INTO subjects ( gid, subject ) VALUES ( '4600', 'Moving, Household -- Fiction' );
INSERT INTO subjects ( gid, subject ) VALUES ( '4600', 'Domestic fiction' );
INSERT INTO files ( gid, file, mime ) VALUES ( '4600', 'http://www.gutenberg.org/ebooks/4600.epub.images', 'application/epub+zip' );
INSERT INTO files ( gid, file, mime ) VALUES ( '4600', 'http://www.gutenberg.org/ebooks/4600.epub.noimages', 'application/epub+zip' );
INSERT INTO files ( gid, file, mime ) VALUES ( '4600', 'http://www.gutenberg.org/ebooks/4600.kindle.images', 'application/x-mobipocket-ebook' );
INSERT INTO files ( gid, file, mime ) VALUES ( '4600', 'http://www.gutenberg.org/ebooks/4600.kindle.noimages', 'application/x-mobipocket-ebook' );
INSERT INTO files ( gid, file, mime ) VALUES ( '4600', 'http://www.gutenberg.org/ebooks/4600.rdf', 'application/rdf+xml' );
INSERT INTO files ( gid, file, mime ) VALUES ( '4600', 'http://www.gutenberg.org/ebooks/4600.txt.utf-8', 'text/plain' );
INSERT INTO files ( gid, file, mime ) VALUES ( '4600', 'http://www.gutenberg.org/files/4600/4600-h.zip', 'text/html; charset=us-asciiapplication/zip' );
INSERT INTO files ( gid, file, mime ) VALUES ( '4600', 'http://www.gutenberg.org/files/4600/4600-h/4600-h.htm', 'text/html; charset=us-ascii' );
INSERT INTO files ( gid, file, mime ) VALUES ( '4600', 'http://www.gutenberg.org/files/4600/4600.txt', 'text/plain; charset=us-ascii' );
INSERT INTO files ( gid, file, mime ) VALUES ( '4600', 'http://www.gutenberg.org/files/4600/4600.zip', 'application/ziptext/plain; charset=us-ascii' );
INSERT INTO titles ( gid, title, author, language, rights ) VALUES ( '46100', 'Vita di Andrea Doria, Volume I', 'Guerrazzi, Francesco Domenico', 'it', 'Public domain in the USA.' );
INSERT INTO classifications ( gid, classification ) VALUES ( '46100', 'DG' );
INSERT INTO subjects ( gid, subject ) VALUES ( '46100', 'Doria, Andrea, 1466-1560' );
INSERT INTO files ( gid, file, mime ) VALUES ( '46100', 'http://www.gutenberg.org/cache/epub/46100/pg46100.cover.medium.jpg', 'image/jpeg' );
INSERT INTO files ( gid, file, mime ) VALUES ( '46100', 'http://www.gutenberg.org/cache/epub/46100/pg46100.cover.small.jpg', 'image/jpeg' );
INSERT INTO files ( gid, file, mime ) VALUES ( '46100', 'http://www.gutenberg.org/ebooks/46100.epub.images', 'application/epub+zip' );
INSERT INTO files ( gid, file, mime ) VALUES ( '46100', 'http://www.gutenberg.org/ebooks/46100.epub.noimages', 'application/epub+zip' );
INSERT INTO files ( gid, file, mime ) VALUES ( '46100', 'http://www.gutenberg.org/ebooks/46100.kindle.images', 'application/x-mobipocket-ebook' );
INSERT INTO files ( gid, file, mime ) VALUES ( '46100', 'http://www.gutenberg.org/ebooks/46100.kindle.noimages', 'application/x-mobipocket-ebook' );
INSERT INTO files ( gid, file, mime ) VALUES ( '46100', 'http://www.gutenberg.org/ebooks/46100.rdf', 'application/rdf+xml' );
INSERT INTO files ( gid, file, mime ) VALUES ( '46100', 'http://www.gutenberg.org/files/46100/46100-0.txt', 'text/plain; charset=utf-8' );
INSERT INTO files ( gid, file, mime ) VALUES ( '46100', 'http://www.gutenberg.org/files/46100/46100-0.zip', 'application/ziptext/plain; charset=utf-8' );
INSERT INTO files ( gid, file, mime ) VALUES ( '46100', 'http://www.gutenberg.org/files/46100/46100-8.txt', 'text/plain; charset=iso-8859-1' );
INSERT INTO files ( gid, file, mime ) VALUES ( '46100', 'http://www.gutenberg.org/files/46100/46100-8.zip', 'text/plain; charset=iso-8859-1application/zip' );
INSERT INTO files ( gid, file, mime ) VALUES ( '46100', 'http://www.gutenberg.org/files/46100/46100-h.zip', 'application/ziptext/html; charset=utf-8' );
INSERT INTO files ( gid, file, mime ) VALUES ( '46100', 'http://www.gutenberg.org/files/46100/46100-h/46100-h.htm', 'text/html; charset=utf-8' );
INSERT INTO titles ( gid, title, author, language, rights ) VALUES ( '46200', 'Plowing On Sunday', 'North, Sterling', 'en', 'Public domain in the USA.' );
INSERT INTO classifications ( gid, classification ) VALUES ( '46200', 'PS' );
INSERT INTO subjects ( gid, subject ) VALUES ( '46200', 'Wisconsin -- Fiction' );
INSERT INTO subjects ( gid, subject ) VALUES ( '46200', 'Farm life -- Fiction' );
INSERT INTO subjects ( gid, subject ) VALUES ( '46200', 'United States -- Social life and customs -- 20th century -- Fiction' );
INSERT INTO files ( gid, file, mime ) VALUES ( '46200', 'http://www.gutenberg.org/cache/epub/46200/pg46200.cover.medium.jpg', 'image/jpeg' );
INSERT INTO files ( gid, file, mime ) VALUES ( '46200', 'http://www.gutenberg.org/cache/epub/46200/pg46200.cover.small.jpg', 'image/jpeg' );
INSERT INTO files ( gid, file, mime ) VALUES ( '46200', 'http://www.gutenberg.org/ebooks/46200.epub.images', 'application/epub+zip' );
INSERT INTO files ( gid, file, mime ) VALUES ( '46200', 'http://www.gutenberg.org/ebooks/46200.epub.noimages', 'application/epub+zip' );
INSERT INTO files ( gid, file, mime ) VALUES ( '46200', 'http://www.gutenberg.org/ebooks/46200.kindle.images', 'application/x-mobipocket-ebook' );
INSERT INTO files ( gid, file, mime ) VALUES ( '46200', 'http://www.gutenberg.org/ebooks/46200.kindle.noimages', 'application/x-mobipocket-ebook' );
INSERT INTO files ( gid, file, mime ) VALUES ( '46200', 'http://www.gutenberg.org/ebooks/46200.rdf', 'application/rdf+xml' );
INSERT INTO files ( gid, file, mime ) VALUES ( '46200', 'http://www.gutenberg.org/ebooks/46200.txt.utf-8', 'text/plain' );
INSERT INTO files ( gid, file, mime ) VALUES ( '46200', 'http://www.gutenberg.org/files/46200/46200-8.txt', 'text/plain; charset=iso-8859-1' );
INSERT INTO files ( gid, file, mime ) VALUES ( '46200', 'http://www.gutenberg.org/files/46200/46200-8.zip', 'text/plain; charset=iso-8859-1application/zip' );
INSERT INTO files ( gid, file, mime ) VALUES ( '46200', 'http://www.gutenberg.org/files/46200/46200-h.zip', 'application/ziptext/html; charset=iso-8859-1' );
INSERT INTO files ( gid, file, mime ) VALUES ( '46200', 'http://www.gutenberg.org/files/46200/46200-h/46200-h.htm', 'text/html; charset=iso-8859-1' );
INSERT INTO files ( gid, file, mime ) VALUES ( '46200', 'http://www.gutenberg.org/files/46200/46200.txt', 'text/plain; charset=us-ascii' );
INSERT INTO files ( gid, file, mime ) VALUES ( '46200', 'http://www.gutenberg.org/files/46200/46200.zip', 'text/plain; charset=us-asciiapplication/zip' );
INSERT INTO titles ( gid, title, author, language, rights ) VALUES ( '46300', 'The First Canadians in France The Chronicle of a Military Hospital in the War Zone', 'Bell, F. McKelvey (Frederick McKelvey)', 'en', 'Public domain in the USA.' );
INSERT INTO subjects ( gid, subject ) VALUES ( '46300', 'World War, 1914-1918 -- Hospitals -- France' );
INSERT INTO subjects ( gid, subject ) VALUES ( '46300', 'World War, 1914-1918 -- Personal narratives, Canadian' );
INSERT INTO subjects ( gid, subject ) VALUES ( '46300', 'D501' );
INSERT INTO files ( gid, file, mime ) VALUES ( '46300', 'http://www.gutenberg.org/cache/epub/46300/pg46300.cover.medium.jpg', 'image/jpeg' );
INSERT INTO files ( gid, file, mime ) VALUES ( '46300', 'http://www.gutenberg.org/cache/epub/46300/pg46300.cover.small.jpg', 'image/jpeg' );
INSERT INTO files ( gid, file, mime ) VALUES ( '46300', 'http://www.gutenberg.org/ebooks/46300.epub.images', 'application/epub+zip' );
INSERT INTO files ( gid, file, mime ) VALUES ( '46300', 'http://www.gutenberg.org/ebooks/46300.epub.noimages', 'application/epub+zip' );
INSERT INTO files ( gid, file, mime ) VALUES ( '46300', 'http://www.gutenberg.org/ebooks/46300.kindle.images', 'application/x-mobipocket-ebook' );
INSERT INTO files ( gid, file, mime ) VALUES ( '46300', 'http://www.gutenberg.org/ebooks/46300.kindle.noimages', 'application/x-mobipocket-ebook' );
INSERT INTO files ( gid, file, mime ) VALUES ( '46300', 'http://www.gutenberg.org/ebooks/46300.rdf', 'application/rdf+xml' );
INSERT INTO files ( gid, file, mime ) VALUES ( '46300', 'http://www.gutenberg.org/ebooks/46300.rst.gen', 'text/x-rst' );
INSERT INTO files ( gid, file, mime ) VALUES ( '46300', 'http://www.gutenberg.org/files/46300/46300-0.txt', 'text/plain; charset=utf-8' );
INSERT INTO files ( gid, file, mime ) VALUES ( '46300', 'http://www.gutenberg.org/files/46300/46300-0.zip', 'application/ziptext/plain; charset=utf-8' );
INSERT INTO files ( gid, file, mime ) VALUES ( '46300', 'http://www.gutenberg.org/files/46300/46300-8.txt', 'text/plain; charset=iso-8859-1' );
INSERT INTO files ( gid, file, mime ) VALUES ( '46300', 'http://www.gutenberg.org/files/46300/46300-8.zip', 'application/ziptext/plain; charset=iso-8859-1' );
INSERT INTO files ( gid, file, mime ) VALUES ( '46300', 'http://www.gutenberg.org/files/46300/46300-h.zip', 'application/ziptext/html; charset=utf-8' );
INSERT INTO files ( gid, file, mime ) VALUES ( '46300', 'http://www.gutenberg.org/files/46300/46300-h/46300-h.html', 'text/html; charset=utf-8' );
INSERT INTO files ( gid, file, mime ) VALUES ( '46300', 'http://www.gutenberg.org/files/46300/46300-rst.zip', 'application/ziptext/x-rst' );
INSERT INTO files ( gid, file, mime ) VALUES ( '46300', 'http://www.gutenberg.org/files/46300/46300-rst/46300-rst.rst', 'text/x-rst' );
INSERT INTO files ( gid, file, mime ) VALUES ( '46300', 'http://www.gutenberg.org/files/46300/46300.txt', 'text/plain; charset=us-ascii' );
INSERT INTO files ( gid, file, mime ) VALUES ( '46300', 'http://www.gutenberg.org/files/46300/46300.zip', 'application/ziptext/plain; charset=us-ascii' );
INSERT INTO titles ( gid, title, author, language, rights ) VALUES ( '46400', 'Revolutionary Reader: Reminiscences and Indian Legends', 'Foster, Sophie Lee', 'en', 'Public domain in the USA.' );
INSERT INTO subjects ( gid, subject ) VALUES ( '46400', 'United States -- History -- Revolution, 1775-1783 -- Anecdotes' );
INSERT INTO subjects ( gid, subject ) VALUES ( '46400', 'E201' );
INSERT INTO subjects ( gid, subject ) VALUES ( '46400', 'Georgia -- History -- Revolution, 1775-1783' );
INSERT INTO subjects ( gid, subject ) VALUES ( '46400', 'Indians of North America' );
INSERT INTO files ( gid, file, mime ) VALUES ( '46400', 'http://www.gutenberg.org/cache/epub/46400/pg46400.cover.medium.jpg', 'image/jpeg' );
INSERT INTO files ( gid, file, mime ) VALUES ( '46400', 'http://www.gutenberg.org/cache/epub/46400/pg46400.cover.small.jpg', 'image/jpeg' );
INSERT INTO files ( gid, file, mime ) VALUES ( '46400', 'http://www.gutenberg.org/ebooks/46400.epub.images', 'application/epub+zip' );
INSERT INTO files ( gid, file, mime ) VALUES ( '46400', 'http://www.gutenberg.org/ebooks/46400.epub.noimages', 'application/epub+zip' );
INSERT INTO files ( gid, file, mime ) VALUES ( '46400', 'http://www.gutenberg.org/ebooks/46400.kindle.images', 'application/x-mobipocket-ebook' );
INSERT INTO files ( gid, file, mime ) VALUES ( '46400', 'http://www.gutenberg.org/ebooks/46400.kindle.noimages', 'application/x-mobipocket-ebook' );
INSERT INTO files ( gid, file, mime ) VALUES ( '46400', 'http://www.gutenberg.org/ebooks/46400.rdf', 'application/rdf+xml' );
INSERT INTO files ( gid, file, mime ) VALUES ( '46400', 'http://www.gutenberg.org/ebooks/46400.txt.utf-8', 'text/plain' );
INSERT INTO files ( gid, file, mime ) VALUES ( '46400', 'http://www.gutenberg.org/files/46400/46400-8.txt', 'text/plain; charset=iso-8859-1' );
INSERT INTO files ( gid, file, mime ) VALUES ( '46400', 'http://www.gutenberg.org/files/46400/46400-8.zip', 'application/ziptext/plain; charset=iso-8859-1' );
INSERT INTO files ( gid, file, mime ) VALUES ( '46400', 'http://www.gutenberg.org/files/46400/46400-h.zip', 'text/html; charset=iso-8859-1application/zip' );
INSERT INTO files ( gid, file, mime ) VALUES ( '46400', 'http://www.gutenberg.org/files/46400/46400-h/46400-h.htm', 'text/html; charset=iso-8859-1' );
INSERT INTO files ( gid, file, mime ) VALUES ( '46400', 'http://www.gutenberg.org/files/46400/46400.txt', 'text/plain; charset=us-ascii' );
INSERT INTO files ( gid, file, mime ) VALUES ( '46400', 'http://www.gutenberg.org/files/46400/46400.zip', 'text/plain; charset=us-asciiapplication/zip' );
INSERT INTO titles ( gid, title, author, language, rights ) VALUES ( '46500', 'Ford of H.M.S. Vigilant: A Tale of the Chusan Archipelago', 'Jeans, T. T. (Thomas Tendron)', 'en', 'Public domain in the USA.' );
INSERT INTO classifications ( gid, classification ) VALUES ( '46500', 'PR' );
INSERT INTO subjects ( gid, subject ) VALUES ( '46500', 'Adventure stories' );
INSERT INTO subjects ( gid, subject ) VALUES ( '46500', 'Zhoushan Archipelago (China) -- Fiction' );
INSERT INTO subjects ( gid, subject ) VALUES ( '46500', 'Sailors -- Fiction' );
INSERT INTO subjects ( gid, subject ) VALUES ( '46500', 'Voyages and travels -- Fiction' );
INSERT INTO files ( gid, file, mime ) VALUES ( '46500', 'http://www.gutenberg.org/cache/epub/46500/pg46500.cover.medium.jpg', 'image/jpeg' );
INSERT INTO files ( gid, file, mime ) VALUES ( '46500', 'http://www.gutenberg.org/cache/epub/46500/pg46500.cover.small.jpg', 'image/jpeg' );
INSERT INTO files ( gid, file, mime ) VALUES ( '46500', 'http://www.gutenberg.org/ebooks/46500.epub.images', 'application/epub+zip' );
INSERT INTO files ( gid, file, mime ) VALUES ( '46500', 'http://www.gutenberg.org/ebooks/46500.epub.noimages', 'application/epub+zip' );
INSERT INTO files ( gid, file, mime ) VALUES ( '46500', 'http://www.gutenberg.org/ebooks/46500.kindle.images', 'application/x-mobipocket-ebook' );
INSERT INTO files ( gid, file, mime ) VALUES ( '46500', 'http://www.gutenberg.org/ebooks/46500.kindle.noimages', 'application/x-mobipocket-ebook' );
INSERT INTO files ( gid, file, mime ) VALUES ( '46500', 'http://www.gutenberg.org/ebooks/46500.rdf', 'application/rdf+xml' );
INSERT INTO files ( gid, file, mime ) VALUES ( '46500', 'http://www.gutenberg.org/ebooks/46500.rst.gen', 'text/x-rst' );
INSERT INTO files ( gid, file, mime ) VALUES ( '46500', 'http://www.gutenberg.org/files/46500/46500-0.txt', 'text/plain; charset=utf-8' );
INSERT INTO files ( gid, file, mime ) VALUES ( '46500', 'http://www.gutenberg.org/files/46500/46500-0.zip', 'text/plain; charset=utf-8application/zip' );
INSERT INTO files ( gid, file, mime ) VALUES ( '46500', 'http://www.gutenberg.org/files/46500/46500-8.txt', 'text/plain; charset=iso-8859-1' );
INSERT INTO files ( gid, file, mime ) VALUES ( '46500', 'http://www.gutenberg.org/files/46500/46500-8.zip', 'text/plain; charset=iso-8859-1application/zip' );
INSERT INTO files ( gid, file, mime ) VALUES ( '46500', 'http://www.gutenberg.org/files/46500/46500-h.zip', 'text/html; charset=utf-8application/zip' );
INSERT INTO files ( gid, file, mime ) VALUES ( '46500', 'http://www.gutenberg.org/files/46500/46500-h/46500-h.html', 'text/html; charset=utf-8' );
INSERT INTO files ( gid, file, mime ) VALUES ( '46500', 'http://www.gutenberg.org/files/46500/46500-rst.zip', 'text/x-rstapplication/zip' );
INSERT INTO files ( gid, file, mime ) VALUES ( '46500', 'http://www.gutenberg.org/files/46500/46500-rst/46500-rst.rst', 'text/x-rst' );
INSERT INTO files ( gid, file, mime ) VALUES ( '46500', 'http://www.gutenberg.org/files/46500/46500.txt', 'text/plain; charset=us-ascii' );
INSERT INTO files ( gid, file, mime ) VALUES ( '46500', 'http://www.gutenberg.org/files/46500/46500.zip', 'application/ziptext/plain; charset=us-ascii' );
INSERT INTO titles ( gid, title, author, language, rights ) VALUES ( '46600', 'By the World Forgot: A Double Romance of the East and West', 'Brady, Cyrus Townsend', 'en', 'Public domain in the USA.' );
INSERT INTO classifications ( gid, classification ) VALUES ( '46600', 'PS' );
INSERT INTO subjects ( gid, subject ) VALUES ( '46600', 'Man-woman relationships -- Fiction' );
INSERT INTO subjects ( gid, subject ) VALUES ( '46600', 'East and West -- Fiction' );
INSERT INTO subjects ( gid, subject ) VALUES ( '46600', 'Oceania -- Fiction' );
INSERT INTO subjects ( gid, subject ) VALUES ( '46600', 'Castaways -- Fiction' );
INSERT INTO files ( gid, file, mime ) VALUES ( '46600', 'http://www.gutenberg.org/cache/epub/46600/pg46600.cover.medium.jpg', 'image/jpeg' );
INSERT INTO files ( gid, file, mime ) VALUES ( '46600', 'http://www.gutenberg.org/cache/epub/46600/pg46600.cover.small.jpg', 'image/jpeg' );
INSERT INTO files ( gid, file, mime ) VALUES ( '46600', 'http://www.gutenberg.org/ebooks/46600.epub.images', 'application/epub+zip' );
INSERT INTO files ( gid, file, mime ) VALUES ( '46600', 'http://www.gutenberg.org/ebooks/46600.epub.noimages', 'application/epub+zip' );
INSERT INTO files ( gid, file, mime ) VALUES ( '46600', 'http://www.gutenberg.org/ebooks/46600.kindle.images', 'application/x-mobipocket-ebook' );
INSERT INTO files ( gid, file, mime ) VALUES ( '46600', 'http://www.gutenberg.org/ebooks/46600.kindle.noimages', 'application/x-mobipocket-ebook' );
INSERT INTO files ( gid, file, mime ) VALUES ( '46600', 'http://www.gutenberg.org/ebooks/46600.rdf', 'application/rdf+xml' );
INSERT INTO files ( gid, file, mime ) VALUES ( '46600', 'http://www.gutenberg.org/ebooks/46600.rst.gen', 'text/x-rst' );
INSERT INTO files ( gid, file, mime ) VALUES ( '46600', 'http://www.gutenberg.org/files/46600/46600-0.txt', 'text/plain; charset=utf-8' );
INSERT INTO files ( gid, file, mime ) VALUES ( '46600', 'http://www.gutenberg.org/files/46600/46600-0.zip', 'text/plain; charset=utf-8application/zip' );
INSERT INTO files ( gid, file, mime ) VALUES ( '46600', 'http://www.gutenberg.org/files/46600/46600-8.txt', 'text/plain; charset=iso-8859-1' );
INSERT INTO files ( gid, file, mime ) VALUES ( '46600', 'http://www.gutenberg.org/files/46600/46600-8.zip', 'application/ziptext/plain; charset=iso-8859-1' );
INSERT INTO files ( gid, file, mime ) VALUES ( '46600', 'http://www.gutenberg.org/files/46600/46600-h.zip', 'text/html; charset=utf-8application/zip' );
INSERT INTO files ( gid, file, mime ) VALUES ( '46600', 'http://www.gutenberg.org/files/46600/46600-h/46600-h.html', 'text/html; charset=utf-8' );
INSERT INTO files ( gid, file, mime ) VALUES ( '46600', 'http://www.gutenberg.org/files/46600/46600-rst.zip', 'application/ziptext/x-rst' );
INSERT INTO files ( gid, file, mime ) VALUES ( '46600', 'http://www.gutenberg.org/files/46600/46600-rst/46600-rst.rst', 'text/x-rst' );
INSERT INTO files ( gid, file, mime ) VALUES ( '46600', 'http://www.gutenberg.org/files/46600/46600.txt', 'text/plain; charset=us-ascii' );
INSERT INTO files ( gid, file, mime ) VALUES ( '46600', 'http://www.gutenberg.org/files/46600/46600.zip', 'application/ziptext/plain; charset=us-ascii' );
INSERT INTO titles ( gid, title, author, language, rights ) VALUES ( '46700', 'A Parody Anthology', '', 'en', 'Public domain in the USA.' );
INSERT INTO classifications ( gid, classification ) VALUES ( '46700', 'PN' );
INSERT INTO subjects ( gid, subject ) VALUES ( '46700', 'Parodies' );
INSERT INTO files ( gid, file, mime ) VALUES ( '46700', 'http://www.gutenberg.org/cache/epub/46700/pg46700.cover.medium.jpg', 'image/jpeg' );
INSERT INTO files ( gid, file, mime ) VALUES ( '46700', 'http://www.gutenberg.org/cache/epub/46700/pg46700.cover.small.jpg', 'image/jpeg' );
INSERT INTO files ( gid, file, mime ) VALUES ( '46700', 'http://www.gutenberg.org/ebooks/46700.epub.images', 'application/epub+zip' );
INSERT INTO files ( gid, file, mime ) VALUES ( '46700', 'http://www.gutenberg.org/ebooks/46700.epub.noimages', 'application/epub+zip' );
INSERT INTO files ( gid, file, mime ) VALUES ( '46700', 'http://www.gutenberg.org/ebooks/46700.kindle.images', 'application/x-mobipocket-ebook' );
INSERT INTO files ( gid, file, mime ) VALUES ( '46700', 'http://www.gutenberg.org/ebooks/46700.kindle.noimages', 'application/x-mobipocket-ebook' );
INSERT INTO files ( gid, file, mime ) VALUES ( '46700', 'http://www.gutenberg.org/ebooks/46700.rdf', 'application/rdf+xml' );
INSERT INTO files ( gid, file, mime ) VALUES ( '46700', 'http://www.gutenberg.org/files/46700/46700-0.txt', 'text/plain; charset=utf-8' );
INSERT INTO files ( gid, file, mime ) VALUES ( '46700', 'http://www.gutenberg.org/files/46700/46700-0.zip', 'text/plain; charset=utf-8application/zip' );
INSERT INTO files ( gid, file, mime ) VALUES ( '46700', 'http://www.gutenberg.org/files/46700/46700-8.txt', 'text/plain; charset=iso-8859-1' );
INSERT INTO files ( gid, file, mime ) VALUES ( '46700', 'http://www.gutenberg.org/files/46700/46700-8.zip', 'application/ziptext/plain; charset=iso-8859-1' );
INSERT INTO files ( gid, file, mime ) VALUES ( '46700', 'http://www.gutenberg.org/files/46700/46700-h.zip', 'text/html; charset=utf-8application/zip' );
INSERT INTO files ( gid, file, mime ) VALUES ( '46700', 'http://www.gutenberg.org/files/46700/46700-h/46700-h.htm', 'text/html; charset=utf-8' );
INSERT INTO files ( gid, file, mime ) VALUES ( '46700', 'http://www.gutenberg.org/files/46700/46700.txt', 'text/plain; charset=us-ascii' );
INSERT INTO files ( gid, file, mime ) VALUES ( '46700', 'http://www.gutenberg.org/files/46700/46700.zip', 'text/plain; charset=us-asciiapplication/zip' );
INSERT INTO titles ( gid, title, author, language, rights ) VALUES ( '46900', 'Racconti e novelle', 'Ghislanzoni, Antonio', 'it', 'Public domain in the USA.' );
INSERT INTO classifications ( gid, classification ) VALUES ( '46900', 'PQ' );
INSERT INTO subjects ( gid, subject ) VALUES ( '46900', 'Short stories, Italian' );
INSERT INTO subjects ( gid, subject ) VALUES ( '46900', 'Italian fiction -- 19th century' );
INSERT INTO files ( gid, file, mime ) VALUES ( '46900', 'http://www.gutenberg.org/cache/epub/46900/pg46900.cover.medium.jpg', 'image/jpeg' );
INSERT INTO files ( gid, file, mime ) VALUES ( '46900', 'http://www.gutenberg.org/cache/epub/46900/pg46900.cover.small.jpg', 'image/jpeg' );
INSERT INTO files ( gid, file, mime ) VALUES ( '46900', 'http://www.gutenberg.org/ebooks/46900.epub.images', 'application/epub+zip' );
INSERT INTO files ( gid, file, mime ) VALUES ( '46900', 'http://www.gutenberg.org/ebooks/46900.epub.noimages', 'application/epub+zip' );
INSERT INTO files ( gid, file, mime ) VALUES ( '46900', 'http://www.gutenberg.org/ebooks/46900.kindle.images', 'application/x-mobipocket-ebook' );
INSERT INTO files ( gid, file, mime ) VALUES ( '46900', 'http://www.gutenberg.org/ebooks/46900.kindle.noimages', 'application/x-mobipocket-ebook' );
INSERT INTO files ( gid, file, mime ) VALUES ( '46900', 'http://www.gutenberg.org/ebooks/46900.rdf', 'application/rdf+xml' );
INSERT INTO files ( gid, file, mime ) VALUES ( '46900', 'http://www.gutenberg.org/ebooks/46900.txt.utf-8', 'text/plain' );
INSERT INTO files ( gid, file, mime ) VALUES ( '46900', 'http://www.gutenberg.org/files/46900/46900-8.txt', 'text/plain; charset=iso-8859-1' );
INSERT INTO files ( gid, file, mime ) VALUES ( '46900', 'http://www.gutenberg.org/files/46900/46900-8.zip', 'application/ziptext/plain; charset=iso-8859-1' );
INSERT INTO files ( gid, file, mime ) VALUES ( '46900', 'http://www.gutenberg.org/files/46900/46900-h.zip', 'application/ziptext/html; charset=iso-8859-1' );
INSERT INTO files ( gid, file, mime ) VALUES ( '46900', 'http://www.gutenberg.org/files/46900/46900-h/46900-h.htm', 'text/html; charset=iso-8859-1' );
INSERT INTO titles ( gid, title, author, language, rights ) VALUES ( '46800', 'The Legendary History of the Cross A Series of Sixty-four Woodcuts from a Dutch Book Published by Veldener, A.D. 1483', '', 'en', 'Public domain in the USA.' );
INSERT INTO classifications ( gid, classification ) VALUES ( '46800', 'Z' );
INSERT INTO subjects ( gid, subject ) VALUES ( '46800', 'Incunabula -- Facsimiles' );
INSERT INTO subjects ( gid, subject ) VALUES ( '46800', 'Church of the Holy Trinity (Stratford-upon-Avon, England)' );
INSERT INTO subjects ( gid, subject ) VALUES ( '46800', 'Holy Cross -- Legends -- Art' );
INSERT INTO files ( gid, file, mime ) VALUES ( '46800', 'http://www.gutenberg.org/cache/epub/46800/pg46800.cover.medium.jpg', 'image/jpeg' );
INSERT INTO files ( gid, file, mime ) VALUES ( '46800', 'http://www.gutenberg.org/cache/epub/46800/pg46800.cover.small.jpg', 'image/jpeg' );
INSERT INTO files ( gid, file, mime ) VALUES ( '46800', 'http://www.gutenberg.org/ebooks/46800.epub.images', 'application/epub+zip' );
INSERT INTO files ( gid, file, mime ) VALUES ( '46800', 'http://www.gutenberg.org/ebooks/46800.epub.noimages', 'application/epub+zip' );
INSERT INTO files ( gid, file, mime ) VALUES ( '46800', 'http://www.gutenberg.org/ebooks/46800.kindle.images', 'application/x-mobipocket-ebook' );
INSERT INTO files ( gid, file, mime ) VALUES ( '46800', 'http://www.gutenberg.org/ebooks/46800.kindle.noimages', 'application/x-mobipocket-ebook' );
INSERT INTO files ( gid, file, mime ) VALUES ( '46800', 'http://www.gutenberg.org/ebooks/46800.rdf', 'application/rdf+xml' );
INSERT INTO files ( gid, file, mime ) VALUES ( '46800', 'http://www.gutenberg.org/files/46800/46800-0.txt', 'text/plain; charset=utf-8' );
INSERT INTO files ( gid, file, mime ) VALUES ( '46800', 'http://www.gutenberg.org/files/46800/46800-0.zip', 'application/ziptext/plain; charset=utf-8' );
INSERT INTO files ( gid, file, mime ) VALUES ( '46800', 'http://www.gutenberg.org/files/46800/46800-8.txt', 'text/plain; charset=iso-8859-1' );
INSERT INTO files ( gid, file, mime ) VALUES ( '46800', 'http://www.gutenberg.org/files/46800/46800-8.zip', 'application/ziptext/plain; charset=iso-8859-1' );
INSERT INTO files ( gid, file, mime ) VALUES ( '46800', 'http://www.gutenberg.org/files/46800/46800-h.zip', 'application/ziptext/html; charset=utf-8' );
INSERT INTO files ( gid, file, mime ) VALUES ( '46800', 'http://www.gutenberg.org/files/46800/46800-h/46800-h.htm', 'text/html; charset=utf-8' );
INSERT INTO files ( gid, file, mime ) VALUES ( '46800', 'http://www.gutenberg.org/files/46800/46800.txt', 'text/plain; charset=us-ascii' );
INSERT INTO files ( gid, file, mime ) VALUES ( '46800', 'http://www.gutenberg.org/files/46800/46800.zip', 'application/ziptext/plain; charset=us-ascii' );
INSERT INTO titles ( gid, title, author, language, rights ) VALUES ( '47000', 'Marriage, As It Was, As It Is, and As It Should Be: A Plea for Reform', 'Besant, Annie', 'en', 'Public domain in the USA.' );
INSERT INTO classifications ( gid, classification ) VALUES ( '47000', 'HQ' );
INSERT INTO subjects ( gid, subject ) VALUES ( '47000', 'Marriage law -- Great Britain' );
INSERT INTO subjects ( gid, subject ) VALUES ( '47000', 'Marriage -- Great Britain' );
INSERT INTO files ( gid, file, mime ) VALUES ( '47000', 'http://www.gutenberg.org/ebooks/47000.epub.images', 'application/epub+zip' );
INSERT INTO files ( gid, file, mime ) VALUES ( '47000', 'http://www.gutenberg.org/ebooks/47000.epub.noimages', 'application/epub+zip' );
INSERT INTO files ( gid, file, mime ) VALUES ( '47000', 'http://www.gutenberg.org/ebooks/47000.kindle.images', 'application/x-mobipocket-ebook' );
INSERT INTO files ( gid, file, mime ) VALUES ( '47000', 'http://www.gutenberg.org/ebooks/47000.kindle.noimages', 'application/x-mobipocket-ebook' );
INSERT INTO files ( gid, file, mime ) VALUES ( '47000', 'http://www.gutenberg.org/ebooks/47000.rdf', 'application/rdf+xml' );
INSERT INTO files ( gid, file, mime ) VALUES ( '47000', 'http://www.gutenberg.org/ebooks/47000.txt.utf-8', 'text/plain' );
INSERT INTO files ( gid, file, mime ) VALUES ( '47000', 'http://www.gutenberg.org/files/47000/47000-8.txt', 'text/plain; charset=iso-8859-1' );
INSERT INTO files ( gid, file, mime ) VALUES ( '47000', 'http://www.gutenberg.org/files/47000/47000-8.zip', 'application/ziptext/plain; charset=iso-8859-1' );
INSERT INTO files ( gid, file, mime ) VALUES ( '47000', 'http://www.gutenberg.org/files/47000/47000-h.zip', 'text/html; charset=iso-8859-1application/zip' );
INSERT INTO files ( gid, file, mime ) VALUES ( '47000', 'http://www.gutenberg.org/files/47000/47000-h/47000-h.htm', 'text/html; charset=iso-8859-1' );
INSERT INTO files ( gid, file, mime ) VALUES ( '47000', 'http://www.gutenberg.org/files/47000/47000.txt', 'text/plain; charset=us-ascii' );
INSERT INTO files ( gid, file, mime ) VALUES ( '47000', 'http://www.gutenberg.org/files/47000/47000.zip', 'application/ziptext/plain; charset=us-ascii' );
INSERT INTO titles ( gid, title, author, language, rights ) VALUES ( '4700', 'The Unforseen Return', 'Regnard, Jean François', 'en', 'Copyrighted. Read the copyright notice inside this book for details.' );
INSERT INTO classifications ( gid, classification ) VALUES ( '4700', 'PQ' );
INSERT INTO subjects ( gid, subject ) VALUES ( '4700', 'Comedies' );
INSERT INTO subjects ( gid, subject ) VALUES ( '4700', 'France -- Social life and customs -- 18th century -- Drama' );
INSERT INTO subjects ( gid, subject ) VALUES ( '4700', 'Haunted houses -- France -- Drama' );
INSERT INTO subjects ( gid, subject ) VALUES ( '4700', 'French drama -- 18th century -- Translations into English' );
INSERT INTO files ( gid, file, mime ) VALUES ( '4700', 'http://www.gutenberg.org/ebooks/4700.epub.images', 'application/epub+zip' );
INSERT INTO files ( gid, file, mime ) VALUES ( '4700', 'http://www.gutenberg.org/ebooks/4700.epub.noimages', 'application/epub+zip' );
INSERT INTO files ( gid, file, mime ) VALUES ( '4700', 'http://www.gutenberg.org/ebooks/4700.html.images', 'text/html' );
INSERT INTO files ( gid, file, mime ) VALUES ( '4700', 'http://www.gutenberg.org/ebooks/4700.html.noimages', 'text/html' );
INSERT INTO files ( gid, file, mime ) VALUES ( '4700', 'http://www.gutenberg.org/ebooks/4700.kindle.images', 'application/x-mobipocket-ebook' );
INSERT INTO files ( gid, file, mime ) VALUES ( '4700', 'http://www.gutenberg.org/ebooks/4700.kindle.noimages', 'application/x-mobipocket-ebook' );
INSERT INTO files ( gid, file, mime ) VALUES ( '4700', 'http://www.gutenberg.org/ebooks/4700.rdf', 'application/rdf+xml' );
INSERT INTO files ( gid, file, mime ) VALUES ( '4700', 'http://www.gutenberg.org/ebooks/4700.txt.utf-8', 'text/plain' );
INSERT INTO files ( gid, file, mime ) VALUES ( '4700', 'http://www.gutenberg.org/files/4700/4700.txt', 'text/plain; charset=us-ascii' );
INSERT INTO files ( gid, file, mime ) VALUES ( '4700', 'http://www.gutenberg.org/files/4700/4700.zip', 'application/ziptext/plain; charset=us-ascii' );
INSERT INTO titles ( gid, title, author, language, rights ) VALUES ( '47100', 'Musta härkä', 'Jotuni, Maria', 'fi', 'Public domain in the USA.' );
INSERT INTO classifications ( gid, classification ) VALUES ( '47100', 'PH' );
INSERT INTO subjects ( gid, subject ) VALUES ( '47100', 'Finnish fiction -- 20th century' );
INSERT INTO files ( gid, file, mime ) VALUES ( '47100', 'http://www.gutenberg.org/ebooks/47100.epub.images', 'application/epub+zip' );
INSERT INTO files ( gid, file, mime ) VALUES ( '47100', 'http://www.gutenberg.org/ebooks/47100.epub.noimages', 'application/epub+zip' );
INSERT INTO files ( gid, file, mime ) VALUES ( '47100', 'http://www.gutenberg.org/ebooks/47100.html.images', 'text/html' );
INSERT INTO files ( gid, file, mime ) VALUES ( '47100', 'http://www.gutenberg.org/ebooks/47100.html.noimages', 'text/html' );
INSERT INTO files ( gid, file, mime ) VALUES ( '47100', 'http://www.gutenberg.org/ebooks/47100.kindle.images', 'application/x-mobipocket-ebook' );
INSERT INTO files ( gid, file, mime ) VALUES ( '47100', 'http://www.gutenberg.org/ebooks/47100.kindle.noimages', 'application/x-mobipocket-ebook' );
INSERT INTO files ( gid, file, mime ) VALUES ( '47100', 'http://www.gutenberg.org/ebooks/47100.rdf', 'application/rdf+xml' );
INSERT INTO files ( gid, file, mime ) VALUES ( '47100', 'http://www.gutenberg.org/ebooks/47100.txt.utf-8', 'text/plain' );
INSERT INTO files ( gid, file, mime ) VALUES ( '47100', 'http://www.gutenberg.org/files/47100/47100-8.txt', 'text/plain; charset=iso-8859-1' );
INSERT INTO files ( gid, file, mime ) VALUES ( '47100', 'http://www.gutenberg.org/files/47100/47100-8.zip', 'text/plain; charset=iso-8859-1application/zip' );
INSERT INTO titles ( gid, title, author, language, rights ) VALUES ( '47200', 'Oracles from the Poets: A Fanciful Diversion for the Drawing Room', '', 'en', 'Public domain in the USA.' );
INSERT INTO classifications ( gid, classification ) VALUES ( '47200', 'BF' );
INSERT INTO subjects ( gid, subject ) VALUES ( '47200', 'Quotations, English' );
INSERT INTO subjects ( gid, subject ) VALUES ( '47200', 'Fortune-telling' );
INSERT INTO subjects ( gid, subject ) VALUES ( '47200', 'Amusements' );
INSERT INTO files ( gid, file, mime ) VALUES ( '47200', 'http://www.gutenberg.org/cache/epub/47200/pg47200.cover.medium.jpg', 'image/jpeg' );
INSERT INTO files ( gid, file, mime ) VALUES ( '47200', 'http://www.gutenberg.org/cache/epub/47200/pg47200.cover.small.jpg', 'image/jpeg' );
INSERT INTO files ( gid, file, mime ) VALUES ( '47200', 'http://www.gutenberg.org/ebooks/47200.epub.images', 'application/epub+zip' );
INSERT INTO files ( gid, file, mime ) VALUES ( '47200', 'http://www.gutenberg.org/ebooks/47200.epub.noimages', 'application/epub+zip' );
INSERT INTO files ( gid, file, mime ) VALUES ( '47200', 'http://www.gutenberg.org/ebooks/47200.kindle.images', 'application/x-mobipocket-ebook' );
INSERT INTO files ( gid, file, mime ) VALUES ( '47200', 'http://www.gutenberg.org/ebooks/47200.kindle.noimages', 'application/x-mobipocket-ebook' );
INSERT INTO files ( gid, file, mime ) VALUES ( '47200', 'http://www.gutenberg.org/ebooks/47200.rdf', 'application/rdf+xml' );
INSERT INTO files ( gid, file, mime ) VALUES ( '47200', 'http://www.gutenberg.org/ebooks/47200.txt.utf-8', 'text/plain' );
INSERT INTO files ( gid, file, mime ) VALUES ( '47200', 'http://www.gutenberg.org/files/47200/47200-8.txt', 'text/plain; charset=iso-8859-1' );
INSERT INTO files ( gid, file, mime ) VALUES ( '47200', 'http://www.gutenberg.org/files/47200/47200-8.zip', 'text/plain; charset=iso-8859-1application/zip' );
INSERT INTO files ( gid, file, mime ) VALUES ( '47200', 'http://www.gutenberg.org/files/47200/47200-h.zip', 'application/ziptext/html; charset=iso-8859-1' );
INSERT INTO files ( gid, file, mime ) VALUES ( '47200', 'http://www.gutenberg.org/files/47200/47200-h/47200-h.htm', 'text/html; charset=iso-8859-1' );
INSERT INTO files ( gid, file, mime ) VALUES ( '47200', 'http://www.gutenberg.org/files/47200/47200.txt', 'text/plain; charset=us-ascii' );
INSERT INTO files ( gid, file, mime ) VALUES ( '47200', 'http://www.gutenberg.org/files/47200/47200.zip', 'text/plain; charset=us-asciiapplication/zip' );
INSERT INTO titles ( gid, title, author, language, rights ) VALUES ( '47300', 'Mr. Punch''s History of Modern England, Vol. 3 (of 4).—1874-1892', 'Graves, Charles L. (Charles Larcom)', 'en', 'Public domain in the USA.' );
INSERT INTO classifications ( gid, classification ) VALUES ( '47300', 'DA' );
INSERT INTO subjects ( gid, subject ) VALUES ( '47300', 'Great Britain -- History -- Victoria, 1837-1901 -- Humor' );
INSERT INTO files ( gid, file, mime ) VALUES ( '47300', 'http://www.gutenberg.org/cache/epub/47300/pg47300.cover.medium.jpg', 'image/jpeg' );
INSERT INTO files ( gid, file, mime ) VALUES ( '47300', 'http://www.gutenberg.org/cache/epub/47300/pg47300.cover.small.jpg', 'image/jpeg' );
INSERT INTO files ( gid, file, mime ) VALUES ( '47300', 'http://www.gutenberg.org/ebooks/47300.epub.images', 'application/epub+zip' );
INSERT INTO files ( gid, file, mime ) VALUES ( '47300', 'http://www.gutenberg.org/ebooks/47300.epub.noimages', 'application/epub+zip' );
INSERT INTO files ( gid, file, mime ) VALUES ( '47300', 'http://www.gutenberg.org/ebooks/47300.kindle.images', 'application/x-mobipocket-ebook' );
INSERT INTO files ( gid, file, mime ) VALUES ( '47300', 'http://www.gutenberg.org/ebooks/47300.kindle.noimages', 'application/x-mobipocket-ebook' );
INSERT INTO files ( gid, file, mime ) VALUES ( '47300', 'http://www.gutenberg.org/ebooks/47300.rdf', 'application/rdf+xml' );
INSERT INTO files ( gid, file, mime ) VALUES ( '47300', 'http://www.gutenberg.org/ebooks/47300.txt.utf-8', 'text/plain' );
INSERT INTO files ( gid, file, mime ) VALUES ( '47300', 'http://www.gutenberg.org/files/47300/47300-8.txt', 'text/plain; charset=iso-8859-1' );
INSERT INTO files ( gid, file, mime ) VALUES ( '47300', 'http://www.gutenberg.org/files/47300/47300-8.zip', 'text/plain; charset=iso-8859-1application/zip' );
INSERT INTO files ( gid, file, mime ) VALUES ( '47300', 'http://www.gutenberg.org/files/47300/47300-h.zip', 'application/ziptext/html; charset=iso-8859-1' );
INSERT INTO files ( gid, file, mime ) VALUES ( '47300', 'http://www.gutenberg.org/files/47300/47300-h/47300-h.htm', 'text/html; charset=iso-8859-1' );
INSERT INTO titles ( gid, title, author, language, rights ) VALUES ( '47400', 'George Cruikshank''s Omnibus', 'Cruikshank, George', 'en', 'Public domain in the USA.' );
INSERT INTO classifications ( gid, classification ) VALUES ( '47400', 'NC' );
INSERT INTO subjects ( gid, subject ) VALUES ( '47400', 'English wit and humor, Pictorial' );
INSERT INTO subjects ( gid, subject ) VALUES ( '47400', 'Caricatures and cartoons -- Great Britain' );
INSERT INTO subjects ( gid, subject ) VALUES ( '47400', 'English wit and humor' );
INSERT INTO files ( gid, file, mime ) VALUES ( '47400', 'http://www.gutenberg.org/cache/epub/47400/pg47400.cover.medium.jpg', 'image/jpeg' );
INSERT INTO files ( gid, file, mime ) VALUES ( '47400', 'http://www.gutenberg.org/cache/epub/47400/pg47400.cover.small.jpg', 'image/jpeg' );
INSERT INTO files ( gid, file, mime ) VALUES ( '47400', 'http://www.gutenberg.org/ebooks/47400.epub.images', 'application/epub+zip' );
INSERT INTO files ( gid, file, mime ) VALUES ( '47400', 'http://www.gutenberg.org/ebooks/47400.epub.noimages', 'application/epub+zip' );
INSERT INTO files ( gid, file, mime ) VALUES ( '47400', 'http://www.gutenberg.org/ebooks/47400.kindle.images', 'application/x-mobipocket-ebook' );
INSERT INTO files ( gid, file, mime ) VALUES ( '47400', 'http://www.gutenberg.org/ebooks/47400.kindle.noimages', 'application/x-mobipocket-ebook' );
INSERT INTO files ( gid, file, mime ) VALUES ( '47400', 'http://www.gutenberg.org/ebooks/47400.rdf', 'application/rdf+xml' );
INSERT INTO files ( gid, file, mime ) VALUES ( '47400', 'http://www.gutenberg.org/ebooks/47400.txt.utf-8', 'text/plain' );
INSERT INTO files ( gid, file, mime ) VALUES ( '47400', 'http://www.gutenberg.org/files/47400/47400-8.txt', 'text/plain; charset=iso-8859-1' );
INSERT INTO files ( gid, file, mime ) VALUES ( '47400', 'http://www.gutenberg.org/files/47400/47400-8.zip', 'application/ziptext/plain; charset=iso-8859-1' );
INSERT INTO files ( gid, file, mime ) VALUES ( '47400', 'http://www.gutenberg.org/files/47400/47400-h.zip', 'text/html; charset=iso-8859-1application/zip' );
INSERT INTO files ( gid, file, mime ) VALUES ( '47400', 'http://www.gutenberg.org/files/47400/47400-h/47400-h.htm', 'text/html; charset=iso-8859-1' );
INSERT INTO titles ( gid, title, author, language, rights ) VALUES ( '47500', 'Bird-Lore, Volume I—1899', 'Various', 'en', 'Public domain in the USA.' );
INSERT INTO classifications ( gid, classification ) VALUES ( '47500', 'QL' );
INSERT INTO subjects ( gid, subject ) VALUES ( '47500', 'Ornithology -- Periodicals' );
INSERT INTO subjects ( gid, subject ) VALUES ( '47500', 'Birds -- Conservation -- Periodicals' );
INSERT INTO subjects ( gid, subject ) VALUES ( '47500', 'Birds -- Periodicals' );
INSERT INTO files ( gid, file, mime ) VALUES ( '47500', 'http://www.gutenberg.org/cache/epub/47500/pg47500.cover.medium.jpg', 'image/jpeg' );
INSERT INTO files ( gid, file, mime ) VALUES ( '47500', 'http://www.gutenberg.org/cache/epub/47500/pg47500.cover.small.jpg', 'image/jpeg' );
INSERT INTO files ( gid, file, mime ) VALUES ( '47500', 'http://www.gutenberg.org/ebooks/47500.epub.images', 'application/epub+zip' );
INSERT INTO files ( gid, file, mime ) VALUES ( '47500', 'http://www.gutenberg.org/ebooks/47500.epub.noimages', 'application/epub+zip' );
INSERT INTO files ( gid, file, mime ) VALUES ( '47500', 'http://www.gutenberg.org/ebooks/47500.kindle.images', 'application/x-mobipocket-ebook' );
INSERT INTO files ( gid, file, mime ) VALUES ( '47500', 'http://www.gutenberg.org/ebooks/47500.kindle.noimages', 'application/x-mobipocket-ebook' );
INSERT INTO files ( gid, file, mime ) VALUES ( '47500', 'http://www.gutenberg.org/ebooks/47500.rdf', 'application/rdf+xml' );
INSERT INTO files ( gid, file, mime ) VALUES ( '47500', 'http://www.gutenberg.org/ebooks/47500.txt.utf-8', 'text/plain' );
INSERT INTO files ( gid, file, mime ) VALUES ( '47500', 'http://www.gutenberg.org/files/47500/47500-8.txt', 'text/plain; charset=iso-8859-1' );
INSERT INTO files ( gid, file, mime ) VALUES ( '47500', 'http://www.gutenberg.org/files/47500/47500-8.zip', 'application/ziptext/plain; charset=iso-8859-1' );
INSERT INTO files ( gid, file, mime ) VALUES ( '47500', 'http://www.gutenberg.org/files/47500/47500-h.zip', 'text/html; charset=iso-8859-1application/zip' );
INSERT INTO files ( gid, file, mime ) VALUES ( '47500', 'http://www.gutenberg.org/files/47500/47500-h/47500-h.htm', 'text/html; charset=iso-8859-1' );
INSERT INTO titles ( gid, title, author, language, rights ) VALUES ( '47600', 'Illustrations of Exotic Entomology, Volume 2', 'Drury, Dru', 'en', 'Public domain in the USA.' );
INSERT INTO classifications ( gid, classification ) VALUES ( '47600', 'QL' );
INSERT INTO subjects ( gid, subject ) VALUES ( '47600', 'Insects -- Pictorial works' );
INSERT INTO files ( gid, file, mime ) VALUES ( '47600', 'http://www.gutenberg.org/cache/epub/47600/pg47600.cover.medium.jpg', 'image/jpeg' );
INSERT INTO files ( gid, file, mime ) VALUES ( '47600', 'http://www.gutenberg.org/cache/epub/47600/pg47600.cover.small.jpg', 'image/jpeg' );
INSERT INTO files ( gid, file, mime ) VALUES ( '47600', 'http://www.gutenberg.org/ebooks/47600.epub.images', 'application/epub+zip' );
INSERT INTO files ( gid, file, mime ) VALUES ( '47600', 'http://www.gutenberg.org/ebooks/47600.epub.noimages', 'application/epub+zip' );
INSERT INTO files ( gid, file, mime ) VALUES ( '47600', 'http://www.gutenberg.org/ebooks/47600.kindle.images', 'application/x-mobipocket-ebook' );
INSERT INTO files ( gid, file, mime ) VALUES ( '47600', 'http://www.gutenberg.org/ebooks/47600.kindle.noimages', 'application/x-mobipocket-ebook' );
INSERT INTO files ( gid, file, mime ) VALUES ( '47600', 'http://www.gutenberg.org/ebooks/47600.rdf', 'application/rdf+xml' );
INSERT INTO files ( gid, file, mime ) VALUES ( '47600', 'http://www.gutenberg.org/ebooks/47600.txt.utf-8', 'text/plain' );
INSERT INTO files ( gid, file, mime ) VALUES ( '47600', 'http://www.gutenberg.org/files/47600/47600-8.txt', 'text/plain; charset=iso-8859-1' );
INSERT INTO files ( gid, file, mime ) VALUES ( '47600', 'http://www.gutenberg.org/files/47600/47600-8.zip', 'text/plain; charset=iso-8859-1application/zip' );
INSERT INTO files ( gid, file, mime ) VALUES ( '47600', 'http://www.gutenberg.org/files/47600/47600-h.zip', 'application/ziptext/html; charset=iso-8859-1' );
INSERT INTO files ( gid, file, mime ) VALUES ( '47600', 'http://www.gutenberg.org/files/47600/47600-h/47600-h.htm', 'text/html; charset=iso-8859-1' );
INSERT INTO titles ( gid, title, author, language, rights ) VALUES ( '47700', 'Schattenspiel um Goethe', 'Sternaux, Ludwig', 'de', 'Public domain in the USA.' );
INSERT INTO classifications ( gid, classification ) VALUES ( '47700', 'PT' );
INSERT INTO subjects ( gid, subject ) VALUES ( '47700', 'Goethe, Johann Wolfgang von, 1749-1832 -- Homes and haunts' );
INSERT INTO files ( gid, file, mime ) VALUES ( '47700', 'http://www.gutenberg.org/cache/epub/47700/pg47700.cover.medium.jpg', 'image/jpeg' );
INSERT INTO files ( gid, file, mime ) VALUES ( '47700', 'http://www.gutenberg.org/cache/epub/47700/pg47700.cover.small.jpg', 'image/jpeg' );
INSERT INTO files ( gid, file, mime ) VALUES ( '47700', 'http://www.gutenberg.org/ebooks/47700.epub.images', 'application/epub+zip' );
INSERT INTO files ( gid, file, mime ) VALUES ( '47700', 'http://www.gutenberg.org/ebooks/47700.epub.noimages', 'application/epub+zip' );
INSERT INTO files ( gid, file, mime ) VALUES ( '47700', 'http://www.gutenberg.org/ebooks/47700.kindle.images', 'application/x-mobipocket-ebook' );
INSERT INTO files ( gid, file, mime ) VALUES ( '47700', 'http://www.gutenberg.org/ebooks/47700.kindle.noimages', 'application/x-mobipocket-ebook' );
INSERT INTO files ( gid, file, mime ) VALUES ( '47700', 'http://www.gutenberg.org/ebooks/47700.rdf', 'application/rdf+xml' );
INSERT INTO files ( gid, file, mime ) VALUES ( '47700', 'http://www.gutenberg.org/ebooks/47700.txt.utf-8', 'text/plain' );
INSERT INTO files ( gid, file, mime ) VALUES ( '47700', 'http://www.gutenberg.org/files/47700/47700-8.txt', 'text/plain; charset=iso-8859-1' );
INSERT INTO files ( gid, file, mime ) VALUES ( '47700', 'http://www.gutenberg.org/files/47700/47700-8.zip', 'application/ziptext/plain; charset=iso-8859-1' );
INSERT INTO files ( gid, file, mime ) VALUES ( '47700', 'http://www.gutenberg.org/files/47700/47700-h.zip', 'text/html; charset=utf-8application/zip' );
INSERT INTO files ( gid, file, mime ) VALUES ( '47700', 'http://www.gutenberg.org/files/47700/47700-h/47700-h.htm', 'text/html; charset=utf-8' );
INSERT INTO titles ( gid, title, author, language, rights ) VALUES ( '47800', 'Highways and Byways in the Border Illustrated', 'Lang, John', 'en', 'Public domain in the USA.' );
INSERT INTO classifications ( gid, classification ) VALUES ( '47800', 'DA' );
INSERT INTO subjects ( gid, subject ) VALUES ( '47800', 'Scottish Borders (Scotland) -- Description and travel' );
INSERT INTO files ( gid, file, mime ) VALUES ( '47800', 'http://www.gutenberg.org/cache/epub/47800/pg47800.cover.medium.jpg', 'image/jpeg' );
INSERT INTO files ( gid, file, mime ) VALUES ( '47800', 'http://www.gutenberg.org/cache/epub/47800/pg47800.cover.small.jpg', 'image/jpeg' );
INSERT INTO files ( gid, file, mime ) VALUES ( '47800', 'http://www.gutenberg.org/ebooks/47800.epub.images', 'application/epub+zip' );
INSERT INTO files ( gid, file, mime ) VALUES ( '47800', 'http://www.gutenberg.org/ebooks/47800.epub.noimages', 'application/epub+zip' );
INSERT INTO files ( gid, file, mime ) VALUES ( '47800', 'http://www.gutenberg.org/ebooks/47800.kindle.images', 'application/x-mobipocket-ebook' );
INSERT INTO files ( gid, file, mime ) VALUES ( '47800', 'http://www.gutenberg.org/ebooks/47800.kindle.noimages', 'application/x-mobipocket-ebook' );
INSERT INTO files ( gid, file, mime ) VALUES ( '47800', 'http://www.gutenberg.org/ebooks/47800.rdf', 'application/rdf+xml' );
INSERT INTO files ( gid, file, mime ) VALUES ( '47800', 'http://www.gutenberg.org/ebooks/47800.txt.utf-8', 'text/plain' );
INSERT INTO files ( gid, file, mime ) VALUES ( '47800', 'http://www.gutenberg.org/files/47800/47800-8.txt', 'text/plain; charset=iso-8859-1' );
INSERT INTO files ( gid, file, mime ) VALUES ( '47800', 'http://www.gutenberg.org/files/47800/47800-8.zip', 'text/plain; charset=iso-8859-1application/zip' );
INSERT INTO files ( gid, file, mime ) VALUES ( '47800', 'http://www.gutenberg.org/files/47800/47800-h.zip', 'text/html; charset=iso-8859-1application/zip' );
INSERT INTO files ( gid, file, mime ) VALUES ( '47800', 'http://www.gutenberg.org/files/47800/47800-h/47800-h.htm', 'text/html; charset=iso-8859-1' );
INSERT INTO titles ( gid, title, author, language, rights ) VALUES ( '48000', 'Kertomuksia', 'Bjørnson, Bjørnstjerne', 'fi', 'Public domain in the USA.' );
INSERT INTO classifications ( gid, classification ) VALUES ( '48000', 'PT' );
INSERT INTO subjects ( gid, subject ) VALUES ( '48000', 'Norwegian fiction -- Translations into Finnish' );
INSERT INTO subjects ( gid, subject ) VALUES ( '48000', 'Short stories, Norwegian -- Translations into Finnish' );
INSERT INTO files ( gid, file, mime ) VALUES ( '48000', 'http://www.gutenberg.org/ebooks/48000.epub.images', 'application/epub+zip' );
INSERT INTO files ( gid, file, mime ) VALUES ( '48000', 'http://www.gutenberg.org/ebooks/48000.epub.noimages', 'application/epub+zip' );
INSERT INTO files ( gid, file, mime ) VALUES ( '48000', 'http://www.gutenberg.org/ebooks/48000.html.images', 'text/html' );
INSERT INTO files ( gid, file, mime ) VALUES ( '48000', 'http://www.gutenberg.org/ebooks/48000.html.noimages', 'text/html' );
INSERT INTO files ( gid, file, mime ) VALUES ( '48000', 'http://www.gutenberg.org/ebooks/48000.kindle.images', 'application/x-mobipocket-ebook' );
INSERT INTO files ( gid, file, mime ) VALUES ( '48000', 'http://www.gutenberg.org/ebooks/48000.kindle.noimages', 'application/x-mobipocket-ebook' );
INSERT INTO files ( gid, file, mime ) VALUES ( '48000', 'http://www.gutenberg.org/ebooks/48000.rdf', 'application/rdf+xml' );
INSERT INTO files ( gid, file, mime ) VALUES ( '48000', 'http://www.gutenberg.org/ebooks/48000.txt.utf-8', 'text/plain' );
INSERT INTO files ( gid, file, mime ) VALUES ( '48000', 'http://www.gutenberg.org/files/48000/48000-8.txt', 'text/plain; charset=iso-8859-1' );
INSERT INTO files ( gid, file, mime ) VALUES ( '48000', 'http://www.gutenberg.org/files/48000/48000-8.zip', 'application/ziptext/plain; charset=iso-8859-1' );
INSERT INTO titles ( gid, title, author, language, rights ) VALUES ( '47900', 'The Splendid Outcast', 'Gibbs, George', 'en', 'Public domain in the USA.' );
INSERT INTO classifications ( gid, classification ) VALUES ( '47900', 'PS' );
INSERT INTO subjects ( gid, subject ) VALUES ( '47900', 'Twins -- Fiction' );
INSERT INTO subjects ( gid, subject ) VALUES ( '47900', 'Detective and mystery stories' );
INSERT INTO subjects ( gid, subject ) VALUES ( '47900', 'Brothers -- Fiction' );
INSERT INTO subjects ( gid, subject ) VALUES ( '47900', 'Love stories' );
INSERT INTO subjects ( gid, subject ) VALUES ( '47900', 'Identity -- Fiction' );
INSERT INTO subjects ( gid, subject ) VALUES ( '47900', 'Man-woman relationships -- Fiction' );
INSERT INTO subjects ( gid, subject ) VALUES ( '47900', 'Paris (France) -- Fiction' );
INSERT INTO files ( gid, file, mime ) VALUES ( '47900', 'http://www.gutenberg.org/cache/epub/47900/pg47900.cover.medium.jpg', 'image/jpeg' );
INSERT INTO files ( gid, file, mime ) VALUES ( '47900', 'http://www.gutenberg.org/cache/epub/47900/pg47900.cover.small.jpg', 'image/jpeg' );
INSERT INTO files ( gid, file, mime ) VALUES ( '47900', 'http://www.gutenberg.org/ebooks/47900.epub.images', 'application/epub+zip' );
INSERT INTO files ( gid, file, mime ) VALUES ( '47900', 'http://www.gutenberg.org/ebooks/47900.epub.noimages', 'application/epub+zip' );
INSERT INTO files ( gid, file, mime ) VALUES ( '47900', 'http://www.gutenberg.org/ebooks/47900.kindle.images', 'application/x-mobipocket-ebook' );
INSERT INTO files ( gid, file, mime ) VALUES ( '47900', 'http://www.gutenberg.org/ebooks/47900.kindle.noimages', 'application/x-mobipocket-ebook' );
INSERT INTO files ( gid, file, mime ) VALUES ( '47900', 'http://www.gutenberg.org/ebooks/47900.rdf', 'application/rdf+xml' );
INSERT INTO files ( gid, file, mime ) VALUES ( '47900', 'http://www.gutenberg.org/ebooks/47900.rst.gen', 'text/x-rst' );
INSERT INTO files ( gid, file, mime ) VALUES ( '47900', 'http://www.gutenberg.org/files/47900/47900-0.txt', 'text/plain; charset=utf-8' );
INSERT INTO files ( gid, file, mime ) VALUES ( '47900', 'http://www.gutenberg.org/files/47900/47900-0.zip', 'application/ziptext/plain; charset=utf-8' );
INSERT INTO files ( gid, file, mime ) VALUES ( '47900', 'http://www.gutenberg.org/files/47900/47900-8.txt', 'text/plain; charset=iso-8859-1' );
INSERT INTO files ( gid, file, mime ) VALUES ( '47900', 'http://www.gutenberg.org/files/47900/47900-8.zip', 'application/ziptext/plain; charset=iso-8859-1' );
INSERT INTO files ( gid, file, mime ) VALUES ( '47900', 'http://www.gutenberg.org/files/47900/47900-h.zip', 'application/ziptext/html; charset=utf-8' );
INSERT INTO files ( gid, file, mime ) VALUES ( '47900', 'http://www.gutenberg.org/files/47900/47900-h/47900-h.html', 'text/html; charset=utf-8' );
INSERT INTO files ( gid, file, mime ) VALUES ( '47900', 'http://www.gutenberg.org/files/47900/47900-rst.zip', 'text/x-rstapplication/zip' );
INSERT INTO files ( gid, file, mime ) VALUES ( '47900', 'http://www.gutenberg.org/files/47900/47900-rst/47900-rst.rst', 'text/x-rst' );
INSERT INTO files ( gid, file, mime ) VALUES ( '47900', 'http://www.gutenberg.org/files/47900/47900.txt', 'text/plain; charset=us-ascii' );
INSERT INTO files ( gid, file, mime ) VALUES ( '47900', 'http://www.gutenberg.org/files/47900/47900.zip', 'text/plain; charset=us-asciiapplication/zip' );
INSERT INTO titles ( gid, title, author, language, rights ) VALUES ( '4800', 'The Complete Poetical Works of Percy Bysshe Shelley — Complete', 'Shelley, Percy Bysshe', 'en', 'Public domain in the USA.' );
INSERT INTO classifications ( gid, classification ) VALUES ( '4800', 'PR' );
INSERT INTO subjects ( gid, subject ) VALUES ( '4800', 'English poetry' );
INSERT INTO files ( gid, file, mime ) VALUES ( '4800', 'http://www.gutenberg.org/ebooks/4800.epub.images', 'application/epub+zip' );
INSERT INTO files ( gid, file, mime ) VALUES ( '4800', 'http://www.gutenberg.org/ebooks/4800.epub.noimages', 'application/epub+zip' );
INSERT INTO files ( gid, file, mime ) VALUES ( '4800', 'http://www.gutenberg.org/ebooks/4800.html.images', 'text/html' );
INSERT INTO files ( gid, file, mime ) VALUES ( '4800', 'http://www.gutenberg.org/ebooks/4800.html.noimages', 'text/html' );
INSERT INTO files ( gid, file, mime ) VALUES ( '4800', 'http://www.gutenberg.org/ebooks/4800.kindle.images', 'application/x-mobipocket-ebook' );
INSERT INTO files ( gid, file, mime ) VALUES ( '4800', 'http://www.gutenberg.org/ebooks/4800.kindle.noimages', 'application/x-mobipocket-ebook' );
INSERT INTO files ( gid, file, mime ) VALUES ( '4800', 'http://www.gutenberg.org/ebooks/4800.rdf', 'application/rdf+xml' );
INSERT INTO files ( gid, file, mime ) VALUES ( '4800', 'http://www.gutenberg.org/ebooks/4800.txt.utf-8', 'text/plain' );
INSERT INTO files ( gid, file, mime ) VALUES ( '4800', 'http://www.gutenberg.org/files/4800/4800.txt', 'text/plain; charset=us-ascii' );
INSERT INTO files ( gid, file, mime ) VALUES ( '4800', 'http://www.gutenberg.org/files/4800/4800.zip', 'text/plain; charset=us-asciiapplication/zip' );
INSERT INTO titles ( gid, title, author, language, rights ) VALUES ( '48100', 'The Sabbath-School Index Pointing out the history and progress of Sunday-schools, with approved modes of instruction.', 'Pardee, R. G. (Richard Gay)', 'en', 'Public domain in the USA.' );
INSERT INTO classifications ( gid, classification ) VALUES ( '48100', 'BV' );
INSERT INTO subjects ( gid, subject ) VALUES ( '48100', 'Sunday schools' );
INSERT INTO files ( gid, file, mime ) VALUES ( '48100', 'http://www.gutenberg.org/cache/epub/48100/pg48100.cover.medium.jpg', 'image/jpeg' );
INSERT INTO files ( gid, file, mime ) VALUES ( '48100', 'http://www.gutenberg.org/cache/epub/48100/pg48100.cover.small.jpg', 'image/jpeg' );
INSERT INTO files ( gid, file, mime ) VALUES ( '48100', 'http://www.gutenberg.org/ebooks/48100.epub.images', 'application/epub+zip' );
INSERT INTO files ( gid, file, mime ) VALUES ( '48100', 'http://www.gutenberg.org/ebooks/48100.epub.noimages', 'application/epub+zip' );
INSERT INTO files ( gid, file, mime ) VALUES ( '48100', 'http://www.gutenberg.org/ebooks/48100.kindle.images', 'application/x-mobipocket-ebook' );
INSERT INTO files ( gid, file, mime ) VALUES ( '48100', 'http://www.gutenberg.org/ebooks/48100.kindle.noimages', 'application/x-mobipocket-ebook' );
INSERT INTO files ( gid, file, mime ) VALUES ( '48100', 'http://www.gutenberg.org/ebooks/48100.rdf', 'application/rdf+xml' );
INSERT INTO files ( gid, file, mime ) VALUES ( '48100', 'http://www.gutenberg.org/ebooks/48100.txt.utf-8', 'text/plain' );
INSERT INTO files ( gid, file, mime ) VALUES ( '48100', 'http://www.gutenberg.org/files/48100/48100-8.txt', 'text/plain; charset=iso-8859-1' );
INSERT INTO files ( gid, file, mime ) VALUES ( '48100', 'http://www.gutenberg.org/files/48100/48100-8.zip', 'text/plain; charset=iso-8859-1application/zip' );
INSERT INTO files ( gid, file, mime ) VALUES ( '48100', 'http://www.gutenberg.org/files/48100/48100-h.zip', 'application/ziptext/html; charset=iso-8859-1' );
INSERT INTO files ( gid, file, mime ) VALUES ( '48100', 'http://www.gutenberg.org/files/48100/48100-h/48100-h.htm', 'text/html; charset=iso-8859-1' );
INSERT INTO titles ( gid, title, author, language, rights ) VALUES ( '48200', 'The Rake''s Progress', 'Bowen, Marjorie', 'en', 'Public domain in the USA.' );
INSERT INTO classifications ( gid, classification ) VALUES ( '48200', 'PR' );
INSERT INTO subjects ( gid, subject ) VALUES ( '48200', 'Fiction' );
INSERT INTO files ( gid, file, mime ) VALUES ( '48200', 'http://www.gutenberg.org/cache/epub/48200/pg48200.cover.medium.jpg', 'image/jpeg' );
INSERT INTO files ( gid, file, mime ) VALUES ( '48200', 'http://www.gutenberg.org/cache/epub/48200/pg48200.cover.small.jpg', 'image/jpeg' );
INSERT INTO files ( gid, file, mime ) VALUES ( '48200', 'http://www.gutenberg.org/ebooks/48200.epub.images', 'application/epub+zip' );
INSERT INTO files ( gid, file, mime ) VALUES ( '48200', 'http://www.gutenberg.org/ebooks/48200.epub.noimages', 'application/epub+zip' );
INSERT INTO files ( gid, file, mime ) VALUES ( '48200', 'http://www.gutenberg.org/ebooks/48200.kindle.images', 'application/x-mobipocket-ebook' );
INSERT INTO files ( gid, file, mime ) VALUES ( '48200', 'http://www.gutenberg.org/ebooks/48200.kindle.noimages', 'application/x-mobipocket-ebook' );
INSERT INTO files ( gid, file, mime ) VALUES ( '48200', 'http://www.gutenberg.org/ebooks/48200.rdf', 'application/rdf+xml' );
INSERT INTO files ( gid, file, mime ) VALUES ( '48200', 'http://www.gutenberg.org/ebooks/48200.txt.utf-8', 'text/plain' );
INSERT INTO files ( gid, file, mime ) VALUES ( '48200', 'http://www.gutenberg.org/files/48200/48200-8.txt', 'text/plain; charset=iso-8859-1' );
INSERT INTO files ( gid, file, mime ) VALUES ( '48200', 'http://www.gutenberg.org/files/48200/48200-8.zip', 'application/ziptext/plain; charset=iso-8859-1' );
INSERT INTO files ( gid, file, mime ) VALUES ( '48200', 'http://www.gutenberg.org/files/48200/48200-h.zip', 'application/ziptext/html; charset=iso-8859-1' );
INSERT INTO files ( gid, file, mime ) VALUES ( '48200', 'http://www.gutenberg.org/files/48200/48200-h/48200-h.htm', 'text/html; charset=iso-8859-1' );
INSERT INTO titles ( gid, title, author, language, rights ) VALUES ( '48300', 'Scientific American, Volume 56, No. 9, February 26, 1887', 'Various', 'en', 'Public domain in the USA.' );
INSERT INTO classifications ( gid, classification ) VALUES ( '48300', 'T' );
INSERT INTO subjects ( gid, subject ) VALUES ( '48300', 'Science -- Periodicals' );
INSERT INTO subjects ( gid, subject ) VALUES ( '48300', 'Technology -- Periodicals' );
INSERT INTO files ( gid, file, mime ) VALUES ( '48300', 'http://www.gutenberg.org/cache/epub/48300/pg48300.cover.medium.jpg', 'image/jpeg' );
INSERT INTO files ( gid, file, mime ) VALUES ( '48300', 'http://www.gutenberg.org/cache/epub/48300/pg48300.cover.small.jpg', 'image/jpeg' );
INSERT INTO files ( gid, file, mime ) VALUES ( '48300', 'http://www.gutenberg.org/ebooks/48300.epub.images', 'application/epub+zip' );
INSERT INTO files ( gid, file, mime ) VALUES ( '48300', 'http://www.gutenberg.org/ebooks/48300.epub.noimages', 'application/epub+zip' );
INSERT INTO files ( gid, file, mime ) VALUES ( '48300', 'http://www.gutenberg.org/ebooks/48300.kindle.images', 'application/x-mobipocket-ebook' );
INSERT INTO files ( gid, file, mime ) VALUES ( '48300', 'http://www.gutenberg.org/ebooks/48300.kindle.noimages', 'application/x-mobipocket-ebook' );
INSERT INTO files ( gid, file, mime ) VALUES ( '48300', 'http://www.gutenberg.org/ebooks/48300.rdf', 'application/rdf+xml' );
INSERT INTO files ( gid, file, mime ) VALUES ( '48300', 'http://www.gutenberg.org/files/48300/48300-0.txt', 'text/plain; charset=utf-8' );
INSERT INTO files ( gid, file, mime ) VALUES ( '48300', 'http://www.gutenberg.org/files/48300/48300-0.zip', 'application/ziptext/plain; charset=utf-8' );
INSERT INTO files ( gid, file, mime ) VALUES ( '48300', 'http://www.gutenberg.org/files/48300/48300-h.zip', 'application/ziptext/html; charset=utf-8' );
INSERT INTO files ( gid, file, mime ) VALUES ( '48300', 'http://www.gutenberg.org/files/48300/48300-h/48300-h.htm', 'text/html; charset=utf-8' );
INSERT INTO titles ( gid, title, author, language, rights ) VALUES ( '48400', 'L''Illusione', 'De Roberto, Federico', 'it', 'Public domain in the USA.' );
INSERT INTO classifications ( gid, classification ) VALUES ( '48400', 'PQ' );
INSERT INTO subjects ( gid, subject ) VALUES ( '48400', 'Italian fiction -- 19th century' );
INSERT INTO files ( gid, file, mime ) VALUES ( '48400', 'http://www.gutenberg.org/cache/epub/48400/pg48400.cover.medium.jpg', 'image/jpeg' );
INSERT INTO files ( gid, file, mime ) VALUES ( '48400', 'http://www.gutenberg.org/cache/epub/48400/pg48400.cover.small.jpg', 'image/jpeg' );
INSERT INTO files ( gid, file, mime ) VALUES ( '48400', 'http://www.gutenberg.org/ebooks/48400.epub.images', 'application/epub+zip' );
INSERT INTO files ( gid, file, mime ) VALUES ( '48400', 'http://www.gutenberg.org/ebooks/48400.epub.noimages', 'application/epub+zip' );
INSERT INTO files ( gid, file, mime ) VALUES ( '48400', 'http://www.gutenberg.org/ebooks/48400.kindle.images', 'application/x-mobipocket-ebook' );
INSERT INTO files ( gid, file, mime ) VALUES ( '48400', 'http://www.gutenberg.org/ebooks/48400.kindle.noimages', 'application/x-mobipocket-ebook' );
INSERT INTO files ( gid, file, mime ) VALUES ( '48400', 'http://www.gutenberg.org/ebooks/48400.rdf', 'application/rdf+xml' );
INSERT INTO files ( gid, file, mime ) VALUES ( '48400', 'http://www.gutenberg.org/files/48400/48400-0.txt', 'text/plain; charset=utf-8' );
INSERT INTO files ( gid, file, mime ) VALUES ( '48400', 'http://www.gutenberg.org/files/48400/48400-0.zip', 'text/plain; charset=utf-8application/zip' );
INSERT INTO files ( gid, file, mime ) VALUES ( '48400', 'http://www.gutenberg.org/files/48400/48400-h.zip', 'application/ziptext/html; charset=utf-8' );
INSERT INTO files ( gid, file, mime ) VALUES ( '48400', 'http://www.gutenberg.org/files/48400/48400-h/48400-h.htm', 'text/html; charset=utf-8' );
INSERT INTO titles ( gid, title, author, language, rights ) VALUES ( '48500', 'Sir Wilfrid Laurier', 'McArthur, Peter', 'en', 'Public domain in the USA.' );
INSERT INTO subjects ( gid, subject ) VALUES ( '48500', 'Laurier, Wilfrid, Sir, 1841-1919' );
INSERT INTO subjects ( gid, subject ) VALUES ( '48500', 'F1001' );
INSERT INTO files ( gid, file, mime ) VALUES ( '48500', 'http://www.gutenberg.org/cache/epub/48500/pg48500.cover.medium.jpg', 'image/jpeg' );
INSERT INTO files ( gid, file, mime ) VALUES ( '48500', 'http://www.gutenberg.org/cache/epub/48500/pg48500.cover.small.jpg', 'image/jpeg' );
INSERT INTO files ( gid, file, mime ) VALUES ( '48500', 'http://www.gutenberg.org/ebooks/48500.epub.images', 'application/epub+zip' );
INSERT INTO files ( gid, file, mime ) VALUES ( '48500', 'http://www.gutenberg.org/ebooks/48500.epub.noimages', 'application/epub+zip' );
INSERT INTO files ( gid, file, mime ) VALUES ( '48500', 'http://www.gutenberg.org/ebooks/48500.kindle.images', 'application/x-mobipocket-ebook' );
INSERT INTO files ( gid, file, mime ) VALUES ( '48500', 'http://www.gutenberg.org/ebooks/48500.kindle.noimages', 'application/x-mobipocket-ebook' );
INSERT INTO files ( gid, file, mime ) VALUES ( '48500', 'http://www.gutenberg.org/ebooks/48500.rdf', 'application/rdf+xml' );
INSERT INTO files ( gid, file, mime ) VALUES ( '48500', 'http://www.gutenberg.org/files/48500/48500-0.txt', 'text/plain; charset=utf-8' );
INSERT INTO files ( gid, file, mime ) VALUES ( '48500', 'http://www.gutenberg.org/files/48500/48500-0.zip', 'application/ziptext/plain; charset=utf-8' );
INSERT INTO files ( gid, file, mime ) VALUES ( '48500', 'http://www.gutenberg.org/files/48500/48500-h.zip', 'application/ziptext/html; charset=utf-8' );
INSERT INTO files ( gid, file, mime ) VALUES ( '48500', 'http://www.gutenberg.org/files/48500/48500-h/48500-h.htm', 'text/html; charset=utf-8' );
INSERT INTO titles ( gid, title, author, language, rights ) VALUES ( '48600', 'Vita di Guarino Veronese', 'Sabbadini, Remigio', 'it', 'Public domain in the USA.' );
INSERT INTO classifications ( gid, classification ) VALUES ( '48600', 'PA' );
INSERT INTO subjects ( gid, subject ) VALUES ( '48600', 'Guarino, Veronese, 1374-1460' );
INSERT INTO files ( gid, file, mime ) VALUES ( '48600', 'http://www.gutenberg.org/cache/epub/48600/pg48600.cover.medium.jpg', 'image/jpeg' );
INSERT INTO files ( gid, file, mime ) VALUES ( '48600', 'http://www.gutenberg.org/cache/epub/48600/pg48600.cover.small.jpg', 'image/jpeg' );
INSERT INTO files ( gid, file, mime ) VALUES ( '48600', 'http://www.gutenberg.org/ebooks/48600.epub.images', 'application/epub+zip' );
INSERT INTO files ( gid, file, mime ) VALUES ( '48600', 'http://www.gutenberg.org/ebooks/48600.epub.noimages', 'application/epub+zip' );
INSERT INTO files ( gid, file, mime ) VALUES ( '48600', 'http://www.gutenberg.org/ebooks/48600.kindle.images', 'application/x-mobipocket-ebook' );
INSERT INTO files ( gid, file, mime ) VALUES ( '48600', 'http://www.gutenberg.org/ebooks/48600.kindle.noimages', 'application/x-mobipocket-ebook' );
INSERT INTO files ( gid, file, mime ) VALUES ( '48600', 'http://www.gutenberg.org/ebooks/48600.rdf', 'application/rdf+xml' );
INSERT INTO files ( gid, file, mime ) VALUES ( '48600', 'http://www.gutenberg.org/files/48600/48600-0.txt', 'text/plain; charset=utf-8' );
INSERT INTO files ( gid, file, mime ) VALUES ( '48600', 'http://www.gutenberg.org/files/48600/48600-0.zip', 'text/plain; charset=utf-8application/zip' );
INSERT INTO files ( gid, file, mime ) VALUES ( '48600', 'http://www.gutenberg.org/files/48600/48600-h.zip', 'text/html; charset=utf-8application/zip' );
INSERT INTO files ( gid, file, mime ) VALUES ( '48600', 'http://www.gutenberg.org/files/48600/48600-h/48600-h.htm', 'text/html; charset=utf-8' );
INSERT INTO titles ( gid, title, author, language, rights ) VALUES ( '48700', 'On Cambrian and Cumbrian Hills: Pilgrimages to Snowdon and Scafell', 'Salt, Henry S.', 'en', 'Public domain in the USA.' );
INSERT INTO classifications ( gid, classification ) VALUES ( '48700', 'DA' );
INSERT INTO subjects ( gid, subject ) VALUES ( '48700', 'Mountains -- Great Britain' );
INSERT INTO subjects ( gid, subject ) VALUES ( '48700', 'Caernarvonshire (Wales) -- Description and travel' );
INSERT INTO subjects ( gid, subject ) VALUES ( '48700', 'Cumberland (England) -- Description and travel' );
INSERT INTO files ( gid, file, mime ) VALUES ( '48700', 'http://www.gutenberg.org/cache/epub/48700/pg48700.cover.medium.jpg', 'image/jpeg' );
INSERT INTO files ( gid, file, mime ) VALUES ( '48700', 'http://www.gutenberg.org/cache/epub/48700/pg48700.cover.small.jpg', 'image/jpeg' );
INSERT INTO files ( gid, file, mime ) VALUES ( '48700', 'http://www.gutenberg.org/ebooks/48700.epub.images', 'application/epub+zip' );
INSERT INTO files ( gid, file, mime ) VALUES ( '48700', 'http://www.gutenberg.org/ebooks/48700.epub.noimages', 'application/epub+zip' );
INSERT INTO files ( gid, file, mime ) VALUES ( '48700', 'http://www.gutenberg.org/ebooks/48700.kindle.images', 'application/x-mobipocket-ebook' );
INSERT INTO files ( gid, file, mime ) VALUES ( '48700', 'http://www.gutenberg.org/ebooks/48700.kindle.noimages', 'application/x-mobipocket-ebook' );
INSERT INTO files ( gid, file, mime ) VALUES ( '48700', 'http://www.gutenberg.org/ebooks/48700.rdf', 'application/rdf+xml' );
INSERT INTO files ( gid, file, mime ) VALUES ( '48700', 'http://www.gutenberg.org/files/48700/48700-0.txt', 'text/plain; charset=utf-8' );
INSERT INTO files ( gid, file, mime ) VALUES ( '48700', 'http://www.gutenberg.org/files/48700/48700-0.zip', 'text/plain; charset=utf-8application/zip' );
INSERT INTO files ( gid, file, mime ) VALUES ( '48700', 'http://www.gutenberg.org/files/48700/48700-h.zip', 'text/html; charset=utf-8application/zip' );
INSERT INTO files ( gid, file, mime ) VALUES ( '48700', 'http://www.gutenberg.org/files/48700/48700-h/48700-h.htm', 'text/html; charset=utf-8' );
INSERT INTO titles ( gid, title, author, language, rights ) VALUES ( '48900', 'Tiel do: Rakontoj por malgrandaj infanoj', 'Kipling, Rudyard', 'eo', 'Copyrighted. Read the copyright notice inside this book for details.' );
INSERT INTO classifications ( gid, classification ) VALUES ( '48900', 'PR' );
INSERT INTO classifications ( gid, classification ) VALUES ( '48900', 'PZ' );
INSERT INTO subjects ( gid, subject ) VALUES ( '48900', 'Short stories' );
INSERT INTO subjects ( gid, subject ) VALUES ( '48900', 'Children''s stories, English -- Translations into Esperanto' );
INSERT INTO subjects ( gid, subject ) VALUES ( '48900', 'Animals -- Fiction' );
INSERT INTO files ( gid, file, mime ) VALUES ( '48900', 'http://www.gutenberg.org/ebooks/48900.epub.images', 'application/epub+zip' );
INSERT INTO files ( gid, file, mime ) VALUES ( '48900', 'http://www.gutenberg.org/ebooks/48900.epub.noimages', 'application/epub+zip' );
INSERT INTO files ( gid, file, mime ) VALUES ( '48900', 'http://www.gutenberg.org/ebooks/48900.rdf', 'application/rdf+xml' );
INSERT INTO files ( gid, file, mime ) VALUES ( '48900', 'http://www.gutenberg.org/files/48900/48900-0.txt', 'text/plain; charset=utf-8' );
INSERT INTO files ( gid, file, mime ) VALUES ( '48900', 'http://www.gutenberg.org/files/48900/48900-0.zip', 'application/ziptext/plain; charset=utf-8' );
INSERT INTO files ( gid, file, mime ) VALUES ( '48900', 'http://www.gutenberg.org/files/48900/48900-h.zip', 'application/ziptext/html; charset=utf-8' );
INSERT INTO files ( gid, file, mime ) VALUES ( '48900', 'http://www.gutenberg.org/files/48900/48900-h/48900-h.htm', 'text/html; charset=utf-8' );
INSERT INTO titles ( gid, title, author, language, rights ) VALUES ( '48800', 'Chap-books of the Eighteenth Century With Facsimiles, Notes, and Introduction', 'Ashton, John', 'en', 'Public domain in the USA.' );
INSERT INTO classifications ( gid, classification ) VALUES ( '48800', 'PR' );
INSERT INTO subjects ( gid, subject ) VALUES ( '48800', 'Books and reading -- Great Britain -- History -- 18th century' );
INSERT INTO subjects ( gid, subject ) VALUES ( '48800', 'Popular literature -- Great Britain -- History and criticism' );
INSERT INTO subjects ( gid, subject ) VALUES ( '48800', 'Chapbooks' );
INSERT INTO subjects ( gid, subject ) VALUES ( '48800', 'English literature -- 18th century' );
INSERT INTO subjects ( gid, subject ) VALUES ( '48800', 'Popular literature -- Great Britain' );
INSERT INTO subjects ( gid, subject ) VALUES ( '48800', 'Chapbooks, English -- History -- 18th century' );
INSERT INTO files ( gid, file, mime ) VALUES ( '48800', 'http://www.gutenberg.org/cache/epub/48800/pg48800.cover.medium.jpg', 'image/jpeg' );
INSERT INTO files ( gid, file, mime ) VALUES ( '48800', 'http://www.gutenberg.org/cache/epub/48800/pg48800.cover.small.jpg', 'image/jpeg' );
INSERT INTO files ( gid, file, mime ) VALUES ( '48800', 'http://www.gutenberg.org/ebooks/48800.epub.images', 'application/epub+zip' );
INSERT INTO files ( gid, file, mime ) VALUES ( '48800', 'http://www.gutenberg.org/ebooks/48800.epub.noimages', 'application/epub+zip' );
INSERT INTO files ( gid, file, mime ) VALUES ( '48800', 'http://www.gutenberg.org/ebooks/48800.kindle.images', 'application/x-mobipocket-ebook' );
INSERT INTO files ( gid, file, mime ) VALUES ( '48800', 'http://www.gutenberg.org/ebooks/48800.kindle.noimages', 'application/x-mobipocket-ebook' );
INSERT INTO files ( gid, file, mime ) VALUES ( '48800', 'http://www.gutenberg.org/ebooks/48800.rdf', 'application/rdf+xml' );
INSERT INTO files ( gid, file, mime ) VALUES ( '48800', 'http://www.gutenberg.org/ebooks/48800.txt.utf-8', 'text/plain' );
INSERT INTO files ( gid, file, mime ) VALUES ( '48800', 'http://www.gutenberg.org/files/48800/48800-8.txt', 'text/plain; charset=iso-8859-1' );
INSERT INTO files ( gid, file, mime ) VALUES ( '48800', 'http://www.gutenberg.org/files/48800/48800-8.zip', 'application/ziptext/plain; charset=iso-8859-1' );
INSERT INTO files ( gid, file, mime ) VALUES ( '48800', 'http://www.gutenberg.org/files/48800/48800-h.zip', 'application/ziptext/html; charset=iso-8859-1' );
INSERT INTO files ( gid, file, mime ) VALUES ( '48800', 'http://www.gutenberg.org/files/48800/48800-h/48800-h.htm', 'text/html; charset=iso-8859-1' );
INSERT INTO titles ( gid, title, author, language, rights ) VALUES ( '4900', 'PG Edition of Netherlands series — Complete', 'Motley, John Lothrop', 'en', 'Public domain in the USA.' );
INSERT INTO classifications ( gid, classification ) VALUES ( '4900', 'DH' );
INSERT INTO subjects ( gid, subject ) VALUES ( '4900', 'Netherlands -- History' );
INSERT INTO files ( gid, file, mime ) VALUES ( '4900', 'http://www.gutenberg.org/ebooks/4900.epub.images', 'application/epub+zip' );
INSERT INTO files ( gid, file, mime ) VALUES ( '4900', 'http://www.gutenberg.org/ebooks/4900.epub.noimages', 'application/epub+zip' );
INSERT INTO files ( gid, file, mime ) VALUES ( '4900', 'http://www.gutenberg.org/ebooks/4900.html.images', 'text/html' );
INSERT INTO files ( gid, file, mime ) VALUES ( '4900', 'http://www.gutenberg.org/ebooks/4900.html.noimages', 'text/html' );
INSERT INTO files ( gid, file, mime ) VALUES ( '4900', 'http://www.gutenberg.org/ebooks/4900.kindle.images', 'application/x-mobipocket-ebook' );
INSERT INTO files ( gid, file, mime ) VALUES ( '4900', 'http://www.gutenberg.org/ebooks/4900.kindle.noimages', 'application/x-mobipocket-ebook' );
INSERT INTO files ( gid, file, mime ) VALUES ( '4900', 'http://www.gutenberg.org/ebooks/4900.rdf', 'application/rdf+xml' );
INSERT INTO files ( gid, file, mime ) VALUES ( '4900', 'http://www.gutenberg.org/ebooks/4900.txt.utf-8', 'text/plain' );
INSERT INTO files ( gid, file, mime ) VALUES ( '4900', 'http://www.gutenberg.org/files/4900/4900.txt', 'text/plain; charset=us-ascii' );
INSERT INTO files ( gid, file, mime ) VALUES ( '4900', 'http://www.gutenberg.org/files/4900/4900.zip', 'application/ziptext/plain; charset=us-ascii' );
INSERT INTO titles ( gid, title, author, language, rights ) VALUES ( '49000', 'Last Verses', 'Coolidge, Susan', 'en', 'Public domain in the USA.' );
INSERT INTO classifications ( gid, classification ) VALUES ( '49000', 'PS' );
INSERT INTO subjects ( gid, subject ) VALUES ( '49000', 'American poetry' );
INSERT INTO files ( gid, file, mime ) VALUES ( '49000', 'http://www.gutenberg.org/cache/epub/49000/pg49000.cover.medium.jpg', 'image/jpeg' );
INSERT INTO files ( gid, file, mime ) VALUES ( '49000', 'http://www.gutenberg.org/cache/epub/49000/pg49000.cover.small.jpg', 'image/jpeg' );
INSERT INTO files ( gid, file, mime ) VALUES ( '49000', 'http://www.gutenberg.org/ebooks/49000.epub.images', 'application/epub+zip' );
INSERT INTO files ( gid, file, mime ) VALUES ( '49000', 'http://www.gutenberg.org/ebooks/49000.epub.noimages', 'application/epub+zip' );
INSERT INTO files ( gid, file, mime ) VALUES ( '49000', 'http://www.gutenberg.org/ebooks/49000.kindle.images', 'application/x-mobipocket-ebook' );
INSERT INTO files ( gid, file, mime ) VALUES ( '49000', 'http://www.gutenberg.org/ebooks/49000.kindle.noimages', 'application/x-mobipocket-ebook' );
INSERT INTO files ( gid, file, mime ) VALUES ( '49000', 'http://www.gutenberg.org/ebooks/49000.rdf', 'application/rdf+xml' );
INSERT INTO files ( gid, file, mime ) VALUES ( '49000', 'http://www.gutenberg.org/files/49000/49000-0.txt', 'text/plain; charset=utf-8' );
INSERT INTO files ( gid, file, mime ) VALUES ( '49000', 'http://www.gutenberg.org/files/49000/49000-0.zip', 'text/plain; charset=utf-8application/zip' );
INSERT INTO files ( gid, file, mime ) VALUES ( '49000', 'http://www.gutenberg.org/files/49000/49000-h.zip', 'application/ziptext/html; charset=utf-8' );
INSERT INTO files ( gid, file, mime ) VALUES ( '49000', 'http://www.gutenberg.org/files/49000/49000-h/49000-h.htm', 'text/html; charset=utf-8' );
INSERT INTO titles ( gid, title, author, language, rights ) VALUES ( '49100', 'Harper''s Round Table, November 26, 1895', 'Various', 'en', 'Public domain in the USA.' );
INSERT INTO classifications ( gid, classification ) VALUES ( '49100', 'AP' );
INSERT INTO subjects ( gid, subject ) VALUES ( '49100', 'Children''s periodicals' );
INSERT INTO files ( gid, file, mime ) VALUES ( '49100', 'http://www.gutenberg.org/ebooks/49100.epub.images', 'application/epub+zip' );
INSERT INTO files ( gid, file, mime ) VALUES ( '49100', 'http://www.gutenberg.org/ebooks/49100.epub.noimages', 'application/epub+zip' );
INSERT INTO files ( gid, file, mime ) VALUES ( '49100', 'http://www.gutenberg.org/ebooks/49100.kindle.images', 'application/x-mobipocket-ebook' );
INSERT INTO files ( gid, file, mime ) VALUES ( '49100', 'http://www.gutenberg.org/ebooks/49100.kindle.noimages', 'application/x-mobipocket-ebook' );
INSERT INTO files ( gid, file, mime ) VALUES ( '49100', 'http://www.gutenberg.org/ebooks/49100.rdf', 'application/rdf+xml' );
INSERT INTO files ( gid, file, mime ) VALUES ( '49100', 'http://www.gutenberg.org/ebooks/49100.txt.utf-8', 'text/plain' );
INSERT INTO files ( gid, file, mime ) VALUES ( '49100', 'http://www.gutenberg.org/files/49100/49100-8.txt', 'text/plain; charset=iso-8859-1' );
INSERT INTO files ( gid, file, mime ) VALUES ( '49100', 'http://www.gutenberg.org/files/49100/49100-8.zip', 'application/ziptext/plain; charset=iso-8859-1' );
INSERT INTO files ( gid, file, mime ) VALUES ( '49100', 'http://www.gutenberg.org/files/49100/49100-h.zip', 'text/html; charset=us-asciiapplication/zip' );
INSERT INTO files ( gid, file, mime ) VALUES ( '49100', 'http://www.gutenberg.org/files/49100/49100-h/49100-h.htm', 'text/html; charset=us-ascii' );
INSERT INTO titles ( gid, title, author, language, rights ) VALUES ( '49200', 'Stellar Evolution and Its Relations to Geological Time', 'Croll, James', 'en', 'Public domain in the USA.' );
INSERT INTO classifications ( gid, classification ) VALUES ( '49200', 'QB' );
INSERT INTO subjects ( gid, subject ) VALUES ( '49200', 'Cosmogony' );
INSERT INTO subjects ( gid, subject ) VALUES ( '49200', 'Geological time' );
INSERT INTO subjects ( gid, subject ) VALUES ( '49200', 'Stars -- Evolution' );
INSERT INTO files ( gid, file, mime ) VALUES ( '49200', 'http://www.gutenberg.org/cache/epub/49200/pg49200.cover.medium.jpg', 'image/jpeg' );
INSERT INTO files ( gid, file, mime ) VALUES ( '49200', 'http://www.gutenberg.org/cache/epub/49200/pg49200.cover.small.jpg', 'image/jpeg' );
INSERT INTO files ( gid, file, mime ) VALUES ( '49200', 'http://www.gutenberg.org/ebooks/49200.epub.images', 'application/epub+zip' );
INSERT INTO files ( gid, file, mime ) VALUES ( '49200', 'http://www.gutenberg.org/ebooks/49200.epub.noimages', 'application/epub+zip' );
INSERT INTO files ( gid, file, mime ) VALUES ( '49200', 'http://www.gutenberg.org/ebooks/49200.kindle.images', 'application/x-mobipocket-ebook' );
INSERT INTO files ( gid, file, mime ) VALUES ( '49200', 'http://www.gutenberg.org/ebooks/49200.kindle.noimages', 'application/x-mobipocket-ebook' );
INSERT INTO files ( gid, file, mime ) VALUES ( '49200', 'http://www.gutenberg.org/ebooks/49200.rdf', 'application/rdf+xml' );
INSERT INTO files ( gid, file, mime ) VALUES ( '49200', 'http://www.gutenberg.org/files/49200/49200-0.txt', 'text/plain; charset=utf-8' );
INSERT INTO files ( gid, file, mime ) VALUES ( '49200', 'http://www.gutenberg.org/files/49200/49200-0.zip', 'text/plain; charset=utf-8application/zip' );
INSERT INTO files ( gid, file, mime ) VALUES ( '49200', 'http://www.gutenberg.org/files/49200/49200-h.zip', 'text/html; charset=utf-8application/zip' );
INSERT INTO files ( gid, file, mime ) VALUES ( '49200', 'http://www.gutenberg.org/files/49200/49200-h/49200-h.htm', 'text/html; charset=utf-8' );
INSERT INTO titles ( gid, title, author, language, rights ) VALUES ( '49300', 'Biscayne Bay, Dade Co., Florida, Between the 25th and 26th Degrees of Latitude. A complete manual of information concerning the climate, soil, products, etc., of the lands bordering on Biscayne Bay, in Florida.', '', 'en', 'Public domain in the USA.' );
INSERT INTO subjects ( gid, subject ) VALUES ( '49300', 'F296' );
INSERT INTO subjects ( gid, subject ) VALUES ( '49300', 'Biscayne Bay (Fla.) -- Description and travel' );
INSERT INTO files ( gid, file, mime ) VALUES ( '49300', 'http://www.gutenberg.org/cache/epub/49300/pg49300.cover.medium.jpg', 'image/jpeg' );
INSERT INTO files ( gid, file, mime ) VALUES ( '49300', 'http://www.gutenberg.org/cache/epub/49300/pg49300.cover.small.jpg', 'image/jpeg' );
INSERT INTO files ( gid, file, mime ) VALUES ( '49300', 'http://www.gutenberg.org/ebooks/49300.epub.images', 'application/epub+zip' );
INSERT INTO files ( gid, file, mime ) VALUES ( '49300', 'http://www.gutenberg.org/ebooks/49300.epub.noimages', 'application/epub+zip' );
INSERT INTO files ( gid, file, mime ) VALUES ( '49300', 'http://www.gutenberg.org/ebooks/49300.kindle.images', 'application/x-mobipocket-ebook' );
INSERT INTO files ( gid, file, mime ) VALUES ( '49300', 'http://www.gutenberg.org/ebooks/49300.kindle.noimages', 'application/x-mobipocket-ebook' );
INSERT INTO files ( gid, file, mime ) VALUES ( '49300', 'http://www.gutenberg.org/ebooks/49300.rdf', 'application/rdf+xml' );
INSERT INTO files ( gid, file, mime ) VALUES ( '49300', 'http://www.gutenberg.org/files/49300/49300-0.txt', 'text/plain; charset=utf-8' );
INSERT INTO files ( gid, file, mime ) VALUES ( '49300', 'http://www.gutenberg.org/files/49300/49300-0.zip', 'application/ziptext/plain; charset=utf-8' );
INSERT INTO files ( gid, file, mime ) VALUES ( '49300', 'http://www.gutenberg.org/files/49300/49300-h.zip', 'text/html; charset=utf-8application/zip' );
INSERT INTO files ( gid, file, mime ) VALUES ( '49300', 'http://www.gutenberg.org/files/49300/49300-h/49300-h.htm', 'text/html; charset=utf-8' );
INSERT INTO titles ( gid, title, author, language, rights ) VALUES ( '49400', 'Experience', 'Cotton, Catherine', 'en', 'Public domain in the USA.' );
INSERT INTO classifications ( gid, classification ) VALUES ( '49400', 'PR' );
INSERT INTO subjects ( gid, subject ) VALUES ( '49400', 'World War, 1914-1918 -- England -- Fiction' );
INSERT INTO subjects ( gid, subject ) VALUES ( '49400', 'Women -- Fiction' );
INSERT INTO files ( gid, file, mime ) VALUES ( '49400', 'http://www.gutenberg.org/cache/epub/49400/pg49400.cover.medium.jpg', 'image/jpeg' );
INSERT INTO files ( gid, file, mime ) VALUES ( '49400', 'http://www.gutenberg.org/cache/epub/49400/pg49400.cover.small.jpg', 'image/jpeg' );
INSERT INTO files ( gid, file, mime ) VALUES ( '49400', 'http://www.gutenberg.org/ebooks/49400.epub.images', 'application/epub+zip' );
INSERT INTO files ( gid, file, mime ) VALUES ( '49400', 'http://www.gutenberg.org/ebooks/49400.epub.noimages', 'application/epub+zip' );
INSERT INTO files ( gid, file, mime ) VALUES ( '49400', 'http://www.gutenberg.org/ebooks/49400.kindle.images', 'application/x-mobipocket-ebook' );
INSERT INTO files ( gid, file, mime ) VALUES ( '49400', 'http://www.gutenberg.org/ebooks/49400.kindle.noimages', 'application/x-mobipocket-ebook' );
INSERT INTO files ( gid, file, mime ) VALUES ( '49400', 'http://www.gutenberg.org/ebooks/49400.rdf', 'application/rdf+xml' );
INSERT INTO files ( gid, file, mime ) VALUES ( '49400', 'http://www.gutenberg.org/ebooks/49400.rst.gen', 'text/x-rst' );
INSERT INTO files ( gid, file, mime ) VALUES ( '49400', 'http://www.gutenberg.org/files/49400/49400-0.txt', 'text/plain; charset=utf-8' );
INSERT INTO files ( gid, file, mime ) VALUES ( '49400', 'http://www.gutenberg.org/files/49400/49400-0.zip', 'text/plain; charset=utf-8application/zip' );
INSERT INTO files ( gid, file, mime ) VALUES ( '49400', 'http://www.gutenberg.org/files/49400/49400-8.txt', 'text/plain; charset=iso-8859-1' );
INSERT INTO files ( gid, file, mime ) VALUES ( '49400', 'http://www.gutenberg.org/files/49400/49400-8.zip', 'application/ziptext/plain; charset=iso-8859-1' );
INSERT INTO files ( gid, file, mime ) VALUES ( '49400', 'http://www.gutenberg.org/files/49400/49400-h.zip', 'text/html; charset=utf-8application/zip' );
INSERT INTO files ( gid, file, mime ) VALUES ( '49400', 'http://www.gutenberg.org/files/49400/49400-h/49400-h.html', 'text/html; charset=utf-8' );
INSERT INTO files ( gid, file, mime ) VALUES ( '49400', 'http://www.gutenberg.org/files/49400/49400-rst.zip', 'text/x-rstapplication/zip' );
INSERT INTO files ( gid, file, mime ) VALUES ( '49400', 'http://www.gutenberg.org/files/49400/49400-rst/49400-rst.rst', 'text/x-rst' );
INSERT INTO files ( gid, file, mime ) VALUES ( '49400', 'http://www.gutenberg.org/files/49400/49400.txt', 'text/plain; charset=us-ascii' );
INSERT INTO files ( gid, file, mime ) VALUES ( '49400', 'http://www.gutenberg.org/files/49400/49400.zip', 'text/plain; charset=us-asciiapplication/zip' );
INSERT INTO titles ( gid, title, author, language, rights ) VALUES ( '49500', 'Life and Treason of Benedict Arnold', 'Sparks, Jared', 'en', 'Public domain in the USA.' );
INSERT INTO subjects ( gid, subject ) VALUES ( '49500', 'Generals -- United States -- Biography' );
INSERT INTO subjects ( gid, subject ) VALUES ( '49500', 'United States. Continental Army -- Biography' );
INSERT INTO subjects ( gid, subject ) VALUES ( '49500', 'E151' );
INSERT INTO subjects ( gid, subject ) VALUES ( '49500', 'American loyalists -- Biography' );
INSERT INTO subjects ( gid, subject ) VALUES ( '49500', 'Arnold, Benedict, 1741-1801' );
INSERT INTO subjects ( gid, subject ) VALUES ( '49500', 'United States -- History -- Revolution, 1775-1783' );
INSERT INTO files ( gid, file, mime ) VALUES ( '49500', 'http://www.gutenberg.org/cache/epub/49500/pg49500.cover.medium.jpg', 'image/jpeg' );
INSERT INTO files ( gid, file, mime ) VALUES ( '49500', 'http://www.gutenberg.org/cache/epub/49500/pg49500.cover.small.jpg', 'image/jpeg' );
INSERT INTO files ( gid, file, mime ) VALUES ( '49500', 'http://www.gutenberg.org/ebooks/49500.epub.images', 'application/epub+zip' );
INSERT INTO files ( gid, file, mime ) VALUES ( '49500', 'http://www.gutenberg.org/ebooks/49500.epub.noimages', 'application/epub+zip' );
INSERT INTO files ( gid, file, mime ) VALUES ( '49500', 'http://www.gutenberg.org/ebooks/49500.kindle.images', 'application/x-mobipocket-ebook' );
INSERT INTO files ( gid, file, mime ) VALUES ( '49500', 'http://www.gutenberg.org/ebooks/49500.kindle.noimages', 'application/x-mobipocket-ebook' );
INSERT INTO files ( gid, file, mime ) VALUES ( '49500', 'http://www.gutenberg.org/ebooks/49500.rdf', 'application/rdf+xml' );
INSERT INTO files ( gid, file, mime ) VALUES ( '49500', 'http://www.gutenberg.org/ebooks/49500.txt.utf-8', 'text/plain' );
INSERT INTO files ( gid, file, mime ) VALUES ( '49500', 'http://www.gutenberg.org/files/49500/49400-h/49500-h.htm', 'text/html' );
INSERT INTO files ( gid, file, mime ) VALUES ( '49500', 'http://www.gutenberg.org/files/49500/49400-h/images/cover.jpg', 'image/jpeg' );
INSERT INTO files ( gid, file, mime ) VALUES ( '49500', 'http://www.gutenberg.org/files/49500/49500-8.txt', 'text/plain; charset=iso-8859-1' );
INSERT INTO files ( gid, file, mime ) VALUES ( '49500', 'http://www.gutenberg.org/files/49500/49500-8.zip', 'application/ziptext/plain; charset=iso-8859-1' );
INSERT INTO files ( gid, file, mime ) VALUES ( '49500', 'http://www.gutenberg.org/files/49500/49500-h.zip', 'text/html; charset=iso-8859-1application/zip' );
INSERT INTO files ( gid, file, mime ) VALUES ( '49500', 'http://www.gutenberg.org/files/49500/49500-h/49500-h.htm', 'text/html; charset=iso-8859-1' );
INSERT INTO titles ( gid, title, author, language, rights ) VALUES ( '49600', 'Maamme kirja', 'Topelius, Zacharias', 'fi', 'Public domain in the USA.' );
INSERT INTO classifications ( gid, classification ) VALUES ( '49600', 'PT' );
INSERT INTO subjects ( gid, subject ) VALUES ( '49600', 'Finland -- History -- Fiction' );
INSERT INTO subjects ( gid, subject ) VALUES ( '49600', 'Folklore -- Finland' );
INSERT INTO files ( gid, file, mime ) VALUES ( '49600', 'http://www.gutenberg.org/ebooks/49600.epub.images', 'application/epub+zip' );
INSERT INTO files ( gid, file, mime ) VALUES ( '49600', 'http://www.gutenberg.org/ebooks/49600.epub.noimages', 'application/epub+zip' );
INSERT INTO files ( gid, file, mime ) VALUES ( '49600', 'http://www.gutenberg.org/ebooks/49600.html.images', 'text/html' );
INSERT INTO files ( gid, file, mime ) VALUES ( '49600', 'http://www.gutenberg.org/ebooks/49600.html.noimages', 'text/html' );
INSERT INTO files ( gid, file, mime ) VALUES ( '49600', 'http://www.gutenberg.org/ebooks/49600.kindle.images', 'application/x-mobipocket-ebook' );
INSERT INTO files ( gid, file, mime ) VALUES ( '49600', 'http://www.gutenberg.org/ebooks/49600.kindle.noimages', 'application/x-mobipocket-ebook' );
INSERT INTO files ( gid, file, mime ) VALUES ( '49600', 'http://www.gutenberg.org/ebooks/49600.rdf', 'application/rdf+xml' );
INSERT INTO files ( gid, file, mime ) VALUES ( '49600', 'http://www.gutenberg.org/ebooks/49600.txt.utf-8', 'text/plain' );
INSERT INTO files ( gid, file, mime ) VALUES ( '49600', 'http://www.gutenberg.org/files/49600/49600-8.txt', 'text/plain; charset=iso-8859-1' );
INSERT INTO files ( gid, file, mime ) VALUES ( '49600', 'http://www.gutenberg.org/files/49600/49600-8.zip', 'application/ziptext/plain; charset=iso-8859-1' );
INSERT INTO titles ( gid, title, author, language, rights ) VALUES ( '49700', 'Kolme runokertomusta: Korinton piiritys. Mazeppa. Chillonin vanki.', 'Byron, George Gordon Byron, Baron', 'fi', 'Public domain in the USA.' );
INSERT INTO classifications ( gid, classification ) VALUES ( '49700', 'PR' );
INSERT INTO subjects ( gid, subject ) VALUES ( '49700', 'English poetry -- Translations into Finnish' );
INSERT INTO files ( gid, file, mime ) VALUES ( '49700', 'http://www.gutenberg.org/ebooks/49700.epub.images', 'application/epub+zip' );
INSERT INTO files ( gid, file, mime ) VALUES ( '49700', 'http://www.gutenberg.org/ebooks/49700.epub.noimages', 'application/epub+zip' );
INSERT INTO files ( gid, file, mime ) VALUES ( '49700', 'http://www.gutenberg.org/ebooks/49700.html.images', 'text/html' );
INSERT INTO files ( gid, file, mime ) VALUES ( '49700', 'http://www.gutenberg.org/ebooks/49700.html.noimages', 'text/html' );
INSERT INTO files ( gid, file, mime ) VALUES ( '49700', 'http://www.gutenberg.org/ebooks/49700.kindle.images', 'application/x-mobipocket-ebook' );
INSERT INTO files ( gid, file, mime ) VALUES ( '49700', 'http://www.gutenberg.org/ebooks/49700.kindle.noimages', 'application/x-mobipocket-ebook' );
INSERT INTO files ( gid, file, mime ) VALUES ( '49700', 'http://www.gutenberg.org/ebooks/49700.rdf', 'application/rdf+xml' );
INSERT INTO files ( gid, file, mime ) VALUES ( '49700', 'http://www.gutenberg.org/ebooks/49700.txt.utf-8', 'text/plain' );
INSERT INTO files ( gid, file, mime ) VALUES ( '49700', 'http://www.gutenberg.org/files/49700/49700-8.txt', 'text/plain; charset=iso-8859-1' );
INSERT INTO files ( gid, file, mime ) VALUES ( '49700', 'http://www.gutenberg.org/files/49700/49700-8.zip', 'application/ziptext/plain; charset=iso-8859-1' );
INSERT INTO titles ( gid, title, author, language, rights ) VALUES ( '49800', 'The Rural Magazine, and Literary Evening Fire-Side, Vol. 1 No. 03 (1820)', 'Various', 'en', 'Public domain in the USA.' );
INSERT INTO classifications ( gid, classification ) VALUES ( '49800', 'AP' );
INSERT INTO classifications ( gid, classification ) VALUES ( '49800', 'S' );
INSERT INTO subjects ( gid, subject ) VALUES ( '49800', 'Agriculture -- Periodicals' );
INSERT INTO subjects ( gid, subject ) VALUES ( '49800', 'Agriculture' );
INSERT INTO files ( gid, file, mime ) VALUES ( '49800', 'http://www.gutenberg.org/cache/epub/49800/pg49800.cover.medium.jpg', 'image/jpeg' );
INSERT INTO files ( gid, file, mime ) VALUES ( '49800', 'http://www.gutenberg.org/cache/epub/49800/pg49800.cover.small.jpg', 'image/jpeg' );
INSERT INTO files ( gid, file, mime ) VALUES ( '49800', 'http://www.gutenberg.org/ebooks/49800.epub.images', 'application/epub+zip' );
INSERT INTO files ( gid, file, mime ) VALUES ( '49800', 'http://www.gutenberg.org/ebooks/49800.epub.noimages', 'application/epub+zip' );
INSERT INTO files ( gid, file, mime ) VALUES ( '49800', 'http://www.gutenberg.org/ebooks/49800.kindle.images', 'application/x-mobipocket-ebook' );
INSERT INTO files ( gid, file, mime ) VALUES ( '49800', 'http://www.gutenberg.org/ebooks/49800.kindle.noimages', 'application/x-mobipocket-ebook' );
INSERT INTO files ( gid, file, mime ) VALUES ( '49800', 'http://www.gutenberg.org/ebooks/49800.rdf', 'application/rdf+xml' );
INSERT INTO files ( gid, file, mime ) VALUES ( '49800', 'http://www.gutenberg.org/files/49800/49800-0.txt', 'text/plain; charset=utf-8' );
INSERT INTO files ( gid, file, mime ) VALUES ( '49800', 'http://www.gutenberg.org/files/49800/49800-0.zip', 'application/ziptext/plain; charset=utf-8' );
INSERT INTO files ( gid, file, mime ) VALUES ( '49800', 'http://www.gutenberg.org/files/49800/49800-h.zip', 'application/ziptext/html; charset=utf-8' );
INSERT INTO files ( gid, file, mime ) VALUES ( '49800', 'http://www.gutenberg.org/files/49800/49800-h/49800-h.htm', 'text/html; charset=utf-8' );
INSERT INTO titles ( gid, title, author, language, rights ) VALUES ( '49900', 'Kolme kutteria: Meriseikkailukertomus', 'Marryat, Frederick', 'fi', 'Public domain in the USA.' );
INSERT INTO classifications ( gid, classification ) VALUES ( '49900', 'PR' );
INSERT INTO subjects ( gid, subject ) VALUES ( '49900', 'Smugglers -- Fiction' );
INSERT INTO subjects ( gid, subject ) VALUES ( '49900', 'Sea stories' );
INSERT INTO files ( gid, file, mime ) VALUES ( '49900', 'http://www.gutenberg.org/ebooks/49900.epub.images', 'application/epub+zip' );
INSERT INTO files ( gid, file, mime ) VALUES ( '49900', 'http://www.gutenberg.org/ebooks/49900.epub.noimages', 'application/epub+zip' );
INSERT INTO files ( gid, file, mime ) VALUES ( '49900', 'http://www.gutenberg.org/ebooks/49900.html.images', 'text/html' );
INSERT INTO files ( gid, file, mime ) VALUES ( '49900', 'http://www.gutenberg.org/ebooks/49900.html.noimages', 'text/html' );
INSERT INTO files ( gid, file, mime ) VALUES ( '49900', 'http://www.gutenberg.org/ebooks/49900.kindle.images', 'application/x-mobipocket-ebook' );
INSERT INTO files ( gid, file, mime ) VALUES ( '49900', 'http://www.gutenberg.org/ebooks/49900.kindle.noimages', 'application/x-mobipocket-ebook' );
INSERT INTO files ( gid, file, mime ) VALUES ( '49900', 'http://www.gutenberg.org/ebooks/49900.rdf', 'application/rdf+xml' );
INSERT INTO files ( gid, file, mime ) VALUES ( '49900', 'http://www.gutenberg.org/ebooks/49900.txt.utf-8', 'text/plain' );
INSERT INTO files ( gid, file, mime ) VALUES ( '49900', 'http://www.gutenberg.org/files/49900/49900-8.txt', 'text/plain; charset=iso-8859-1' );
INSERT INTO files ( gid, file, mime ) VALUES ( '49900', 'http://www.gutenberg.org/files/49900/49900-8.zip', 'text/plain; charset=iso-8859-1application/zip' );
INSERT INTO titles ( gid, title, author, language, rights ) VALUES ( '50000', 'John Gutenberg, First Master Printer His Acts and Most Remarkable Discourses and his Death', 'Dingelstedt, Franz von', 'en', 'Public domain in the USA.' );
INSERT INTO classifications ( gid, classification ) VALUES ( '50000', 'PT' );
INSERT INTO subjects ( gid, subject ) VALUES ( '50000', 'Gutenberg, Johann, 1397?-1468 -- Fiction' );
INSERT INTO files ( gid, file, mime ) VALUES ( '50000', 'http://www.gutenberg.org/cache/epub/50000/pg50000.cover.medium.jpg', 'image/jpeg' );
INSERT INTO files ( gid, file, mime ) VALUES ( '50000', 'http://www.gutenberg.org/cache/epub/50000/pg50000.cover.small.jpg', 'image/jpeg' );
INSERT INTO files ( gid, file, mime ) VALUES ( '50000', 'http://www.gutenberg.org/ebooks/50000.epub.images', 'application/epub+zip' );
INSERT INTO files ( gid, file, mime ) VALUES ( '50000', 'http://www.gutenberg.org/ebooks/50000.epub.noimages', 'application/epub+zip' );
INSERT INTO files ( gid, file, mime ) VALUES ( '50000', 'http://www.gutenberg.org/ebooks/50000.kindle.images', 'application/x-mobipocket-ebook' );
INSERT INTO files ( gid, file, mime ) VALUES ( '50000', 'http://www.gutenberg.org/ebooks/50000.kindle.noimages', 'application/x-mobipocket-ebook' );
INSERT INTO files ( gid, file, mime ) VALUES ( '50000', 'http://www.gutenberg.org/ebooks/50000.rdf', 'application/rdf+xml' );
INSERT INTO files ( gid, file, mime ) VALUES ( '50000', 'http://www.gutenberg.org/files/50000/50000-0.txt', 'text/plain; charset=utf-8' );
INSERT INTO files ( gid, file, mime ) VALUES ( '50000', 'http://www.gutenberg.org/files/50000/50000-0.zip', 'application/ziptext/plain; charset=utf-8' );
INSERT INTO files ( gid, file, mime ) VALUES ( '50000', 'http://www.gutenberg.org/files/50000/50000-h.zip', 'application/ziptext/html; charset=utf-8' );
INSERT INTO files ( gid, file, mime ) VALUES ( '50000', 'http://www.gutenberg.org/files/50000/50000-h/50000-h.htm', 'text/html; charset=utf-8' );
INSERT INTO titles ( gid, title, author, language, rights ) VALUES ( '5000', 'The Notebooks of Leonardo Da Vinci — Complete', 'Leonardo, da Vinci', 'en', 'Public domain in the USA.' );
INSERT INTO classifications ( gid, classification ) VALUES ( '5000', 'ND' );
INSERT INTO subjects ( gid, subject ) VALUES ( '5000', 'Leonardo, da Vinci, 1452-1519 -- Notebooks, sketchbooks, etc.' );
INSERT INTO files ( gid, file, mime ) VALUES ( '5000', 'http://www.gutenberg.org/ebooks/5000.epub.images', 'application/epub+zip' );
INSERT INTO files ( gid, file, mime ) VALUES ( '5000', 'http://www.gutenberg.org/ebooks/5000.epub.noimages', 'application/epub+zip' );
INSERT INTO files ( gid, file, mime ) VALUES ( '5000', 'http://www.gutenberg.org/ebooks/5000.html.images', 'text/html' );
INSERT INTO files ( gid, file, mime ) VALUES ( '5000', 'http://www.gutenberg.org/ebooks/5000.html.noimages', 'text/html' );
INSERT INTO files ( gid, file, mime ) VALUES ( '5000', 'http://www.gutenberg.org/ebooks/5000.kindle.images', 'application/x-mobipocket-ebook' );
INSERT INTO files ( gid, file, mime ) VALUES ( '5000', 'http://www.gutenberg.org/ebooks/5000.kindle.noimages', 'application/x-mobipocket-ebook' );
INSERT INTO files ( gid, file, mime ) VALUES ( '5000', 'http://www.gutenberg.org/ebooks/5000.rdf', 'application/rdf+xml' );
INSERT INTO files ( gid, file, mime ) VALUES ( '5000', 'http://www.gutenberg.org/files/5000/5000-8.txt', 'text/plain; charset=utf-8' );
INSERT INTO files ( gid, file, mime ) VALUES ( '5000', 'http://www.gutenberg.org/files/5000/5000-8.zip', 'application/ziptext/plain; charset=utf-8' );
INSERT INTO titles ( gid, title, author, language, rights ) VALUES ( '500', 'The Adventures of Pinocchio', 'Collodi, Carlo', 'en', 'Public domain in the USA.' );
INSERT INTO classifications ( gid, classification ) VALUES ( '500', 'PZ' );
INSERT INTO classifications ( gid, classification ) VALUES ( '500', 'PQ' );
INSERT INTO subjects ( gid, subject ) VALUES ( '500', 'Pinocchio (Fictitious character) -- Juvenile fiction' );
INSERT INTO subjects ( gid, subject ) VALUES ( '500', 'Fairy tales' );
INSERT INTO subjects ( gid, subject ) VALUES ( '500', 'Puppets -- Juvenile fiction' );
INSERT INTO files ( gid, file, mime ) VALUES ( '500', 'http://www.gutenberg.org/ebooks/500.epub.images', 'application/epub+zip' );
INSERT INTO files ( gid, file, mime ) VALUES ( '500', 'http://www.gutenberg.org/ebooks/500.epub.noimages', 'application/epub+zip' );
INSERT INTO files ( gid, file, mime ) VALUES ( '500', 'http://www.gutenberg.org/ebooks/500.kindle.images', 'application/x-mobipocket-ebook' );
INSERT INTO files ( gid, file, mime ) VALUES ( '500', 'http://www.gutenberg.org/ebooks/500.kindle.noimages', 'application/x-mobipocket-ebook' );
INSERT INTO files ( gid, file, mime ) VALUES ( '500', 'http://www.gutenberg.org/ebooks/500.rdf', 'application/rdf+xml' );
INSERT INTO files ( gid, file, mime ) VALUES ( '500', 'http://www.gutenberg.org/files/500/500-0.txt', 'text/plain; charset=utf-8' );
INSERT INTO files ( gid, file, mime ) VALUES ( '500', 'http://www.gutenberg.org/files/500/500-0.zip', 'text/plain; charset=utf-8application/zip' );
INSERT INTO files ( gid, file, mime ) VALUES ( '500', 'http://www.gutenberg.org/files/500/500-h.zip', 'text/html; charset=utf-8application/zip' );
INSERT INTO files ( gid, file, mime ) VALUES ( '500', 'http://www.gutenberg.org/files/500/500-h/500-h.htm', 'text/html; charset=utf-8' );
INSERT INTO files ( gid, file, mime ) VALUES ( '500', 'http://www.gutenberg.org/files/500/500.txt', 'text/plain; charset=us-ascii' );
INSERT INTO files ( gid, file, mime ) VALUES ( '500', 'http://www.gutenberg.org/files/500/500.zip', 'application/ziptext/plain; charset=us-ascii' );
INSERT INTO titles ( gid, title, author, language, rights ) VALUES ( '50100', 'How to Do Chemical Tricks Containing Over One Hundred Highly Amusing and Instructive Tricks With Chemicals', 'Anderson, A., active 1894-1902', 'en', 'Public domain in the USA.' );
INSERT INTO classifications ( gid, classification ) VALUES ( '50100', 'GV' );
INSERT INTO subjects ( gid, subject ) VALUES ( '50100', 'Tricks -- Handbooks, manuals, etc.' );
INSERT INTO subjects ( gid, subject ) VALUES ( '50100', 'Scientific recreations -- Handbooks, manuals, etc.' );
INSERT INTO subjects ( gid, subject ) VALUES ( '50100', 'Chemistry -- Experiments -- Handbooks, manuals, etc.' );
INSERT INTO files ( gid, file, mime ) VALUES ( '50100', 'http://www.gutenberg.org/cache/epub/50100/pg50100.cover.medium.jpg', 'image/jpeg' );
INSERT INTO files ( gid, file, mime ) VALUES ( '50100', 'http://www.gutenberg.org/cache/epub/50100/pg50100.cover.small.jpg', 'image/jpeg' );
INSERT INTO files ( gid, file, mime ) VALUES ( '50100', 'http://www.gutenberg.org/ebooks/50100.epub.images', 'application/epub+zip' );
INSERT INTO files ( gid, file, mime ) VALUES ( '50100', 'http://www.gutenberg.org/ebooks/50100.epub.noimages', 'application/epub+zip' );
INSERT INTO files ( gid, file, mime ) VALUES ( '50100', 'http://www.gutenberg.org/ebooks/50100.kindle.images', 'application/x-mobipocket-ebook' );
INSERT INTO files ( gid, file, mime ) VALUES ( '50100', 'http://www.gutenberg.org/ebooks/50100.kindle.noimages', 'application/x-mobipocket-ebook' );
INSERT INTO files ( gid, file, mime ) VALUES ( '50100', 'http://www.gutenberg.org/ebooks/50100.rdf', 'application/rdf+xml' );
INSERT INTO files ( gid, file, mime ) VALUES ( '50100', 'http://www.gutenberg.org/files/50100/50100-0.txt', 'text/plain; charset=utf-8' );
INSERT INTO files ( gid, file, mime ) VALUES ( '50100', 'http://www.gutenberg.org/files/50100/50100-0.zip', 'application/ziptext/plain; charset=utf-8' );
INSERT INTO files ( gid, file, mime ) VALUES ( '50100', 'http://www.gutenberg.org/files/50100/50100-h.zip', 'application/ziptext/html; charset=utf-8' );
INSERT INTO files ( gid, file, mime ) VALUES ( '50100', 'http://www.gutenberg.org/files/50100/50100-h/50100-h.htm', 'text/html; charset=utf-8' );
INSERT INTO titles ( gid, title, author, language, rights ) VALUES ( '50200', 'A Brief Account of the Educational Publishing Business in the United States', 'Pulsifer, William Edmond', 'en', 'Public domain in the USA.' );
INSERT INTO classifications ( gid, classification ) VALUES ( '50200', 'Z' );
INSERT INTO subjects ( gid, subject ) VALUES ( '50200', 'Publishers and publishing -- United States' );
INSERT INTO subjects ( gid, subject ) VALUES ( '50200', 'Textbooks -- United States' );
INSERT INTO files ( gid, file, mime ) VALUES ( '50200', 'http://www.gutenberg.org/cache/epub/50200/pg50200.cover.medium.jpg', 'image/jpeg' );
INSERT INTO files ( gid, file, mime ) VALUES ( '50200', 'http://www.gutenberg.org/cache/epub/50200/pg50200.cover.small.jpg', 'image/jpeg' );
INSERT INTO files ( gid, file, mime ) VALUES ( '50200', 'http://www.gutenberg.org/ebooks/50200.epub.images', 'application/epub+zip' );
INSERT INTO files ( gid, file, mime ) VALUES ( '50200', 'http://www.gutenberg.org/ebooks/50200.epub.noimages', 'application/epub+zip' );
INSERT INTO files ( gid, file, mime ) VALUES ( '50200', 'http://www.gutenberg.org/ebooks/50200.kindle.images', 'application/x-mobipocket-ebook' );
INSERT INTO files ( gid, file, mime ) VALUES ( '50200', 'http://www.gutenberg.org/ebooks/50200.kindle.noimages', 'application/x-mobipocket-ebook' );
INSERT INTO files ( gid, file, mime ) VALUES ( '50200', 'http://www.gutenberg.org/ebooks/50200.rdf', 'application/rdf+xml' );
INSERT INTO files ( gid, file, mime ) VALUES ( '50200', 'http://www.gutenberg.org/files/50200/50200-0.txt', 'text/plain; charset=utf-8' );
INSERT INTO files ( gid, file, mime ) VALUES ( '50200', 'http://www.gutenberg.org/files/50200/50200-0.zip', 'text/plain; charset=utf-8application/zip' );
INSERT INTO files ( gid, file, mime ) VALUES ( '50200', 'http://www.gutenberg.org/files/50200/50200-h.zip', 'text/html; charset=utf-8application/zip' );
INSERT INTO files ( gid, file, mime ) VALUES ( '50200', 'http://www.gutenberg.org/files/50200/50200-h/50200-h.htm', 'text/html; charset=utf-8' );
INSERT INTO titles ( gid, title, author, language, rights ) VALUES ( '50300', 'Het paddestoelenboekje', 'Lek, Hendrik Adrianus Abraham van der', 'nl', 'Public domain in the USA.' );
INSERT INTO classifications ( gid, classification ) VALUES ( '50300', 'QK' );
INSERT INTO subjects ( gid, subject ) VALUES ( '50300', 'Fungi' );
INSERT INTO files ( gid, file, mime ) VALUES ( '50300', 'http://www.gutenberg.org/cache/epub/50300/pg50300.cover.medium.jpg', 'image/jpeg' );
INSERT INTO files ( gid, file, mime ) VALUES ( '50300', 'http://www.gutenberg.org/cache/epub/50300/pg50300.cover.small.jpg', 'image/jpeg' );
INSERT INTO files ( gid, file, mime ) VALUES ( '50300', 'http://www.gutenberg.org/ebooks/50300.epub.images', 'application/epub+zip' );
INSERT INTO files ( gid, file, mime ) VALUES ( '50300', 'http://www.gutenberg.org/ebooks/50300.epub.noimages', 'application/epub+zip' );
INSERT INTO files ( gid, file, mime ) VALUES ( '50300', 'http://www.gutenberg.org/ebooks/50300.kindle.images', 'application/x-mobipocket-ebook' );
INSERT INTO files ( gid, file, mime ) VALUES ( '50300', 'http://www.gutenberg.org/ebooks/50300.kindle.noimages', 'application/x-mobipocket-ebook' );
INSERT INTO files ( gid, file, mime ) VALUES ( '50300', 'http://www.gutenberg.org/ebooks/50300.rdf', 'application/rdf+xml' );
INSERT INTO files ( gid, file, mime ) VALUES ( '50300', 'http://www.gutenberg.org/ebooks/50300.txt.utf-8', 'text/plain' );
INSERT INTO files ( gid, file, mime ) VALUES ( '50300', 'http://www.gutenberg.org/files/50300/50300-8.txt', 'text/plain; charset=iso-8859-1' );
INSERT INTO files ( gid, file, mime ) VALUES ( '50300', 'http://www.gutenberg.org/files/50300/50300-8.zip', 'application/ziptext/plain; charset=iso-8859-1' );
INSERT INTO files ( gid, file, mime ) VALUES ( '50300', 'http://www.gutenberg.org/files/50300/50300-h.zip', 'application/ziptext/html; charset=us-ascii' );
INSERT INTO files ( gid, file, mime ) VALUES ( '50300', 'http://www.gutenberg.org/files/50300/50300-h/50300-h.htm', 'text/html; charset=us-ascii' );
INSERT INTO titles ( gid, title, author, language, rights ) VALUES ( '50400', 'Dave Dawson, Flight Lieutenant', 'Bowen, Robert Sidney', 'en', 'Public domain in the USA.' );
INSERT INTO classifications ( gid, classification ) VALUES ( '50400', 'PZ' );
INSERT INTO subjects ( gid, subject ) VALUES ( '50400', 'World War, 1939-1945 -- Juvenile fiction' );
INSERT INTO files ( gid, file, mime ) VALUES ( '50400', 'http://www.gutenberg.org/cache/epub/50400/pg50400.cover.medium.jpg', 'image/jpeg' );
INSERT INTO files ( gid, file, mime ) VALUES ( '50400', 'http://www.gutenberg.org/cache/epub/50400/pg50400.cover.small.jpg', 'image/jpeg' );
INSERT INTO files ( gid, file, mime ) VALUES ( '50400', 'http://www.gutenberg.org/ebooks/50400.epub.images', 'application/epub+zip' );
INSERT INTO files ( gid, file, mime ) VALUES ( '50400', 'http://www.gutenberg.org/ebooks/50400.epub.noimages', 'application/epub+zip' );
INSERT INTO files ( gid, file, mime ) VALUES ( '50400', 'http://www.gutenberg.org/ebooks/50400.kindle.images', 'application/x-mobipocket-ebook' );
INSERT INTO files ( gid, file, mime ) VALUES ( '50400', 'http://www.gutenberg.org/ebooks/50400.kindle.noimages', 'application/x-mobipocket-ebook' );
INSERT INTO files ( gid, file, mime ) VALUES ( '50400', 'http://www.gutenberg.org/ebooks/50400.rdf', 'application/rdf+xml' );
INSERT INTO files ( gid, file, mime ) VALUES ( '50400', 'http://www.gutenberg.org/ebooks/50400.txt.utf-8', 'text/plain' );
INSERT INTO files ( gid, file, mime ) VALUES ( '50400', 'http://www.gutenberg.org/files/50400/50400-h.zip', 'application/ziptext/html; charset=us-ascii' );
INSERT INTO files ( gid, file, mime ) VALUES ( '50400', 'http://www.gutenberg.org/files/50400/50400-h/50400-h.htm', 'text/html; charset=us-ascii' );
INSERT INTO files ( gid, file, mime ) VALUES ( '50400', 'http://www.gutenberg.org/files/50400/50400.txt', 'text/plain; charset=us-ascii' );
INSERT INTO files ( gid, file, mime ) VALUES ( '50400', 'http://www.gutenberg.org/files/50400/50400.zip', 'text/plain; charset=us-asciiapplication/zip' );
INSERT INTO titles ( gid, title, author, language, rights ) VALUES ( '50500', 'The Deserted Village', 'Goldsmith, Oliver', 'en', 'Public domain in the USA.' );
INSERT INTO classifications ( gid, classification ) VALUES ( '50500', 'PR' );
INSERT INTO subjects ( gid, subject ) VALUES ( '50500', 'English poetry -- 18th century' );
INSERT INTO files ( gid, file, mime ) VALUES ( '50500', 'http://www.gutenberg.org/cache/epub/50500/pg50500.cover.medium.jpg', 'image/jpeg' );
INSERT INTO files ( gid, file, mime ) VALUES ( '50500', 'http://www.gutenberg.org/cache/epub/50500/pg50500.cover.small.jpg', 'image/jpeg' );
INSERT INTO files ( gid, file, mime ) VALUES ( '50500', 'http://www.gutenberg.org/ebooks/50500.epub.images', 'application/epub+zip' );
INSERT INTO files ( gid, file, mime ) VALUES ( '50500', 'http://www.gutenberg.org/ebooks/50500.epub.noimages', 'application/epub+zip' );
INSERT INTO files ( gid, file, mime ) VALUES ( '50500', 'http://www.gutenberg.org/ebooks/50500.kindle.images', 'application/x-mobipocket-ebook' );
INSERT INTO files ( gid, file, mime ) VALUES ( '50500', 'http://www.gutenberg.org/ebooks/50500.kindle.noimages', 'application/x-mobipocket-ebook' );
INSERT INTO files ( gid, file, mime ) VALUES ( '50500', 'http://www.gutenberg.org/ebooks/50500.rdf', 'application/rdf+xml' );
INSERT INTO files ( gid, file, mime ) VALUES ( '50500', 'http://www.gutenberg.org/ebooks/50500.txt.utf-8', 'text/plain' );
INSERT INTO files ( gid, file, mime ) VALUES ( '50500', 'http://www.gutenberg.org/files/50500/50500-h.zip', 'text/html; charset=us-asciiapplication/zip' );
INSERT INTO files ( gid, file, mime ) VALUES ( '50500', 'http://www.gutenberg.org/files/50500/50500-h/50500-h.htm', 'text/html; charset=us-ascii' );
INSERT INTO files ( gid, file, mime ) VALUES ( '50500', 'http://www.gutenberg.org/files/50500/50500.txt', 'text/plain; charset=us-ascii' );
INSERT INTO files ( gid, file, mime ) VALUES ( '50500', 'http://www.gutenberg.org/files/50500/50500.zip', 'text/plain; charset=us-asciiapplication/zip' );
INSERT INTO titles ( gid, title, author, language, rights ) VALUES ( '50600', 'How to Make and Set Traps Including Hints on How to Trap Moles, Weasels, Otter, Rats, Squirrels and Birds; Also How to Cure Skins', 'Keene, J. Harrington (John Harrington)', 'en', 'Public domain in the USA.' );
INSERT INTO classifications ( gid, classification ) VALUES ( '50600', 'SK' );
INSERT INTO subjects ( gid, subject ) VALUES ( '50600', 'Trapping' );
INSERT INTO files ( gid, file, mime ) VALUES ( '50600', 'http://www.gutenberg.org/cache/epub/50600/pg50600.cover.medium.jpg', 'image/jpeg' );
INSERT INTO files ( gid, file, mime ) VALUES ( '50600', 'http://www.gutenberg.org/cache/epub/50600/pg50600.cover.small.jpg', 'image/jpeg' );
INSERT INTO files ( gid, file, mime ) VALUES ( '50600', 'http://www.gutenberg.org/ebooks/50600.epub.images', 'application/epub+zip' );
INSERT INTO files ( gid, file, mime ) VALUES ( '50600', 'http://www.gutenberg.org/ebooks/50600.epub.noimages', 'application/epub+zip' );
INSERT INTO files ( gid, file, mime ) VALUES ( '50600', 'http://www.gutenberg.org/ebooks/50600.kindle.images', 'application/x-mobipocket-ebook' );
INSERT INTO files ( gid, file, mime ) VALUES ( '50600', 'http://www.gutenberg.org/ebooks/50600.kindle.noimages', 'application/x-mobipocket-ebook' );
INSERT INTO files ( gid, file, mime ) VALUES ( '50600', 'http://www.gutenberg.org/ebooks/50600.rdf', 'application/rdf+xml' );
INSERT INTO files ( gid, file, mime ) VALUES ( '50600', 'http://www.gutenberg.org/files/50600/50600-0.txt', 'text/plain; charset=utf-8' );
INSERT INTO files ( gid, file, mime ) VALUES ( '50600', 'http://www.gutenberg.org/files/50600/50600-0.zip', 'application/ziptext/plain; charset=utf-8' );
INSERT INTO files ( gid, file, mime ) VALUES ( '50600', 'http://www.gutenberg.org/files/50600/50600-h.zip', 'application/ziptext/html' );
INSERT INTO files ( gid, file, mime ) VALUES ( '50600', 'http://www.gutenberg.org/files/50600/50600-h/50600-h.htm', 'text/html' );
INSERT INTO titles ( gid, title, author, language, rights ) VALUES ( '50700', 'The Story Teller of the Desert—"Backsheesh!" or, Life and Adventures in the Orient', 'Knox, Thomas Wallace', 'en', 'Public domain in the USA.' );
INSERT INTO classifications ( gid, classification ) VALUES ( '50700', 'DS' );
INSERT INTO subjects ( gid, subject ) VALUES ( '50700', 'Middle East -- Description and travel' );
INSERT INTO files ( gid, file, mime ) VALUES ( '50700', 'http://www.gutenberg.org/cache/epub/50700/pg50700.cover.medium.jpg', 'image/jpeg' );
INSERT INTO files ( gid, file, mime ) VALUES ( '50700', 'http://www.gutenberg.org/cache/epub/50700/pg50700.cover.small.jpg', 'image/jpeg' );
INSERT INTO files ( gid, file, mime ) VALUES ( '50700', 'http://www.gutenberg.org/ebooks/50700.epub.images', 'application/epub+zip' );
INSERT INTO files ( gid, file, mime ) VALUES ( '50700', 'http://www.gutenberg.org/ebooks/50700.epub.noimages', 'application/epub+zip' );
INSERT INTO files ( gid, file, mime ) VALUES ( '50700', 'http://www.gutenberg.org/ebooks/50700.kindle.images', 'application/x-mobipocket-ebook' );
INSERT INTO files ( gid, file, mime ) VALUES ( '50700', 'http://www.gutenberg.org/ebooks/50700.kindle.noimages', 'application/x-mobipocket-ebook' );
INSERT INTO files ( gid, file, mime ) VALUES ( '50700', 'http://www.gutenberg.org/ebooks/50700.rdf', 'application/rdf+xml' );
INSERT INTO files ( gid, file, mime ) VALUES ( '50700', 'http://www.gutenberg.org/files/50700/50700-0.txt', 'text/plain; charset=utf-8' );
INSERT INTO files ( gid, file, mime ) VALUES ( '50700', 'http://www.gutenberg.org/files/50700/50700-0.zip', 'text/plain; charset=utf-8application/zip' );
INSERT INTO files ( gid, file, mime ) VALUES ( '50700', 'http://www.gutenberg.org/files/50700/50700-8.txt', 'text/plain; charset=iso-8859-1' );
INSERT INTO files ( gid, file, mime ) VALUES ( '50700', 'http://www.gutenberg.org/files/50700/50700-8.zip', 'text/plain; charset=iso-8859-1application/zip' );
INSERT INTO files ( gid, file, mime ) VALUES ( '50700', 'http://www.gutenberg.org/files/50700/50700-h.zip', 'text/html; charset=utf-8application/zip' );
INSERT INTO files ( gid, file, mime ) VALUES ( '50700', 'http://www.gutenberg.org/files/50700/50700-h/50700-h.htm', 'text/html; charset=utf-8' );
INSERT INTO titles ( gid, title, author, language, rights ) VALUES ( '50800', 'Bimmie Says', 'Van Scyoc, Sydney J.', 'en', 'Public domain in the USA.' );
INSERT INTO classifications ( gid, classification ) VALUES ( '50800', 'PS' );
INSERT INTO subjects ( gid, subject ) VALUES ( '50800', 'Diary fiction' );
INSERT INTO subjects ( gid, subject ) VALUES ( '50800', 'Husband and wife -- Fiction' );
INSERT INTO subjects ( gid, subject ) VALUES ( '50800', 'Short stories' );
INSERT INTO subjects ( gid, subject ) VALUES ( '50800', 'Science fiction' );
INSERT INTO files ( gid, file, mime ) VALUES ( '50800', 'http://www.gutenberg.org/cache/epub/50800/pg50800.cover.medium.jpg', 'image/jpeg' );
INSERT INTO files ( gid, file, mime ) VALUES ( '50800', 'http://www.gutenberg.org/cache/epub/50800/pg50800.cover.small.jpg', 'image/jpeg' );
INSERT INTO files ( gid, file, mime ) VALUES ( '50800', 'http://www.gutenberg.org/ebooks/50800.epub.images', 'application/epub+zip' );
INSERT INTO files ( gid, file, mime ) VALUES ( '50800', 'http://www.gutenberg.org/ebooks/50800.epub.noimages', 'application/epub+zip' );
INSERT INTO files ( gid, file, mime ) VALUES ( '50800', 'http://www.gutenberg.org/ebooks/50800.kindle.images', 'application/x-mobipocket-ebook' );
INSERT INTO files ( gid, file, mime ) VALUES ( '50800', 'http://www.gutenberg.org/ebooks/50800.kindle.noimages', 'application/x-mobipocket-ebook' );
INSERT INTO files ( gid, file, mime ) VALUES ( '50800', 'http://www.gutenberg.org/ebooks/50800.rdf', 'application/rdf+xml' );
INSERT INTO files ( gid, file, mime ) VALUES ( '50800', 'http://www.gutenberg.org/ebooks/50800.txt.utf-8', 'text/plain' );
INSERT INTO files ( gid, file, mime ) VALUES ( '50800', 'http://www.gutenberg.org/files/50800/50800-h.zip', 'text/html; charset=us-asciiapplication/zip' );
INSERT INTO files ( gid, file, mime ) VALUES ( '50800', 'http://www.gutenberg.org/files/50800/50800-h/50800-h.htm', 'text/html; charset=us-ascii' );
INSERT INTO files ( gid, file, mime ) VALUES ( '50800', 'http://www.gutenberg.org/files/50800/50800.txt', 'text/plain; charset=us-ascii' );
INSERT INTO files ( gid, file, mime ) VALUES ( '50800', 'http://www.gutenberg.org/files/50800/50800.zip', 'text/plain; charset=us-asciiapplication/zip' );
INSERT INTO titles ( gid, title, author, language, rights ) VALUES ( '1000', 'La Divina Commedia di Dante: Complete', 'Dante Alighieri', 'it', 'Public domain in the USA.' );
INSERT INTO classifications ( gid, classification ) VALUES ( '1000', 'PQ' );
INSERT INTO subjects ( gid, subject ) VALUES ( '1000', 'Italian poetry -- To 1400' );
INSERT INTO subjects ( gid, subject ) VALUES ( '1000', 'Epic poetry, Italian' );
INSERT INTO files ( gid, file, mime ) VALUES ( '1000', 'http://www.gutenberg.org/ebooks/1000.epub.images', 'application/epub+zip' );
INSERT INTO files ( gid, file, mime ) VALUES ( '1000', 'http://www.gutenberg.org/ebooks/1000.epub.noimages', 'application/epub+zip' );
INSERT INTO files ( gid, file, mime ) VALUES ( '1000', 'http://www.gutenberg.org/ebooks/1000.html.images', 'text/html' );
INSERT INTO files ( gid, file, mime ) VALUES ( '1000', 'http://www.gutenberg.org/ebooks/1000.html.noimages', 'text/html' );
INSERT INTO files ( gid, file, mime ) VALUES ( '1000', 'http://www.gutenberg.org/ebooks/1000.kindle.images', 'application/x-mobipocket-ebook' );
INSERT INTO files ( gid, file, mime ) VALUES ( '1000', 'http://www.gutenberg.org/ebooks/1000.kindle.noimages', 'application/x-mobipocket-ebook' );
INSERT INTO files ( gid, file, mime ) VALUES ( '1000', 'http://www.gutenberg.org/ebooks/1000.rdf', 'application/rdf+xml' );
INSERT INTO files ( gid, file, mime ) VALUES ( '1000', 'http://www.gutenberg.org/ebooks/1000.txt.utf-8', 'text/plain' );
INSERT INTO files ( gid, file, mime ) VALUES ( '1000', 'http://www.gutenberg.org/files/1000/1000.txt', 'text/plain; charset=us-ascii' );
INSERT INTO files ( gid, file, mime ) VALUES ( '1000', 'http://www.gutenberg.org/files/1000/1000.zip', 'text/plain; charset=us-asciiapplication/zip' );
INSERT INTO titles ( gid, title, author, language, rights ) VALUES ( '10000', 'The Magna Carta', 'Anonymous', 'en', 'Public domain in the USA.' );
INSERT INTO classifications ( gid, classification ) VALUES ( '10000', 'JN' );
INSERT INTO classifications ( gid, classification ) VALUES ( '10000', 'KD' );
INSERT INTO subjects ( gid, subject ) VALUES ( '10000', 'Constitutional history -- England -- Sources' );
INSERT INTO subjects ( gid, subject ) VALUES ( '10000', 'Magna Carta' );
INSERT INTO files ( gid, file, mime ) VALUES ( '10000', 'http://www.gutenberg.org/ebooks/10000.epub.images', 'application/epub+zip' );
INSERT INTO files ( gid, file, mime ) VALUES ( '10000', 'http://www.gutenberg.org/ebooks/10000.epub.noimages', 'application/epub+zip' );
INSERT INTO files ( gid, file, mime ) VALUES ( '10000', 'http://www.gutenberg.org/ebooks/10000.html.images', 'text/html' );
INSERT INTO files ( gid, file, mime ) VALUES ( '10000', 'http://www.gutenberg.org/ebooks/10000.html.noimages', 'text/html' );
INSERT INTO files ( gid, file, mime ) VALUES ( '10000', 'http://www.gutenberg.org/ebooks/10000.kindle.images', 'application/x-mobipocket-ebook' );
INSERT INTO files ( gid, file, mime ) VALUES ( '10000', 'http://www.gutenberg.org/ebooks/10000.kindle.noimages', 'application/x-mobipocket-ebook' );
INSERT INTO files ( gid, file, mime ) VALUES ( '10000', 'http://www.gutenberg.org/ebooks/10000.rdf', 'application/rdf+xml' );
INSERT INTO files ( gid, file, mime ) VALUES ( '10000', 'http://www.gutenberg.org/ebooks/10000.txt.utf-8', 'text/plain' );
INSERT INTO files ( gid, file, mime ) VALUES ( '10000', 'http://www.gutenberg.org/files/10000/10000.txt', 'text/plain; charset=us-ascii' );
INSERT INTO files ( gid, file, mime ) VALUES ( '10000', 'http://www.gutenberg.org/files/10000/10000.zip', 'text/plain; charset=us-asciiapplication/zip' );
INSERT INTO titles ( gid, title, author, language, rights ) VALUES ( '100', 'The Complete Works of William Shakespeare', 'Shakespeare, William', 'en', 'Copyrighted. Read the copyright notice inside this book for details.' );
INSERT INTO classifications ( gid, classification ) VALUES ( '100', 'PR' );
INSERT INTO subjects ( gid, subject ) VALUES ( '100', 'English drama -- Early modern and Elizabethan, 1500-1600' );
INSERT INTO files ( gid, file, mime ) VALUES ( '100', 'http://www.gutenberg.org/cache/epub/100/pg100.cover.medium.jpg', 'image/jpeg' );
INSERT INTO files ( gid, file, mime ) VALUES ( '100', 'http://www.gutenberg.org/cache/epub/100/pg100.cover.small.jpg', 'image/jpeg' );
INSERT INTO files ( gid, file, mime ) VALUES ( '100', 'http://www.gutenberg.org/ebooks/100.epub.images', 'application/epub+zip' );
INSERT INTO files ( gid, file, mime ) VALUES ( '100', 'http://www.gutenberg.org/ebooks/100.epub.noimages', 'application/epub+zip' );
INSERT INTO files ( gid, file, mime ) VALUES ( '100', 'http://www.gutenberg.org/ebooks/100.kindle.images', 'application/x-mobipocket-ebook' );
INSERT INTO files ( gid, file, mime ) VALUES ( '100', 'http://www.gutenberg.org/ebooks/100.kindle.noimages', 'application/x-mobipocket-ebook' );
INSERT INTO files ( gid, file, mime ) VALUES ( '100', 'http://www.gutenberg.org/ebooks/100.rdf', 'application/rdf+xml' );
INSERT INTO files ( gid, file, mime ) VALUES ( '100', 'http://www.gutenberg.org/files/100/100-0.txt', 'text/plain; charset=utf-8' );
INSERT INTO files ( gid, file, mime ) VALUES ( '100', 'http://www.gutenberg.org/files/100/100-0.zip', 'application/ziptext/plain; charset=utf-8' );
INSERT INTO files ( gid, file, mime ) VALUES ( '100', 'http://www.gutenberg.org/files/100/100-h.zip', 'text/html; charset=utf-8application/zip' );
INSERT INTO files ( gid, file, mime ) VALUES ( '100', 'http://www.gutenberg.org/files/100/100-h/100-h.htm', 'text/html; charset=utf-8' );
INSERT INTO titles ( gid, title, author, language, rights ) VALUES ( '10100', 'Byron', 'Nichol, John', 'en', 'Public domain in the USA.' );
INSERT INTO classifications ( gid, classification ) VALUES ( '10100', 'PR' );
INSERT INTO subjects ( gid, subject ) VALUES ( '10100', 'Byron, George Gordon Byron, Baron, 1788-1824' );
INSERT INTO files ( gid, file, mime ) VALUES ( '10100', 'http://www.gutenberg.org/ebooks/10100.epub.images', 'application/epub+zip' );
INSERT INTO files ( gid, file, mime ) VALUES ( '10100', 'http://www.gutenberg.org/ebooks/10100.epub.noimages', 'application/epub+zip' );
INSERT INTO files ( gid, file, mime ) VALUES ( '10100', 'http://www.gutenberg.org/ebooks/10100.html.images', 'text/html' );
INSERT INTO files ( gid, file, mime ) VALUES ( '10100', 'http://www.gutenberg.org/ebooks/10100.html.noimages', 'text/html' );
INSERT INTO files ( gid, file, mime ) VALUES ( '10100', 'http://www.gutenberg.org/ebooks/10100.kindle.images', 'application/x-mobipocket-ebook' );
INSERT INTO files ( gid, file, mime ) VALUES ( '10100', 'http://www.gutenberg.org/ebooks/10100.kindle.noimages', 'application/x-mobipocket-ebook' );
INSERT INTO files ( gid, file, mime ) VALUES ( '10100', 'http://www.gutenberg.org/ebooks/10100.rdf', 'application/rdf+xml' );
INSERT INTO files ( gid, file, mime ) VALUES ( '10100', 'http://www.gutenberg.org/ebooks/10100.txt.utf-8', 'text/plain' );
INSERT INTO files ( gid, file, mime ) VALUES ( '10100', 'http://www.gutenberg.org/files/10100/10100-8.txt', 'text/plain; charset=iso-8859-1' );
INSERT INTO files ( gid, file, mime ) VALUES ( '10100', 'http://www.gutenberg.org/files/10100/10100-8.zip', 'text/plain; charset=iso-8859-1application/zip' );
INSERT INTO files ( gid, file, mime ) VALUES ( '10100', 'http://www.gutenberg.org/files/10100/10100.txt', 'text/plain; charset=us-ascii' );
INSERT INTO files ( gid, file, mime ) VALUES ( '10100', 'http://www.gutenberg.org/files/10100/10100.zip', 'text/plainapplication/zip' );
INSERT INTO titles ( gid, title, author, language, rights ) VALUES ( '10300', 'Snyder, Does Your Mother Know You''re Out?', '', 'en', 'Public domain in the USA.' );
INSERT INTO classifications ( gid, classification ) VALUES ( '10300', 'M' );
INSERT INTO subjects ( gid, subject ) VALUES ( '10300', 'Songs with piano' );
INSERT INTO subjects ( gid, subject ) VALUES ( '10300', 'Yodels' );
INSERT INTO files ( gid, file, mime ) VALUES ( '10300', 'http://www.gutenberg.org/ebooks/10300.rdf', 'application/rdf+xml' );
INSERT INTO files ( gid, file, mime ) VALUES ( '10300', 'http://www.gutenberg.org/files/10300/10300-m/10300-m-001.mp3', 'audio/mpeg' );
INSERT INTO files ( gid, file, mime ) VALUES ( '10300', 'http://www.gutenberg.org/files/10300/10300-m/10300-m-readme.txt', 'text/plain; charset=us-ascii' );
INSERT INTO titles ( gid, title, author, language, rights ) VALUES ( '10200', 'To Edison from Colonel Gouraud, Introducing Mr. Gladstone The Phonograph''s Salutation', '', 'en', 'Public domain in the USA.' );
INSERT INTO classifications ( gid, classification ) VALUES ( '10200', 'TK' );
INSERT INTO subjects ( gid, subject ) VALUES ( '10200', 'Phonograph' );
INSERT INTO subjects ( gid, subject ) VALUES ( '10200', 'Edison, Thomas A. (Thomas Alva), 1847-1931' );
INSERT INTO files ( gid, file, mime ) VALUES ( '10200', 'http://www.gutenberg.org/ebooks/10200.rdf', 'application/rdf+xml' );
INSERT INTO files ( gid, file, mime ) VALUES ( '10200', 'http://www.gutenberg.org/files/10200/10200-m/10200-m-001.mp3', 'audio/mpeg' );
INSERT INTO files ( gid, file, mime ) VALUES ( '10200', 'http://www.gutenberg.org/files/10200/10200-m/10200-m-readme.txt', 'text/plain; charset=us-ascii' );
INSERT INTO titles ( gid, title, author, language, rights ) VALUES ( '10500', 'Heave Away', 'McGuinn, Roger', 'en', 'Copyrighted. Read the copyright notice inside this book for details.' );
INSERT INTO classifications ( gid, classification ) VALUES ( '10500', 'M' );
INSERT INTO subjects ( gid, subject ) VALUES ( '10500', 'Sea songs -- United States' );
INSERT INTO subjects ( gid, subject ) VALUES ( '10500', 'Folk songs, English -- United States' );
INSERT INTO files ( gid, file, mime ) VALUES ( '10500', 'http://www.gutenberg.org/ebooks/10500.rdf', 'application/rdf+xml' );
INSERT INTO files ( gid, file, mime ) VALUES ( '10500', 'http://www.gutenberg.org/files/10500/10500-m.zip', 'audio/mpegapplication/zip' );
INSERT INTO files ( gid, file, mime ) VALUES ( '10500', 'http://www.gutenberg.org/files/10500/10500-m/10500-m-001.mp3', 'audio/mpeg' );
INSERT INTO files ( gid, file, mime ) VALUES ( '10500', 'http://www.gutenberg.org/files/10500/10500-m/10500-m-readme.txt', 'text/plain; charset=us-ascii' );
INSERT INTO files ( gid, file, mime ) VALUES ( '10500', 'http://www.gutenberg.org/files/10500/10500.txt', 'text/plain; charset=us-ascii' );
INSERT INTO files ( gid, file, mime ) VALUES ( '10500', 'http://www.gutenberg.org/files/10500/10500.zip', 'application/ziptext/plain' );
INSERT INTO titles ( gid, title, author, language, rights ) VALUES ( '10400', 'Historie van Mejuffrouw Sara Burgerhart', 'Wolff, Elizabeth Bekker', 'nl', 'Public domain in the USA.' );
INSERT INTO classifications ( gid, classification ) VALUES ( '10400', 'PT' );
INSERT INTO subjects ( gid, subject ) VALUES ( '10400', 'Dutch fiction' );
INSERT INTO files ( gid, file, mime ) VALUES ( '10400', 'http://www.gutenberg.org/ebooks/10400.epub.images', 'application/epub+zip' );
INSERT INTO files ( gid, file, mime ) VALUES ( '10400', 'http://www.gutenberg.org/ebooks/10400.epub.noimages', 'application/epub+zip' );
INSERT INTO files ( gid, file, mime ) VALUES ( '10400', 'http://www.gutenberg.org/ebooks/10400.html.images', 'text/html' );
INSERT INTO files ( gid, file, mime ) VALUES ( '10400', 'http://www.gutenberg.org/ebooks/10400.html.noimages', 'text/html' );
INSERT INTO files ( gid, file, mime ) VALUES ( '10400', 'http://www.gutenberg.org/ebooks/10400.kindle.images', 'application/x-mobipocket-ebook' );
INSERT INTO files ( gid, file, mime ) VALUES ( '10400', 'http://www.gutenberg.org/ebooks/10400.kindle.noimages', 'application/x-mobipocket-ebook' );
INSERT INTO files ( gid, file, mime ) VALUES ( '10400', 'http://www.gutenberg.org/ebooks/10400.rdf', 'application/rdf+xml' );
INSERT INTO files ( gid, file, mime ) VALUES ( '10400', 'http://www.gutenberg.org/ebooks/10400.txt.utf-8', 'text/plain' );
INSERT INTO files ( gid, file, mime ) VALUES ( '10400', 'http://www.gutenberg.org/files/10400/10400-8.txt', 'text/plain; charset=iso-8859-1' );
INSERT INTO files ( gid, file, mime ) VALUES ( '10400', 'http://www.gutenberg.org/files/10400/10400-8.zip', 'text/plain; charset=iso-8859-1application/zip' );
INSERT INTO files ( gid, file, mime ) VALUES ( '10400', 'http://www.gutenberg.org/files/10400/10400.txt', 'text/plain; charset=iso-8859-1' );
INSERT INTO files ( gid, file, mime ) VALUES ( '10400', 'http://www.gutenberg.org/files/10400/10400.zip', 'application/ziptext/plain; charset=iso-8859-1' );
INSERT INTO titles ( gid, title, author, language, rights ) VALUES ( '50900', 'Miekka ja sana I: Historiallisia kertomuksia', 'Wilkuna, Kyösti', 'fi', 'Public domain in the USA.' );
INSERT INTO classifications ( gid, classification ) VALUES ( '50900', 'PH' );
INSERT INTO subjects ( gid, subject ) VALUES ( '50900', 'Finnish fiction -- 20th century' );
INSERT INTO subjects ( gid, subject ) VALUES ( '50900', 'Short stories, Finnish' );
INSERT INTO files ( gid, file, mime ) VALUES ( '50900', 'http://www.gutenberg.org/ebooks/50900.epub.images', 'application/epub+zip' );
INSERT INTO files ( gid, file, mime ) VALUES ( '50900', 'http://www.gutenberg.org/ebooks/50900.epub.noimages', 'application/epub+zip' );
INSERT INTO files ( gid, file, mime ) VALUES ( '50900', 'http://www.gutenberg.org/ebooks/50900.html.images', 'text/html' );
INSERT INTO files ( gid, file, mime ) VALUES ( '50900', 'http://www.gutenberg.org/ebooks/50900.html.noimages', 'text/html' );
INSERT INTO files ( gid, file, mime ) VALUES ( '50900', 'http://www.gutenberg.org/ebooks/50900.kindle.images', 'application/x-mobipocket-ebook' );
INSERT INTO files ( gid, file, mime ) VALUES ( '50900', 'http://www.gutenberg.org/ebooks/50900.kindle.noimages', 'application/x-mobipocket-ebook' );
INSERT INTO files ( gid, file, mime ) VALUES ( '50900', 'http://www.gutenberg.org/ebooks/50900.rdf', 'application/rdf+xml' );
INSERT INTO files ( gid, file, mime ) VALUES ( '50900', 'http://www.gutenberg.org/ebooks/50900.txt.utf-8', 'text/plain' );
INSERT INTO files ( gid, file, mime ) VALUES ( '50900', 'http://www.gutenberg.org/files/50900/50900-8.txt', 'text/plain; charset=iso-8859-1' );
INSERT INTO files ( gid, file, mime ) VALUES ( '50900', 'http://www.gutenberg.org/files/50900/50900-8.zip', 'text/plain; charset=iso-8859-1application/zip' );
INSERT INTO titles ( gid, title, author, language, rights ) VALUES ( '51000', 'School Reading By Grades: Fifth Year', 'Baldwin, James', 'en', 'Public domain in the USA.' );
INSERT INTO classifications ( gid, classification ) VALUES ( '51000', 'PE' );
INSERT INTO subjects ( gid, subject ) VALUES ( '51000', 'Readers' );
INSERT INTO files ( gid, file, mime ) VALUES ( '51000', 'http://www.gutenberg.org/cache/epub/51000/pg51000.cover.medium.jpg', 'image/jpeg' );
INSERT INTO files ( gid, file, mime ) VALUES ( '51000', 'http://www.gutenberg.org/cache/epub/51000/pg51000.cover.small.jpg', 'image/jpeg' );
INSERT INTO files ( gid, file, mime ) VALUES ( '51000', 'http://www.gutenberg.org/ebooks/51000.epub.images', 'application/epub+zip' );
INSERT INTO files ( gid, file, mime ) VALUES ( '51000', 'http://www.gutenberg.org/ebooks/51000.epub.noimages', 'application/epub+zip' );
INSERT INTO files ( gid, file, mime ) VALUES ( '51000', 'http://www.gutenberg.org/ebooks/51000.kindle.images', 'application/x-mobipocket-ebook' );
INSERT INTO files ( gid, file, mime ) VALUES ( '51000', 'http://www.gutenberg.org/ebooks/51000.kindle.noimages', 'application/x-mobipocket-ebook' );
INSERT INTO files ( gid, file, mime ) VALUES ( '51000', 'http://www.gutenberg.org/ebooks/51000.rdf', 'application/rdf+xml' );
INSERT INTO files ( gid, file, mime ) VALUES ( '51000', 'http://www.gutenberg.org/files/51000/51000-0.txt', 'text/plain; charset=utf-8' );
INSERT INTO files ( gid, file, mime ) VALUES ( '51000', 'http://www.gutenberg.org/files/51000/51000-0.zip', 'application/ziptext/plain; charset=utf-8' );
INSERT INTO files ( gid, file, mime ) VALUES ( '51000', 'http://www.gutenberg.org/files/51000/51000-h.zip', 'text/html; charset=utf-8application/zip' );
INSERT INTO files ( gid, file, mime ) VALUES ( '51000', 'http://www.gutenberg.org/files/51000/51000-h/51000-h.htm', 'text/html; charset=utf-8' );
INSERT INTO titles ( gid, title, author, language, rights ) VALUES ( '5100', 'Alaeddin and the Enchanted Lamp', '', 'en', 'Public domain in the USA.' );
INSERT INTO classifications ( gid, classification ) VALUES ( '5100', 'PJ' );
INSERT INTO subjects ( gid, subject ) VALUES ( '5100', 'Folklore -- Arab countries' );
INSERT INTO subjects ( gid, subject ) VALUES ( '5100', 'Tales -- Arab countries' );
INSERT INTO files ( gid, file, mime ) VALUES ( '5100', 'http://www.gutenberg.org/ebooks/5100.epub.images', 'application/epub+zip' );
INSERT INTO files ( gid, file, mime ) VALUES ( '5100', 'http://www.gutenberg.org/ebooks/5100.epub.noimages', 'application/epub+zip' );
INSERT INTO files ( gid, file, mime ) VALUES ( '5100', 'http://www.gutenberg.org/ebooks/5100.kindle.images', 'application/x-mobipocket-ebook' );
INSERT INTO files ( gid, file, mime ) VALUES ( '5100', 'http://www.gutenberg.org/ebooks/5100.kindle.noimages', 'application/x-mobipocket-ebook' );
INSERT INTO files ( gid, file, mime ) VALUES ( '5100', 'http://www.gutenberg.org/ebooks/5100.rdf', 'application/rdf+xml' );
INSERT INTO files ( gid, file, mime ) VALUES ( '5100', 'http://www.gutenberg.org/ebooks/5100.txt.utf-8', 'text/plain' );
INSERT INTO files ( gid, file, mime ) VALUES ( '5100', 'http://www.gutenberg.org/files/5100/5100-h.zip', 'text/html; charset=us-asciiapplication/zip' );
INSERT INTO files ( gid, file, mime ) VALUES ( '5100', 'http://www.gutenberg.org/files/5100/5100-h/5100-h.htm', 'text/html; charset=us-ascii' );
INSERT INTO files ( gid, file, mime ) VALUES ( '5100', 'http://www.gutenberg.org/files/5100/5100.txt', 'text/plain; charset=us-ascii' );
INSERT INTO files ( gid, file, mime ) VALUES ( '5100', 'http://www.gutenberg.org/files/5100/5100.zip', 'text/plain; charset=us-asciiapplication/zip' );
INSERT INTO titles ( gid, title, author, language, rights ) VALUES ( '51100', 'Chambers''s Journal of Popular Literature, Science, and Art, No. 726 November 24, 1877', 'Various', 'en', 'Public domain in the USA.' );
INSERT INTO classifications ( gid, classification ) VALUES ( '51100', 'AP' );
INSERT INTO subjects ( gid, subject ) VALUES ( '51100', 'Periodicals' );
INSERT INTO files ( gid, file, mime ) VALUES ( '51100', 'http://www.gutenberg.org/cache/epub/51100/pg51100.cover.medium.jpg', 'image/jpeg' );
INSERT INTO files ( gid, file, mime ) VALUES ( '51100', 'http://www.gutenberg.org/cache/epub/51100/pg51100.cover.small.jpg', 'image/jpeg' );
INSERT INTO files ( gid, file, mime ) VALUES ( '51100', 'http://www.gutenberg.org/ebooks/51100.epub.images', 'application/epub+zip' );
INSERT INTO files ( gid, file, mime ) VALUES ( '51100', 'http://www.gutenberg.org/ebooks/51100.epub.noimages', 'application/epub+zip' );
INSERT INTO files ( gid, file, mime ) VALUES ( '51100', 'http://www.gutenberg.org/ebooks/51100.kindle.images', 'application/x-mobipocket-ebook' );
INSERT INTO files ( gid, file, mime ) VALUES ( '51100', 'http://www.gutenberg.org/ebooks/51100.kindle.noimages', 'application/x-mobipocket-ebook' );
INSERT INTO files ( gid, file, mime ) VALUES ( '51100', 'http://www.gutenberg.org/ebooks/51100.rdf', 'application/rdf+xml' );
INSERT INTO files ( gid, file, mime ) VALUES ( '51100', 'http://www.gutenberg.org/files/51100/51100-0.txt', 'text/plain; charset=utf-8' );
INSERT INTO files ( gid, file, mime ) VALUES ( '51100', 'http://www.gutenberg.org/files/51100/51100-0.zip', 'text/plain; charset=utf-8application/zip' );
INSERT INTO files ( gid, file, mime ) VALUES ( '51100', 'http://www.gutenberg.org/files/51100/51100-h.zip', 'text/html; charset=iso-8859-1application/zip' );
INSERT INTO files ( gid, file, mime ) VALUES ( '51100', 'http://www.gutenberg.org/files/51100/51100-h/51100-h.htm', 'text/html; charset=iso-8859-1' );
INSERT INTO titles ( gid, title, author, language, rights ) VALUES ( '51200', 'Passamaquoddy Texts', '', 'en', 'Public domain in the USA.' );
INSERT INTO classifications ( gid, classification ) VALUES ( '51200', 'PM' );
INSERT INTO subjects ( gid, subject ) VALUES ( '51200', 'Passamaquoddy Indians -- Folklore' );
INSERT INTO subjects ( gid, subject ) VALUES ( '51200', 'Passamaquoddy language -- Texts' );
INSERT INTO files ( gid, file, mime ) VALUES ( '51200', 'http://www.gutenberg.org/cache/epub/51200/pg51200.cover.medium.jpg', 'image/jpeg' );
INSERT INTO files ( gid, file, mime ) VALUES ( '51200', 'http://www.gutenberg.org/cache/epub/51200/pg51200.cover.small.jpg', 'image/jpeg' );
INSERT INTO files ( gid, file, mime ) VALUES ( '51200', 'http://www.gutenberg.org/ebooks/51200.epub.images', 'application/epub+zip' );
INSERT INTO files ( gid, file, mime ) VALUES ( '51200', 'http://www.gutenberg.org/ebooks/51200.epub.noimages', 'application/epub+zip' );
INSERT INTO files ( gid, file, mime ) VALUES ( '51200', 'http://www.gutenberg.org/ebooks/51200.kindle.images', 'application/x-mobipocket-ebook' );
INSERT INTO files ( gid, file, mime ) VALUES ( '51200', 'http://www.gutenberg.org/ebooks/51200.kindle.noimages', 'application/x-mobipocket-ebook' );
INSERT INTO files ( gid, file, mime ) VALUES ( '51200', 'http://www.gutenberg.org/ebooks/51200.rdf', 'application/rdf+xml' );
INSERT INTO files ( gid, file, mime ) VALUES ( '51200', 'http://www.gutenberg.org/files/51200/51200-0.txt', 'text/plain; charset=utf-8' );
INSERT INTO files ( gid, file, mime ) VALUES ( '51200', 'http://www.gutenberg.org/files/51200/51200-0.zip', 'text/plain; charset=utf-8application/zip' );
INSERT INTO files ( gid, file, mime ) VALUES ( '51200', 'http://www.gutenberg.org/files/51200/51200-h.zip', 'application/ziptext/html; charset=utf-8' );
INSERT INTO files ( gid, file, mime ) VALUES ( '51200', 'http://www.gutenberg.org/files/51200/51200-h/51200-h.htm', 'text/html; charset=utf-8' );
INSERT INTO titles ( gid, title, author, language, rights ) VALUES ( '51300', 'Spanish America, Vol. 2 (of 2)', 'Bonnycastle, Richard Henry, Sir', 'en', 'Public domain in the USA.' );
INSERT INTO subjects ( gid, subject ) VALUES ( '51300', 'Latin America -- Description and travel' );
INSERT INTO subjects ( gid, subject ) VALUES ( '51300', 'Latin America -- History' );
INSERT INTO subjects ( gid, subject ) VALUES ( '51300', 'F1401' );
INSERT INTO files ( gid, file, mime ) VALUES ( '51300', 'http://www.gutenberg.org/cache/epub/51300/pg51300.cover.medium.jpg', 'image/jpeg' );
INSERT INTO files ( gid, file, mime ) VALUES ( '51300', 'http://www.gutenberg.org/cache/epub/51300/pg51300.cover.small.jpg', 'image/jpeg' );
INSERT INTO files ( gid, file, mime ) VALUES ( '51300', 'http://www.gutenberg.org/ebooks/51300.epub.images', 'application/epub+zip' );
INSERT INTO files ( gid, file, mime ) VALUES ( '51300', 'http://www.gutenberg.org/ebooks/51300.epub.noimages', 'application/epub+zip' );
INSERT INTO files ( gid, file, mime ) VALUES ( '51300', 'http://www.gutenberg.org/ebooks/51300.kindle.images', 'application/x-mobipocket-ebook' );
INSERT INTO files ( gid, file, mime ) VALUES ( '51300', 'http://www.gutenberg.org/ebooks/51300.kindle.noimages', 'application/x-mobipocket-ebook' );
INSERT INTO files ( gid, file, mime ) VALUES ( '51300', 'http://www.gutenberg.org/ebooks/51300.rdf', 'application/rdf+xml' );
INSERT INTO files ( gid, file, mime ) VALUES ( '51300', 'http://www.gutenberg.org/ebooks/51300.txt.utf-8', 'text/plain' );
INSERT INTO files ( gid, file, mime ) VALUES ( '51300', 'http://www.gutenberg.org/files/51300/51300-8.txt', 'text/plain; charset=iso-8859-1' );
INSERT INTO files ( gid, file, mime ) VALUES ( '51300', 'http://www.gutenberg.org/files/51300/51300-8.zip', 'text/plain; charset=iso-8859-1application/zip' );
INSERT INTO files ( gid, file, mime ) VALUES ( '51300', 'http://www.gutenberg.org/files/51300/51300-h.zip', 'application/ziptext/html' );
INSERT INTO files ( gid, file, mime ) VALUES ( '51300', 'http://www.gutenberg.org/files/51300/51300-h/51300-h.htm', 'text/html' );
INSERT INTO files ( gid, file, mime ) VALUES ( '51300', 'http://www.gutenberg.org/files/51300/51300.txt', 'text/plain; charset=us-ascii' );
INSERT INTO files ( gid, file, mime ) VALUES ( '51300', 'http://www.gutenberg.org/files/51300/51300.zip', 'text/plain; charset=us-asciiapplication/zip' );
INSERT INTO titles ( gid, title, author, language, rights ) VALUES ( '51400', 'La vita Italiana nel Risorgimento (1831-1846), parte 2 Seconda serie - Lettere, scienze e arti', 'Various', 'it', 'Public domain in the USA.' );
INSERT INTO classifications ( gid, classification ) VALUES ( '51400', 'DG' );
INSERT INTO subjects ( gid, subject ) VALUES ( '51400', 'Italy -- Intellectual life -- 19th century' );
INSERT INTO subjects ( gid, subject ) VALUES ( '51400', 'Italy -- Civilization -- 19th century' );
INSERT INTO subjects ( gid, subject ) VALUES ( '51400', 'Italian literature -- 19th century' );
INSERT INTO subjects ( gid, subject ) VALUES ( '51400', 'Italy -- History -- 1815-1870' );
INSERT INTO files ( gid, file, mime ) VALUES ( '51400', 'http://www.gutenberg.org/cache/epub/51400/pg51400.cover.medium.jpg', 'image/jpeg' );
INSERT INTO files ( gid, file, mime ) VALUES ( '51400', 'http://www.gutenberg.org/cache/epub/51400/pg51400.cover.small.jpg', 'image/jpeg' );
INSERT INTO files ( gid, file, mime ) VALUES ( '51400', 'http://www.gutenberg.org/ebooks/51400.epub.images', 'application/epub+zip' );
INSERT INTO files ( gid, file, mime ) VALUES ( '51400', 'http://www.gutenberg.org/ebooks/51400.epub.noimages', 'application/epub+zip' );
INSERT INTO files ( gid, file, mime ) VALUES ( '51400', 'http://www.gutenberg.org/ebooks/51400.kindle.images', 'application/x-mobipocket-ebook' );
INSERT INTO files ( gid, file, mime ) VALUES ( '51400', 'http://www.gutenberg.org/ebooks/51400.kindle.noimages', 'application/x-mobipocket-ebook' );
INSERT INTO files ( gid, file, mime ) VALUES ( '51400', 'http://www.gutenberg.org/ebooks/51400.rdf', 'application/rdf+xml' );
INSERT INTO files ( gid, file, mime ) VALUES ( '51400', 'http://www.gutenberg.org/files/51400/51400-0.txt', 'text/plain; charset=utf-8' );
INSERT INTO files ( gid, file, mime ) VALUES ( '51400', 'http://www.gutenberg.org/files/51400/51400-0.zip', 'text/plain; charset=utf-8application/zip' );
INSERT INTO files ( gid, file, mime ) VALUES ( '51400', 'http://www.gutenberg.org/files/51400/51400-h.zip', 'application/ziptext/html; charset=utf-8' );
INSERT INTO files ( gid, file, mime ) VALUES ( '51400', 'http://www.gutenberg.org/files/51400/51400-h/51400-h.htm', 'text/html; charset=utf-8' );
INSERT INTO titles ( gid, title, author, language, rights ) VALUES ( '51500', 'Descriptive Pamphlet of the Richmond Mill Furnishing Works All sizes of mill stones and complete grinding and bolting combined husk or portable flouring mills, portable corn and feed mills; smut and separating machines; zigzag and oat separators, dustless separators, warehouse separators, water wheels; mill shafting; pulleys; spur and bevel, iron and core, gearing....', 'Richmond Mill Furnishing Works', 'en', 'Public domain in the USA.' );
INSERT INTO classifications ( gid, classification ) VALUES ( '51500', 'TS' );
INSERT INTO subjects ( gid, subject ) VALUES ( '51500', 'Nordyke, Marmon & Company -- Catalogs' );
INSERT INTO subjects ( gid, subject ) VALUES ( '51500', 'Mills and mill-work -- Equipment and supplies -- Catalogs' );
INSERT INTO subjects ( gid, subject ) VALUES ( '51500', 'Milling machinery -- Catalogs' );
INSERT INTO subjects ( gid, subject ) VALUES ( '51500', 'Flour industry -- Equipment and supplies -- Catalogs' );
INSERT INTO files ( gid, file, mime ) VALUES ( '51500', 'http://www.gutenberg.org/cache/epub/51500/pg51500.cover.medium.jpg', 'image/jpeg' );
INSERT INTO files ( gid, file, mime ) VALUES ( '51500', 'http://www.gutenberg.org/cache/epub/51500/pg51500.cover.small.jpg', 'image/jpeg' );
INSERT INTO files ( gid, file, mime ) VALUES ( '51500', 'http://www.gutenberg.org/ebooks/51500.epub.images', 'application/epub+zip' );
INSERT INTO files ( gid, file, mime ) VALUES ( '51500', 'http://www.gutenberg.org/ebooks/51500.epub.noimages', 'application/epub+zip' );
INSERT INTO files ( gid, file, mime ) VALUES ( '51500', 'http://www.gutenberg.org/ebooks/51500.kindle.images', 'application/x-mobipocket-ebook' );
INSERT INTO files ( gid, file, mime ) VALUES ( '51500', 'http://www.gutenberg.org/ebooks/51500.kindle.noimages', 'application/x-mobipocket-ebook' );
INSERT INTO files ( gid, file, mime ) VALUES ( '51500', 'http://www.gutenberg.org/ebooks/51500.rdf', 'application/rdf+xml' );
INSERT INTO files ( gid, file, mime ) VALUES ( '51500', 'http://www.gutenberg.org/files/51500/51500-0.txt', 'text/plain; charset=utf-8' );
INSERT INTO files ( gid, file, mime ) VALUES ( '51500', 'http://www.gutenberg.org/files/51500/51500-0.zip', 'text/plain; charset=utf-8application/zip' );
INSERT INTO files ( gid, file, mime ) VALUES ( '51500', 'http://www.gutenberg.org/files/51500/51500-h.zip', 'text/html; charset=utf-8application/zip' );
INSERT INTO files ( gid, file, mime ) VALUES ( '51500', 'http://www.gutenberg.org/files/51500/51500-h/51500-h.htm', 'text/html; charset=utf-8' );
INSERT INTO titles ( gid, title, author, language, rights ) VALUES ( '51600', 'The Border Boys Along the St. Lawrence', 'Goldfrap, John Henry', 'en', 'Public domain in the USA.' );
INSERT INTO classifications ( gid, classification ) VALUES ( '51600', 'PZ' );
INSERT INTO subjects ( gid, subject ) VALUES ( '51600', 'Saint Lawrence River -- Juvenile fiction' );
INSERT INTO subjects ( gid, subject ) VALUES ( '51600', 'Motorboats -- Juvenile fiction' );
INSERT INTO files ( gid, file, mime ) VALUES ( '51600', 'http://www.gutenberg.org/cache/epub/51600/pg51600.cover.medium.jpg', 'image/jpeg' );
INSERT INTO files ( gid, file, mime ) VALUES ( '51600', 'http://www.gutenberg.org/cache/epub/51600/pg51600.cover.small.jpg', 'image/jpeg' );
INSERT INTO files ( gid, file, mime ) VALUES ( '51600', 'http://www.gutenberg.org/ebooks/51600.epub.images', 'application/epub+zip' );
INSERT INTO files ( gid, file, mime ) VALUES ( '51600', 'http://www.gutenberg.org/ebooks/51600.epub.noimages', 'application/epub+zip' );
INSERT INTO files ( gid, file, mime ) VALUES ( '51600', 'http://www.gutenberg.org/ebooks/51600.kindle.images', 'application/x-mobipocket-ebook' );
INSERT INTO files ( gid, file, mime ) VALUES ( '51600', 'http://www.gutenberg.org/ebooks/51600.kindle.noimages', 'application/x-mobipocket-ebook' );
INSERT INTO files ( gid, file, mime ) VALUES ( '51600', 'http://www.gutenberg.org/ebooks/51600.rdf', 'application/rdf+xml' );
INSERT INTO files ( gid, file, mime ) VALUES ( '51600', 'http://www.gutenberg.org/files/51600/51600-0.txt', 'text/plain; charset=utf-8' );
INSERT INTO files ( gid, file, mime ) VALUES ( '51600', 'http://www.gutenberg.org/files/51600/51600-0.zip', 'application/ziptext/plain; charset=utf-8' );
INSERT INTO files ( gid, file, mime ) VALUES ( '51600', 'http://www.gutenberg.org/files/51600/51600-h.zip', 'text/html; charset=utf-8application/zip' );
INSERT INTO files ( gid, file, mime ) VALUES ( '51600', 'http://www.gutenberg.org/files/51600/51600-h/51600-h.htm', 'text/html; charset=utf-8' );
INSERT INTO files ( gid, file, mime ) VALUES ( '51600', 'http://www.gutenberg.org/files/51600/51600.txt', 'text/plain; charset=us-ascii' );
INSERT INTO files ( gid, file, mime ) VALUES ( '51600', 'http://www.gutenberg.org/files/51600/51600.zip', 'application/ziptext/plain; charset=us-ascii' );
INSERT INTO titles ( gid, title, author, language, rights ) VALUES ( '51700', 'Gift Card Designing', 'Lemos, Pedro J. (Pedro Joseph)', 'en', 'Public domain in the USA.' );
INSERT INTO classifications ( gid, classification ) VALUES ( '51700', 'NC' );
INSERT INTO subjects ( gid, subject ) VALUES ( '51700', 'Decoration and ornament' );
INSERT INTO subjects ( gid, subject ) VALUES ( '51700', 'Christmas cards' );
INSERT INTO files ( gid, file, mime ) VALUES ( '51700', 'http://www.gutenberg.org/cache/epub/51700/pg51700.cover.medium.jpg', 'image/jpeg' );
INSERT INTO files ( gid, file, mime ) VALUES ( '51700', 'http://www.gutenberg.org/cache/epub/51700/pg51700.cover.small.jpg', 'image/jpeg' );
INSERT INTO files ( gid, file, mime ) VALUES ( '51700', 'http://www.gutenberg.org/ebooks/51700.epub.images', 'application/epub+zip' );
INSERT INTO files ( gid, file, mime ) VALUES ( '51700', 'http://www.gutenberg.org/ebooks/51700.epub.noimages', 'application/epub+zip' );
INSERT INTO files ( gid, file, mime ) VALUES ( '51700', 'http://www.gutenberg.org/ebooks/51700.kindle.images', 'application/x-mobipocket-ebook' );
INSERT INTO files ( gid, file, mime ) VALUES ( '51700', 'http://www.gutenberg.org/ebooks/51700.kindle.noimages', 'application/x-mobipocket-ebook' );
INSERT INTO files ( gid, file, mime ) VALUES ( '51700', 'http://www.gutenberg.org/ebooks/51700.rdf', 'application/rdf+xml' );
INSERT INTO files ( gid, file, mime ) VALUES ( '51700', 'http://www.gutenberg.org/files/51700/51700-0.txt', 'text/plain; charset=utf-8' );
INSERT INTO files ( gid, file, mime ) VALUES ( '51700', 'http://www.gutenberg.org/files/51700/51700-0.zip', 'application/ziptext/plain; charset=utf-8' );
INSERT INTO files ( gid, file, mime ) VALUES ( '51700', 'http://www.gutenberg.org/files/51700/51700-h.zip', 'text/html; charset=utf-8application/zip' );
INSERT INTO files ( gid, file, mime ) VALUES ( '51700', 'http://www.gutenberg.org/files/51700/51700-h/51700-h.htm', 'text/html; charset=utf-8' );
INSERT INTO titles ( gid, title, author, language, rights ) VALUES ( '51800', 'Wild Sports in the Far West', 'Gerstäcker, Friedrich', 'en', 'Public domain in the USA.' );
INSERT INTO subjects ( gid, subject ) VALUES ( '51800', 'Hunting -- Mississippi River Valley' );
INSERT INTO subjects ( gid, subject ) VALUES ( '51800', 'Ohio River Valley -- Description and travel' );
INSERT INTO subjects ( gid, subject ) VALUES ( '51800', 'Southwest, Old -- Description and travel' );
INSERT INTO subjects ( gid, subject ) VALUES ( '51800', 'Arkansas -- Description and travel' );
INSERT INTO subjects ( gid, subject ) VALUES ( '51800', 'United States -- Description and travel' );
INSERT INTO subjects ( gid, subject ) VALUES ( '51800', 'F350.5' );
INSERT INTO files ( gid, file, mime ) VALUES ( '51800', 'http://www.gutenberg.org/cache/epub/51800/pg51800.cover.medium.jpg', 'image/jpeg' );
INSERT INTO files ( gid, file, mime ) VALUES ( '51800', 'http://www.gutenberg.org/cache/epub/51800/pg51800.cover.small.jpg', 'image/jpeg' );
INSERT INTO files ( gid, file, mime ) VALUES ( '51800', 'http://www.gutenberg.org/ebooks/51800.epub.images', 'application/epub+zip' );
INSERT INTO files ( gid, file, mime ) VALUES ( '51800', 'http://www.gutenberg.org/ebooks/51800.epub.noimages', 'application/epub+zip' );
INSERT INTO files ( gid, file, mime ) VALUES ( '51800', 'http://www.gutenberg.org/ebooks/51800.kindle.images', 'application/x-mobipocket-ebook' );
INSERT INTO files ( gid, file, mime ) VALUES ( '51800', 'http://www.gutenberg.org/ebooks/51800.kindle.noimages', 'application/x-mobipocket-ebook' );
INSERT INTO files ( gid, file, mime ) VALUES ( '51800', 'http://www.gutenberg.org/ebooks/51800.rdf', 'application/rdf+xml' );
INSERT INTO files ( gid, file, mime ) VALUES ( '51800', 'http://www.gutenberg.org/files/51800/51800-0.txt', 'text/plain; charset=utf-8' );
INSERT INTO files ( gid, file, mime ) VALUES ( '51800', 'http://www.gutenberg.org/files/51800/51800-0.zip', 'application/ziptext/plain; charset=utf-8' );
INSERT INTO files ( gid, file, mime ) VALUES ( '51800', 'http://www.gutenberg.org/files/51800/51800-h.zip', 'text/html; charset=utf-8application/zip' );
INSERT INTO files ( gid, file, mime ) VALUES ( '51800', 'http://www.gutenberg.org/files/51800/51800-h/51800-h.htm', 'text/html; charset=utf-8' );
INSERT INTO titles ( gid, title, author, language, rights ) VALUES ( '10600', 'A General History and Collection of Voyages and Travels — Volume 01 Arranged in Systematic Order: Forming a Complete History of the Origin and Progress of Navigation, Discovery, and Commerce, by Sea and Land, from the Earliest Ages to the Present Time', 'Kerr, Robert', 'en', 'Public domain in the USA.' );
INSERT INTO classifications ( gid, classification ) VALUES ( '10600', 'G' );
INSERT INTO subjects ( gid, subject ) VALUES ( '10600', 'Voyages and travels' );
INSERT INTO files ( gid, file, mime ) VALUES ( '10600', 'http://www.gutenberg.org/ebooks/10600.epub.images', 'application/epub+zip' );
INSERT INTO files ( gid, file, mime ) VALUES ( '10600', 'http://www.gutenberg.org/ebooks/10600.epub.noimages', 'application/epub+zip' );
INSERT INTO files ( gid, file, mime ) VALUES ( '10600', 'http://www.gutenberg.org/ebooks/10600.kindle.images', 'application/x-mobipocket-ebook' );
INSERT INTO files ( gid, file, mime ) VALUES ( '10600', 'http://www.gutenberg.org/ebooks/10600.kindle.noimages', 'application/x-mobipocket-ebook' );
INSERT INTO files ( gid, file, mime ) VALUES ( '10600', 'http://www.gutenberg.org/ebooks/10600.rdf', 'application/rdf+xml' );
INSERT INTO files ( gid, file, mime ) VALUES ( '10600', 'http://www.gutenberg.org/ebooks/10600.txt.utf-8', 'text/plain' );
INSERT INTO files ( gid, file, mime ) VALUES ( '10600', 'http://www.gutenberg.org/files/10600/10600-8.txt', 'text/plain; charset=iso-8859-1' );
INSERT INTO files ( gid, file, mime ) VALUES ( '10600', 'http://www.gutenberg.org/files/10600/10600-8.zip', 'application/ziptext/plain; charset=iso-8859-1' );
INSERT INTO files ( gid, file, mime ) VALUES ( '10600', 'http://www.gutenberg.org/files/10600/10600-h.zip', 'text/html; charset=iso-8859-1application/zip' );
INSERT INTO files ( gid, file, mime ) VALUES ( '10600', 'http://www.gutenberg.org/files/10600/10600-h/10600-h.htm', 'text/html; charset=iso-8859-1' );
INSERT INTO files ( gid, file, mime ) VALUES ( '10600', 'http://www.gutenberg.org/files/10600/10600.txt', 'text/plain; charset=us-ascii' );
INSERT INTO files ( gid, file, mime ) VALUES ( '10600', 'http://www.gutenberg.org/files/10600/10600.zip', 'text/plain; charset=us-asciiapplication/zip' );
INSERT INTO titles ( gid, title, author, language, rights ) VALUES ( '10700', 'The History of England from the First Invasion by the Romans to the Accession of King George the Fifth Volume 8', 'Belloc, Hilaire', 'en', 'Public domain in the USA.' );
INSERT INTO classifications ( gid, classification ) VALUES ( '10700', 'DA' );
INSERT INTO subjects ( gid, subject ) VALUES ( '10700', 'Great Britain -- History' );
INSERT INTO files ( gid, file, mime ) VALUES ( '10700', 'http://www.gutenberg.org/ebooks/10700.epub.images', 'application/epub+zip' );
INSERT INTO files ( gid, file, mime ) VALUES ( '10700', 'http://www.gutenberg.org/ebooks/10700.epub.noimages', 'application/epub+zip' );
INSERT INTO files ( gid, file, mime ) VALUES ( '10700', 'http://www.gutenberg.org/ebooks/10700.html.images', 'text/html' );
INSERT INTO files ( gid, file, mime ) VALUES ( '10700', 'http://www.gutenberg.org/ebooks/10700.html.noimages', 'text/html' );
INSERT INTO files ( gid, file, mime ) VALUES ( '10700', 'http://www.gutenberg.org/ebooks/10700.kindle.images', 'application/x-mobipocket-ebook' );
INSERT INTO files ( gid, file, mime ) VALUES ( '10700', 'http://www.gutenberg.org/ebooks/10700.kindle.noimages', 'application/x-mobipocket-ebook' );
INSERT INTO files ( gid, file, mime ) VALUES ( '10700', 'http://www.gutenberg.org/ebooks/10700.rdf', 'application/rdf+xml' );
INSERT INTO files ( gid, file, mime ) VALUES ( '10700', 'http://www.gutenberg.org/ebooks/10700.txt.utf-8', 'text/plain' );
INSERT INTO files ( gid, file, mime ) VALUES ( '10700', 'http://www.gutenberg.org/files/10700/10700-8.txt', 'text/plain; charset=iso-8859-1' );
INSERT INTO files ( gid, file, mime ) VALUES ( '10700', 'http://www.gutenberg.org/files/10700/10700-8.zip', 'text/plain; charset=iso-8859-1application/zip' );
INSERT INTO files ( gid, file, mime ) VALUES ( '10700', 'http://www.gutenberg.org/files/10700/10700.txt', 'text/plain; charset=us-ascii' );
INSERT INTO files ( gid, file, mime ) VALUES ( '10700', 'http://www.gutenberg.org/files/10700/10700.zip', 'text/plainapplication/zip' );
INSERT INTO titles ( gid, title, author, language, rights ) VALUES ( '10800', 'The Anatomy of Melancholy', 'Burton, Robert', 'en', 'Public domain in the USA.' );
INSERT INTO classifications ( gid, classification ) VALUES ( '10800', 'PR' );
INSERT INTO subjects ( gid, subject ) VALUES ( '10800', 'Melancholy -- Early works to 1800' );
INSERT INTO files ( gid, file, mime ) VALUES ( '10800', 'http://www.gutenberg.org/ebooks/10800.epub.noimages', 'application/epub+zip' );
INSERT INTO files ( gid, file, mime ) VALUES ( '10800', 'http://www.gutenberg.org/ebooks/10800.kindle.noimages', 'application/x-mobipocket-ebook' );
INSERT INTO files ( gid, file, mime ) VALUES ( '10800', 'http://www.gutenberg.org/ebooks/10800.rdf', 'application/rdf+xml' );
INSERT INTO files ( gid, file, mime ) VALUES ( '10800', 'http://www.gutenberg.org/ebooks/10800.txt.utf-8', 'text/plain' );
INSERT INTO files ( gid, file, mime ) VALUES ( '10800', 'http://www.gutenberg.org/files/10800/10800-8.txt', 'text/plain; charset=iso-8859-1' );
INSERT INTO files ( gid, file, mime ) VALUES ( '10800', 'http://www.gutenberg.org/files/10800/10800-8.zip', 'text/plain; charset=iso-8859-1application/zip' );
INSERT INTO files ( gid, file, mime ) VALUES ( '10800', 'http://www.gutenberg.org/files/10800/10800-h.zip', 'application/ziptext/html' );
INSERT INTO files ( gid, file, mime ) VALUES ( '10800', 'http://www.gutenberg.org/files/10800/10800-h/10800-h.htm', 'text/html; charset=iso-8859-1' );
INSERT INTO files ( gid, file, mime ) VALUES ( '10800', 'http://www.gutenberg.org/files/10800/10800-h/ampart1.html', 'text/html' );
INSERT INTO files ( gid, file, mime ) VALUES ( '10800', 'http://www.gutenberg.org/files/10800/10800-h/ampart2.html', 'text/html' );
INSERT INTO files ( gid, file, mime ) VALUES ( '10800', 'http://www.gutenberg.org/files/10800/10800-h/ampart3.html', 'text/html' );
INSERT INTO files ( gid, file, mime ) VALUES ( '10800', 'http://www.gutenberg.org/files/10800/10800.txt', 'text/plain; charset=us-ascii' );
INSERT INTO files ( gid, file, mime ) VALUES ( '10800', 'http://www.gutenberg.org/files/10800/10800.zip', 'text/plainapplication/zip' );
INSERT INTO titles ( gid, title, author, language, rights ) VALUES ( '11000', 'An Old Babylonian Version of the Gilgamesh Epic', 'Jastrow, Morris', 'en', 'Public domain in the USA.' );
INSERT INTO classifications ( gid, classification ) VALUES ( '11000', 'PJ' );
INSERT INTO subjects ( gid, subject ) VALUES ( '11000', 'Epic poetry, Assyro-Babylonian' );
INSERT INTO files ( gid, file, mime ) VALUES ( '11000', 'http://www.gutenberg.org/ebooks/11000.epub.images', 'application/epub+zip' );
INSERT INTO files ( gid, file, mime ) VALUES ( '11000', 'http://www.gutenberg.org/ebooks/11000.epub.noimages', 'application/epub+zip' );
INSERT INTO files ( gid, file, mime ) VALUES ( '11000', 'http://www.gutenberg.org/ebooks/11000.kindle.images', 'application/x-mobipocket-ebook' );
INSERT INTO files ( gid, file, mime ) VALUES ( '11000', 'http://www.gutenberg.org/ebooks/11000.kindle.noimages', 'application/x-mobipocket-ebook' );
INSERT INTO files ( gid, file, mime ) VALUES ( '11000', 'http://www.gutenberg.org/ebooks/11000.rdf', 'application/rdf+xml' );
INSERT INTO files ( gid, file, mime ) VALUES ( '11000', 'http://www.gutenberg.org/ebooks/11000.txt.utf-8', 'text/plain' );
INSERT INTO files ( gid, file, mime ) VALUES ( '11000', 'http://www.gutenberg.org/files/11000/11000-8.txt', 'text/plain; charset=iso-8859-1' );
INSERT INTO files ( gid, file, mime ) VALUES ( '11000', 'http://www.gutenberg.org/files/11000/11000-8.zip', 'text/plain; charset=iso-8859-1application/zip' );
INSERT INTO files ( gid, file, mime ) VALUES ( '11000', 'http://www.gutenberg.org/files/11000/11000-h/11000-h.htm', 'text/html' );
INSERT INTO titles ( gid, title, author, language, rights ) VALUES ( '1100', 'The First Part of Henry the Sixth', 'Shakespeare, William', 'en', 'Copyrighted. Read the copyright notice inside this book for details.' );
INSERT INTO classifications ( gid, classification ) VALUES ( '1100', 'PR' );
INSERT INTO subjects ( gid, subject ) VALUES ( '1100', 'Historical drama' );
INSERT INTO subjects ( gid, subject ) VALUES ( '1100', 'Great Britain -- History -- Henry VI, 1422-1461 -- Drama' );
INSERT INTO subjects ( gid, subject ) VALUES ( '1100', 'Henry VI, King of England, 1421-1471 -- Drama' );
INSERT INTO subjects ( gid, subject ) VALUES ( '1100', 'Great Britain -- Kings and rulers -- Drama' );
INSERT INTO files ( gid, file, mime ) VALUES ( '1100', 'http://www.gutenberg.org/ebooks/1100.epub.images', 'application/epub+zip' );
INSERT INTO files ( gid, file, mime ) VALUES ( '1100', 'http://www.gutenberg.org/ebooks/1100.epub.noimages', 'application/epub+zip' );
INSERT INTO files ( gid, file, mime ) VALUES ( '1100', 'http://www.gutenberg.org/ebooks/1100.html.images', 'text/html' );
INSERT INTO files ( gid, file, mime ) VALUES ( '1100', 'http://www.gutenberg.org/ebooks/1100.html.noimages', 'text/html' );
INSERT INTO files ( gid, file, mime ) VALUES ( '1100', 'http://www.gutenberg.org/ebooks/1100.kindle.images', 'application/x-mobipocket-ebook' );
INSERT INTO files ( gid, file, mime ) VALUES ( '1100', 'http://www.gutenberg.org/ebooks/1100.kindle.noimages', 'application/x-mobipocket-ebook' );
INSERT INTO files ( gid, file, mime ) VALUES ( '1100', 'http://www.gutenberg.org/ebooks/1100.rdf', 'application/rdf+xml' );
INSERT INTO files ( gid, file, mime ) VALUES ( '1100', 'http://www.gutenberg.org/ebooks/1100.txt.utf-8', 'text/plain' );
INSERT INTO files ( gid, file, mime ) VALUES ( '1100', 'http://www.gutenberg.org/files/1100/1100.txt', 'text/plain; charset=us-ascii' );
INSERT INTO files ( gid, file, mime ) VALUES ( '1100', 'http://www.gutenberg.org/files/1100/1100.zip', 'text/plain; charset=us-asciiapplication/zip' );
INSERT INTO titles ( gid, title, author, language, rights ) VALUES ( '10900', 'The King James Bible', '', 'en', 'Public domain in the USA.' );
INSERT INTO classifications ( gid, classification ) VALUES ( '10900', 'BS' );
INSERT INTO subjects ( gid, subject ) VALUES ( '10900', 'Bible' );
INSERT INTO files ( gid, file, mime ) VALUES ( '10900', 'http://www.gutenberg.org/ebooks/10900.epub.images', 'application/epub+zip' );
INSERT INTO files ( gid, file, mime ) VALUES ( '10900', 'http://www.gutenberg.org/ebooks/10900.epub.noimages', 'application/epub+zip' );
INSERT INTO files ( gid, file, mime ) VALUES ( '10900', 'http://www.gutenberg.org/ebooks/10900.kindle.images', 'application/x-mobipocket-ebook' );
INSERT INTO files ( gid, file, mime ) VALUES ( '10900', 'http://www.gutenberg.org/ebooks/10900.kindle.noimages', 'application/x-mobipocket-ebook' );
INSERT INTO files ( gid, file, mime ) VALUES ( '10900', 'http://www.gutenberg.org/ebooks/10900.rdf', 'application/rdf+xml' );
INSERT INTO files ( gid, file, mime ) VALUES ( '10900', 'http://www.gutenberg.org/ebooks/10900.txt.utf-8', 'text/plain' );
INSERT INTO files ( gid, file, mime ) VALUES ( '10900', 'http://www.gutenberg.org/files/10900/10900-8.txt', 'text/plain; charset=iso-8859-1' );
INSERT INTO files ( gid, file, mime ) VALUES ( '10900', 'http://www.gutenberg.org/files/10900/10900-8.zip', 'application/ziptext/plain; charset=iso-8859-1' );
INSERT INTO files ( gid, file, mime ) VALUES ( '10900', 'http://www.gutenberg.org/files/10900/10900-h.zip', 'text/html; charset=iso-8859-1application/zip' );
INSERT INTO files ( gid, file, mime ) VALUES ( '10900', 'http://www.gutenberg.org/files/10900/10900-h/10900-h.htm', 'text/html; charset=iso-8859-1' );
INSERT INTO files ( gid, file, mime ) VALUES ( '10900', 'http://www.gutenberg.org/files/10900/10900-h/book01.htm', 'text/html' );
INSERT INTO files ( gid, file, mime ) VALUES ( '10900', 'http://www.gutenberg.org/files/10900/10900-h/book02.htm', 'text/html' );
INSERT INTO files ( gid, file, mime ) VALUES ( '10900', 'http://www.gutenberg.org/files/10900/10900-h/book03.htm', 'text/html' );
INSERT INTO files ( gid, file, mime ) VALUES ( '10900', 'http://www.gutenberg.org/files/10900/10900-h/book04.htm', 'text/html' );
INSERT INTO files ( gid, file, mime ) VALUES ( '10900', 'http://www.gutenberg.org/files/10900/10900-h/book05.htm', 'text/html' );
INSERT INTO files ( gid, file, mime ) VALUES ( '10900', 'http://www.gutenberg.org/files/10900/10900-h/book06.htm', 'text/html' );
INSERT INTO files ( gid, file, mime ) VALUES ( '10900', 'http://www.gutenberg.org/files/10900/10900-h/book07.htm', 'text/html' );
INSERT INTO files ( gid, file, mime ) VALUES ( '10900', 'http://www.gutenberg.org/files/10900/10900-h/book08.htm', 'text/html' );
INSERT INTO files ( gid, file, mime ) VALUES ( '10900', 'http://www.gutenberg.org/files/10900/10900-h/book09.htm', 'text/html' );
INSERT INTO files ( gid, file, mime ) VALUES ( '10900', 'http://www.gutenberg.org/files/10900/10900-h/book10.htm', 'text/html' );
INSERT INTO files ( gid, file, mime ) VALUES ( '10900', 'http://www.gutenberg.org/files/10900/10900-h/book11.htm', 'text/html' );
INSERT INTO files ( gid, file, mime ) VALUES ( '10900', 'http://www.gutenberg.org/files/10900/10900-h/book12.htm', 'text/html' );
INSERT INTO files ( gid, file, mime ) VALUES ( '10900', 'http://www.gutenberg.org/files/10900/10900-h/book13.htm', 'text/html' );
INSERT INTO files ( gid, file, mime ) VALUES ( '10900', 'http://www.gutenberg.org/files/10900/10900-h/book14.htm', 'text/html' );
INSERT INTO files ( gid, file, mime ) VALUES ( '10900', 'http://www.gutenberg.org/files/10900/10900-h/book15.htm', 'text/html' );
INSERT INTO files ( gid, file, mime ) VALUES ( '10900', 'http://www.gutenberg.org/files/10900/10900-h/book16.htm', 'text/html' );
INSERT INTO files ( gid, file, mime ) VALUES ( '10900', 'http://www.gutenberg.org/files/10900/10900-h/book17.htm', 'text/html' );
INSERT INTO files ( gid, file, mime ) VALUES ( '10900', 'http://www.gutenberg.org/files/10900/10900-h/book18.htm', 'text/html' );
INSERT INTO files ( gid, file, mime ) VALUES ( '10900', 'http://www.gutenberg.org/files/10900/10900-h/book19.htm', 'text/html' );
INSERT INTO files ( gid, file, mime ) VALUES ( '10900', 'http://www.gutenberg.org/files/10900/10900-h/book20.htm', 'text/html' );
INSERT INTO files ( gid, file, mime ) VALUES ( '10900', 'http://www.gutenberg.org/files/10900/10900-h/book21.htm', 'text/html' );
INSERT INTO files ( gid, file, mime ) VALUES ( '10900', 'http://www.gutenberg.org/files/10900/10900-h/book22.htm', 'text/html' );
INSERT INTO files ( gid, file, mime ) VALUES ( '10900', 'http://www.gutenberg.org/files/10900/10900-h/book23.htm', 'text/html' );
INSERT INTO files ( gid, file, mime ) VALUES ( '10900', 'http://www.gutenberg.org/files/10900/10900-h/book24.htm', 'text/html' );
INSERT INTO files ( gid, file, mime ) VALUES ( '10900', 'http://www.gutenberg.org/files/10900/10900-h/book25.htm', 'text/html' );
INSERT INTO files ( gid, file, mime ) VALUES ( '10900', 'http://www.gutenberg.org/files/10900/10900-h/book26.htm', 'text/html' );
INSERT INTO files ( gid, file, mime ) VALUES ( '10900', 'http://www.gutenberg.org/files/10900/10900-h/book27.htm', 'text/html' );
INSERT INTO files ( gid, file, mime ) VALUES ( '10900', 'http://www.gutenberg.org/files/10900/10900-h/book28.htm', 'text/html' );
INSERT INTO files ( gid, file, mime ) VALUES ( '10900', 'http://www.gutenberg.org/files/10900/10900-h/book29.htm', 'text/html' );
INSERT INTO files ( gid, file, mime ) VALUES ( '10900', 'http://www.gutenberg.org/files/10900/10900-h/book30.htm', 'text/html' );
INSERT INTO files ( gid, file, mime ) VALUES ( '10900', 'http://www.gutenberg.org/files/10900/10900-h/book31.htm', 'text/html' );
INSERT INTO files ( gid, file, mime ) VALUES ( '10900', 'http://www.gutenberg.org/files/10900/10900-h/book32.htm', 'text/html' );
INSERT INTO files ( gid, file, mime ) VALUES ( '10900', 'http://www.gutenberg.org/files/10900/10900-h/book33.htm', 'text/html' );
INSERT INTO files ( gid, file, mime ) VALUES ( '10900', 'http://www.gutenberg.org/files/10900/10900-h/book34.htm', 'text/html' );
INSERT INTO files ( gid, file, mime ) VALUES ( '10900', 'http://www.gutenberg.org/files/10900/10900-h/book35.htm', 'text/html' );
INSERT INTO files ( gid, file, mime ) VALUES ( '10900', 'http://www.gutenberg.org/files/10900/10900-h/book36.htm', 'text/html' );
INSERT INTO files ( gid, file, mime ) VALUES ( '10900', 'http://www.gutenberg.org/files/10900/10900-h/book37.htm', 'text/html' );
INSERT INTO files ( gid, file, mime ) VALUES ( '10900', 'http://www.gutenberg.org/files/10900/10900-h/book38.htm', 'text/html' );
INSERT INTO files ( gid, file, mime ) VALUES ( '10900', 'http://www.gutenberg.org/files/10900/10900-h/book39.htm', 'text/html' );
INSERT INTO files ( gid, file, mime ) VALUES ( '10900', 'http://www.gutenberg.org/files/10900/10900-h/book40.htm', 'text/html' );
INSERT INTO files ( gid, file, mime ) VALUES ( '10900', 'http://www.gutenberg.org/files/10900/10900-h/book41.htm', 'text/html' );
INSERT INTO files ( gid, file, mime ) VALUES ( '10900', 'http://www.gutenberg.org/files/10900/10900-h/book42.htm', 'text/html' );
INSERT INTO files ( gid, file, mime ) VALUES ( '10900', 'http://www.gutenberg.org/files/10900/10900-h/book43.htm', 'text/html' );
INSERT INTO files ( gid, file, mime ) VALUES ( '10900', 'http://www.gutenberg.org/files/10900/10900-h/book44.htm', 'text/html' );
INSERT INTO files ( gid, file, mime ) VALUES ( '10900', 'http://www.gutenberg.org/files/10900/10900-h/book45.htm', 'text/html' );
INSERT INTO files ( gid, file, mime ) VALUES ( '10900', 'http://www.gutenberg.org/files/10900/10900-h/book46.htm', 'text/html' );
INSERT INTO files ( gid, file, mime ) VALUES ( '10900', 'http://www.gutenberg.org/files/10900/10900-h/book47.htm', 'text/html' );
INSERT INTO files ( gid, file, mime ) VALUES ( '10900', 'http://www.gutenberg.org/files/10900/10900-h/book48.htm', 'text/html' );
INSERT INTO files ( gid, file, mime ) VALUES ( '10900', 'http://www.gutenberg.org/files/10900/10900-h/book49.htm', 'text/html' );
INSERT INTO files ( gid, file, mime ) VALUES ( '10900', 'http://www.gutenberg.org/files/10900/10900-h/book50.htm', 'text/html' );
INSERT INTO files ( gid, file, mime ) VALUES ( '10900', 'http://www.gutenberg.org/files/10900/10900-h/book51.htm', 'text/html' );
INSERT INTO files ( gid, file, mime ) VALUES ( '10900', 'http://www.gutenberg.org/files/10900/10900-h/book52.htm', 'text/html' );
INSERT INTO files ( gid, file, mime ) VALUES ( '10900', 'http://www.gutenberg.org/files/10900/10900-h/book53.htm', 'text/html' );
INSERT INTO files ( gid, file, mime ) VALUES ( '10900', 'http://www.gutenberg.org/files/10900/10900-h/book54.htm', 'text/html' );
INSERT INTO files ( gid, file, mime ) VALUES ( '10900', 'http://www.gutenberg.org/files/10900/10900-h/book55.htm', 'text/html' );
INSERT INTO files ( gid, file, mime ) VALUES ( '10900', 'http://www.gutenberg.org/files/10900/10900-h/book56.htm', 'text/html' );
INSERT INTO files ( gid, file, mime ) VALUES ( '10900', 'http://www.gutenberg.org/files/10900/10900-h/book57.htm', 'text/html' );
INSERT INTO files ( gid, file, mime ) VALUES ( '10900', 'http://www.gutenberg.org/files/10900/10900-h/book58.htm', 'text/html' );
INSERT INTO files ( gid, file, mime ) VALUES ( '10900', 'http://www.gutenberg.org/files/10900/10900-h/book59.htm', 'text/html' );
INSERT INTO files ( gid, file, mime ) VALUES ( '10900', 'http://www.gutenberg.org/files/10900/10900-h/book60.htm', 'text/html' );
INSERT INTO files ( gid, file, mime ) VALUES ( '10900', 'http://www.gutenberg.org/files/10900/10900-h/book61.htm', 'text/html' );
INSERT INTO files ( gid, file, mime ) VALUES ( '10900', 'http://www.gutenberg.org/files/10900/10900-h/book62.htm', 'text/html' );
INSERT INTO files ( gid, file, mime ) VALUES ( '10900', 'http://www.gutenberg.org/files/10900/10900-h/book63.htm', 'text/html' );
INSERT INTO files ( gid, file, mime ) VALUES ( '10900', 'http://www.gutenberg.org/files/10900/10900-h/book64.htm', 'text/html' );
INSERT INTO files ( gid, file, mime ) VALUES ( '10900', 'http://www.gutenberg.org/files/10900/10900-h/book65.htm', 'text/html' );
INSERT INTO files ( gid, file, mime ) VALUES ( '10900', 'http://www.gutenberg.org/files/10900/10900-h/book66.htm', 'text/html' );
INSERT INTO files ( gid, file, mime ) VALUES ( '10900', 'http://www.gutenberg.org/files/10900/10900.txt', 'text/plain; charset=us-ascii' );
INSERT INTO files ( gid, file, mime ) VALUES ( '10900', 'http://www.gutenberg.org/files/10900/10900.zip', 'text/plain; charset=us-asciiapplication/zip' );
INSERT INTO titles ( gid, title, author, language, rights ) VALUES ( '11100', 'History of Modern Philosophy From Nicolas of Cusa to the Present Time', 'Falckenberg, Richard', 'en', 'Public domain in the USA.' );
INSERT INTO classifications ( gid, classification ) VALUES ( '11100', 'B' );
INSERT INTO subjects ( gid, subject ) VALUES ( '11100', 'Philosophy, Modern -- History' );
INSERT INTO files ( gid, file, mime ) VALUES ( '11100', 'http://www.gutenberg.org/ebooks/11100.epub.images', 'application/epub+zip' );
INSERT INTO files ( gid, file, mime ) VALUES ( '11100', 'http://www.gutenberg.org/ebooks/11100.epub.noimages', 'application/epub+zip' );
INSERT INTO files ( gid, file, mime ) VALUES ( '11100', 'http://www.gutenberg.org/ebooks/11100.html.images', 'text/html' );
INSERT INTO files ( gid, file, mime ) VALUES ( '11100', 'http://www.gutenberg.org/ebooks/11100.html.noimages', 'text/html' );
INSERT INTO files ( gid, file, mime ) VALUES ( '11100', 'http://www.gutenberg.org/ebooks/11100.kindle.images', 'application/x-mobipocket-ebook' );
INSERT INTO files ( gid, file, mime ) VALUES ( '11100', 'http://www.gutenberg.org/ebooks/11100.kindle.noimages', 'application/x-mobipocket-ebook' );
INSERT INTO files ( gid, file, mime ) VALUES ( '11100', 'http://www.gutenberg.org/ebooks/11100.rdf', 'application/rdf+xml' );
INSERT INTO files ( gid, file, mime ) VALUES ( '11100', 'http://www.gutenberg.org/files/11100/11100-0.txt', 'text/plain; charset=utf-8' );
INSERT INTO files ( gid, file, mime ) VALUES ( '11100', 'http://www.gutenberg.org/files/11100/11100-0.zip', 'application/ziptext/plain; charset=utf-8' );
INSERT INTO files ( gid, file, mime ) VALUES ( '11100', 'http://www.gutenberg.org/files/11100/11100-8.txt', 'text/plain; charset=iso-8859-1' );
INSERT INTO files ( gid, file, mime ) VALUES ( '11100', 'http://www.gutenberg.org/files/11100/11100-8.zip', 'text/plain; charset=iso-8859-1application/zip' );
INSERT INTO files ( gid, file, mime ) VALUES ( '11100', 'http://www.gutenberg.org/files/11100/11100.txt', 'text/plain; charset=us-ascii' );
INSERT INTO files ( gid, file, mime ) VALUES ( '11100', 'http://www.gutenberg.org/files/11100/11100.zip', 'text/plainapplication/zip' );
INSERT INTO titles ( gid, title, author, language, rights ) VALUES ( '11200', 'The World War and What was Behind It; Or, The Story of the Map of Europe', 'Bénézet, Louis Paul', 'en', 'Public domain in the USA.' );
INSERT INTO classifications ( gid, classification ) VALUES ( '11200', 'D' );
INSERT INTO subjects ( gid, subject ) VALUES ( '11200', 'World War, 1914-1918 -- Causes' );
INSERT INTO subjects ( gid, subject ) VALUES ( '11200', 'Europe -- History' );
INSERT INTO files ( gid, file, mime ) VALUES ( '11200', 'http://www.gutenberg.org/ebooks/11200.epub.images', 'application/epub+zip' );
INSERT INTO files ( gid, file, mime ) VALUES ( '11200', 'http://www.gutenberg.org/ebooks/11200.epub.noimages', 'application/epub+zip' );
INSERT INTO files ( gid, file, mime ) VALUES ( '11200', 'http://www.gutenberg.org/ebooks/11200.kindle.images', 'application/x-mobipocket-ebook' );
INSERT INTO files ( gid, file, mime ) VALUES ( '11200', 'http://www.gutenberg.org/ebooks/11200.kindle.noimages', 'application/x-mobipocket-ebook' );
INSERT INTO files ( gid, file, mime ) VALUES ( '11200', 'http://www.gutenberg.org/ebooks/11200.rdf', 'application/rdf+xml' );
INSERT INTO files ( gid, file, mime ) VALUES ( '11200', 'http://www.gutenberg.org/files/11200/11200-0.txt', 'text/plain; charset=utf-8' );
INSERT INTO files ( gid, file, mime ) VALUES ( '11200', 'http://www.gutenberg.org/files/11200/11200-0.zip', 'text/plain; charset=utf-8application/zip' );
INSERT INTO files ( gid, file, mime ) VALUES ( '11200', 'http://www.gutenberg.org/files/11200/11200-8.txt', 'text/plain; charset=iso-8859-1' );
INSERT INTO files ( gid, file, mime ) VALUES ( '11200', 'http://www.gutenberg.org/files/11200/11200-8.zip', 'application/ziptext/plain; charset=iso-8859-1' );
INSERT INTO files ( gid, file, mime ) VALUES ( '11200', 'http://www.gutenberg.org/files/11200/11200-h.zip', 'application/ziptext/html' );
INSERT INTO files ( gid, file, mime ) VALUES ( '11200', 'http://www.gutenberg.org/files/11200/11200-h/11200-h.htm', 'text/html; charset=utf-8' );
INSERT INTO files ( gid, file, mime ) VALUES ( '11200', 'http://www.gutenberg.org/files/11200/11200.txt', 'text/plain; charset=us-ascii' );
INSERT INTO files ( gid, file, mime ) VALUES ( '11200', 'http://www.gutenberg.org/files/11200/11200.zip', 'application/ziptext/plain' );
INSERT INTO titles ( gid, title, author, language, rights ) VALUES ( '11300', 'La belle Gabrielle — Tome 1', 'Maquet, Auguste', 'fr', 'Public domain in the USA.' );
INSERT INTO classifications ( gid, classification ) VALUES ( '11300', 'PQ' );
INSERT INTO subjects ( gid, subject ) VALUES ( '11300', 'French fiction' );
INSERT INTO files ( gid, file, mime ) VALUES ( '11300', 'http://www.gutenberg.org/ebooks/11300.epub.images', 'application/epub+zip' );
INSERT INTO files ( gid, file, mime ) VALUES ( '11300', 'http://www.gutenberg.org/ebooks/11300.epub.noimages', 'application/epub+zip' );
INSERT INTO files ( gid, file, mime ) VALUES ( '11300', 'http://www.gutenberg.org/ebooks/11300.html.images', 'text/html' );
INSERT INTO files ( gid, file, mime ) VALUES ( '11300', 'http://www.gutenberg.org/ebooks/11300.html.noimages', 'text/html' );
INSERT INTO files ( gid, file, mime ) VALUES ( '11300', 'http://www.gutenberg.org/ebooks/11300.kindle.images', 'application/x-mobipocket-ebook' );
INSERT INTO files ( gid, file, mime ) VALUES ( '11300', 'http://www.gutenberg.org/ebooks/11300.kindle.noimages', 'application/x-mobipocket-ebook' );
INSERT INTO files ( gid, file, mime ) VALUES ( '11300', 'http://www.gutenberg.org/ebooks/11300.rdf', 'application/rdf+xml' );
INSERT INTO files ( gid, file, mime ) VALUES ( '11300', 'http://www.gutenberg.org/ebooks/11300.txt.utf-8', 'text/plain' );
INSERT INTO files ( gid, file, mime ) VALUES ( '11300', 'http://www.gutenberg.org/files/11300/11300-8.txt', 'text/plain; charset=iso-8859-1' );
INSERT INTO files ( gid, file, mime ) VALUES ( '11300', 'http://www.gutenberg.org/files/11300/11300-8.zip', 'application/ziptext/plain; charset=iso-8859-1' );
INSERT INTO titles ( gid, title, author, language, rights ) VALUES ( '11500', 'De val van Antwerpen (october 1914)', 'Muls, Jozef', 'nl', 'Public domain in the USA.' );
INSERT INTO classifications ( gid, classification ) VALUES ( '11500', 'DH' );
INSERT INTO subjects ( gid, subject ) VALUES ( '11500', 'World War, 1914-1918 -- Belgium -- Antwerp' );
INSERT INTO files ( gid, file, mime ) VALUES ( '11500', 'http://www.gutenberg.org/ebooks/11500.epub.images', 'application/epub+zip' );
INSERT INTO files ( gid, file, mime ) VALUES ( '11500', 'http://www.gutenberg.org/ebooks/11500.epub.noimages', 'application/epub+zip' );
INSERT INTO files ( gid, file, mime ) VALUES ( '11500', 'http://www.gutenberg.org/ebooks/11500.html.images', 'text/html' );
INSERT INTO files ( gid, file, mime ) VALUES ( '11500', 'http://www.gutenberg.org/ebooks/11500.html.noimages', 'text/html' );
INSERT INTO files ( gid, file, mime ) VALUES ( '11500', 'http://www.gutenberg.org/ebooks/11500.kindle.images', 'application/x-mobipocket-ebook' );
INSERT INTO files ( gid, file, mime ) VALUES ( '11500', 'http://www.gutenberg.org/ebooks/11500.kindle.noimages', 'application/x-mobipocket-ebook' );
INSERT INTO files ( gid, file, mime ) VALUES ( '11500', 'http://www.gutenberg.org/ebooks/11500.rdf', 'application/rdf+xml' );
INSERT INTO files ( gid, file, mime ) VALUES ( '11500', 'http://www.gutenberg.org/ebooks/11500.txt.utf-8', 'text/plain' );
INSERT INTO files ( gid, file, mime ) VALUES ( '11500', 'http://www.gutenberg.org/files/11500/11500-8.txt', 'text/plain; charset=iso-8859-1' );
INSERT INTO files ( gid, file, mime ) VALUES ( '11500', 'http://www.gutenberg.org/files/11500/11500-8.zip', 'text/plain; charset=iso-8859-1application/zip' );
INSERT INTO files ( gid, file, mime ) VALUES ( '11500', 'http://www.gutenberg.org/files/11500/11500.txt', 'text/plain; charset=us-ascii' );
INSERT INTO files ( gid, file, mime ) VALUES ( '11500', 'http://www.gutenberg.org/files/11500/11500.zip', 'text/plainapplication/zip' );
INSERT INTO titles ( gid, title, author, language, rights ) VALUES ( '11400', 'Mystic Isles of the South Seas.', 'O''Brien, Frederick', 'en', 'Public domain in the USA.' );
INSERT INTO classifications ( gid, classification ) VALUES ( '11400', 'DU' );
INSERT INTO subjects ( gid, subject ) VALUES ( '11400', 'Tahiti (French Polynesia : Island) -- Description and travel' );
INSERT INTO files ( gid, file, mime ) VALUES ( '11400', 'http://www.gutenberg.org/ebooks/11400.epub.images', 'application/epub+zip' );
INSERT INTO files ( gid, file, mime ) VALUES ( '11400', 'http://www.gutenberg.org/ebooks/11400.epub.noimages', 'application/epub+zip' );
INSERT INTO files ( gid, file, mime ) VALUES ( '11400', 'http://www.gutenberg.org/ebooks/11400.kindle.images', 'application/x-mobipocket-ebook' );
INSERT INTO files ( gid, file, mime ) VALUES ( '11400', 'http://www.gutenberg.org/ebooks/11400.kindle.noimages', 'application/x-mobipocket-ebook' );
INSERT INTO files ( gid, file, mime ) VALUES ( '11400', 'http://www.gutenberg.org/ebooks/11400.rdf', 'application/rdf+xml' );
INSERT INTO files ( gid, file, mime ) VALUES ( '11400', 'http://www.gutenberg.org/ebooks/11400.txt.utf-8', 'text/plain' );
INSERT INTO files ( gid, file, mime ) VALUES ( '11400', 'http://www.gutenberg.org/files/11400/11400-8.txt', 'text/plain; charset=iso-8859-1' );
INSERT INTO files ( gid, file, mime ) VALUES ( '11400', 'http://www.gutenberg.org/files/11400/11400-8.zip', 'application/ziptext/plain; charset=iso-8859-1' );
INSERT INTO files ( gid, file, mime ) VALUES ( '11400', 'http://www.gutenberg.org/files/11400/11400-h.zip', 'application/ziptext/html' );
INSERT INTO files ( gid, file, mime ) VALUES ( '11400', 'http://www.gutenberg.org/files/11400/11400-h/11400-h.html', 'text/html' );
INSERT INTO files ( gid, file, mime ) VALUES ( '11400', 'http://www.gutenberg.org/files/11400/11400-x.zip', 'text/xmlapplication/zip' );
INSERT INTO files ( gid, file, mime ) VALUES ( '11400', 'http://www.gutenberg.org/files/11400/11400-x/11400-x.xml', 'text/xml' );
INSERT INTO files ( gid, file, mime ) VALUES ( '11400', 'http://www.gutenberg.org/files/11400/11400.txt', 'text/plain; charset=us-ascii' );
INSERT INTO files ( gid, file, mime ) VALUES ( '11400', 'http://www.gutenberg.org/files/11400/11400.zip', 'application/ziptext/plain; charset=us-ascii' );
INSERT INTO titles ( gid, title, author, language, rights ) VALUES ( '11600', 'The Life of Marie de Medicis, Queen of France, Consort of Henri IV, and Regent of the Kingdom under Louis XIII — Volume 2', 'Pardoe, Miss (Julia)', 'en', 'Public domain in the USA.' );
INSERT INTO classifications ( gid, classification ) VALUES ( '11600', 'DC' );
INSERT INTO subjects ( gid, subject ) VALUES ( '11600', 'Marie de Médicis, Queen, consort of Henry IV, King of France, 1573-1642' );
INSERT INTO files ( gid, file, mime ) VALUES ( '11600', 'http://www.gutenberg.org/ebooks/11600.epub.images', 'application/epub+zip' );
INSERT INTO files ( gid, file, mime ) VALUES ( '11600', 'http://www.gutenberg.org/ebooks/11600.epub.noimages', 'application/epub+zip' );
INSERT INTO files ( gid, file, mime ) VALUES ( '11600', 'http://www.gutenberg.org/ebooks/11600.kindle.images', 'application/x-mobipocket-ebook' );
INSERT INTO files ( gid, file, mime ) VALUES ( '11600', 'http://www.gutenberg.org/ebooks/11600.kindle.noimages', 'application/x-mobipocket-ebook' );
INSERT INTO files ( gid, file, mime ) VALUES ( '11600', 'http://www.gutenberg.org/ebooks/11600.rdf', 'application/rdf+xml' );
INSERT INTO files ( gid, file, mime ) VALUES ( '11600', 'http://www.gutenberg.org/ebooks/11600.txt.utf-8', 'text/plain' );
INSERT INTO files ( gid, file, mime ) VALUES ( '11600', 'http://www.gutenberg.org/files/11600/11600-8.txt', 'text/plain; charset=iso-8859-1' );
INSERT INTO files ( gid, file, mime ) VALUES ( '11600', 'http://www.gutenberg.org/files/11600/11600-8.zip', 'text/plain; charset=iso-8859-1application/zip' );
INSERT INTO files ( gid, file, mime ) VALUES ( '11600', 'http://www.gutenberg.org/files/11600/11600-h.zip', 'application/ziptext/html; charset=iso-8859-1' );
INSERT INTO files ( gid, file, mime ) VALUES ( '11600', 'http://www.gutenberg.org/files/11600/11600-h/11600-h.htm', 'text/html; charset=iso-8859-1' );
INSERT INTO files ( gid, file, mime ) VALUES ( '11600', 'http://www.gutenberg.org/files/11600/11600.txt', 'text/plain; charset=us-ascii' );
INSERT INTO files ( gid, file, mime ) VALUES ( '11600', 'http://www.gutenberg.org/files/11600/11600.zip', 'text/plain; charset=us-asciiapplication/zip' );
INSERT INTO titles ( gid, title, author, language, rights ) VALUES ( '51900', 'Biography of Percival Lowell', 'Lowell, A. Lawrence (Abbott Lawrence)', 'en', 'Public domain in the USA.' );
INSERT INTO classifications ( gid, classification ) VALUES ( '51900', 'QB' );
INSERT INTO subjects ( gid, subject ) VALUES ( '51900', 'Astronomy -- Observations' );
INSERT INTO subjects ( gid, subject ) VALUES ( '51900', 'Lowell, Percival, 1855-1916' );
INSERT INTO files ( gid, file, mime ) VALUES ( '51900', 'http://www.gutenberg.org/cache/epub/51900/pg51900.cover.medium.jpg', 'image/jpeg' );
INSERT INTO files ( gid, file, mime ) VALUES ( '51900', 'http://www.gutenberg.org/cache/epub/51900/pg51900.cover.small.jpg', 'image/jpeg' );
INSERT INTO files ( gid, file, mime ) VALUES ( '51900', 'http://www.gutenberg.org/ebooks/51900.epub.images', 'application/epub+zip' );
INSERT INTO files ( gid, file, mime ) VALUES ( '51900', 'http://www.gutenberg.org/ebooks/51900.epub.noimages', 'application/epub+zip' );
INSERT INTO files ( gid, file, mime ) VALUES ( '51900', 'http://www.gutenberg.org/ebooks/51900.kindle.images', 'application/x-mobipocket-ebook' );
INSERT INTO files ( gid, file, mime ) VALUES ( '51900', 'http://www.gutenberg.org/ebooks/51900.kindle.noimages', 'application/x-mobipocket-ebook' );
INSERT INTO files ( gid, file, mime ) VALUES ( '51900', 'http://www.gutenberg.org/ebooks/51900.rdf', 'application/rdf+xml' );
INSERT INTO files ( gid, file, mime ) VALUES ( '51900', 'http://www.gutenberg.org/files/51900/51900-0.txt', 'text/plain; charset=utf-8' );
INSERT INTO files ( gid, file, mime ) VALUES ( '51900', 'http://www.gutenberg.org/files/51900/51900-0.zip', 'text/plain; charset=utf-8application/zip' );
INSERT INTO files ( gid, file, mime ) VALUES ( '51900', 'http://www.gutenberg.org/files/51900/51900-h.zip', 'application/ziptext/html; charset=utf-8' );
INSERT INTO files ( gid, file, mime ) VALUES ( '51900', 'http://www.gutenberg.org/files/51900/51900-h/51900-h.htm', 'text/html; charset=utf-8' );
INSERT INTO titles ( gid, title, author, language, rights ) VALUES ( '52000', 'Talonpoika satimessa: Kolminäytöksinen huvinäytelmä', 'Holberg, Ludvig', 'fi', 'Public domain in the USA.' );
INSERT INTO classifications ( gid, classification ) VALUES ( '52000', 'PT' );
INSERT INTO subjects ( gid, subject ) VALUES ( '52000', 'Comedies' );
INSERT INTO subjects ( gid, subject ) VALUES ( '52000', 'Danish drama -- Translations into Finnish' );
INSERT INTO files ( gid, file, mime ) VALUES ( '52000', 'http://www.gutenberg.org/ebooks/52000.epub.images', 'application/epub+zip' );
INSERT INTO files ( gid, file, mime ) VALUES ( '52000', 'http://www.gutenberg.org/ebooks/52000.epub.noimages', 'application/epub+zip' );
INSERT INTO files ( gid, file, mime ) VALUES ( '52000', 'http://www.gutenberg.org/ebooks/52000.html.images', 'text/html' );
INSERT INTO files ( gid, file, mime ) VALUES ( '52000', 'http://www.gutenberg.org/ebooks/52000.html.noimages', 'text/html' );
INSERT INTO files ( gid, file, mime ) VALUES ( '52000', 'http://www.gutenberg.org/ebooks/52000.kindle.images', 'application/x-mobipocket-ebook' );
INSERT INTO files ( gid, file, mime ) VALUES ( '52000', 'http://www.gutenberg.org/ebooks/52000.kindle.noimages', 'application/x-mobipocket-ebook' );
INSERT INTO files ( gid, file, mime ) VALUES ( '52000', 'http://www.gutenberg.org/ebooks/52000.rdf', 'application/rdf+xml' );
INSERT INTO files ( gid, file, mime ) VALUES ( '52000', 'http://www.gutenberg.org/ebooks/52000.txt.utf-8', 'text/plain' );
INSERT INTO files ( gid, file, mime ) VALUES ( '52000', 'http://www.gutenberg.org/files/52000/52000-8.txt', 'text/plain; charset=iso-8859-1' );
INSERT INTO files ( gid, file, mime ) VALUES ( '52000', 'http://www.gutenberg.org/files/52000/52000-8.zip', 'application/ziptext/plain; charset=iso-8859-1' );
INSERT INTO titles ( gid, title, author, language, rights ) VALUES ( '5200', 'Metamorphosis', 'Kafka, Franz', 'en', 'Copyrighted. Read the copyright notice inside this book for details.' );
INSERT INTO classifications ( gid, classification ) VALUES ( '5200', 'PT' );
INSERT INTO subjects ( gid, subject ) VALUES ( '5200', 'Psychological fiction' );
INSERT INTO subjects ( gid, subject ) VALUES ( '5200', 'Metamorphosis -- Fiction' );
INSERT INTO files ( gid, file, mime ) VALUES ( '5200', 'http://www.gutenberg.org/ebooks/5200.epub.images', 'application/epub+zip' );
INSERT INTO files ( gid, file, mime ) VALUES ( '5200', 'http://www.gutenberg.org/ebooks/5200.epub.noimages', 'application/epub+zip' );
INSERT INTO files ( gid, file, mime ) VALUES ( '5200', 'http://www.gutenberg.org/ebooks/5200.kindle.images', 'application/x-mobipocket-ebook' );
INSERT INTO files ( gid, file, mime ) VALUES ( '5200', 'http://www.gutenberg.org/ebooks/5200.kindle.noimages', 'application/x-mobipocket-ebook' );
INSERT INTO files ( gid, file, mime ) VALUES ( '5200', 'http://www.gutenberg.org/ebooks/5200.rdf', 'application/rdf+xml' );
INSERT INTO files ( gid, file, mime ) VALUES ( '5200', 'http://www.gutenberg.org/ebooks/5200.txt.utf-8', 'text/plain' );
INSERT INTO files ( gid, file, mime ) VALUES ( '5200', 'http://www.gutenberg.org/files/5200/5200-h.zip', 'application/ziptext/html; charset=iso-8859-1' );
INSERT INTO files ( gid, file, mime ) VALUES ( '5200', 'http://www.gutenberg.org/files/5200/5200-h/5200-h.htm', 'text/html; charset=iso-8859-1' );
INSERT INTO files ( gid, file, mime ) VALUES ( '5200', 'http://www.gutenberg.org/files/5200/5200-r.rtf', 'text/rtf' );
INSERT INTO files ( gid, file, mime ) VALUES ( '5200', 'http://www.gutenberg.org/files/5200/5200-r.zip', 'application/ziptext/rtf' );
INSERT INTO files ( gid, file, mime ) VALUES ( '5200', 'http://www.gutenberg.org/files/5200/5200.txt', 'text/plain; charset=us-ascii' );
INSERT INTO files ( gid, file, mime ) VALUES ( '5200', 'http://www.gutenberg.org/files/5200/5200.zip', 'application/ziptext/plain; charset=us-ascii' );
INSERT INTO titles ( gid, title, author, language, rights ) VALUES ( '52100', 'Chambers''s Journal of Popular Literature, Science, and Art, No. 731 December 29, 1877', 'Various', 'en', 'Public domain in the USA.' );
INSERT INTO classifications ( gid, classification ) VALUES ( '52100', 'AP' );
INSERT INTO subjects ( gid, subject ) VALUES ( '52100', 'Periodicals' );
INSERT INTO files ( gid, file, mime ) VALUES ( '52100', 'http://www.gutenberg.org/cache/epub/52100/pg52100.cover.medium.jpg', 'image/jpeg' );
INSERT INTO files ( gid, file, mime ) VALUES ( '52100', 'http://www.gutenberg.org/cache/epub/52100/pg52100.cover.small.jpg', 'image/jpeg' );
INSERT INTO files ( gid, file, mime ) VALUES ( '52100', 'http://www.gutenberg.org/ebooks/52100.epub.images', 'application/epub+zip' );
INSERT INTO files ( gid, file, mime ) VALUES ( '52100', 'http://www.gutenberg.org/ebooks/52100.epub.noimages', 'application/epub+zip' );
INSERT INTO files ( gid, file, mime ) VALUES ( '52100', 'http://www.gutenberg.org/ebooks/52100.kindle.images', 'application/x-mobipocket-ebook' );
INSERT INTO files ( gid, file, mime ) VALUES ( '52100', 'http://www.gutenberg.org/ebooks/52100.kindle.noimages', 'application/x-mobipocket-ebook' );
INSERT INTO files ( gid, file, mime ) VALUES ( '52100', 'http://www.gutenberg.org/ebooks/52100.rdf', 'application/rdf+xml' );
INSERT INTO files ( gid, file, mime ) VALUES ( '52100', 'http://www.gutenberg.org/files/52100/52100-0.txt', 'text/plain; charset=utf-8' );
INSERT INTO files ( gid, file, mime ) VALUES ( '52100', 'http://www.gutenberg.org/files/52100/52100-0.zip', 'application/ziptext/plain; charset=utf-8' );
INSERT INTO files ( gid, file, mime ) VALUES ( '52100', 'http://www.gutenberg.org/files/52100/52100-h.zip', 'text/html; charset=iso-8859-1application/zip' );
INSERT INTO files ( gid, file, mime ) VALUES ( '52100', 'http://www.gutenberg.org/files/52100/52100-h/52100-h.htm', 'text/html; charset=iso-8859-1' );
INSERT INTO titles ( gid, title, author, language, rights ) VALUES ( '52200', '金瓶梅', 'Xiaoxiaosheng', 'zh', 'Public domain in the USA.' );
INSERT INTO classifications ( gid, classification ) VALUES ( '52200', 'PL' );
INSERT INTO subjects ( gid, subject ) VALUES ( '52200', 'China -- Social life and customs -- 960-1644 -- Fiction' );
INSERT INTO subjects ( gid, subject ) VALUES ( '52200', 'Chinese fiction -- Ming dynasty, 1368-1644' );
INSERT INTO subjects ( gid, subject ) VALUES ( '52200', 'Domestic fiction' );
INSERT INTO files ( gid, file, mime ) VALUES ( '52200', 'http://www.gutenberg.org/ebooks/52200.epub.images', 'application/epub+zip' );
INSERT INTO files ( gid, file, mime ) VALUES ( '52200', 'http://www.gutenberg.org/ebooks/52200.epub.noimages', 'application/epub+zip' );
INSERT INTO files ( gid, file, mime ) VALUES ( '52200', 'http://www.gutenberg.org/ebooks/52200.html.images', 'text/html' );
INSERT INTO files ( gid, file, mime ) VALUES ( '52200', 'http://www.gutenberg.org/ebooks/52200.html.noimages', 'text/html' );
INSERT INTO files ( gid, file, mime ) VALUES ( '52200', 'http://www.gutenberg.org/ebooks/52200.kindle.images', 'application/x-mobipocket-ebook' );
INSERT INTO files ( gid, file, mime ) VALUES ( '52200', 'http://www.gutenberg.org/ebooks/52200.kindle.noimages', 'application/x-mobipocket-ebook' );
INSERT INTO files ( gid, file, mime ) VALUES ( '52200', 'http://www.gutenberg.org/ebooks/52200.rdf', 'application/rdf+xml' );
INSERT INTO files ( gid, file, mime ) VALUES ( '52200', 'http://www.gutenberg.org/files/52200/52200-0.txt', 'text/plain; charset=utf-8' );
INSERT INTO files ( gid, file, mime ) VALUES ( '52200', 'http://www.gutenberg.org/files/52200/52200-0.zip', 'text/plain; charset=utf-8application/zip' );
INSERT INTO titles ( gid, title, author, language, rights ) VALUES ( '52300', 'William Blake, Painter and Poet', 'Garnett, Richard', 'en', 'Public domain in the USA.' );
INSERT INTO classifications ( gid, classification ) VALUES ( '52300', 'PR' );
INSERT INTO classifications ( gid, classification ) VALUES ( '52300', 'ND' );
INSERT INTO subjects ( gid, subject ) VALUES ( '52300', 'Poets, English -- 18th century -- Biography' );
INSERT INTO subjects ( gid, subject ) VALUES ( '52300', 'Blake, William, 1757-1827' );
INSERT INTO subjects ( gid, subject ) VALUES ( '52300', 'Poets, English -- 19th century -- Biography' );
INSERT INTO subjects ( gid, subject ) VALUES ( '52300', 'Artists -- Great Britain -- Biography' );
INSERT INTO files ( gid, file, mime ) VALUES ( '52300', 'http://www.gutenberg.org/cache/epub/52300/pg52300.cover.medium.jpg', 'image/jpeg' );
INSERT INTO files ( gid, file, mime ) VALUES ( '52300', 'http://www.gutenberg.org/cache/epub/52300/pg52300.cover.small.jpg', 'image/jpeg' );
INSERT INTO files ( gid, file, mime ) VALUES ( '52300', 'http://www.gutenberg.org/ebooks/52300.epub.images', 'application/epub+zip' );
INSERT INTO files ( gid, file, mime ) VALUES ( '52300', 'http://www.gutenberg.org/ebooks/52300.epub.noimages', 'application/epub+zip' );
INSERT INTO files ( gid, file, mime ) VALUES ( '52300', 'http://www.gutenberg.org/ebooks/52300.kindle.images', 'application/x-mobipocket-ebook' );
INSERT INTO files ( gid, file, mime ) VALUES ( '52300', 'http://www.gutenberg.org/ebooks/52300.kindle.noimages', 'application/x-mobipocket-ebook' );
INSERT INTO files ( gid, file, mime ) VALUES ( '52300', 'http://www.gutenberg.org/ebooks/52300.rdf', 'application/rdf+xml' );
INSERT INTO files ( gid, file, mime ) VALUES ( '52300', 'http://www.gutenberg.org/files/52300/52300-0.txt', 'text/plain; charset=utf-8' );
INSERT INTO files ( gid, file, mime ) VALUES ( '52300', 'http://www.gutenberg.org/files/52300/52300-0.zip', 'application/ziptext/plain; charset=utf-8' );
INSERT INTO files ( gid, file, mime ) VALUES ( '52300', 'http://www.gutenberg.org/files/52300/52300-h.zip', 'text/htmlapplication/zip' );
INSERT INTO files ( gid, file, mime ) VALUES ( '52300', 'http://www.gutenberg.org/files/52300/52300-h/52300-h.htm', 'text/html' );
INSERT INTO titles ( gid, title, author, language, rights ) VALUES ( '52400', 'Famous Men of Ancient Times', 'Goodrich, Samuel G. (Samuel Griswold)', 'en', 'Public domain in the USA.' );
INSERT INTO classifications ( gid, classification ) VALUES ( '52400', 'CT' );
INSERT INTO subjects ( gid, subject ) VALUES ( '52400', 'Men -- Biography -- Juvenile literature' );
INSERT INTO subjects ( gid, subject ) VALUES ( '52400', 'Biography -- Juvenile literature' );
INSERT INTO files ( gid, file, mime ) VALUES ( '52400', 'http://www.gutenberg.org/cache/epub/52400/pg52400.cover.medium.jpg', 'image/jpeg' );
INSERT INTO files ( gid, file, mime ) VALUES ( '52400', 'http://www.gutenberg.org/cache/epub/52400/pg52400.cover.small.jpg', 'image/jpeg' );
INSERT INTO files ( gid, file, mime ) VALUES ( '52400', 'http://www.gutenberg.org/ebooks/52400.epub.images', 'application/epub+zip' );
INSERT INTO files ( gid, file, mime ) VALUES ( '52400', 'http://www.gutenberg.org/ebooks/52400.epub.noimages', 'application/epub+zip' );
INSERT INTO files ( gid, file, mime ) VALUES ( '52400', 'http://www.gutenberg.org/ebooks/52400.kindle.images', 'application/x-mobipocket-ebook' );
INSERT INTO files ( gid, file, mime ) VALUES ( '52400', 'http://www.gutenberg.org/ebooks/52400.kindle.noimages', 'application/x-mobipocket-ebook' );
INSERT INTO files ( gid, file, mime ) VALUES ( '52400', 'http://www.gutenberg.org/ebooks/52400.rdf', 'application/rdf+xml' );
INSERT INTO files ( gid, file, mime ) VALUES ( '52400', 'http://www.gutenberg.org/ebooks/52400.txt.utf-8', 'text/plain' );
INSERT INTO files ( gid, file, mime ) VALUES ( '52400', 'http://www.gutenberg.org/files/52400/52400-8.txt', 'text/plain; charset=iso-8859-1' );
INSERT INTO files ( gid, file, mime ) VALUES ( '52400', 'http://www.gutenberg.org/files/52400/52400-8.zip', 'application/ziptext/plain; charset=iso-8859-1' );
INSERT INTO files ( gid, file, mime ) VALUES ( '52400', 'http://www.gutenberg.org/files/52400/52400-h.zip', 'text/html; charset=iso-8859-1application/zip' );
INSERT INTO files ( gid, file, mime ) VALUES ( '52400', 'http://www.gutenberg.org/files/52400/52400-h/52400-h.htm', 'text/html; charset=iso-8859-1' );
INSERT INTO titles ( gid, title, author, language, rights ) VALUES ( '52500', 'American Independence and the French Revolution (1760-1801)', '', 'en', 'Public domain in the USA.' );
INSERT INTO classifications ( gid, classification ) VALUES ( '52500', 'DA' );
INSERT INTO subjects ( gid, subject ) VALUES ( '52500', 'France -- History -- Revolution, 1789-1799' );
INSERT INTO subjects ( gid, subject ) VALUES ( '52500', 'United States -- History -- Revolution, 1775-1783 -- Sources' );
INSERT INTO subjects ( gid, subject ) VALUES ( '52500', 'Great Britain -- History -- George III, 1760-1820 -- Sources' );
INSERT INTO files ( gid, file, mime ) VALUES ( '52500', 'http://www.gutenberg.org/cache/epub/52500/pg52500.cover.medium.jpg', 'image/jpeg' );
INSERT INTO files ( gid, file, mime ) VALUES ( '52500', 'http://www.gutenberg.org/cache/epub/52500/pg52500.cover.small.jpg', 'image/jpeg' );
INSERT INTO files ( gid, file, mime ) VALUES ( '52500', 'http://www.gutenberg.org/ebooks/52500.epub.images', 'application/epub+zip' );
INSERT INTO files ( gid, file, mime ) VALUES ( '52500', 'http://www.gutenberg.org/ebooks/52500.epub.noimages', 'application/epub+zip' );
INSERT INTO files ( gid, file, mime ) VALUES ( '52500', 'http://www.gutenberg.org/ebooks/52500.kindle.images', 'application/x-mobipocket-ebook' );
INSERT INTO files ( gid, file, mime ) VALUES ( '52500', 'http://www.gutenberg.org/ebooks/52500.kindle.noimages', 'application/x-mobipocket-ebook' );
INSERT INTO files ( gid, file, mime ) VALUES ( '52500', 'http://www.gutenberg.org/ebooks/52500.rdf', 'application/rdf+xml' );
INSERT INTO files ( gid, file, mime ) VALUES ( '52500', 'http://www.gutenberg.org/files/52500/52500-0.txt', 'text/plain; charset=utf-8' );
INSERT INTO files ( gid, file, mime ) VALUES ( '52500', 'http://www.gutenberg.org/files/52500/52500-0.zip', 'text/plain; charset=utf-8application/zip' );
INSERT INTO files ( gid, file, mime ) VALUES ( '52500', 'http://www.gutenberg.org/files/52500/52500-h.zip', 'text/html; charset=utf-8application/zip' );
INSERT INTO files ( gid, file, mime ) VALUES ( '52500', 'http://www.gutenberg.org/files/52500/52500-h/52500-h.htm', 'text/html; charset=utf-8' );
INSERT INTO titles ( gid, title, author, language, rights ) VALUES ( '52600', 'Bird Portraits', '', 'en', 'Public domain in the USA.' );
INSERT INTO classifications ( gid, classification ) VALUES ( '52600', 'QL' );
INSERT INTO subjects ( gid, subject ) VALUES ( '52600', 'Birds' );
INSERT INTO files ( gid, file, mime ) VALUES ( '52600', 'http://www.gutenberg.org/cache/epub/52600/pg52600.cover.medium.jpg', 'image/jpeg' );
INSERT INTO files ( gid, file, mime ) VALUES ( '52600', 'http://www.gutenberg.org/cache/epub/52600/pg52600.cover.small.jpg', 'image/jpeg' );
INSERT INTO files ( gid, file, mime ) VALUES ( '52600', 'http://www.gutenberg.org/ebooks/52600.epub.images', 'application/epub+zip' );
INSERT INTO files ( gid, file, mime ) VALUES ( '52600', 'http://www.gutenberg.org/ebooks/52600.epub.noimages', 'application/epub+zip' );
INSERT INTO files ( gid, file, mime ) VALUES ( '52600', 'http://www.gutenberg.org/ebooks/52600.kindle.images', 'application/x-mobipocket-ebook' );
INSERT INTO files ( gid, file, mime ) VALUES ( '52600', 'http://www.gutenberg.org/ebooks/52600.kindle.noimages', 'application/x-mobipocket-ebook' );
INSERT INTO files ( gid, file, mime ) VALUES ( '52600', 'http://www.gutenberg.org/ebooks/52600.rdf', 'application/rdf+xml' );
INSERT INTO files ( gid, file, mime ) VALUES ( '52600', 'http://www.gutenberg.org/files/52600/52600-0.txt', 'text/plain; charset=utf-8' );
INSERT INTO files ( gid, file, mime ) VALUES ( '52600', 'http://www.gutenberg.org/files/52600/52600-0.zip', 'text/plain; charset=utf-8application/zip' );
INSERT INTO files ( gid, file, mime ) VALUES ( '52600', 'http://www.gutenberg.org/files/52600/52600-h.zip', 'text/html; charset=utf-8application/zip' );
INSERT INTO files ( gid, file, mime ) VALUES ( '52600', 'http://www.gutenberg.org/files/52600/52600-h/52600-h.htm', 'text/html; charset=utf-8' );
INSERT INTO titles ( gid, title, author, language, rights ) VALUES ( '52700', 'Happy Island: A New "Uncle William" Story', 'Lee, Jennette', 'en', 'Public domain in the USA.' );
INSERT INTO classifications ( gid, classification ) VALUES ( '52700', 'PS' );
INSERT INTO subjects ( gid, subject ) VALUES ( '52700', 'Islands -- Fiction' );
INSERT INTO files ( gid, file, mime ) VALUES ( '52700', 'http://www.gutenberg.org/cache/epub/52700/pg52700.cover.medium.jpg', 'image/jpeg' );
INSERT INTO files ( gid, file, mime ) VALUES ( '52700', 'http://www.gutenberg.org/cache/epub/52700/pg52700.cover.small.jpg', 'image/jpeg' );
INSERT INTO files ( gid, file, mime ) VALUES ( '52700', 'http://www.gutenberg.org/ebooks/52700.epub.images', 'application/epub+zip' );
INSERT INTO files ( gid, file, mime ) VALUES ( '52700', 'http://www.gutenberg.org/ebooks/52700.epub.noimages', 'application/epub+zip' );
INSERT INTO files ( gid, file, mime ) VALUES ( '52700', 'http://www.gutenberg.org/ebooks/52700.kindle.images', 'application/x-mobipocket-ebook' );
INSERT INTO files ( gid, file, mime ) VALUES ( '52700', 'http://www.gutenberg.org/ebooks/52700.kindle.noimages', 'application/x-mobipocket-ebook' );
INSERT INTO files ( gid, file, mime ) VALUES ( '52700', 'http://www.gutenberg.org/ebooks/52700.rdf', 'application/rdf+xml' );
INSERT INTO files ( gid, file, mime ) VALUES ( '52700', 'http://www.gutenberg.org/files/52700/52700-0.txt', 'text/plain; charset=utf-8' );
INSERT INTO files ( gid, file, mime ) VALUES ( '52700', 'http://www.gutenberg.org/files/52700/52700-0.zip', 'application/ziptext/plain; charset=utf-8' );
INSERT INTO files ( gid, file, mime ) VALUES ( '52700', 'http://www.gutenberg.org/files/52700/52700-h.zip', 'text/html; charset=utf-8application/zip' );
INSERT INTO files ( gid, file, mime ) VALUES ( '52700', 'http://www.gutenberg.org/files/52700/52700-h/52700-h.htm', 'text/html; charset=utf-8' );
INSERT INTO titles ( gid, title, author, language, rights ) VALUES ( '52800', 'Lowney''s Cook Book Illustrated in Colors', 'Howard, Maria Willett', 'en', 'Public domain in the USA.' );
INSERT INTO classifications ( gid, classification ) VALUES ( '52800', 'TX' );
INSERT INTO subjects ( gid, subject ) VALUES ( '52800', 'Cooking, American' );
INSERT INTO subjects ( gid, subject ) VALUES ( '52800', 'Cooking' );
INSERT INTO files ( gid, file, mime ) VALUES ( '52800', 'http://www.gutenberg.org/cache/epub/52800/pg52800.cover.medium.jpg', 'image/jpeg' );
INSERT INTO files ( gid, file, mime ) VALUES ( '52800', 'http://www.gutenberg.org/cache/epub/52800/pg52800.cover.small.jpg', 'image/jpeg' );
INSERT INTO files ( gid, file, mime ) VALUES ( '52800', 'http://www.gutenberg.org/ebooks/52800.epub.images', 'application/epub+zip' );
INSERT INTO files ( gid, file, mime ) VALUES ( '52800', 'http://www.gutenberg.org/ebooks/52800.epub.noimages', 'application/epub+zip' );
INSERT INTO files ( gid, file, mime ) VALUES ( '52800', 'http://www.gutenberg.org/ebooks/52800.kindle.images', 'application/x-mobipocket-ebook' );
INSERT INTO files ( gid, file, mime ) VALUES ( '52800', 'http://www.gutenberg.org/ebooks/52800.kindle.noimages', 'application/x-mobipocket-ebook' );
INSERT INTO files ( gid, file, mime ) VALUES ( '52800', 'http://www.gutenberg.org/ebooks/52800.rdf', 'application/rdf+xml' );
INSERT INTO files ( gid, file, mime ) VALUES ( '52800', 'http://www.gutenberg.org/files/52800/52800-0.txt', 'text/plain; charset=utf-8' );
INSERT INTO files ( gid, file, mime ) VALUES ( '52800', 'http://www.gutenberg.org/files/52800/52800-0.zip', 'text/plain; charset=utf-8application/zip' );
INSERT INTO files ( gid, file, mime ) VALUES ( '52800', 'http://www.gutenberg.org/files/52800/52800-h.zip', 'text/html; charset=utf-8application/zip' );
INSERT INTO files ( gid, file, mime ) VALUES ( '52800', 'http://www.gutenberg.org/files/52800/52800-h/52800-h.htm', 'text/html; charset=utf-8' );
INSERT INTO titles ( gid, title, author, language, rights ) VALUES ( '52900', 'Little Men: Life at Plumfield with Jo''s Boys', 'Alcott, Louisa May', 'en', 'Public domain in the USA.' );
INSERT INTO classifications ( gid, classification ) VALUES ( '52900', 'PZ' );
INSERT INTO classifications ( gid, classification ) VALUES ( '52900', 'PS' );
INSERT INTO subjects ( gid, subject ) VALUES ( '52900', 'New England -- History -- 19th century -- Fiction' );
INSERT INTO subjects ( gid, subject ) VALUES ( '52900', 'Boarding schools -- Fiction' );
INSERT INTO subjects ( gid, subject ) VALUES ( '52900', 'Family life -- New England -- Fiction' );
INSERT INTO subjects ( gid, subject ) VALUES ( '52900', 'Schools -- Fiction' );
INSERT INTO files ( gid, file, mime ) VALUES ( '52900', 'http://www.gutenberg.org/cache/epub/52900/pg52900.cover.medium.jpg', 'image/jpeg' );
INSERT INTO files ( gid, file, mime ) VALUES ( '52900', 'http://www.gutenberg.org/cache/epub/52900/pg52900.cover.small.jpg', 'image/jpeg' );
INSERT INTO files ( gid, file, mime ) VALUES ( '52900', 'http://www.gutenberg.org/ebooks/52900.epub.images', 'application/epub+zip' );
INSERT INTO files ( gid, file, mime ) VALUES ( '52900', 'http://www.gutenberg.org/ebooks/52900.epub.noimages', 'application/epub+zip' );
INSERT INTO files ( gid, file, mime ) VALUES ( '52900', 'http://www.gutenberg.org/ebooks/52900.kindle.images', 'application/x-mobipocket-ebook' );
INSERT INTO files ( gid, file, mime ) VALUES ( '52900', 'http://www.gutenberg.org/ebooks/52900.kindle.noimages', 'application/x-mobipocket-ebook' );
INSERT INTO files ( gid, file, mime ) VALUES ( '52900', 'http://www.gutenberg.org/ebooks/52900.rdf', 'application/rdf+xml' );
INSERT INTO files ( gid, file, mime ) VALUES ( '52900', 'http://www.gutenberg.org/files/52900/52900-0.txt', 'text/plain; charset=utf-8' );
INSERT INTO files ( gid, file, mime ) VALUES ( '52900', 'http://www.gutenberg.org/files/52900/52900-0.zip', 'application/ziptext/plain; charset=utf-8' );
INSERT INTO files ( gid, file, mime ) VALUES ( '52900', 'http://www.gutenberg.org/files/52900/52900-h.zip', 'application/ziptext/html; charset=utf-8' );
INSERT INTO files ( gid, file, mime ) VALUES ( '52900', 'http://www.gutenberg.org/files/52900/52900-h/52900-h.htm', 'text/html; charset=utf-8' );
INSERT INTO titles ( gid, title, author, language, rights ) VALUES ( '11700', 'J. S. Le Fanu''s Ghostly Tales, Volume 2', 'Le Fanu, Joseph Sheridan', 'en', 'Public domain in the USA.' );
INSERT INTO classifications ( gid, classification ) VALUES ( '11700', 'PR' );
INSERT INTO subjects ( gid, subject ) VALUES ( '11700', 'Ghost stories' );
INSERT INTO files ( gid, file, mime ) VALUES ( '11700', 'http://www.gutenberg.org/ebooks/11700.epub.images', 'application/epub+zip' );
INSERT INTO files ( gid, file, mime ) VALUES ( '11700', 'http://www.gutenberg.org/ebooks/11700.epub.noimages', 'application/epub+zip' );
INSERT INTO files ( gid, file, mime ) VALUES ( '11700', 'http://www.gutenberg.org/ebooks/11700.kindle.images', 'application/x-mobipocket-ebook' );
INSERT INTO files ( gid, file, mime ) VALUES ( '11700', 'http://www.gutenberg.org/ebooks/11700.kindle.noimages', 'application/x-mobipocket-ebook' );
INSERT INTO files ( gid, file, mime ) VALUES ( '11700', 'http://www.gutenberg.org/ebooks/11700.rdf', 'application/rdf+xml' );
INSERT INTO files ( gid, file, mime ) VALUES ( '11700', 'http://www.gutenberg.org/ebooks/11700.txt.utf-8', 'text/plain' );
INSERT INTO files ( gid, file, mime ) VALUES ( '11700', 'http://www.gutenberg.org/files/11700/11700-8.txt', 'text/plain; charset=iso-8859-1' );
INSERT INTO files ( gid, file, mime ) VALUES ( '11700', 'http://www.gutenberg.org/files/11700/11700-8.zip', 'text/plain; charset=iso-8859-1application/zip' );
INSERT INTO files ( gid, file, mime ) VALUES ( '11700', 'http://www.gutenberg.org/files/11700/11700-h.zip', 'application/ziptext/html' );
INSERT INTO files ( gid, file, mime ) VALUES ( '11700', 'http://www.gutenberg.org/files/11700/11700-h/11700-h.htm', 'text/html; charset=iso-8859-1' );
INSERT INTO files ( gid, file, mime ) VALUES ( '11700', 'http://www.gutenberg.org/files/11700/11700.txt', 'text/plain; charset=us-ascii' );
INSERT INTO files ( gid, file, mime ) VALUES ( '11700', 'http://www.gutenberg.org/files/11700/11700.zip', 'text/plainapplication/zip' );
INSERT INTO titles ( gid, title, author, language, rights ) VALUES ( '11800', 'U.S. Copyright Renewals 1950 - 1977', 'Library of Congress. Copyright Office', 'en', 'Public domain in the USA.' );
INSERT INTO classifications ( gid, classification ) VALUES ( '11800', 'Z' );
INSERT INTO subjects ( gid, subject ) VALUES ( '11800', 'Copyright -- United States -- Catalogs' );
INSERT INTO files ( gid, file, mime ) VALUES ( '11800', 'http://www.gutenberg.org/ebooks/11800.rdf', 'application/rdf+xml' );
INSERT INTO files ( gid, file, mime ) VALUES ( '11800', 'http://www.gutenberg.org/files/11800/11800-8.txt', 'text/plain; charset=iso-8859-1' );
INSERT INTO files ( gid, file, mime ) VALUES ( '11800', 'http://www.gutenberg.org/files/11800/11800-8.zip', 'text/plain; charset=iso-8859-1application/zip' );
INSERT INTO titles ( gid, title, author, language, rights ) VALUES ( '11900', 'Elizabeth Visits America', 'Glyn, Elinor', 'en', 'Public domain in the USA.' );
INSERT INTO classifications ( gid, classification ) VALUES ( '11900', 'PR' );
INSERT INTO subjects ( gid, subject ) VALUES ( '11900', 'Epistolary fiction' );
INSERT INTO subjects ( gid, subject ) VALUES ( '11900', 'British -- United States -- Fiction' );
INSERT INTO subjects ( gid, subject ) VALUES ( '11900', 'Voyages and travels -- Fiction' );
INSERT INTO subjects ( gid, subject ) VALUES ( '11900', 'Married women -- Fiction' );
INSERT INTO files ( gid, file, mime ) VALUES ( '11900', 'http://www.gutenberg.org/ebooks/11900.epub.images', 'application/epub+zip' );
INSERT INTO files ( gid, file, mime ) VALUES ( '11900', 'http://www.gutenberg.org/ebooks/11900.epub.noimages', 'application/epub+zip' );
INSERT INTO files ( gid, file, mime ) VALUES ( '11900', 'http://www.gutenberg.org/ebooks/11900.html.images', 'text/html' );
INSERT INTO files ( gid, file, mime ) VALUES ( '11900', 'http://www.gutenberg.org/ebooks/11900.html.noimages', 'text/html' );
