INSERT INTO files ( gid, file, mime ) VALUES ( '13211', 'http://www.gutenberg.org/ebooks/13211.kindle.noimages', 'application/x-mobipocket-ebook' );
INSERT INTO files ( gid, file, mime ) VALUES ( '13211', 'http://www.gutenberg.org/ebooks/13211.rdf', 'application/rdf+xml' );
INSERT INTO files ( gid, file, mime ) VALUES ( '13211', 'http://www.gutenberg.org/ebooks/13211.txt.utf-8', 'text/plain' );
INSERT INTO files ( gid, file, mime ) VALUES ( '13211', 'http://www.gutenberg.org/files/13211/13211-8.txt', 'text/plain; charset=iso-8859-1' );
INSERT INTO files ( gid, file, mime ) VALUES ( '13211', 'http://www.gutenberg.org/files/13211/13211-8.zip', 'text/plain; charset=iso-8859-1application/zip' );
INSERT INTO files ( gid, file, mime ) VALUES ( '13211', 'http://www.gutenberg.org/files/13211/13211.txt', 'text/plain; charset=us-ascii' );
INSERT INTO files ( gid, file, mime ) VALUES ( '13211', 'http://www.gutenberg.org/files/13211/13211.zip', 'application/ziptext/plain; charset=us-ascii' );
INSERT INTO titles ( gid, title, author, language, rights ) VALUES ( '13311', 'Three Articles on Metaphor Society for Pure English, Tract 11', 'Society for Pure English', 'en', 'Public domain in the USA.' );
INSERT INTO classifications ( gid, classification ) VALUES ( '13311', 'PE' );
INSERT INTO subjects ( gid, subject ) VALUES ( '13311', 'Metaphor' );
INSERT INTO files ( gid, file, mime ) VALUES ( '13311', 'http://www.gutenberg.org/ebooks/13311.epub.images', 'application/epub+zip' );
INSERT INTO files ( gid, file, mime ) VALUES ( '13311', 'http://www.gutenberg.org/ebooks/13311.epub.noimages', 'application/epub+zip' );
INSERT INTO files ( gid, file, mime ) VALUES ( '13311', 'http://www.gutenberg.org/ebooks/13311.html.images', 'text/html' );
INSERT INTO files ( gid, file, mime ) VALUES ( '13311', 'http://www.gutenberg.org/ebooks/13311.html.noimages', 'text/html' );
INSERT INTO files ( gid, file, mime ) VALUES ( '13311', 'http://www.gutenberg.org/ebooks/13311.kindle.images', 'application/x-mobipocket-ebook' );
INSERT INTO files ( gid, file, mime ) VALUES ( '13311', 'http://www.gutenberg.org/ebooks/13311.kindle.noimages', 'application/x-mobipocket-ebook' );
INSERT INTO files ( gid, file, mime ) VALUES ( '13311', 'http://www.gutenberg.org/ebooks/13311.rdf', 'application/rdf+xml' );
INSERT INTO files ( gid, file, mime ) VALUES ( '13311', 'http://www.gutenberg.org/ebooks/13311.txt.utf-8', 'text/plain' );
INSERT INTO files ( gid, file, mime ) VALUES ( '13311', 'http://www.gutenberg.org/files/13311/13311.txt', 'text/plain; charset=us-ascii' );
INSERT INTO files ( gid, file, mime ) VALUES ( '13311', 'http://www.gutenberg.org/files/13311/13311.zip', 'application/ziptext/plain; charset=us-ascii' );
INSERT INTO titles ( gid, title, author, language, rights ) VALUES ( '13411', 'Notes and Queries, Number 42, August 17, 1850', 'Various', 'en', 'Public domain in the USA.' );
INSERT INTO classifications ( gid, classification ) VALUES ( '13411', 'AG' );
INSERT INTO subjects ( gid, subject ) VALUES ( '13411', 'Questions and answers -- Periodicals' );
INSERT INTO files ( gid, file, mime ) VALUES ( '13411', 'http://www.gutenberg.org/ebooks/13411.epub.images', 'application/epub+zip' );
INSERT INTO files ( gid, file, mime ) VALUES ( '13411', 'http://www.gutenberg.org/ebooks/13411.epub.noimages', 'application/epub+zip' );
INSERT INTO files ( gid, file, mime ) VALUES ( '13411', 'http://www.gutenberg.org/ebooks/13411.kindle.images', 'application/x-mobipocket-ebook' );
INSERT INTO files ( gid, file, mime ) VALUES ( '13411', 'http://www.gutenberg.org/ebooks/13411.kindle.noimages', 'application/x-mobipocket-ebook' );
INSERT INTO files ( gid, file, mime ) VALUES ( '13411', 'http://www.gutenberg.org/ebooks/13411.rdf', 'application/rdf+xml' );
INSERT INTO files ( gid, file, mime ) VALUES ( '13411', 'http://www.gutenberg.org/ebooks/13411.txt.utf-8', 'text/plain' );
INSERT INTO files ( gid, file, mime ) VALUES ( '13411', 'http://www.gutenberg.org/files/13411/13411-8.txt', 'text/plain; charset=iso-8859-1' );
INSERT INTO files ( gid, file, mime ) VALUES ( '13411', 'http://www.gutenberg.org/files/13411/13411-8.zip', 'application/ziptext/plain; charset=iso-8859-1' );
INSERT INTO files ( gid, file, mime ) VALUES ( '13411', 'http://www.gutenberg.org/files/13411/13411-h.zip', 'application/ziptext/html; charset=iso-8859-1' );
INSERT INTO files ( gid, file, mime ) VALUES ( '13411', 'http://www.gutenberg.org/files/13411/13411-h/13411-h.htm', 'text/html; charset=iso-8859-1' );
INSERT INTO files ( gid, file, mime ) VALUES ( '13411', 'http://www.gutenberg.org/files/13411/13411.txt', 'text/plain; charset=us-ascii' );
INSERT INTO files ( gid, file, mime ) VALUES ( '13411', 'http://www.gutenberg.org/files/13411/13411.zip', 'text/plain; charset=us-asciiapplication/zip' );
INSERT INTO titles ( gid, title, author, language, rights ) VALUES ( '13511', 'The Daughter of the Commandant', 'Pushkin, Aleksandr Sergeevich', 'en', 'Public domain in the USA.' );
INSERT INTO classifications ( gid, classification ) VALUES ( '13511', 'PG' );
INSERT INTO subjects ( gid, subject ) VALUES ( '13511', 'Historical fiction' );
INSERT INTO subjects ( gid, subject ) VALUES ( '13511', 'Pugachev, Emelian Ivanovich, -1775 -- Fiction' );
INSERT INTO subjects ( gid, subject ) VALUES ( '13511', 'Russia -- History -- Catherine II, 1762-1796 -- Fiction' );
INSERT INTO files ( gid, file, mime ) VALUES ( '13511', 'http://www.gutenberg.org/ebooks/13511.epub.images', 'application/epub+zip' );
INSERT INTO files ( gid, file, mime ) VALUES ( '13511', 'http://www.gutenberg.org/ebooks/13511.epub.noimages', 'application/epub+zip' );
INSERT INTO files ( gid, file, mime ) VALUES ( '13511', 'http://www.gutenberg.org/ebooks/13511.kindle.images', 'application/x-mobipocket-ebook' );
INSERT INTO files ( gid, file, mime ) VALUES ( '13511', 'http://www.gutenberg.org/ebooks/13511.kindle.noimages', 'application/x-mobipocket-ebook' );
INSERT INTO files ( gid, file, mime ) VALUES ( '13511', 'http://www.gutenberg.org/ebooks/13511.rdf', 'application/rdf+xml' );
INSERT INTO files ( gid, file, mime ) VALUES ( '13511', 'http://www.gutenberg.org/ebooks/13511.txt.utf-8', 'text/plain' );
INSERT INTO files ( gid, file, mime ) VALUES ( '13511', 'http://www.gutenberg.org/files/13511/13511-8.txt', 'text/plain; charset=iso-8859-1' );
INSERT INTO files ( gid, file, mime ) VALUES ( '13511', 'http://www.gutenberg.org/files/13511/13511-8.zip', 'text/plain; charset=iso-8859-1application/zip' );
INSERT INTO files ( gid, file, mime ) VALUES ( '13511', 'http://www.gutenberg.org/files/13511/13511-h.zip', 'text/html; charset=iso-8859-1application/zip' );
INSERT INTO files ( gid, file, mime ) VALUES ( '13511', 'http://www.gutenberg.org/files/13511/13511-h/13511-h.htm', 'text/html; charset=iso-8859-1' );
INSERT INTO files ( gid, file, mime ) VALUES ( '13511', 'http://www.gutenberg.org/files/13511/13511.txt', 'text/plain; charset=us-ascii' );
INSERT INTO files ( gid, file, mime ) VALUES ( '13511', 'http://www.gutenberg.org/files/13511/13511.zip', 'application/ziptext/plain; charset=us-ascii' );
INSERT INTO titles ( gid, title, author, language, rights ) VALUES ( '13611', 'Studies in the Psychology of Sex, Volume 2 Sexual Inversion', 'Ellis, Havelock', 'en', 'Public domain in the USA.' );
INSERT INTO classifications ( gid, classification ) VALUES ( '13611', 'HQ' );
INSERT INTO subjects ( gid, subject ) VALUES ( '13611', 'Sex' );
INSERT INTO subjects ( gid, subject ) VALUES ( '13611', 'Sex (Psychology)' );
INSERT INTO files ( gid, file, mime ) VALUES ( '13611', 'http://www.gutenberg.org/ebooks/13611.epub.images', 'application/epub+zip' );
INSERT INTO files ( gid, file, mime ) VALUES ( '13611', 'http://www.gutenberg.org/ebooks/13611.epub.noimages', 'application/epub+zip' );
INSERT INTO files ( gid, file, mime ) VALUES ( '13611', 'http://www.gutenberg.org/ebooks/13611.kindle.images', 'application/x-mobipocket-ebook' );
INSERT INTO files ( gid, file, mime ) VALUES ( '13611', 'http://www.gutenberg.org/ebooks/13611.kindle.noimages', 'application/x-mobipocket-ebook' );
INSERT INTO files ( gid, file, mime ) VALUES ( '13611', 'http://www.gutenberg.org/ebooks/13611.rdf', 'application/rdf+xml' );
INSERT INTO files ( gid, file, mime ) VALUES ( '13611', 'http://www.gutenberg.org/ebooks/13611.txt.utf-8', 'text/plain' );
INSERT INTO files ( gid, file, mime ) VALUES ( '13611', 'http://www.gutenberg.org/files/13611/13611-8.txt', 'text/plain; charset=iso-8859-1' );
INSERT INTO files ( gid, file, mime ) VALUES ( '13611', 'http://www.gutenberg.org/files/13611/13611-8.zip', 'application/ziptext/plain; charset=iso-8859-1' );
INSERT INTO files ( gid, file, mime ) VALUES ( '13611', 'http://www.gutenberg.org/files/13611/13611-h.zip', 'text/html; charset=iso-8859-1application/zip' );
INSERT INTO files ( gid, file, mime ) VALUES ( '13611', 'http://www.gutenberg.org/files/13611/13611-h/13611-h.htm', 'text/html; charset=iso-8859-1' );
INSERT INTO files ( gid, file, mime ) VALUES ( '13611', 'http://www.gutenberg.org/files/13611/13611.txt', 'text/plain; charset=us-ascii' );
INSERT INTO files ( gid, file, mime ) VALUES ( '13611', 'http://www.gutenberg.org/files/13611/13611.zip', 'application/ziptext/plain; charset=us-ascii' );
INSERT INTO titles ( gid, title, author, language, rights ) VALUES ( '13711', 'International Weekly Miscellany of Literature, Art and Science - Volume 1, No. 7, August 12, 1850', 'Various', 'en', 'Public domain in the USA.' );
INSERT INTO classifications ( gid, classification ) VALUES ( '13711', 'AP' );
INSERT INTO subjects ( gid, subject ) VALUES ( '13711', 'Art -- Periodicals' );
INSERT INTO subjects ( gid, subject ) VALUES ( '13711', 'Science -- Periodicals' );
INSERT INTO subjects ( gid, subject ) VALUES ( '13711', 'Literature -- Periodicals' );
INSERT INTO files ( gid, file, mime ) VALUES ( '13711', 'http://www.gutenberg.org/ebooks/13711.epub.images', 'application/epub+zip' );
INSERT INTO files ( gid, file, mime ) VALUES ( '13711', 'http://www.gutenberg.org/ebooks/13711.epub.noimages', 'application/epub+zip' );
INSERT INTO files ( gid, file, mime ) VALUES ( '13711', 'http://www.gutenberg.org/ebooks/13711.kindle.images', 'application/x-mobipocket-ebook' );
INSERT INTO files ( gid, file, mime ) VALUES ( '13711', 'http://www.gutenberg.org/ebooks/13711.kindle.noimages', 'application/x-mobipocket-ebook' );
INSERT INTO files ( gid, file, mime ) VALUES ( '13711', 'http://www.gutenberg.org/ebooks/13711.rdf', 'application/rdf+xml' );
INSERT INTO files ( gid, file, mime ) VALUES ( '13711', 'http://www.gutenberg.org/ebooks/13711.txt.utf-8', 'text/plain' );
INSERT INTO files ( gid, file, mime ) VALUES ( '13711', 'http://www.gutenberg.org/files/13711/13711-8.txt', 'text/plain; charset=iso-8859-1' );
INSERT INTO files ( gid, file, mime ) VALUES ( '13711', 'http://www.gutenberg.org/files/13711/13711-8.zip', 'application/ziptext/plain; charset=iso-8859-1' );
INSERT INTO files ( gid, file, mime ) VALUES ( '13711', 'http://www.gutenberg.org/files/13711/13711-h.zip', 'text/html; charset=iso-8859-1application/zip' );
INSERT INTO files ( gid, file, mime ) VALUES ( '13711', 'http://www.gutenberg.org/files/13711/13711-h/13711-h.htm', 'text/html; charset=iso-8859-1' );
INSERT INTO files ( gid, file, mime ) VALUES ( '13711', 'http://www.gutenberg.org/files/13711/13711.txt', 'text/plain; charset=us-ascii' );
INSERT INTO files ( gid, file, mime ) VALUES ( '13711', 'http://www.gutenberg.org/files/13711/13711.zip', 'application/ziptext/plain; charset=us-ascii' );
INSERT INTO titles ( gid, title, author, language, rights ) VALUES ( '13811', 'Peter Stuyvesant, the Last Dutch Governor of New Amsterdam', 'Abbott, John S. C. (John Stevens Cabot)', 'en', 'Public domain in the USA.' );
INSERT INTO subjects ( gid, subject ) VALUES ( '13811', 'F106' );
INSERT INTO subjects ( gid, subject ) VALUES ( '13811', 'Stuyvesant, Peter, 1592-1672' );
INSERT INTO subjects ( gid, subject ) VALUES ( '13811', 'New York (State) -- History -- Colonial period, ca. 1600-1775' );
INSERT INTO files ( gid, file, mime ) VALUES ( '13811', 'http://www.gutenberg.org/ebooks/13811.epub.images', 'application/epub+zip' );
INSERT INTO files ( gid, file, mime ) VALUES ( '13811', 'http://www.gutenberg.org/ebooks/13811.epub.noimages', 'application/epub+zip' );
INSERT INTO files ( gid, file, mime ) VALUES ( '13811', 'http://www.gutenberg.org/ebooks/13811.kindle.images', 'application/x-mobipocket-ebook' );
INSERT INTO files ( gid, file, mime ) VALUES ( '13811', 'http://www.gutenberg.org/ebooks/13811.kindle.noimages', 'application/x-mobipocket-ebook' );
INSERT INTO files ( gid, file, mime ) VALUES ( '13811', 'http://www.gutenberg.org/ebooks/13811.rdf', 'application/rdf+xml' );
INSERT INTO files ( gid, file, mime ) VALUES ( '13811', 'http://www.gutenberg.org/ebooks/13811.txt.utf-8', 'text/plain' );
INSERT INTO files ( gid, file, mime ) VALUES ( '13811', 'http://www.gutenberg.org/files/13811/13811-8.txt', 'text/plain; charset=iso-8859-1' );
INSERT INTO files ( gid, file, mime ) VALUES ( '13811', 'http://www.gutenberg.org/files/13811/13811-8.zip', 'text/plain; charset=iso-8859-1application/zip' );
INSERT INTO files ( gid, file, mime ) VALUES ( '13811', 'http://www.gutenberg.org/files/13811/13811-h.zip', 'application/octet-streamapplication/zip' );
INSERT INTO files ( gid, file, mime ) VALUES ( '13811', 'http://www.gutenberg.org/files/13811/13811-h/13811-h.htm', 'text/html' );
INSERT INTO files ( gid, file, mime ) VALUES ( '13811', 'http://www.gutenberg.org/files/13811/13811.txt', 'text/plain; charset=us-ascii' );
INSERT INTO files ( gid, file, mime ) VALUES ( '13811', 'http://www.gutenberg.org/files/13811/13811.zip', 'application/ziptext/plain; charset=us-ascii' );
INSERT INTO titles ( gid, title, author, language, rights ) VALUES ( '13911', 'Little Journeys to the Homes of the Great - Volume 03 Little Journeys to the Homes of American Statesmen', 'Hubbard, Elbert', 'en', 'Public domain in the USA.' );
INSERT INTO subjects ( gid, subject ) VALUES ( '13911', 'Hancock, John, 1737-1793' );
INSERT INTO subjects ( gid, subject ) VALUES ( '13911', 'Franklin, Benjamin, 1706-1790' );
INSERT INTO subjects ( gid, subject ) VALUES ( '13911', 'Jefferson, Thomas, 1743-1826 -- Homes and haunts' );
INSERT INTO subjects ( gid, subject ) VALUES ( '13911', 'Adams, John Quincy, 1767-1848' );
INSERT INTO subjects ( gid, subject ) VALUES ( '13911', 'Hamilton, Alexander, 1757-1804' );
INSERT INTO subjects ( gid, subject ) VALUES ( '13911', 'Jay, John, 1745-1829' );
INSERT INTO subjects ( gid, subject ) VALUES ( '13911', 'Clay, Henry, 1777-1852' );
INSERT INTO subjects ( gid, subject ) VALUES ( '13911', 'Adams, Samuel, 1722-1803' );
INSERT INTO subjects ( gid, subject ) VALUES ( '13911', 'Washington, George, 1732-1799 -- Homes and haunts' );
INSERT INTO subjects ( gid, subject ) VALUES ( '13911', 'Seward, William Henry, 1801-1872' );
INSERT INTO subjects ( gid, subject ) VALUES ( '13911', 'Webster, Daniel, 1782-1852' );
INSERT INTO subjects ( gid, subject ) VALUES ( '13911', 'Statesmen -- United States -- Biography' );
INSERT INTO subjects ( gid, subject ) VALUES ( '13911', 'E151' );
INSERT INTO subjects ( gid, subject ) VALUES ( '13911', 'Lincoln, Abraham, 1809-1865 -- Homes and haunts' );
INSERT INTO files ( gid, file, mime ) VALUES ( '13911', 'http://www.gutenberg.org/ebooks/13911.epub.images', 'application/epub+zip' );
INSERT INTO files ( gid, file, mime ) VALUES ( '13911', 'http://www.gutenberg.org/ebooks/13911.epub.noimages', 'application/epub+zip' );
INSERT INTO files ( gid, file, mime ) VALUES ( '13911', 'http://www.gutenberg.org/ebooks/13911.kindle.images', 'application/x-mobipocket-ebook' );
INSERT INTO files ( gid, file, mime ) VALUES ( '13911', 'http://www.gutenberg.org/ebooks/13911.kindle.noimages', 'application/x-mobipocket-ebook' );
INSERT INTO files ( gid, file, mime ) VALUES ( '13911', 'http://www.gutenberg.org/ebooks/13911.rdf', 'application/rdf+xml' );
INSERT INTO files ( gid, file, mime ) VALUES ( '13911', 'http://www.gutenberg.org/ebooks/13911.txt.utf-8', 'text/plain' );
INSERT INTO files ( gid, file, mime ) VALUES ( '13911', 'http://www.gutenberg.org/files/13911/13911-8.txt', 'text/plain; charset=iso-8859-1' );
INSERT INTO files ( gid, file, mime ) VALUES ( '13911', 'http://www.gutenberg.org/files/13911/13911-8.zip', 'application/ziptext/plain; charset=iso-8859-1' );
INSERT INTO files ( gid, file, mime ) VALUES ( '13911', 'http://www.gutenberg.org/files/13911/13911-h.zip', 'application/ziptext/html; charset=iso-8859-1' );
INSERT INTO files ( gid, file, mime ) VALUES ( '13911', 'http://www.gutenberg.org/files/13911/13911-h/13911-h.htm', 'text/html; charset=iso-8859-1' );
INSERT INTO files ( gid, file, mime ) VALUES ( '13911', 'http://www.gutenberg.org/files/13911/13911.txt', 'text/plain; charset=us-ascii' );
INSERT INTO files ( gid, file, mime ) VALUES ( '13911', 'http://www.gutenberg.org/files/13911/13911.zip', 'text/plain; charset=us-asciiapplication/zip' );
INSERT INTO titles ( gid, title, author, language, rights ) VALUES ( '14011', 'The Mirror of Literature, Amusement, and Instruction Volume 14, No. 389, September 12, 1829', 'Various', 'en', 'Public domain in the USA.' );
INSERT INTO classifications ( gid, classification ) VALUES ( '14011', 'AP' );
INSERT INTO subjects ( gid, subject ) VALUES ( '14011', 'Popular literature -- Great Britain -- Periodicals' );
INSERT INTO files ( gid, file, mime ) VALUES ( '14011', 'http://www.gutenberg.org/ebooks/14011.epub.images', 'application/epub+zip' );
INSERT INTO files ( gid, file, mime ) VALUES ( '14011', 'http://www.gutenberg.org/ebooks/14011.epub.noimages', 'application/epub+zip' );
INSERT INTO files ( gid, file, mime ) VALUES ( '14011', 'http://www.gutenberg.org/ebooks/14011.kindle.images', 'application/x-mobipocket-ebook' );
INSERT INTO files ( gid, file, mime ) VALUES ( '14011', 'http://www.gutenberg.org/ebooks/14011.kindle.noimages', 'application/x-mobipocket-ebook' );
INSERT INTO files ( gid, file, mime ) VALUES ( '14011', 'http://www.gutenberg.org/ebooks/14011.rdf', 'application/rdf+xml' );
INSERT INTO files ( gid, file, mime ) VALUES ( '14011', 'http://www.gutenberg.org/ebooks/14011.txt.utf-8', 'text/plain' );
INSERT INTO files ( gid, file, mime ) VALUES ( '14011', 'http://www.gutenberg.org/files/14011/14011-8.txt', 'text/plain; charset=iso-8859-1' );
INSERT INTO files ( gid, file, mime ) VALUES ( '14011', 'http://www.gutenberg.org/files/14011/14011-8.zip', 'text/plain; charset=iso-8859-1application/zip' );
INSERT INTO files ( gid, file, mime ) VALUES ( '14011', 'http://www.gutenberg.org/files/14011/14011-h.zip', 'application/ziptext/html; charset=iso-8859-1' );
INSERT INTO files ( gid, file, mime ) VALUES ( '14011', 'http://www.gutenberg.org/files/14011/14011-h/14011-h.htm', 'text/html; charset=iso-8859-1' );
INSERT INTO files ( gid, file, mime ) VALUES ( '14011', 'http://www.gutenberg.org/files/14011/14011.txt', 'text/plain; charset=us-ascii' );
INSERT INTO files ( gid, file, mime ) VALUES ( '14011', 'http://www.gutenberg.org/files/14011/14011.zip', 'text/plain; charset=us-asciiapplication/zip' );
INSERT INTO titles ( gid, title, author, language, rights ) VALUES ( '14111', 'Dew Drops, Vol. 37, No. 15, April 12, 1914', 'Various', 'en', 'Public domain in the USA.' );
INSERT INTO classifications ( gid, classification ) VALUES ( '14111', 'PZ' );
INSERT INTO classifications ( gid, classification ) VALUES ( '14111', 'AP' );
INSERT INTO subjects ( gid, subject ) VALUES ( '14111', 'Christian literature for children -- Periodicals' );
INSERT INTO subjects ( gid, subject ) VALUES ( '14111', 'Children''s literature -- Periodicals' );
INSERT INTO files ( gid, file, mime ) VALUES ( '14111', 'http://www.gutenberg.org/cache/epub/14111/pg14111.cover.medium.jpg', 'image/jpeg' );
INSERT INTO files ( gid, file, mime ) VALUES ( '14111', 'http://www.gutenberg.org/cache/epub/14111/pg14111.cover.small.jpg', 'image/jpeg' );
INSERT INTO files ( gid, file, mime ) VALUES ( '14111', 'http://www.gutenberg.org/ebooks/14111.epub.images', 'application/epub+zip' );
INSERT INTO files ( gid, file, mime ) VALUES ( '14111', 'http://www.gutenberg.org/ebooks/14111.epub.noimages', 'application/epub+zip' );
INSERT INTO files ( gid, file, mime ) VALUES ( '14111', 'http://www.gutenberg.org/ebooks/14111.kindle.images', 'application/x-mobipocket-ebook' );
INSERT INTO files ( gid, file, mime ) VALUES ( '14111', 'http://www.gutenberg.org/ebooks/14111.kindle.noimages', 'application/x-mobipocket-ebook' );
INSERT INTO files ( gid, file, mime ) VALUES ( '14111', 'http://www.gutenberg.org/ebooks/14111.rdf', 'application/rdf+xml' );
INSERT INTO files ( gid, file, mime ) VALUES ( '14111', 'http://www.gutenberg.org/ebooks/14111.txt.utf-8', 'text/plain' );
INSERT INTO files ( gid, file, mime ) VALUES ( '14111', 'http://www.gutenberg.org/files/14111/14111-h.zip', 'application/ziptext/html; charset=iso-8859-1' );
INSERT INTO files ( gid, file, mime ) VALUES ( '14111', 'http://www.gutenberg.org/files/14111/14111-h/14111-h.htm', 'text/html; charset=iso-8859-1' );
INSERT INTO files ( gid, file, mime ) VALUES ( '14111', 'http://www.gutenberg.org/files/14111/14111.txt', 'text/plain; charset=us-ascii' );
INSERT INTO files ( gid, file, mime ) VALUES ( '14111', 'http://www.gutenberg.org/files/14111/14111.zip', 'text/plain; charset=us-asciiapplication/zip' );
INSERT INTO titles ( gid, title, author, language, rights ) VALUES ( '1411', 'Domestic Peace', 'Balzac, Honoré de', 'en', 'Public domain in the USA.' );
INSERT INTO classifications ( gid, classification ) VALUES ( '1411', 'PQ' );
INSERT INTO subjects ( gid, subject ) VALUES ( '1411', 'French fiction -- Translations into English' );
INSERT INTO files ( gid, file, mime ) VALUES ( '1411', 'http://www.gutenberg.org/ebooks/1411.epub.images', 'application/epub+zip' );
INSERT INTO files ( gid, file, mime ) VALUES ( '1411', 'http://www.gutenberg.org/ebooks/1411.epub.noimages', 'application/epub+zip' );
INSERT INTO files ( gid, file, mime ) VALUES ( '1411', 'http://www.gutenberg.org/ebooks/1411.kindle.images', 'application/x-mobipocket-ebook' );
INSERT INTO files ( gid, file, mime ) VALUES ( '1411', 'http://www.gutenberg.org/ebooks/1411.kindle.noimages', 'application/x-mobipocket-ebook' );
INSERT INTO files ( gid, file, mime ) VALUES ( '1411', 'http://www.gutenberg.org/ebooks/1411.rdf', 'application/rdf+xml' );
INSERT INTO files ( gid, file, mime ) VALUES ( '1411', 'http://www.gutenberg.org/files/1411/1411-0.txt', 'text/plain; charset=utf-8' );
INSERT INTO files ( gid, file, mime ) VALUES ( '1411', 'http://www.gutenberg.org/files/1411/1411-0.zip', 'text/plain; charset=utf-8application/zip' );
INSERT INTO files ( gid, file, mime ) VALUES ( '1411', 'http://www.gutenberg.org/files/1411/1411-h.zip', 'text/html; charset=utf-8application/zip' );
INSERT INTO files ( gid, file, mime ) VALUES ( '1411', 'http://www.gutenberg.org/files/1411/1411-h/1411-h.htm', 'text/html; charset=utf-8' );
INSERT INTO files ( gid, file, mime ) VALUES ( '1411', 'http://www.gutenberg.org/files/1411/1411.txt', 'text/plain; charset=us-ascii' );
INSERT INTO files ( gid, file, mime ) VALUES ( '1411', 'http://www.gutenberg.org/files/1411/1411.zip', 'text/plain; charset=us-asciiapplication/zip' );
INSERT INTO titles ( gid, title, author, language, rights ) VALUES ( '14211', 'Wanted—A Match Maker', 'Ford, Paul Leicester', 'en', 'Public domain in the USA.' );
INSERT INTO classifications ( gid, classification ) VALUES ( '14211', 'PS' );
INSERT INTO subjects ( gid, subject ) VALUES ( '14211', 'New York (N.Y.) -- Fiction' );
INSERT INTO subjects ( gid, subject ) VALUES ( '14211', 'Love stories' );
INSERT INTO subjects ( gid, subject ) VALUES ( '14211', 'Medical fiction' );
INSERT INTO files ( gid, file, mime ) VALUES ( '14211', 'http://www.gutenberg.org/ebooks/14211.epub.images', 'application/epub+zip' );
INSERT INTO files ( gid, file, mime ) VALUES ( '14211', 'http://www.gutenberg.org/ebooks/14211.epub.noimages', 'application/epub+zip' );
INSERT INTO files ( gid, file, mime ) VALUES ( '14211', 'http://www.gutenberg.org/ebooks/14211.kindle.images', 'application/x-mobipocket-ebook' );
INSERT INTO files ( gid, file, mime ) VALUES ( '14211', 'http://www.gutenberg.org/ebooks/14211.kindle.noimages', 'application/x-mobipocket-ebook' );
INSERT INTO files ( gid, file, mime ) VALUES ( '14211', 'http://www.gutenberg.org/ebooks/14211.rdf', 'application/rdf+xml' );
INSERT INTO files ( gid, file, mime ) VALUES ( '14211', 'http://www.gutenberg.org/ebooks/14211.txt.utf-8', 'text/plain' );
INSERT INTO files ( gid, file, mime ) VALUES ( '14211', 'http://www.gutenberg.org/files/14211/14211-h.zip', 'text/html; charset=us-asciiapplication/zip' );
INSERT INTO files ( gid, file, mime ) VALUES ( '14211', 'http://www.gutenberg.org/files/14211/14211-h/14211-h.htm', 'text/html; charset=us-ascii' );
INSERT INTO files ( gid, file, mime ) VALUES ( '14211', 'http://www.gutenberg.org/files/14211/14211.txt', 'text/plain; charset=us-ascii' );
INSERT INTO files ( gid, file, mime ) VALUES ( '14211', 'http://www.gutenberg.org/files/14211/14211.zip', 'text/plain; charset=us-asciiapplication/zip' );
INSERT INTO titles ( gid, title, author, language, rights ) VALUES ( '14311', 'Bailén', 'Pérez Galdós, Benito', 'es', 'Public domain in the USA.' );
INSERT INTO classifications ( gid, classification ) VALUES ( '14311', 'PQ' );
INSERT INTO subjects ( gid, subject ) VALUES ( '14311', 'Bailén, Battle of, Bailén, Spain, 1808 -- Fiction' );
INSERT INTO files ( gid, file, mime ) VALUES ( '14311', 'http://www.gutenberg.org/ebooks/14311.epub.images', 'application/epub+zip' );
INSERT INTO files ( gid, file, mime ) VALUES ( '14311', 'http://www.gutenberg.org/ebooks/14311.epub.noimages', 'application/epub+zip' );
INSERT INTO files ( gid, file, mime ) VALUES ( '14311', 'http://www.gutenberg.org/ebooks/14311.kindle.images', 'application/x-mobipocket-ebook' );
INSERT INTO files ( gid, file, mime ) VALUES ( '14311', 'http://www.gutenberg.org/ebooks/14311.kindle.noimages', 'application/x-mobipocket-ebook' );
INSERT INTO files ( gid, file, mime ) VALUES ( '14311', 'http://www.gutenberg.org/ebooks/14311.rdf', 'application/rdf+xml' );
INSERT INTO files ( gid, file, mime ) VALUES ( '14311', 'http://www.gutenberg.org/ebooks/14311.txt.utf-8', 'text/plain' );
INSERT INTO files ( gid, file, mime ) VALUES ( '14311', 'http://www.gutenberg.org/files/14311/14311-8.txt', 'text/plain; charset=iso-8859-1' );
INSERT INTO files ( gid, file, mime ) VALUES ( '14311', 'http://www.gutenberg.org/files/14311/14311-8.zip', 'text/plain; charset=iso-8859-1application/zip' );
INSERT INTO files ( gid, file, mime ) VALUES ( '14311', 'http://www.gutenberg.org/files/14311/14311-h.zip', 'text/html; charset=iso-8859-1application/zip' );
INSERT INTO files ( gid, file, mime ) VALUES ( '14311', 'http://www.gutenberg.org/files/14311/14311-h/14311-h.htm', 'text/html; charset=iso-8859-1' );
INSERT INTO titles ( gid, title, author, language, rights ) VALUES ( '56111', 'The Girl''s Own Paper, Vol. XX, No. 989, December 10, 1898', 'Various', 'en', 'Public domain in the USA.' );
INSERT INTO classifications ( gid, classification ) VALUES ( '56111', 'AP' );
INSERT INTO classifications ( gid, classification ) VALUES ( '56111', 'PZ' );
INSERT INTO subjects ( gid, subject ) VALUES ( '56111', 'Children''s literature -- Periodicals' );
INSERT INTO files ( gid, file, mime ) VALUES ( '56111', 'http://www.gutenberg.org/cache/epub/56111/pg56111.cover.medium.jpg', 'image/jpeg' );
INSERT INTO files ( gid, file, mime ) VALUES ( '56111', 'http://www.gutenberg.org/cache/epub/56111/pg56111.cover.small.jpg', 'image/jpeg' );
INSERT INTO files ( gid, file, mime ) VALUES ( '56111', 'http://www.gutenberg.org/ebooks/56111.epub.images', 'application/epub+zip' );
INSERT INTO files ( gid, file, mime ) VALUES ( '56111', 'http://www.gutenberg.org/ebooks/56111.epub.noimages', 'application/epub+zip' );
INSERT INTO files ( gid, file, mime ) VALUES ( '56111', 'http://www.gutenberg.org/ebooks/56111.kindle.images', 'application/x-mobipocket-ebook' );
INSERT INTO files ( gid, file, mime ) VALUES ( '56111', 'http://www.gutenberg.org/ebooks/56111.kindle.noimages', 'application/x-mobipocket-ebook' );
INSERT INTO files ( gid, file, mime ) VALUES ( '56111', 'http://www.gutenberg.org/ebooks/56111.rdf', 'application/rdf+xml' );
INSERT INTO files ( gid, file, mime ) VALUES ( '56111', 'http://www.gutenberg.org/files/56111/56111-0.txt', 'text/plain; charset=utf-8' );
INSERT INTO files ( gid, file, mime ) VALUES ( '56111', 'http://www.gutenberg.org/files/56111/56111-0.zip', 'text/plain; charset=utf-8application/zip' );
INSERT INTO files ( gid, file, mime ) VALUES ( '56111', 'http://www.gutenberg.org/files/56111/56111-h.zip', 'application/ziptext/html; charset=iso-8859-1' );
INSERT INTO files ( gid, file, mime ) VALUES ( '56111', 'http://www.gutenberg.org/files/56111/56111-h/56111-h.htm', 'text/html; charset=iso-8859-1' );
INSERT INTO titles ( gid, title, author, language, rights ) VALUES ( '5611', 'The Satyricon of Petronius Arbiter', 'Petronius Arbiter', 'en', 'Public domain in the USA.' );
INSERT INTO classifications ( gid, classification ) VALUES ( '5611', 'PA' );
INSERT INTO subjects ( gid, subject ) VALUES ( '5611', 'Satire, Latin -- Translations into English' );
INSERT INTO subjects ( gid, subject ) VALUES ( '5611', 'Rome -- Fiction' );
INSERT INTO files ( gid, file, mime ) VALUES ( '5611', 'http://www.gutenberg.org/ebooks/5611.epub.images', 'application/epub+zip' );
INSERT INTO files ( gid, file, mime ) VALUES ( '5611', 'http://www.gutenberg.org/ebooks/5611.epub.noimages', 'application/epub+zip' );
INSERT INTO files ( gid, file, mime ) VALUES ( '5611', 'http://www.gutenberg.org/ebooks/5611.html.images', 'text/html' );
INSERT INTO files ( gid, file, mime ) VALUES ( '5611', 'http://www.gutenberg.org/ebooks/5611.html.noimages', 'text/html' );
INSERT INTO files ( gid, file, mime ) VALUES ( '5611', 'http://www.gutenberg.org/ebooks/5611.kindle.images', 'application/x-mobipocket-ebook' );
INSERT INTO files ( gid, file, mime ) VALUES ( '5611', 'http://www.gutenberg.org/ebooks/5611.kindle.noimages', 'application/x-mobipocket-ebook' );
INSERT INTO files ( gid, file, mime ) VALUES ( '5611', 'http://www.gutenberg.org/ebooks/5611.rdf', 'application/rdf+xml' );
INSERT INTO files ( gid, file, mime ) VALUES ( '5611', 'http://www.gutenberg.org/files/5611/5611-0.txt', 'text/plain; charset=utf-8' );
INSERT INTO files ( gid, file, mime ) VALUES ( '5611', 'http://www.gutenberg.org/files/5611/5611-0.zip', 'application/ziptext/plain; charset=utf-8' );
INSERT INTO titles ( gid, title, author, language, rights ) VALUES ( '56211', 'Recollections of Rifleman Harris, (Old 95th.) with anecdotes of his officers and his comrades', 'Harris, Benjamin', 'en', 'Public domain in the USA.' );
INSERT INTO classifications ( gid, classification ) VALUES ( '56211', 'DC' );
INSERT INTO subjects ( gid, subject ) VALUES ( '56211', 'Soldiers -- Great Britain -- Biography' );
INSERT INTO subjects ( gid, subject ) VALUES ( '56211', 'Great Britain. Army. Light Infantry. 95th Regiment' );
INSERT INTO subjects ( gid, subject ) VALUES ( '56211', 'Harris, Benjamin, 1781-1858' );
INSERT INTO subjects ( gid, subject ) VALUES ( '56211', 'Peninsular War, 1807-1814 -- Personal narratives, British' );
INSERT INTO files ( gid, file, mime ) VALUES ( '56211', 'http://www.gutenberg.org/cache/epub/56211/pg56211.cover.medium.jpg', 'image/jpeg' );
INSERT INTO files ( gid, file, mime ) VALUES ( '56211', 'http://www.gutenberg.org/cache/epub/56211/pg56211.cover.small.jpg', 'image/jpeg' );
INSERT INTO files ( gid, file, mime ) VALUES ( '56211', 'http://www.gutenberg.org/ebooks/56211.epub.images', 'application/epub+zip' );
INSERT INTO files ( gid, file, mime ) VALUES ( '56211', 'http://www.gutenberg.org/ebooks/56211.epub.noimages', 'application/epub+zip' );
INSERT INTO files ( gid, file, mime ) VALUES ( '56211', 'http://www.gutenberg.org/ebooks/56211.kindle.images', 'application/x-mobipocket-ebook' );
INSERT INTO files ( gid, file, mime ) VALUES ( '56211', 'http://www.gutenberg.org/ebooks/56211.kindle.noimages', 'application/x-mobipocket-ebook' );
INSERT INTO files ( gid, file, mime ) VALUES ( '56211', 'http://www.gutenberg.org/ebooks/56211.rdf', 'application/rdf+xml' );
INSERT INTO files ( gid, file, mime ) VALUES ( '56211', 'http://www.gutenberg.org/ebooks/56211.txt.utf-8', 'text/plain' );
INSERT INTO files ( gid, file, mime ) VALUES ( '56211', 'http://www.gutenberg.org/files/56211/56211-8.txt', 'text/plain; charset=iso-8859-1' );
INSERT INTO files ( gid, file, mime ) VALUES ( '56211', 'http://www.gutenberg.org/files/56211/56211-8.zip', 'application/ziptext/plain; charset=iso-8859-1' );
INSERT INTO files ( gid, file, mime ) VALUES ( '56211', 'http://www.gutenberg.org/files/56211/56211-h.zip', 'application/ziptext/html; charset=iso-8859-1' );
INSERT INTO files ( gid, file, mime ) VALUES ( '56211', 'http://www.gutenberg.org/files/56211/56211-h/56211-h.htm', 'text/html; charset=iso-8859-1' );
INSERT INTO titles ( gid, title, author, language, rights ) VALUES ( '56311', 'The Book of the Ocean', 'Ingersoll, Ernest', 'en', 'Public domain in the USA.' );
INSERT INTO classifications ( gid, classification ) VALUES ( '56311', 'G' );
INSERT INTO subjects ( gid, subject ) VALUES ( '56311', 'Ocean' );
INSERT INTO files ( gid, file, mime ) VALUES ( '56311', 'http://www.gutenberg.org/cache/epub/56311/pg56311.cover.medium.jpg', 'image/jpeg' );
INSERT INTO files ( gid, file, mime ) VALUES ( '56311', 'http://www.gutenberg.org/cache/epub/56311/pg56311.cover.small.jpg', 'image/jpeg' );
INSERT INTO files ( gid, file, mime ) VALUES ( '56311', 'http://www.gutenberg.org/ebooks/56311.epub.images', 'application/epub+zip' );
INSERT INTO files ( gid, file, mime ) VALUES ( '56311', 'http://www.gutenberg.org/ebooks/56311.epub.noimages', 'application/epub+zip' );
INSERT INTO files ( gid, file, mime ) VALUES ( '56311', 'http://www.gutenberg.org/ebooks/56311.kindle.images', 'application/x-mobipocket-ebook' );
INSERT INTO files ( gid, file, mime ) VALUES ( '56311', 'http://www.gutenberg.org/ebooks/56311.kindle.noimages', 'application/x-mobipocket-ebook' );
INSERT INTO files ( gid, file, mime ) VALUES ( '56311', 'http://www.gutenberg.org/ebooks/56311.rdf', 'application/rdf+xml' );
INSERT INTO files ( gid, file, mime ) VALUES ( '56311', 'http://www.gutenberg.org/files/56311/56311-0.txt', 'text/plain; charset=utf-8' );
INSERT INTO files ( gid, file, mime ) VALUES ( '56311', 'http://www.gutenberg.org/files/56311/56311-0.zip', 'text/plain; charset=utf-8application/zip' );
INSERT INTO files ( gid, file, mime ) VALUES ( '56311', 'http://www.gutenberg.org/files/56311/56311-h.zip', 'application/ziptext/html; charset=utf-8' );
INSERT INTO files ( gid, file, mime ) VALUES ( '56311', 'http://www.gutenberg.org/files/56311/56311-h/56311-h.htm', 'text/html; charset=utf-8' );
INSERT INTO titles ( gid, title, author, language, rights ) VALUES ( '56411', 'St. Andrews Ghost Stories Fourth Edition', 'Linskill, William Thomas', 'en', 'Public domain in the USA.' );
INSERT INTO classifications ( gid, classification ) VALUES ( '56411', 'PR' );
INSERT INTO subjects ( gid, subject ) VALUES ( '56411', 'Ghost stories' );
INSERT INTO subjects ( gid, subject ) VALUES ( '56411', 'St. Andrews (Scotland) -- Fiction' );
INSERT INTO files ( gid, file, mime ) VALUES ( '56411', 'http://www.gutenberg.org/cache/epub/56411/pg56411.cover.medium.jpg', 'image/jpeg' );
INSERT INTO files ( gid, file, mime ) VALUES ( '56411', 'http://www.gutenberg.org/cache/epub/56411/pg56411.cover.small.jpg', 'image/jpeg' );
INSERT INTO files ( gid, file, mime ) VALUES ( '56411', 'http://www.gutenberg.org/ebooks/56411.epub.images', 'application/epub+zip' );
INSERT INTO files ( gid, file, mime ) VALUES ( '56411', 'http://www.gutenberg.org/ebooks/56411.epub.noimages', 'application/epub+zip' );
INSERT INTO files ( gid, file, mime ) VALUES ( '56411', 'http://www.gutenberg.org/ebooks/56411.kindle.images', 'application/x-mobipocket-ebook' );
INSERT INTO files ( gid, file, mime ) VALUES ( '56411', 'http://www.gutenberg.org/ebooks/56411.kindle.noimages', 'application/x-mobipocket-ebook' );
INSERT INTO files ( gid, file, mime ) VALUES ( '56411', 'http://www.gutenberg.org/ebooks/56411.rdf', 'application/rdf+xml' );
INSERT INTO files ( gid, file, mime ) VALUES ( '56411', 'http://www.gutenberg.org/files/56411/56411-0.txt', 'text/plain; charset=utf-8' );
INSERT INTO files ( gid, file, mime ) VALUES ( '56411', 'http://www.gutenberg.org/files/56411/56411-0.zip', 'text/plain; charset=utf-8application/zip' );
INSERT INTO files ( gid, file, mime ) VALUES ( '56411', 'http://www.gutenberg.org/files/56411/56411-h.zip', 'application/ziptext/html; charset=utf-8' );
INSERT INTO files ( gid, file, mime ) VALUES ( '56411', 'http://www.gutenberg.org/files/56411/56411-h/56411-h.htm', 'text/html; charset=utf-8' );
INSERT INTO titles ( gid, title, author, language, rights ) VALUES ( '56511', 'Les nécessités de la vie et les conséquences des rêves, précédé d''exemples', 'Éluard, Paul', 'fr', 'Public domain in the USA.' );
INSERT INTO classifications ( gid, classification ) VALUES ( '56511', 'PQ' );
INSERT INTO subjects ( gid, subject ) VALUES ( '56511', 'French poetry -- 20th century' );
INSERT INTO files ( gid, file, mime ) VALUES ( '56511', 'http://www.gutenberg.org/cache/epub/56511/pg56511.cover.medium.jpg', 'image/jpeg' );
INSERT INTO files ( gid, file, mime ) VALUES ( '56511', 'http://www.gutenberg.org/cache/epub/56511/pg56511.cover.small.jpg', 'image/jpeg' );
INSERT INTO files ( gid, file, mime ) VALUES ( '56511', 'http://www.gutenberg.org/ebooks/56511.epub.images', 'application/epub+zip' );
INSERT INTO files ( gid, file, mime ) VALUES ( '56511', 'http://www.gutenberg.org/ebooks/56511.epub.noimages', 'application/epub+zip' );
INSERT INTO files ( gid, file, mime ) VALUES ( '56511', 'http://www.gutenberg.org/ebooks/56511.kindle.images', 'application/x-mobipocket-ebook' );
INSERT INTO files ( gid, file, mime ) VALUES ( '56511', 'http://www.gutenberg.org/ebooks/56511.kindle.noimages', 'application/x-mobipocket-ebook' );
INSERT INTO files ( gid, file, mime ) VALUES ( '56511', 'http://www.gutenberg.org/ebooks/56511.rdf', 'application/rdf+xml' );
INSERT INTO files ( gid, file, mime ) VALUES ( '56511', 'http://www.gutenberg.org/files/56511/56511-0.txt', 'text/plain; charset=utf-8' );
INSERT INTO files ( gid, file, mime ) VALUES ( '56511', 'http://www.gutenberg.org/files/56511/56511-0.zip', 'application/ziptext/plain; charset=utf-8' );
INSERT INTO files ( gid, file, mime ) VALUES ( '56511', 'http://www.gutenberg.org/files/56511/56511-h.zip', 'text/html; charset=utf-8application/zip' );
INSERT INTO files ( gid, file, mime ) VALUES ( '56511', 'http://www.gutenberg.org/files/56511/56511-h/56511-h.htm', 'text/html; charset=utf-8' );
INSERT INTO titles ( gid, title, author, language, rights ) VALUES ( '56611', 'The Romance of the Romanoffs', 'McCabe, Joseph', 'en', 'Public domain in the USA.' );
INSERT INTO classifications ( gid, classification ) VALUES ( '56611', 'DK' );
INSERT INTO subjects ( gid, subject ) VALUES ( '56611', 'Russia -- Kings and rulers' );
INSERT INTO subjects ( gid, subject ) VALUES ( '56611', 'Romanov, House of' );
INSERT INTO files ( gid, file, mime ) VALUES ( '56611', 'http://www.gutenberg.org/cache/epub/56611/pg56611.cover.medium.jpg', 'image/jpeg' );
INSERT INTO files ( gid, file, mime ) VALUES ( '56611', 'http://www.gutenberg.org/cache/epub/56611/pg56611.cover.small.jpg', 'image/jpeg' );
INSERT INTO files ( gid, file, mime ) VALUES ( '56611', 'http://www.gutenberg.org/ebooks/56611.epub.images', 'application/epub+zip' );
INSERT INTO files ( gid, file, mime ) VALUES ( '56611', 'http://www.gutenberg.org/ebooks/56611.epub.noimages', 'application/epub+zip' );
INSERT INTO files ( gid, file, mime ) VALUES ( '56611', 'http://www.gutenberg.org/ebooks/56611.kindle.images', 'application/x-mobipocket-ebook' );
INSERT INTO files ( gid, file, mime ) VALUES ( '56611', 'http://www.gutenberg.org/ebooks/56611.kindle.noimages', 'application/x-mobipocket-ebook' );
INSERT INTO files ( gid, file, mime ) VALUES ( '56611', 'http://www.gutenberg.org/ebooks/56611.rdf', 'application/rdf+xml' );
INSERT INTO files ( gid, file, mime ) VALUES ( '56611', 'http://www.gutenberg.org/files/56611/56611-0.txt', 'text/plain; charset=utf-8' );
INSERT INTO files ( gid, file, mime ) VALUES ( '56611', 'http://www.gutenberg.org/files/56611/56611-0.zip', 'text/plain; charset=utf-8application/zip' );
INSERT INTO files ( gid, file, mime ) VALUES ( '56611', 'http://www.gutenberg.org/files/56611/56611-h.zip', 'application/ziptext/html; charset=utf-8' );
INSERT INTO files ( gid, file, mime ) VALUES ( '56611', 'http://www.gutenberg.org/files/56611/56611-h/56611-h.htm', 'text/html; charset=utf-8' );
INSERT INTO titles ( gid, title, author, language, rights ) VALUES ( '56711', 'Poems of Giosuè Carducci, Translated with two introductory essays: I. Giosuè Carducci and the Hellenic reaction in Italy. II. Carducci and the classic realism', 'Carducci, Giosuè', 'en', 'Public domain in the USA.' );
INSERT INTO classifications ( gid, classification ) VALUES ( '56711', 'PQ' );
INSERT INTO subjects ( gid, subject ) VALUES ( '56711', 'Carducci, Giosuè, 1835-1907 -- Criticism and interpretation' );
INSERT INTO subjects ( gid, subject ) VALUES ( '56711', 'Italian poetry -- Translations into English' );
INSERT INTO files ( gid, file, mime ) VALUES ( '56711', 'http://www.gutenberg.org/cache/epub/56711/pg56711.cover.medium.jpg', 'image/jpeg' );
INSERT INTO files ( gid, file, mime ) VALUES ( '56711', 'http://www.gutenberg.org/cache/epub/56711/pg56711.cover.small.jpg', 'image/jpeg' );
INSERT INTO files ( gid, file, mime ) VALUES ( '56711', 'http://www.gutenberg.org/ebooks/56711.epub.images', 'application/epub+zip' );
INSERT INTO files ( gid, file, mime ) VALUES ( '56711', 'http://www.gutenberg.org/ebooks/56711.epub.noimages', 'application/epub+zip' );
INSERT INTO files ( gid, file, mime ) VALUES ( '56711', 'http://www.gutenberg.org/ebooks/56711.kindle.images', 'application/x-mobipocket-ebook' );
INSERT INTO files ( gid, file, mime ) VALUES ( '56711', 'http://www.gutenberg.org/ebooks/56711.kindle.noimages', 'application/x-mobipocket-ebook' );
INSERT INTO files ( gid, file, mime ) VALUES ( '56711', 'http://www.gutenberg.org/ebooks/56711.rdf', 'application/rdf+xml' );
INSERT INTO files ( gid, file, mime ) VALUES ( '56711', 'http://www.gutenberg.org/files/56711/56711-0.txt', 'text/plain; charset=utf-8' );
INSERT INTO files ( gid, file, mime ) VALUES ( '56711', 'http://www.gutenberg.org/files/56711/56711-0.zip', 'text/plain; charset=utf-8application/zip' );
INSERT INTO files ( gid, file, mime ) VALUES ( '56711', 'http://www.gutenberg.org/files/56711/56711-h.zip', 'application/ziptext/html; charset=utf-8' );
INSERT INTO files ( gid, file, mime ) VALUES ( '56711', 'http://www.gutenberg.org/files/56711/56711-h/56711-h.htm', 'text/html; charset=utf-8' );
INSERT INTO titles ( gid, title, author, language, rights ) VALUES ( '56811', 'Adventures in American Bookshops, Antique Stores and Auction Rooms', 'Bruno, Guido', 'en', 'Public domain in the USA.' );
INSERT INTO classifications ( gid, classification ) VALUES ( '56811', 'Z' );
INSERT INTO subjects ( gid, subject ) VALUES ( '56811', 'Antiquarian booksellers -- United States' );
INSERT INTO subjects ( gid, subject ) VALUES ( '56811', 'Booksellers and bookselling -- United States' );
INSERT INTO files ( gid, file, mime ) VALUES ( '56811', 'http://www.gutenberg.org/cache/epub/56811/pg56811.cover.medium.jpg', 'image/jpeg' );
INSERT INTO files ( gid, file, mime ) VALUES ( '56811', 'http://www.gutenberg.org/cache/epub/56811/pg56811.cover.small.jpg', 'image/jpeg' );
INSERT INTO files ( gid, file, mime ) VALUES ( '56811', 'http://www.gutenberg.org/ebooks/56811.epub.images', 'application/epub+zip' );
INSERT INTO files ( gid, file, mime ) VALUES ( '56811', 'http://www.gutenberg.org/ebooks/56811.epub.noimages', 'application/epub+zip' );
INSERT INTO files ( gid, file, mime ) VALUES ( '56811', 'http://www.gutenberg.org/ebooks/56811.kindle.images', 'application/x-mobipocket-ebook' );
INSERT INTO files ( gid, file, mime ) VALUES ( '56811', 'http://www.gutenberg.org/ebooks/56811.kindle.noimages', 'application/x-mobipocket-ebook' );
INSERT INTO files ( gid, file, mime ) VALUES ( '56811', 'http://www.gutenberg.org/ebooks/56811.rdf', 'application/rdf+xml' );
INSERT INTO files ( gid, file, mime ) VALUES ( '56811', 'http://www.gutenberg.org/files/56811/56811-0.txt', 'text/plain; charset=utf-8' );
INSERT INTO files ( gid, file, mime ) VALUES ( '56811', 'http://www.gutenberg.org/files/56811/56811-0.zip', 'text/plain; charset=utf-8application/zip' );
INSERT INTO files ( gid, file, mime ) VALUES ( '56811', 'http://www.gutenberg.org/files/56811/56811-h.zip', 'application/ziptext/html; charset=utf-8' );
INSERT INTO files ( gid, file, mime ) VALUES ( '56811', 'http://www.gutenberg.org/files/56811/56811-h/56811-h.htm', 'text/html; charset=utf-8' );
INSERT INTO titles ( gid, title, author, language, rights ) VALUES ( '56911', 'The New Century Standard Letter-Writer Business, Family and Social Correspondence, Love-Letters, Etiquette, Synonyms, Legal Forms, Etc.', 'Chambers, Alfred B.', 'en', 'Public domain in the USA.' );
INSERT INTO classifications ( gid, classification ) VALUES ( '56911', 'BJ' );
INSERT INTO subjects ( gid, subject ) VALUES ( '56911', 'Letter writing' );
INSERT INTO files ( gid, file, mime ) VALUES ( '56911', 'http://www.gutenberg.org/cache/epub/56911/pg56911.cover.medium.jpg', 'image/jpeg' );
INSERT INTO files ( gid, file, mime ) VALUES ( '56911', 'http://www.gutenberg.org/cache/epub/56911/pg56911.cover.small.jpg', 'image/jpeg' );
INSERT INTO files ( gid, file, mime ) VALUES ( '56911', 'http://www.gutenberg.org/ebooks/56911.epub.images', 'application/epub+zip' );
INSERT INTO files ( gid, file, mime ) VALUES ( '56911', 'http://www.gutenberg.org/ebooks/56911.epub.noimages', 'application/epub+zip' );
INSERT INTO files ( gid, file, mime ) VALUES ( '56911', 'http://www.gutenberg.org/ebooks/56911.kindle.images', 'application/x-mobipocket-ebook' );
INSERT INTO files ( gid, file, mime ) VALUES ( '56911', 'http://www.gutenberg.org/ebooks/56911.kindle.noimages', 'application/x-mobipocket-ebook' );
INSERT INTO files ( gid, file, mime ) VALUES ( '56911', 'http://www.gutenberg.org/ebooks/56911.rdf', 'application/rdf+xml' );
INSERT INTO files ( gid, file, mime ) VALUES ( '56911', 'http://www.gutenberg.org/files/56911/56911-0.txt', 'text/plain; charset=utf-8' );
INSERT INTO files ( gid, file, mime ) VALUES ( '56911', 'http://www.gutenberg.org/files/56911/56911-0.zip', 'application/ziptext/plain; charset=utf-8' );
INSERT INTO files ( gid, file, mime ) VALUES ( '56911', 'http://www.gutenberg.org/files/56911/56911-h.zip', 'text/htmlapplication/zip' );
INSERT INTO files ( gid, file, mime ) VALUES ( '56911', 'http://www.gutenberg.org/files/56911/56911-h/56911-h.htm', 'text/html' );
INSERT INTO titles ( gid, title, author, language, rights ) VALUES ( '57011', 'Herrasmies varkaana: Salapoliisikertomus', 'Elvestad, Sven', 'fi', 'Public domain in the USA.' );
INSERT INTO classifications ( gid, classification ) VALUES ( '57011', 'PT' );
INSERT INTO subjects ( gid, subject ) VALUES ( '57011', 'Norwegian fiction -- Translations into Finnish' );
INSERT INTO subjects ( gid, subject ) VALUES ( '57011', 'Detective and mystery stories' );
INSERT INTO subjects ( gid, subject ) VALUES ( '57011', 'Krag, Asbjørn (Fictitious character) -- Fiction' );
INSERT INTO files ( gid, file, mime ) VALUES ( '57011', 'http://www.gutenberg.org/ebooks/57011.epub.images', 'application/epub+zip' );
INSERT INTO files ( gid, file, mime ) VALUES ( '57011', 'http://www.gutenberg.org/ebooks/57011.epub.noimages', 'application/epub+zip' );
INSERT INTO files ( gid, file, mime ) VALUES ( '57011', 'http://www.gutenberg.org/ebooks/57011.html.images', 'text/html' );
INSERT INTO files ( gid, file, mime ) VALUES ( '57011', 'http://www.gutenberg.org/ebooks/57011.html.noimages', 'text/html' );
INSERT INTO files ( gid, file, mime ) VALUES ( '57011', 'http://www.gutenberg.org/ebooks/57011.kindle.images', 'application/x-mobipocket-ebook' );
INSERT INTO files ( gid, file, mime ) VALUES ( '57011', 'http://www.gutenberg.org/ebooks/57011.kindle.noimages', 'application/x-mobipocket-ebook' );
INSERT INTO files ( gid, file, mime ) VALUES ( '57011', 'http://www.gutenberg.org/ebooks/57011.rdf', 'application/rdf+xml' );
INSERT INTO files ( gid, file, mime ) VALUES ( '57011', 'http://www.gutenberg.org/ebooks/57011.txt.utf-8', 'text/plain' );
INSERT INTO files ( gid, file, mime ) VALUES ( '57011', 'http://www.gutenberg.org/files/57011/57011-8.txt', 'text/plain; charset=iso-8859-1' );
INSERT INTO files ( gid, file, mime ) VALUES ( '57011', 'http://www.gutenberg.org/files/57011/57011-8.zip', 'text/plain; charset=iso-8859-1application/zip' );
INSERT INTO titles ( gid, title, author, language, rights ) VALUES ( '57111', 'Warren Commission (13 of 26): Hearings Vol. XIII (of 15)', 'United States. Warren Commission', 'en', 'Public domain in the USA.' );
INSERT INTO subjects ( gid, subject ) VALUES ( '57111', 'E740' );
INSERT INTO subjects ( gid, subject ) VALUES ( '57111', 'Kennedy, John F. (John Fitzgerald), 1917-1963 -- Assassination' );
INSERT INTO subjects ( gid, subject ) VALUES ( '57111', 'Oswald, Lee Harvey' );
INSERT INTO files ( gid, file, mime ) VALUES ( '57111', 'http://www.gutenberg.org/cache/epub/57111/pg57111.cover.medium.jpg', 'image/jpeg' );
INSERT INTO files ( gid, file, mime ) VALUES ( '57111', 'http://www.gutenberg.org/cache/epub/57111/pg57111.cover.small.jpg', 'image/jpeg' );
INSERT INTO files ( gid, file, mime ) VALUES ( '57111', 'http://www.gutenberg.org/ebooks/57111.epub.images', 'application/epub+zip' );
INSERT INTO files ( gid, file, mime ) VALUES ( '57111', 'http://www.gutenberg.org/ebooks/57111.epub.noimages', 'application/epub+zip' );
INSERT INTO files ( gid, file, mime ) VALUES ( '57111', 'http://www.gutenberg.org/ebooks/57111.kindle.images', 'application/x-mobipocket-ebook' );
INSERT INTO files ( gid, file, mime ) VALUES ( '57111', 'http://www.gutenberg.org/ebooks/57111.kindle.noimages', 'application/x-mobipocket-ebook' );
INSERT INTO files ( gid, file, mime ) VALUES ( '57111', 'http://www.gutenberg.org/ebooks/57111.rdf', 'application/rdf+xml' );
INSERT INTO files ( gid, file, mime ) VALUES ( '57111', 'http://www.gutenberg.org/files/57111/57111-0.txt', 'text/plain; charset=utf-8' );
INSERT INTO files ( gid, file, mime ) VALUES ( '57111', 'http://www.gutenberg.org/files/57111/57111-0.zip', 'text/plain; charset=utf-8application/zip' );
INSERT INTO files ( gid, file, mime ) VALUES ( '57111', 'http://www.gutenberg.org/files/57111/57111-h.zip', 'application/ziptext/html; charset=utf-8' );
INSERT INTO files ( gid, file, mime ) VALUES ( '57111', 'http://www.gutenberg.org/files/57111/57111-h/57111-h.htm', 'text/html; charset=utf-8' );
INSERT INTO titles ( gid, title, author, language, rights ) VALUES ( '5711', 'Germinal', 'Zola, Émile', 'fr', 'Public domain in the USA.' );
INSERT INTO classifications ( gid, classification ) VALUES ( '5711', 'PQ' );
INSERT INTO subjects ( gid, subject ) VALUES ( '5711', 'Labor disputes -- Fiction' );
INSERT INTO subjects ( gid, subject ) VALUES ( '5711', 'Coal mines and mining -- Fiction' );
INSERT INTO subjects ( gid, subject ) VALUES ( '5711', 'Political fiction' );
INSERT INTO subjects ( gid, subject ) VALUES ( '5711', 'Strikes and lockouts -- Fiction' );
INSERT INTO subjects ( gid, subject ) VALUES ( '5711', 'Coal miners -- Fiction' );
INSERT INTO subjects ( gid, subject ) VALUES ( '5711', 'France, Northern -- Fiction' );
INSERT INTO files ( gid, file, mime ) VALUES ( '5711', 'http://www.gutenberg.org/ebooks/5711.epub.images', 'application/epub+zip' );
INSERT INTO files ( gid, file, mime ) VALUES ( '5711', 'http://www.gutenberg.org/ebooks/5711.epub.noimages', 'application/epub+zip' );
INSERT INTO files ( gid, file, mime ) VALUES ( '5711', 'http://www.gutenberg.org/ebooks/5711.html.images', 'text/html' );
INSERT INTO files ( gid, file, mime ) VALUES ( '5711', 'http://www.gutenberg.org/ebooks/5711.html.noimages', 'text/html' );
INSERT INTO files ( gid, file, mime ) VALUES ( '5711', 'http://www.gutenberg.org/ebooks/5711.kindle.images', 'application/x-mobipocket-ebook' );
INSERT INTO files ( gid, file, mime ) VALUES ( '5711', 'http://www.gutenberg.org/ebooks/5711.kindle.noimages', 'application/x-mobipocket-ebook' );
INSERT INTO files ( gid, file, mime ) VALUES ( '5711', 'http://www.gutenberg.org/ebooks/5711.rdf', 'application/rdf+xml' );
INSERT INTO files ( gid, file, mime ) VALUES ( '5711', 'http://www.gutenberg.org/ebooks/5711.txt.utf-8', 'text/plain' );
INSERT INTO files ( gid, file, mime ) VALUES ( '5711', 'http://www.gutenberg.org/files/5711/5711-8.txt', 'text/plain; charset=iso-8859-1' );
INSERT INTO files ( gid, file, mime ) VALUES ( '5711', 'http://www.gutenberg.org/files/5711/5711-8.zip', 'application/ziptext/plain; charset=iso-8859-1' );
INSERT INTO titles ( gid, title, author, language, rights ) VALUES ( '14411', 'The Children''s Six Minutes', 'Wright, Bruce S. (Bruce Simpson)', 'en', 'Public domain in the USA.' );
INSERT INTO classifications ( gid, classification ) VALUES ( '14411', 'BV' );
INSERT INTO subjects ( gid, subject ) VALUES ( '14411', 'Children''s sermons' );
INSERT INTO files ( gid, file, mime ) VALUES ( '14411', 'http://www.gutenberg.org/ebooks/14411.epub.images', 'application/epub+zip' );
INSERT INTO files ( gid, file, mime ) VALUES ( '14411', 'http://www.gutenberg.org/ebooks/14411.epub.noimages', 'application/epub+zip' );
INSERT INTO files ( gid, file, mime ) VALUES ( '14411', 'http://www.gutenberg.org/ebooks/14411.kindle.images', 'application/x-mobipocket-ebook' );
INSERT INTO files ( gid, file, mime ) VALUES ( '14411', 'http://www.gutenberg.org/ebooks/14411.kindle.noimages', 'application/x-mobipocket-ebook' );
INSERT INTO files ( gid, file, mime ) VALUES ( '14411', 'http://www.gutenberg.org/ebooks/14411.rdf', 'application/rdf+xml' );
INSERT INTO files ( gid, file, mime ) VALUES ( '14411', 'http://www.gutenberg.org/ebooks/14411.txt.utf-8', 'text/plain' );
INSERT INTO files ( gid, file, mime ) VALUES ( '14411', 'http://www.gutenberg.org/files/14411/14411-h.zip', 'application/ziptext/html; charset=us-ascii' );
INSERT INTO files ( gid, file, mime ) VALUES ( '14411', 'http://www.gutenberg.org/files/14411/14411-h/14411-h.htm', 'text/html; charset=us-ascii' );
INSERT INTO files ( gid, file, mime ) VALUES ( '14411', 'http://www.gutenberg.org/files/14411/14411.txt', 'text/plain; charset=us-ascii' );
INSERT INTO files ( gid, file, mime ) VALUES ( '14411', 'http://www.gutenberg.org/files/14411/14411.zip', 'text/plain; charset=us-asciiapplication/zip' );
INSERT INTO titles ( gid, title, author, language, rights ) VALUES ( '14511', 'Ireland Under Coercion: The Diary of an American (2 of 2) (2nd ed.) (1888)', 'Hurlbert, William Henry', 'en', 'Public domain in the USA.' );
INSERT INTO classifications ( gid, classification ) VALUES ( '14511', 'DA' );
INSERT INTO subjects ( gid, subject ) VALUES ( '14511', 'Ireland -- Politics and government -- 1837-1901' );
INSERT INTO subjects ( gid, subject ) VALUES ( '14511', 'Ireland -- Description and travel' );
INSERT INTO files ( gid, file, mime ) VALUES ( '14511', 'http://www.gutenberg.org/ebooks/14511.epub.images', 'application/epub+zip' );
INSERT INTO files ( gid, file, mime ) VALUES ( '14511', 'http://www.gutenberg.org/ebooks/14511.epub.noimages', 'application/epub+zip' );
INSERT INTO files ( gid, file, mime ) VALUES ( '14511', 'http://www.gutenberg.org/ebooks/14511.kindle.images', 'application/x-mobipocket-ebook' );
INSERT INTO files ( gid, file, mime ) VALUES ( '14511', 'http://www.gutenberg.org/ebooks/14511.kindle.noimages', 'application/x-mobipocket-ebook' );
INSERT INTO files ( gid, file, mime ) VALUES ( '14511', 'http://www.gutenberg.org/ebooks/14511.rdf', 'application/rdf+xml' );
INSERT INTO files ( gid, file, mime ) VALUES ( '14511', 'http://www.gutenberg.org/ebooks/14511.txt.utf-8', 'text/plain' );
INSERT INTO files ( gid, file, mime ) VALUES ( '14511', 'http://www.gutenberg.org/files/14511/14511-8.txt', 'text/plain; charset=iso-8859-1' );
INSERT INTO files ( gid, file, mime ) VALUES ( '14511', 'http://www.gutenberg.org/files/14511/14511-8.zip', 'text/plain; charset=iso-8859-1application/zip' );
INSERT INTO files ( gid, file, mime ) VALUES ( '14511', 'http://www.gutenberg.org/files/14511/14511-h.zip', 'text/html; charset=iso-8859-1application/zip' );
INSERT INTO files ( gid, file, mime ) VALUES ( '14511', 'http://www.gutenberg.org/files/14511/14511-h/14511-h.htm', 'text/html; charset=iso-8859-1' );
INSERT INTO files ( gid, file, mime ) VALUES ( '14511', 'http://www.gutenberg.org/files/14511/14511.txt', 'text/plain; charset=us-ascii' );
INSERT INTO files ( gid, file, mime ) VALUES ( '14511', 'http://www.gutenberg.org/files/14511/14511.zip', 'text/plain; charset=us-asciiapplication/zip' );
INSERT INTO titles ( gid, title, author, language, rights ) VALUES ( '14711', 'The Boy Allies Under the Sea; Or, The Vanishing Submarines', 'Hayes, Clair W. (Clair Wallace)', 'en', 'Public domain in the USA.' );
INSERT INTO classifications ( gid, classification ) VALUES ( '14711', 'PZ' );
INSERT INTO subjects ( gid, subject ) VALUES ( '14711', 'World War, 1914-1918 -- Naval operations -- Juvenile fiction' );
INSERT INTO files ( gid, file, mime ) VALUES ( '14711', 'http://www.gutenberg.org/ebooks/14711.epub.images', 'application/epub+zip' );
INSERT INTO files ( gid, file, mime ) VALUES ( '14711', 'http://www.gutenberg.org/ebooks/14711.epub.noimages', 'application/epub+zip' );
INSERT INTO files ( gid, file, mime ) VALUES ( '14711', 'http://www.gutenberg.org/ebooks/14711.kindle.images', 'application/x-mobipocket-ebook' );
INSERT INTO files ( gid, file, mime ) VALUES ( '14711', 'http://www.gutenberg.org/ebooks/14711.kindle.noimages', 'application/x-mobipocket-ebook' );
INSERT INTO files ( gid, file, mime ) VALUES ( '14711', 'http://www.gutenberg.org/ebooks/14711.rdf', 'application/rdf+xml' );
INSERT INTO files ( gid, file, mime ) VALUES ( '14711', 'http://www.gutenberg.org/ebooks/14711.txt.utf-8', 'text/plain' );
INSERT INTO files ( gid, file, mime ) VALUES ( '14711', 'http://www.gutenberg.org/files/14711/14711-h.zip', 'text/html; charset=iso-8859-1application/zip' );
INSERT INTO files ( gid, file, mime ) VALUES ( '14711', 'http://www.gutenberg.org/files/14711/14711-h/14711-h.htm', 'text/html; charset=iso-8859-1' );
INSERT INTO files ( gid, file, mime ) VALUES ( '14711', 'http://www.gutenberg.org/files/14711/14711.txt', 'text/plain; charset=us-ascii' );
INSERT INTO files ( gid, file, mime ) VALUES ( '14711', 'http://www.gutenberg.org/files/14711/14711.zip', 'application/ziptext/plain; charset=us-ascii' );
INSERT INTO titles ( gid, title, author, language, rights ) VALUES ( '14611', 'A General History and Collection of Voyages and Travels — Volume 15 Forming A Complete History Of The Origin And Progress Of Navigation, Discovery, And Commerce, By Sea And Land, From The Earliest Ages To The Present Time', 'Kerr, Robert', 'en', 'Public domain in the USA.' );
INSERT INTO classifications ( gid, classification ) VALUES ( '14611', 'G' );
INSERT INTO subjects ( gid, subject ) VALUES ( '14611', 'Voyages and travels' );
INSERT INTO files ( gid, file, mime ) VALUES ( '14611', 'http://www.gutenberg.org/ebooks/14611.epub.images', 'application/epub+zip' );
INSERT INTO files ( gid, file, mime ) VALUES ( '14611', 'http://www.gutenberg.org/ebooks/14611.epub.noimages', 'application/epub+zip' );
INSERT INTO files ( gid, file, mime ) VALUES ( '14611', 'http://www.gutenberg.org/ebooks/14611.kindle.images', 'application/x-mobipocket-ebook' );
INSERT INTO files ( gid, file, mime ) VALUES ( '14611', 'http://www.gutenberg.org/ebooks/14611.kindle.noimages', 'application/x-mobipocket-ebook' );
INSERT INTO files ( gid, file, mime ) VALUES ( '14611', 'http://www.gutenberg.org/ebooks/14611.rdf', 'application/rdf+xml' );
INSERT INTO files ( gid, file, mime ) VALUES ( '14611', 'http://www.gutenberg.org/ebooks/14611.txt.utf-8', 'text/plain' );
INSERT INTO files ( gid, file, mime ) VALUES ( '14611', 'http://www.gutenberg.org/files/14611/14611-8.txt', 'text/plain; charset=iso-8859-1' );
INSERT INTO files ( gid, file, mime ) VALUES ( '14611', 'http://www.gutenberg.org/files/14611/14611-8.zip', 'application/ziptext/plain; charset=iso-8859-1' );
INSERT INTO files ( gid, file, mime ) VALUES ( '14611', 'http://www.gutenberg.org/files/14611/14611-h.zip', 'text/html; charset=iso-8859-1application/zip' );
INSERT INTO files ( gid, file, mime ) VALUES ( '14611', 'http://www.gutenberg.org/files/14611/14611-h/14611-h.htm', 'text/html; charset=iso-8859-1' );
INSERT INTO files ( gid, file, mime ) VALUES ( '14611', 'http://www.gutenberg.org/files/14611/14611.txt', 'text/plain; charset=us-ascii' );
INSERT INTO files ( gid, file, mime ) VALUES ( '14611', 'http://www.gutenberg.org/files/14611/14611.zip', 'application/ziptext/plain; charset=us-ascii' );
INSERT INTO titles ( gid, title, author, language, rights ) VALUES ( '14811', 'The New Freedom A Call For the Emancipation of the Generous Energies of a People', 'Wilson, Woodrow', 'en', 'Public domain in the USA.' );
INSERT INTO classifications ( gid, classification ) VALUES ( '14811', 'JK' );
INSERT INTO subjects ( gid, subject ) VALUES ( '14811', 'United States -- Politics and government -- 1913-1921' );
INSERT INTO subjects ( gid, subject ) VALUES ( '14811', 'United States -- Social conditions -- 1865-1918' );
INSERT INTO files ( gid, file, mime ) VALUES ( '14811', 'http://www.gutenberg.org/ebooks/14811.epub.images', 'application/epub+zip' );
INSERT INTO files ( gid, file, mime ) VALUES ( '14811', 'http://www.gutenberg.org/ebooks/14811.epub.noimages', 'application/epub+zip' );
INSERT INTO files ( gid, file, mime ) VALUES ( '14811', 'http://www.gutenberg.org/ebooks/14811.kindle.images', 'application/x-mobipocket-ebook' );
INSERT INTO files ( gid, file, mime ) VALUES ( '14811', 'http://www.gutenberg.org/ebooks/14811.kindle.noimages', 'application/x-mobipocket-ebook' );
INSERT INTO files ( gid, file, mime ) VALUES ( '14811', 'http://www.gutenberg.org/ebooks/14811.rdf', 'application/rdf+xml' );
INSERT INTO files ( gid, file, mime ) VALUES ( '14811', 'http://www.gutenberg.org/ebooks/14811.txt.utf-8', 'text/plain' );
INSERT INTO files ( gid, file, mime ) VALUES ( '14811', 'http://www.gutenberg.org/files/14811/14811-8.txt', 'text/plain; charset=iso-8859-1' );
INSERT INTO files ( gid, file, mime ) VALUES ( '14811', 'http://www.gutenberg.org/files/14811/14811-8.zip', 'application/ziptext/plain; charset=iso-8859-1' );
INSERT INTO files ( gid, file, mime ) VALUES ( '14811', 'http://www.gutenberg.org/files/14811/14811-h.zip', 'text/html; charset=iso-8859-1application/zip' );
INSERT INTO files ( gid, file, mime ) VALUES ( '14811', 'http://www.gutenberg.org/files/14811/14811-h/14811-h.htm', 'text/html; charset=iso-8859-1' );
INSERT INTO files ( gid, file, mime ) VALUES ( '14811', 'http://www.gutenberg.org/files/14811/14811.txt', 'text/plain; charset=us-ascii' );
INSERT INTO files ( gid, file, mime ) VALUES ( '14811', 'http://www.gutenberg.org/files/14811/14811.zip', 'text/plain; charset=us-asciiapplication/zip' );
INSERT INTO titles ( gid, title, author, language, rights ) VALUES ( '14911', 'Bruges-la-morte', 'Rodenbach, Georges', 'fr', 'Public domain in the USA.' );
INSERT INTO classifications ( gid, classification ) VALUES ( '14911', 'PQ' );
INSERT INTO subjects ( gid, subject ) VALUES ( '14911', 'Widowers -- Fiction' );
INSERT INTO subjects ( gid, subject ) VALUES ( '14911', 'Bruges (Belgium) -- Fiction' );
INSERT INTO files ( gid, file, mime ) VALUES ( '14911', 'http://www.gutenberg.org/ebooks/14911.epub.images', 'application/epub+zip' );
INSERT INTO files ( gid, file, mime ) VALUES ( '14911', 'http://www.gutenberg.org/ebooks/14911.epub.noimages', 'application/epub+zip' );
INSERT INTO files ( gid, file, mime ) VALUES ( '14911', 'http://www.gutenberg.org/ebooks/14911.html.images', 'text/html' );
INSERT INTO files ( gid, file, mime ) VALUES ( '14911', 'http://www.gutenberg.org/ebooks/14911.html.noimages', 'text/html' );
INSERT INTO files ( gid, file, mime ) VALUES ( '14911', 'http://www.gutenberg.org/ebooks/14911.kindle.images', 'application/x-mobipocket-ebook' );
INSERT INTO files ( gid, file, mime ) VALUES ( '14911', 'http://www.gutenberg.org/ebooks/14911.kindle.noimages', 'application/x-mobipocket-ebook' );
INSERT INTO files ( gid, file, mime ) VALUES ( '14911', 'http://www.gutenberg.org/ebooks/14911.rdf', 'application/rdf+xml' );
INSERT INTO files ( gid, file, mime ) VALUES ( '14911', 'http://www.gutenberg.org/ebooks/14911.txt.utf-8', 'text/plain' );
INSERT INTO files ( gid, file, mime ) VALUES ( '14911', 'http://www.gutenberg.org/files/14911/14911-8.txt', 'text/plain; charset=iso-8859-1' );
INSERT INTO files ( gid, file, mime ) VALUES ( '14911', 'http://www.gutenberg.org/files/14911/14911-8.zip', 'application/ziptext/plain; charset=iso-8859-1' );
INSERT INTO files ( gid, file, mime ) VALUES ( '14911', 'http://www.gutenberg.org/files/14911/14911-r.rtf', 'text/rtf' );
INSERT INTO files ( gid, file, mime ) VALUES ( '14911', 'http://www.gutenberg.org/files/14911/14911-r.zip', 'application/ziptext/rtf' );
INSERT INTO titles ( gid, title, author, language, rights ) VALUES ( '15111', 'Randy and Her Friends', 'Brooks, Amy', 'en', 'Public domain in the USA.' );
INSERT INTO classifications ( gid, classification ) VALUES ( '15111', 'PZ' );
INSERT INTO subjects ( gid, subject ) VALUES ( '15111', 'Girls -- Juvenile fiction' );
INSERT INTO files ( gid, file, mime ) VALUES ( '15111', 'http://www.gutenberg.org/cache/epub/15111/pg15111.cover.medium.jpg', 'image/jpeg' );
INSERT INTO files ( gid, file, mime ) VALUES ( '15111', 'http://www.gutenberg.org/cache/epub/15111/pg15111.cover.small.jpg', 'image/jpeg' );
INSERT INTO files ( gid, file, mime ) VALUES ( '15111', 'http://www.gutenberg.org/ebooks/15111.epub.images', 'application/epub+zip' );
INSERT INTO files ( gid, file, mime ) VALUES ( '15111', 'http://www.gutenberg.org/ebooks/15111.epub.noimages', 'application/epub+zip' );
INSERT INTO files ( gid, file, mime ) VALUES ( '15111', 'http://www.gutenberg.org/ebooks/15111.kindle.images', 'application/x-mobipocket-ebook' );
INSERT INTO files ( gid, file, mime ) VALUES ( '15111', 'http://www.gutenberg.org/ebooks/15111.kindle.noimages', 'application/x-mobipocket-ebook' );
INSERT INTO files ( gid, file, mime ) VALUES ( '15111', 'http://www.gutenberg.org/ebooks/15111.rdf', 'application/rdf+xml' );
INSERT INTO files ( gid, file, mime ) VALUES ( '15111', 'http://www.gutenberg.org/ebooks/15111.txt.utf-8', 'text/plain' );
INSERT INTO files ( gid, file, mime ) VALUES ( '15111', 'http://www.gutenberg.org/files/15111/15111-8.txt', 'text/plain; charset=iso-8859-1' );
INSERT INTO files ( gid, file, mime ) VALUES ( '15111', 'http://www.gutenberg.org/files/15111/15111-8.zip', 'application/ziptext/plain; charset=iso-8859-1' );
INSERT INTO files ( gid, file, mime ) VALUES ( '15111', 'http://www.gutenberg.org/files/15111/15111-h.zip', 'text/html; charset=iso-8859-1application/zip' );
INSERT INTO files ( gid, file, mime ) VALUES ( '15111', 'http://www.gutenberg.org/files/15111/15111-h/15111-h.htm', 'text/html; charset=iso-8859-1' );
INSERT INTO files ( gid, file, mime ) VALUES ( '15111', 'http://www.gutenberg.org/files/15111/15111.txt', 'text/plain; charset=us-ascii' );
INSERT INTO files ( gid, file, mime ) VALUES ( '15111', 'http://www.gutenberg.org/files/15111/15111.zip', 'application/ziptext/plain; charset=us-ascii' );
INSERT INTO titles ( gid, title, author, language, rights ) VALUES ( '15011', 'The Spirit and the Word A Treatise on the Holy Spirit in the Light of a Rational Interpretation of the Word of Truth', 'Sweeney, Z. T. (Zachary Taylor)', 'en', 'Public domain in the USA.' );
INSERT INTO classifications ( gid, classification ) VALUES ( '15011', 'BT' );
INSERT INTO subjects ( gid, subject ) VALUES ( '15011', 'Holy Spirit' );
INSERT INTO files ( gid, file, mime ) VALUES ( '15011', 'http://www.gutenberg.org/ebooks/15011.epub.images', 'application/epub+zip' );
INSERT INTO files ( gid, file, mime ) VALUES ( '15011', 'http://www.gutenberg.org/ebooks/15011.epub.noimages', 'application/epub+zip' );
INSERT INTO files ( gid, file, mime ) VALUES ( '15011', 'http://www.gutenberg.org/ebooks/15011.kindle.images', 'application/x-mobipocket-ebook' );
INSERT INTO files ( gid, file, mime ) VALUES ( '15011', 'http://www.gutenberg.org/ebooks/15011.kindle.noimages', 'application/x-mobipocket-ebook' );
INSERT INTO files ( gid, file, mime ) VALUES ( '15011', 'http://www.gutenberg.org/ebooks/15011.rdf', 'application/rdf+xml' );
INSERT INTO files ( gid, file, mime ) VALUES ( '15011', 'http://www.gutenberg.org/ebooks/15011.txt.utf-8', 'text/plain' );
INSERT INTO files ( gid, file, mime ) VALUES ( '15011', 'http://www.gutenberg.org/files/15011/15011-8.txt', 'text/plain; charset=iso-8859-1' );
INSERT INTO files ( gid, file, mime ) VALUES ( '15011', 'http://www.gutenberg.org/files/15011/15011-8.zip', 'application/ziptext/plain; charset=iso-8859-1' );
INSERT INTO files ( gid, file, mime ) VALUES ( '15011', 'http://www.gutenberg.org/files/15011/15011-h.zip', 'text/html; charset=iso-8859-1application/zip' );
INSERT INTO files ( gid, file, mime ) VALUES ( '15011', 'http://www.gutenberg.org/files/15011/15011-h/15011-h.htm', 'text/html; charset=iso-8859-1' );
INSERT INTO files ( gid, file, mime ) VALUES ( '15011', 'http://www.gutenberg.org/files/15011/15011.txt', 'text/plain; charset=us-ascii' );
INSERT INTO files ( gid, file, mime ) VALUES ( '15011', 'http://www.gutenberg.org/files/15011/15011.zip', 'text/plain; charset=us-asciiapplication/zip' );
INSERT INTO titles ( gid, title, author, language, rights ) VALUES ( '1511', 'King John', 'Shakespeare, William', 'en', 'Public domain in the USA.' );
INSERT INTO classifications ( gid, classification ) VALUES ( '1511', 'PR' );
INSERT INTO subjects ( gid, subject ) VALUES ( '1511', 'Great Britain -- History -- John, 1199-1216 -- Drama' );
INSERT INTO subjects ( gid, subject ) VALUES ( '1511', 'John, King of England, 1167-1216 -- Drama' );
INSERT INTO files ( gid, file, mime ) VALUES ( '1511', 'http://www.gutenberg.org/ebooks/1511.epub.images', 'application/epub+zip' );
INSERT INTO files ( gid, file, mime ) VALUES ( '1511', 'http://www.gutenberg.org/ebooks/1511.epub.noimages', 'application/epub+zip' );
INSERT INTO files ( gid, file, mime ) VALUES ( '1511', 'http://www.gutenberg.org/ebooks/1511.html.images', 'text/html' );
INSERT INTO files ( gid, file, mime ) VALUES ( '1511', 'http://www.gutenberg.org/ebooks/1511.html.noimages', 'text/html' );
INSERT INTO files ( gid, file, mime ) VALUES ( '1511', 'http://www.gutenberg.org/ebooks/1511.kindle.images', 'application/x-mobipocket-ebook' );
INSERT INTO files ( gid, file, mime ) VALUES ( '1511', 'http://www.gutenberg.org/ebooks/1511.kindle.noimages', 'application/x-mobipocket-ebook' );
INSERT INTO files ( gid, file, mime ) VALUES ( '1511', 'http://www.gutenberg.org/ebooks/1511.rdf', 'application/rdf+xml' );
INSERT INTO files ( gid, file, mime ) VALUES ( '1511', 'http://www.gutenberg.org/ebooks/1511.txt.utf-8', 'text/plain' );
INSERT INTO files ( gid, file, mime ) VALUES ( '1511', 'http://www.gutenberg.org/files/1511/1511.txt', 'text/plain; charset=us-ascii' );
INSERT INTO files ( gid, file, mime ) VALUES ( '1511', 'http://www.gutenberg.org/files/1511/1511.zip', 'application/ziptext/plain; charset=us-ascii' );
INSERT INTO titles ( gid, title, author, language, rights ) VALUES ( '15211', 'Some Broken Twigs', 'Beede, Clara Frances McKee', 'en', 'Public domain in the USA.' );
INSERT INTO classifications ( gid, classification ) VALUES ( '15211', 'PS' );
INSERT INTO subjects ( gid, subject ) VALUES ( '15211', 'Poetry' );
INSERT INTO files ( gid, file, mime ) VALUES ( '15211', 'http://www.gutenberg.org/cache/epub/15211/pg15211.cover.medium.jpg', 'image/jpeg' );
INSERT INTO files ( gid, file, mime ) VALUES ( '15211', 'http://www.gutenberg.org/cache/epub/15211/pg15211.cover.small.jpg', 'image/jpeg' );
INSERT INTO files ( gid, file, mime ) VALUES ( '15211', 'http://www.gutenberg.org/ebooks/15211.epub.images', 'application/epub+zip' );
INSERT INTO files ( gid, file, mime ) VALUES ( '15211', 'http://www.gutenberg.org/ebooks/15211.epub.noimages', 'application/epub+zip' );
INSERT INTO files ( gid, file, mime ) VALUES ( '15211', 'http://www.gutenberg.org/ebooks/15211.kindle.images', 'application/x-mobipocket-ebook' );
INSERT INTO files ( gid, file, mime ) VALUES ( '15211', 'http://www.gutenberg.org/ebooks/15211.kindle.noimages', 'application/x-mobipocket-ebook' );
INSERT INTO files ( gid, file, mime ) VALUES ( '15211', 'http://www.gutenberg.org/ebooks/15211.rdf', 'application/rdf+xml' );
INSERT INTO files ( gid, file, mime ) VALUES ( '15211', 'http://www.gutenberg.org/ebooks/15211.txt.utf-8', 'text/plain' );
INSERT INTO files ( gid, file, mime ) VALUES ( '15211', 'http://www.gutenberg.org/files/15211/15211-8.txt', 'text/plain; charset=iso-8859-1' );
INSERT INTO files ( gid, file, mime ) VALUES ( '15211', 'http://www.gutenberg.org/files/15211/15211-8.zip', 'application/ziptext/plain; charset=iso-8859-1' );
INSERT INTO files ( gid, file, mime ) VALUES ( '15211', 'http://www.gutenberg.org/files/15211/15211-h.zip', 'application/ziptext/html; charset=iso-8859-1' );
INSERT INTO files ( gid, file, mime ) VALUES ( '15211', 'http://www.gutenberg.org/files/15211/15211-h/15211-h.htm', 'text/html; charset=iso-8859-1' );
INSERT INTO files ( gid, file, mime ) VALUES ( '15211', 'http://www.gutenberg.org/files/15211/15211.txt', 'text/plain; charset=us-ascii' );
INSERT INTO files ( gid, file, mime ) VALUES ( '15211', 'http://www.gutenberg.org/files/15211/15211.zip', 'text/plain; charset=us-asciiapplication/zip' );
INSERT INTO titles ( gid, title, author, language, rights ) VALUES ( '15311', 'Poems By The Way & Love Is Enough', 'Morris, William', 'en', 'Public domain in the USA.' );
INSERT INTO classifications ( gid, classification ) VALUES ( '15311', 'PR' );
INSERT INTO subjects ( gid, subject ) VALUES ( '15311', 'Drama' );
INSERT INTO subjects ( gid, subject ) VALUES ( '15311', 'Poetry' );
INSERT INTO files ( gid, file, mime ) VALUES ( '15311', 'http://www.gutenberg.org/ebooks/15311.epub.images', 'application/epub+zip' );
INSERT INTO files ( gid, file, mime ) VALUES ( '15311', 'http://www.gutenberg.org/ebooks/15311.epub.noimages', 'application/epub+zip' );
INSERT INTO files ( gid, file, mime ) VALUES ( '15311', 'http://www.gutenberg.org/ebooks/15311.kindle.images', 'application/x-mobipocket-ebook' );
INSERT INTO files ( gid, file, mime ) VALUES ( '15311', 'http://www.gutenberg.org/ebooks/15311.kindle.noimages', 'application/x-mobipocket-ebook' );
INSERT INTO files ( gid, file, mime ) VALUES ( '15311', 'http://www.gutenberg.org/ebooks/15311.rdf', 'application/rdf+xml' );
INSERT INTO files ( gid, file, mime ) VALUES ( '15311', 'http://www.gutenberg.org/ebooks/15311.txt.utf-8', 'text/plain' );
INSERT INTO files ( gid, file, mime ) VALUES ( '15311', 'http://www.gutenberg.org/files/15311/15311-h.zip', 'text/html; charset=us-asciiapplication/zip' );
INSERT INTO files ( gid, file, mime ) VALUES ( '15311', 'http://www.gutenberg.org/files/15311/15311-h/15311-h.htm', 'text/html; charset=us-ascii' );
INSERT INTO files ( gid, file, mime ) VALUES ( '15311', 'http://www.gutenberg.org/files/15311/15311.txt', 'text/plain; charset=us-ascii' );
INSERT INTO files ( gid, file, mime ) VALUES ( '15311', 'http://www.gutenberg.org/files/15311/15311.zip', 'application/ziptext/plain; charset=us-ascii' );
INSERT INTO titles ( gid, title, author, language, rights ) VALUES ( '15411', 'A Voyage to the South Sea Undertaken by command of His Majesty for the purpose of conveying the bread-fruit tree to the West Indies in His Majesty''s ship the Bounty commanded by Lieutenant William Bligh; including an account of the mutiny on board the said ship and the subsequent voyage of part of the crew in the ship''s boat from Tofoa, one of the Friendly Islands, to Timor, a Dutch settlement in the East Indies', 'Bligh, William', 'en', 'Public domain in the USA.' );
INSERT INTO classifications ( gid, classification ) VALUES ( '15411', 'DU' );
INSERT INTO subjects ( gid, subject ) VALUES ( '15411', 'Bounty Mutiny, 1789' );
INSERT INTO subjects ( gid, subject ) VALUES ( '15411', 'Bounty (Ship)' );
INSERT INTO subjects ( gid, subject ) VALUES ( '15411', 'Voyages and travels' );
INSERT INTO subjects ( gid, subject ) VALUES ( '15411', 'Oceania -- Description and travel -- Early works to 1800' );
INSERT INTO files ( gid, file, mime ) VALUES ( '15411', 'http://www.gutenberg.org/ebooks/15411.epub.images', 'application/epub+zip' );
INSERT INTO files ( gid, file, mime ) VALUES ( '15411', 'http://www.gutenberg.org/ebooks/15411.epub.noimages', 'application/epub+zip' );
INSERT INTO files ( gid, file, mime ) VALUES ( '15411', 'http://www.gutenberg.org/ebooks/15411.kindle.images', 'application/x-mobipocket-ebook' );
INSERT INTO files ( gid, file, mime ) VALUES ( '15411', 'http://www.gutenberg.org/ebooks/15411.kindle.noimages', 'application/x-mobipocket-ebook' );
INSERT INTO files ( gid, file, mime ) VALUES ( '15411', 'http://www.gutenberg.org/ebooks/15411.rdf', 'application/rdf+xml' );
INSERT INTO files ( gid, file, mime ) VALUES ( '15411', 'http://www.gutenberg.org/ebooks/15411.txt.utf-8', 'text/plain' );
INSERT INTO files ( gid, file, mime ) VALUES ( '15411', 'http://www.gutenberg.org/files/15411/15411-h.zip', 'application/ziptext/html; charset=us-ascii' );
INSERT INTO files ( gid, file, mime ) VALUES ( '15411', 'http://www.gutenberg.org/files/15411/15411-h/15411-h.htm', 'text/html; charset=us-ascii' );
INSERT INTO files ( gid, file, mime ) VALUES ( '15411', 'http://www.gutenberg.org/files/15411/15411.txt', 'text/plain; charset=us-ascii' );
INSERT INTO files ( gid, file, mime ) VALUES ( '15411', 'http://www.gutenberg.org/files/15411/15411.zip', 'text/plain; charset=us-asciiapplication/zip' );
INSERT INTO titles ( gid, title, author, language, rights ) VALUES ( '15511', 'Mr. Pat''s Little Girl: A Story of the Arden Foresters', 'Leonard, Mary Finley', 'en', 'Public domain in the USA.' );
INSERT INTO classifications ( gid, classification ) VALUES ( '15511', 'PZ' );
INSERT INTO classifications ( gid, classification ) VALUES ( '15511', 'PS' );
INSERT INTO subjects ( gid, subject ) VALUES ( '15511', 'Kentucky -- Juvenile fiction' );
INSERT INTO subjects ( gid, subject ) VALUES ( '15511', 'Girls -- Juvenile fiction' );
INSERT INTO files ( gid, file, mime ) VALUES ( '15511', 'http://www.gutenberg.org/ebooks/15511.epub.images', 'application/epub+zip' );
INSERT INTO files ( gid, file, mime ) VALUES ( '15511', 'http://www.gutenberg.org/ebooks/15511.epub.noimages', 'application/epub+zip' );
INSERT INTO files ( gid, file, mime ) VALUES ( '15511', 'http://www.gutenberg.org/ebooks/15511.kindle.images', 'application/x-mobipocket-ebook' );
INSERT INTO files ( gid, file, mime ) VALUES ( '15511', 'http://www.gutenberg.org/ebooks/15511.kindle.noimages', 'application/x-mobipocket-ebook' );
INSERT INTO files ( gid, file, mime ) VALUES ( '15511', 'http://www.gutenberg.org/ebooks/15511.rdf', 'application/rdf+xml' );
INSERT INTO files ( gid, file, mime ) VALUES ( '15511', 'http://www.gutenberg.org/ebooks/15511.txt.utf-8', 'text/plain' );
INSERT INTO files ( gid, file, mime ) VALUES ( '15511', 'http://www.gutenberg.org/files/15511/15511-8.txt', 'text/plain; charset=iso-8859-1' );
INSERT INTO files ( gid, file, mime ) VALUES ( '15511', 'http://www.gutenberg.org/files/15511/15511-8.zip', 'application/ziptext/plain; charset=iso-8859-1' );
INSERT INTO files ( gid, file, mime ) VALUES ( '15511', 'http://www.gutenberg.org/files/15511/15511-h.zip', 'text/html; charset=iso-8859-1application/zip' );
INSERT INTO files ( gid, file, mime ) VALUES ( '15511', 'http://www.gutenberg.org/files/15511/15511-h/15511-h.htm', 'text/html; charset=iso-8859-1' );
INSERT INTO files ( gid, file, mime ) VALUES ( '15511', 'http://www.gutenberg.org/files/15511/15511.txt', 'text/plain; charset=us-ascii' );
INSERT INTO files ( gid, file, mime ) VALUES ( '15511', 'http://www.gutenberg.org/files/15511/15511.zip', 'application/ziptext/plain; charset=us-ascii' );
INSERT INTO titles ( gid, title, author, language, rights ) VALUES ( '15611', 'Auringon noustessa Kasvavalle nuorisolle', 'Roschier, Tekla', 'fi', 'Public domain in the USA.' );
INSERT INTO classifications ( gid, classification ) VALUES ( '15611', 'PH' );
INSERT INTO subjects ( gid, subject ) VALUES ( '15611', 'Fiction' );
INSERT INTO files ( gid, file, mime ) VALUES ( '15611', 'http://www.gutenberg.org/ebooks/15611.epub.images', 'application/epub+zip' );
INSERT INTO files ( gid, file, mime ) VALUES ( '15611', 'http://www.gutenberg.org/ebooks/15611.epub.noimages', 'application/epub+zip' );
INSERT INTO files ( gid, file, mime ) VALUES ( '15611', 'http://www.gutenberg.org/ebooks/15611.html.images', 'text/html' );
INSERT INTO files ( gid, file, mime ) VALUES ( '15611', 'http://www.gutenberg.org/ebooks/15611.html.noimages', 'text/html' );
INSERT INTO files ( gid, file, mime ) VALUES ( '15611', 'http://www.gutenberg.org/ebooks/15611.kindle.images', 'application/x-mobipocket-ebook' );
INSERT INTO files ( gid, file, mime ) VALUES ( '15611', 'http://www.gutenberg.org/ebooks/15611.kindle.noimages', 'application/x-mobipocket-ebook' );
INSERT INTO files ( gid, file, mime ) VALUES ( '15611', 'http://www.gutenberg.org/ebooks/15611.rdf', 'application/rdf+xml' );
INSERT INTO files ( gid, file, mime ) VALUES ( '15611', 'http://www.gutenberg.org/ebooks/15611.txt.utf-8', 'text/plain' );
INSERT INTO files ( gid, file, mime ) VALUES ( '15611', 'http://www.gutenberg.org/files/15611/15611-8.txt', 'text/plain; charset=iso-8859-1' );
INSERT INTO files ( gid, file, mime ) VALUES ( '15611', 'http://www.gutenberg.org/files/15611/15611-8.zip', 'application/ziptext/plain; charset=iso-8859-1' );
INSERT INTO titles ( gid, title, author, language, rights ) VALUES ( '57311', 'The Heart of a Mystery', 'Speight, T. W. (Thomas Wilkinson)', 'en', 'Public domain in the USA.' );
INSERT INTO classifications ( gid, classification ) VALUES ( '57311', 'PR' );
INSERT INTO subjects ( gid, subject ) VALUES ( '57311', 'Mystery and detective stories' );
INSERT INTO subjects ( gid, subject ) VALUES ( '57311', 'English fiction -- 19th century' );
INSERT INTO files ( gid, file, mime ) VALUES ( '57311', 'http://www.gutenberg.org/ebooks/57311.epub.images', 'application/epub+zip' );
INSERT INTO files ( gid, file, mime ) VALUES ( '57311', 'http://www.gutenberg.org/ebooks/57311.epub.noimages', 'application/epub+zip' );
INSERT INTO files ( gid, file, mime ) VALUES ( '57311', 'http://www.gutenberg.org/ebooks/57311.kindle.images', 'application/x-mobipocket-ebook' );
INSERT INTO files ( gid, file, mime ) VALUES ( '57311', 'http://www.gutenberg.org/ebooks/57311.kindle.noimages', 'application/x-mobipocket-ebook' );
INSERT INTO files ( gid, file, mime ) VALUES ( '57311', 'http://www.gutenberg.org/ebooks/57311.rdf', 'application/rdf+xml' );
INSERT INTO files ( gid, file, mime ) VALUES ( '57311', 'http://www.gutenberg.org/ebooks/57311.txt.utf-8', 'text/plain' );
INSERT INTO files ( gid, file, mime ) VALUES ( '57311', 'http://www.gutenberg.org/files/57311/57311-8.txt', 'text/plain; charset=iso-8859-1' );
INSERT INTO files ( gid, file, mime ) VALUES ( '57311', 'http://www.gutenberg.org/files/57311/57311-8.zip', 'application/ziptext/plain; charset=iso-8859-1' );
INSERT INTO files ( gid, file, mime ) VALUES ( '57311', 'http://www.gutenberg.org/files/57311/57311-h.zip', 'text/html; charset=iso-8859-1application/zip' );
INSERT INTO files ( gid, file, mime ) VALUES ( '57311', 'http://www.gutenberg.org/files/57311/57311-h/57311-h.htm', 'text/html; charset=iso-8859-1' );
INSERT INTO titles ( gid, title, author, language, rights ) VALUES ( '57211', 'The Cabinetmaker in Eighteenth-Century Williamsburg Giving Attention to the City’s Chief Craftsmen in the Furniture Way; And to Their Tools & Methods of Working', 'Heuvel, Johannes', 'en', 'Public domain in the USA.' );
INSERT INTO classifications ( gid, classification ) VALUES ( '57211', 'NK' );
INSERT INTO subjects ( gid, subject ) VALUES ( '57211', 'Furniture making' );
INSERT INTO subjects ( gid, subject ) VALUES ( '57211', 'Furniture, Colonial -- Virginia -- Williamsburg' );
INSERT INTO subjects ( gid, subject ) VALUES ( '57211', 'Furniture workers -- Virginia -- Williamsburg' );
INSERT INTO files ( gid, file, mime ) VALUES ( '57211', 'http://www.gutenberg.org/cache/epub/57211/pg57211.cover.medium.jpg', 'image/jpeg' );
INSERT INTO files ( gid, file, mime ) VALUES ( '57211', 'http://www.gutenberg.org/cache/epub/57211/pg57211.cover.small.jpg', 'image/jpeg' );
INSERT INTO files ( gid, file, mime ) VALUES ( '57211', 'http://www.gutenberg.org/ebooks/57211.epub.images', 'application/epub+zip' );
INSERT INTO files ( gid, file, mime ) VALUES ( '57211', 'http://www.gutenberg.org/ebooks/57211.epub.noimages', 'application/epub+zip' );
INSERT INTO files ( gid, file, mime ) VALUES ( '57211', 'http://www.gutenberg.org/ebooks/57211.kindle.images', 'application/x-mobipocket-ebook' );
INSERT INTO files ( gid, file, mime ) VALUES ( '57211', 'http://www.gutenberg.org/ebooks/57211.kindle.noimages', 'application/x-mobipocket-ebook' );
INSERT INTO files ( gid, file, mime ) VALUES ( '57211', 'http://www.gutenberg.org/ebooks/57211.rdf', 'application/rdf+xml' );
INSERT INTO files ( gid, file, mime ) VALUES ( '57211', 'http://www.gutenberg.org/files/57211/57211-0.txt', 'text/plain; charset=utf-8' );
INSERT INTO files ( gid, file, mime ) VALUES ( '57211', 'http://www.gutenberg.org/files/57211/57211-0.zip', 'application/ziptext/plain; charset=utf-8' );
INSERT INTO files ( gid, file, mime ) VALUES ( '57211', 'http://www.gutenberg.org/files/57211/57211-8.txt', 'text/plain; charset=iso-8859-1' );
INSERT INTO files ( gid, file, mime ) VALUES ( '57211', 'http://www.gutenberg.org/files/57211/57211-8.zip', 'application/ziptext/plain; charset=iso-8859-1' );
INSERT INTO files ( gid, file, mime ) VALUES ( '57211', 'http://www.gutenberg.org/files/57211/57211-h.zip', 'application/octet-streamapplication/zip' );
INSERT INTO files ( gid, file, mime ) VALUES ( '57211', 'http://www.gutenberg.org/files/57211/57211-h/57211-h.htm', 'text/html' );
INSERT INTO titles ( gid, title, author, language, rights ) VALUES ( '57411', 'The Magic of the Horse-shoe, with other folk-lore notes', 'Lawrence, Robert Means', 'en', 'Public domain in the USA.' );
INSERT INTO classifications ( gid, classification ) VALUES ( '57411', 'GR' );
INSERT INTO subjects ( gid, subject ) VALUES ( '57411', 'Folklore' );
INSERT INTO files ( gid, file, mime ) VALUES ( '57411', 'http://www.gutenberg.org/cache/epub/57411/pg57411.cover.medium.jpg', 'image/jpeg' );
INSERT INTO files ( gid, file, mime ) VALUES ( '57411', 'http://www.gutenberg.org/cache/epub/57411/pg57411.cover.small.jpg', 'image/jpeg' );
INSERT INTO files ( gid, file, mime ) VALUES ( '57411', 'http://www.gutenberg.org/ebooks/57411.epub.images', 'application/epub+zip' );
INSERT INTO files ( gid, file, mime ) VALUES ( '57411', 'http://www.gutenberg.org/ebooks/57411.epub.noimages', 'application/epub+zip' );
INSERT INTO files ( gid, file, mime ) VALUES ( '57411', 'http://www.gutenberg.org/ebooks/57411.kindle.images', 'application/x-mobipocket-ebook' );
INSERT INTO files ( gid, file, mime ) VALUES ( '57411', 'http://www.gutenberg.org/ebooks/57411.kindle.noimages', 'application/x-mobipocket-ebook' );
INSERT INTO files ( gid, file, mime ) VALUES ( '57411', 'http://www.gutenberg.org/ebooks/57411.rdf', 'application/rdf+xml' );
INSERT INTO files ( gid, file, mime ) VALUES ( '57411', 'http://www.gutenberg.org/files/57411/57411-0.txt', 'text/plain; charset=utf-8' );
INSERT INTO files ( gid, file, mime ) VALUES ( '57411', 'http://www.gutenberg.org/files/57411/57411-0.zip', 'application/ziptext/plain; charset=utf-8' );
INSERT INTO files ( gid, file, mime ) VALUES ( '57411', 'http://www.gutenberg.org/files/57411/57411-h.zip', 'text/html; charset=utf-8application/zip' );
INSERT INTO files ( gid, file, mime ) VALUES ( '57411', 'http://www.gutenberg.org/files/57411/57411-h/57411-h.htm', 'text/html; charset=utf-8' );
INSERT INTO titles ( gid, title, author, language, rights ) VALUES ( '57511', 'Index for Works of Ruth Ogden Hyperlinks to all Chapters of all Individual Ebooks', 'Ogden, Ruth', 'en', 'Public domain in the USA.' );
INSERT INTO classifications ( gid, classification ) VALUES ( '57511', 'PZ' );
INSERT INTO classifications ( gid, classification ) VALUES ( '57511', 'PS' );
INSERT INTO subjects ( gid, subject ) VALUES ( '57511', 'Indexes' );
INSERT INTO files ( gid, file, mime ) VALUES ( '57511', 'http://www.gutenberg.org/cache/epub/57511/pg57511.cover.medium.jpg', 'image/jpeg' );
INSERT INTO files ( gid, file, mime ) VALUES ( '57511', 'http://www.gutenberg.org/cache/epub/57511/pg57511.cover.small.jpg', 'image/jpeg' );
INSERT INTO files ( gid, file, mime ) VALUES ( '57511', 'http://www.gutenberg.org/ebooks/57511.epub.images', 'application/epub+zip' );
INSERT INTO files ( gid, file, mime ) VALUES ( '57511', 'http://www.gutenberg.org/ebooks/57511.epub.noimages', 'application/epub+zip' );
INSERT INTO files ( gid, file, mime ) VALUES ( '57511', 'http://www.gutenberg.org/ebooks/57511.kindle.images', 'application/x-mobipocket-ebook' );
INSERT INTO files ( gid, file, mime ) VALUES ( '57511', 'http://www.gutenberg.org/ebooks/57511.kindle.noimages', 'application/x-mobipocket-ebook' );
INSERT INTO files ( gid, file, mime ) VALUES ( '57511', 'http://www.gutenberg.org/ebooks/57511.rdf', 'application/rdf+xml' );
INSERT INTO files ( gid, file, mime ) VALUES ( '57511', 'http://www.gutenberg.org/files/57511/57511-0.txt', 'text/plain; charset=utf-8' );
INSERT INTO files ( gid, file, mime ) VALUES ( '57511', 'http://www.gutenberg.org/files/57511/57511-0.zip', 'application/ziptext/plain; charset=utf-8' );
INSERT INTO files ( gid, file, mime ) VALUES ( '57511', 'http://www.gutenberg.org/files/57511/57511-h.zip', 'text/html; charset=utf-8application/zip' );
INSERT INTO files ( gid, file, mime ) VALUES ( '57511', 'http://www.gutenberg.org/files/57511/57511-h/57511-h.htm', 'text/html; charset=utf-8' );
INSERT INTO titles ( gid, title, author, language, rights ) VALUES ( '57611', 'Heroines of the Modern Stage', 'Izard, Forrest', 'en', 'Public domain in the USA.' );
INSERT INTO classifications ( gid, classification ) VALUES ( '57611', 'PN' );
INSERT INTO subjects ( gid, subject ) VALUES ( '57611', 'Actresses' );
INSERT INTO files ( gid, file, mime ) VALUES ( '57611', 'http://www.gutenberg.org/cache/epub/57611/pg57611.cover.medium.jpg', 'image/jpeg' );
INSERT INTO files ( gid, file, mime ) VALUES ( '57611', 'http://www.gutenberg.org/cache/epub/57611/pg57611.cover.small.jpg', 'image/jpeg' );
INSERT INTO files ( gid, file, mime ) VALUES ( '57611', 'http://www.gutenberg.org/ebooks/57611.epub.images', 'application/epub+zip' );
INSERT INTO files ( gid, file, mime ) VALUES ( '57611', 'http://www.gutenberg.org/ebooks/57611.epub.noimages', 'application/epub+zip' );
INSERT INTO files ( gid, file, mime ) VALUES ( '57611', 'http://www.gutenberg.org/ebooks/57611.kindle.images', 'application/x-mobipocket-ebook' );
INSERT INTO files ( gid, file, mime ) VALUES ( '57611', 'http://www.gutenberg.org/ebooks/57611.kindle.noimages', 'application/x-mobipocket-ebook' );
INSERT INTO files ( gid, file, mime ) VALUES ( '57611', 'http://www.gutenberg.org/ebooks/57611.rdf', 'application/rdf+xml' );
INSERT INTO files ( gid, file, mime ) VALUES ( '57611', 'http://www.gutenberg.org/files/57611/57611-0.txt', 'text/plain; charset=utf-8' );
INSERT INTO files ( gid, file, mime ) VALUES ( '57611', 'http://www.gutenberg.org/files/57611/57611-0.zip', 'text/plain; charset=utf-8application/zip' );
INSERT INTO files ( gid, file, mime ) VALUES ( '57611', 'http://www.gutenberg.org/files/57611/57611-h.zip', 'text/html; charset=utf-8application/zip' );
INSERT INTO files ( gid, file, mime ) VALUES ( '57611', 'http://www.gutenberg.org/files/57611/57611-h/57611-h.htm', 'text/html; charset=utf-8' );
INSERT INTO titles ( gid, title, author, language, rights ) VALUES ( '57711', 'Hudson Tercentenary An historical retrospect regarding the object and quest of an all-water route from Europe to India; the obstacles in the way; and also Hudson''s voyage to America in 1609 and some of its results', 'Chamberlain, Frank', 'en', 'Public domain in the USA.' );
INSERT INTO subjects ( gid, subject ) VALUES ( '57711', 'Hudson River (N.Y. and N.J.) -- History' );
INSERT INTO subjects ( gid, subject ) VALUES ( '57711', 'E011' );
INSERT INTO subjects ( gid, subject ) VALUES ( '57711', 'Hudson, Henry, -1611' );
INSERT INTO files ( gid, file, mime ) VALUES ( '57711', 'http://www.gutenberg.org/cache/epub/57711/pg57711.cover.medium.jpg', 'image/jpeg' );
INSERT INTO files ( gid, file, mime ) VALUES ( '57711', 'http://www.gutenberg.org/cache/epub/57711/pg57711.cover.small.jpg', 'image/jpeg' );
INSERT INTO files ( gid, file, mime ) VALUES ( '57711', 'http://www.gutenberg.org/ebooks/57711.epub.images', 'application/epub+zip' );
INSERT INTO files ( gid, file, mime ) VALUES ( '57711', 'http://www.gutenberg.org/ebooks/57711.epub.noimages', 'application/epub+zip' );
INSERT INTO files ( gid, file, mime ) VALUES ( '57711', 'http://www.gutenberg.org/ebooks/57711.kindle.images', 'application/x-mobipocket-ebook' );
INSERT INTO files ( gid, file, mime ) VALUES ( '57711', 'http://www.gutenberg.org/ebooks/57711.kindle.noimages', 'application/x-mobipocket-ebook' );
INSERT INTO files ( gid, file, mime ) VALUES ( '57711', 'http://www.gutenberg.org/ebooks/57711.rdf', 'application/rdf+xml' );
INSERT INTO files ( gid, file, mime ) VALUES ( '57711', 'http://www.gutenberg.org/files/57711/57711-0.txt', 'text/plain; charset=utf-8' );
INSERT INTO files ( gid, file, mime ) VALUES ( '57711', 'http://www.gutenberg.org/files/57711/57711-0.zip', 'text/plain; charset=utf-8application/zip' );
INSERT INTO files ( gid, file, mime ) VALUES ( '57711', 'http://www.gutenberg.org/files/57711/57711-8.txt', 'text/plain; charset=iso-8859-1' );
INSERT INTO files ( gid, file, mime ) VALUES ( '57711', 'http://www.gutenberg.org/files/57711/57711-8.zip', 'application/ziptext/plain; charset=iso-8859-1' );
INSERT INTO files ( gid, file, mime ) VALUES ( '57711', 'http://www.gutenberg.org/files/57711/57711-h.zip', 'application/octet-streamapplication/zip' );
INSERT INTO files ( gid, file, mime ) VALUES ( '57711', 'http://www.gutenberg.org/files/57711/57711-h/57711-h.htm', 'text/html' );
INSERT INTO titles ( gid, title, author, language, rights ) VALUES ( '57811', 'A Character of the Province of Maryland Described in four distinct parts; also a small Treatise on the Wild and Naked Indians (or Susquehanokes) of Maryland, their customs, manners, absurdities, and religion; together with a collection of historical letters.', 'Alsop, George', 'en', 'Public domain in the USA.' );
INSERT INTO subjects ( gid, subject ) VALUES ( '57811', 'F106' );
INSERT INTO subjects ( gid, subject ) VALUES ( '57811', 'Susquehanna Indians' );
INSERT INTO subjects ( gid, subject ) VALUES ( '57811', 'Maryland -- Description and travel -- Early works to 1800' );
INSERT INTO files ( gid, file, mime ) VALUES ( '57811', 'http://www.gutenberg.org/cache/epub/57811/pg57811.cover.medium.jpg', 'image/jpeg' );
INSERT INTO files ( gid, file, mime ) VALUES ( '57811', 'http://www.gutenberg.org/cache/epub/57811/pg57811.cover.small.jpg', 'image/jpeg' );
INSERT INTO files ( gid, file, mime ) VALUES ( '57811', 'http://www.gutenberg.org/ebooks/57811.epub.images', 'application/epub+zip' );
INSERT INTO files ( gid, file, mime ) VALUES ( '57811', 'http://www.gutenberg.org/ebooks/57811.epub.noimages', 'application/epub+zip' );
INSERT INTO files ( gid, file, mime ) VALUES ( '57811', 'http://www.gutenberg.org/ebooks/57811.kindle.images', 'application/x-mobipocket-ebook' );
INSERT INTO files ( gid, file, mime ) VALUES ( '57811', 'http://www.gutenberg.org/ebooks/57811.kindle.noimages', 'application/x-mobipocket-ebook' );
INSERT INTO files ( gid, file, mime ) VALUES ( '57811', 'http://www.gutenberg.org/ebooks/57811.rdf', 'application/rdf+xml' );
INSERT INTO files ( gid, file, mime ) VALUES ( '57811', 'http://www.gutenberg.org/files/57811/57811-0.txt', 'text/plain; charset=utf-8' );
INSERT INTO files ( gid, file, mime ) VALUES ( '57811', 'http://www.gutenberg.org/files/57811/57811-0.zip', 'text/plain; charset=utf-8application/zip' );
INSERT INTO files ( gid, file, mime ) VALUES ( '57811', 'http://www.gutenberg.org/files/57811/57811-h.zip', 'text/html; charset=utf-8application/zip' );
INSERT INTO files ( gid, file, mime ) VALUES ( '57811', 'http://www.gutenberg.org/files/57811/57811-h/57811-h.htm', 'text/html; charset=utf-8' );
INSERT INTO titles ( gid, title, author, language, rights ) VALUES ( '57911', 'Outlines of Jewish History from B.C. 586 to C.E. 1885', 'Magnus, Katie, Lady', 'en', 'Public domain in the USA.' );
INSERT INTO classifications ( gid, classification ) VALUES ( '57911', 'DS' );
INSERT INTO subjects ( gid, subject ) VALUES ( '57911', 'Jews -- History -- 70-' );
INSERT INTO subjects ( gid, subject ) VALUES ( '57911', 'Jews -- History' );
INSERT INTO files ( gid, file, mime ) VALUES ( '57911', 'http://www.gutenberg.org/cache/epub/57911/pg57911.cover.medium.jpg', 'image/jpeg' );
INSERT INTO files ( gid, file, mime ) VALUES ( '57911', 'http://www.gutenberg.org/cache/epub/57911/pg57911.cover.small.jpg', 'image/jpeg' );
INSERT INTO files ( gid, file, mime ) VALUES ( '57911', 'http://www.gutenberg.org/ebooks/57911.epub.images', 'application/epub+zip' );
INSERT INTO files ( gid, file, mime ) VALUES ( '57911', 'http://www.gutenberg.org/ebooks/57911.epub.noimages', 'application/epub+zip' );
INSERT INTO files ( gid, file, mime ) VALUES ( '57911', 'http://www.gutenberg.org/ebooks/57911.kindle.images', 'application/x-mobipocket-ebook' );
INSERT INTO files ( gid, file, mime ) VALUES ( '57911', 'http://www.gutenberg.org/ebooks/57911.kindle.noimages', 'application/x-mobipocket-ebook' );
INSERT INTO files ( gid, file, mime ) VALUES ( '57911', 'http://www.gutenberg.org/ebooks/57911.rdf', 'application/rdf+xml' );
INSERT INTO files ( gid, file, mime ) VALUES ( '57911', 'http://www.gutenberg.org/files/57911/57911-0.txt', 'text/plain; charset=utf-8' );
INSERT INTO files ( gid, file, mime ) VALUES ( '57911', 'http://www.gutenberg.org/files/57911/57911-0.zip', 'text/plain; charset=utf-8application/zip' );
INSERT INTO files ( gid, file, mime ) VALUES ( '57911', 'http://www.gutenberg.org/files/57911/57911-h.zip', 'application/ziptext/html' );
INSERT INTO files ( gid, file, mime ) VALUES ( '57911', 'http://www.gutenberg.org/files/57911/57911-h/57911-h.htm', 'text/html' );
INSERT INTO titles ( gid, title, author, language, rights ) VALUES ( '58011', 'The Living Letter, Written with the Pen of Truth Being the Substance of a Sermon, Preached at the Obelisk Chapel, St. George''s Fields, on Sunday Morning, Sept. 26, 1813.', 'Church, J. (John)', 'en', 'Public domain in the USA.' );
INSERT INTO classifications ( gid, classification ) VALUES ( '58011', 'BV' );
INSERT INTO subjects ( gid, subject ) VALUES ( '58011', 'Sermons, English -- 19th century' );
INSERT INTO files ( gid, file, mime ) VALUES ( '58011', 'http://www.gutenberg.org/cache/epub/58011/pg58011.cover.medium.jpg', 'image/jpeg' );
INSERT INTO files ( gid, file, mime ) VALUES ( '58011', 'http://www.gutenberg.org/cache/epub/58011/pg58011.cover.small.jpg', 'image/jpeg' );
INSERT INTO files ( gid, file, mime ) VALUES ( '58011', 'http://www.gutenberg.org/ebooks/58011.epub.images', 'application/epub+zip' );
INSERT INTO files ( gid, file, mime ) VALUES ( '58011', 'http://www.gutenberg.org/ebooks/58011.epub.noimages', 'application/epub+zip' );
INSERT INTO files ( gid, file, mime ) VALUES ( '58011', 'http://www.gutenberg.org/ebooks/58011.kindle.images', 'application/x-mobipocket-ebook' );
INSERT INTO files ( gid, file, mime ) VALUES ( '58011', 'http://www.gutenberg.org/ebooks/58011.kindle.noimages', 'application/x-mobipocket-ebook' );
INSERT INTO files ( gid, file, mime ) VALUES ( '58011', 'http://www.gutenberg.org/ebooks/58011.rdf', 'application/rdf+xml' );
INSERT INTO files ( gid, file, mime ) VALUES ( '58011', 'http://www.gutenberg.org/files/58011/58011-0.txt', 'text/plain; charset=utf-8' );
INSERT INTO files ( gid, file, mime ) VALUES ( '58011', 'http://www.gutenberg.org/files/58011/58011-0.zip', 'text/plain; charset=utf-8application/zip' );
INSERT INTO files ( gid, file, mime ) VALUES ( '58011', 'http://www.gutenberg.org/files/58011/58011-h.zip', 'text/htmlapplication/zip' );
INSERT INTO files ( gid, file, mime ) VALUES ( '58011', 'http://www.gutenberg.org/files/58011/58011-h/58011-h.htm', 'text/html' );
INSERT INTO titles ( gid, title, author, language, rights ) VALUES ( '58111', 'The Structure and Habits of Spiders', 'Emerton, J. H. (James Henry)', 'en', 'Public domain in the USA.' );
INSERT INTO classifications ( gid, classification ) VALUES ( '58111', 'QL' );
INSERT INTO subjects ( gid, subject ) VALUES ( '58111', 'Spiders' );
INSERT INTO files ( gid, file, mime ) VALUES ( '58111', 'http://www.gutenberg.org/cache/epub/58111/pg58111.cover.medium.jpg', 'image/jpeg' );
INSERT INTO files ( gid, file, mime ) VALUES ( '58111', 'http://www.gutenberg.org/cache/epub/58111/pg58111.cover.small.jpg', 'image/jpeg' );
INSERT INTO files ( gid, file, mime ) VALUES ( '58111', 'http://www.gutenberg.org/ebooks/58111.epub.images', 'application/epub+zip' );
INSERT INTO files ( gid, file, mime ) VALUES ( '58111', 'http://www.gutenberg.org/ebooks/58111.epub.noimages', 'application/epub+zip' );
INSERT INTO files ( gid, file, mime ) VALUES ( '58111', 'http://www.gutenberg.org/ebooks/58111.kindle.images', 'application/x-mobipocket-ebook' );
INSERT INTO files ( gid, file, mime ) VALUES ( '58111', 'http://www.gutenberg.org/ebooks/58111.kindle.noimages', 'application/x-mobipocket-ebook' );
INSERT INTO files ( gid, file, mime ) VALUES ( '58111', 'http://www.gutenberg.org/ebooks/58111.rdf', 'application/rdf+xml' );
INSERT INTO files ( gid, file, mime ) VALUES ( '58111', 'http://www.gutenberg.org/files/58111/58111-0.txt', 'text/plain; charset=utf-8' );
INSERT INTO files ( gid, file, mime ) VALUES ( '58111', 'http://www.gutenberg.org/files/58111/58111-0.zip', 'text/plain; charset=utf-8application/zip' );
INSERT INTO files ( gid, file, mime ) VALUES ( '58111', 'http://www.gutenberg.org/files/58111/58111-h.zip', 'application/ziptext/html; charset=utf-8' );
INSERT INTO files ( gid, file, mime ) VALUES ( '58111', 'http://www.gutenberg.org/files/58111/58111-h/58111-h.htm', 'text/html; charset=utf-8' );
INSERT INTO titles ( gid, title, author, language, rights ) VALUES ( '5811', 'Following the Equator: A Journey Around the World. Part 4', 'Twain, Mark', 'en', 'Public domain in the USA.' );
INSERT INTO classifications ( gid, classification ) VALUES ( '5811', 'G' );
INSERT INTO subjects ( gid, subject ) VALUES ( '5811', 'Equator -- Description and travel' );
INSERT INTO subjects ( gid, subject ) VALUES ( '5811', 'Twain, Mark, 1835-1910 -- Travel' );
INSERT INTO subjects ( gid, subject ) VALUES ( '5811', 'Voyages around the world' );
INSERT INTO files ( gid, file, mime ) VALUES ( '5811', 'http://www.gutenberg.org/cache/epub/5811/pg5811.cover.medium.jpg', 'image/jpeg' );
INSERT INTO files ( gid, file, mime ) VALUES ( '5811', 'http://www.gutenberg.org/cache/epub/5811/pg5811.cover.small.jpg', 'image/jpeg' );
INSERT INTO files ( gid, file, mime ) VALUES ( '5811', 'http://www.gutenberg.org/ebooks/5811.epub.images', 'application/epub+zip' );
INSERT INTO files ( gid, file, mime ) VALUES ( '5811', 'http://www.gutenberg.org/ebooks/5811.epub.noimages', 'application/epub+zip' );
INSERT INTO files ( gid, file, mime ) VALUES ( '5811', 'http://www.gutenberg.org/ebooks/5811.kindle.images', 'application/x-mobipocket-ebook' );
INSERT INTO files ( gid, file, mime ) VALUES ( '5811', 'http://www.gutenberg.org/ebooks/5811.kindle.noimages', 'application/x-mobipocket-ebook' );
INSERT INTO files ( gid, file, mime ) VALUES ( '5811', 'http://www.gutenberg.org/ebooks/5811.rdf', 'application/rdf+xml' );
INSERT INTO files ( gid, file, mime ) VALUES ( '5811', 'http://www.gutenberg.org/ebooks/5811.txt.utf-8', 'text/plain' );
INSERT INTO files ( gid, file, mime ) VALUES ( '5811', 'http://www.gutenberg.org/files/5811/5811-h.zip', 'application/ziptext/html; charset=iso-8859-1' );
INSERT INTO files ( gid, file, mime ) VALUES ( '5811', 'http://www.gutenberg.org/files/5811/5811-h/5811-h.htm', 'text/html; charset=iso-8859-1' );
INSERT INTO files ( gid, file, mime ) VALUES ( '5811', 'http://www.gutenberg.org/files/5811/5811.txt', 'text/plain; charset=us-ascii' );
INSERT INTO files ( gid, file, mime ) VALUES ( '5811', 'http://www.gutenberg.org/files/5811/5811.zip', 'text/plain; charset=us-asciiapplication/zip' );
INSERT INTO titles ( gid, title, author, language, rights ) VALUES ( '15711', 'Frau Bovary', 'Flaubert, Gustave', 'de', 'Public domain in the USA.' );
INSERT INTO classifications ( gid, classification ) VALUES ( '15711', 'PQ' );
INSERT INTO subjects ( gid, subject ) VALUES ( '15711', 'France -- Fiction' );
INSERT INTO subjects ( gid, subject ) VALUES ( '15711', 'Suicide victims -- Fiction' );
INSERT INTO subjects ( gid, subject ) VALUES ( '15711', 'Married women -- Fiction' );
INSERT INTO subjects ( gid, subject ) VALUES ( '15711', 'Domestic fiction' );
INSERT INTO subjects ( gid, subject ) VALUES ( '15711', 'Middle class -- Fiction' );
INSERT INTO subjects ( gid, subject ) VALUES ( '15711', 'Adultery -- Fiction' );
INSERT INTO subjects ( gid, subject ) VALUES ( '15711', 'Physicians'' spouses -- Fiction' );
INSERT INTO files ( gid, file, mime ) VALUES ( '15711', 'http://www.gutenberg.org/ebooks/15711.epub.images', 'application/epub+zip' );
INSERT INTO files ( gid, file, mime ) VALUES ( '15711', 'http://www.gutenberg.org/ebooks/15711.epub.noimages', 'application/epub+zip' );
INSERT INTO files ( gid, file, mime ) VALUES ( '15711', 'http://www.gutenberg.org/ebooks/15711.kindle.images', 'application/x-mobipocket-ebook' );
INSERT INTO files ( gid, file, mime ) VALUES ( '15711', 'http://www.gutenberg.org/ebooks/15711.kindle.noimages', 'application/x-mobipocket-ebook' );
INSERT INTO files ( gid, file, mime ) VALUES ( '15711', 'http://www.gutenberg.org/ebooks/15711.rdf', 'application/rdf+xml' );
INSERT INTO files ( gid, file, mime ) VALUES ( '15711', 'http://www.gutenberg.org/ebooks/15711.txt.utf-8', 'text/plain' );
INSERT INTO files ( gid, file, mime ) VALUES ( '15711', 'http://www.gutenberg.org/files/15711/15711-8.txt', 'text/plain; charset=iso-8859-1' );
INSERT INTO files ( gid, file, mime ) VALUES ( '15711', 'http://www.gutenberg.org/files/15711/15711-8.zip', 'text/plain; charset=iso-8859-1application/zip' );
INSERT INTO files ( gid, file, mime ) VALUES ( '15711', 'http://www.gutenberg.org/files/15711/15711-h.zip', 'application/ziptext/html; charset=iso-8859-1' );
INSERT INTO files ( gid, file, mime ) VALUES ( '15711', 'http://www.gutenberg.org/files/15711/15711-h/15711-h.htm', 'text/html; charset=iso-8859-1' );
INSERT INTO files ( gid, file, mime ) VALUES ( '15711', 'http://www.gutenberg.org/files/15711/15711-pdf.pdf', 'application/pdf' );
INSERT INTO files ( gid, file, mime ) VALUES ( '15711', 'http://www.gutenberg.org/files/15711/15711-pdf.zip', 'application/pdfapplication/zip' );
INSERT INTO files ( gid, file, mime ) VALUES ( '15711', 'http://www.gutenberg.org/files/15711/15711-t.tex', 'application/prs.tex' );
INSERT INTO files ( gid, file, mime ) VALUES ( '15711', 'http://www.gutenberg.org/files/15711/15711-t.zip', 'application/zipapplication/prs.tex' );
INSERT INTO titles ( gid, title, author, language, rights ) VALUES ( '15811', 'Le serment des hommes rouges: Aventures d''un enfant de Paris', 'Ponson du Terrail', 'fr', 'Public domain in the USA.' );
INSERT INTO classifications ( gid, classification ) VALUES ( '15811', 'PQ' );
INSERT INTO subjects ( gid, subject ) VALUES ( '15811', 'Fiction' );
INSERT INTO files ( gid, file, mime ) VALUES ( '15811', 'http://www.gutenberg.org/ebooks/15811.epub.images', 'application/epub+zip' );
INSERT INTO files ( gid, file, mime ) VALUES ( '15811', 'http://www.gutenberg.org/ebooks/15811.epub.noimages', 'application/epub+zip' );
INSERT INTO files ( gid, file, mime ) VALUES ( '15811', 'http://www.gutenberg.org/ebooks/15811.kindle.images', 'application/x-mobipocket-ebook' );
INSERT INTO files ( gid, file, mime ) VALUES ( '15811', 'http://www.gutenberg.org/ebooks/15811.kindle.noimages', 'application/x-mobipocket-ebook' );
INSERT INTO files ( gid, file, mime ) VALUES ( '15811', 'http://www.gutenberg.org/ebooks/15811.rdf', 'application/rdf+xml' );
INSERT INTO files ( gid, file, mime ) VALUES ( '15811', 'http://www.gutenberg.org/ebooks/15811.txt.utf-8', 'text/plain' );
INSERT INTO files ( gid, file, mime ) VALUES ( '15811', 'http://www.gutenberg.org/files/15811/15811-8.txt', 'text/plain; charset=iso-8859-1' );
INSERT INTO files ( gid, file, mime ) VALUES ( '15811', 'http://www.gutenberg.org/files/15811/15811-8.zip', 'application/ziptext/plain; charset=iso-8859-1' );
INSERT INTO files ( gid, file, mime ) VALUES ( '15811', 'http://www.gutenberg.org/files/15811/15811-h.zip', 'text/html; charset=iso-8859-1application/zip' );
INSERT INTO files ( gid, file, mime ) VALUES ( '15811', 'http://www.gutenberg.org/files/15811/15811-h/15811-h.htm', 'text/html; charset=iso-8859-1' );
INSERT INTO titles ( gid, title, author, language, rights ) VALUES ( '15911', 'Narrative of a Voyage to the Northwest Coast of America in the years 1811, 1812, 1813, and 1814 or the First American Settlement on the Pacific', 'Franchère, Gabriel', 'en', 'Public domain in the USA.' );
INSERT INTO subjects ( gid, subject ) VALUES ( '15911', 'Voyages to the Pacific coast' );
INSERT INTO subjects ( gid, subject ) VALUES ( '15911', 'F850.5' );
INSERT INTO subjects ( gid, subject ) VALUES ( '15911', 'Oregon Territory -- History' );
INSERT INTO subjects ( gid, subject ) VALUES ( '15911', 'Northwest, Canadian -- Description and travel' );
INSERT INTO subjects ( gid, subject ) VALUES ( '15911', 'Astoria (Or.)' );
INSERT INTO subjects ( gid, subject ) VALUES ( '15911', 'Fur trade -- Oregon' );
INSERT INTO files ( gid, file, mime ) VALUES ( '15911', 'http://www.gutenberg.org/ebooks/15911.epub.images', 'application/epub+zip' );
INSERT INTO files ( gid, file, mime ) VALUES ( '15911', 'http://www.gutenberg.org/ebooks/15911.epub.noimages', 'application/epub+zip' );
INSERT INTO files ( gid, file, mime ) VALUES ( '15911', 'http://www.gutenberg.org/ebooks/15911.kindle.images', 'application/x-mobipocket-ebook' );
INSERT INTO files ( gid, file, mime ) VALUES ( '15911', 'http://www.gutenberg.org/ebooks/15911.kindle.noimages', 'application/x-mobipocket-ebook' );
INSERT INTO files ( gid, file, mime ) VALUES ( '15911', 'http://www.gutenberg.org/ebooks/15911.rdf', 'application/rdf+xml' );
INSERT INTO files ( gid, file, mime ) VALUES ( '15911', 'http://www.gutenberg.org/ebooks/15911.txt.utf-8', 'text/plain' );
INSERT INTO files ( gid, file, mime ) VALUES ( '15911', 'http://www.gutenberg.org/files/15911/15911-8.txt', 'text/plain; charset=iso-8859-1' );
INSERT INTO files ( gid, file, mime ) VALUES ( '15911', 'http://www.gutenberg.org/files/15911/15911-8.zip', 'application/ziptext/plain; charset=iso-8859-1' );
INSERT INTO files ( gid, file, mime ) VALUES ( '15911', 'http://www.gutenberg.org/files/15911/15911-h.zip', 'text/html; charset=iso-8859-1application/zip' );
INSERT INTO files ( gid, file, mime ) VALUES ( '15911', 'http://www.gutenberg.org/files/15911/15911-h/15911-h.htm', 'text/html; charset=iso-8859-1' );
INSERT INTO files ( gid, file, mime ) VALUES ( '15911', 'http://www.gutenberg.org/files/15911/15911.txt', 'text/plain; charset=us-ascii' );
INSERT INTO files ( gid, file, mime ) VALUES ( '15911', 'http://www.gutenberg.org/files/15911/15911.zip', 'application/ziptext/plain; charset=us-ascii' );
INSERT INTO titles ( gid, title, author, language, rights ) VALUES ( '16111', 'Opúsculos por Alexandre Herculano - Tomo 01', 'Herculano, Alexandre', 'pt', 'Public domain in the USA.' );
INSERT INTO classifications ( gid, classification ) VALUES ( '16111', 'PQ' );
INSERT INTO subjects ( gid, subject ) VALUES ( '16111', 'Portuguese literature -- 19th century' );
INSERT INTO files ( gid, file, mime ) VALUES ( '16111', 'http://www.gutenberg.org/ebooks/16111.epub.images', 'application/epub+zip' );
INSERT INTO files ( gid, file, mime ) VALUES ( '16111', 'http://www.gutenberg.org/ebooks/16111.epub.noimages', 'application/epub+zip' );
INSERT INTO files ( gid, file, mime ) VALUES ( '16111', 'http://www.gutenberg.org/ebooks/16111.html.images', 'text/html' );
INSERT INTO files ( gid, file, mime ) VALUES ( '16111', 'http://www.gutenberg.org/ebooks/16111.html.noimages', 'text/html' );
INSERT INTO files ( gid, file, mime ) VALUES ( '16111', 'http://www.gutenberg.org/ebooks/16111.kindle.images', 'application/x-mobipocket-ebook' );
INSERT INTO files ( gid, file, mime ) VALUES ( '16111', 'http://www.gutenberg.org/ebooks/16111.kindle.noimages', 'application/x-mobipocket-ebook' );
INSERT INTO files ( gid, file, mime ) VALUES ( '16111', 'http://www.gutenberg.org/ebooks/16111.rdf', 'application/rdf+xml' );
INSERT INTO files ( gid, file, mime ) VALUES ( '16111', 'http://www.gutenberg.org/ebooks/16111.txt.utf-8', 'text/plain' );
INSERT INTO files ( gid, file, mime ) VALUES ( '16111', 'http://www.gutenberg.org/files/16111/16111-8.txt', 'text/plain; charset=iso-8859-1' );
INSERT INTO files ( gid, file, mime ) VALUES ( '16111', 'http://www.gutenberg.org/files/16111/16111-8.zip', 'application/ziptext/plain; charset=iso-8859-1' );
INSERT INTO titles ( gid, title, author, language, rights ) VALUES ( '16011', 'The Emigrants Of Ahadarra The Works of William Carleton, Volume Two', 'Carleton, William', 'en', 'Public domain in the USA.' );
INSERT INTO classifications ( gid, classification ) VALUES ( '16011', 'PR' );
INSERT INTO subjects ( gid, subject ) VALUES ( '16011', 'Ireland -- Social life and customs -- Fiction' );
INSERT INTO files ( gid, file, mime ) VALUES ( '16011', 'http://www.gutenberg.org/ebooks/16011.epub.images', 'application/epub+zip' );
INSERT INTO files ( gid, file, mime ) VALUES ( '16011', 'http://www.gutenberg.org/ebooks/16011.epub.noimages', 'application/epub+zip' );
INSERT INTO files ( gid, file, mime ) VALUES ( '16011', 'http://www.gutenberg.org/ebooks/16011.kindle.images', 'application/x-mobipocket-ebook' );
INSERT INTO files ( gid, file, mime ) VALUES ( '16011', 'http://www.gutenberg.org/ebooks/16011.kindle.noimages', 'application/x-mobipocket-ebook' );
INSERT INTO files ( gid, file, mime ) VALUES ( '16011', 'http://www.gutenberg.org/ebooks/16011.rdf', 'application/rdf+xml' );
INSERT INTO files ( gid, file, mime ) VALUES ( '16011', 'http://www.gutenberg.org/files/16011/16011-0.txt', 'text/plain; charset=utf-8' );
INSERT INTO files ( gid, file, mime ) VALUES ( '16011', 'http://www.gutenberg.org/files/16011/16011-0.zip', 'application/ziptext/plain; charset=utf-8' );
INSERT INTO files ( gid, file, mime ) VALUES ( '16011', 'http://www.gutenberg.org/files/16011/16011-8.txt', 'text/plain; charset=iso-8859-1' );
INSERT INTO files ( gid, file, mime ) VALUES ( '16011', 'http://www.gutenberg.org/files/16011/16011-8.zip', 'application/ziptext/plain; charset=iso-8859-1' );
INSERT INTO files ( gid, file, mime ) VALUES ( '16011', 'http://www.gutenberg.org/files/16011/16011-h.zip', 'text/html; charset=utf-8application/zip' );
INSERT INTO files ( gid, file, mime ) VALUES ( '16011', 'http://www.gutenberg.org/files/16011/16011-h/16011-h.htm', 'text/html; charset=utf-8' );
INSERT INTO files ( gid, file, mime ) VALUES ( '16011', 'http://www.gutenberg.org/files/16011/16011.txt', 'text/plain; charset=us-ascii' );
INSERT INTO files ( gid, file, mime ) VALUES ( '16011', 'http://www.gutenberg.org/files/16011/16011.zip', 'application/ziptext/plain; charset=us-ascii' );
INSERT INTO titles ( gid, title, author, language, rights ) VALUES ( '1611', 'Seventeen A Tale of Youth and Summer Time and the Baxter Family, Especially William', 'Tarkington, Booth', 'en', 'Public domain in the USA.' );
INSERT INTO classifications ( gid, classification ) VALUES ( '1611', 'PS' );
INSERT INTO subjects ( gid, subject ) VALUES ( '1611', 'Families -- Fiction' );
INSERT INTO subjects ( gid, subject ) VALUES ( '1611', 'First loves -- Fiction' );
INSERT INTO subjects ( gid, subject ) VALUES ( '1611', 'Teenage boys -- Fiction' );
INSERT INTO files ( gid, file, mime ) VALUES ( '1611', 'http://www.gutenberg.org/ebooks/1611.epub.images', 'application/epub+zip' );
INSERT INTO files ( gid, file, mime ) VALUES ( '1611', 'http://www.gutenberg.org/ebooks/1611.epub.noimages', 'application/epub+zip' );
INSERT INTO files ( gid, file, mime ) VALUES ( '1611', 'http://www.gutenberg.org/ebooks/1611.kindle.images', 'application/x-mobipocket-ebook' );
INSERT INTO files ( gid, file, mime ) VALUES ( '1611', 'http://www.gutenberg.org/ebooks/1611.kindle.noimages', 'application/x-mobipocket-ebook' );
INSERT INTO files ( gid, file, mime ) VALUES ( '1611', 'http://www.gutenberg.org/ebooks/1611.rdf', 'application/rdf+xml' );
INSERT INTO files ( gid, file, mime ) VALUES ( '1611', 'http://www.gutenberg.org/files/1611/1611-0.txt', 'text/plain; charset=utf-8' );
INSERT INTO files ( gid, file, mime ) VALUES ( '1611', 'http://www.gutenberg.org/files/1611/1611-0.zip', 'text/plain; charset=utf-8application/zip' );
INSERT INTO files ( gid, file, mime ) VALUES ( '1611', 'http://www.gutenberg.org/files/1611/1611-h.zip', 'application/ziptext/html; charset=utf-8' );
INSERT INTO files ( gid, file, mime ) VALUES ( '1611', 'http://www.gutenberg.org/files/1611/1611-h/1611-h.htm', 'text/html; charset=utf-8' );
INSERT INTO files ( gid, file, mime ) VALUES ( '1611', 'http://www.gutenberg.org/files/1611/1611.txt', 'text/plain; charset=us-ascii' );
INSERT INTO files ( gid, file, mime ) VALUES ( '1611', 'http://www.gutenberg.org/files/1611/1611.zip', 'text/plain; charset=us-asciiapplication/zip' );
INSERT INTO titles ( gid, title, author, language, rights ) VALUES ( '16211', 'Fjalar Kuningas', 'Runeberg, Johan Ludvig', 'fi', 'Public domain in the USA.' );
INSERT INTO classifications ( gid, classification ) VALUES ( '16211', 'PT' );
INSERT INTO subjects ( gid, subject ) VALUES ( '16211', 'Poetry' );
INSERT INTO files ( gid, file, mime ) VALUES ( '16211', 'http://www.gutenberg.org/ebooks/16211.epub.images', 'application/epub+zip' );
INSERT INTO files ( gid, file, mime ) VALUES ( '16211', 'http://www.gutenberg.org/ebooks/16211.epub.noimages', 'application/epub+zip' );
INSERT INTO files ( gid, file, mime ) VALUES ( '16211', 'http://www.gutenberg.org/ebooks/16211.html.images', 'text/html' );
INSERT INTO files ( gid, file, mime ) VALUES ( '16211', 'http://www.gutenberg.org/ebooks/16211.html.noimages', 'text/html' );
INSERT INTO files ( gid, file, mime ) VALUES ( '16211', 'http://www.gutenberg.org/ebooks/16211.kindle.images', 'application/x-mobipocket-ebook' );
INSERT INTO files ( gid, file, mime ) VALUES ( '16211', 'http://www.gutenberg.org/ebooks/16211.kindle.noimages', 'application/x-mobipocket-ebook' );
INSERT INTO files ( gid, file, mime ) VALUES ( '16211', 'http://www.gutenberg.org/ebooks/16211.rdf', 'application/rdf+xml' );
INSERT INTO files ( gid, file, mime ) VALUES ( '16211', 'http://www.gutenberg.org/ebooks/16211.txt.utf-8', 'text/plain' );
INSERT INTO files ( gid, file, mime ) VALUES ( '16211', 'http://www.gutenberg.org/files/16211/16211-8.txt', 'text/plain; charset=iso-8859-1' );
INSERT INTO files ( gid, file, mime ) VALUES ( '16211', 'http://www.gutenberg.org/files/16211/16211-8.zip', 'text/plain; charset=iso-8859-1application/zip' );
INSERT INTO titles ( gid, title, author, language, rights ) VALUES ( '16311', 'Cinematografo', 'Rivera, Jose Maria', 'tl', 'Public domain in the USA.' );
INSERT INTO classifications ( gid, classification ) VALUES ( '16311', 'PL' );
INSERT INTO subjects ( gid, subject ) VALUES ( '16311', 'Tagalog drama' );
INSERT INTO files ( gid, file, mime ) VALUES ( '16311', 'http://www.gutenberg.org/cache/epub/16311/pg16311.cover.medium.jpg', 'image/jpeg' );
INSERT INTO files ( gid, file, mime ) VALUES ( '16311', 'http://www.gutenberg.org/cache/epub/16311/pg16311.cover.small.jpg', 'image/jpeg' );
INSERT INTO files ( gid, file, mime ) VALUES ( '16311', 'http://www.gutenberg.org/ebooks/16311.epub.images', 'application/epub+zip' );
INSERT INTO files ( gid, file, mime ) VALUES ( '16311', 'http://www.gutenberg.org/ebooks/16311.epub.noimages', 'application/epub+zip' );
INSERT INTO files ( gid, file, mime ) VALUES ( '16311', 'http://www.gutenberg.org/ebooks/16311.rdf', 'application/rdf+xml' );
INSERT INTO files ( gid, file, mime ) VALUES ( '16311', 'http://www.gutenberg.org/ebooks/16311.txt.utf-8', 'text/plain' );
INSERT INTO files ( gid, file, mime ) VALUES ( '16311', 'http://www.gutenberg.org/files/16311/16311-8.txt', 'text/plain; charset=iso-8859-1' );
INSERT INTO files ( gid, file, mime ) VALUES ( '16311', 'http://www.gutenberg.org/files/16311/16311-8.zip', 'text/plain; charset=iso-8859-1application/zip' );
INSERT INTO files ( gid, file, mime ) VALUES ( '16311', 'http://www.gutenberg.org/files/16311/16311-h.zip', 'text/html; charset=iso-8859-1application/zip' );
INSERT INTO files ( gid, file, mime ) VALUES ( '16311', 'http://www.gutenberg.org/files/16311/16311-h/16311-h.htm', 'text/html; charset=iso-8859-1' );
INSERT INTO titles ( gid, title, author, language, rights ) VALUES ( '16411', 'Kahleeton vanki: Elämäkerrallinen kuvaus', 'Meriläinen, Heikki', 'fi', 'Public domain in the USA.' );
INSERT INTO classifications ( gid, classification ) VALUES ( '16411', 'PH' );
INSERT INTO subjects ( gid, subject ) VALUES ( '16411', 'Fiction' );
INSERT INTO files ( gid, file, mime ) VALUES ( '16411', 'http://www.gutenberg.org/ebooks/16411.epub.images', 'application/epub+zip' );
INSERT INTO files ( gid, file, mime ) VALUES ( '16411', 'http://www.gutenberg.org/ebooks/16411.epub.noimages', 'application/epub+zip' );
INSERT INTO files ( gid, file, mime ) VALUES ( '16411', 'http://www.gutenberg.org/ebooks/16411.html.images', 'text/html' );
INSERT INTO files ( gid, file, mime ) VALUES ( '16411', 'http://www.gutenberg.org/ebooks/16411.html.noimages', 'text/html' );
INSERT INTO files ( gid, file, mime ) VALUES ( '16411', 'http://www.gutenberg.org/ebooks/16411.kindle.images', 'application/x-mobipocket-ebook' );
INSERT INTO files ( gid, file, mime ) VALUES ( '16411', 'http://www.gutenberg.org/ebooks/16411.kindle.noimages', 'application/x-mobipocket-ebook' );
INSERT INTO files ( gid, file, mime ) VALUES ( '16411', 'http://www.gutenberg.org/ebooks/16411.rdf', 'application/rdf+xml' );
INSERT INTO files ( gid, file, mime ) VALUES ( '16411', 'http://www.gutenberg.org/ebooks/16411.txt.utf-8', 'text/plain' );
INSERT INTO files ( gid, file, mime ) VALUES ( '16411', 'http://www.gutenberg.org/files/16411/16411-8.txt', 'text/plain; charset=iso-8859-1' );
INSERT INTO files ( gid, file, mime ) VALUES ( '16411', 'http://www.gutenberg.org/files/16411/16411-8.zip', 'application/ziptext/plain; charset=iso-8859-1' );
INSERT INTO titles ( gid, title, author, language, rights ) VALUES ( '16511', 'Chronicles (1 of 6): The Historie of England (3 of 8)', 'Holinshed, Raphael', 'en', 'Public domain in the USA.' );
INSERT INTO classifications ( gid, classification ) VALUES ( '16511', 'DA' );
INSERT INTO subjects ( gid, subject ) VALUES ( '16511', 'Great Britain -- History -- To 55 B.C.' );
INSERT INTO files ( gid, file, mime ) VALUES ( '16511', 'http://www.gutenberg.org/ebooks/16511.epub.images', 'application/epub+zip' );
INSERT INTO files ( gid, file, mime ) VALUES ( '16511', 'http://www.gutenberg.org/ebooks/16511.epub.noimages', 'application/epub+zip' );
INSERT INTO files ( gid, file, mime ) VALUES ( '16511', 'http://www.gutenberg.org/ebooks/16511.kindle.images', 'application/x-mobipocket-ebook' );
INSERT INTO files ( gid, file, mime ) VALUES ( '16511', 'http://www.gutenberg.org/ebooks/16511.kindle.noimages', 'application/x-mobipocket-ebook' );
INSERT INTO files ( gid, file, mime ) VALUES ( '16511', 'http://www.gutenberg.org/ebooks/16511.rdf', 'application/rdf+xml' );
INSERT INTO files ( gid, file, mime ) VALUES ( '16511', 'http://www.gutenberg.org/ebooks/16511.txt.utf-8', 'text/plain' );
INSERT INTO files ( gid, file, mime ) VALUES ( '16511', 'http://www.gutenberg.org/files/16511/16511-8.txt', 'text/plain; charset=iso-8859-1' );
INSERT INTO files ( gid, file, mime ) VALUES ( '16511', 'http://www.gutenberg.org/files/16511/16511-8.zip', 'application/ziptext/plain; charset=iso-8859-1' );
INSERT INTO files ( gid, file, mime ) VALUES ( '16511', 'http://www.gutenberg.org/files/16511/16511-h.zip', 'application/ziptext/html; charset=iso-8859-1' );
INSERT INTO files ( gid, file, mime ) VALUES ( '16511', 'http://www.gutenberg.org/files/16511/16511-h/16511-h.htm', 'text/html; charset=iso-8859-1' );
INSERT INTO files ( gid, file, mime ) VALUES ( '16511', 'http://www.gutenberg.org/files/16511/16511.txt', 'text/plain; charset=us-ascii' );
INSERT INTO files ( gid, file, mime ) VALUES ( '16511', 'http://www.gutenberg.org/files/16511/16511.zip', 'application/ziptext/plain; charset=us-ascii' );
INSERT INTO titles ( gid, title, author, language, rights ) VALUES ( '16611', 'Anson''s Voyage Round the World The Text Reduced', 'Walter, Richard', 'en', 'Public domain in the USA.' );
INSERT INTO classifications ( gid, classification ) VALUES ( '16611', 'G' );
INSERT INTO subjects ( gid, subject ) VALUES ( '16611', 'Anson, George Anson, Baron, 1697-1762' );
INSERT INTO subjects ( gid, subject ) VALUES ( '16611', 'Voyages around the world -- Early works to 1800' );
INSERT INTO files ( gid, file, mime ) VALUES ( '16611', 'http://www.gutenberg.org/ebooks/16611.epub.images', 'application/epub+zip' );
INSERT INTO files ( gid, file, mime ) VALUES ( '16611', 'http://www.gutenberg.org/ebooks/16611.epub.noimages', 'application/epub+zip' );
INSERT INTO files ( gid, file, mime ) VALUES ( '16611', 'http://www.gutenberg.org/ebooks/16611.kindle.images', 'application/x-mobipocket-ebook' );
INSERT INTO files ( gid, file, mime ) VALUES ( '16611', 'http://www.gutenberg.org/ebooks/16611.kindle.noimages', 'application/x-mobipocket-ebook' );
INSERT INTO files ( gid, file, mime ) VALUES ( '16611', 'http://www.gutenberg.org/ebooks/16611.rdf', 'application/rdf+xml' );
INSERT INTO files ( gid, file, mime ) VALUES ( '16611', 'http://www.gutenberg.org/ebooks/16611.txt.utf-8', 'text/plain' );
INSERT INTO files ( gid, file, mime ) VALUES ( '16611', 'http://www.gutenberg.org/files/16611/16611-h.zip', 'application/ziptext/html; charset=us-ascii' );
INSERT INTO files ( gid, file, mime ) VALUES ( '16611', 'http://www.gutenberg.org/files/16611/16611-h/16611-h.htm', 'text/html; charset=us-ascii' );
INSERT INTO files ( gid, file, mime ) VALUES ( '16611', 'http://www.gutenberg.org/files/16611/16611.txt', 'text/plain; charset=us-ascii' );
INSERT INTO files ( gid, file, mime ) VALUES ( '16611', 'http://www.gutenberg.org/files/16611/16611.zip', 'application/ziptext/plain; charset=us-ascii' );
INSERT INTO titles ( gid, title, author, language, rights ) VALUES ( '16711', 'Life and Labors of Elder John Kline, the Martyr Missionary Collated from his Diary by Benjamin Funk', 'Kline, John', 'en', 'Public domain in the USA.' );
INSERT INTO classifications ( gid, classification ) VALUES ( '16711', 'BX' );
INSERT INTO subjects ( gid, subject ) VALUES ( '16711', 'Kline, John, 1797-1864' );
INSERT INTO files ( gid, file, mime ) VALUES ( '16711', 'http://www.gutenberg.org/ebooks/16711.epub.images', 'application/epub+zip' );
INSERT INTO files ( gid, file, mime ) VALUES ( '16711', 'http://www.gutenberg.org/ebooks/16711.epub.noimages', 'application/epub+zip' );
INSERT INTO files ( gid, file, mime ) VALUES ( '16711', 'http://www.gutenberg.org/ebooks/16711.kindle.images', 'application/x-mobipocket-ebook' );
INSERT INTO files ( gid, file, mime ) VALUES ( '16711', 'http://www.gutenberg.org/ebooks/16711.kindle.noimages', 'application/x-mobipocket-ebook' );
INSERT INTO files ( gid, file, mime ) VALUES ( '16711', 'http://www.gutenberg.org/ebooks/16711.rdf', 'application/rdf+xml' );
INSERT INTO files ( gid, file, mime ) VALUES ( '16711', 'http://www.gutenberg.org/ebooks/16711.txt.utf-8', 'text/plain' );
INSERT INTO files ( gid, file, mime ) VALUES ( '16711', 'http://www.gutenberg.org/files/16711/16711-8.txt', 'text/plain; charset=iso-8859-1' );
INSERT INTO files ( gid, file, mime ) VALUES ( '16711', 'http://www.gutenberg.org/files/16711/16711-8.zip', 'text/plain; charset=iso-8859-1application/zip' );
INSERT INTO files ( gid, file, mime ) VALUES ( '16711', 'http://www.gutenberg.org/files/16711/16711-h.zip', 'application/ziptext/html; charset=iso-8859-1' );
INSERT INTO files ( gid, file, mime ) VALUES ( '16711', 'http://www.gutenberg.org/files/16711/16711-h/16711-h.htm', 'text/html; charset=iso-8859-1' );
INSERT INTO files ( gid, file, mime ) VALUES ( '16711', 'http://www.gutenberg.org/files/16711/16711.txt', 'text/plain; charset=us-ascii' );
INSERT INTO files ( gid, file, mime ) VALUES ( '16711', 'http://www.gutenberg.org/files/16711/16711.zip', 'text/plain; charset=us-asciiapplication/zip' );
INSERT INTO titles ( gid, title, author, language, rights ) VALUES ( '16811', 'Gurre Kamilaroi, or, Kamilaroi Sayings (1856)', 'Ridley, William', 'kld', 'Public domain in the USA.' );
INSERT INTO classifications ( gid, classification ) VALUES ( '16811', 'PL' );
INSERT INTO subjects ( gid, subject ) VALUES ( '16811', 'Kamilaroi language -- Readers' );
INSERT INTO subjects ( gid, subject ) VALUES ( '16811', 'Kamilaroi language -- Terms and phrases' );
INSERT INTO files ( gid, file, mime ) VALUES ( '16811', 'http://www.gutenberg.org/ebooks/16811.epub.images', 'application/epub+zip' );
INSERT INTO files ( gid, file, mime ) VALUES ( '16811', 'http://www.gutenberg.org/ebooks/16811.epub.noimages', 'application/epub+zip' );
INSERT INTO files ( gid, file, mime ) VALUES ( '16811', 'http://www.gutenberg.org/ebooks/16811.kindle.images', 'application/x-mobipocket-ebook' );
INSERT INTO files ( gid, file, mime ) VALUES ( '16811', 'http://www.gutenberg.org/ebooks/16811.kindle.noimages', 'application/x-mobipocket-ebook' );
INSERT INTO files ( gid, file, mime ) VALUES ( '16811', 'http://www.gutenberg.org/ebooks/16811.rdf', 'application/rdf+xml' );
INSERT INTO files ( gid, file, mime ) VALUES ( '16811', 'http://www.gutenberg.org/files/16811/16811-0.txt', 'text/plain; charset=utf-8' );
INSERT INTO files ( gid, file, mime ) VALUES ( '16811', 'http://www.gutenberg.org/files/16811/16811-0.zip', 'application/ziptext/plain; charset=utf-8' );
INSERT INTO files ( gid, file, mime ) VALUES ( '16811', 'http://www.gutenberg.org/files/16811/16811-h.zip', 'text/html; charset=iso-8859-1application/zip' );
INSERT INTO files ( gid, file, mime ) VALUES ( '16811', 'http://www.gutenberg.org/files/16811/16811-h/16811-h.htm', 'text/html; charset=iso-8859-1' );
INSERT INTO files ( gid, file, mime ) VALUES ( '16811', 'http://www.gutenberg.org/files/16811/16811.txt', 'text/plain; charset=us-ascii' );
INSERT INTO files ( gid, file, mime ) VALUES ( '16811', 'http://www.gutenberg.org/files/16811/16811.zip', 'text/plain; charset=us-asciiapplication/zip' );
INSERT INTO titles ( gid, title, author, language, rights ) VALUES ( '16911', 'The Romance of the Coast', 'Runciman, James', 'en', 'Public domain in the USA.' );
INSERT INTO classifications ( gid, classification ) VALUES ( '16911', 'PR' );
INSERT INTO subjects ( gid, subject ) VALUES ( '16911', 'Sea stories, English' );
INSERT INTO files ( gid, file, mime ) VALUES ( '16911', 'http://www.gutenberg.org/ebooks/16911.epub.images', 'application/epub+zip' );
INSERT INTO files ( gid, file, mime ) VALUES ( '16911', 'http://www.gutenberg.org/ebooks/16911.epub.noimages', 'application/epub+zip' );
INSERT INTO files ( gid, file, mime ) VALUES ( '16911', 'http://www.gutenberg.org/ebooks/16911.kindle.images', 'application/x-mobipocket-ebook' );
INSERT INTO files ( gid, file, mime ) VALUES ( '16911', 'http://www.gutenberg.org/ebooks/16911.kindle.noimages', 'application/x-mobipocket-ebook' );
INSERT INTO files ( gid, file, mime ) VALUES ( '16911', 'http://www.gutenberg.org/ebooks/16911.rdf', 'application/rdf+xml' );
INSERT INTO files ( gid, file, mime ) VALUES ( '16911', 'http://www.gutenberg.org/ebooks/16911.txt.utf-8', 'text/plain' );
INSERT INTO files ( gid, file, mime ) VALUES ( '16911', 'http://www.gutenberg.org/files/16911/16911-8.txt', 'text/plain; charset=iso-8859-1' );
INSERT INTO files ( gid, file, mime ) VALUES ( '16911', 'http://www.gutenberg.org/files/16911/16911-8.zip', 'application/ziptext/plain; charset=iso-8859-1' );
INSERT INTO files ( gid, file, mime ) VALUES ( '16911', 'http://www.gutenberg.org/files/16911/16911-h.zip', 'text/html; charset=iso-8859-1application/zip' );
INSERT INTO files ( gid, file, mime ) VALUES ( '16911', 'http://www.gutenberg.org/files/16911/16911-h/16911-h.htm', 'text/html; charset=iso-8859-1' );
INSERT INTO files ( gid, file, mime ) VALUES ( '16911', 'http://www.gutenberg.org/files/16911/16911.txt', 'text/plain; charset=us-ascii' );
INSERT INTO files ( gid, file, mime ) VALUES ( '16911', 'http://www.gutenberg.org/files/16911/16911.zip', 'application/ziptext/plain; charset=us-ascii' );
INSERT INTO titles ( gid, title, author, language, rights ) VALUES ( '58211', 'Les trois mousquetaires, Volume 2 (of 2)', 'Dumas, Alexandre', 'fr', 'Public domain in the USA.' );
INSERT INTO classifications ( gid, classification ) VALUES ( '58211', 'PQ' );
INSERT INTO subjects ( gid, subject ) VALUES ( '58211', 'Adventure and adventurers -- Fiction' );
INSERT INTO subjects ( gid, subject ) VALUES ( '58211', 'France -- History -- Louis XIII, 1610-1643 -- Fiction' );
INSERT INTO subjects ( gid, subject ) VALUES ( '58211', 'Historical fiction' );
INSERT INTO subjects ( gid, subject ) VALUES ( '58211', 'Swordsmen -- Fiction' );
INSERT INTO files ( gid, file, mime ) VALUES ( '58211', 'http://www.gutenberg.org/cache/epub/58211/pg58211.cover.medium.jpg', 'image/jpeg' );
INSERT INTO files ( gid, file, mime ) VALUES ( '58211', 'http://www.gutenberg.org/cache/epub/58211/pg58211.cover.small.jpg', 'image/jpeg' );
INSERT INTO files ( gid, file, mime ) VALUES ( '58211', 'http://www.gutenberg.org/ebooks/58211.epub.images', 'application/epub+zip' );
INSERT INTO files ( gid, file, mime ) VALUES ( '58211', 'http://www.gutenberg.org/ebooks/58211.epub.noimages', 'application/epub+zip' );
INSERT INTO files ( gid, file, mime ) VALUES ( '58211', 'http://www.gutenberg.org/ebooks/58211.kindle.images', 'application/x-mobipocket-ebook' );
INSERT INTO files ( gid, file, mime ) VALUES ( '58211', 'http://www.gutenberg.org/ebooks/58211.kindle.noimages', 'application/x-mobipocket-ebook' );
INSERT INTO files ( gid, file, mime ) VALUES ( '58211', 'http://www.gutenberg.org/ebooks/58211.rdf', 'application/rdf+xml' );
INSERT INTO files ( gid, file, mime ) VALUES ( '58211', 'http://www.gutenberg.org/files/58211/58211-0.txt', 'text/plain; charset=utf-8' );
INSERT INTO files ( gid, file, mime ) VALUES ( '58211', 'http://www.gutenberg.org/files/58211/58211-0.zip', 'text/plain; charset=utf-8application/zip' );
INSERT INTO files ( gid, file, mime ) VALUES ( '58211', 'http://www.gutenberg.org/files/58211/58211-h.zip', 'application/ziptext/html; charset=utf-8' );
INSERT INTO files ( gid, file, mime ) VALUES ( '58211', 'http://www.gutenberg.org/files/58211/58211-h/58211-h.htm', 'text/html; charset=utf-8' );
INSERT INTO titles ( gid, title, author, language, rights ) VALUES ( '58311', 'Het Kindeken Jezus in Vlaanderen', 'Timmermans, Felix', 'nl', 'Public domain in the USA.' );
INSERT INTO classifications ( gid, classification ) VALUES ( '58311', 'PT' );
INSERT INTO subjects ( gid, subject ) VALUES ( '58311', 'Jesus Christ -- Fiction' );
INSERT INTO files ( gid, file, mime ) VALUES ( '58311', 'http://www.gutenberg.org/cache/epub/58311/pg58311.cover.medium.jpg', 'image/jpeg' );
INSERT INTO files ( gid, file, mime ) VALUES ( '58311', 'http://www.gutenberg.org/cache/epub/58311/pg58311.cover.small.jpg', 'image/jpeg' );
INSERT INTO files ( gid, file, mime ) VALUES ( '58311', 'http://www.gutenberg.org/ebooks/58311.epub.images', 'application/epub+zip' );
INSERT INTO files ( gid, file, mime ) VALUES ( '58311', 'http://www.gutenberg.org/ebooks/58311.epub.noimages', 'application/epub+zip' );
INSERT INTO files ( gid, file, mime ) VALUES ( '58311', 'http://www.gutenberg.org/ebooks/58311.kindle.images', 'application/x-mobipocket-ebook' );
INSERT INTO files ( gid, file, mime ) VALUES ( '58311', 'http://www.gutenberg.org/ebooks/58311.kindle.noimages', 'application/x-mobipocket-ebook' );
INSERT INTO files ( gid, file, mime ) VALUES ( '58311', 'http://www.gutenberg.org/ebooks/58311.rdf', 'application/rdf+xml' );
INSERT INTO files ( gid, file, mime ) VALUES ( '58311', 'http://www.gutenberg.org/ebooks/58311.txt.utf-8', 'text/plain' );
INSERT INTO files ( gid, file, mime ) VALUES ( '58311', 'http://www.gutenberg.org/files/58311/58311-8.txt', 'text/plain; charset=iso-8859-1' );
INSERT INTO files ( gid, file, mime ) VALUES ( '58311', 'http://www.gutenberg.org/files/58311/58311-8.zip', 'text/plain; charset=iso-8859-1application/zip' );
INSERT INTO files ( gid, file, mime ) VALUES ( '58311', 'http://www.gutenberg.org/files/58311/58311-h.zip', 'text/html; charset=iso-8859-1application/zip' );
INSERT INTO files ( gid, file, mime ) VALUES ( '58311', 'http://www.gutenberg.org/files/58311/58311-h/58311-h.htm', 'text/html; charset=iso-8859-1' );
INSERT INTO titles ( gid, title, author, language, rights ) VALUES ( '58411', 'The Play of Man', 'Gross, Karl', 'en', 'Public domain in the USA.' );
INSERT INTO files ( gid, file, mime ) VALUES ( '58411', 'http://www.gutenberg.org/cache/epub/58411/pg58411.cover.medium.jpg', 'image/jpeg' );
INSERT INTO files ( gid, file, mime ) VALUES ( '58411', 'http://www.gutenberg.org/cache/epub/58411/pg58411.cover.small.jpg', 'image/jpeg' );
INSERT INTO files ( gid, file, mime ) VALUES ( '58411', 'http://www.gutenberg.org/ebooks/58411.epub.images', 'application/epub+zip' );
INSERT INTO files ( gid, file, mime ) VALUES ( '58411', 'http://www.gutenberg.org/ebooks/58411.epub.noimages', 'application/epub+zip' );
INSERT INTO files ( gid, file, mime ) VALUES ( '58411', 'http://www.gutenberg.org/ebooks/58411.kindle.images', 'application/x-mobipocket-ebook' );
INSERT INTO files ( gid, file, mime ) VALUES ( '58411', 'http://www.gutenberg.org/ebooks/58411.kindle.noimages', 'application/x-mobipocket-ebook' );
INSERT INTO files ( gid, file, mime ) VALUES ( '58411', 'http://www.gutenberg.org/ebooks/58411.rdf', 'application/rdf+xml' );
INSERT INTO files ( gid, file, mime ) VALUES ( '58411', 'http://www.gutenberg.org/files/58411/58411-0.txt', 'text/plain; charset=utf-8' );
INSERT INTO files ( gid, file, mime ) VALUES ( '58411', 'http://www.gutenberg.org/files/58411/58411-0.zip', 'text/plain; charset=utf-8application/zip' );
INSERT INTO files ( gid, file, mime ) VALUES ( '58411', 'http://www.gutenberg.org/files/58411/58411-h.zip', 'text/html; charset=utf-8application/zip' );
INSERT INTO files ( gid, file, mime ) VALUES ( '58411', 'http://www.gutenberg.org/files/58411/58411-h/58411-h.htm', 'text/html; charset=utf-8' );
INSERT INTO titles ( gid, title, author, language, rights ) VALUES ( '58611', 'New Hampshire, A Poem; with Notes and Grace Notes', 'Frost, Robert', 'en', 'Public domain in the USA.' );
INSERT INTO files ( gid, file, mime ) VALUES ( '58611', 'http://www.gutenberg.org/cache/epub/58611/pg58611.cover.medium.jpg', 'image/jpeg' );
INSERT INTO files ( gid, file, mime ) VALUES ( '58611', 'http://www.gutenberg.org/cache/epub/58611/pg58611.cover.small.jpg', 'image/jpeg' );
INSERT INTO files ( gid, file, mime ) VALUES ( '58611', 'http://www.gutenberg.org/ebooks/58611.epub.images', 'application/epub+zip' );
INSERT INTO files ( gid, file, mime ) VALUES ( '58611', 'http://www.gutenberg.org/ebooks/58611.epub.noimages', 'application/epub+zip' );
INSERT INTO files ( gid, file, mime ) VALUES ( '58611', 'http://www.gutenberg.org/ebooks/58611.kindle.images', 'application/x-mobipocket-ebook' );
INSERT INTO files ( gid, file, mime ) VALUES ( '58611', 'http://www.gutenberg.org/ebooks/58611.kindle.noimages', 'application/x-mobipocket-ebook' );
INSERT INTO files ( gid, file, mime ) VALUES ( '58611', 'http://www.gutenberg.org/ebooks/58611.rdf', 'application/rdf+xml' );
INSERT INTO files ( gid, file, mime ) VALUES ( '58611', 'http://www.gutenberg.org/files/58611/58611-0.txt', 'text/plain; charset=utf-8' );
INSERT INTO files ( gid, file, mime ) VALUES ( '58611', 'http://www.gutenberg.org/files/58611/58611-0.zip', 'application/ziptext/plain; charset=utf-8' );
INSERT INTO files ( gid, file, mime ) VALUES ( '58611', 'http://www.gutenberg.org/files/58611/58611-8.txt', 'text/plain; charset=iso-8859-1' );
INSERT INTO files ( gid, file, mime ) VALUES ( '58611', 'http://www.gutenberg.org/files/58611/58611-8.zip', 'application/ziptext/plain; charset=iso-8859-1' );
INSERT INTO files ( gid, file, mime ) VALUES ( '58611', 'http://www.gutenberg.org/files/58611/58611-h.zip', 'application/zipapplication/octet-stream' );
INSERT INTO files ( gid, file, mime ) VALUES ( '58611', 'http://www.gutenberg.org/files/58611/58611-h/58611-h.htm', 'text/html' );
INSERT INTO titles ( gid, title, author, language, rights ) VALUES ( '58711', 'Traced and Tracked Memoirs of a City Detective', 'McGovan, James', 'en', 'Public domain in the USA.' );
INSERT INTO files ( gid, file, mime ) VALUES ( '58711', 'http://www.gutenberg.org/cache/epub/58711/pg58711.cover.medium.jpg', 'image/jpeg' );
INSERT INTO files ( gid, file, mime ) VALUES ( '58711', 'http://www.gutenberg.org/cache/epub/58711/pg58711.cover.small.jpg', 'image/jpeg' );
INSERT INTO files ( gid, file, mime ) VALUES ( '58711', 'http://www.gutenberg.org/ebooks/58711.epub.images', 'application/epub+zip' );
INSERT INTO files ( gid, file, mime ) VALUES ( '58711', 'http://www.gutenberg.org/ebooks/58711.epub.noimages', 'application/epub+zip' );
INSERT INTO files ( gid, file, mime ) VALUES ( '58711', 'http://www.gutenberg.org/ebooks/58711.kindle.images', 'application/x-mobipocket-ebook' );
INSERT INTO files ( gid, file, mime ) VALUES ( '58711', 'http://www.gutenberg.org/ebooks/58711.kindle.noimages', 'application/x-mobipocket-ebook' );
INSERT INTO files ( gid, file, mime ) VALUES ( '58711', 'http://www.gutenberg.org/ebooks/58711.rdf', 'application/rdf+xml' );
INSERT INTO files ( gid, file, mime ) VALUES ( '58711', 'http://www.gutenberg.org/files/58711/58711-0.txt', 'text/plain; charset=utf-8' );
INSERT INTO files ( gid, file, mime ) VALUES ( '58711', 'http://www.gutenberg.org/files/58711/58711-0.zip', 'application/ziptext/plain; charset=utf-8' );
INSERT INTO files ( gid, file, mime ) VALUES ( '58711', 'http://www.gutenberg.org/files/58711/58711-h.zip', 'text/html; charset=utf-8application/zip' );
INSERT INTO files ( gid, file, mime ) VALUES ( '58711', 'http://www.gutenberg.org/files/58711/58711-h/58711-h.htm', 'text/html; charset=utf-8' );
INSERT INTO titles ( gid, title, author, language, rights ) VALUES ( '58811', 'Koulumestari ja hänen poikansa Kertomus 30 vuotisen sodan ajoilta', 'Caspari, Karl Heinrich', 'fi', 'Public domain in the USA.' );
INSERT INTO files ( gid, file, mime ) VALUES ( '58811', 'http://www.gutenberg.org/ebooks/58811.epub.images', 'application/epub+zip' );
INSERT INTO files ( gid, file, mime ) VALUES ( '58811', 'http://www.gutenberg.org/ebooks/58811.epub.noimages', 'application/epub+zip' );
INSERT INTO files ( gid, file, mime ) VALUES ( '58811', 'http://www.gutenberg.org/ebooks/58811.html.images', 'text/html' );
INSERT INTO files ( gid, file, mime ) VALUES ( '58811', 'http://www.gutenberg.org/ebooks/58811.html.noimages', 'text/html' );
INSERT INTO files ( gid, file, mime ) VALUES ( '58811', 'http://www.gutenberg.org/ebooks/58811.kindle.images', 'application/x-mobipocket-ebook' );
INSERT INTO files ( gid, file, mime ) VALUES ( '58811', 'http://www.gutenberg.org/ebooks/58811.kindle.noimages', 'application/x-mobipocket-ebook' );
INSERT INTO files ( gid, file, mime ) VALUES ( '58811', 'http://www.gutenberg.org/ebooks/58811.rdf', 'application/rdf+xml' );
INSERT INTO files ( gid, file, mime ) VALUES ( '58811', 'http://www.gutenberg.org/ebooks/58811.txt.utf-8', 'text/plain' );
INSERT INTO files ( gid, file, mime ) VALUES ( '58811', 'http://www.gutenberg.org/files/58811/58811-8.txt', 'text/plain; charset=iso-8859-1' );
INSERT INTO files ( gid, file, mime ) VALUES ( '58811', 'http://www.gutenberg.org/files/58811/58811-8.zip', 'application/ziptext/plain; charset=iso-8859-1' );
INSERT INTO titles ( gid, title, author, language, rights ) VALUES ( '58511', 'The Romantic Composers', 'Mason, Daniel Gregory', 'en', 'Public domain in the USA.' );
INSERT INTO files ( gid, file, mime ) VALUES ( '58511', 'http://www.gutenberg.org/cache/epub/58511/pg58511.cover.medium.jpg', 'image/jpeg' );
INSERT INTO files ( gid, file, mime ) VALUES ( '58511', 'http://www.gutenberg.org/cache/epub/58511/pg58511.cover.small.jpg', 'image/jpeg' );
INSERT INTO files ( gid, file, mime ) VALUES ( '58511', 'http://www.gutenberg.org/ebooks/58511.epub.images', 'application/epub+zip' );
INSERT INTO files ( gid, file, mime ) VALUES ( '58511', 'http://www.gutenberg.org/ebooks/58511.epub.noimages', 'application/epub+zip' );
INSERT INTO files ( gid, file, mime ) VALUES ( '58511', 'http://www.gutenberg.org/ebooks/58511.kindle.images', 'application/x-mobipocket-ebook' );
INSERT INTO files ( gid, file, mime ) VALUES ( '58511', 'http://www.gutenberg.org/ebooks/58511.kindle.noimages', 'application/x-mobipocket-ebook' );
INSERT INTO files ( gid, file, mime ) VALUES ( '58511', 'http://www.gutenberg.org/ebooks/58511.rdf', 'application/rdf+xml' );
INSERT INTO files ( gid, file, mime ) VALUES ( '58511', 'http://www.gutenberg.org/files/58511/58511-0.txt', 'text/plain; charset=utf-8' );
INSERT INTO files ( gid, file, mime ) VALUES ( '58511', 'http://www.gutenberg.org/files/58511/58511-0.zip', 'application/ziptext/plain; charset=utf-8' );
INSERT INTO files ( gid, file, mime ) VALUES ( '58511', 'http://www.gutenberg.org/files/58511/58511-h.zip', 'text/html; charset=utf-8application/zip' );
INSERT INTO files ( gid, file, mime ) VALUES ( '58511', 'http://www.gutenberg.org/files/58511/58511-h/58511-h.htm', 'text/html; charset=utf-8' );
INSERT INTO files ( gid, file, mime ) VALUES ( '58511', 'http://www.gutenberg.org/files/58511/58511-h/pdf/score_p113-1.pdf', 'application/pdf' );
INSERT INTO files ( gid, file, mime ) VALUES ( '58511', 'http://www.gutenberg.org/files/58511/58511-h/pdf/score_p113-2a.pdf', 'application/pdf' );
INSERT INTO files ( gid, file, mime ) VALUES ( '58511', 'http://www.gutenberg.org/files/58511/58511-h/pdf/score_p113-2b.pdf', 'application/pdf' );
INSERT INTO files ( gid, file, mime ) VALUES ( '58511', 'http://www.gutenberg.org/files/58511/58511-h/pdf/score_p114-1a.pdf', 'application/pdf' );
INSERT INTO files ( gid, file, mime ) VALUES ( '58511', 'http://www.gutenberg.org/files/58511/58511-h/pdf/score_p114-1b.pdf', 'application/pdf' );
INSERT INTO files ( gid, file, mime ) VALUES ( '58511', 'http://www.gutenberg.org/files/58511/58511-h/pdf/score_p114-2a.pdf', 'application/pdf' );
INSERT INTO files ( gid, file, mime ) VALUES ( '58511', 'http://www.gutenberg.org/files/58511/58511-h/pdf/score_p114-2b.pdf', 'application/pdf' );
INSERT INTO files ( gid, file, mime ) VALUES ( '58511', 'http://www.gutenberg.org/files/58511/58511-h/pdf/score_p114-3.pdf', 'application/pdf' );
INSERT INTO files ( gid, file, mime ) VALUES ( '58511', 'http://www.gutenberg.org/files/58511/58511-h/pdf/score_p121.pdf', 'application/pdf' );
INSERT INTO files ( gid, file, mime ) VALUES ( '58511', 'http://www.gutenberg.org/files/58511/58511-h/pdf/score_p138a-audio.pdf', 'application/pdf' );
INSERT INTO files ( gid, file, mime ) VALUES ( '58511', 'http://www.gutenberg.org/files/58511/58511-h/pdf/score_p138b-audio.pdf', 'application/pdf' );
INSERT INTO files ( gid, file, mime ) VALUES ( '58511', 'http://www.gutenberg.org/files/58511/58511-h/pdf/score_p140-audio.pdf', 'application/pdf' );
INSERT INTO files ( gid, file, mime ) VALUES ( '58511', 'http://www.gutenberg.org/files/58511/58511-h/pdf/score_p147-p148a.pdf', 'application/pdf' );
INSERT INTO files ( gid, file, mime ) VALUES ( '58511', 'http://www.gutenberg.org/files/58511/58511-h/pdf/score_p148b.pdf', 'application/pdf' );
INSERT INTO files ( gid, file, mime ) VALUES ( '58511', 'http://www.gutenberg.org/files/58511/58511-h/pdf/score_p152_p153a.pdf', 'application/pdf' );
INSERT INTO files ( gid, file, mime ) VALUES ( '58511', 'http://www.gutenberg.org/files/58511/58511-h/pdf/score_p152_p153b.pdf', 'application/pdf' );
INSERT INTO files ( gid, file, mime ) VALUES ( '58511', 'http://www.gutenberg.org/files/58511/58511-h/pdf/score_p152_p153c-audio.pdf', 'application/pdf' );
INSERT INTO files ( gid, file, mime ) VALUES ( '58511', 'http://www.gutenberg.org/files/58511/58511-h/pdf/score_p183-1-audio.pdf', 'application/pdf' );
INSERT INTO files ( gid, file, mime ) VALUES ( '58511', 'http://www.gutenberg.org/files/58511/58511-h/pdf/score_p183-2.pdf', 'application/pdf' );
INSERT INTO files ( gid, file, mime ) VALUES ( '58511', 'http://www.gutenberg.org/files/58511/58511-h/pdf/score_p184.pdf', 'application/pdf' );
INSERT INTO files ( gid, file, mime ) VALUES ( '58511', 'http://www.gutenberg.org/files/58511/58511-h/pdf/score_p203-1.pdf', 'application/pdf' );
INSERT INTO files ( gid, file, mime ) VALUES ( '58511', 'http://www.gutenberg.org/files/58511/58511-h/pdf/score_p203-2.pdf', 'application/pdf' );
INSERT INTO files ( gid, file, mime ) VALUES ( '58511', 'http://www.gutenberg.org/files/58511/58511-h/pdf/score_p203-3.pdf', 'application/pdf' );
INSERT INTO files ( gid, file, mime ) VALUES ( '58511', 'http://www.gutenberg.org/files/58511/58511-h/pdf/score_p204.pdf', 'application/pdf' );
INSERT INTO files ( gid, file, mime ) VALUES ( '58511', 'http://www.gutenberg.org/files/58511/58511-h/pdf/score_p209.pdf', 'application/pdf' );
INSERT INTO files ( gid, file, mime ) VALUES ( '58511', 'http://www.gutenberg.org/files/58511/58511-h/pdf/score_p212-p213.pdf', 'application/pdf' );
INSERT INTO files ( gid, file, mime ) VALUES ( '58511', 'http://www.gutenberg.org/files/58511/58511-h/pdf/score_p214-p215-1.pdf', 'application/pdf' );
INSERT INTO files ( gid, file, mime ) VALUES ( '58511', 'http://www.gutenberg.org/files/58511/58511-h/pdf/score_p215-2.pdf', 'application/pdf' );
INSERT INTO files ( gid, file, mime ) VALUES ( '58511', 'http://www.gutenberg.org/files/58511/58511-h/pdf/score_p217.pdf', 'application/pdf' );
INSERT INTO files ( gid, file, mime ) VALUES ( '58511', 'http://www.gutenberg.org/files/58511/58511-h/pdf/score_p241-p242-1.pdf', 'application/pdf' );
INSERT INTO files ( gid, file, mime ) VALUES ( '58511', 'http://www.gutenberg.org/files/58511/58511-h/pdf/score_p242-2.pdf', 'application/pdf' );
INSERT INTO files ( gid, file, mime ) VALUES ( '58511', 'http://www.gutenberg.org/files/58511/58511-h/pdf/score_p244-1.pdf', 'application/pdf' );
INSERT INTO files ( gid, file, mime ) VALUES ( '58511', 'http://www.gutenberg.org/files/58511/58511-h/pdf/score_p244-2.pdf', 'application/pdf' );
INSERT INTO files ( gid, file, mime ) VALUES ( '58511', 'http://www.gutenberg.org/files/58511/58511-h/pdf/score_p247.pdf', 'application/pdf' );
INSERT INTO files ( gid, file, mime ) VALUES ( '58511', 'http://www.gutenberg.org/files/58511/58511-h/pdf/score_p248.pdf', 'application/pdf' );
INSERT INTO files ( gid, file, mime ) VALUES ( '58511', 'http://www.gutenberg.org/files/58511/58511-h/pdf/score_p278-279-audio.pdf', 'application/pdf' );
INSERT INTO files ( gid, file, mime ) VALUES ( '58511', 'http://www.gutenberg.org/files/58511/58511-h/pdf/score_p281.pdf', 'application/pdf' );
INSERT INTO files ( gid, file, mime ) VALUES ( '58511', 'http://www.gutenberg.org/files/58511/58511-h/pdf/score_p283._p284-1_p284_2.pdf', 'application/pdf' );
INSERT INTO files ( gid, file, mime ) VALUES ( '58511', 'http://www.gutenberg.org/files/58511/58511-h/pdf/score_p287-1.pdf', 'application/pdf' );
INSERT INTO files ( gid, file, mime ) VALUES ( '58511', 'http://www.gutenberg.org/files/58511/58511-h/pdf/score_p287-2.pdf', 'application/pdf' );
INSERT INTO files ( gid, file, mime ) VALUES ( '58511', 'http://www.gutenberg.org/files/58511/58511-h/pdf/score_p333.pdf', 'application/pdf' );
INSERT INTO files ( gid, file, mime ) VALUES ( '58511', 'http://www.gutenberg.org/files/58511/58511-h/pdf/score_p335-p336-1.pdf', 'application/pdf' );
INSERT INTO files ( gid, file, mime ) VALUES ( '58511', 'http://www.gutenberg.org/files/58511/58511-h/pdf/score_p336-2.pdf', 'application/pdf' );
INSERT INTO files ( gid, file, mime ) VALUES ( '58511', 'http://www.gutenberg.org/files/58511/58511-h/pdf/score_p342-1.pdf', 'application/pdf' );
INSERT INTO files ( gid, file, mime ) VALUES ( '58511', 'http://www.gutenberg.org/files/58511/58511-h/pdf/score_p342-2-audio.pdf', 'application/pdf' );
INSERT INTO files ( gid, file, mime ) VALUES ( '58511', 'http://www.gutenberg.org/files/58511/58511-h/pdf/score_p342-3.pdf', 'application/pdf' );
INSERT INTO files ( gid, file, mime ) VALUES ( '58511', 'http://www.gutenberg.org/files/58511/58511-h/pdf/score_p342-4-audio.pdf', 'application/pdf' );
INSERT INTO files ( gid, file, mime ) VALUES ( '58511', 'http://www.gutenberg.org/files/58511/58511-h/pdf/score_p342-5-audio.pdf', 'application/pdf' );
INSERT INTO files ( gid, file, mime ) VALUES ( '58511', 'http://www.gutenberg.org/files/58511/58511-h/pdf/score_p342-6-audio.pdf', 'application/pdf' );
INSERT INTO files ( gid, file, mime ) VALUES ( '58511', 'http://www.gutenberg.org/files/58511/58511-h/pdf/score_p344-1-audio.pdf', 'application/pdf' );
INSERT INTO files ( gid, file, mime ) VALUES ( '58511', 'http://www.gutenberg.org/files/58511/58511-h/pdf/score_p344-2-audio.pdf', 'application/pdf' );
INSERT INTO files ( gid, file, mime ) VALUES ( '58511', 'http://www.gutenberg.org/files/58511/58511-h/pdf/score_p344-3.pdf', 'application/pdf' );
INSERT INTO files ( gid, file, mime ) VALUES ( '58511', 'http://www.gutenberg.org/files/58511/58511-h/pdf/score_p344-4.pdf', 'application/pdf' );
INSERT INTO files ( gid, file, mime ) VALUES ( '58511', 'http://www.gutenberg.org/files/58511/58511-h/pdf/score_p345-audio.pdf', 'application/pdf' );
INSERT INTO files ( gid, file, mime ) VALUES ( '58511', 'http://www.gutenberg.org/files/58511/58511-h/pdf/score_p346-1-audio.pdf', 'application/pdf' );
INSERT INTO files ( gid, file, mime ) VALUES ( '58511', 'http://www.gutenberg.org/files/58511/58511-h/pdf/score_p346-2-audio.pdf', 'application/pdf' );
INSERT INTO files ( gid, file, mime ) VALUES ( '58511', 'http://www.gutenberg.org/files/58511/58511-h/pdf/score_p81-_p82-1-audio.pdf', 'application/pdf' );
INSERT INTO files ( gid, file, mime ) VALUES ( '58511', 'http://www.gutenberg.org/files/58511/58511-h/pdf/score_p82-2-_p83-1-audio.pdf', 'application/pdf' );
INSERT INTO files ( gid, file, mime ) VALUES ( '58511', 'http://www.gutenberg.org/files/58511/58511-h/pdf/score_p83-2.pdf', 'application/pdf' );
INSERT INTO files ( gid, file, mime ) VALUES ( '58511', 'http://www.gutenberg.org/files/58511/58511-h/pdf/score_p83-3.pdf', 'application/pdf' );
INSERT INTO files ( gid, file, mime ) VALUES ( '58511', 'http://www.gutenberg.org/files/58511/58511-h/pdf/score_p84-1.pdf', 'application/pdf' );
INSERT INTO files ( gid, file, mime ) VALUES ( '58511', 'http://www.gutenberg.org/files/58511/58511-h/pdf/score_p85-audio.pdf', 'application/pdf' );
INSERT INTO files ( gid, file, mime ) VALUES ( '58511', 'http://www.gutenberg.org/files/58511/58511-h/pdf/score_p97-audio.pdf', 'application/pdf' );
INSERT INTO titles ( gid, title, author, language, rights ) VALUES ( '58911', 'Autographs for Freedom', 'Various', 'en', 'Public domain in the USA.' );
INSERT INTO files ( gid, file, mime ) VALUES ( '58911', 'http://www.gutenberg.org/cache/epub/58911/pg58911.cover.medium.jpg', 'image/jpeg' );
INSERT INTO files ( gid, file, mime ) VALUES ( '58911', 'http://www.gutenberg.org/cache/epub/58911/pg58911.cover.small.jpg', 'image/jpeg' );
INSERT INTO files ( gid, file, mime ) VALUES ( '58911', 'http://www.gutenberg.org/ebooks/58911.epub.images', 'application/epub+zip' );
INSERT INTO files ( gid, file, mime ) VALUES ( '58911', 'http://www.gutenberg.org/ebooks/58911.epub.noimages', 'application/epub+zip' );
INSERT INTO files ( gid, file, mime ) VALUES ( '58911', 'http://www.gutenberg.org/ebooks/58911.kindle.images', 'application/x-mobipocket-ebook' );
INSERT INTO files ( gid, file, mime ) VALUES ( '58911', 'http://www.gutenberg.org/ebooks/58911.kindle.noimages', 'application/x-mobipocket-ebook' );
INSERT INTO files ( gid, file, mime ) VALUES ( '58911', 'http://www.gutenberg.org/ebooks/58911.rdf', 'application/rdf+xml' );
INSERT INTO files ( gid, file, mime ) VALUES ( '58911', 'http://www.gutenberg.org/files/58911/58911-0.txt', 'text/plain; charset=utf-8' );
INSERT INTO files ( gid, file, mime ) VALUES ( '58911', 'http://www.gutenberg.org/files/58911/58911-0.zip', 'text/plain; charset=utf-8application/zip' );
INSERT INTO files ( gid, file, mime ) VALUES ( '58911', 'http://www.gutenberg.org/files/58911/58911-h.zip', 'text/html; charset=iso-8859-1application/zip' );
INSERT INTO files ( gid, file, mime ) VALUES ( '58911', 'http://www.gutenberg.org/files/58911/58911-h/58911-h.htm', 'text/html; charset=iso-8859-1' );
INSERT INTO titles ( gid, title, author, language, rights ) VALUES ( '59011', 'The Last Crusade', 'Smith, George H. (George Henry)', 'en', 'Public domain in the USA.' );
INSERT INTO files ( gid, file, mime ) VALUES ( '59011', 'http://www.gutenberg.org/cache/epub/59011/pg59011.cover.medium.jpg', 'image/jpeg' );
INSERT INTO files ( gid, file, mime ) VALUES ( '59011', 'http://www.gutenberg.org/cache/epub/59011/pg59011.cover.small.jpg', 'image/jpeg' );
INSERT INTO files ( gid, file, mime ) VALUES ( '59011', 'http://www.gutenberg.org/ebooks/59011.epub.images', 'application/epub+zip' );
INSERT INTO files ( gid, file, mime ) VALUES ( '59011', 'http://www.gutenberg.org/ebooks/59011.epub.noimages', 'application/epub+zip' );
INSERT INTO files ( gid, file, mime ) VALUES ( '59011', 'http://www.gutenberg.org/ebooks/59011.kindle.images', 'application/x-mobipocket-ebook' );
INSERT INTO files ( gid, file, mime ) VALUES ( '59011', 'http://www.gutenberg.org/ebooks/59011.kindle.noimages', 'application/x-mobipocket-ebook' );
INSERT INTO files ( gid, file, mime ) VALUES ( '59011', 'http://www.gutenberg.org/ebooks/59011.rdf', 'application/rdf+xml' );
INSERT INTO files ( gid, file, mime ) VALUES ( '59011', 'http://www.gutenberg.org/ebooks/59011.txt.utf-8', 'text/plain' );
INSERT INTO files ( gid, file, mime ) VALUES ( '59011', 'http://www.gutenberg.org/files/59011/59011-h.zip', 'text/html; charset=us-asciiapplication/zip' );
INSERT INTO files ( gid, file, mime ) VALUES ( '59011', 'http://www.gutenberg.org/files/59011/59011-h/59011-h.htm', 'text/html; charset=us-ascii' );
INSERT INTO files ( gid, file, mime ) VALUES ( '59011', 'http://www.gutenberg.org/files/59011/59011.txt', 'text/plain; charset=us-ascii' );
INSERT INTO files ( gid, file, mime ) VALUES ( '59011', 'http://www.gutenberg.org/files/59011/59011.zip', 'text/plain; charset=us-asciiapplication/zip' );
INSERT INTO titles ( gid, title, author, language, rights ) VALUES ( '59111', 'Index of The Project Gutenberg Works of Lewis Carroll', 'Carroll, Lewis', 'en', 'Public domain in the USA.' );
INSERT INTO files ( gid, file, mime ) VALUES ( '59111', 'http://www.gutenberg.org/cache/epub/59111/pg59111.cover.medium.jpg', 'image/jpeg' );
INSERT INTO files ( gid, file, mime ) VALUES ( '59111', 'http://www.gutenberg.org/cache/epub/59111/pg59111.cover.small.jpg', 'image/jpeg' );
INSERT INTO files ( gid, file, mime ) VALUES ( '59111', 'http://www.gutenberg.org/ebooks/59111.epub.images', 'application/epub+zip' );
INSERT INTO files ( gid, file, mime ) VALUES ( '59111', 'http://www.gutenberg.org/ebooks/59111.epub.noimages', 'application/epub+zip' );
INSERT INTO files ( gid, file, mime ) VALUES ( '59111', 'http://www.gutenberg.org/ebooks/59111.kindle.images', 'application/x-mobipocket-ebook' );
INSERT INTO files ( gid, file, mime ) VALUES ( '59111', 'http://www.gutenberg.org/ebooks/59111.kindle.noimages', 'application/x-mobipocket-ebook' );
INSERT INTO files ( gid, file, mime ) VALUES ( '59111', 'http://www.gutenberg.org/ebooks/59111.rdf', 'application/rdf+xml' );
INSERT INTO files ( gid, file, mime ) VALUES ( '59111', 'http://www.gutenberg.org/files/59111/59111-0.txt', 'text/plain; charset=utf-8' );
INSERT INTO files ( gid, file, mime ) VALUES ( '59111', 'http://www.gutenberg.org/files/59111/59111-0.zip', 'application/ziptext/plain; charset=utf-8' );
INSERT INTO files ( gid, file, mime ) VALUES ( '59111', 'http://www.gutenberg.org/files/59111/59111-h.zip', 'text/html; charset=utf-8application/zip' );
INSERT INTO files ( gid, file, mime ) VALUES ( '59111', 'http://www.gutenberg.org/files/59111/59111-h/59111-h.htm', 'text/html; charset=utf-8' );
INSERT INTO titles ( gid, title, author, language, rights ) VALUES ( '5911', 'The History of Don Quixote, Volume 1, Part 09', 'Cervantes Saavedra, Miguel de', 'en', 'Public domain in the USA.' );
INSERT INTO classifications ( gid, classification ) VALUES ( '5911', 'PQ' );
INSERT INTO subjects ( gid, subject ) VALUES ( '5911', 'Spain -- Social life and customs -- 16th century -- Fiction' );
INSERT INTO subjects ( gid, subject ) VALUES ( '5911', 'Picaresque literature' );
INSERT INTO subjects ( gid, subject ) VALUES ( '5911', 'Knights and knighthood -- Spain -- Fiction' );
INSERT INTO subjects ( gid, subject ) VALUES ( '5911', 'Romances' );
INSERT INTO files ( gid, file, mime ) VALUES ( '5911', 'http://www.gutenberg.org/cache/epub/5911/pg5911.cover.medium.jpg', 'image/jpeg' );
INSERT INTO files ( gid, file, mime ) VALUES ( '5911', 'http://www.gutenberg.org/cache/epub/5911/pg5911.cover.small.jpg', 'image/jpeg' );
INSERT INTO files ( gid, file, mime ) VALUES ( '5911', 'http://www.gutenberg.org/ebooks/5911.epub.images', 'application/epub+zip' );
INSERT INTO files ( gid, file, mime ) VALUES ( '5911', 'http://www.gutenberg.org/ebooks/5911.epub.noimages', 'application/epub+zip' );
INSERT INTO files ( gid, file, mime ) VALUES ( '5911', 'http://www.gutenberg.org/ebooks/5911.kindle.images', 'application/x-mobipocket-ebook' );
INSERT INTO files ( gid, file, mime ) VALUES ( '5911', 'http://www.gutenberg.org/ebooks/5911.kindle.noimages', 'application/x-mobipocket-ebook' );
INSERT INTO files ( gid, file, mime ) VALUES ( '5911', 'http://www.gutenberg.org/ebooks/5911.rdf', 'application/rdf+xml' );
INSERT INTO files ( gid, file, mime ) VALUES ( '5911', 'http://www.gutenberg.org/ebooks/5911.txt.utf-8', 'text/plain' );
INSERT INTO files ( gid, file, mime ) VALUES ( '5911', 'http://www.gutenberg.org/files/5911/5911-h.zip', 'text/html; charset=iso-8859-1application/zip' );
INSERT INTO files ( gid, file, mime ) VALUES ( '5911', 'http://www.gutenberg.org/files/5911/5911-h/5911-h.htm', 'text/html; charset=iso-8859-1' );
INSERT INTO files ( gid, file, mime ) VALUES ( '5911', 'http://www.gutenberg.org/files/5911/5911.txt', 'text/plain; charset=us-ascii' );
INSERT INTO files ( gid, file, mime ) VALUES ( '5911', 'http://www.gutenberg.org/files/5911/5911.zip', 'text/plain; charset=us-asciiapplication/zip' );
INSERT INTO titles ( gid, title, author, language, rights ) VALUES ( '59211', 'The Marriage of Elinor', 'Oliphant, Mrs. (Margaret)', 'en', 'Public domain in the USA.' );
INSERT INTO files ( gid, file, mime ) VALUES ( '59211', 'http://www.gutenberg.org/cache/epub/59211/pg59211.cover.medium.jpg', 'image/jpeg' );
INSERT INTO files ( gid, file, mime ) VALUES ( '59211', 'http://www.gutenberg.org/cache/epub/59211/pg59211.cover.small.jpg', 'image/jpeg' );
INSERT INTO files ( gid, file, mime ) VALUES ( '59211', 'http://www.gutenberg.org/ebooks/59211.epub.images', 'application/epub+zip' );
INSERT INTO files ( gid, file, mime ) VALUES ( '59211', 'http://www.gutenberg.org/ebooks/59211.epub.noimages', 'application/epub+zip' );
INSERT INTO files ( gid, file, mime ) VALUES ( '59211', 'http://www.gutenberg.org/ebooks/59211.kindle.images', 'application/x-mobipocket-ebook' );
INSERT INTO files ( gid, file, mime ) VALUES ( '59211', 'http://www.gutenberg.org/ebooks/59211.kindle.noimages', 'application/x-mobipocket-ebook' );
INSERT INTO files ( gid, file, mime ) VALUES ( '59211', 'http://www.gutenberg.org/ebooks/59211.rdf', 'application/rdf+xml' );
INSERT INTO files ( gid, file, mime ) VALUES ( '59211', 'http://www.gutenberg.org/files/59211/59211-0.txt', 'text/plain; charset=utf-8' );
INSERT INTO files ( gid, file, mime ) VALUES ( '59211', 'http://www.gutenberg.org/files/59211/59211-0.zip', 'application/ziptext/plain; charset=utf-8' );
INSERT INTO files ( gid, file, mime ) VALUES ( '59211', 'http://www.gutenberg.org/files/59211/59211-h.zip', 'application/ziptext/html; charset=utf-8' );
INSERT INTO files ( gid, file, mime ) VALUES ( '59211', 'http://www.gutenberg.org/files/59211/59211-h/59211-h.htm', 'text/html; charset=utf-8' );
INSERT INTO titles ( gid, title, author, language, rights ) VALUES ( '17011', 'I.N.R.I.: A prisoner''s Story of the Cross', 'Rosegger, Peter', 'en', 'Public domain in the USA.' );
INSERT INTO classifications ( gid, classification ) VALUES ( '17011', 'PT' );
INSERT INTO subjects ( gid, subject ) VALUES ( '17011', 'Jesus Christ -- Fiction' );
INSERT INTO files ( gid, file, mime ) VALUES ( '17011', 'http://www.gutenberg.org/ebooks/17011.epub.images', 'application/epub+zip' );
INSERT INTO files ( gid, file, mime ) VALUES ( '17011', 'http://www.gutenberg.org/ebooks/17011.epub.noimages', 'application/epub+zip' );
INSERT INTO files ( gid, file, mime ) VALUES ( '17011', 'http://www.gutenberg.org/ebooks/17011.kindle.images', 'application/x-mobipocket-ebook' );
INSERT INTO files ( gid, file, mime ) VALUES ( '17011', 'http://www.gutenberg.org/ebooks/17011.kindle.noimages', 'application/x-mobipocket-ebook' );
INSERT INTO files ( gid, file, mime ) VALUES ( '17011', 'http://www.gutenberg.org/ebooks/17011.rdf', 'application/rdf+xml' );
INSERT INTO files ( gid, file, mime ) VALUES ( '17011', 'http://www.gutenberg.org/ebooks/17011.txt.utf-8', 'text/plain' );
INSERT INTO files ( gid, file, mime ) VALUES ( '17011', 'http://www.gutenberg.org/files/17011/17011-8.txt', 'text/plain; charset=iso-8859-1' );
INSERT INTO files ( gid, file, mime ) VALUES ( '17011', 'http://www.gutenberg.org/files/17011/17011-8.zip', 'application/ziptext/plain; charset=iso-8859-1' );
INSERT INTO files ( gid, file, mime ) VALUES ( '17011', 'http://www.gutenberg.org/files/17011/17011-h.zip', 'text/html; charset=iso-8859-1application/zip' );
INSERT INTO files ( gid, file, mime ) VALUES ( '17011', 'http://www.gutenberg.org/files/17011/17011-h/17011-h.htm', 'text/html; charset=iso-8859-1' );
INSERT INTO files ( gid, file, mime ) VALUES ( '17011', 'http://www.gutenberg.org/files/17011/17011.txt', 'text/plain; charset=us-ascii' );
INSERT INTO files ( gid, file, mime ) VALUES ( '17011', 'http://www.gutenberg.org/files/17011/17011.zip', 'text/plain; charset=us-asciiapplication/zip' );
INSERT INTO titles ( gid, title, author, language, rights ) VALUES ( '17111', 'The Meaning of the War: Life & Matter in Conflict', 'Bergson, Henri', 'en', 'Public domain in the USA.' );
INSERT INTO subjects ( gid, subject ) VALUES ( '17111', 'D501' );
INSERT INTO subjects ( gid, subject ) VALUES ( '17111', 'World War, 1914-1918' );
INSERT INTO subjects ( gid, subject ) VALUES ( '17111', 'National characteristics, German' );
INSERT INTO files ( gid, file, mime ) VALUES ( '17111', 'http://www.gutenberg.org/ebooks/17111.epub.images', 'application/epub+zip' );
INSERT INTO files ( gid, file, mime ) VALUES ( '17111', 'http://www.gutenberg.org/ebooks/17111.epub.noimages', 'application/epub+zip' );
INSERT INTO files ( gid, file, mime ) VALUES ( '17111', 'http://www.gutenberg.org/ebooks/17111.kindle.images', 'application/x-mobipocket-ebook' );
INSERT INTO files ( gid, file, mime ) VALUES ( '17111', 'http://www.gutenberg.org/ebooks/17111.kindle.noimages', 'application/x-mobipocket-ebook' );
INSERT INTO files ( gid, file, mime ) VALUES ( '17111', 'http://www.gutenberg.org/ebooks/17111.rdf', 'application/rdf+xml' );
INSERT INTO files ( gid, file, mime ) VALUES ( '17111', 'http://www.gutenberg.org/ebooks/17111.txt.utf-8', 'text/plain' );
INSERT INTO files ( gid, file, mime ) VALUES ( '17111', 'http://www.gutenberg.org/files/17111/17111-8.txt', 'text/plain; charset=iso-8859-1' );
INSERT INTO files ( gid, file, mime ) VALUES ( '17111', 'http://www.gutenberg.org/files/17111/17111-8.zip', 'application/ziptext/plain; charset=iso-8859-1' );
INSERT INTO files ( gid, file, mime ) VALUES ( '17111', 'http://www.gutenberg.org/files/17111/17111-h.zip', 'text/html; charset=iso-8859-1application/zip' );
INSERT INTO files ( gid, file, mime ) VALUES ( '17111', 'http://www.gutenberg.org/files/17111/17111-h/17111-h.htm', 'text/html; charset=iso-8859-1' );
INSERT INTO files ( gid, file, mime ) VALUES ( '17111', 'http://www.gutenberg.org/files/17111/17111.txt', 'text/plain; charset=us-ascii' );
INSERT INTO files ( gid, file, mime ) VALUES ( '17111', 'http://www.gutenberg.org/files/17111/17111.zip', 'text/plain; charset=us-asciiapplication/zip' );
INSERT INTO titles ( gid, title, author, language, rights ) VALUES ( '1711', 'Child of Storm', 'Haggard, H. Rider (Henry Rider)', 'en', 'Public domain in the USA.' );
INSERT INTO classifications ( gid, classification ) VALUES ( '1711', 'PR' );
INSERT INTO subjects ( gid, subject ) VALUES ( '1711', 'Zululand (South Africa) -- History -- Fiction' );
INSERT INTO subjects ( gid, subject ) VALUES ( '1711', 'Historical fiction' );
INSERT INTO subjects ( gid, subject ) VALUES ( '1711', 'Zulu (African people) -- Fiction' );
INSERT INTO subjects ( gid, subject ) VALUES ( '1711', 'Quatermain, Allan (Fictitious character) -- Fiction' );
INSERT INTO files ( gid, file, mime ) VALUES ( '1711', 'http://www.gutenberg.org/ebooks/1711.epub.images', 'application/epub+zip' );
INSERT INTO files ( gid, file, mime ) VALUES ( '1711', 'http://www.gutenberg.org/ebooks/1711.epub.noimages', 'application/epub+zip' );
INSERT INTO files ( gid, file, mime ) VALUES ( '1711', 'http://www.gutenberg.org/ebooks/1711.kindle.images', 'application/x-mobipocket-ebook' );
INSERT INTO files ( gid, file, mime ) VALUES ( '1711', 'http://www.gutenberg.org/ebooks/1711.kindle.noimages', 'application/x-mobipocket-ebook' );
INSERT INTO files ( gid, file, mime ) VALUES ( '1711', 'http://www.gutenberg.org/ebooks/1711.rdf', 'application/rdf+xml' );
INSERT INTO files ( gid, file, mime ) VALUES ( '1711', 'http://www.gutenberg.org/files/1711/1711-0.txt', 'text/plain; charset=utf-8' );
INSERT INTO files ( gid, file, mime ) VALUES ( '1711', 'http://www.gutenberg.org/files/1711/1711-0.zip', 'application/ziptext/plain; charset=utf-8' );
INSERT INTO files ( gid, file, mime ) VALUES ( '1711', 'http://www.gutenberg.org/files/1711/1711-8.txt', 'text/plain; charset=iso-8859-1' );
INSERT INTO files ( gid, file, mime ) VALUES ( '1711', 'http://www.gutenberg.org/files/1711/1711-8.zip', 'application/ziptext/plain; charset=iso-8859-1' );
INSERT INTO files ( gid, file, mime ) VALUES ( '1711', 'http://www.gutenberg.org/files/1711/1711-h.zip', 'application/ziptext/html; charset=utf-8' );
INSERT INTO files ( gid, file, mime ) VALUES ( '1711', 'http://www.gutenberg.org/files/1711/1711-h/1711-h.htm', 'text/html; charset=utf-8' );
INSERT INTO files ( gid, file, mime ) VALUES ( '1711', 'http://www.gutenberg.org/files/1711/1711.txt', 'text/plain; charset=us-ascii' );
INSERT INTO files ( gid, file, mime ) VALUES ( '1711', 'http://www.gutenberg.org/files/1711/1711.zip', 'application/ziptext/plain; charset=us-ascii' );
INSERT INTO titles ( gid, title, author, language, rights ) VALUES ( '17211', 'A School History of the Great War', 'Gerson, Armand Jacques', 'en', 'Public domain in the USA.' );
INSERT INTO subjects ( gid, subject ) VALUES ( '17211', 'D501' );
INSERT INTO subjects ( gid, subject ) VALUES ( '17211', 'World War, 1914-1918' );
INSERT INTO files ( gid, file, mime ) VALUES ( '17211', 'http://www.gutenberg.org/ebooks/17211.epub.images', 'application/epub+zip' );
INSERT INTO files ( gid, file, mime ) VALUES ( '17211', 'http://www.gutenberg.org/ebooks/17211.epub.noimages', 'application/epub+zip' );
INSERT INTO files ( gid, file, mime ) VALUES ( '17211', 'http://www.gutenberg.org/ebooks/17211.kindle.images', 'application/x-mobipocket-ebook' );
INSERT INTO files ( gid, file, mime ) VALUES ( '17211', 'http://www.gutenberg.org/ebooks/17211.kindle.noimages', 'application/x-mobipocket-ebook' );
INSERT INTO files ( gid, file, mime ) VALUES ( '17211', 'http://www.gutenberg.org/ebooks/17211.rdf', 'application/rdf+xml' );
INSERT INTO files ( gid, file, mime ) VALUES ( '17211', 'http://www.gutenberg.org/files/17211/17211-0.txt', 'text/plain; charset=utf-8' );
INSERT INTO files ( gid, file, mime ) VALUES ( '17211', 'http://www.gutenberg.org/files/17211/17211-0.zip', 'application/ziptext/plain; charset=utf-8' );
INSERT INTO files ( gid, file, mime ) VALUES ( '17211', 'http://www.gutenberg.org/files/17211/17211-8.txt', 'text/plain; charset=iso-8859-1' );
INSERT INTO files ( gid, file, mime ) VALUES ( '17211', 'http://www.gutenberg.org/files/17211/17211-8.zip', 'application/ziptext/plain; charset=iso-8859-1' );
INSERT INTO files ( gid, file, mime ) VALUES ( '17211', 'http://www.gutenberg.org/files/17211/17211-h.zip', 'application/ziptext/html; charset=iso-8859-1' );
INSERT INTO files ( gid, file, mime ) VALUES ( '17211', 'http://www.gutenberg.org/files/17211/17211-h/17211-h.htm', 'text/html; charset=iso-8859-1' );
INSERT INTO files ( gid, file, mime ) VALUES ( '17211', 'http://www.gutenberg.org/files/17211/17211.txt', 'text/plain; charset=us-ascii' );
INSERT INTO files ( gid, file, mime ) VALUES ( '17211', 'http://www.gutenberg.org/files/17211/17211.zip', 'application/ziptext/plain; charset=us-ascii' );
INSERT INTO titles ( gid, title, author, language, rights ) VALUES ( '17311', 'Le jardinier de la Pompadour', 'Demolder, Eugène', 'fr', 'Public domain in the USA.' );
INSERT INTO classifications ( gid, classification ) VALUES ( '17311', 'PQ' );
INSERT INTO subjects ( gid, subject ) VALUES ( '17311', 'Fiction' );
INSERT INTO files ( gid, file, mime ) VALUES ( '17311', 'http://www.gutenberg.org/ebooks/17311.epub.images', 'application/epub+zip' );
INSERT INTO files ( gid, file, mime ) VALUES ( '17311', 'http://www.gutenberg.org/ebooks/17311.epub.noimages', 'application/epub+zip' );
INSERT INTO files ( gid, file, mime ) VALUES ( '17311', 'http://www.gutenberg.org/ebooks/17311.html.images', 'text/html' );
INSERT INTO files ( gid, file, mime ) VALUES ( '17311', 'http://www.gutenberg.org/ebooks/17311.html.noimages', 'text/html' );
INSERT INTO files ( gid, file, mime ) VALUES ( '17311', 'http://www.gutenberg.org/ebooks/17311.kindle.images', 'application/x-mobipocket-ebook' );
INSERT INTO files ( gid, file, mime ) VALUES ( '17311', 'http://www.gutenberg.org/ebooks/17311.kindle.noimages', 'application/x-mobipocket-ebook' );
INSERT INTO files ( gid, file, mime ) VALUES ( '17311', 'http://www.gutenberg.org/ebooks/17311.rdf', 'application/rdf+xml' );
INSERT INTO files ( gid, file, mime ) VALUES ( '17311', 'http://www.gutenberg.org/files/17311/17311-0.txt', 'text/plain; charset=utf-8' );
INSERT INTO files ( gid, file, mime ) VALUES ( '17311', 'http://www.gutenberg.org/files/17311/17311-0.zip', 'text/plain; charset=utf-8application/zip' );
INSERT INTO files ( gid, file, mime ) VALUES ( '17311', 'http://www.gutenberg.org/files/17311/17311-8.txt', 'text/plain; charset=iso-8859-1' );
INSERT INTO files ( gid, file, mime ) VALUES ( '17311', 'http://www.gutenberg.org/files/17311/17311-8.zip', 'application/ziptext/plain; charset=iso-8859-1' );
INSERT INTO titles ( gid, title, author, language, rights ) VALUES ( '17411', 'Historic Doubts on the Life and Reign of King Richard the Third', 'Walpole, Horace', 'en', 'Public domain in the USA.' );
INSERT INTO classifications ( gid, classification ) VALUES ( '17411', 'DA' );
INSERT INTO subjects ( gid, subject ) VALUES ( '17411', 'Great Britain -- History -- Richard III, 1483-1485' );
INSERT INTO subjects ( gid, subject ) VALUES ( '17411', 'Great Britain -- Kings and rulers -- Biography -- Early works to 1800' );
INSERT INTO subjects ( gid, subject ) VALUES ( '17411', 'Richard III, King of England, 1452-1485 -- Early works to 1800' );
INSERT INTO files ( gid, file, mime ) VALUES ( '17411', 'http://www.gutenberg.org/ebooks/17411.epub.images', 'application/epub+zip' );
INSERT INTO files ( gid, file, mime ) VALUES ( '17411', 'http://www.gutenberg.org/ebooks/17411.epub.noimages', 'application/epub+zip' );
INSERT INTO files ( gid, file, mime ) VALUES ( '17411', 'http://www.gutenberg.org/ebooks/17411.html.images', 'text/html' );
INSERT INTO files ( gid, file, mime ) VALUES ( '17411', 'http://www.gutenberg.org/ebooks/17411.html.noimages', 'text/html' );
INSERT INTO files ( gid, file, mime ) VALUES ( '17411', 'http://www.gutenberg.org/ebooks/17411.kindle.images', 'application/x-mobipocket-ebook' );
INSERT INTO files ( gid, file, mime ) VALUES ( '17411', 'http://www.gutenberg.org/ebooks/17411.kindle.noimages', 'application/x-mobipocket-ebook' );
INSERT INTO files ( gid, file, mime ) VALUES ( '17411', 'http://www.gutenberg.org/ebooks/17411.rdf', 'application/rdf+xml' );
INSERT INTO files ( gid, file, mime ) VALUES ( '17411', 'http://www.gutenberg.org/ebooks/17411.txt.utf-8', 'text/plain' );
INSERT INTO files ( gid, file, mime ) VALUES ( '17411', 'http://www.gutenberg.org/files/17411/17411.txt', 'text/plain; charset=us-ascii' );
INSERT INTO files ( gid, file, mime ) VALUES ( '17411', 'http://www.gutenberg.org/files/17411/17411.zip', 'application/ziptext/plain; charset=us-ascii' );
INSERT INTO titles ( gid, title, author, language, rights ) VALUES ( '17511', 'Foch the Man: A Life of the Supreme Commander of the Allied Armies', 'Laughlin, Clara E. (Clara Elizabeth)', 'en', 'Public domain in the USA.' );
INSERT INTO classifications ( gid, classification ) VALUES ( '17511', 'DC' );
INSERT INTO subjects ( gid, subject ) VALUES ( '17511', 'Foch, Ferdinand, 1851-1929' );
INSERT INTO files ( gid, file, mime ) VALUES ( '17511', 'http://www.gutenberg.org/ebooks/17511.epub.images', 'application/epub+zip' );
INSERT INTO files ( gid, file, mime ) VALUES ( '17511', 'http://www.gutenberg.org/ebooks/17511.epub.noimages', 'application/epub+zip' );
INSERT INTO files ( gid, file, mime ) VALUES ( '17511', 'http://www.gutenberg.org/ebooks/17511.kindle.images', 'application/x-mobipocket-ebook' );
INSERT INTO files ( gid, file, mime ) VALUES ( '17511', 'http://www.gutenberg.org/ebooks/17511.kindle.noimages', 'application/x-mobipocket-ebook' );
INSERT INTO files ( gid, file, mime ) VALUES ( '17511', 'http://www.gutenberg.org/ebooks/17511.rdf', 'application/rdf+xml' );
INSERT INTO files ( gid, file, mime ) VALUES ( '17511', 'http://www.gutenberg.org/ebooks/17511.txt.utf-8', 'text/plain' );
INSERT INTO files ( gid, file, mime ) VALUES ( '17511', 'http://www.gutenberg.org/files/17511/17511-8.txt', 'text/plain; charset=iso-8859-1' );
INSERT INTO files ( gid, file, mime ) VALUES ( '17511', 'http://www.gutenberg.org/files/17511/17511-8.zip', 'application/ziptext/plain; charset=iso-8859-1' );
INSERT INTO files ( gid, file, mime ) VALUES ( '17511', 'http://www.gutenberg.org/files/17511/17511-h.zip', 'application/ziptext/html; charset=iso-8859-1' );
INSERT INTO files ( gid, file, mime ) VALUES ( '17511', 'http://www.gutenberg.org/files/17511/17511-h/17511-h.htm', 'text/html; charset=iso-8859-1' );
INSERT INTO files ( gid, file, mime ) VALUES ( '17511', 'http://www.gutenberg.org/files/17511/17511.txt', 'text/plain; charset=us-ascii' );
INSERT INTO files ( gid, file, mime ) VALUES ( '17511', 'http://www.gutenberg.org/files/17511/17511.zip', 'text/plain; charset=us-asciiapplication/zip' );
INSERT INTO titles ( gid, title, author, language, rights ) VALUES ( '17611', 'Summa Theologica, Part I (Prima Pars) From the Complete American Edition', 'Thomas, Aquinas, Saint', 'en', 'Public domain in the USA.' );
INSERT INTO classifications ( gid, classification ) VALUES ( '17611', 'BX' );
INSERT INTO subjects ( gid, subject ) VALUES ( '17611', 'Theology, Doctrinal -- Early works to 1800' );
INSERT INTO subjects ( gid, subject ) VALUES ( '17611', 'God -- Omnipresence -- Early works to 1800' );
INSERT INTO subjects ( gid, subject ) VALUES ( '17611', 'God -- Attributes -- Early works to 1800' );
INSERT INTO subjects ( gid, subject ) VALUES ( '17611', 'Catholic Church -- Doctrines -- Early works to 1800' );
INSERT INTO files ( gid, file, mime ) VALUES ( '17611', 'http://www.gutenberg.org/ebooks/17611.epub.images', 'application/epub+zip' );
INSERT INTO files ( gid, file, mime ) VALUES ( '17611', 'http://www.gutenberg.org/ebooks/17611.epub.noimages', 'application/epub+zip' );
INSERT INTO files ( gid, file, mime ) VALUES ( '17611', 'http://www.gutenberg.org/ebooks/17611.html.images', 'text/html' );
INSERT INTO files ( gid, file, mime ) VALUES ( '17611', 'http://www.gutenberg.org/ebooks/17611.html.noimages', 'text/html' );
INSERT INTO files ( gid, file, mime ) VALUES ( '17611', 'http://www.gutenberg.org/ebooks/17611.kindle.images', 'application/x-mobipocket-ebook' );
INSERT INTO files ( gid, file, mime ) VALUES ( '17611', 'http://www.gutenberg.org/ebooks/17611.kindle.noimages', 'application/x-mobipocket-ebook' );
INSERT INTO files ( gid, file, mime ) VALUES ( '17611', 'http://www.gutenberg.org/ebooks/17611.rdf', 'application/rdf+xml' );
INSERT INTO files ( gid, file, mime ) VALUES ( '17611', 'http://www.gutenberg.org/ebooks/17611.txt.utf-8', 'text/plain' );
INSERT INTO files ( gid, file, mime ) VALUES ( '17611', 'http://www.gutenberg.org/files/17611/17611.txt', 'text/plain; charset=us-ascii' );
INSERT INTO files ( gid, file, mime ) VALUES ( '17611', 'http://www.gutenberg.org/files/17611/17611.zip', 'application/ziptext/plain; charset=us-ascii' );
INSERT INTO titles ( gid, title, author, language, rights ) VALUES ( '17711', 'Hindustani Lyrics', '', 'en', 'Public domain in the USA.' );
INSERT INTO classifications ( gid, classification ) VALUES ( '17711', 'PK' );
INSERT INTO subjects ( gid, subject ) VALUES ( '17711', 'Urdu poetry -- Translations into English' );
INSERT INTO files ( gid, file, mime ) VALUES ( '17711', 'http://www.gutenberg.org/ebooks/17711.epub.images', 'application/epub+zip' );
INSERT INTO files ( gid, file, mime ) VALUES ( '17711', 'http://www.gutenberg.org/ebooks/17711.epub.noimages', 'application/epub+zip' );
INSERT INTO files ( gid, file, mime ) VALUES ( '17711', 'http://www.gutenberg.org/ebooks/17711.kindle.images', 'application/x-mobipocket-ebook' );
INSERT INTO files ( gid, file, mime ) VALUES ( '17711', 'http://www.gutenberg.org/ebooks/17711.kindle.noimages', 'application/x-mobipocket-ebook' );
INSERT INTO files ( gid, file, mime ) VALUES ( '17711', 'http://www.gutenberg.org/ebooks/17711.rdf', 'application/rdf+xml' );
INSERT INTO files ( gid, file, mime ) VALUES ( '17711', 'http://www.gutenberg.org/ebooks/17711.txt.utf-8', 'text/plain' );
INSERT INTO files ( gid, file, mime ) VALUES ( '17711', 'http://www.gutenberg.org/files/17711/17711-h.zip', 'text/html; charset=iso-8859-1application/zip' );
INSERT INTO files ( gid, file, mime ) VALUES ( '17711', 'http://www.gutenberg.org/files/17711/17711-h/17711-h.htm', 'text/html; charset=iso-8859-1' );
INSERT INTO files ( gid, file, mime ) VALUES ( '17711', 'http://www.gutenberg.org/files/17711/17711.txt', 'text/plain; charset=us-ascii' );
INSERT INTO files ( gid, file, mime ) VALUES ( '17711', 'http://www.gutenberg.org/files/17711/17711.zip', 'text/plain; charset=us-asciiapplication/zip' );
INSERT INTO titles ( gid, title, author, language, rights ) VALUES ( '17811', 'Grace Harlowe''s Junior Year at High School Or, Fast Friends in the Sororities', 'Chase, Josephine', 'en', 'Public domain in the USA.' );
INSERT INTO classifications ( gid, classification ) VALUES ( '17811', 'PZ' );
INSERT INTO subjects ( gid, subject ) VALUES ( '17811', 'High school students -- Juvenile fiction' );
INSERT INTO subjects ( gid, subject ) VALUES ( '17811', 'Schools -- Juvenile fiction' );
INSERT INTO files ( gid, file, mime ) VALUES ( '17811', 'http://www.gutenberg.org/cache/epub/17811/pg17811.cover.medium.jpg', 'image/jpeg' );
INSERT INTO files ( gid, file, mime ) VALUES ( '17811', 'http://www.gutenberg.org/cache/epub/17811/pg17811.cover.small.jpg', 'image/jpeg' );
INSERT INTO files ( gid, file, mime ) VALUES ( '17811', 'http://www.gutenberg.org/ebooks/17811.epub.images', 'application/epub+zip' );
INSERT INTO files ( gid, file, mime ) VALUES ( '17811', 'http://www.gutenberg.org/ebooks/17811.epub.noimages', 'application/epub+zip' );
INSERT INTO files ( gid, file, mime ) VALUES ( '17811', 'http://www.gutenberg.org/ebooks/17811.kindle.images', 'application/x-mobipocket-ebook' );
INSERT INTO files ( gid, file, mime ) VALUES ( '17811', 'http://www.gutenberg.org/ebooks/17811.kindle.noimages', 'application/x-mobipocket-ebook' );
INSERT INTO files ( gid, file, mime ) VALUES ( '17811', 'http://www.gutenberg.org/ebooks/17811.rdf', 'application/rdf+xml' );
INSERT INTO files ( gid, file, mime ) VALUES ( '17811', 'http://www.gutenberg.org/ebooks/17811.txt.utf-8', 'text/plain' );
INSERT INTO files ( gid, file, mime ) VALUES ( '17811', 'http://www.gutenberg.org/files/17811/17811-8.txt', 'text/plain; charset=iso-8859-1' );
INSERT INTO files ( gid, file, mime ) VALUES ( '17811', 'http://www.gutenberg.org/files/17811/17811-8.zip', 'text/plain; charset=iso-8859-1application/zip' );
INSERT INTO files ( gid, file, mime ) VALUES ( '17811', 'http://www.gutenberg.org/files/17811/17811-h.zip', 'text/html; charset=iso-8859-1application/zip' );
INSERT INTO files ( gid, file, mime ) VALUES ( '17811', 'http://www.gutenberg.org/files/17811/17811-h/17811-h.htm', 'text/html; charset=iso-8859-1' );
INSERT INTO files ( gid, file, mime ) VALUES ( '17811', 'http://www.gutenberg.org/files/17811/17811.txt', 'text/plain; charset=us-ascii' );
INSERT INTO files ( gid, file, mime ) VALUES ( '17811', 'http://www.gutenberg.org/files/17811/17811.zip', 'application/ziptext/plain; charset=us-ascii' );
INSERT INTO titles ( gid, title, author, language, rights ) VALUES ( '17911', 'Légendes rustiques', 'Sand, George', 'fr', 'Public domain in the USA.' );
INSERT INTO classifications ( gid, classification ) VALUES ( '17911', 'PQ' );
INSERT INTO subjects ( gid, subject ) VALUES ( '17911', 'Legends -- France' );
INSERT INTO subjects ( gid, subject ) VALUES ( '17911', 'Folklore -- France' );
INSERT INTO files ( gid, file, mime ) VALUES ( '17911', 'http://www.gutenberg.org/ebooks/17911.epub.images', 'application/epub+zip' );
INSERT INTO files ( gid, file, mime ) VALUES ( '17911', 'http://www.gutenberg.org/ebooks/17911.epub.noimages', 'application/epub+zip' );
INSERT INTO files ( gid, file, mime ) VALUES ( '17911', 'http://www.gutenberg.org/ebooks/17911.html.images', 'text/html' );
INSERT INTO files ( gid, file, mime ) VALUES ( '17911', 'http://www.gutenberg.org/ebooks/17911.html.noimages', 'text/html' );
INSERT INTO files ( gid, file, mime ) VALUES ( '17911', 'http://www.gutenberg.org/ebooks/17911.kindle.images', 'application/x-mobipocket-ebook' );
INSERT INTO files ( gid, file, mime ) VALUES ( '17911', 'http://www.gutenberg.org/ebooks/17911.kindle.noimages', 'application/x-mobipocket-ebook' );
INSERT INTO files ( gid, file, mime ) VALUES ( '17911', 'http://www.gutenberg.org/ebooks/17911.rdf', 'application/rdf+xml' );
INSERT INTO files ( gid, file, mime ) VALUES ( '17911', 'http://www.gutenberg.org/files/17911/17911-0.txt', 'text/plain; charset=utf-8' );
INSERT INTO files ( gid, file, mime ) VALUES ( '17911', 'http://www.gutenberg.org/files/17911/17911-0.zip', 'text/plain; charset=utf-8application/zip' );
INSERT INTO files ( gid, file, mime ) VALUES ( '17911', 'http://www.gutenberg.org/files/17911/17911-8.txt', 'text/plain; charset=iso-8859-1' );
INSERT INTO files ( gid, file, mime ) VALUES ( '17911', 'http://www.gutenberg.org/files/17911/17911-8.zip', 'text/plain; charset=iso-8859-1application/zip' );
INSERT INTO titles ( gid, title, author, language, rights ) VALUES ( '18011', 'The Portion of Labor', 'Freeman, Mary Eleanor Wilkins', 'en', 'Public domain in the USA.' );
INSERT INTO classifications ( gid, classification ) VALUES ( '18011', 'PS' );
INSERT INTO subjects ( gid, subject ) VALUES ( '18011', 'New England -- Fiction' );
INSERT INTO files ( gid, file, mime ) VALUES ( '18011', 'http://www.gutenberg.org/ebooks/18011.epub.images', 'application/epub+zip' );
INSERT INTO files ( gid, file, mime ) VALUES ( '18011', 'http://www.gutenberg.org/ebooks/18011.epub.noimages', 'application/epub+zip' );
INSERT INTO files ( gid, file, mime ) VALUES ( '18011', 'http://www.gutenberg.org/ebooks/18011.kindle.images', 'application/x-mobipocket-ebook' );
INSERT INTO files ( gid, file, mime ) VALUES ( '18011', 'http://www.gutenberg.org/ebooks/18011.kindle.noimages', 'application/x-mobipocket-ebook' );
INSERT INTO files ( gid, file, mime ) VALUES ( '18011', 'http://www.gutenberg.org/ebooks/18011.rdf', 'application/rdf+xml' );
INSERT INTO files ( gid, file, mime ) VALUES ( '18011', 'http://www.gutenberg.org/ebooks/18011.txt.utf-8', 'text/plain' );
INSERT INTO files ( gid, file, mime ) VALUES ( '18011', 'http://www.gutenberg.org/files/18011/18011-8.txt', 'text/plain; charset=iso-8859-1' );
INSERT INTO files ( gid, file, mime ) VALUES ( '18011', 'http://www.gutenberg.org/files/18011/18011-8.zip', 'text/plain; charset=iso-8859-1application/zip' );
INSERT INTO files ( gid, file, mime ) VALUES ( '18011', 'http://www.gutenberg.org/files/18011/18011-h.zip', 'application/ziptext/html; charset=us-ascii' );
INSERT INTO files ( gid, file, mime ) VALUES ( '18011', 'http://www.gutenberg.org/files/18011/18011-h/18011-h.htm', 'text/html; charset=us-ascii' );
INSERT INTO files ( gid, file, mime ) VALUES ( '18011', 'http://www.gutenberg.org/files/18011/18011.txt', 'text/plain; charset=us-ascii' );
INSERT INTO files ( gid, file, mime ) VALUES ( '18011', 'http://www.gutenberg.org/files/18011/18011.zip', 'text/plain; charset=us-asciiapplication/zip' );
INSERT INTO titles ( gid, title, author, language, rights ) VALUES ( '18111', 'Scènes de mer, Tome I', 'Corbière, Edouard', 'fr', 'Public domain in the USA.' );
INSERT INTO classifications ( gid, classification ) VALUES ( '18111', 'PQ' );
INSERT INTO subjects ( gid, subject ) VALUES ( '18111', 'Sea stories' );
INSERT INTO files ( gid, file, mime ) VALUES ( '18111', 'http://www.gutenberg.org/ebooks/18111.epub.images', 'application/epub+zip' );
INSERT INTO files ( gid, file, mime ) VALUES ( '18111', 'http://www.gutenberg.org/ebooks/18111.epub.noimages', 'application/epub+zip' );
INSERT INTO files ( gid, file, mime ) VALUES ( '18111', 'http://www.gutenberg.org/ebooks/18111.kindle.images', 'application/x-mobipocket-ebook' );
INSERT INTO files ( gid, file, mime ) VALUES ( '18111', 'http://www.gutenberg.org/ebooks/18111.kindle.noimages', 'application/x-mobipocket-ebook' );
INSERT INTO files ( gid, file, mime ) VALUES ( '18111', 'http://www.gutenberg.org/ebooks/18111.rdf', 'application/rdf+xml' );
INSERT INTO files ( gid, file, mime ) VALUES ( '18111', 'http://www.gutenberg.org/ebooks/18111.txt.utf-8', 'text/plain' );
INSERT INTO files ( gid, file, mime ) VALUES ( '18111', 'http://www.gutenberg.org/files/18111/18111-8.txt', 'text/plain; charset=iso-8859-1' );
INSERT INTO files ( gid, file, mime ) VALUES ( '18111', 'http://www.gutenberg.org/files/18111/18111-8.zip', 'application/ziptext/plain; charset=iso-8859-1' );
INSERT INTO files ( gid, file, mime ) VALUES ( '18111', 'http://www.gutenberg.org/files/18111/18111-h.zip', 'text/html; charset=iso-8859-1application/zip' );
INSERT INTO files ( gid, file, mime ) VALUES ( '18111', 'http://www.gutenberg.org/files/18111/18111-h/18111-h.htm', 'text/html; charset=iso-8859-1' );
INSERT INTO titles ( gid, title, author, language, rights ) VALUES ( '1811', 'Massimilla Doni', 'Balzac, Honoré de', 'en', 'Public domain in the USA.' );
INSERT INTO classifications ( gid, classification ) VALUES ( '1811', 'PQ' );
INSERT INTO subjects ( gid, subject ) VALUES ( '1811', 'French fiction -- Translations into English' );
INSERT INTO files ( gid, file, mime ) VALUES ( '1811', 'http://www.gutenberg.org/ebooks/1811.epub.images', 'application/epub+zip' );
INSERT INTO files ( gid, file, mime ) VALUES ( '1811', 'http://www.gutenberg.org/ebooks/1811.epub.noimages', 'application/epub+zip' );
INSERT INTO files ( gid, file, mime ) VALUES ( '1811', 'http://www.gutenberg.org/ebooks/1811.kindle.images', 'application/x-mobipocket-ebook' );
INSERT INTO files ( gid, file, mime ) VALUES ( '1811', 'http://www.gutenberg.org/ebooks/1811.kindle.noimages', 'application/x-mobipocket-ebook' );
INSERT INTO files ( gid, file, mime ) VALUES ( '1811', 'http://www.gutenberg.org/ebooks/1811.rdf', 'application/rdf+xml' );
INSERT INTO files ( gid, file, mime ) VALUES ( '1811', 'http://www.gutenberg.org/files/1811/1811-0.txt', 'text/plain; charset=utf-8' );
INSERT INTO files ( gid, file, mime ) VALUES ( '1811', 'http://www.gutenberg.org/files/1811/1811-0.zip', 'application/ziptext/plain; charset=utf-8' );
INSERT INTO files ( gid, file, mime ) VALUES ( '1811', 'http://www.gutenberg.org/files/1811/1811-h.zip', 'text/html; charset=utf-8application/zip' );
INSERT INTO files ( gid, file, mime ) VALUES ( '1811', 'http://www.gutenberg.org/files/1811/1811-h/1811-h.htm', 'text/html; charset=utf-8' );
INSERT INTO files ( gid, file, mime ) VALUES ( '1811', 'http://www.gutenberg.org/files/1811/1811.txt', 'text/plain; charset=us-ascii' );
INSERT INTO files ( gid, file, mime ) VALUES ( '1811', 'http://www.gutenberg.org/files/1811/1811.zip', 'application/ziptext/plain; charset=us-ascii' );
INSERT INTO titles ( gid, title, author, language, rights ) VALUES ( '18211', 'Servitude et grandeur militaires', 'Vigny, Alfred de', 'fr', 'Public domain in the USA.' );
INSERT INTO classifications ( gid, classification ) VALUES ( '18211', 'PQ' );
INSERT INTO subjects ( gid, subject ) VALUES ( '18211', 'Soldiers' );
INSERT INTO files ( gid, file, mime ) VALUES ( '18211', 'http://www.gutenberg.org/ebooks/18211.epub.images', 'application/epub+zip' );
INSERT INTO files ( gid, file, mime ) VALUES ( '18211', 'http://www.gutenberg.org/ebooks/18211.epub.noimages', 'application/epub+zip' );
INSERT INTO files ( gid, file, mime ) VALUES ( '18211', 'http://www.gutenberg.org/ebooks/18211.html.images', 'text/html' );
INSERT INTO files ( gid, file, mime ) VALUES ( '18211', 'http://www.gutenberg.org/ebooks/18211.html.noimages', 'text/html' );
INSERT INTO files ( gid, file, mime ) VALUES ( '18211', 'http://www.gutenberg.org/ebooks/18211.kindle.images', 'application/x-mobipocket-ebook' );
INSERT INTO files ( gid, file, mime ) VALUES ( '18211', 'http://www.gutenberg.org/ebooks/18211.kindle.noimages', 'application/x-mobipocket-ebook' );
INSERT INTO files ( gid, file, mime ) VALUES ( '18211', 'http://www.gutenberg.org/ebooks/18211.rdf', 'application/rdf+xml' );
INSERT INTO files ( gid, file, mime ) VALUES ( '18211', 'http://www.gutenberg.org/ebooks/18211.txt.utf-8', 'text/plain' );
INSERT INTO files ( gid, file, mime ) VALUES ( '18211', 'http://www.gutenberg.org/files/18211/18211-8.txt', 'text/plain; charset=iso-8859-1' );
INSERT INTO files ( gid, file, mime ) VALUES ( '18211', 'http://www.gutenberg.org/files/18211/18211-8.zip', 'text/plain; charset=iso-8859-1application/zip' );
INSERT INTO titles ( gid, title, author, language, rights ) VALUES ( '18311', 'Le conte d''hiver', 'Shakespeare, William', 'fr', 'Public domain in the USA.' );
INSERT INTO classifications ( gid, classification ) VALUES ( '18311', 'PR' );
INSERT INTO subjects ( gid, subject ) VALUES ( '18311', 'Tragicomedy' );
INSERT INTO subjects ( gid, subject ) VALUES ( '18311', 'Fathers and daughters -- Drama' );
INSERT INTO subjects ( gid, subject ) VALUES ( '18311', 'Castaways -- Drama' );
INSERT INTO subjects ( gid, subject ) VALUES ( '18311', 'Sicily (Italy) -- Kings and rulers -- Drama' );
INSERT INTO subjects ( gid, subject ) VALUES ( '18311', 'Married people -- Drama' );
INSERT INTO files ( gid, file, mime ) VALUES ( '18311', 'http://www.gutenberg.org/ebooks/18311.epub.images', 'application/epub+zip' );
INSERT INTO files ( gid, file, mime ) VALUES ( '18311', 'http://www.gutenberg.org/ebooks/18311.epub.noimages', 'application/epub+zip' );
INSERT INTO files ( gid, file, mime ) VALUES ( '18311', 'http://www.gutenberg.org/ebooks/18311.kindle.images', 'application/x-mobipocket-ebook' );
INSERT INTO files ( gid, file, mime ) VALUES ( '18311', 'http://www.gutenberg.org/ebooks/18311.kindle.noimages', 'application/x-mobipocket-ebook' );
INSERT INTO files ( gid, file, mime ) VALUES ( '18311', 'http://www.gutenberg.org/ebooks/18311.rdf', 'application/rdf+xml' );
INSERT INTO files ( gid, file, mime ) VALUES ( '18311', 'http://www.gutenberg.org/ebooks/18311.txt.utf-8', 'text/plain' );
INSERT INTO files ( gid, file, mime ) VALUES ( '18311', 'http://www.gutenberg.org/files/18311/18311-8.txt', 'text/plain; charset=iso-8859-1' );
INSERT INTO files ( gid, file, mime ) VALUES ( '18311', 'http://www.gutenberg.org/files/18311/18311-8.zip', 'text/plain; charset=iso-8859-1application/zip' );
INSERT INTO files ( gid, file, mime ) VALUES ( '18311', 'http://www.gutenberg.org/files/18311/18311-h.zip', 'application/ziptext/html; charset=iso-8859-1' );
INSERT INTO files ( gid, file, mime ) VALUES ( '18311', 'http://www.gutenberg.org/files/18311/18311-h/18311-h.htm', 'text/html; charset=iso-8859-1' );
INSERT INTO titles ( gid, title, author, language, rights ) VALUES ( '59311', 'Gas and Petroleum Engines', 'Gaffigny, Henry  de', 'en', 'Public domain in the USA.' );
INSERT INTO files ( gid, file, mime ) VALUES ( '59311', 'http://www.gutenberg.org/cache/epub/59311/pg59311.cover.medium.jpg', 'image/jpeg' );
INSERT INTO files ( gid, file, mime ) VALUES ( '59311', 'http://www.gutenberg.org/cache/epub/59311/pg59311.cover.small.jpg', 'image/jpeg' );
INSERT INTO files ( gid, file, mime ) VALUES ( '59311', 'http://www.gutenberg.org/ebooks/59311.epub.images', 'application/epub+zip' );
INSERT INTO files ( gid, file, mime ) VALUES ( '59311', 'http://www.gutenberg.org/ebooks/59311.epub.noimages', 'application/epub+zip' );
INSERT INTO files ( gid, file, mime ) VALUES ( '59311', 'http://www.gutenberg.org/ebooks/59311.kindle.images', 'application/x-mobipocket-ebook' );
INSERT INTO files ( gid, file, mime ) VALUES ( '59311', 'http://www.gutenberg.org/ebooks/59311.kindle.noimages', 'application/x-mobipocket-ebook' );
INSERT INTO files ( gid, file, mime ) VALUES ( '59311', 'http://www.gutenberg.org/ebooks/59311.rdf', 'application/rdf+xml' );
INSERT INTO files ( gid, file, mime ) VALUES ( '59311', 'http://www.gutenberg.org/files/59311/59311-0.txt', 'text/plain; charset=utf-8' );
INSERT INTO files ( gid, file, mime ) VALUES ( '59311', 'http://www.gutenberg.org/files/59311/59311-0.zip', 'text/plain; charset=utf-8application/zip' );
INSERT INTO files ( gid, file, mime ) VALUES ( '59311', 'http://www.gutenberg.org/files/59311/59311-h.zip', 'text/html; charset=utf-8application/zip' );
INSERT INTO files ( gid, file, mime ) VALUES ( '59311', 'http://www.gutenberg.org/files/59311/59311-h/59311-h.htm', 'text/html; charset=utf-8' );
INSERT INTO titles ( gid, title, author, language, rights ) VALUES ( '59411', 'The Orchid Album, Volume 3 Comprising Coloured Figures and Descriptions of New, Rare, and Beautiful Orchidaceous Plants', 'Moore, Thomas', 'en', 'Public domain in the USA.' );
INSERT INTO files ( gid, file, mime ) VALUES ( '59411', 'http://www.gutenberg.org/cache/epub/59411/pg59411.cover.medium.jpg', 'image/jpeg' );
INSERT INTO files ( gid, file, mime ) VALUES ( '59411', 'http://www.gutenberg.org/cache/epub/59411/pg59411.cover.small.jpg', 'image/jpeg' );
INSERT INTO files ( gid, file, mime ) VALUES ( '59411', 'http://www.gutenberg.org/ebooks/59411.epub.images', 'application/epub+zip' );
INSERT INTO files ( gid, file, mime ) VALUES ( '59411', 'http://www.gutenberg.org/ebooks/59411.epub.noimages', 'application/epub+zip' );
INSERT INTO files ( gid, file, mime ) VALUES ( '59411', 'http://www.gutenberg.org/ebooks/59411.kindle.images', 'application/x-mobipocket-ebook' );
INSERT INTO files ( gid, file, mime ) VALUES ( '59411', 'http://www.gutenberg.org/ebooks/59411.kindle.noimages', 'application/x-mobipocket-ebook' );
INSERT INTO files ( gid, file, mime ) VALUES ( '59411', 'http://www.gutenberg.org/ebooks/59411.rdf', 'application/rdf+xml' );
INSERT INTO files ( gid, file, mime ) VALUES ( '59411', 'http://www.gutenberg.org/files/59411/59411-0.txt', 'text/plain; charset=utf-8' );
INSERT INTO files ( gid, file, mime ) VALUES ( '59411', 'http://www.gutenberg.org/files/59411/59411-0.zip', 'text/plain; charset=utf-8application/zip' );
INSERT INTO files ( gid, file, mime ) VALUES ( '59411', 'http://www.gutenberg.org/files/59411/59411-h.zip', 'application/zipapplication/octet-stream' );
INSERT INTO files ( gid, file, mime ) VALUES ( '59411', 'http://www.gutenberg.org/files/59411/59411-h/59411-h.htm', 'text/html' );
INSERT INTO titles ( gid, title, author, language, rights ) VALUES ( '6011', 'The Little Lady of Lagunitas: A Franco-Californian Romance', 'Savage, Richard', 'en', 'Public domain in the USA.' );
INSERT INTO classifications ( gid, classification ) VALUES ( '6011', 'PS' );
INSERT INTO subjects ( gid, subject ) VALUES ( '6011', 'California -- Fiction' );
INSERT INTO files ( gid, file, mime ) VALUES ( '6011', 'http://www.gutenberg.org/ebooks/6011.epub.images', 'application/epub+zip' );
INSERT INTO files ( gid, file, mime ) VALUES ( '6011', 'http://www.gutenberg.org/ebooks/6011.epub.noimages', 'application/epub+zip' );
INSERT INTO files ( gid, file, mime ) VALUES ( '6011', 'http://www.gutenberg.org/ebooks/6011.kindle.images', 'application/x-mobipocket-ebook' );
INSERT INTO files ( gid, file, mime ) VALUES ( '6011', 'http://www.gutenberg.org/ebooks/6011.kindle.noimages', 'application/x-mobipocket-ebook' );
INSERT INTO files ( gid, file, mime ) VALUES ( '6011', 'http://www.gutenberg.org/ebooks/6011.rdf', 'application/rdf+xml' );
INSERT INTO files ( gid, file, mime ) VALUES ( '6011', 'http://www.gutenberg.org/ebooks/6011.txt.utf-8', 'text/plain' );
INSERT INTO files ( gid, file, mime ) VALUES ( '6011', 'http://www.gutenberg.org/files/6011/6011-8.txt', 'text/plain; charset=us-ascii' );
INSERT INTO files ( gid, file, mime ) VALUES ( '6011', 'http://www.gutenberg.org/files/6011/6011-8.zip', 'application/zipapplication/octet-stream' );
INSERT INTO files ( gid, file, mime ) VALUES ( '6011', 'http://www.gutenberg.org/files/6011/6011-h.zip', 'text/html; charset=iso-8859-1application/zip' );
INSERT INTO files ( gid, file, mime ) VALUES ( '6011', 'http://www.gutenberg.org/files/6011/6011-h/6011-h.htm', 'text/html; charset=iso-8859-1' );
INSERT INTO titles ( gid, title, author, language, rights ) VALUES ( '6111', 'Over Prairie Trails', 'Grove, Frederick Philip', 'en', 'Public domain in the USA.' );
INSERT INTO subjects ( gid, subject ) VALUES ( '6111', 'Manitoba -- Description and travel' );
INSERT INTO subjects ( gid, subject ) VALUES ( '6111', 'F1001' );
INSERT INTO files ( gid, file, mime ) VALUES ( '6111', 'http://www.gutenberg.org/ebooks/6111.epub.images', 'application/epub+zip' );
INSERT INTO files ( gid, file, mime ) VALUES ( '6111', 'http://www.gutenberg.org/ebooks/6111.epub.noimages', 'application/epub+zip' );
INSERT INTO files ( gid, file, mime ) VALUES ( '6111', 'http://www.gutenberg.org/ebooks/6111.kindle.images', 'application/x-mobipocket-ebook' );
INSERT INTO files ( gid, file, mime ) VALUES ( '6111', 'http://www.gutenberg.org/ebooks/6111.kindle.noimages', 'application/x-mobipocket-ebook' );
INSERT INTO files ( gid, file, mime ) VALUES ( '6111', 'http://www.gutenberg.org/ebooks/6111.rdf', 'application/rdf+xml' );
INSERT INTO files ( gid, file, mime ) VALUES ( '6111', 'http://www.gutenberg.org/files/6111/6111-0.txt', 'text/plain; charset=utf-8' );
INSERT INTO files ( gid, file, mime ) VALUES ( '6111', 'http://www.gutenberg.org/files/6111/6111-0.zip', 'application/ziptext/plain; charset=utf-8' );
INSERT INTO files ( gid, file, mime ) VALUES ( '6111', 'http://www.gutenberg.org/files/6111/6111-h.zip', 'application/ziptext/html; charset=utf-8' );
INSERT INTO files ( gid, file, mime ) VALUES ( '6111', 'http://www.gutenberg.org/files/6111/6111-h/6111-h.htm', 'text/html; charset=utf-8' );
INSERT INTO files ( gid, file, mime ) VALUES ( '6111', 'http://www.gutenberg.org/files/6111/6111.txt', 'text/plain; charset=us-ascii' );
INSERT INTO files ( gid, file, mime ) VALUES ( '6111', 'http://www.gutenberg.org/files/6111/6111.zip', 'application/ziptext/plain; charset=us-ascii' );
INSERT INTO titles ( gid, title, author, language, rights ) VALUES ( '611', 'Prester John', 'Buchan, John', 'en', 'Public domain in the USA.' );
INSERT INTO classifications ( gid, classification ) VALUES ( '611', 'PR' );
INSERT INTO subjects ( gid, subject ) VALUES ( '611', 'Scots -- South Africa -- Fiction' );
INSERT INTO subjects ( gid, subject ) VALUES ( '611', 'Zulu (African people) -- Fiction' );
INSERT INTO subjects ( gid, subject ) VALUES ( '611', 'Clergy -- Fiction' );
INSERT INTO subjects ( gid, subject ) VALUES ( '611', 'South Africa -- Fiction' );
INSERT INTO subjects ( gid, subject ) VALUES ( '611', 'Adventure stories' );
INSERT INTO files ( gid, file, mime ) VALUES ( '611', 'http://www.gutenberg.org/ebooks/611.epub.images', 'application/epub+zip' );
INSERT INTO files ( gid, file, mime ) VALUES ( '611', 'http://www.gutenberg.org/ebooks/611.epub.noimages', 'application/epub+zip' );
INSERT INTO files ( gid, file, mime ) VALUES ( '611', 'http://www.gutenberg.org/ebooks/611.kindle.images', 'application/x-mobipocket-ebook' );
INSERT INTO files ( gid, file, mime ) VALUES ( '611', 'http://www.gutenberg.org/ebooks/611.kindle.noimages', 'application/x-mobipocket-ebook' );
INSERT INTO files ( gid, file, mime ) VALUES ( '611', 'http://www.gutenberg.org/ebooks/611.rdf', 'application/rdf+xml' );
INSERT INTO files ( gid, file, mime ) VALUES ( '611', 'http://www.gutenberg.org/ebooks/611.txt.utf-8', 'text/plain' );
INSERT INTO files ( gid, file, mime ) VALUES ( '611', 'http://www.gutenberg.org/files/611/611-h.zip', 'application/ziptext/html; charset=iso-8859-1' );
INSERT INTO files ( gid, file, mime ) VALUES ( '611', 'http://www.gutenberg.org/files/611/611-h/611-h.htm', 'text/html; charset=iso-8859-1' );
INSERT INTO files ( gid, file, mime ) VALUES ( '611', 'http://www.gutenberg.org/files/611/611.txt', 'text/plain; charset=us-ascii' );
INSERT INTO files ( gid, file, mime ) VALUES ( '611', 'http://www.gutenberg.org/files/611/611.zip', 'text/plain; charset=us-asciiapplication/zip' );
INSERT INTO titles ( gid, title, author, language, rights ) VALUES ( '6211', 'The Translation of a Savage, Volume 1', 'Parker, Gilbert', 'en', 'Public domain in the USA.' );
INSERT INTO classifications ( gid, classification ) VALUES ( '6211', 'PS' );
INSERT INTO subjects ( gid, subject ) VALUES ( '6211', 'Married people -- Fiction' );
INSERT INTO subjects ( gid, subject ) VALUES ( '6211', 'Indians of North America -- Fiction' );
INSERT INTO subjects ( gid, subject ) VALUES ( '6211', 'England -- Social life and customs -- Fiction' );
INSERT INTO files ( gid, file, mime ) VALUES ( '6211', 'http://www.gutenberg.org/ebooks/6211.epub.images', 'application/epub+zip' );
INSERT INTO files ( gid, file, mime ) VALUES ( '6211', 'http://www.gutenberg.org/ebooks/6211.epub.noimages', 'application/epub+zip' );
INSERT INTO files ( gid, file, mime ) VALUES ( '6211', 'http://www.gutenberg.org/ebooks/6211.html.images', 'text/html' );
INSERT INTO files ( gid, file, mime ) VALUES ( '6211', 'http://www.gutenberg.org/ebooks/6211.html.noimages', 'text/html' );
INSERT INTO files ( gid, file, mime ) VALUES ( '6211', 'http://www.gutenberg.org/ebooks/6211.kindle.images', 'application/x-mobipocket-ebook' );
INSERT INTO files ( gid, file, mime ) VALUES ( '6211', 'http://www.gutenberg.org/ebooks/6211.kindle.noimages', 'application/x-mobipocket-ebook' );
INSERT INTO files ( gid, file, mime ) VALUES ( '6211', 'http://www.gutenberg.org/ebooks/6211.rdf', 'application/rdf+xml' );
INSERT INTO files ( gid, file, mime ) VALUES ( '6211', 'http://www.gutenberg.org/ebooks/6211.txt.utf-8', 'text/plain' );
INSERT INTO files ( gid, file, mime ) VALUES ( '6211', 'http://www.gutenberg.org/files/6211/6211.txt', 'text/plain; charset=us-ascii' );
INSERT INTO files ( gid, file, mime ) VALUES ( '6211', 'http://www.gutenberg.org/files/6211/6211.zip', 'text/plain; charset=us-asciiapplication/zip' );
INSERT INTO titles ( gid, title, author, language, rights ) VALUES ( '6311', 'A Knight of the Nineteenth Century', 'Roe, Edward Payson', 'en', 'Public domain in the USA.' );
INSERT INTO classifications ( gid, classification ) VALUES ( '6311', 'PS' );
INSERT INTO subjects ( gid, subject ) VALUES ( '6311', 'Fiction' );
INSERT INTO files ( gid, file, mime ) VALUES ( '6311', 'http://www.gutenberg.org/ebooks/6311.epub.images', 'application/epub+zip' );
INSERT INTO files ( gid, file, mime ) VALUES ( '6311', 'http://www.gutenberg.org/ebooks/6311.epub.noimages', 'application/epub+zip' );
INSERT INTO files ( gid, file, mime ) VALUES ( '6311', 'http://www.gutenberg.org/ebooks/6311.html.images', 'text/html' );
INSERT INTO files ( gid, file, mime ) VALUES ( '6311', 'http://www.gutenberg.org/ebooks/6311.html.noimages', 'text/html' );
INSERT INTO files ( gid, file, mime ) VALUES ( '6311', 'http://www.gutenberg.org/ebooks/6311.kindle.images', 'application/x-mobipocket-ebook' );
INSERT INTO files ( gid, file, mime ) VALUES ( '6311', 'http://www.gutenberg.org/ebooks/6311.kindle.noimages', 'application/x-mobipocket-ebook' );
INSERT INTO files ( gid, file, mime ) VALUES ( '6311', 'http://www.gutenberg.org/ebooks/6311.rdf', 'application/rdf+xml' );
INSERT INTO files ( gid, file, mime ) VALUES ( '6311', 'http://www.gutenberg.org/ebooks/6311.txt.utf-8', 'text/plain' );
INSERT INTO files ( gid, file, mime ) VALUES ( '6311', 'http://www.gutenberg.org/files/6311/6311.txt', 'text/plain; charset=us-ascii' );
INSERT INTO files ( gid, file, mime ) VALUES ( '6311', 'http://www.gutenberg.org/files/6311/6311.zip', 'text/plain; charset=us-asciiapplication/zip' );
INSERT INTO titles ( gid, title, author, language, rights ) VALUES ( '6411', 'Round the World', 'Carnegie, Andrew', 'en', 'Public domain in the USA.' );
INSERT INTO classifications ( gid, classification ) VALUES ( '6411', 'G' );
INSERT INTO subjects ( gid, subject ) VALUES ( '6411', 'Voyages around the world' );
INSERT INTO files ( gid, file, mime ) VALUES ( '6411', 'http://www.gutenberg.org/ebooks/6411.epub.images', 'application/epub+zip' );
INSERT INTO files ( gid, file, mime ) VALUES ( '6411', 'http://www.gutenberg.org/ebooks/6411.epub.noimages', 'application/epub+zip' );
INSERT INTO files ( gid, file, mime ) VALUES ( '6411', 'http://www.gutenberg.org/ebooks/6411.html.images', 'text/html' );
INSERT INTO files ( gid, file, mime ) VALUES ( '6411', 'http://www.gutenberg.org/ebooks/6411.html.noimages', 'text/html' );
INSERT INTO files ( gid, file, mime ) VALUES ( '6411', 'http://www.gutenberg.org/ebooks/6411.kindle.images', 'application/x-mobipocket-ebook' );
INSERT INTO files ( gid, file, mime ) VALUES ( '6411', 'http://www.gutenberg.org/ebooks/6411.kindle.noimages', 'application/x-mobipocket-ebook' );
INSERT INTO files ( gid, file, mime ) VALUES ( '6411', 'http://www.gutenberg.org/ebooks/6411.rdf', 'application/rdf+xml' );
INSERT INTO files ( gid, file, mime ) VALUES ( '6411', 'http://www.gutenberg.org/ebooks/6411.txt.utf-8', 'text/plain' );
INSERT INTO files ( gid, file, mime ) VALUES ( '6411', 'http://www.gutenberg.org/files/6411/6411-8.txt', 'text/plain; charset=iso-8859-1' );
INSERT INTO files ( gid, file, mime ) VALUES ( '6411', 'http://www.gutenberg.org/files/6411/6411-8.zip', 'application/ziptext/plain; charset=iso-8859-1' );
INSERT INTO titles ( gid, title, author, language, rights ) VALUES ( '6511', 'The suppressed Gospels and Epistles of the original New Testament of Jesus the Christ, Volume 5, St. Paul', 'Wake, William', 'en', 'Public domain in the USA.' );
INSERT INTO classifications ( gid, classification ) VALUES ( '6511', 'BS' );
INSERT INTO subjects ( gid, subject ) VALUES ( '6511', 'Apocryphal books (New Testament)' );
INSERT INTO files ( gid, file, mime ) VALUES ( '6511', 'http://www.gutenberg.org/ebooks/6511.epub.images', 'application/epub+zip' );
INSERT INTO files ( gid, file, mime ) VALUES ( '6511', 'http://www.gutenberg.org/ebooks/6511.epub.noimages', 'application/epub+zip' );
INSERT INTO files ( gid, file, mime ) VALUES ( '6511', 'http://www.gutenberg.org/ebooks/6511.html.images', 'text/html' );
INSERT INTO files ( gid, file, mime ) VALUES ( '6511', 'http://www.gutenberg.org/ebooks/6511.html.noimages', 'text/html' );
INSERT INTO files ( gid, file, mime ) VALUES ( '6511', 'http://www.gutenberg.org/ebooks/6511.kindle.images', 'application/x-mobipocket-ebook' );
INSERT INTO files ( gid, file, mime ) VALUES ( '6511', 'http://www.gutenberg.org/ebooks/6511.kindle.noimages', 'application/x-mobipocket-ebook' );
INSERT INTO files ( gid, file, mime ) VALUES ( '6511', 'http://www.gutenberg.org/ebooks/6511.rdf', 'application/rdf+xml' );
INSERT INTO files ( gid, file, mime ) VALUES ( '6511', 'http://www.gutenberg.org/ebooks/6511.txt.utf-8', 'text/plain' );
INSERT INTO files ( gid, file, mime ) VALUES ( '6511', 'http://www.gutenberg.org/files/6511/6511.txt', 'text/plain; charset=us-ascii' );
INSERT INTO files ( gid, file, mime ) VALUES ( '6511', 'http://www.gutenberg.org/files/6511/6511.zip', 'application/ziptext/plain; charset=us-ascii' );
INSERT INTO titles ( gid, title, author, language, rights ) VALUES ( '6611', 'Myths and Legends of Our Own Land — Volume 06 : Central States and Great Lakes', 'Skinner, Charles M. (Charles Montgomery)', 'en', 'Public domain in the USA.' );
INSERT INTO classifications ( gid, classification ) VALUES ( '6611', 'GR' );
INSERT INTO subjects ( gid, subject ) VALUES ( '6611', 'Folklore -- United States' );
INSERT INTO files ( gid, file, mime ) VALUES ( '6611', 'http://www.gutenberg.org/ebooks/6611.epub.images', 'application/epub+zip' );
INSERT INTO files ( gid, file, mime ) VALUES ( '6611', 'http://www.gutenberg.org/ebooks/6611.epub.noimages', 'application/epub+zip' );
INSERT INTO files ( gid, file, mime ) VALUES ( '6611', 'http://www.gutenberg.org/ebooks/6611.html.images', 'text/html' );
INSERT INTO files ( gid, file, mime ) VALUES ( '6611', 'http://www.gutenberg.org/ebooks/6611.html.noimages', 'text/html' );
INSERT INTO files ( gid, file, mime ) VALUES ( '6611', 'http://www.gutenberg.org/ebooks/6611.kindle.images', 'application/x-mobipocket-ebook' );
INSERT INTO files ( gid, file, mime ) VALUES ( '6611', 'http://www.gutenberg.org/ebooks/6611.kindle.noimages', 'application/x-mobipocket-ebook' );
INSERT INTO files ( gid, file, mime ) VALUES ( '6611', 'http://www.gutenberg.org/ebooks/6611.rdf', 'application/rdf+xml' );
INSERT INTO files ( gid, file, mime ) VALUES ( '6611', 'http://www.gutenberg.org/ebooks/6611.txt.utf-8', 'text/plain' );
INSERT INTO files ( gid, file, mime ) VALUES ( '6611', 'http://www.gutenberg.org/files/6611/6611.txt', 'text/plain; charset=us-ascii' );
INSERT INTO files ( gid, file, mime ) VALUES ( '6611', 'http://www.gutenberg.org/files/6611/6611.zip', 'application/ziptext/plain; charset=us-ascii' );
INSERT INTO titles ( gid, title, author, language, rights ) VALUES ( '6711', 'Philip Dru: Administrator; A Story of Tomorrow, 1920-1935', 'House, Edward Mandell', 'en', 'Public domain in the USA.' );
INSERT INTO classifications ( gid, classification ) VALUES ( '6711', 'HX' );
INSERT INTO subjects ( gid, subject ) VALUES ( '6711', 'Utopias' );
INSERT INTO files ( gid, file, mime ) VALUES ( '6711', 'http://www.gutenberg.org/ebooks/6711.epub.images', 'application/epub+zip' );
INSERT INTO files ( gid, file, mime ) VALUES ( '6711', 'http://www.gutenberg.org/ebooks/6711.epub.noimages', 'application/epub+zip' );
INSERT INTO files ( gid, file, mime ) VALUES ( '6711', 'http://www.gutenberg.org/ebooks/6711.kindle.images', 'application/x-mobipocket-ebook' );
INSERT INTO files ( gid, file, mime ) VALUES ( '6711', 'http://www.gutenberg.org/ebooks/6711.kindle.noimages', 'application/x-mobipocket-ebook' );
INSERT INTO files ( gid, file, mime ) VALUES ( '6711', 'http://www.gutenberg.org/ebooks/6711.rdf', 'application/rdf+xml' );
INSERT INTO files ( gid, file, mime ) VALUES ( '6711', 'http://www.gutenberg.org/ebooks/6711.txt.utf-8', 'text/plain' );
INSERT INTO files ( gid, file, mime ) VALUES ( '6711', 'http://www.gutenberg.org/files/6711/6711-8.txt', 'text/plain; charset=iso-8859-1' );
INSERT INTO files ( gid, file, mime ) VALUES ( '6711', 'http://www.gutenberg.org/files/6711/6711-8.zip', 'text/plain; charset=iso-8859-1application/zip' );
INSERT INTO files ( gid, file, mime ) VALUES ( '6711', 'http://www.gutenberg.org/files/6711/6711-h.zip', 'application/ziptext/html; charset=iso-8859-1' );
INSERT INTO files ( gid, file, mime ) VALUES ( '6711', 'http://www.gutenberg.org/files/6711/6711-h/6711-h.htm', 'text/html; charset=iso-8859-1' );
INSERT INTO files ( gid, file, mime ) VALUES ( '6711', 'http://www.gutenberg.org/files/6711/6711.txt', 'text/plain; charset=us-ascii' );
INSERT INTO files ( gid, file, mime ) VALUES ( '6711', 'http://www.gutenberg.org/files/6711/6711.zip', 'text/plain; charset=us-asciiapplication/zip' );
INSERT INTO titles ( gid, title, author, language, rights ) VALUES ( '6811', 'The Life of Abraham Lincoln', 'Ketcham, Henry', 'en', 'Public domain in the USA.' );
INSERT INTO subjects ( gid, subject ) VALUES ( '6811', 'United States -- Politics and government -- 1861-1865' );
INSERT INTO subjects ( gid, subject ) VALUES ( '6811', 'United States -- History -- Civil War, 1861-1865' );
INSERT INTO subjects ( gid, subject ) VALUES ( '6811', 'Lincoln, Abraham, 1809-1865 -- Family' );
INSERT INTO subjects ( gid, subject ) VALUES ( '6811', 'Lincoln, Abraham, 1809-1865' );
INSERT INTO subjects ( gid, subject ) VALUES ( '6811', 'Presidents -- United States -- Biography' );
INSERT INTO subjects ( gid, subject ) VALUES ( '6811', 'E456' );
INSERT INTO files ( gid, file, mime ) VALUES ( '6811', 'http://www.gutenberg.org/ebooks/6811.epub.images', 'application/epub+zip' );
INSERT INTO files ( gid, file, mime ) VALUES ( '6811', 'http://www.gutenberg.org/ebooks/6811.epub.noimages', 'application/epub+zip' );
INSERT INTO files ( gid, file, mime ) VALUES ( '6811', 'http://www.gutenberg.org/ebooks/6811.html.images', 'text/html' );
INSERT INTO files ( gid, file, mime ) VALUES ( '6811', 'http://www.gutenberg.org/ebooks/6811.html.noimages', 'text/html' );
INSERT INTO files ( gid, file, mime ) VALUES ( '6811', 'http://www.gutenberg.org/ebooks/6811.kindle.images', 'application/x-mobipocket-ebook' );
INSERT INTO files ( gid, file, mime ) VALUES ( '6811', 'http://www.gutenberg.org/ebooks/6811.kindle.noimages', 'application/x-mobipocket-ebook' );
INSERT INTO files ( gid, file, mime ) VALUES ( '6811', 'http://www.gutenberg.org/ebooks/6811.rdf', 'application/rdf+xml' );
INSERT INTO files ( gid, file, mime ) VALUES ( '6811', 'http://www.gutenberg.org/ebooks/6811.txt.utf-8', 'text/plain' );
INSERT INTO files ( gid, file, mime ) VALUES ( '6811', 'http://www.gutenberg.org/files/6811/6811.txt', 'text/plain; charset=us-ascii' );
INSERT INTO files ( gid, file, mime ) VALUES ( '6811', 'http://www.gutenberg.org/files/6811/6811.zip', 'application/ziptext/plain; charset=us-ascii' );
INSERT INTO titles ( gid, title, author, language, rights ) VALUES ( '18411', 'Sata runoa: Valikoituja maailmankirjallisuudesta', '', 'fi', 'Public domain in the USA.' );
INSERT INTO classifications ( gid, classification ) VALUES ( '18411', 'PN' );
INSERT INTO subjects ( gid, subject ) VALUES ( '18411', 'Poetry' );
INSERT INTO files ( gid, file, mime ) VALUES ( '18411', 'http://www.gutenberg.org/ebooks/18411.epub.images', 'application/epub+zip' );
INSERT INTO files ( gid, file, mime ) VALUES ( '18411', 'http://www.gutenberg.org/ebooks/18411.epub.noimages', 'application/epub+zip' );
INSERT INTO files ( gid, file, mime ) VALUES ( '18411', 'http://www.gutenberg.org/ebooks/18411.html.images', 'text/html' );
INSERT INTO files ( gid, file, mime ) VALUES ( '18411', 'http://www.gutenberg.org/ebooks/18411.html.noimages', 'text/html' );
INSERT INTO files ( gid, file, mime ) VALUES ( '18411', 'http://www.gutenberg.org/ebooks/18411.kindle.images', 'application/x-mobipocket-ebook' );
INSERT INTO files ( gid, file, mime ) VALUES ( '18411', 'http://www.gutenberg.org/ebooks/18411.kindle.noimages', 'application/x-mobipocket-ebook' );
INSERT INTO files ( gid, file, mime ) VALUES ( '18411', 'http://www.gutenberg.org/ebooks/18411.rdf', 'application/rdf+xml' );
INSERT INTO files ( gid, file, mime ) VALUES ( '18411', 'http://www.gutenberg.org/files/18411/18411-0.txt', 'text/plain; charset=utf-8' );
INSERT INTO files ( gid, file, mime ) VALUES ( '18411', 'http://www.gutenberg.org/files/18411/18411-0.zip', 'text/plain; charset=utf-8application/zip' );
INSERT INTO files ( gid, file, mime ) VALUES ( '18411', 'http://www.gutenberg.org/files/18411/18411-8.txt', 'text/plain; charset=iso-8859-1' );
INSERT INTO files ( gid, file, mime ) VALUES ( '18411', 'http://www.gutenberg.org/files/18411/18411-8.zip', 'application/ziptext/plain; charset=iso-8859-1' );
INSERT INTO titles ( gid, title, author, language, rights ) VALUES ( '18511', 'Historic Tales: The Romance of Reality. Vol. 04 (of 15), English', 'Morris, Charles', 'en', 'Public domain in the USA.' );
INSERT INTO classifications ( gid, classification ) VALUES ( '18511', 'DA' );
INSERT INTO subjects ( gid, subject ) VALUES ( '18511', 'Great Britain -- History' );
INSERT INTO files ( gid, file, mime ) VALUES ( '18511', 'http://www.gutenberg.org/ebooks/18511.epub.images', 'application/epub+zip' );
INSERT INTO files ( gid, file, mime ) VALUES ( '18511', 'http://www.gutenberg.org/ebooks/18511.epub.noimages', 'application/epub+zip' );
INSERT INTO files ( gid, file, mime ) VALUES ( '18511', 'http://www.gutenberg.org/ebooks/18511.kindle.images', 'application/x-mobipocket-ebook' );
INSERT INTO files ( gid, file, mime ) VALUES ( '18511', 'http://www.gutenberg.org/ebooks/18511.kindle.noimages', 'application/x-mobipocket-ebook' );
INSERT INTO files ( gid, file, mime ) VALUES ( '18511', 'http://www.gutenberg.org/ebooks/18511.rdf', 'application/rdf+xml' );
INSERT INTO files ( gid, file, mime ) VALUES ( '18511', 'http://www.gutenberg.org/ebooks/18511.txt.utf-8', 'text/plain' );
INSERT INTO files ( gid, file, mime ) VALUES ( '18511', 'http://www.gutenberg.org/files/18511/18511-8.txt', 'text/plain; charset=iso-8859-1' );
INSERT INTO files ( gid, file, mime ) VALUES ( '18511', 'http://www.gutenberg.org/files/18511/18511-8.zip', 'text/plain; charset=iso-8859-1application/zip' );
INSERT INTO files ( gid, file, mime ) VALUES ( '18511', 'http://www.gutenberg.org/files/18511/18511-h.zip', 'application/ziptext/html; charset=iso-8859-1' );
INSERT INTO files ( gid, file, mime ) VALUES ( '18511', 'http://www.gutenberg.org/files/18511/18511-h/18511-h.htm', 'text/html; charset=iso-8859-1' );
INSERT INTO files ( gid, file, mime ) VALUES ( '18511', 'http://www.gutenberg.org/files/18511/18511.txt', 'text/plain; charset=us-ascii' );
INSERT INTO files ( gid, file, mime ) VALUES ( '18511', 'http://www.gutenberg.org/files/18511/18511.zip', 'application/ziptext/plain; charset=us-ascii' );
INSERT INTO titles ( gid, title, author, language, rights ) VALUES ( '18611', 'Les vrais sous-offs Réponse à M. Descaves', 'Darien, Georges', 'fr', 'Public domain in the USA.' );
INSERT INTO classifications ( gid, classification ) VALUES ( '18611', 'DC' );
INSERT INTO subjects ( gid, subject ) VALUES ( '18611', 'Descaves, Lucien, 1861-1949. Sous-offs' );
INSERT INTO subjects ( gid, subject ) VALUES ( '18611', 'Soldiers -- France' );
INSERT INTO files ( gid, file, mime ) VALUES ( '18611', 'http://www.gutenberg.org/ebooks/18611.epub.images', 'application/epub+zip' );
INSERT INTO files ( gid, file, mime ) VALUES ( '18611', 'http://www.gutenberg.org/ebooks/18611.epub.noimages', 'application/epub+zip' );
INSERT INTO files ( gid, file, mime ) VALUES ( '18611', 'http://www.gutenberg.org/ebooks/18611.kindle.images', 'application/x-mobipocket-ebook' );
INSERT INTO files ( gid, file, mime ) VALUES ( '18611', 'http://www.gutenberg.org/ebooks/18611.kindle.noimages', 'application/x-mobipocket-ebook' );
INSERT INTO files ( gid, file, mime ) VALUES ( '18611', 'http://www.gutenberg.org/ebooks/18611.rdf', 'application/rdf+xml' );
INSERT INTO files ( gid, file, mime ) VALUES ( '18611', 'http://www.gutenberg.org/ebooks/18611.txt.utf-8', 'text/plain' );
INSERT INTO files ( gid, file, mime ) VALUES ( '18611', 'http://www.gutenberg.org/files/18611/18611-8.txt', 'text/plain; charset=iso-8859-1' );
INSERT INTO files ( gid, file, mime ) VALUES ( '18611', 'http://www.gutenberg.org/files/18611/18611-8.zip', 'application/ziptext/plain; charset=iso-8859-1' );
INSERT INTO files ( gid, file, mime ) VALUES ( '18611', 'http://www.gutenberg.org/files/18611/18611-h.zip', 'application/ziptext/html; charset=iso-8859-1' );
INSERT INTO files ( gid, file, mime ) VALUES ( '18611', 'http://www.gutenberg.org/files/18611/18611-h/18611-h.htm', 'text/html; charset=iso-8859-1' );
INSERT INTO titles ( gid, title, author, language, rights ) VALUES ( '18711', 'Kreikkalaisia satuja: Kirjeissä Suleimalle', 'Calamnius, J. W. (Johan Wiktor)', 'fi', 'Public domain in the USA.' );
INSERT INTO classifications ( gid, classification ) VALUES ( '18711', 'BL' );
INSERT INTO subjects ( gid, subject ) VALUES ( '18711', 'Mythology, Greek' );
INSERT INTO files ( gid, file, mime ) VALUES ( '18711', 'http://www.gutenberg.org/ebooks/18711.epub.images', 'application/epub+zip' );
INSERT INTO files ( gid, file, mime ) VALUES ( '18711', 'http://www.gutenberg.org/ebooks/18711.epub.noimages', 'application/epub+zip' );
INSERT INTO files ( gid, file, mime ) VALUES ( '18711', 'http://www.gutenberg.org/ebooks/18711.html.images', 'text/html' );
INSERT INTO files ( gid, file, mime ) VALUES ( '18711', 'http://www.gutenberg.org/ebooks/18711.html.noimages', 'text/html' );
INSERT INTO files ( gid, file, mime ) VALUES ( '18711', 'http://www.gutenberg.org/ebooks/18711.kindle.images', 'application/x-mobipocket-ebook' );
INSERT INTO files ( gid, file, mime ) VALUES ( '18711', 'http://www.gutenberg.org/ebooks/18711.kindle.noimages', 'application/x-mobipocket-ebook' );
INSERT INTO files ( gid, file, mime ) VALUES ( '18711', 'http://www.gutenberg.org/ebooks/18711.rdf', 'application/rdf+xml' );
INSERT INTO files ( gid, file, mime ) VALUES ( '18711', 'http://www.gutenberg.org/ebooks/18711.txt.utf-8', 'text/plain' );
INSERT INTO files ( gid, file, mime ) VALUES ( '18711', 'http://www.gutenberg.org/files/18711/18711-8.txt', 'text/plain; charset=iso-8859-1' );
INSERT INTO files ( gid, file, mime ) VALUES ( '18711', 'http://www.gutenberg.org/files/18711/18711-8.zip', 'text/plain; charset=iso-8859-1application/zip' );
INSERT INTO titles ( gid, title, author, language, rights ) VALUES ( '18811', 'The Light Princess and Other Fairy Stories', 'MacDonald, George', 'en', 'Public domain in the USA.' );
INSERT INTO classifications ( gid, classification ) VALUES ( '18811', 'PZ' );
INSERT INTO subjects ( gid, subject ) VALUES ( '18811', 'Fairy tales' );
INSERT INTO subjects ( gid, subject ) VALUES ( '18811', 'Fairy tales -- Great Britain' );
INSERT INTO subjects ( gid, subject ) VALUES ( '18811', 'Children''s stories, English' );
INSERT INTO subjects ( gid, subject ) VALUES ( '18811', 'Short stories' );
INSERT INTO files ( gid, file, mime ) VALUES ( '18811', 'http://www.gutenberg.org/ebooks/18811.epub.images', 'application/epub+zip' );
INSERT INTO files ( gid, file, mime ) VALUES ( '18811', 'http://www.gutenberg.org/ebooks/18811.epub.noimages', 'application/epub+zip' );
INSERT INTO files ( gid, file, mime ) VALUES ( '18811', 'http://www.gutenberg.org/ebooks/18811.html.images', 'text/html' );
INSERT INTO files ( gid, file, mime ) VALUES ( '18811', 'http://www.gutenberg.org/ebooks/18811.html.noimages', 'text/html' );
INSERT INTO files ( gid, file, mime ) VALUES ( '18811', 'http://www.gutenberg.org/ebooks/18811.kindle.images', 'application/x-mobipocket-ebook' );
INSERT INTO files ( gid, file, mime ) VALUES ( '18811', 'http://www.gutenberg.org/ebooks/18811.kindle.noimages', 'application/x-mobipocket-ebook' );
INSERT INTO files ( gid, file, mime ) VALUES ( '18811', 'http://www.gutenberg.org/ebooks/18811.rdf', 'application/rdf+xml' );
INSERT INTO files ( gid, file, mime ) VALUES ( '18811', 'http://www.gutenberg.org/files/18811/18811-0.txt', 'text/plain; charset=utf-8' );
INSERT INTO files ( gid, file, mime ) VALUES ( '18811', 'http://www.gutenberg.org/files/18811/18811-0.zip', 'text/plain; charset=utf-8application/zip' );
INSERT INTO files ( gid, file, mime ) VALUES ( '18811', 'http://www.gutenberg.org/files/18811/18811.txt', 'text/plain; charset=us-ascii' );
INSERT INTO files ( gid, file, mime ) VALUES ( '18811', 'http://www.gutenberg.org/files/18811/18811.zip', 'application/ziptext/plain; charset=us-ascii' );
INSERT INTO titles ( gid, title, author, language, rights ) VALUES ( '18911', 'Biology A lecture delivered at Columbia University in the series on Science, Philosophy and Art November 20, 1907', 'Wilson, Edmund B. (Edmund Beecher)', 'en', 'Public domain in the USA.' );
INSERT INTO subjects ( gid, subject ) VALUES ( '18911', 'Biology' );
INSERT INTO subjects ( gid, subject ) VALUES ( '18911', 'QH301' );
INSERT INTO files ( gid, file, mime ) VALUES ( '18911', 'http://www.gutenberg.org/ebooks/18911.epub.images', 'application/epub+zip' );
INSERT INTO files ( gid, file, mime ) VALUES ( '18911', 'http://www.gutenberg.org/ebooks/18911.epub.noimages', 'application/epub+zip' );
INSERT INTO files ( gid, file, mime ) VALUES ( '18911', 'http://www.gutenberg.org/ebooks/18911.kindle.images', 'application/x-mobipocket-ebook' );
INSERT INTO files ( gid, file, mime ) VALUES ( '18911', 'http://www.gutenberg.org/ebooks/18911.kindle.noimages', 'application/x-mobipocket-ebook' );
INSERT INTO files ( gid, file, mime ) VALUES ( '18911', 'http://www.gutenberg.org/ebooks/18911.rdf', 'application/rdf+xml' );
INSERT INTO files ( gid, file, mime ) VALUES ( '18911', 'http://www.gutenberg.org/ebooks/18911.txt.utf-8', 'text/plain' );
INSERT INTO files ( gid, file, mime ) VALUES ( '18911', 'http://www.gutenberg.org/files/18911/18911-8.txt', 'text/plain; charset=iso-8859-1' );
INSERT INTO files ( gid, file, mime ) VALUES ( '18911', 'http://www.gutenberg.org/files/18911/18911-8.zip', 'application/ziptext/plain; charset=iso-8859-1' );
INSERT INTO files ( gid, file, mime ) VALUES ( '18911', 'http://www.gutenberg.org/files/18911/18911-h.zip', 'text/html; charset=iso-8859-1application/zip' );
INSERT INTO files ( gid, file, mime ) VALUES ( '18911', 'http://www.gutenberg.org/files/18911/18911-h/18911-h.htm', 'text/html; charset=iso-8859-1' );
INSERT INTO files ( gid, file, mime ) VALUES ( '18911', 'http://www.gutenberg.org/files/18911/18911.txt', 'text/plain; charset=us-ascii' );
INSERT INTO files ( gid, file, mime ) VALUES ( '18911', 'http://www.gutenberg.org/files/18911/18911.zip', 'text/plain; charset=us-asciiapplication/zip' );
INSERT INTO titles ( gid, title, author, language, rights ) VALUES ( '19011', 'Charlotte Brontë and Her Circle', 'Shorter, Clement King', 'en', 'Public domain in the USA.' );
INSERT INTO classifications ( gid, classification ) VALUES ( '19011', 'PR' );
INSERT INTO subjects ( gid, subject ) VALUES ( '19011', 'Authors, English -- 19th century -- Biography' );
INSERT INTO subjects ( gid, subject ) VALUES ( '19011', 'Brontë, Charlotte, 1816-1855 -- Friends and associates' );
INSERT INTO subjects ( gid, subject ) VALUES ( '19011', 'Brontë, Charlotte, 1816-1855' );
INSERT INTO subjects ( gid, subject ) VALUES ( '19011', 'Women and literature -- England -- History -- 19th century' );
INSERT INTO subjects ( gid, subject ) VALUES ( '19011', 'Brontë family' );
INSERT INTO files ( gid, file, mime ) VALUES ( '19011', 'http://www.gutenberg.org/ebooks/19011.epub.images', 'application/epub+zip' );
INSERT INTO files ( gid, file, mime ) VALUES ( '19011', 'http://www.gutenberg.org/ebooks/19011.epub.noimages', 'application/epub+zip' );
INSERT INTO files ( gid, file, mime ) VALUES ( '19011', 'http://www.gutenberg.org/ebooks/19011.kindle.images', 'application/x-mobipocket-ebook' );
INSERT INTO files ( gid, file, mime ) VALUES ( '19011', 'http://www.gutenberg.org/ebooks/19011.kindle.noimages', 'application/x-mobipocket-ebook' );
INSERT INTO files ( gid, file, mime ) VALUES ( '19011', 'http://www.gutenberg.org/ebooks/19011.rdf', 'application/rdf+xml' );
INSERT INTO files ( gid, file, mime ) VALUES ( '19011', 'http://www.gutenberg.org/ebooks/19011.txt.utf-8', 'text/plain' );
INSERT INTO files ( gid, file, mime ) VALUES ( '19011', 'http://www.gutenberg.org/files/19011/19011-h.zip', 'text/htmlapplication/zip' );
INSERT INTO files ( gid, file, mime ) VALUES ( '19011', 'http://www.gutenberg.org/files/19011/19011-h/19011-h.htm', 'text/html' );
INSERT INTO files ( gid, file, mime ) VALUES ( '19011', 'http://www.gutenberg.org/files/19011/19011.txt', 'text/plain; charset=us-ascii' );
INSERT INTO files ( gid, file, mime ) VALUES ( '19011', 'http://www.gutenberg.org/files/19011/19011.zip', 'application/ziptext/plain; charset=us-ascii' );
INSERT INTO titles ( gid, title, author, language, rights ) VALUES ( '19111', 'Code Three', 'Raphael, Rick', 'en', 'Public domain in the USA.' );
INSERT INTO classifications ( gid, classification ) VALUES ( '19111', 'PS' );
INSERT INTO subjects ( gid, subject ) VALUES ( '19111', 'Science fiction' );
INSERT INTO files ( gid, file, mime ) VALUES ( '19111', 'http://www.gutenberg.org/ebooks/19111.epub.images', 'application/epub+zip' );
INSERT INTO files ( gid, file, mime ) VALUES ( '19111', 'http://www.gutenberg.org/ebooks/19111.epub.noimages', 'application/epub+zip' );
INSERT INTO files ( gid, file, mime ) VALUES ( '19111', 'http://www.gutenberg.org/ebooks/19111.kindle.images', 'application/x-mobipocket-ebook' );
INSERT INTO files ( gid, file, mime ) VALUES ( '19111', 'http://www.gutenberg.org/ebooks/19111.kindle.noimages', 'application/x-mobipocket-ebook' );
INSERT INTO files ( gid, file, mime ) VALUES ( '19111', 'http://www.gutenberg.org/ebooks/19111.rdf', 'application/rdf+xml' );
INSERT INTO files ( gid, file, mime ) VALUES ( '19111', 'http://www.gutenberg.org/ebooks/19111.txt.utf-8', 'text/plain' );
INSERT INTO files ( gid, file, mime ) VALUES ( '19111', 'http://www.gutenberg.org/files/19111/19111-h.zip', 'text/html; charset=iso-8859-1application/zip' );
INSERT INTO files ( gid, file, mime ) VALUES ( '19111', 'http://www.gutenberg.org/files/19111/19111-h/19111-h.htm', 'text/html; charset=iso-8859-1' );
INSERT INTO files ( gid, file, mime ) VALUES ( '19111', 'http://www.gutenberg.org/files/19111/19111.txt', 'text/plain; charset=us-ascii' );
INSERT INTO files ( gid, file, mime ) VALUES ( '19111', 'http://www.gutenberg.org/files/19111/19111.zip', 'application/ziptext/plain; charset=us-ascii' );
INSERT INTO titles ( gid, title, author, language, rights ) VALUES ( '1911', 'Concerning Christian Liberty; with Letter of Martin Luther to Pope Leo X.', 'Luther, Martin', 'en', 'Public domain in the USA.' );
INSERT INTO classifications ( gid, classification ) VALUES ( '1911', 'BR' );
INSERT INTO subjects ( gid, subject ) VALUES ( '1911', 'Reformation -- Germany' );
INSERT INTO files ( gid, file, mime ) VALUES ( '1911', 'http://www.gutenberg.org/ebooks/1911.epub.images', 'application/epub+zip' );
INSERT INTO files ( gid, file, mime ) VALUES ( '1911', 'http://www.gutenberg.org/ebooks/1911.epub.noimages', 'application/epub+zip' );
INSERT INTO files ( gid, file, mime ) VALUES ( '1911', 'http://www.gutenberg.org/ebooks/1911.kindle.images', 'application/x-mobipocket-ebook' );
INSERT INTO files ( gid, file, mime ) VALUES ( '1911', 'http://www.gutenberg.org/ebooks/1911.kindle.noimages', 'application/x-mobipocket-ebook' );
INSERT INTO files ( gid, file, mime ) VALUES ( '1911', 'http://www.gutenberg.org/ebooks/1911.rdf', 'application/rdf+xml' );
INSERT INTO files ( gid, file, mime ) VALUES ( '1911', 'http://www.gutenberg.org/ebooks/1911.txt.utf-8', 'text/plain' );
INSERT INTO files ( gid, file, mime ) VALUES ( '1911', 'http://www.gutenberg.org/files/1911/1911-h.zip', 'text/html; charset=us-asciiapplication/zip' );
INSERT INTO files ( gid, file, mime ) VALUES ( '1911', 'http://www.gutenberg.org/files/1911/1911-h/1911-h.htm', 'text/html; charset=us-ascii' );
INSERT INTO files ( gid, file, mime ) VALUES ( '1911', 'http://www.gutenberg.org/files/1911/1911.txt', 'text/plain; charset=us-ascii' );
INSERT INTO files ( gid, file, mime ) VALUES ( '1911', 'http://www.gutenberg.org/files/1911/1911.zip', 'text/plain; charset=us-asciiapplication/zip' );
INSERT INTO titles ( gid, title, author, language, rights ) VALUES ( '19211', 'The History of England in Three Volumes, Vol.I., Part A. From the Britons of Early Times to King John', 'Hume, David', 'en', 'Public domain in the USA.' );
INSERT INTO classifications ( gid, classification ) VALUES ( '19211', 'DA' );
INSERT INTO subjects ( gid, subject ) VALUES ( '19211', 'Great Britain -- History' );
INSERT INTO files ( gid, file, mime ) VALUES ( '19211', 'http://www.gutenberg.org/2/8/8/8/28884/28884-h.zip', 'text/html; charset=utf-8application/zip' );
INSERT INTO files ( gid, file, mime ) VALUES ( '19211', 'http://www.gutenberg.org/cache/epub/19211/pg19211.cover.medium.jpg', 'image/jpeg' );
INSERT INTO files ( gid, file, mime ) VALUES ( '19211', 'http://www.gutenberg.org/cache/epub/19211/pg19211.cover.small.jpg', 'image/jpeg' );
INSERT INTO files ( gid, file, mime ) VALUES ( '19211', 'http://www.gutenberg.org/ebooks/19211.epub.images', 'application/epub+zip' );
INSERT INTO files ( gid, file, mime ) VALUES ( '19211', 'http://www.gutenberg.org/ebooks/19211.epub.noimages', 'application/epub+zip' );
INSERT INTO files ( gid, file, mime ) VALUES ( '19211', 'http://www.gutenberg.org/ebooks/19211.kindle.images', 'application/x-mobipocket-ebook' );
INSERT INTO files ( gid, file, mime ) VALUES ( '19211', 'http://www.gutenberg.org/ebooks/19211.kindle.noimages', 'application/x-mobipocket-ebook' );
INSERT INTO files ( gid, file, mime ) VALUES ( '19211', 'http://www.gutenberg.org/ebooks/19211.rdf', 'application/rdf+xml' );
INSERT INTO files ( gid, file, mime ) VALUES ( '19211', 'http://www.gutenberg.org/files/19211/19211-0.txt', 'text/plain; charset=utf-8' );
INSERT INTO files ( gid, file, mime ) VALUES ( '19211', 'http://www.gutenberg.org/files/19211/19211-0.zip', 'text/plain; charset=utf-8application/zip' );
INSERT INTO files ( gid, file, mime ) VALUES ( '19211', 'http://www.gutenberg.org/files/19211/19211-8.txt', 'text/plain; charset=iso-8859-1' );
INSERT INTO files ( gid, file, mime ) VALUES ( '19211', 'http://www.gutenberg.org/files/19211/19211-8.zip', 'text/plain; charset=iso-8859-1application/zip' );
INSERT INTO files ( gid, file, mime ) VALUES ( '19211', 'http://www.gutenberg.org/files/19211/19211-h.zip', 'application/ziptext/html; charset=utf-8' );
INSERT INTO files ( gid, file, mime ) VALUES ( '19211', 'http://www.gutenberg.org/files/19211/19211-h/19211-h.htm', 'text/html; charset=utf-8' );
INSERT INTO files ( gid, file, mime ) VALUES ( '19211', 'http://www.gutenberg.org/files/19211/19211.txt', 'text/plain; charset=us-ascii' );
INSERT INTO files ( gid, file, mime ) VALUES ( '19211', 'http://www.gutenberg.org/files/19211/19211.zip', 'application/ziptext/plain; charset=us-ascii' );
INSERT INTO titles ( gid, title, author, language, rights ) VALUES ( '19311', 'The Outdoor Girls in Florida; Or, Wintering in the Sunny South', 'Hope, Laura Lee', 'en', 'Public domain in the USA.' );
INSERT INTO classifications ( gid, classification ) VALUES ( '19311', 'PZ' );
INSERT INTO subjects ( gid, subject ) VALUES ( '19311', 'Florida -- Juvenile fiction' );
INSERT INTO subjects ( gid, subject ) VALUES ( '19311', 'Girls -- Societies and clubs -- Juvenile fiction' );
INSERT INTO subjects ( gid, subject ) VALUES ( '19311', 'Adventure and adventurers -- Juvenile fiction' );
INSERT INTO subjects ( gid, subject ) VALUES ( '19311', 'Girls -- Juvenile fiction' );
INSERT INTO files ( gid, file, mime ) VALUES ( '19311', 'http://www.gutenberg.org/ebooks/19311.epub.images', 'application/epub+zip' );
INSERT INTO files ( gid, file, mime ) VALUES ( '19311', 'http://www.gutenberg.org/ebooks/19311.epub.noimages', 'application/epub+zip' );
INSERT INTO files ( gid, file, mime ) VALUES ( '19311', 'http://www.gutenberg.org/ebooks/19311.kindle.images', 'application/x-mobipocket-ebook' );
INSERT INTO files ( gid, file, mime ) VALUES ( '19311', 'http://www.gutenberg.org/ebooks/19311.kindle.noimages', 'application/x-mobipocket-ebook' );
INSERT INTO files ( gid, file, mime ) VALUES ( '19311', 'http://www.gutenberg.org/ebooks/19311.rdf', 'application/rdf+xml' );
INSERT INTO files ( gid, file, mime ) VALUES ( '19311', 'http://www.gutenberg.org/ebooks/19311.txt.utf-8', 'text/plain' );
INSERT INTO files ( gid, file, mime ) VALUES ( '19311', 'http://www.gutenberg.org/files/19311/19311-h.zip', 'text/html; charset=iso-8859-1application/zip' );
INSERT INTO files ( gid, file, mime ) VALUES ( '19311', 'http://www.gutenberg.org/files/19311/19311-h/19311-h.htm', 'text/html; charset=iso-8859-1' );
INSERT INTO files ( gid, file, mime ) VALUES ( '19311', 'http://www.gutenberg.org/files/19311/19311.txt', 'text/plain; charset=us-ascii' );
INSERT INTO files ( gid, file, mime ) VALUES ( '19311', 'http://www.gutenberg.org/files/19311/19311.zip', 'text/plain; charset=us-asciiapplication/zip' );
INSERT INTO titles ( gid, title, author, language, rights ) VALUES ( '19411', 'The Woman''s Way', 'Garvice, Charles', 'en', 'Public domain in the USA.' );
INSERT INTO classifications ( gid, classification ) VALUES ( '19411', 'PR' );
INSERT INTO subjects ( gid, subject ) VALUES ( '19411', 'Young women -- Fiction' );
INSERT INTO subjects ( gid, subject ) VALUES ( '19411', 'England -- Social life and customs -- Fiction' );
INSERT INTO subjects ( gid, subject ) VALUES ( '19411', 'Inheritance and succession -- Fiction' );
INSERT INTO subjects ( gid, subject ) VALUES ( '19411', 'Love stories' );
INSERT INTO files ( gid, file, mime ) VALUES ( '19411', 'http://www.gutenberg.org/ebooks/19411.epub.images', 'application/epub+zip' );
INSERT INTO files ( gid, file, mime ) VALUES ( '19411', 'http://www.gutenberg.org/ebooks/19411.epub.noimages', 'application/epub+zip' );
INSERT INTO files ( gid, file, mime ) VALUES ( '19411', 'http://www.gutenberg.org/ebooks/19411.kindle.images', 'application/x-mobipocket-ebook' );
INSERT INTO files ( gid, file, mime ) VALUES ( '19411', 'http://www.gutenberg.org/ebooks/19411.kindle.noimages', 'application/x-mobipocket-ebook' );
INSERT INTO files ( gid, file, mime ) VALUES ( '19411', 'http://www.gutenberg.org/ebooks/19411.rdf', 'application/rdf+xml' );
INSERT INTO files ( gid, file, mime ) VALUES ( '19411', 'http://www.gutenberg.org/ebooks/19411.txt.utf-8', 'text/plain' );
INSERT INTO files ( gid, file, mime ) VALUES ( '19411', 'http://www.gutenberg.org/files/19411/19411-8.txt', 'text/plain; charset=iso-8859-1' );
INSERT INTO files ( gid, file, mime ) VALUES ( '19411', 'http://www.gutenberg.org/files/19411/19411-8.zip', 'text/plain; charset=iso-8859-1application/zip' );
INSERT INTO files ( gid, file, mime ) VALUES ( '19411', 'http://www.gutenberg.org/files/19411/19411-h.zip', 'text/html; charset=iso-8859-1application/zip' );
INSERT INTO files ( gid, file, mime ) VALUES ( '19411', 'http://www.gutenberg.org/files/19411/19411-h/19411-h.htm', 'text/html; charset=iso-8859-1' );
INSERT INTO files ( gid, file, mime ) VALUES ( '19411', 'http://www.gutenberg.org/files/19411/19411.txt', 'text/plain; charset=us-ascii' );
INSERT INTO files ( gid, file, mime ) VALUES ( '19411', 'http://www.gutenberg.org/files/19411/19411.zip', 'text/plain; charset=us-asciiapplication/zip' );
INSERT INTO titles ( gid, title, author, language, rights ) VALUES ( '19511', 'Bell''s Cathedrals: Wimborne Minster and Christchurch Priory A Short History of Their Foundation and a Description of Their Buildings', 'Perkins, Thomas, Rev.', 'en', 'Public domain in the USA.' );
INSERT INTO classifications ( gid, classification ) VALUES ( '19511', 'NA' );
INSERT INTO subjects ( gid, subject ) VALUES ( '19511', 'Christ Church Priory (Canterbury, England)' );
INSERT INTO subjects ( gid, subject ) VALUES ( '19511', 'Wimborne Minster (England)' );
INSERT INTO subjects ( gid, subject ) VALUES ( '19511', 'Churches -- England' );
INSERT INTO files ( gid, file, mime ) VALUES ( '19511', 'http://www.gutenberg.org/ebooks/19511.epub.images', 'application/epub+zip' );
INSERT INTO files ( gid, file, mime ) VALUES ( '19511', 'http://www.gutenberg.org/ebooks/19511.epub.noimages', 'application/epub+zip' );
INSERT INTO files ( gid, file, mime ) VALUES ( '19511', 'http://www.gutenberg.org/ebooks/19511.kindle.images', 'application/x-mobipocket-ebook' );
INSERT INTO files ( gid, file, mime ) VALUES ( '19511', 'http://www.gutenberg.org/ebooks/19511.kindle.noimages', 'application/x-mobipocket-ebook' );
INSERT INTO files ( gid, file, mime ) VALUES ( '19511', 'http://www.gutenberg.org/ebooks/19511.rdf', 'application/rdf+xml' );
INSERT INTO files ( gid, file, mime ) VALUES ( '19511', 'http://www.gutenberg.org/ebooks/19511.txt.utf-8', 'text/plain' );
INSERT INTO files ( gid, file, mime ) VALUES ( '19511', 'http://www.gutenberg.org/files/19511/19511-8.txt', 'text/plain; charset=iso-8859-1' );
INSERT INTO files ( gid, file, mime ) VALUES ( '19511', 'http://www.gutenberg.org/files/19511/19511-8.zip', 'application/ziptext/plain; charset=iso-8859-1' );
INSERT INTO files ( gid, file, mime ) VALUES ( '19511', 'http://www.gutenberg.org/files/19511/19511-h.zip', 'application/ziptext/html; charset=iso-8859-1' );
INSERT INTO files ( gid, file, mime ) VALUES ( '19511', 'http://www.gutenberg.org/files/19511/19511-h/19511-h.htm', 'text/html; charset=iso-8859-1' );
INSERT INTO files ( gid, file, mime ) VALUES ( '19511', 'http://www.gutenberg.org/files/19511/19511.txt', 'text/plain; charset=us-ascii' );
INSERT INTO files ( gid, file, mime ) VALUES ( '19511', 'http://www.gutenberg.org/files/19511/19511.zip', 'application/ziptext/plain; charset=us-ascii' );
INSERT INTO titles ( gid, title, author, language, rights ) VALUES ( '19611', 'Der goldene Spiegel: Erzählungen in einem Rahmen', 'Wassermann, Jakob', 'de', 'Public domain in the USA.' );
INSERT INTO classifications ( gid, classification ) VALUES ( '19611', 'PT' );
INSERT INTO subjects ( gid, subject ) VALUES ( '19611', 'Germany -- Fiction' );
INSERT INTO subjects ( gid, subject ) VALUES ( '19611', 'Short stories' );
INSERT INTO files ( gid, file, mime ) VALUES ( '19611', 'http://www.gutenberg.org/ebooks/19611.epub.images', 'application/epub+zip' );
INSERT INTO files ( gid, file, mime ) VALUES ( '19611', 'http://www.gutenberg.org/ebooks/19611.epub.noimages', 'application/epub+zip' );
INSERT INTO files ( gid, file, mime ) VALUES ( '19611', 'http://www.gutenberg.org/ebooks/19611.kindle.images', 'application/x-mobipocket-ebook' );
INSERT INTO files ( gid, file, mime ) VALUES ( '19611', 'http://www.gutenberg.org/ebooks/19611.kindle.noimages', 'application/x-mobipocket-ebook' );
INSERT INTO files ( gid, file, mime ) VALUES ( '19611', 'http://www.gutenberg.org/ebooks/19611.rdf', 'application/rdf+xml' );
INSERT INTO files ( gid, file, mime ) VALUES ( '19611', 'http://www.gutenberg.org/files/19611/19611-0.txt', 'text/plain; charset=utf-8' );
INSERT INTO files ( gid, file, mime ) VALUES ( '19611', 'http://www.gutenberg.org/files/19611/19611-0.zip', 'text/plain; charset=utf-8application/zip' );
INSERT INTO files ( gid, file, mime ) VALUES ( '19611', 'http://www.gutenberg.org/files/19611/19611-8.txt', 'text/plain; charset=iso-8859-1' );
INSERT INTO files ( gid, file, mime ) VALUES ( '19611', 'http://www.gutenberg.org/files/19611/19611-8.zip', 'application/ziptext/plain; charset=iso-8859-1' );
INSERT INTO files ( gid, file, mime ) VALUES ( '19611', 'http://www.gutenberg.org/files/19611/19611-h.zip', 'text/htmlapplication/zip' );
INSERT INTO files ( gid, file, mime ) VALUES ( '19611', 'http://www.gutenberg.org/files/19611/19611-h/19611-h.htm', 'text/html' );
INSERT INTO titles ( gid, title, author, language, rights ) VALUES ( '19711', 'The Buried Temple', 'Maeterlinck, Maurice', 'en', 'Public domain in the USA.' );
INSERT INTO classifications ( gid, classification ) VALUES ( '19711', 'PQ' );
INSERT INTO subjects ( gid, subject ) VALUES ( '19711', 'Essays' );
INSERT INTO files ( gid, file, mime ) VALUES ( '19711', 'http://www.gutenberg.org/ebooks/19711.epub.images', 'application/epub+zip' );
INSERT INTO files ( gid, file, mime ) VALUES ( '19711', 'http://www.gutenberg.org/ebooks/19711.epub.noimages', 'application/epub+zip' );
INSERT INTO files ( gid, file, mime ) VALUES ( '19711', 'http://www.gutenberg.org/ebooks/19711.html.images', 'text/html' );
INSERT INTO files ( gid, file, mime ) VALUES ( '19711', 'http://www.gutenberg.org/ebooks/19711.html.noimages', 'text/html' );
INSERT INTO files ( gid, file, mime ) VALUES ( '19711', 'http://www.gutenberg.org/ebooks/19711.kindle.images', 'application/x-mobipocket-ebook' );
INSERT INTO files ( gid, file, mime ) VALUES ( '19711', 'http://www.gutenberg.org/ebooks/19711.kindle.noimages', 'application/x-mobipocket-ebook' );
INSERT INTO files ( gid, file, mime ) VALUES ( '19711', 'http://www.gutenberg.org/ebooks/19711.rdf', 'application/rdf+xml' );
INSERT INTO files ( gid, file, mime ) VALUES ( '19711', 'http://www.gutenberg.org/ebooks/19711.txt.utf-8', 'text/plain' );
INSERT INTO files ( gid, file, mime ) VALUES ( '19711', 'http://www.gutenberg.org/files/19711/19711-8.txt', 'text/plain; charset=iso-8859-1' );
INSERT INTO files ( gid, file, mime ) VALUES ( '19711', 'http://www.gutenberg.org/files/19711/19711-8.zip', 'application/ziptext/plain; charset=iso-8859-1' );
INSERT INTO files ( gid, file, mime ) VALUES ( '19711', 'http://www.gutenberg.org/files/19711/19711.txt', 'text/plain; charset=us-ascii' );
INSERT INTO files ( gid, file, mime ) VALUES ( '19711', 'http://www.gutenberg.org/files/19711/19711.zip', 'application/ziptext/plain; charset=us-ascii' );
INSERT INTO titles ( gid, title, author, language, rights ) VALUES ( '19811', 'A Book of English Prose Part II, Arranged for Secondary and High Schools', 'Lubbock, Percy', 'en', 'Public domain in the USA.' );
INSERT INTO classifications ( gid, classification ) VALUES ( '19811', 'PR' );
INSERT INTO subjects ( gid, subject ) VALUES ( '19811', 'Readers (Secondary)' );
INSERT INTO files ( gid, file, mime ) VALUES ( '19811', 'http://www.gutenberg.org/ebooks/19811.epub.images', 'application/epub+zip' );
INSERT INTO files ( gid, file, mime ) VALUES ( '19811', 'http://www.gutenberg.org/ebooks/19811.epub.noimages', 'application/epub+zip' );
INSERT INTO files ( gid, file, mime ) VALUES ( '19811', 'http://www.gutenberg.org/ebooks/19811.html.images', 'text/html' );
INSERT INTO files ( gid, file, mime ) VALUES ( '19811', 'http://www.gutenberg.org/ebooks/19811.html.noimages', 'text/html' );
INSERT INTO files ( gid, file, mime ) VALUES ( '19811', 'http://www.gutenberg.org/ebooks/19811.kindle.images', 'application/x-mobipocket-ebook' );
INSERT INTO files ( gid, file, mime ) VALUES ( '19811', 'http://www.gutenberg.org/ebooks/19811.kindle.noimages', 'application/x-mobipocket-ebook' );
INSERT INTO files ( gid, file, mime ) VALUES ( '19811', 'http://www.gutenberg.org/ebooks/19811.rdf', 'application/rdf+xml' );
INSERT INTO files ( gid, file, mime ) VALUES ( '19811', 'http://www.gutenberg.org/ebooks/19811.txt.utf-8', 'text/plain' );
INSERT INTO files ( gid, file, mime ) VALUES ( '19811', 'http://www.gutenberg.org/files/19811/19811-8.txt', 'text/plain; charset=iso-8859-1' );
INSERT INTO files ( gid, file, mime ) VALUES ( '19811', 'http://www.gutenberg.org/files/19811/19811-8.zip', 'application/ziptext/plain; charset=iso-8859-1' );
INSERT INTO files ( gid, file, mime ) VALUES ( '19811', 'http://www.gutenberg.org/files/19811/19811.txt', 'text/plain; charset=us-ascii' );
INSERT INTO files ( gid, file, mime ) VALUES ( '19811', 'http://www.gutenberg.org/files/19811/19811.zip', 'application/ziptext/plain; charset=us-ascii' );
INSERT INTO titles ( gid, title, author, language, rights ) VALUES ( '6911', 'The Majesty of Calmness; individual problems and posibilities', 'Jordan, William George', 'en', 'Public domain in the USA.' );
INSERT INTO classifications ( gid, classification ) VALUES ( '6911', 'BF' );
INSERT INTO subjects ( gid, subject ) VALUES ( '6911', 'Conduct of life' );
INSERT INTO subjects ( gid, subject ) VALUES ( '6911', 'Character' );
INSERT INTO files ( gid, file, mime ) VALUES ( '6911', 'http://www.gutenberg.org/ebooks/6911.epub.images', 'application/epub+zip' );
INSERT INTO files ( gid, file, mime ) VALUES ( '6911', 'http://www.gutenberg.org/ebooks/6911.epub.noimages', 'application/epub+zip' );
INSERT INTO files ( gid, file, mime ) VALUES ( '6911', 'http://www.gutenberg.org/ebooks/6911.kindle.images', 'application/x-mobipocket-ebook' );
INSERT INTO files ( gid, file, mime ) VALUES ( '6911', 'http://www.gutenberg.org/ebooks/6911.kindle.noimages', 'application/x-mobipocket-ebook' );
INSERT INTO files ( gid, file, mime ) VALUES ( '6911', 'http://www.gutenberg.org/ebooks/6911.rdf', 'application/rdf+xml' );
INSERT INTO files ( gid, file, mime ) VALUES ( '6911', 'http://www.gutenberg.org/ebooks/6911.txt.utf-8', 'text/plain' );
INSERT INTO files ( gid, file, mime ) VALUES ( '6911', 'http://www.gutenberg.org/files/6911/6911-h.zip', 'application/ziptext/html; charset=utf-8' );
INSERT INTO files ( gid, file, mime ) VALUES ( '6911', 'http://www.gutenberg.org/files/6911/6911-h/6911-h.htm', 'text/html; charset=utf-8' );
INSERT INTO files ( gid, file, mime ) VALUES ( '6911', 'http://www.gutenberg.org/files/6911/6911.txt', 'text/plain; charset=us-ascii' );
INSERT INTO files ( gid, file, mime ) VALUES ( '6911', 'http://www.gutenberg.org/files/6911/6911.zip', 'text/plain; charset=us-asciiapplication/zip' );
INSERT INTO titles ( gid, title, author, language, rights ) VALUES ( '7111', 'The Land of Midian (Revisited) — Volume 1', 'Burton, Richard Francis, Sir', 'en', 'Public domain in the USA.' );
INSERT INTO classifications ( gid, classification ) VALUES ( '7111', 'DS' );
INSERT INTO subjects ( gid, subject ) VALUES ( '7111', 'Hejaz (Saudi Arabia) -- Description and travel' );
INSERT INTO subjects ( gid, subject ) VALUES ( '7111', 'Burton, Richard Francis, Sir, 1821-1890' );
INSERT INTO files ( gid, file, mime ) VALUES ( '7111', 'http://www.gutenberg.org/ebooks/7111.epub.images', 'application/epub+zip' );
INSERT INTO files ( gid, file, mime ) VALUES ( '7111', 'http://www.gutenberg.org/ebooks/7111.epub.noimages', 'application/epub+zip' );
INSERT INTO files ( gid, file, mime ) VALUES ( '7111', 'http://www.gutenberg.org/ebooks/7111.kindle.images', 'application/x-mobipocket-ebook' );
INSERT INTO files ( gid, file, mime ) VALUES ( '7111', 'http://www.gutenberg.org/ebooks/7111.kindle.noimages', 'application/x-mobipocket-ebook' );
INSERT INTO files ( gid, file, mime ) VALUES ( '7111', 'http://www.gutenberg.org/ebooks/7111.rdf', 'application/rdf+xml' );
INSERT INTO files ( gid, file, mime ) VALUES ( '7111', 'http://www.gutenberg.org/ebooks/7111.txt.utf-8', 'text/plain' );
INSERT INTO files ( gid, file, mime ) VALUES ( '7111', 'http://www.gutenberg.org/files/7111/7111-8.txt', 'text/plain; charset=iso-8859-1' );
INSERT INTO files ( gid, file, mime ) VALUES ( '7111', 'http://www.gutenberg.org/files/7111/7111-8.zip', 'text/plain; charset=iso-8859-1application/zip' );
INSERT INTO files ( gid, file, mime ) VALUES ( '7111', 'http://www.gutenberg.org/files/7111/7111-h.zip', 'application/octet-streamapplication/zip' );
INSERT INTO files ( gid, file, mime ) VALUES ( '7111', 'http://www.gutenberg.org/files/7111/7111-h/7111-h.htm', 'text/html' );
INSERT INTO titles ( gid, title, author, language, rights ) VALUES ( '7011', 'The Flood', 'Zola, Émile', 'en', 'Public domain in the USA.' );
INSERT INTO classifications ( gid, classification ) VALUES ( '7011', 'PQ' );
INSERT INTO subjects ( gid, subject ) VALUES ( '7011', 'Floods -- France -- Toulouse -- 19th century -- Fiction' );
INSERT INTO subjects ( gid, subject ) VALUES ( '7011', 'Garonne River (Spain and France) -- Fiction' );
INSERT INTO subjects ( gid, subject ) VALUES ( '7011', 'Disaster victims -- Fiction' );
INSERT INTO files ( gid, file, mime ) VALUES ( '7011', 'http://www.gutenberg.org/ebooks/7011.epub.images', 'application/epub+zip' );
INSERT INTO files ( gid, file, mime ) VALUES ( '7011', 'http://www.gutenberg.org/ebooks/7011.epub.noimages', 'application/epub+zip' );
INSERT INTO files ( gid, file, mime ) VALUES ( '7011', 'http://www.gutenberg.org/ebooks/7011.kindle.images', 'application/x-mobipocket-ebook' );
INSERT INTO files ( gid, file, mime ) VALUES ( '7011', 'http://www.gutenberg.org/ebooks/7011.kindle.noimages', 'application/x-mobipocket-ebook' );
INSERT INTO files ( gid, file, mime ) VALUES ( '7011', 'http://www.gutenberg.org/ebooks/7011.rdf', 'application/rdf+xml' );
INSERT INTO files ( gid, file, mime ) VALUES ( '7011', 'http://www.gutenberg.org/files/7011/7011-0.txt', 'text/plain; charset=utf-8' );
INSERT INTO files ( gid, file, mime ) VALUES ( '7011', 'http://www.gutenberg.org/files/7011/7011-0.zip', 'text/plain; charset=utf-8application/zip' );
INSERT INTO files ( gid, file, mime ) VALUES ( '7011', 'http://www.gutenberg.org/files/7011/7011-h.zip', 'application/ziptext/html; charset=utf-8' );
INSERT INTO files ( gid, file, mime ) VALUES ( '7011', 'http://www.gutenberg.org/files/7011/7011-h/7011-h.htm', 'text/html; charset=utf-8' );
INSERT INTO files ( gid, file, mime ) VALUES ( '7011', 'http://www.gutenberg.org/files/7011/7011.txt', 'text/plain; charset=us-ascii' );
INSERT INTO files ( gid, file, mime ) VALUES ( '7011', 'http://www.gutenberg.org/files/7011/7011.zip', 'application/ziptext/plain; charset=us-ascii' );
INSERT INTO titles ( gid, title, author, language, rights ) VALUES ( '7211', 'The American Union Speaker', 'Philbrick, John D. (John Dudley)', 'en', 'Public domain in the USA.' );
INSERT INTO classifications ( gid, classification ) VALUES ( '7211', 'PN' );
INSERT INTO subjects ( gid, subject ) VALUES ( '7211', 'Recitations' );
INSERT INTO files ( gid, file, mime ) VALUES ( '7211', 'http://www.gutenberg.org/ebooks/7211.epub.images', 'application/epub+zip' );
INSERT INTO files ( gid, file, mime ) VALUES ( '7211', 'http://www.gutenberg.org/ebooks/7211.epub.noimages', 'application/epub+zip' );
INSERT INTO files ( gid, file, mime ) VALUES ( '7211', 'http://www.gutenberg.org/ebooks/7211.html.images', 'text/html' );
INSERT INTO files ( gid, file, mime ) VALUES ( '7211', 'http://www.gutenberg.org/ebooks/7211.html.noimages', 'text/html' );
INSERT INTO files ( gid, file, mime ) VALUES ( '7211', 'http://www.gutenberg.org/ebooks/7211.kindle.images', 'application/x-mobipocket-ebook' );
INSERT INTO files ( gid, file, mime ) VALUES ( '7211', 'http://www.gutenberg.org/ebooks/7211.kindle.noimages', 'application/x-mobipocket-ebook' );
INSERT INTO files ( gid, file, mime ) VALUES ( '7211', 'http://www.gutenberg.org/ebooks/7211.rdf', 'application/rdf+xml' );
INSERT INTO files ( gid, file, mime ) VALUES ( '7211', 'http://www.gutenberg.org/ebooks/7211.txt.utf-8', 'text/plain' );
INSERT INTO files ( gid, file, mime ) VALUES ( '7211', 'http://www.gutenberg.org/files/7211/7211-8.txt', 'text/plain; charset=iso-8859-1' );
INSERT INTO files ( gid, file, mime ) VALUES ( '7211', 'http://www.gutenberg.org/files/7211/7211-8.zip', 'text/plain; charset=iso-8859-1application/zip' );
INSERT INTO titles ( gid, title, author, language, rights ) VALUES ( '711', 'Allan Quatermain', 'Haggard, H. Rider (Henry Rider)', 'en', 'Public domain in the USA.' );
INSERT INTO classifications ( gid, classification ) VALUES ( '711', 'PR' );
INSERT INTO subjects ( gid, subject ) VALUES ( '711', 'Africa -- Fiction' );
INSERT INTO subjects ( gid, subject ) VALUES ( '711', 'Hunting guides -- Fiction' );
INSERT INTO subjects ( gid, subject ) VALUES ( '711', 'Quatermain, Allan (Fictitious character) -- Fiction' );
INSERT INTO subjects ( gid, subject ) VALUES ( '711', 'Adventure stories' );
INSERT INTO files ( gid, file, mime ) VALUES ( '711', 'http://www.gutenberg.org/ebooks/711.epub.images', 'application/epub+zip' );
INSERT INTO files ( gid, file, mime ) VALUES ( '711', 'http://www.gutenberg.org/ebooks/711.epub.noimages', 'application/epub+zip' );
INSERT INTO files ( gid, file, mime ) VALUES ( '711', 'http://www.gutenberg.org/ebooks/711.kindle.images', 'application/x-mobipocket-ebook' );
INSERT INTO files ( gid, file, mime ) VALUES ( '711', 'http://www.gutenberg.org/ebooks/711.kindle.noimages', 'application/x-mobipocket-ebook' );
INSERT INTO files ( gid, file, mime ) VALUES ( '711', 'http://www.gutenberg.org/ebooks/711.rdf', 'application/rdf+xml' );
INSERT INTO files ( gid, file, mime ) VALUES ( '711', 'http://www.gutenberg.org/files/711/711-0.txt', 'text/plain; charset=utf-8' );
INSERT INTO files ( gid, file, mime ) VALUES ( '711', 'http://www.gutenberg.org/files/711/711-0.zip', 'application/ziptext/plain; charset=utf-8' );
INSERT INTO files ( gid, file, mime ) VALUES ( '711', 'http://www.gutenberg.org/files/711/711-8.txt', 'text/plain; charset=iso-8859-1' );
INSERT INTO files ( gid, file, mime ) VALUES ( '711', 'http://www.gutenberg.org/files/711/711-8.zip', 'text/plain; charset=iso-8859-1application/zip' );
INSERT INTO files ( gid, file, mime ) VALUES ( '711', 'http://www.gutenberg.org/files/711/711-h.zip', 'text/html; charset=iso-8859-1application/zip' );
INSERT INTO files ( gid, file, mime ) VALUES ( '711', 'http://www.gutenberg.org/files/711/711-h/711-h.htm', 'text/html; charset=iso-8859-1' );
INSERT INTO files ( gid, file, mime ) VALUES ( '711', 'http://www.gutenberg.org/files/711/711-h/711-h.zip', 'text/html; charset=us-asciiapplication/zip' );
INSERT INTO files ( gid, file, mime ) VALUES ( '711', 'http://www.gutenberg.org/files/711/711.txt', 'text/plain; charset=us-ascii' );
INSERT INTO files ( gid, file, mime ) VALUES ( '711', 'http://www.gutenberg.org/files/711/711.zip', 'text/plain; charset=us-asciiapplication/zip' );
INSERT INTO titles ( gid, title, author, language, rights ) VALUES ( '7311', 'The Leatherwood God', 'Howells, William Dean', 'en', 'Public domain in the USA.' );
INSERT INTO classifications ( gid, classification ) VALUES ( '7311', 'PS' );
INSERT INTO subjects ( gid, subject ) VALUES ( '7311', 'Dylks, Joseph C. -- Fiction' );
INSERT INTO subjects ( gid, subject ) VALUES ( '7311', 'Impostors and imposture -- Fiction' );
INSERT INTO subjects ( gid, subject ) VALUES ( '7311', 'Frontier and pioneer life -- Ohio -- Fiction' );
INSERT INTO files ( gid, file, mime ) VALUES ( '7311', 'http://www.gutenberg.org/cache/epub/7311/pg7311.cover.medium.jpg', 'image/jpeg' );
INSERT INTO files ( gid, file, mime ) VALUES ( '7311', 'http://www.gutenberg.org/cache/epub/7311/pg7311.cover.small.jpg', 'image/jpeg' );
INSERT INTO files ( gid, file, mime ) VALUES ( '7311', 'http://www.gutenberg.org/ebooks/7311.epub.images', 'application/epub+zip' );
INSERT INTO files ( gid, file, mime ) VALUES ( '7311', 'http://www.gutenberg.org/ebooks/7311.epub.noimages', 'application/epub+zip' );
INSERT INTO files ( gid, file, mime ) VALUES ( '7311', 'http://www.gutenberg.org/ebooks/7311.kindle.images', 'application/x-mobipocket-ebook' );
INSERT INTO files ( gid, file, mime ) VALUES ( '7311', 'http://www.gutenberg.org/ebooks/7311.kindle.noimages', 'application/x-mobipocket-ebook' );
INSERT INTO files ( gid, file, mime ) VALUES ( '7311', 'http://www.gutenberg.org/ebooks/7311.rdf', 'application/rdf+xml' );
INSERT INTO files ( gid, file, mime ) VALUES ( '7311', 'http://www.gutenberg.org/files/7311/7311-0.txt', 'text/plain; charset=utf-8' );
INSERT INTO files ( gid, file, mime ) VALUES ( '7311', 'http://www.gutenberg.org/files/7311/7311-0.zip', 'text/plain; charset=utf-8application/zip' );
INSERT INTO files ( gid, file, mime ) VALUES ( '7311', 'http://www.gutenberg.org/files/7311/7311-h.zip', 'text/html; charset=utf-8application/zip' );
INSERT INTO files ( gid, file, mime ) VALUES ( '7311', 'http://www.gutenberg.org/files/7311/7311-h/7311-h.htm', 'text/html; charset=utf-8' );
INSERT INTO titles ( gid, title, author, language, rights ) VALUES ( '7411', 'An Art-Lovers Guide to the Exposition Explanations of the Architecture, Sculpture and Mural Paintings, With a Guide for Study in the Art Gallery', 'Cheney, Sheldon', 'en', 'Public domain in the USA.' );
INSERT INTO classifications ( gid, classification ) VALUES ( '7411', 'N' );
INSERT INTO subjects ( gid, subject ) VALUES ( '7411', 'Panama-Pacific International Exposition (1915 : San Francisco, Calif.)' );
INSERT INTO files ( gid, file, mime ) VALUES ( '7411', 'http://www.gutenberg.org/ebooks/7411.epub.images', 'application/epub+zip' );
INSERT INTO files ( gid, file, mime ) VALUES ( '7411', 'http://www.gutenberg.org/ebooks/7411.epub.noimages', 'application/epub+zip' );
INSERT INTO files ( gid, file, mime ) VALUES ( '7411', 'http://www.gutenberg.org/ebooks/7411.html.images', 'text/html' );
INSERT INTO files ( gid, file, mime ) VALUES ( '7411', 'http://www.gutenberg.org/ebooks/7411.html.noimages', 'text/html' );
INSERT INTO files ( gid, file, mime ) VALUES ( '7411', 'http://www.gutenberg.org/ebooks/7411.kindle.images', 'application/x-mobipocket-ebook' );
INSERT INTO files ( gid, file, mime ) VALUES ( '7411', 'http://www.gutenberg.org/ebooks/7411.kindle.noimages', 'application/x-mobipocket-ebook' );
INSERT INTO files ( gid, file, mime ) VALUES ( '7411', 'http://www.gutenberg.org/ebooks/7411.rdf', 'application/rdf+xml' );
INSERT INTO files ( gid, file, mime ) VALUES ( '7411', 'http://www.gutenberg.org/ebooks/7411.txt.utf-8', 'text/plain' );
INSERT INTO files ( gid, file, mime ) VALUES ( '7411', 'http://www.gutenberg.org/files/7411/7411.txt', 'text/plain; charset=us-ascii' );
INSERT INTO files ( gid, file, mime ) VALUES ( '7411', 'http://www.gutenberg.org/files/7411/7411.zip', 'application/ziptext/plain; charset=us-ascii' );
INSERT INTO titles ( gid, title, author, language, rights ) VALUES ( '7511', 'Heidis Lehr- und Wanderjahre', 'Spyri, Johanna', 'de', 'Public domain in the USA.' );
INSERT INTO classifications ( gid, classification ) VALUES ( '7511', 'PT' );
INSERT INTO subjects ( gid, subject ) VALUES ( '7511', 'Orphans -- Fiction' );
INSERT INTO subjects ( gid, subject ) VALUES ( '7511', 'Switzerland -- History -- 19th century -- Fiction' );
INSERT INTO subjects ( gid, subject ) VALUES ( '7511', 'Grandfathers -- Fiction' );
INSERT INTO subjects ( gid, subject ) VALUES ( '7511', 'Mountain life -- Switzerland -- Fiction' );
INSERT INTO files ( gid, file, mime ) VALUES ( '7511', 'http://www.gutenberg.org/ebooks/7511.epub.images', 'application/epub+zip' );
INSERT INTO files ( gid, file, mime ) VALUES ( '7511', 'http://www.gutenberg.org/ebooks/7511.epub.noimages', 'application/epub+zip' );
INSERT INTO files ( gid, file, mime ) VALUES ( '7511', 'http://www.gutenberg.org/ebooks/7511.kindle.images', 'application/x-mobipocket-ebook' );
INSERT INTO files ( gid, file, mime ) VALUES ( '7511', 'http://www.gutenberg.org/ebooks/7511.kindle.noimages', 'application/x-mobipocket-ebook' );
INSERT INTO files ( gid, file, mime ) VALUES ( '7511', 'http://www.gutenberg.org/ebooks/7511.rdf', 'application/rdf+xml' );
INSERT INTO files ( gid, file, mime ) VALUES ( '7511', 'http://www.gutenberg.org/ebooks/7511.txt.utf-8', 'text/plain' );
INSERT INTO files ( gid, file, mime ) VALUES ( '7511', 'http://www.gutenberg.org/files/7511/7511-8.txt', 'text/plain; charset=iso-8859-1' );
INSERT INTO files ( gid, file, mime ) VALUES ( '7511', 'http://www.gutenberg.org/files/7511/7511-8.zip', 'text/plain; charset=iso-8859-1application/zip' );
INSERT INTO files ( gid, file, mime ) VALUES ( '7511', 'http://www.gutenberg.org/files/7511/7511-h.zip', 'text/html; charset=iso-8859-1application/zip' );
INSERT INTO files ( gid, file, mime ) VALUES ( '7511', 'http://www.gutenberg.org/files/7511/7511-h/7511-h.htm', 'text/html; charset=iso-8859-1' );
INSERT INTO titles ( gid, title, author, language, rights ) VALUES ( '7611', 'Eugene Aram — Volume 03', 'Lytton, Edward Bulwer Lytton, Baron', 'en', 'Public domain in the USA.' );
INSERT INTO classifications ( gid, classification ) VALUES ( '7611', 'PR' );
INSERT INTO subjects ( gid, subject ) VALUES ( '7611', 'Aram, Eugene, 1704-1759 -- Fiction' );
INSERT INTO files ( gid, file, mime ) VALUES ( '7611', 'http://www.gutenberg.org/ebooks/7611.epub.images', 'application/epub+zip' );
INSERT INTO files ( gid, file, mime ) VALUES ( '7611', 'http://www.gutenberg.org/ebooks/7611.epub.noimages', 'application/epub+zip' );
INSERT INTO files ( gid, file, mime ) VALUES ( '7611', 'http://www.gutenberg.org/ebooks/7611.html.images', 'text/html' );
INSERT INTO files ( gid, file, mime ) VALUES ( '7611', 'http://www.gutenberg.org/ebooks/7611.html.noimages', 'text/html' );
INSERT INTO files ( gid, file, mime ) VALUES ( '7611', 'http://www.gutenberg.org/ebooks/7611.kindle.images', 'application/x-mobipocket-ebook' );
INSERT INTO files ( gid, file, mime ) VALUES ( '7611', 'http://www.gutenberg.org/ebooks/7611.kindle.noimages', 'application/x-mobipocket-ebook' );
INSERT INTO files ( gid, file, mime ) VALUES ( '7611', 'http://www.gutenberg.org/ebooks/7611.rdf', 'application/rdf+xml' );
INSERT INTO files ( gid, file, mime ) VALUES ( '7611', 'http://www.gutenberg.org/ebooks/7611.txt.utf-8', 'text/plain' );
INSERT INTO files ( gid, file, mime ) VALUES ( '7611', 'http://www.gutenberg.org/files/7611/7611.txt', 'text/plain; charset=us-ascii' );
INSERT INTO files ( gid, file, mime ) VALUES ( '7611', 'http://www.gutenberg.org/files/7611/7611.zip', 'text/plain; charset=us-asciiapplication/zip' );
INSERT INTO titles ( gid, title, author, language, rights ) VALUES ( '7711', '"My Novel" — Volume 10', 'Lytton, Edward Bulwer Lytton, Baron', 'en', 'Public domain in the USA.' );
INSERT INTO classifications ( gid, classification ) VALUES ( '7711', 'PR' );
INSERT INTO subjects ( gid, subject ) VALUES ( '7711', 'England -- Fiction' );
INSERT INTO subjects ( gid, subject ) VALUES ( '7711', 'Death -- Fiction' );
INSERT INTO subjects ( gid, subject ) VALUES ( '7711', 'Domestic fiction' );
INSERT INTO subjects ( gid, subject ) VALUES ( '7711', 'Inventors -- Fiction' );
INSERT INTO subjects ( gid, subject ) VALUES ( '7711', 'Poets -- Fiction' );
INSERT INTO subjects ( gid, subject ) VALUES ( '7711', 'Rhine River -- Fiction' );
INSERT INTO subjects ( gid, subject ) VALUES ( '7711', 'Germany -- Fiction' );
INSERT INTO files ( gid, file, mime ) VALUES ( '7711', 'http://www.gutenberg.org/ebooks/7711.epub.images', 'application/epub+zip' );
INSERT INTO files ( gid, file, mime ) VALUES ( '7711', 'http://www.gutenberg.org/ebooks/7711.epub.noimages', 'application/epub+zip' );
INSERT INTO files ( gid, file, mime ) VALUES ( '7711', 'http://www.gutenberg.org/ebooks/7711.html.images', 'text/html' );
INSERT INTO files ( gid, file, mime ) VALUES ( '7711', 'http://www.gutenberg.org/ebooks/7711.html.noimages', 'text/html' );
INSERT INTO files ( gid, file, mime ) VALUES ( '7711', 'http://www.gutenberg.org/ebooks/7711.kindle.images', 'application/x-mobipocket-ebook' );
INSERT INTO files ( gid, file, mime ) VALUES ( '7711', 'http://www.gutenberg.org/ebooks/7711.kindle.noimages', 'application/x-mobipocket-ebook' );
INSERT INTO files ( gid, file, mime ) VALUES ( '7711', 'http://www.gutenberg.org/ebooks/7711.rdf', 'application/rdf+xml' );
INSERT INTO files ( gid, file, mime ) VALUES ( '7711', 'http://www.gutenberg.org/ebooks/7711.txt.utf-8', 'text/plain' );
INSERT INTO files ( gid, file, mime ) VALUES ( '7711', 'http://www.gutenberg.org/files/7711/7711.txt', 'text/plain; charset=us-ascii' );
INSERT INTO files ( gid, file, mime ) VALUES ( '7711', 'http://www.gutenberg.org/files/7711/7711.zip', 'application/ziptext/plain; charset=us-ascii' );
INSERT INTO titles ( gid, title, author, language, rights ) VALUES ( '7811', 'The War Romance of the Salvation Army', 'Booth, Evangeline', 'en', 'Public domain in the USA.' );
INSERT INTO subjects ( gid, subject ) VALUES ( '7811', 'World War, 1914-1918 -- War work -- Salvation Army' );
INSERT INTO subjects ( gid, subject ) VALUES ( '7811', 'D501' );
INSERT INTO files ( gid, file, mime ) VALUES ( '7811', 'http://www.gutenberg.org/ebooks/7811.epub.images', 'application/epub+zip' );
INSERT INTO files ( gid, file, mime ) VALUES ( '7811', 'http://www.gutenberg.org/ebooks/7811.epub.noimages', 'application/epub+zip' );
INSERT INTO files ( gid, file, mime ) VALUES ( '7811', 'http://www.gutenberg.org/ebooks/7811.kindle.images', 'application/x-mobipocket-ebook' );
INSERT INTO files ( gid, file, mime ) VALUES ( '7811', 'http://www.gutenberg.org/ebooks/7811.kindle.noimages', 'application/x-mobipocket-ebook' );
INSERT INTO files ( gid, file, mime ) VALUES ( '7811', 'http://www.gutenberg.org/ebooks/7811.rdf', 'application/rdf+xml' );
INSERT INTO files ( gid, file, mime ) VALUES ( '7811', 'http://www.gutenberg.org/ebooks/7811.txt.utf-8', 'text/plain' );
INSERT INTO files ( gid, file, mime ) VALUES ( '7811', 'http://www.gutenberg.org/files/7811/7811-8.txt', 'text/plain; charset=iso-8859-1' );
INSERT INTO files ( gid, file, mime ) VALUES ( '7811', 'http://www.gutenberg.org/files/7811/7811-8.zip', 'application/ziptext/plain; charset=iso-8859-1' );
INSERT INTO files ( gid, file, mime ) VALUES ( '7811', 'http://www.gutenberg.org/files/7811/7811-h.zip', 'text/html; charset=utf-8application/zip' );
INSERT INTO files ( gid, file, mime ) VALUES ( '7811', 'http://www.gutenberg.org/files/7811/7811-h/7811-h.htm', 'text/html; charset=utf-8' );
INSERT INTO files ( gid, file, mime ) VALUES ( '7811', 'http://www.gutenberg.org/files/7811/7811.txt', 'text/plain; charset=us-ascii' );
INSERT INTO files ( gid, file, mime ) VALUES ( '7811', 'http://www.gutenberg.org/files/7811/7811.zip', 'application/ziptext/plain; charset=us-ascii' );
INSERT INTO titles ( gid, title, author, language, rights ) VALUES ( '20011', 'Pequeñeces', 'Coloma, Luis', 'es', 'Public domain in the USA.' );
INSERT INTO classifications ( gid, classification ) VALUES ( '20011', 'PQ' );
INSERT INTO subjects ( gid, subject ) VALUES ( '20011', 'Spain -- Social conditions -- 1886-1939 -- Fiction' );
INSERT INTO subjects ( gid, subject ) VALUES ( '20011', 'Aristocracy (Social class) -- Spain -- 19th century -- Fiction' );
INSERT INTO files ( gid, file, mime ) VALUES ( '20011', 'http://www.gutenberg.org/ebooks/20011.epub.images', 'application/epub+zip' );
INSERT INTO files ( gid, file, mime ) VALUES ( '20011', 'http://www.gutenberg.org/ebooks/20011.epub.noimages', 'application/epub+zip' );
INSERT INTO files ( gid, file, mime ) VALUES ( '20011', 'http://www.gutenberg.org/ebooks/20011.kindle.images', 'application/x-mobipocket-ebook' );
INSERT INTO files ( gid, file, mime ) VALUES ( '20011', 'http://www.gutenberg.org/ebooks/20011.kindle.noimages', 'application/x-mobipocket-ebook' );
INSERT INTO files ( gid, file, mime ) VALUES ( '20011', 'http://www.gutenberg.org/ebooks/20011.rdf', 'application/rdf+xml' );
INSERT INTO files ( gid, file, mime ) VALUES ( '20011', 'http://www.gutenberg.org/ebooks/20011.txt.utf-8', 'text/plain' );
INSERT INTO files ( gid, file, mime ) VALUES ( '20011', 'http://www.gutenberg.org/files/20011/20011-8.txt', 'text/plain; charset=iso-8859-1' );
INSERT INTO files ( gid, file, mime ) VALUES ( '20011', 'http://www.gutenberg.org/files/20011/20011-8.zip', 'application/ziptext/plain; charset=iso-8859-1' );
INSERT INTO files ( gid, file, mime ) VALUES ( '20011', 'http://www.gutenberg.org/files/20011/20011-h.zip', 'text/html; charset=iso-8859-1application/zip' );
INSERT INTO files ( gid, file, mime ) VALUES ( '20011', 'http://www.gutenberg.org/files/20011/20011-h/20011-h.htm', 'text/html; charset=iso-8859-1' );
INSERT INTO titles ( gid, title, author, language, rights ) VALUES ( '19911', 'The Practical Values of Space Exploration Report of the Committee on Science and Astronautics, U.S. House of Representatives, Eighty-Sixth Congress, Second Session', 'United States. Congress. House. Committee on Science and Astronautics.', 'en', 'Public domain in the USA.' );
INSERT INTO classifications ( gid, classification ) VALUES ( '19911', 'TL' );
INSERT INTO subjects ( gid, subject ) VALUES ( '19911', 'Astronautics -- United States' );
INSERT INTO subjects ( gid, subject ) VALUES ( '19911', 'Astronautics and civilization' );
INSERT INTO files ( gid, file, mime ) VALUES ( '19911', 'http://www.gutenberg.org/ebooks/19911.epub.images', 'application/epub+zip' );
INSERT INTO files ( gid, file, mime ) VALUES ( '19911', 'http://www.gutenberg.org/ebooks/19911.epub.noimages', 'application/epub+zip' );
INSERT INTO files ( gid, file, mime ) VALUES ( '19911', 'http://www.gutenberg.org/ebooks/19911.kindle.images', 'application/x-mobipocket-ebook' );
INSERT INTO files ( gid, file, mime ) VALUES ( '19911', 'http://www.gutenberg.org/ebooks/19911.kindle.noimages', 'application/x-mobipocket-ebook' );
INSERT INTO files ( gid, file, mime ) VALUES ( '19911', 'http://www.gutenberg.org/ebooks/19911.rdf', 'application/rdf+xml' );
INSERT INTO files ( gid, file, mime ) VALUES ( '19911', 'http://www.gutenberg.org/ebooks/19911.txt.utf-8', 'text/plain' );
INSERT INTO files ( gid, file, mime ) VALUES ( '19911', 'http://www.gutenberg.org/files/19911/19911-8.txt', 'text/plain; charset=iso-8859-1' );
INSERT INTO files ( gid, file, mime ) VALUES ( '19911', 'http://www.gutenberg.org/files/19911/19911-8.zip', 'application/ziptext/plain; charset=iso-8859-1' );
INSERT INTO files ( gid, file, mime ) VALUES ( '19911', 'http://www.gutenberg.org/files/19911/19911-h.zip', 'text/html; charset=iso-8859-1application/zip' );
INSERT INTO files ( gid, file, mime ) VALUES ( '19911', 'http://www.gutenberg.org/files/19911/19911-h/19911-h.htm', 'text/html; charset=iso-8859-1' );
INSERT INTO files ( gid, file, mime ) VALUES ( '19911', 'http://www.gutenberg.org/files/19911/19911.txt', 'text/plain; charset=us-ascii' );
INSERT INTO files ( gid, file, mime ) VALUES ( '19911', 'http://www.gutenberg.org/files/19911/19911.zip', 'application/ziptext/plain; charset=us-ascii' );
INSERT INTO titles ( gid, title, author, language, rights ) VALUES ( '20111', 'With Those Who Wait', 'Huard, Frances Wilson', 'en', 'Public domain in the USA.' );
INSERT INTO subjects ( gid, subject ) VALUES ( '20111', 'World War, 1914-1918 -- Personal narratives' );
INSERT INTO subjects ( gid, subject ) VALUES ( '20111', 'D501' );
INSERT INTO files ( gid, file, mime ) VALUES ( '20111', 'http://www.gutenberg.org/ebooks/20111.epub.images', 'application/epub+zip' );
INSERT INTO files ( gid, file, mime ) VALUES ( '20111', 'http://www.gutenberg.org/ebooks/20111.epub.noimages', 'application/epub+zip' );
INSERT INTO files ( gid, file, mime ) VALUES ( '20111', 'http://www.gutenberg.org/ebooks/20111.kindle.images', 'application/x-mobipocket-ebook' );
INSERT INTO files ( gid, file, mime ) VALUES ( '20111', 'http://www.gutenberg.org/ebooks/20111.kindle.noimages', 'application/x-mobipocket-ebook' );
INSERT INTO files ( gid, file, mime ) VALUES ( '20111', 'http://www.gutenberg.org/ebooks/20111.rdf', 'application/rdf+xml' );
INSERT INTO files ( gid, file, mime ) VALUES ( '20111', 'http://www.gutenberg.org/ebooks/20111.txt.utf-8', 'text/plain' );
INSERT INTO files ( gid, file, mime ) VALUES ( '20111', 'http://www.gutenberg.org/files/20111/20111-8.txt', 'text/plain; charset=iso-8859-1' );
INSERT INTO files ( gid, file, mime ) VALUES ( '20111', 'http://www.gutenberg.org/files/20111/20111-8.zip', 'text/plain; charset=iso-8859-1application/zip' );
INSERT INTO files ( gid, file, mime ) VALUES ( '20111', 'http://www.gutenberg.org/files/20111/20111-h.zip', 'application/ziptext/html' );
INSERT INTO files ( gid, file, mime ) VALUES ( '20111', 'http://www.gutenberg.org/files/20111/20111-h/20111-h.htm', 'text/html' );
INSERT INTO files ( gid, file, mime ) VALUES ( '20111', 'http://www.gutenberg.org/files/20111/20111.txt', 'text/plain; charset=us-ascii' );
INSERT INTO files ( gid, file, mime ) VALUES ( '20111', 'http://www.gutenberg.org/files/20111/20111.zip', 'text/plain; charset=us-asciiapplication/zip' );
INSERT INTO titles ( gid, title, author, language, rights ) VALUES ( '2011', 'Rudder Grange', 'Stockton, Frank Richard', 'en', 'Public domain in the USA.' );
INSERT INTO classifications ( gid, classification ) VALUES ( '2011', 'PS' );
INSERT INTO subjects ( gid, subject ) VALUES ( '2011', 'Husband and wife -- Fiction' );
INSERT INTO subjects ( gid, subject ) VALUES ( '2011', 'Housekeeping -- Fiction' );
INSERT INTO subjects ( gid, subject ) VALUES ( '2011', 'Canal-boats -- Fiction' );
INSERT INTO subjects ( gid, subject ) VALUES ( '2011', 'Humorous stories' );
INSERT INTO subjects ( gid, subject ) VALUES ( '2011', 'Household employees -- Fiction' );
INSERT INTO files ( gid, file, mime ) VALUES ( '2011', 'http://www.gutenberg.org/ebooks/2011.epub.images', 'application/epub+zip' );
INSERT INTO files ( gid, file, mime ) VALUES ( '2011', 'http://www.gutenberg.org/ebooks/2011.epub.noimages', 'application/epub+zip' );
INSERT INTO files ( gid, file, mime ) VALUES ( '2011', 'http://www.gutenberg.org/ebooks/2011.kindle.images', 'application/x-mobipocket-ebook' );
INSERT INTO files ( gid, file, mime ) VALUES ( '2011', 'http://www.gutenberg.org/ebooks/2011.kindle.noimages', 'application/x-mobipocket-ebook' );
INSERT INTO files ( gid, file, mime ) VALUES ( '2011', 'http://www.gutenberg.org/ebooks/2011.rdf', 'application/rdf+xml' );
INSERT INTO files ( gid, file, mime ) VALUES ( '2011', 'http://www.gutenberg.org/files/2011/2011-0.txt', 'text/plain; charset=utf-8' );
INSERT INTO files ( gid, file, mime ) VALUES ( '2011', 'http://www.gutenberg.org/files/2011/2011-0.zip', 'application/ziptext/plain; charset=utf-8' );
INSERT INTO files ( gid, file, mime ) VALUES ( '2011', 'http://www.gutenberg.org/files/2011/2011-h.zip', 'application/ziptext/html; charset=utf-8' );
INSERT INTO files ( gid, file, mime ) VALUES ( '2011', 'http://www.gutenberg.org/files/2011/2011-h/2011-h.htm', 'text/html; charset=utf-8' );
INSERT INTO files ( gid, file, mime ) VALUES ( '2011', 'http://www.gutenberg.org/files/2011/2011.txt', 'text/plain; charset=us-ascii' );
INSERT INTO files ( gid, file, mime ) VALUES ( '2011', 'http://www.gutenberg.org/files/2011/2011.zip', 'text/plain; charset=us-asciiapplication/zip' );
INSERT INTO titles ( gid, title, author, language, rights ) VALUES ( '20311', 'The Bobbsey Twins on Blueberry Island', 'Hope, Laura Lee', 'en', 'Public domain in the USA.' );
INSERT INTO classifications ( gid, classification ) VALUES ( '20311', 'PZ' );
INSERT INTO subjects ( gid, subject ) VALUES ( '20311', 'Brothers and sisters -- Juvenile fiction' );
INSERT INTO subjects ( gid, subject ) VALUES ( '20311', 'Bobbsey Twins (Fictitious characters) -- Juvenile fiction' );
INSERT INTO subjects ( gid, subject ) VALUES ( '20311', 'Twins -- Juvenile fiction' );
INSERT INTO files ( gid, file, mime ) VALUES ( '20311', 'http://www.gutenberg.org/ebooks/20311.epub.images', 'application/epub+zip' );
INSERT INTO files ( gid, file, mime ) VALUES ( '20311', 'http://www.gutenberg.org/ebooks/20311.epub.noimages', 'application/epub+zip' );
INSERT INTO files ( gid, file, mime ) VALUES ( '20311', 'http://www.gutenberg.org/ebooks/20311.kindle.images', 'application/x-mobipocket-ebook' );
INSERT INTO files ( gid, file, mime ) VALUES ( '20311', 'http://www.gutenberg.org/ebooks/20311.kindle.noimages', 'application/x-mobipocket-ebook' );
INSERT INTO files ( gid, file, mime ) VALUES ( '20311', 'http://www.gutenberg.org/ebooks/20311.rdf', 'application/rdf+xml' );
INSERT INTO files ( gid, file, mime ) VALUES ( '20311', 'http://www.gutenberg.org/ebooks/20311.txt.utf-8', 'text/plain' );
INSERT INTO files ( gid, file, mime ) VALUES ( '20311', 'http://www.gutenberg.org/files/20311/20311-h.zip', 'application/ziptext/html; charset=iso-8859-1' );
INSERT INTO files ( gid, file, mime ) VALUES ( '20311', 'http://www.gutenberg.org/files/20311/20311-h/20311-h.htm', 'text/html; charset=iso-8859-1' );
INSERT INTO files ( gid, file, mime ) VALUES ( '20311', 'http://www.gutenberg.org/files/20311/20311.txt', 'text/plain; charset=us-ascii' );
INSERT INTO files ( gid, file, mime ) VALUES ( '20311', 'http://www.gutenberg.org/files/20311/20311.zip', 'text/plain; charset=us-asciiapplication/zip' );
INSERT INTO titles ( gid, title, author, language, rights ) VALUES ( '20211', 'Die schönsten Geschichten der Lagerlöf', 'Lagerlöf, Selma', 'de', 'Public domain in the USA.' );
INSERT INTO classifications ( gid, classification ) VALUES ( '20211', 'PT' );
INSERT INTO subjects ( gid, subject ) VALUES ( '20211', 'Sweden -- Fiction' );
INSERT INTO files ( gid, file, mime ) VALUES ( '20211', 'http://www.gutenberg.org/ebooks/20211.epub.images', 'application/epub+zip' );
INSERT INTO files ( gid, file, mime ) VALUES ( '20211', 'http://www.gutenberg.org/ebooks/20211.epub.noimages', 'application/epub+zip' );
INSERT INTO files ( gid, file, mime ) VALUES ( '20211', 'http://www.gutenberg.org/ebooks/20211.kindle.images', 'application/x-mobipocket-ebook' );
INSERT INTO files ( gid, file, mime ) VALUES ( '20211', 'http://www.gutenberg.org/ebooks/20211.kindle.noimages', 'application/x-mobipocket-ebook' );
INSERT INTO files ( gid, file, mime ) VALUES ( '20211', 'http://www.gutenberg.org/ebooks/20211.rdf', 'application/rdf+xml' );
INSERT INTO files ( gid, file, mime ) VALUES ( '20211', 'http://www.gutenberg.org/files/20211/20211-0.txt', 'text/plain; charset=utf-8' );
INSERT INTO files ( gid, file, mime ) VALUES ( '20211', 'http://www.gutenberg.org/files/20211/20211-0.zip', 'text/plain; charset=utf-8application/zip' );
INSERT INTO files ( gid, file, mime ) VALUES ( '20211', 'http://www.gutenberg.org/files/20211/20211-8.txt', 'text/plain; charset=iso-8859-1' );
INSERT INTO files ( gid, file, mime ) VALUES ( '20211', 'http://www.gutenberg.org/files/20211/20211-8.zip', 'application/ziptext/plain; charset=iso-8859-1' );
INSERT INTO files ( gid, file, mime ) VALUES ( '20211', 'http://www.gutenberg.org/files/20211/20211-h.zip', 'application/ziptext/html' );
INSERT INTO files ( gid, file, mime ) VALUES ( '20211', 'http://www.gutenberg.org/files/20211/20211-h/20211-h.htm', 'text/html' );
INSERT INTO titles ( gid, title, author, language, rights ) VALUES ( '20411', 'The Witch-cult in Western Europe: A Study in Anthropology', 'Murray, Margaret Alice', 'en', 'Public domain in the USA.' );
INSERT INTO classifications ( gid, classification ) VALUES ( '20411', 'BF' );
INSERT INTO subjects ( gid, subject ) VALUES ( '20411', 'Witchcraft -- Great Britain' );
INSERT INTO subjects ( gid, subject ) VALUES ( '20411', 'Ethnology' );
INSERT INTO files ( gid, file, mime ) VALUES ( '20411', 'http://www.gutenberg.org/ebooks/20411.epub.images', 'application/epub+zip' );
INSERT INTO files ( gid, file, mime ) VALUES ( '20411', 'http://www.gutenberg.org/ebooks/20411.epub.noimages', 'application/epub+zip' );
INSERT INTO files ( gid, file, mime ) VALUES ( '20411', 'http://www.gutenberg.org/ebooks/20411.kindle.images', 'application/x-mobipocket-ebook' );
INSERT INTO files ( gid, file, mime ) VALUES ( '20411', 'http://www.gutenberg.org/ebooks/20411.kindle.noimages', 'application/x-mobipocket-ebook' );
INSERT INTO files ( gid, file, mime ) VALUES ( '20411', 'http://www.gutenberg.org/ebooks/20411.rdf', 'application/rdf+xml' );
INSERT INTO files ( gid, file, mime ) VALUES ( '20411', 'http://www.gutenberg.org/files/20411/20411-0.txt', 'text/plain; charset=utf-8' );
INSERT INTO files ( gid, file, mime ) VALUES ( '20411', 'http://www.gutenberg.org/files/20411/20411-0.zip', 'text/plain; charset=utf-8application/zip' );
INSERT INTO files ( gid, file, mime ) VALUES ( '20411', 'http://www.gutenberg.org/files/20411/20411-8.txt', 'text/plain; charset=iso-8859-1' );
INSERT INTO files ( gid, file, mime ) VALUES ( '20411', 'http://www.gutenberg.org/files/20411/20411-8.zip', 'application/ziptext/plain; charset=iso-8859-1' );
INSERT INTO files ( gid, file, mime ) VALUES ( '20411', 'http://www.gutenberg.org/files/20411/20411-h.zip', 'text/htmlapplication/zip' );
INSERT INTO files ( gid, file, mime ) VALUES ( '20411', 'http://www.gutenberg.org/files/20411/20411-h/20411-h.htm', 'text/html' );
INSERT INTO files ( gid, file, mime ) VALUES ( '20411', 'http://www.gutenberg.org/files/20411/20411.txt', 'text/plain; charset=us-ascii' );
INSERT INTO files ( gid, file, mime ) VALUES ( '20411', 'http://www.gutenberg.org/files/20411/20411.zip', 'text/plain; charset=us-asciiapplication/zip' );
INSERT INTO titles ( gid, title, author, language, rights ) VALUES ( '20511', 'The Little Mother Goose', '', 'en', 'Public domain in the USA.' );
INSERT INTO classifications ( gid, classification ) VALUES ( '20511', 'PZ' );
INSERT INTO subjects ( gid, subject ) VALUES ( '20511', 'Children''s poetry' );
INSERT INTO subjects ( gid, subject ) VALUES ( '20511', 'Nursery rhymes' );
INSERT INTO files ( gid, file, mime ) VALUES ( '20511', 'http://www.gutenberg.org/cache/epub/20511/pg20511.cover.medium.jpg', 'image/jpeg' );
INSERT INTO files ( gid, file, mime ) VALUES ( '20511', 'http://www.gutenberg.org/cache/epub/20511/pg20511.cover.small.jpg', 'image/jpeg' );
INSERT INTO files ( gid, file, mime ) VALUES ( '20511', 'http://www.gutenberg.org/ebooks/20511.epub.images', 'application/epub+zip' );
INSERT INTO files ( gid, file, mime ) VALUES ( '20511', 'http://www.gutenberg.org/ebooks/20511.epub.noimages', 'application/epub+zip' );
INSERT INTO files ( gid, file, mime ) VALUES ( '20511', 'http://www.gutenberg.org/ebooks/20511.kindle.images', 'application/x-mobipocket-ebook' );
INSERT INTO files ( gid, file, mime ) VALUES ( '20511', 'http://www.gutenberg.org/ebooks/20511.kindle.noimages', 'application/x-mobipocket-ebook' );
INSERT INTO files ( gid, file, mime ) VALUES ( '20511', 'http://www.gutenberg.org/ebooks/20511.rdf', 'application/rdf+xml' );
INSERT INTO files ( gid, file, mime ) VALUES ( '20511', 'http://www.gutenberg.org/ebooks/20511.txt.utf-8', 'text/plain' );
INSERT INTO files ( gid, file, mime ) VALUES ( '20511', 'http://www.gutenberg.org/files/20511/20511-h.zip', 'text/html; charset=iso-8859-1application/zip' );
INSERT INTO files ( gid, file, mime ) VALUES ( '20511', 'http://www.gutenberg.org/files/20511/20511-h/20511-h.htm', 'text/html; charset=iso-8859-1' );
INSERT INTO files ( gid, file, mime ) VALUES ( '20511', 'http://www.gutenberg.org/files/20511/20511.txt', 'text/plain; charset=us-ascii' );
INSERT INTO files ( gid, file, mime ) VALUES ( '20511', 'http://www.gutenberg.org/files/20511/20511.zip', 'application/ziptext/plain; charset=us-ascii' );
INSERT INTO titles ( gid, title, author, language, rights ) VALUES ( '20711', 'Daily Thoughts: selected from the writings of Charles Kingsley by his wife', 'Kingsley, Charles', 'en', 'Public domain in the USA.' );
INSERT INTO classifications ( gid, classification ) VALUES ( '20711', 'BV' );
INSERT INTO subjects ( gid, subject ) VALUES ( '20711', 'Devotional exercises' );
INSERT INTO files ( gid, file, mime ) VALUES ( '20711', 'http://www.gutenberg.org/ebooks/20711.epub.images', 'application/epub+zip' );
INSERT INTO files ( gid, file, mime ) VALUES ( '20711', 'http://www.gutenberg.org/ebooks/20711.epub.noimages', 'application/epub+zip' );
INSERT INTO files ( gid, file, mime ) VALUES ( '20711', 'http://www.gutenberg.org/ebooks/20711.kindle.images', 'application/x-mobipocket-ebook' );
INSERT INTO files ( gid, file, mime ) VALUES ( '20711', 'http://www.gutenberg.org/ebooks/20711.kindle.noimages', 'application/x-mobipocket-ebook' );
INSERT INTO files ( gid, file, mime ) VALUES ( '20711', 'http://www.gutenberg.org/ebooks/20711.rdf', 'application/rdf+xml' );
INSERT INTO files ( gid, file, mime ) VALUES ( '20711', 'http://www.gutenberg.org/ebooks/20711.txt.utf-8', 'text/plain' );
INSERT INTO files ( gid, file, mime ) VALUES ( '20711', 'http://www.gutenberg.org/files/20711/20711-h.zip', 'text/htmlapplication/zip' );
INSERT INTO files ( gid, file, mime ) VALUES ( '20711', 'http://www.gutenberg.org/files/20711/20711-h/20711-h.htm', 'text/html' );
INSERT INTO files ( gid, file, mime ) VALUES ( '20711', 'http://www.gutenberg.org/files/20711/20711.txt', 'text/plain; charset=us-ascii' );
INSERT INTO files ( gid, file, mime ) VALUES ( '20711', 'http://www.gutenberg.org/files/20711/20711.zip', 'application/ziptext/plain; charset=us-ascii' );
INSERT INTO titles ( gid, title, author, language, rights ) VALUES ( '20611', 'Mr. Grex of Monte Carlo', 'Oppenheim, E. Phillips (Edward Phillips)', 'en', 'Public domain in the USA.' );
INSERT INTO classifications ( gid, classification ) VALUES ( '20611', 'PR' );
INSERT INTO subjects ( gid, subject ) VALUES ( '20611', 'Detective and mystery stories' );
INSERT INTO subjects ( gid, subject ) VALUES ( '20611', 'Monte-Carlo (Monaco) -- Fiction' );
INSERT INTO files ( gid, file, mime ) VALUES ( '20611', 'http://www.gutenberg.org/ebooks/20611.epub.images', 'application/epub+zip' );
INSERT INTO files ( gid, file, mime ) VALUES ( '20611', 'http://www.gutenberg.org/ebooks/20611.epub.noimages', 'application/epub+zip' );
INSERT INTO files ( gid, file, mime ) VALUES ( '20611', 'http://www.gutenberg.org/ebooks/20611.kindle.images', 'application/x-mobipocket-ebook' );
INSERT INTO files ( gid, file, mime ) VALUES ( '20611', 'http://www.gutenberg.org/ebooks/20611.kindle.noimages', 'application/x-mobipocket-ebook' );
INSERT INTO files ( gid, file, mime ) VALUES ( '20611', 'http://www.gutenberg.org/ebooks/20611.rdf', 'application/rdf+xml' );
INSERT INTO files ( gid, file, mime ) VALUES ( '20611', 'http://www.gutenberg.org/ebooks/20611.txt.utf-8', 'text/plain' );
INSERT INTO files ( gid, file, mime ) VALUES ( '20611', 'http://www.gutenberg.org/files/20611/20611-8.txt', 'text/plain; charset=iso-8859-1' );
INSERT INTO files ( gid, file, mime ) VALUES ( '20611', 'http://www.gutenberg.org/files/20611/20611-8.zip', 'text/plain; charset=iso-8859-1application/zip' );
INSERT INTO files ( gid, file, mime ) VALUES ( '20611', 'http://www.gutenberg.org/files/20611/20611-h.zip', 'text/html; charset=iso-8859-1application/zip' );
INSERT INTO files ( gid, file, mime ) VALUES ( '20611', 'http://www.gutenberg.org/files/20611/20611-h/20611-h.htm', 'text/html; charset=iso-8859-1' );
INSERT INTO files ( gid, file, mime ) VALUES ( '20611', 'http://www.gutenberg.org/files/20611/20611.txt', 'text/plain; charset=us-ascii' );
INSERT INTO files ( gid, file, mime ) VALUES ( '20611', 'http://www.gutenberg.org/files/20611/20611.zip', 'application/ziptext/plain; charset=us-ascii' );
INSERT INTO titles ( gid, title, author, language, rights ) VALUES ( '20811', 'Two Decades A History of the First Twenty Years'' Work of the Woman''s Christian Temperance Union of the State of New York', 'Gardenier, Georgeanna M.', 'en', 'Public domain in the USA.' );
INSERT INTO classifications ( gid, classification ) VALUES ( '20811', 'HV' );
INSERT INTO subjects ( gid, subject ) VALUES ( '20811', 'Woman''s Christian Temperance Union. State of New York' );
INSERT INTO files ( gid, file, mime ) VALUES ( '20811', 'http://www.gutenberg.org/ebooks/20811.epub.images', 'application/epub+zip' );
INSERT INTO files ( gid, file, mime ) VALUES ( '20811', 'http://www.gutenberg.org/ebooks/20811.epub.noimages', 'application/epub+zip' );
INSERT INTO files ( gid, file, mime ) VALUES ( '20811', 'http://www.gutenberg.org/ebooks/20811.kindle.images', 'application/x-mobipocket-ebook' );
INSERT INTO files ( gid, file, mime ) VALUES ( '20811', 'http://www.gutenberg.org/ebooks/20811.kindle.noimages', 'application/x-mobipocket-ebook' );
INSERT INTO files ( gid, file, mime ) VALUES ( '20811', 'http://www.gutenberg.org/ebooks/20811.rdf', 'application/rdf+xml' );
INSERT INTO files ( gid, file, mime ) VALUES ( '20811', 'http://www.gutenberg.org/ebooks/20811.txt.utf-8', 'text/plain' );
INSERT INTO files ( gid, file, mime ) VALUES ( '20811', 'http://www.gutenberg.org/files/20811/20811-h.zip', 'application/ziptext/html; charset=iso-8859-1' );
INSERT INTO files ( gid, file, mime ) VALUES ( '20811', 'http://www.gutenberg.org/files/20811/20811-h/20811-h.htm', 'text/html; charset=iso-8859-1' );
INSERT INTO files ( gid, file, mime ) VALUES ( '20811', 'http://www.gutenberg.org/files/20811/20811-page-images.zip', 'application/octet-streamapplication/zip' );
INSERT INTO files ( gid, file, mime ) VALUES ( '20811', 'http://www.gutenberg.org/files/20811/20811.txt', 'text/plain; charset=us-ascii' );
INSERT INTO files ( gid, file, mime ) VALUES ( '20811', 'http://www.gutenberg.org/files/20811/20811.zip', 'application/ziptext/plain; charset=us-ascii' );
INSERT INTO titles ( gid, title, author, language, rights ) VALUES ( '20911', 'The Rose of Old St. Louis', 'Dillon, Mary (Mary C. Johnson)', 'en', 'Public domain in the USA.' );
INSERT INTO classifications ( gid, classification ) VALUES ( '20911', 'PS' );
INSERT INTO subjects ( gid, subject ) VALUES ( '20911', 'Louisiana Purchase -- Fiction' );
INSERT INTO subjects ( gid, subject ) VALUES ( '20911', 'Saint Louis (Mo.) -- Fiction' );
INSERT INTO subjects ( gid, subject ) VALUES ( '20911', 'Historical fiction' );
INSERT INTO files ( gid, file, mime ) VALUES ( '20911', 'http://www.gutenberg.org/ebooks/20911.epub.images', 'application/epub+zip' );
INSERT INTO files ( gid, file, mime ) VALUES ( '20911', 'http://www.gutenberg.org/ebooks/20911.epub.noimages', 'application/epub+zip' );
INSERT INTO files ( gid, file, mime ) VALUES ( '20911', 'http://www.gutenberg.org/ebooks/20911.kindle.images', 'application/x-mobipocket-ebook' );
INSERT INTO files ( gid, file, mime ) VALUES ( '20911', 'http://www.gutenberg.org/ebooks/20911.kindle.noimages', 'application/x-mobipocket-ebook' );
INSERT INTO files ( gid, file, mime ) VALUES ( '20911', 'http://www.gutenberg.org/ebooks/20911.rdf', 'application/rdf+xml' );
INSERT INTO files ( gid, file, mime ) VALUES ( '20911', 'http://www.gutenberg.org/ebooks/20911.txt.utf-8', 'text/plain' );
INSERT INTO files ( gid, file, mime ) VALUES ( '20911', 'http://www.gutenberg.org/files/20911/20911-8.txt', 'text/plain; charset=iso-8859-1' );
INSERT INTO files ( gid, file, mime ) VALUES ( '20911', 'http://www.gutenberg.org/files/20911/20911-8.zip', 'text/plain; charset=iso-8859-1application/zip' );
INSERT INTO files ( gid, file, mime ) VALUES ( '20911', 'http://www.gutenberg.org/files/20911/20911-h.zip', 'application/ziptext/html; charset=iso-8859-1' );
INSERT INTO files ( gid, file, mime ) VALUES ( '20911', 'http://www.gutenberg.org/files/20911/20911-h/20911-h.htm', 'text/html; charset=iso-8859-1' );
INSERT INTO files ( gid, file, mime ) VALUES ( '20911', 'http://www.gutenberg.org/files/20911/20911.txt', 'text/plain; charset=us-ascii' );
INSERT INTO files ( gid, file, mime ) VALUES ( '20911', 'http://www.gutenberg.org/files/20911/20911.zip', 'application/ziptext/plain; charset=us-ascii' );
INSERT INTO titles ( gid, title, author, language, rights ) VALUES ( '21011', 'Tratado das Ilhas Novas E descobrimento dellas e outras couzas', 'Sousa, Francisco de, active 1570', 'pt', 'Public domain in the USA.' );
INSERT INTO classifications ( gid, classification ) VALUES ( '21011', 'G' );
INSERT INTO subjects ( gid, subject ) VALUES ( '21011', 'Discoveries in geography -- Portuguese' );
INSERT INTO files ( gid, file, mime ) VALUES ( '21011', 'http://www.gutenberg.org/ebooks/21011.epub.images', 'application/epub+zip' );
INSERT INTO files ( gid, file, mime ) VALUES ( '21011', 'http://www.gutenberg.org/ebooks/21011.epub.noimages', 'application/epub+zip' );
INSERT INTO files ( gid, file, mime ) VALUES ( '21011', 'http://www.gutenberg.org/ebooks/21011.kindle.images', 'application/x-mobipocket-ebook' );
INSERT INTO files ( gid, file, mime ) VALUES ( '21011', 'http://www.gutenberg.org/ebooks/21011.kindle.noimages', 'application/x-mobipocket-ebook' );
INSERT INTO files ( gid, file, mime ) VALUES ( '21011', 'http://www.gutenberg.org/ebooks/21011.rdf', 'application/rdf+xml' );
INSERT INTO files ( gid, file, mime ) VALUES ( '21011', 'http://www.gutenberg.org/ebooks/21011.txt.utf-8', 'text/plain' );
INSERT INTO files ( gid, file, mime ) VALUES ( '21011', 'http://www.gutenberg.org/files/21011/21011-8.txt', 'text/plain; charset=iso-8859-1' );
INSERT INTO files ( gid, file, mime ) VALUES ( '21011', 'http://www.gutenberg.org/files/21011/21011-8.zip', 'text/plain; charset=iso-8859-1application/zip' );
INSERT INTO files ( gid, file, mime ) VALUES ( '21011', 'http://www.gutenberg.org/files/21011/21011-h.zip', 'application/ziptext/html; charset=iso-8859-1' );
INSERT INTO files ( gid, file, mime ) VALUES ( '21011', 'http://www.gutenberg.org/files/21011/21011-h/21011-h.htm', 'text/html; charset=iso-8859-1' );
INSERT INTO titles ( gid, title, author, language, rights ) VALUES ( '21111', 'Wild Nature Won By Kindness', 'Brightwen, Mrs. (Eliza Elder)', 'en', 'Public domain in the USA.' );
INSERT INTO classifications ( gid, classification ) VALUES ( '21111', 'QH' );
INSERT INTO subjects ( gid, subject ) VALUES ( '21111', 'Animals -- Anecdotes' );
INSERT INTO files ( gid, file, mime ) VALUES ( '21111', 'http://www.gutenberg.org/cache/epub/21111/pg21111.cover.medium.jpg', 'image/jpeg' );
INSERT INTO files ( gid, file, mime ) VALUES ( '21111', 'http://www.gutenberg.org/cache/epub/21111/pg21111.cover.small.jpg', 'image/jpeg' );
INSERT INTO files ( gid, file, mime ) VALUES ( '21111', 'http://www.gutenberg.org/ebooks/21111.epub.images', 'application/epub+zip' );
INSERT INTO files ( gid, file, mime ) VALUES ( '21111', 'http://www.gutenberg.org/ebooks/21111.epub.noimages', 'application/epub+zip' );
INSERT INTO files ( gid, file, mime ) VALUES ( '21111', 'http://www.gutenberg.org/ebooks/21111.kindle.images', 'application/x-mobipocket-ebook' );
INSERT INTO files ( gid, file, mime ) VALUES ( '21111', 'http://www.gutenberg.org/ebooks/21111.kindle.noimages', 'application/x-mobipocket-ebook' );
INSERT INTO files ( gid, file, mime ) VALUES ( '21111', 'http://www.gutenberg.org/ebooks/21111.rdf', 'application/rdf+xml' );
INSERT INTO files ( gid, file, mime ) VALUES ( '21111', 'http://www.gutenberg.org/ebooks/21111.txt.utf-8', 'text/plain' );
INSERT INTO files ( gid, file, mime ) VALUES ( '21111', 'http://www.gutenberg.org/files/21111/21111-8.txt', 'text/plain; charset=iso-8859-1' );
INSERT INTO files ( gid, file, mime ) VALUES ( '21111', 'http://www.gutenberg.org/files/21111/21111-8.zip', 'text/plain; charset=iso-8859-1application/zip' );
INSERT INTO files ( gid, file, mime ) VALUES ( '21111', 'http://www.gutenberg.org/files/21111/21111-h.zip', 'text/html; charset=iso-8859-1application/zip' );
INSERT INTO files ( gid, file, mime ) VALUES ( '21111', 'http://www.gutenberg.org/files/21111/21111-h/21111-h.htm', 'text/html; charset=iso-8859-1' );
INSERT INTO files ( gid, file, mime ) VALUES ( '21111', 'http://www.gutenberg.org/files/21111/21111.txt', 'text/plain; charset=us-ascii' );
INSERT INTO files ( gid, file, mime ) VALUES ( '21111', 'http://www.gutenberg.org/files/21111/21111.zip', 'text/plain; charset=us-asciiapplication/zip' );
INSERT INTO titles ( gid, title, author, language, rights ) VALUES ( '2111', 'History of Friedrich II of Prussia — Volume 11', 'Carlyle, Thomas', 'en', 'Public domain in the USA.' );
INSERT INTO classifications ( gid, classification ) VALUES ( '2111', 'DD' );
INSERT INTO subjects ( gid, subject ) VALUES ( '2111', 'Frederick II, King of Prussia, 1712-1786' );
INSERT INTO subjects ( gid, subject ) VALUES ( '2111', 'Prussia (Germany) -- History -- Frederick II, 1740-1786' );
INSERT INTO subjects ( gid, subject ) VALUES ( '2111', 'Social problems' );
INSERT INTO files ( gid, file, mime ) VALUES ( '2111', 'http://www.gutenberg.org/ebooks/2111.epub.images', 'application/epub+zip' );
INSERT INTO files ( gid, file, mime ) VALUES ( '2111', 'http://www.gutenberg.org/ebooks/2111.epub.noimages', 'application/epub+zip' );
INSERT INTO files ( gid, file, mime ) VALUES ( '2111', 'http://www.gutenberg.org/ebooks/2111.kindle.images', 'application/x-mobipocket-ebook' );
INSERT INTO files ( gid, file, mime ) VALUES ( '2111', 'http://www.gutenberg.org/ebooks/2111.kindle.noimages', 'application/x-mobipocket-ebook' );
INSERT INTO files ( gid, file, mime ) VALUES ( '2111', 'http://www.gutenberg.org/ebooks/2111.rdf', 'application/rdf+xml' );
INSERT INTO files ( gid, file, mime ) VALUES ( '2111', 'http://www.gutenberg.org/ebooks/2111.txt.utf-8', 'text/plain' );
INSERT INTO files ( gid, file, mime ) VALUES ( '2111', 'http://www.gutenberg.org/files/2111/2111-h.zip', 'text/html; charset=us-asciiapplication/zip' );
INSERT INTO files ( gid, file, mime ) VALUES ( '2111', 'http://www.gutenberg.org/files/2111/2111-h/2111-h.htm', 'text/html; charset=us-ascii' );
INSERT INTO files ( gid, file, mime ) VALUES ( '2111', 'http://www.gutenberg.org/files/2111/2111.txt', 'text/plain; charset=us-ascii' );
INSERT INTO files ( gid, file, mime ) VALUES ( '2111', 'http://www.gutenberg.org/files/2111/2111.zip', 'application/ziptext/plain; charset=us-ascii' );
INSERT INTO titles ( gid, title, author, language, rights ) VALUES ( '211', 'The Aspern Papers', 'James, Henry', 'en', 'Public domain in the USA.' );
INSERT INTO classifications ( gid, classification ) VALUES ( '211', 'PS' );
INSERT INTO subjects ( gid, subject ) VALUES ( '211', 'Venice (Italy) -- Fiction' );
INSERT INTO subjects ( gid, subject ) VALUES ( '211', 'Poets -- Fiction' );
INSERT INTO subjects ( gid, subject ) VALUES ( '211', 'Man-woman relationships -- Fiction' );
INSERT INTO subjects ( gid, subject ) VALUES ( '211', 'Psychological fiction' );
INSERT INTO subjects ( gid, subject ) VALUES ( '211', 'Manuscripts -- Collectors and collecting -- Fiction' );
INSERT INTO files ( gid, file, mime ) VALUES ( '211', 'http://www.gutenberg.org/ebooks/211.epub.images', 'application/epub+zip' );
INSERT INTO files ( gid, file, mime ) VALUES ( '211', 'http://www.gutenberg.org/ebooks/211.epub.noimages', 'application/epub+zip' );
INSERT INTO files ( gid, file, mime ) VALUES ( '211', 'http://www.gutenberg.org/ebooks/211.kindle.images', 'application/x-mobipocket-ebook' );
INSERT INTO files ( gid, file, mime ) VALUES ( '211', 'http://www.gutenberg.org/ebooks/211.kindle.noimages', 'application/x-mobipocket-ebook' );
INSERT INTO files ( gid, file, mime ) VALUES ( '211', 'http://www.gutenberg.org/ebooks/211.rdf', 'application/rdf+xml' );
INSERT INTO files ( gid, file, mime ) VALUES ( '211', 'http://www.gutenberg.org/files/211/211-0.txt', 'text/plain; charset=utf-8' );
INSERT INTO files ( gid, file, mime ) VALUES ( '211', 'http://www.gutenberg.org/files/211/211-0.zip', 'application/ziptext/plain; charset=utf-8' );
INSERT INTO files ( gid, file, mime ) VALUES ( '211', 'http://www.gutenberg.org/files/211/211-h.zip', 'application/ziptext/html; charset=utf-8' );
INSERT INTO files ( gid, file, mime ) VALUES ( '211', 'http://www.gutenberg.org/files/211/211-h/211-h.htm', 'text/html; charset=utf-8' );
INSERT INTO files ( gid, file, mime ) VALUES ( '211', 'http://www.gutenberg.org/files/211/211.txt', 'text/plain; charset=us-ascii' );
INSERT INTO files ( gid, file, mime ) VALUES ( '211', 'http://www.gutenberg.org/files/211/211.zip', 'text/plain; charset=us-asciiapplication/zip' );
INSERT INTO titles ( gid, title, author, language, rights ) VALUES ( '21211', 'Silverpoints', 'Gray, John', 'en', 'Public domain in the USA.' );
INSERT INTO classifications ( gid, classification ) VALUES ( '21211', 'PR' );
INSERT INTO subjects ( gid, subject ) VALUES ( '21211', 'English poetry' );
INSERT INTO files ( gid, file, mime ) VALUES ( '21211', 'http://www.gutenberg.org/ebooks/21211.epub.images', 'application/epub+zip' );
INSERT INTO files ( gid, file, mime ) VALUES ( '21211', 'http://www.gutenberg.org/ebooks/21211.epub.noimages', 'application/epub+zip' );
INSERT INTO files ( gid, file, mime ) VALUES ( '21211', 'http://www.gutenberg.org/ebooks/21211.kindle.images', 'application/x-mobipocket-ebook' );
INSERT INTO files ( gid, file, mime ) VALUES ( '21211', 'http://www.gutenberg.org/ebooks/21211.kindle.noimages', 'application/x-mobipocket-ebook' );
INSERT INTO files ( gid, file, mime ) VALUES ( '21211', 'http://www.gutenberg.org/ebooks/21211.rdf', 'application/rdf+xml' );
INSERT INTO files ( gid, file, mime ) VALUES ( '21211', 'http://www.gutenberg.org/ebooks/21211.txt.utf-8', 'text/plain' );
INSERT INTO files ( gid, file, mime ) VALUES ( '21211', 'http://www.gutenberg.org/files/21211/21211-8.txt', 'text/plain; charset=iso-8859-1' );
INSERT INTO files ( gid, file, mime ) VALUES ( '21211', 'http://www.gutenberg.org/files/21211/21211-8.zip', 'text/plain; charset=iso-8859-1application/zip' );
INSERT INTO files ( gid, file, mime ) VALUES ( '21211', 'http://www.gutenberg.org/files/21211/21211-h.zip', 'text/html; charset=iso-8859-1application/zip' );
INSERT INTO files ( gid, file, mime ) VALUES ( '21211', 'http://www.gutenberg.org/files/21211/21211-h/21211-h.htm', 'text/html; charset=iso-8859-1' );
INSERT INTO files ( gid, file, mime ) VALUES ( '21211', 'http://www.gutenberg.org/files/21211/21211.txt', 'text/plain; charset=us-ascii' );
INSERT INTO files ( gid, file, mime ) VALUES ( '21211', 'http://www.gutenberg.org/files/21211/21211.zip', 'application/ziptext/plain; charset=us-ascii' );
INSERT INTO titles ( gid, title, author, language, rights ) VALUES ( '7911', 'American Historical and Literary Curiosities, Part 11. Second Series', 'Smith, J. Jay (John Jay)', 'en', 'Public domain in the USA.' );
INSERT INTO classifications ( gid, classification ) VALUES ( '7911', 'Z' );
INSERT INTO subjects ( gid, subject ) VALUES ( '7911', 'United States -- History -- Revolution, 1775-1783 -- Sources' );
INSERT INTO subjects ( gid, subject ) VALUES ( '7911', 'Autographs -- United States -- Facsimiles' );
INSERT INTO files ( gid, file, mime ) VALUES ( '7911', 'http://www.gutenberg.org/ebooks/7911.epub.images', 'application/epub+zip' );
INSERT INTO files ( gid, file, mime ) VALUES ( '7911', 'http://www.gutenberg.org/ebooks/7911.epub.noimages', 'application/epub+zip' );
INSERT INTO files ( gid, file, mime ) VALUES ( '7911', 'http://www.gutenberg.org/ebooks/7911.kindle.images', 'application/x-mobipocket-ebook' );
INSERT INTO files ( gid, file, mime ) VALUES ( '7911', 'http://www.gutenberg.org/ebooks/7911.kindle.noimages', 'application/x-mobipocket-ebook' );
INSERT INTO files ( gid, file, mime ) VALUES ( '7911', 'http://www.gutenberg.org/ebooks/7911.rdf', 'application/rdf+xml' );
INSERT INTO files ( gid, file, mime ) VALUES ( '7911', 'http://www.gutenberg.org/ebooks/7911.txt.utf-8', 'text/plain' );
INSERT INTO files ( gid, file, mime ) VALUES ( '7911', 'http://www.gutenberg.org/files/7911/7911-h.zip', 'text/html; charset=iso-8859-1application/zip' );
INSERT INTO files ( gid, file, mime ) VALUES ( '7911', 'http://www.gutenberg.org/files/7911/7911-h/7911-h.htm', 'text/html; charset=iso-8859-1' );
INSERT INTO files ( gid, file, mime ) VALUES ( '7911', 'http://www.gutenberg.org/files/7911/7911.txt', 'text/plain; charset=iso-8859-1' );
INSERT INTO files ( gid, file, mime ) VALUES ( '7911', 'http://www.gutenberg.org/files/7911/7911.zip', 'application/ziptext/plain; charset=iso-8859-1' );
INSERT INTO titles ( gid, title, author, language, rights ) VALUES ( '8011', 'The Bible, King James version, Book 11: 1 Kings', 'Anonymous', 'en', 'Public domain in the USA.' );
INSERT INTO classifications ( gid, classification ) VALUES ( '8011', 'BS' );
INSERT INTO subjects ( gid, subject ) VALUES ( '8011', 'Bible. Kings, 1st' );
INSERT INTO files ( gid, file, mime ) VALUES ( '8011', 'http://www.gutenberg.org/ebooks/8011.epub.images', 'application/epub+zip' );
INSERT INTO files ( gid, file, mime ) VALUES ( '8011', 'http://www.gutenberg.org/ebooks/8011.epub.noimages', 'application/epub+zip' );
INSERT INTO files ( gid, file, mime ) VALUES ( '8011', 'http://www.gutenberg.org/ebooks/8011.html.images', 'text/html' );
INSERT INTO files ( gid, file, mime ) VALUES ( '8011', 'http://www.gutenberg.org/ebooks/8011.html.noimages', 'text/html' );
INSERT INTO files ( gid, file, mime ) VALUES ( '8011', 'http://www.gutenberg.org/ebooks/8011.kindle.images', 'application/x-mobipocket-ebook' );
INSERT INTO files ( gid, file, mime ) VALUES ( '8011', 'http://www.gutenberg.org/ebooks/8011.kindle.noimages', 'application/x-mobipocket-ebook' );
INSERT INTO files ( gid, file, mime ) VALUES ( '8011', 'http://www.gutenberg.org/ebooks/8011.rdf', 'application/rdf+xml' );
INSERT INTO files ( gid, file, mime ) VALUES ( '8011', 'http://www.gutenberg.org/ebooks/8011.txt.utf-8', 'text/plain' );
INSERT INTO files ( gid, file, mime ) VALUES ( '8011', 'http://www.gutenberg.org/files/8011/8011.txt', 'text/plain; charset=us-ascii' );
INSERT INTO files ( gid, file, mime ) VALUES ( '8011', 'http://www.gutenberg.org/files/8011/8011.zip', 'text/plain; charset=us-asciiapplication/zip' );
INSERT INTO titles ( gid, title, author, language, rights ) VALUES ( '8111', 'After Long Years and Other Stories', '', 'en', 'Public domain in the USA.' );
INSERT INTO classifications ( gid, classification ) VALUES ( '8111', 'PZ' );
INSERT INTO subjects ( gid, subject ) VALUES ( '8111', 'Children''s stories, German -- Translations into English' );
INSERT INTO files ( gid, file, mime ) VALUES ( '8111', 'http://www.gutenberg.org/ebooks/8111.epub.images', 'application/epub+zip' );
INSERT INTO files ( gid, file, mime ) VALUES ( '8111', 'http://www.gutenberg.org/ebooks/8111.epub.noimages', 'application/epub+zip' );
INSERT INTO files ( gid, file, mime ) VALUES ( '8111', 'http://www.gutenberg.org/ebooks/8111.html.images', 'text/html' );
INSERT INTO files ( gid, file, mime ) VALUES ( '8111', 'http://www.gutenberg.org/ebooks/8111.html.noimages', 'text/html' );
INSERT INTO files ( gid, file, mime ) VALUES ( '8111', 'http://www.gutenberg.org/ebooks/8111.kindle.images', 'application/x-mobipocket-ebook' );
INSERT INTO files ( gid, file, mime ) VALUES ( '8111', 'http://www.gutenberg.org/ebooks/8111.kindle.noimages', 'application/x-mobipocket-ebook' );
INSERT INTO files ( gid, file, mime ) VALUES ( '8111', 'http://www.gutenberg.org/ebooks/8111.rdf', 'application/rdf+xml' );
INSERT INTO files ( gid, file, mime ) VALUES ( '8111', 'http://www.gutenberg.org/ebooks/8111.txt.utf-8', 'text/plain' );
INSERT INTO files ( gid, file, mime ) VALUES ( '8111', 'http://www.gutenberg.org/files/8111/8111-8.txt', 'text/plain; charset=iso-8859-1' );
INSERT INTO files ( gid, file, mime ) VALUES ( '8111', 'http://www.gutenberg.org/files/8111/8111-8.zip', 'application/ziptext/plain; charset=iso-8859-1' );
INSERT INTO files ( gid, file, mime ) VALUES ( '8111', 'http://www.gutenberg.org/files/8111/8111.txt', 'text/plain; charset=us-ascii' );
INSERT INTO files ( gid, file, mime ) VALUES ( '8111', 'http://www.gutenberg.org/files/8111/8111.zip', 'application/ziptext/plain; charset=us-ascii' );
INSERT INTO titles ( gid, title, author, language, rights ) VALUES ( '811', 'The Tragical History of Doctor Faustus From the Quarto of 1616', 'Marlowe, Christopher', 'en', 'Public domain in the USA.' );
INSERT INTO classifications ( gid, classification ) VALUES ( '811', 'PR' );
INSERT INTO subjects ( gid, subject ) VALUES ( '811', 'Faust, -approximately 1540 -- Drama' );
INSERT INTO subjects ( gid, subject ) VALUES ( '811', 'Germany -- Drama' );
INSERT INTO subjects ( gid, subject ) VALUES ( '811', 'Magicians -- Drama' );
INSERT INTO subjects ( gid, subject ) VALUES ( '811', 'Tragedies' );
INSERT INTO files ( gid, file, mime ) VALUES ( '811', 'http://www.gutenberg.org/ebooks/811.epub.images', 'application/epub+zip' );
INSERT INTO files ( gid, file, mime ) VALUES ( '811', 'http://www.gutenberg.org/ebooks/811.epub.noimages', 'application/epub+zip' );
INSERT INTO files ( gid, file, mime ) VALUES ( '811', 'http://www.gutenberg.org/ebooks/811.kindle.images', 'application/x-mobipocket-ebook' );
INSERT INTO files ( gid, file, mime ) VALUES ( '811', 'http://www.gutenberg.org/ebooks/811.kindle.noimages', 'application/x-mobipocket-ebook' );
INSERT INTO files ( gid, file, mime ) VALUES ( '811', 'http://www.gutenberg.org/ebooks/811.rdf', 'application/rdf+xml' );
INSERT INTO files ( gid, file, mime ) VALUES ( '811', 'http://www.gutenberg.org/ebooks/811.txt.utf-8', 'text/plain' );
INSERT INTO files ( gid, file, mime ) VALUES ( '811', 'http://www.gutenberg.org/files/811/811-8.txt', 'text/plain; charset=iso-8859-1' );
INSERT INTO files ( gid, file, mime ) VALUES ( '811', 'http://www.gutenberg.org/files/811/811-8.zip', 'application/ziptext/plain; charset=iso-8859-1' );
INSERT INTO files ( gid, file, mime ) VALUES ( '811', 'http://www.gutenberg.org/files/811/811-h.zip', 'application/ziptext/html; charset=iso-8859-1' );
INSERT INTO files ( gid, file, mime ) VALUES ( '811', 'http://www.gutenberg.org/files/811/811-h/811-h.htm', 'text/html; charset=iso-8859-1' );
INSERT INTO files ( gid, file, mime ) VALUES ( '811', 'http://www.gutenberg.org/files/811/811.txt', 'text/plain; charset=us-ascii' );
INSERT INTO files ( gid, file, mime ) VALUES ( '811', 'http://www.gutenberg.org/files/811/811.zip', 'application/ziptext/plain; charset=us-ascii' );
INSERT INTO titles ( gid, title, author, language, rights ) VALUES ( '8211', 'The Outdoor Girls at Wild Rose Lodge; or, the Hermit of Moonlight Falls', 'Hope, Laura Lee', 'en', 'Public domain in the USA.' );
INSERT INTO classifications ( gid, classification ) VALUES ( '8211', 'PZ' );
INSERT INTO subjects ( gid, subject ) VALUES ( '8211', 'Girls -- Juvenile fiction' );
INSERT INTO subjects ( gid, subject ) VALUES ( '8211', 'Girls -- Societies and clubs -- Juvenile fiction' );
INSERT INTO files ( gid, file, mime ) VALUES ( '8211', 'http://www.gutenberg.org/ebooks/8211.epub.images', 'application/epub+zip' );
INSERT INTO files ( gid, file, mime ) VALUES ( '8211', 'http://www.gutenberg.org/ebooks/8211.epub.noimages', 'application/epub+zip' );
INSERT INTO files ( gid, file, mime ) VALUES ( '8211', 'http://www.gutenberg.org/ebooks/8211.kindle.images', 'application/x-mobipocket-ebook' );
INSERT INTO files ( gid, file, mime ) VALUES ( '8211', 'http://www.gutenberg.org/ebooks/8211.kindle.noimages', 'application/x-mobipocket-ebook' );
INSERT INTO files ( gid, file, mime ) VALUES ( '8211', 'http://www.gutenberg.org/ebooks/8211.rdf', 'application/rdf+xml' );
INSERT INTO files ( gid, file, mime ) VALUES ( '8211', 'http://www.gutenberg.org/ebooks/8211.txt.utf-8', 'text/plain' );
INSERT INTO files ( gid, file, mime ) VALUES ( '8211', 'http://www.gutenberg.org/files/8211/8211-8.txt', 'text/plain; charset=iso-8859-1' );
INSERT INTO files ( gid, file, mime ) VALUES ( '8211', 'http://www.gutenberg.org/files/8211/8211-8.zip', 'application/ziptext/plain; charset=iso-8859-1' );
INSERT INTO files ( gid, file, mime ) VALUES ( '8211', 'http://www.gutenberg.org/files/8211/8211-h.zip', 'text/html; charset=utf-8application/zip' );
INSERT INTO files ( gid, file, mime ) VALUES ( '8211', 'http://www.gutenberg.org/files/8211/8211-h/8211-h.htm', 'text/html; charset=utf-8' );
INSERT INTO files ( gid, file, mime ) VALUES ( '8211', 'http://www.gutenberg.org/files/8211/8211.txt', 'text/plain; charset=us-ascii' );
INSERT INTO files ( gid, file, mime ) VALUES ( '8211', 'http://www.gutenberg.org/files/8211/8211.zip', 'text/plain; charset=us-asciiapplication/zip' );
INSERT INTO titles ( gid, title, author, language, rights ) VALUES ( '8311', 'The Bible, Douay-Rheims, Book 11: 3 Kings The Challoner Revision', '', 'en', 'Public domain in the USA.' );
INSERT INTO classifications ( gid, classification ) VALUES ( '8311', 'BS' );
INSERT INTO subjects ( gid, subject ) VALUES ( '8311', 'Bible. Kings, 1st' );
INSERT INTO files ( gid, file, mime ) VALUES ( '8311', 'http://www.gutenberg.org/ebooks/8311.epub.images', 'application/epub+zip' );
INSERT INTO files ( gid, file, mime ) VALUES ( '8311', 'http://www.gutenberg.org/ebooks/8311.epub.noimages', 'application/epub+zip' );
INSERT INTO files ( gid, file, mime ) VALUES ( '8311', 'http://www.gutenberg.org/ebooks/8311.html.images', 'text/html' );
INSERT INTO files ( gid, file, mime ) VALUES ( '8311', 'http://www.gutenberg.org/ebooks/8311.html.noimages', 'text/html' );
INSERT INTO files ( gid, file, mime ) VALUES ( '8311', 'http://www.gutenberg.org/ebooks/8311.kindle.images', 'application/x-mobipocket-ebook' );
INSERT INTO files ( gid, file, mime ) VALUES ( '8311', 'http://www.gutenberg.org/ebooks/8311.kindle.noimages', 'application/x-mobipocket-ebook' );
INSERT INTO files ( gid, file, mime ) VALUES ( '8311', 'http://www.gutenberg.org/ebooks/8311.rdf', 'application/rdf+xml' );
INSERT INTO files ( gid, file, mime ) VALUES ( '8311', 'http://www.gutenberg.org/ebooks/8311.txt.utf-8', 'text/plain' );
INSERT INTO files ( gid, file, mime ) VALUES ( '8311', 'http://www.gutenberg.org/files/8311/8311.txt', 'text/plain; charset=us-ascii' );
INSERT INTO files ( gid, file, mime ) VALUES ( '8311', 'http://www.gutenberg.org/files/8311/8311.zip', 'application/ziptext/plain; charset=us-ascii' );
INSERT INTO titles ( gid, title, author, language, rights ) VALUES ( '8411', 'Forest and Frontiers; Or, Adventures Among the Indians', '', 'en', 'Public domain in the USA.' );
INSERT INTO classifications ( gid, classification ) VALUES ( '8411', 'PR' );
INSERT INTO subjects ( gid, subject ) VALUES ( '8411', 'Indians of North America' );
INSERT INTO subjects ( gid, subject ) VALUES ( '8411', 'Hunting' );
INSERT INTO files ( gid, file, mime ) VALUES ( '8411', 'http://www.gutenberg.org/ebooks/8411.epub.images', 'application/epub+zip' );
INSERT INTO files ( gid, file, mime ) VALUES ( '8411', 'http://www.gutenberg.org/ebooks/8411.epub.noimages', 'application/epub+zip' );
INSERT INTO files ( gid, file, mime ) VALUES ( '8411', 'http://www.gutenberg.org/ebooks/8411.kindle.images', 'application/x-mobipocket-ebook' );
INSERT INTO files ( gid, file, mime ) VALUES ( '8411', 'http://www.gutenberg.org/ebooks/8411.kindle.noimages', 'application/x-mobipocket-ebook' );
INSERT INTO files ( gid, file, mime ) VALUES ( '8411', 'http://www.gutenberg.org/ebooks/8411.rdf', 'application/rdf+xml' );
INSERT INTO files ( gid, file, mime ) VALUES ( '8411', 'http://www.gutenberg.org/ebooks/8411.txt.utf-8', 'text/plain' );
INSERT INTO files ( gid, file, mime ) VALUES ( '8411', 'http://www.gutenberg.org/files/8411/8411-8.txt', 'text/plain; charset=iso-8859-1' );
INSERT INTO files ( gid, file, mime ) VALUES ( '8411', 'http://www.gutenberg.org/files/8411/8411-8.zip', 'application/ziptext/plain; charset=iso-8859-1' );
INSERT INTO files ( gid, file, mime ) VALUES ( '8411', 'http://www.gutenberg.org/files/8411/8411-h.zip', 'text/html; charset=iso-8859-1application/zip' );
INSERT INTO files ( gid, file, mime ) VALUES ( '8411', 'http://www.gutenberg.org/files/8411/8411-h/8411-h.htm', 'text/html; charset=iso-8859-1' );
INSERT INTO files ( gid, file, mime ) VALUES ( '8411', 'http://www.gutenberg.org/files/8411/8411.txt', 'text/plain; charset=us-ascii' );
INSERT INTO files ( gid, file, mime ) VALUES ( '8411', 'http://www.gutenberg.org/files/8411/8411.zip', 'application/ziptext/plain; charset=us-ascii' );
INSERT INTO titles ( gid, title, author, language, rights ) VALUES ( '8511', 'The Three Cities Trilogy: Lourdes, Volume 1', 'Zola, Émile', 'en', 'Public domain in the USA.' );
INSERT INTO classifications ( gid, classification ) VALUES ( '8511', 'PQ' );
INSERT INTO subjects ( gid, subject ) VALUES ( '8511', 'Lourdes (France) -- Fiction' );
INSERT INTO subjects ( gid, subject ) VALUES ( '8511', 'Christian pilgrims and pilgrimages -- Fiction' );
INSERT INTO subjects ( gid, subject ) VALUES ( '8511', 'Catholics -- Fiction' );
INSERT INTO subjects ( gid, subject ) VALUES ( '8511', 'Clergy -- Fiction' );
INSERT INTO files ( gid, file, mime ) VALUES ( '8511', 'http://www.gutenberg.org/ebooks/8511.epub.images', 'application/epub+zip' );
INSERT INTO files ( gid, file, mime ) VALUES ( '8511', 'http://www.gutenberg.org/ebooks/8511.epub.noimages', 'application/epub+zip' );
INSERT INTO files ( gid, file, mime ) VALUES ( '8511', 'http://www.gutenberg.org/ebooks/8511.html.images', 'text/html' );
INSERT INTO files ( gid, file, mime ) VALUES ( '8511', 'http://www.gutenberg.org/ebooks/8511.html.noimages', 'text/html' );
INSERT INTO files ( gid, file, mime ) VALUES ( '8511', 'http://www.gutenberg.org/ebooks/8511.kindle.images', 'application/x-mobipocket-ebook' );
INSERT INTO files ( gid, file, mime ) VALUES ( '8511', 'http://www.gutenberg.org/ebooks/8511.kindle.noimages', 'application/x-mobipocket-ebook' );
INSERT INTO files ( gid, file, mime ) VALUES ( '8511', 'http://www.gutenberg.org/ebooks/8511.rdf', 'application/rdf+xml' );
INSERT INTO files ( gid, file, mime ) VALUES ( '8511', 'http://www.gutenberg.org/ebooks/8511.txt.utf-8', 'text/plain' );
INSERT INTO files ( gid, file, mime ) VALUES ( '8511', 'http://www.gutenberg.org/files/8511/8511.txt', 'text/plain; charset=us-ascii' );
INSERT INTO files ( gid, file, mime ) VALUES ( '8511', 'http://www.gutenberg.org/files/8511/8511.zip', 'application/ziptext/plain; charset=us-ascii' );
INSERT INTO titles ( gid, title, author, language, rights ) VALUES ( '8711', 'The Living Link: A Novel', 'De Mille, James', 'en', 'Public domain in the USA.' );
INSERT INTO classifications ( gid, classification ) VALUES ( '8711', 'PS' );
INSERT INTO subjects ( gid, subject ) VALUES ( '8711', 'Fiction' );
INSERT INTO files ( gid, file, mime ) VALUES ( '8711', 'http://www.gutenberg.org/ebooks/8711.epub.images', 'application/epub+zip' );
INSERT INTO files ( gid, file, mime ) VALUES ( '8711', 'http://www.gutenberg.org/ebooks/8711.epub.noimages', 'application/epub+zip' );
INSERT INTO files ( gid, file, mime ) VALUES ( '8711', 'http://www.gutenberg.org/ebooks/8711.kindle.images', 'application/x-mobipocket-ebook' );
INSERT INTO files ( gid, file, mime ) VALUES ( '8711', 'http://www.gutenberg.org/ebooks/8711.kindle.noimages', 'application/x-mobipocket-ebook' );
INSERT INTO files ( gid, file, mime ) VALUES ( '8711', 'http://www.gutenberg.org/ebooks/8711.rdf', 'application/rdf+xml' );
INSERT INTO files ( gid, file, mime ) VALUES ( '8711', 'http://www.gutenberg.org/files/8711/8711-0.txt', 'text/plain; charset=utf-8' );
INSERT INTO files ( gid, file, mime ) VALUES ( '8711', 'http://www.gutenberg.org/files/8711/8711-0.zip', 'text/plain; charset=utf-8application/zip' );
INSERT INTO files ( gid, file, mime ) VALUES ( '8711', 'http://www.gutenberg.org/files/8711/8711-8.txt', 'text/plain; charset=iso-8859-1' );
INSERT INTO files ( gid, file, mime ) VALUES ( '8711', 'http://www.gutenberg.org/files/8711/8711-8.zip', 'application/ziptext/plain; charset=iso-8859-1' );
INSERT INTO files ( gid, file, mime ) VALUES ( '8711', 'http://www.gutenberg.org/files/8711/8711-h.zip', 'application/ziptext/html; charset=utf-8' );
INSERT INTO files ( gid, file, mime ) VALUES ( '8711', 'http://www.gutenberg.org/files/8711/8711-h/8711-h.htm', 'text/html; charset=utf-8' );
INSERT INTO files ( gid, file, mime ) VALUES ( '8711', 'http://www.gutenberg.org/files/8711/8711.txt', 'text/plain; charset=us-ascii' );
INSERT INTO files ( gid, file, mime ) VALUES ( '8711', 'http://www.gutenberg.org/files/8711/8711.zip', 'text/plain; charset=us-asciiapplication/zip' );
INSERT INTO titles ( gid, title, author, language, rights ) VALUES ( '8611', 'The Prince and the Pauper', 'Twain, Mark', 'en', 'Copyrighted. Read the copyright notice inside this book for details.' );
INSERT INTO classifications ( gid, classification ) VALUES ( '8611', 'PS' );
INSERT INTO subjects ( gid, subject ) VALUES ( '8611', 'Impostors and imposture -- Fiction' );
INSERT INTO subjects ( gid, subject ) VALUES ( '8611', 'Princes -- Fiction' );
INSERT INTO subjects ( gid, subject ) VALUES ( '8611', 'Lookalikes -- Fiction' );
INSERT INTO subjects ( gid, subject ) VALUES ( '8611', 'London (England) -- Fiction' );
INSERT INTO subjects ( gid, subject ) VALUES ( '8611', 'Boys -- Fiction' );
INSERT INTO subjects ( gid, subject ) VALUES ( '8611', 'Poor children -- Fiction' );
INSERT INTO subjects ( gid, subject ) VALUES ( '8611', 'Social classes -- Fiction' );
INSERT INTO subjects ( gid, subject ) VALUES ( '8611', 'Edward VI, King of England, 1537-1553 -- Fiction' );
INSERT INTO subjects ( gid, subject ) VALUES ( '8611', 'Historical fiction' );
INSERT INTO files ( gid, file, mime ) VALUES ( '8611', 'http://www.gutenberg.org/ebooks/8611.rdf', 'application/rdf+xml' );
INSERT INTO files ( gid, file, mime ) VALUES ( '8611', 'http://www.gutenberg.org/files/8611/8611-index.htm', 'text/html; charset=iso-8859-1' );
INSERT INTO files ( gid, file, mime ) VALUES ( '8611', 'http://www.gutenberg.org/files/8611/8611-mp3.zip', 'application/zipapplication/octet-stream' );
INSERT INTO files ( gid, file, mime ) VALUES ( '8611', 'http://www.gutenberg.org/files/8611/8611-readme.txt', 'text/plain; charset=us-ascii' );
INSERT INTO files ( gid, file, mime ) VALUES ( '8611', 'http://www.gutenberg.org/files/8611/mp3/8611-000.mp3', 'audio/mpeg' );
INSERT INTO files ( gid, file, mime ) VALUES ( '8611', 'http://www.gutenberg.org/files/8611/mp3/8611-001.mp3', 'audio/mpeg' );
INSERT INTO files ( gid, file, mime ) VALUES ( '8611', 'http://www.gutenberg.org/files/8611/mp3/8611-002.mp3', 'audio/mpeg' );
INSERT INTO files ( gid, file, mime ) VALUES ( '8611', 'http://www.gutenberg.org/files/8611/mp3/8611-003.mp3', 'audio/mpeg' );
INSERT INTO files ( gid, file, mime ) VALUES ( '8611', 'http://www.gutenberg.org/files/8611/mp3/8611-004.mp3', 'audio/mpeg' );
INSERT INTO files ( gid, file, mime ) VALUES ( '8611', 'http://www.gutenberg.org/files/8611/mp3/8611-005.mp3', 'audio/mpeg' );
INSERT INTO files ( gid, file, mime ) VALUES ( '8611', 'http://www.gutenberg.org/files/8611/mp3/8611-006.mp3', 'audio/mpeg' );
INSERT INTO files ( gid, file, mime ) VALUES ( '8611', 'http://www.gutenberg.org/files/8611/mp3/8611-007.mp3', 'audio/mpeg' );
INSERT INTO files ( gid, file, mime ) VALUES ( '8611', 'http://www.gutenberg.org/files/8611/mp3/8611-008.mp3', 'audio/mpeg' );
INSERT INTO files ( gid, file, mime ) VALUES ( '8611', 'http://www.gutenberg.org/files/8611/mp3/8611-009.mp3', 'audio/mpeg' );
INSERT INTO files ( gid, file, mime ) VALUES ( '8611', 'http://www.gutenberg.org/files/8611/mp3/8611-010.mp3', 'audio/mpeg' );
INSERT INTO files ( gid, file, mime ) VALUES ( '8611', 'http://www.gutenberg.org/files/8611/mp3/8611-011.mp3', 'audio/mpeg' );
INSERT INTO files ( gid, file, mime ) VALUES ( '8611', 'http://www.gutenberg.org/files/8611/mp3/8611-012.mp3', 'audio/mpeg' );
INSERT INTO files ( gid, file, mime ) VALUES ( '8611', 'http://www.gutenberg.org/files/8611/mp3/8611-013.mp3', 'audio/mpeg' );
INSERT INTO files ( gid, file, mime ) VALUES ( '8611', 'http://www.gutenberg.org/files/8611/mp3/8611-014.mp3', 'audio/mpeg' );
INSERT INTO files ( gid, file, mime ) VALUES ( '8611', 'http://www.gutenberg.org/files/8611/mp3/8611-015.mp3', 'audio/mpeg' );
INSERT INTO files ( gid, file, mime ) VALUES ( '8611', 'http://www.gutenberg.org/files/8611/mp3/8611-016.mp3', 'audio/mpeg' );
INSERT INTO files ( gid, file, mime ) VALUES ( '8611', 'http://www.gutenberg.org/files/8611/mp3/8611-017.mp3', 'audio/mpeg' );
INSERT INTO files ( gid, file, mime ) VALUES ( '8611', 'http://www.gutenberg.org/files/8611/mp3/8611-018.mp3', 'audio/mpeg' );
INSERT INTO files ( gid, file, mime ) VALUES ( '8611', 'http://www.gutenberg.org/files/8611/mp3/8611-019.mp3', 'audio/mpeg' );
INSERT INTO files ( gid, file, mime ) VALUES ( '8611', 'http://www.gutenberg.org/files/8611/mp3/8611-020.mp3', 'audio/mpeg' );
INSERT INTO files ( gid, file, mime ) VALUES ( '8611', 'http://www.gutenberg.org/files/8611/mp3/8611-021.mp3', 'audio/mpeg' );
INSERT INTO files ( gid, file, mime ) VALUES ( '8611', 'http://www.gutenberg.org/files/8611/mp3/8611-022.mp3', 'audio/mpeg' );
INSERT INTO files ( gid, file, mime ) VALUES ( '8611', 'http://www.gutenberg.org/files/8611/mp3/8611-023.mp3', 'audio/mpeg' );
INSERT INTO files ( gid, file, mime ) VALUES ( '8611', 'http://www.gutenberg.org/files/8611/mp3/8611-024.mp3', 'audio/mpeg' );
INSERT INTO files ( gid, file, mime ) VALUES ( '8611', 'http://www.gutenberg.org/files/8611/mp3/8611-025.mp3', 'audio/mpeg' );
INSERT INTO files ( gid, file, mime ) VALUES ( '8611', 'http://www.gutenberg.org/files/8611/mp3/8611-026.mp3', 'audio/mpeg' );
INSERT INTO files ( gid, file, mime ) VALUES ( '8611', 'http://www.gutenberg.org/files/8611/mp3/8611-027.mp3', 'audio/mpeg' );
INSERT INTO files ( gid, file, mime ) VALUES ( '8611', 'http://www.gutenberg.org/files/8611/mp3/8611-028.mp3', 'audio/mpeg' );
INSERT INTO files ( gid, file, mime ) VALUES ( '8611', 'http://www.gutenberg.org/files/8611/mp3/8611-029.mp3', 'audio/mpeg' );
INSERT INTO files ( gid, file, mime ) VALUES ( '8611', 'http://www.gutenberg.org/files/8611/mp3/8611-030.mp3', 'audio/mpeg' );
INSERT INTO files ( gid, file, mime ) VALUES ( '8611', 'http://www.gutenberg.org/files/8611/mp3/8611-031.mp3', 'audio/mpeg' );
INSERT INTO files ( gid, file, mime ) VALUES ( '8611', 'http://www.gutenberg.org/files/8611/mp3/8611-032.mp3', 'audio/mpeg' );
INSERT INTO files ( gid, file, mime ) VALUES ( '8611', 'http://www.gutenberg.org/files/8611/mp3/8611-033.mp3', 'audio/mpeg' );
INSERT INTO files ( gid, file, mime ) VALUES ( '8611', 'http://www.gutenberg.org/files/8611/mp3/8611-034.mp3', 'audio/mpeg' );
INSERT INTO files ( gid, file, mime ) VALUES ( '8611', 'http://www.gutenberg.org/files/8611/mp3/8611-035.mp3', 'audio/mpeg' );
INSERT INTO files ( gid, file, mime ) VALUES ( '8611', 'http://www.gutenberg.org/files/8611/mp3/8611-036.mp3', 'audio/mpeg' );
INSERT INTO files ( gid, file, mime ) VALUES ( '8611', 'http://www.gutenberg.org/files/8611/mp3/8611-037.mp3', 'audio/mpeg' );
INSERT INTO files ( gid, file, mime ) VALUES ( '8611', 'http://www.gutenberg.org/files/8611/mp3/8611-038.mp3', 'audio/mpeg' );
INSERT INTO files ( gid, file, mime ) VALUES ( '8611', 'http://www.gutenberg.org/files/8611/mp3/8611-039.mp3', 'audio/mpeg' );
INSERT INTO files ( gid, file, mime ) VALUES ( '8611', 'http://www.gutenberg.org/files/8611/mp3/8611-040.mp3', 'audio/mpeg' );
INSERT INTO files ( gid, file, mime ) VALUES ( '8611', 'http://www.gutenberg.org/files/8611/mp3/8611-041.mp3', 'audio/mpeg' );
INSERT INTO files ( gid, file, mime ) VALUES ( '8611', 'http://www.gutenberg.org/files/8611/mp3/8611-042.mp3', 'audio/mpeg' );
INSERT INTO files ( gid, file, mime ) VALUES ( '8611', 'http://www.gutenberg.org/files/8611/mp3/8611-043.mp3', 'audio/mpeg' );
INSERT INTO files ( gid, file, mime ) VALUES ( '8611', 'http://www.gutenberg.org/files/8611/mp3/8611-044.mp3', 'audio/mpeg' );
INSERT INTO titles ( gid, title, author, language, rights ) VALUES ( '8811', 'Captain Cook''s Journal During His First Voyage Round the World Made in H. M. Bark "Endeavour", 1768-71', 'Cook, James', 'en', 'Copyrighted. Read the copyright notice inside this book for details.' );
INSERT INTO classifications ( gid, classification ) VALUES ( '8811', 'G' );
INSERT INTO subjects ( gid, subject ) VALUES ( '8811', 'Voyages around the world -- Early works to 1800' );
INSERT INTO subjects ( gid, subject ) VALUES ( '8811', 'Oceania -- Discovery and exploration -- Early works to 1800' );
INSERT INTO files ( gid, file, mime ) VALUES ( '8811', 'http://www.gutenberg.org/ebooks/8811.rdf', 'application/rdf+xml' );
INSERT INTO files ( gid, file, mime ) VALUES ( '8811', 'http://www.gutenberg.org/files/8811/8811-index.htm', 'text/html; charset=iso-8859-1' );
INSERT INTO files ( gid, file, mime ) VALUES ( '8811', 'http://www.gutenberg.org/files/8811/8811-mp3.zip', 'application/zipapplication/octet-stream' );
INSERT INTO files ( gid, file, mime ) VALUES ( '8811', 'http://www.gutenberg.org/files/8811/8811-readme.txt', 'text/plain; charset=us-ascii' );
INSERT INTO files ( gid, file, mime ) VALUES ( '8811', 'http://www.gutenberg.org/files/8811/mp3/8811-000.mp3', 'audio/mpeg' );
INSERT INTO files ( gid, file, mime ) VALUES ( '8811', 'http://www.gutenberg.org/files/8811/mp3/8811-001.mp3', 'audio/mpeg' );
INSERT INTO files ( gid, file, mime ) VALUES ( '8811', 'http://www.gutenberg.org/files/8811/mp3/8811-002.mp3', 'audio/mpeg' );
INSERT INTO files ( gid, file, mime ) VALUES ( '8811', 'http://www.gutenberg.org/files/8811/mp3/8811-003.mp3', 'audio/mpeg' );
INSERT INTO files ( gid, file, mime ) VALUES ( '8811', 'http://www.gutenberg.org/files/8811/mp3/8811-004.mp3', 'audio/mpeg' );
INSERT INTO files ( gid, file, mime ) VALUES ( '8811', 'http://www.gutenberg.org/files/8811/mp3/8811-005.mp3', 'audio/mpeg' );
INSERT INTO files ( gid, file, mime ) VALUES ( '8811', 'http://www.gutenberg.org/files/8811/mp3/8811-006.mp3', 'audio/mpeg' );
INSERT INTO files ( gid, file, mime ) VALUES ( '8811', 'http://www.gutenberg.org/files/8811/mp3/8811-007.mp3', 'audio/mpeg' );
INSERT INTO files ( gid, file, mime ) VALUES ( '8811', 'http://www.gutenberg.org/files/8811/mp3/8811-008.mp3', 'audio/mpeg' );
INSERT INTO files ( gid, file, mime ) VALUES ( '8811', 'http://www.gutenberg.org/files/8811/mp3/8811-009.mp3', 'audio/mpeg' );
INSERT INTO files ( gid, file, mime ) VALUES ( '8811', 'http://www.gutenberg.org/files/8811/mp3/8811-010.mp3', 'audio/mpeg' );
INSERT INTO files ( gid, file, mime ) VALUES ( '8811', 'http://www.gutenberg.org/files/8811/mp3/8811-011.mp3', 'audio/mpeg' );
INSERT INTO titles ( gid, title, author, language, rights ) VALUES ( '8911', 'Explorations in Australia The Journals of John McDouall Stuart During the Years 1858, 1859, 1860, 1861, and 1862, When He Fixed the Centre of the Continent and Successfully Crossed It from Sea to Sea', 'Stuart, John McDouall', 'en', 'Public domain in the USA.' );
INSERT INTO classifications ( gid, classification ) VALUES ( '8911', 'DU' );
INSERT INTO subjects ( gid, subject ) VALUES ( '8911', 'Australia -- Discovery and exploration' );
INSERT INTO subjects ( gid, subject ) VALUES ( '8911', 'Stuart, John McDouall, 1815-1866' );
INSERT INTO files ( gid, file, mime ) VALUES ( '8911', 'http://www.gutenberg.org/ebooks/8911.epub.images', 'application/epub+zip' );
INSERT INTO files ( gid, file, mime ) VALUES ( '8911', 'http://www.gutenberg.org/ebooks/8911.epub.noimages', 'application/epub+zip' );
INSERT INTO files ( gid, file, mime ) VALUES ( '8911', 'http://www.gutenberg.org/ebooks/8911.kindle.images', 'application/x-mobipocket-ebook' );
INSERT INTO files ( gid, file, mime ) VALUES ( '8911', 'http://www.gutenberg.org/ebooks/8911.kindle.noimages', 'application/x-mobipocket-ebook' );
INSERT INTO files ( gid, file, mime ) VALUES ( '8911', 'http://www.gutenberg.org/ebooks/8911.rdf', 'application/rdf+xml' );
INSERT INTO files ( gid, file, mime ) VALUES ( '8911', 'http://www.gutenberg.org/ebooks/8911.txt.utf-8', 'text/plain' );
INSERT INTO files ( gid, file, mime ) VALUES ( '8911', 'http://www.gutenberg.org/files/8911/8911-h.zip', 'application/ziptext/html; charset=iso-8859-1' );
INSERT INTO files ( gid, file, mime ) VALUES ( '8911', 'http://www.gutenberg.org/files/8911/8911-h/8911-h.htm', 'text/html; charset=iso-8859-1' );
INSERT INTO files ( gid, file, mime ) VALUES ( '8911', 'http://www.gutenberg.org/files/8911/8911.txt', 'text/plain; charset=us-ascii' );
INSERT INTO files ( gid, file, mime ) VALUES ( '8911', 'http://www.gutenberg.org/files/8911/8911.zip', 'text/plain; charset=us-asciiapplication/zip' );
INSERT INTO titles ( gid, title, author, language, rights ) VALUES ( '21311', 'Gil the Gunner: The Youngest Officer in the East', 'Fenn, George Manville', 'en', 'Public domain in the USA.' );
INSERT INTO classifications ( gid, classification ) VALUES ( '21311', 'PZ' );
INSERT INTO subjects ( gid, subject ) VALUES ( '21311', 'Great Britain. Army -- Colonial forces -- India -- Juvenile fiction' );
INSERT INTO subjects ( gid, subject ) VALUES ( '21311', 'Young men -- Juvenile fiction' );
INSERT INTO files ( gid, file, mime ) VALUES ( '21311', 'http://www.gutenberg.org/ebooks/21311.epub.images', 'application/epub+zip' );
INSERT INTO files ( gid, file, mime ) VALUES ( '21311', 'http://www.gutenberg.org/ebooks/21311.epub.noimages', 'application/epub+zip' );
INSERT INTO files ( gid, file, mime ) VALUES ( '21311', 'http://www.gutenberg.org/ebooks/21311.kindle.images', 'application/x-mobipocket-ebook' );
INSERT INTO files ( gid, file, mime ) VALUES ( '21311', 'http://www.gutenberg.org/ebooks/21311.kindle.noimages', 'application/x-mobipocket-ebook' );
INSERT INTO files ( gid, file, mime ) VALUES ( '21311', 'http://www.gutenberg.org/ebooks/21311.rdf', 'application/rdf+xml' );
INSERT INTO files ( gid, file, mime ) VALUES ( '21311', 'http://www.gutenberg.org/ebooks/21311.txt.utf-8', 'text/plain' );
INSERT INTO files ( gid, file, mime ) VALUES ( '21311', 'http://www.gutenberg.org/files/21311/21311-h.zip', 'text/htmlapplication/zip' );
INSERT INTO files ( gid, file, mime ) VALUES ( '21311', 'http://www.gutenberg.org/files/21311/21311-h/21311-h.htm', 'text/html' );
INSERT INTO files ( gid, file, mime ) VALUES ( '21311', 'http://www.gutenberg.org/files/21311/21311.txt', 'text/plain; charset=us-ascii' );
INSERT INTO files ( gid, file, mime ) VALUES ( '21311', 'http://www.gutenberg.org/files/21311/21311.zip', 'text/plain; charset=us-asciiapplication/zip' );
INSERT INTO titles ( gid, title, author, language, rights ) VALUES ( '21411', 'Holborn and Bloomsbury', 'Besant, Walter', 'en', 'Public domain in the USA.' );
INSERT INTO classifications ( gid, classification ) VALUES ( '21411', 'DA' );
INSERT INTO subjects ( gid, subject ) VALUES ( '21411', 'Holborn (London, England) -- Description and travel' );
INSERT INTO subjects ( gid, subject ) VALUES ( '21411', 'Bloomsbury (London, England) -- Description and travel' );
INSERT INTO files ( gid, file, mime ) VALUES ( '21411', 'http://www.gutenberg.org/ebooks/21411.epub.images', 'application/epub+zip' );
INSERT INTO files ( gid, file, mime ) VALUES ( '21411', 'http://www.gutenberg.org/ebooks/21411.epub.noimages', 'application/epub+zip' );
INSERT INTO files ( gid, file, mime ) VALUES ( '21411', 'http://www.gutenberg.org/ebooks/21411.kindle.images', 'application/x-mobipocket-ebook' );
INSERT INTO files ( gid, file, mime ) VALUES ( '21411', 'http://www.gutenberg.org/ebooks/21411.kindle.noimages', 'application/x-mobipocket-ebook' );
INSERT INTO files ( gid, file, mime ) VALUES ( '21411', 'http://www.gutenberg.org/ebooks/21411.rdf', 'application/rdf+xml' );
INSERT INTO files ( gid, file, mime ) VALUES ( '21411', 'http://www.gutenberg.org/ebooks/21411.txt.utf-8', 'text/plain' );
INSERT INTO files ( gid, file, mime ) VALUES ( '21411', 'http://www.gutenberg.org/files/21411/21411-8.txt', 'text/plain; charset=iso-8859-1' );
INSERT INTO files ( gid, file, mime ) VALUES ( '21411', 'http://www.gutenberg.org/files/21411/21411-8.zip', 'application/ziptext/plain; charset=iso-8859-1' );
INSERT INTO files ( gid, file, mime ) VALUES ( '21411', 'http://www.gutenberg.org/files/21411/21411-h.zip', 'application/ziptext/html; charset=iso-8859-1' );
INSERT INTO files ( gid, file, mime ) VALUES ( '21411', 'http://www.gutenberg.org/files/21411/21411-h/21411-h.htm', 'text/html; charset=iso-8859-1' );
INSERT INTO files ( gid, file, mime ) VALUES ( '21411', 'http://www.gutenberg.org/files/21411/21411.txt', 'text/plain; charset=us-ascii' );
INSERT INTO files ( gid, file, mime ) VALUES ( '21411', 'http://www.gutenberg.org/files/21411/21411.zip', 'text/plain; charset=us-asciiapplication/zip' );
INSERT INTO titles ( gid, title, author, language, rights ) VALUES ( '21511', 'Bell''s Cathedrals: The Priory Church of St. Bartholomew-the-Great, Smithfield A Short History of the Foundation and a Description of the Fabric and also of the Church of St. Bartholomew-the-Less', 'Worley, George', 'en', 'Public domain in the USA.' );
INSERT INTO classifications ( gid, classification ) VALUES ( '21511', 'NA' );
INSERT INTO subjects ( gid, subject ) VALUES ( '21511', 'St. Bartholomew-the-Less (Church : London, England)' );
INSERT INTO subjects ( gid, subject ) VALUES ( '21511', 'London (England) -- Church history' );
INSERT INTO subjects ( gid, subject ) VALUES ( '21511', 'St. Bartholomew-the-Great (Church : London, England)' );
INSERT INTO files ( gid, file, mime ) VALUES ( '21511', 'http://www.gutenberg.org/ebooks/21511.epub.images', 'application/epub+zip' );
INSERT INTO files ( gid, file, mime ) VALUES ( '21511', 'http://www.gutenberg.org/ebooks/21511.epub.noimages', 'application/epub+zip' );
INSERT INTO files ( gid, file, mime ) VALUES ( '21511', 'http://www.gutenberg.org/ebooks/21511.kindle.images', 'application/x-mobipocket-ebook' );
INSERT INTO files ( gid, file, mime ) VALUES ( '21511', 'http://www.gutenberg.org/ebooks/21511.kindle.noimages', 'application/x-mobipocket-ebook' );
INSERT INTO files ( gid, file, mime ) VALUES ( '21511', 'http://www.gutenberg.org/ebooks/21511.rdf', 'application/rdf+xml' );
INSERT INTO files ( gid, file, mime ) VALUES ( '21511', 'http://www.gutenberg.org/ebooks/21511.txt.utf-8', 'text/plain' );
INSERT INTO files ( gid, file, mime ) VALUES ( '21511', 'http://www.gutenberg.org/files/21511/21511-8.txt', 'text/plain; charset=iso-8859-1' );
INSERT INTO files ( gid, file, mime ) VALUES ( '21511', 'http://www.gutenberg.org/files/21511/21511-8.zip', 'text/plain; charset=iso-8859-1application/zip' );
INSERT INTO files ( gid, file, mime ) VALUES ( '21511', 'http://www.gutenberg.org/files/21511/21511-h.zip', 'text/html; charset=iso-8859-1application/zip' );
INSERT INTO files ( gid, file, mime ) VALUES ( '21511', 'http://www.gutenberg.org/files/21511/21511-h/21511-h.htm', 'text/html; charset=iso-8859-1' );
INSERT INTO files ( gid, file, mime ) VALUES ( '21511', 'http://www.gutenberg.org/files/21511/21511.txt', 'text/plain; charset=us-ascii' );
INSERT INTO files ( gid, file, mime ) VALUES ( '21511', 'http://www.gutenberg.org/files/21511/21511.zip', 'application/ziptext/plain; charset=us-ascii' );
INSERT INTO titles ( gid, title, author, language, rights ) VALUES ( '21611', 'The Runaway Or, The Adventures of Rodney Roverton', 'Unknown', 'en', 'Public domain in the USA.' );
INSERT INTO classifications ( gid, classification ) VALUES ( '21611', 'PZ' );
INSERT INTO subjects ( gid, subject ) VALUES ( '21611', 'Runaway children -- Juvenile fiction' );
INSERT INTO files ( gid, file, mime ) VALUES ( '21611', 'http://www.gutenberg.org/ebooks/21611.epub.images', 'application/epub+zip' );
INSERT INTO files ( gid, file, mime ) VALUES ( '21611', 'http://www.gutenberg.org/ebooks/21611.epub.noimages', 'application/epub+zip' );
INSERT INTO files ( gid, file, mime ) VALUES ( '21611', 'http://www.gutenberg.org/ebooks/21611.kindle.images', 'application/x-mobipocket-ebook' );
INSERT INTO files ( gid, file, mime ) VALUES ( '21611', 'http://www.gutenberg.org/ebooks/21611.kindle.noimages', 'application/x-mobipocket-ebook' );
INSERT INTO files ( gid, file, mime ) VALUES ( '21611', 'http://www.gutenberg.org/ebooks/21611.rdf', 'application/rdf+xml' );
INSERT INTO files ( gid, file, mime ) VALUES ( '21611', 'http://www.gutenberg.org/ebooks/21611.txt.utf-8', 'text/plain' );
INSERT INTO files ( gid, file, mime ) VALUES ( '21611', 'http://www.gutenberg.org/files/21611/21611-h.zip', 'text/html; charset=iso-8859-1application/zip' );
INSERT INTO files ( gid, file, mime ) VALUES ( '21611', 'http://www.gutenberg.org/files/21611/21611-h/21611-h.htm', 'text/html; charset=iso-8859-1' );
INSERT INTO files ( gid, file, mime ) VALUES ( '21611', 'http://www.gutenberg.org/files/21611/21611.txt', 'text/plain; charset=us-ascii' );
INSERT INTO files ( gid, file, mime ) VALUES ( '21611', 'http://www.gutenberg.org/files/21611/21611.zip', 'text/plain; charset=us-asciiapplication/zip' );
INSERT INTO titles ( gid, title, author, language, rights ) VALUES ( '21711', 'The World of Ice', 'Ballantyne, R. M. (Robert Michael)', 'en', 'Public domain in the USA.' );
INSERT INTO classifications ( gid, classification ) VALUES ( '21711', 'PZ' );
INSERT INTO subjects ( gid, subject ) VALUES ( '21711', 'Adventure and adventurers -- Juvenile fiction' );
INSERT INTO subjects ( gid, subject ) VALUES ( '21711', 'Natural history -- Juvenile fiction' );
INSERT INTO subjects ( gid, subject ) VALUES ( '21711', 'Animals -- Juvenile fiction' );
INSERT INTO subjects ( gid, subject ) VALUES ( '21711', 'Whaling -- Juvenile fiction' );
INSERT INTO subjects ( gid, subject ) VALUES ( '21711', 'Whalers (Persons) -- Juvenile fiction' );
INSERT INTO subjects ( gid, subject ) VALUES ( '21711', 'Polar regions -- Juvenile fiction' );
INSERT INTO files ( gid, file, mime ) VALUES ( '21711', 'http://www.gutenberg.org/ebooks/21711.epub.images', 'application/epub+zip' );
INSERT INTO files ( gid, file, mime ) VALUES ( '21711', 'http://www.gutenberg.org/ebooks/21711.epub.noimages', 'application/epub+zip' );
INSERT INTO files ( gid, file, mime ) VALUES ( '21711', 'http://www.gutenberg.org/ebooks/21711.kindle.images', 'application/x-mobipocket-ebook' );
INSERT INTO files ( gid, file, mime ) VALUES ( '21711', 'http://www.gutenberg.org/ebooks/21711.kindle.noimages', 'application/x-mobipocket-ebook' );
INSERT INTO files ( gid, file, mime ) VALUES ( '21711', 'http://www.gutenberg.org/ebooks/21711.rdf', 'application/rdf+xml' );
INSERT INTO files ( gid, file, mime ) VALUES ( '21711', 'http://www.gutenberg.org/ebooks/21711.txt.utf-8', 'text/plain' );
INSERT INTO files ( gid, file, mime ) VALUES ( '21711', 'http://www.gutenberg.org/files/21711/21711-h.zip', 'application/ziptext/html; charset=iso-8859-1' );
INSERT INTO files ( gid, file, mime ) VALUES ( '21711', 'http://www.gutenberg.org/files/21711/21711-h/21711-h.htm', 'text/html; charset=iso-8859-1' );
INSERT INTO files ( gid, file, mime ) VALUES ( '21711', 'http://www.gutenberg.org/files/21711/21711.txt', 'text/plain; charset=us-ascii' );
INSERT INTO files ( gid, file, mime ) VALUES ( '21711', 'http://www.gutenberg.org/files/21711/21711.zip', 'application/ziptext/plain; charset=us-ascii' );
INSERT INTO titles ( gid, title, author, language, rights ) VALUES ( '21811', 'The Works of Lord Byron. Vol. 3', 'Byron, George Gordon Byron, Baron', 'en', 'Public domain in the USA.' );
INSERT INTO classifications ( gid, classification ) VALUES ( '21811', 'PR' );
INSERT INTO subjects ( gid, subject ) VALUES ( '21811', 'English poetry' );
INSERT INTO files ( gid, file, mime ) VALUES ( '21811', 'http://www.gutenberg.org/ebooks/21811.epub.images', 'application/epub+zip' );
INSERT INTO files ( gid, file, mime ) VALUES ( '21811', 'http://www.gutenberg.org/ebooks/21811.epub.noimages', 'application/epub+zip' );
INSERT INTO files ( gid, file, mime ) VALUES ( '21811', 'http://www.gutenberg.org/ebooks/21811.kindle.images', 'application/x-mobipocket-ebook' );
INSERT INTO files ( gid, file, mime ) VALUES ( '21811', 'http://www.gutenberg.org/ebooks/21811.kindle.noimages', 'application/x-mobipocket-ebook' );
INSERT INTO files ( gid, file, mime ) VALUES ( '21811', 'http://www.gutenberg.org/ebooks/21811.rdf', 'application/rdf+xml' );
INSERT INTO files ( gid, file, mime ) VALUES ( '21811', 'http://www.gutenberg.org/files/21811/21811-0.txt', 'text/plain; charset=utf-8' );
INSERT INTO files ( gid, file, mime ) VALUES ( '21811', 'http://www.gutenberg.org/files/21811/21811-0.zip', 'text/plain; charset=utf-8application/zip' );
INSERT INTO files ( gid, file, mime ) VALUES ( '21811', 'http://www.gutenberg.org/files/21811/21811-8.txt', 'text/plain; charset=iso-8859-1' );
INSERT INTO files ( gid, file, mime ) VALUES ( '21811', 'http://www.gutenberg.org/files/21811/21811-8.zip', 'application/ziptext/plain; charset=iso-8859-1' );
INSERT INTO files ( gid, file, mime ) VALUES ( '21811', 'http://www.gutenberg.org/files/21811/21811-h.zip', 'application/ziptext/html' );
INSERT INTO files ( gid, file, mime ) VALUES ( '21811', 'http://www.gutenberg.org/files/21811/21811-h/21811-h.htm', 'text/html' );
INSERT INTO files ( gid, file, mime ) VALUES ( '21811', 'http://www.gutenberg.org/files/21811/21811.txt', 'text/plain; charset=us-ascii' );
INSERT INTO files ( gid, file, mime ) VALUES ( '21811', 'http://www.gutenberg.org/files/21811/21811.zip', 'application/ziptext/plain; charset=us-ascii' );
INSERT INTO titles ( gid, title, author, language, rights ) VALUES ( '21911', 'Chronica de el-rei D. Affonso V (Vol. II)', 'Pina, Rui de', 'pt', 'Public domain in the USA.' );
INSERT INTO classifications ( gid, classification ) VALUES ( '21911', 'DP' );
INSERT INTO subjects ( gid, subject ) VALUES ( '21911', 'Afonso V, King of Portugal, 1432-1481' );
INSERT INTO subjects ( gid, subject ) VALUES ( '21911', 'Portugal -- History -- Alfonso V, 1438-1481' );
INSERT INTO files ( gid, file, mime ) VALUES ( '21911', 'http://www.gutenberg.org/ebooks/21911.epub.images', 'application/epub+zip' );
INSERT INTO files ( gid, file, mime ) VALUES ( '21911', 'http://www.gutenberg.org/ebooks/21911.epub.noimages', 'application/epub+zip' );
INSERT INTO files ( gid, file, mime ) VALUES ( '21911', 'http://www.gutenberg.org/ebooks/21911.html.images', 'text/html' );
INSERT INTO files ( gid, file, mime ) VALUES ( '21911', 'http://www.gutenberg.org/ebooks/21911.html.noimages', 'text/html' );
INSERT INTO files ( gid, file, mime ) VALUES ( '21911', 'http://www.gutenberg.org/ebooks/21911.kindle.images', 'application/x-mobipocket-ebook' );
INSERT INTO files ( gid, file, mime ) VALUES ( '21911', 'http://www.gutenberg.org/ebooks/21911.kindle.noimages', 'application/x-mobipocket-ebook' );
INSERT INTO files ( gid, file, mime ) VALUES ( '21911', 'http://www.gutenberg.org/ebooks/21911.rdf', 'application/rdf+xml' );
INSERT INTO files ( gid, file, mime ) VALUES ( '21911', 'http://www.gutenberg.org/ebooks/21911.txt.utf-8', 'text/plain' );
INSERT INTO files ( gid, file, mime ) VALUES ( '21911', 'http://www.gutenberg.org/files/21911/21911-8.txt', 'text/plain; charset=iso-8859-1' );
INSERT INTO files ( gid, file, mime ) VALUES ( '21911', 'http://www.gutenberg.org/files/21911/21911-8.zip', 'application/ziptext/plain; charset=iso-8859-1' );
INSERT INTO titles ( gid, title, author, language, rights ) VALUES ( '22011', 'Relation de l''Islande', 'La Peyrère, Isaac de', 'fr', 'Public domain in the USA.' );
INSERT INTO classifications ( gid, classification ) VALUES ( '22011', 'DL' );
INSERT INTO subjects ( gid, subject ) VALUES ( '22011', 'Iceland -- Description and travel' );
INSERT INTO files ( gid, file, mime ) VALUES ( '22011', 'http://www.gutenberg.org/ebooks/22011.epub.images', 'application/epub+zip' );
INSERT INTO files ( gid, file, mime ) VALUES ( '22011', 'http://www.gutenberg.org/ebooks/22011.epub.noimages', 'application/epub+zip' );
INSERT INTO files ( gid, file, mime ) VALUES ( '22011', 'http://www.gutenberg.org/ebooks/22011.kindle.images', 'application/x-mobipocket-ebook' );
INSERT INTO files ( gid, file, mime ) VALUES ( '22011', 'http://www.gutenberg.org/ebooks/22011.kindle.noimages', 'application/x-mobipocket-ebook' );
INSERT INTO files ( gid, file, mime ) VALUES ( '22011', 'http://www.gutenberg.org/ebooks/22011.rdf', 'application/rdf+xml' );
INSERT INTO files ( gid, file, mime ) VALUES ( '22011', 'http://www.gutenberg.org/ebooks/22011.txt.utf-8', 'text/plain' );
INSERT INTO files ( gid, file, mime ) VALUES ( '22011', 'http://www.gutenberg.org/files/22011/22011-8.txt', 'text/plain; charset=iso-8859-1' );
INSERT INTO files ( gid, file, mime ) VALUES ( '22011', 'http://www.gutenberg.org/files/22011/22011-8.zip', 'text/plain; charset=iso-8859-1application/zip' );
INSERT INTO files ( gid, file, mime ) VALUES ( '22011', 'http://www.gutenberg.org/files/22011/22011-h.zip', 'text/html; charset=iso-8859-1application/zip' );
INSERT INTO files ( gid, file, mime ) VALUES ( '22011', 'http://www.gutenberg.org/files/22011/22011-h/22011-h.htm', 'text/html; charset=iso-8859-1' );
INSERT INTO titles ( gid, title, author, language, rights ) VALUES ( '22111', 'Pour cause de fin de bail OEuvres anthumes', 'Allais, Alphonse', 'fr', 'Public domain in the USA.' );
INSERT INTO classifications ( gid, classification ) VALUES ( '22111', 'PQ' );
INSERT INTO subjects ( gid, subject ) VALUES ( '22111', 'French wit and humor' );
INSERT INTO files ( gid, file, mime ) VALUES ( '22111', 'http://www.gutenberg.org/ebooks/22111.epub.images', 'application/epub+zip' );
INSERT INTO files ( gid, file, mime ) VALUES ( '22111', 'http://www.gutenberg.org/ebooks/22111.epub.noimages', 'application/epub+zip' );
INSERT INTO files ( gid, file, mime ) VALUES ( '22111', 'http://www.gutenberg.org/ebooks/22111.html.images', 'text/html' );
INSERT INTO files ( gid, file, mime ) VALUES ( '22111', 'http://www.gutenberg.org/ebooks/22111.html.noimages', 'text/html' );
INSERT INTO files ( gid, file, mime ) VALUES ( '22111', 'http://www.gutenberg.org/ebooks/22111.kindle.images', 'application/x-mobipocket-ebook' );
INSERT INTO files ( gid, file, mime ) VALUES ( '22111', 'http://www.gutenberg.org/ebooks/22111.kindle.noimages', 'application/x-mobipocket-ebook' );
INSERT INTO files ( gid, file, mime ) VALUES ( '22111', 'http://www.gutenberg.org/ebooks/22111.rdf', 'application/rdf+xml' );
INSERT INTO files ( gid, file, mime ) VALUES ( '22111', 'http://www.gutenberg.org/ebooks/22111.txt.utf-8', 'text/plain' );
INSERT INTO files ( gid, file, mime ) VALUES ( '22111', 'http://www.gutenberg.org/files/22111/22111-8.txt', 'text/plain; charset=iso-8859-1' );
INSERT INTO files ( gid, file, mime ) VALUES ( '22111', 'http://www.gutenberg.org/files/22111/22111-8.zip', 'text/plain; charset=iso-8859-1application/zip' );
INSERT INTO titles ( gid, title, author, language, rights ) VALUES ( '2211', 'Human Genome Project, rough draft, Chromosome Number 11', 'Human Genome Project', 'en', 'Public domain in the USA.' );
INSERT INTO classifications ( gid, classification ) VALUES ( '2211', 'QP' );
INSERT INTO classifications ( gid, classification ) VALUES ( '2211', 'QH' );
INSERT INTO subjects ( gid, subject ) VALUES ( '2211', 'Human gene mapping' );
INSERT INTO subjects ( gid, subject ) VALUES ( '2211', 'Nucleotide sequence' );
INSERT INTO subjects ( gid, subject ) VALUES ( '2211', 'Human Genome Project' );
INSERT INTO subjects ( gid, subject ) VALUES ( '2211', 'Human genetics' );
INSERT INTO files ( gid, file, mime ) VALUES ( '2211', 'http://www.gutenberg.org/ebooks/2211.rdf', 'application/rdf+xml' );
INSERT INTO files ( gid, file, mime ) VALUES ( '2211', 'http://www.gutenberg.org/files/2211/2211.zip', 'application/ziptext/plain; charset=us-ascii' );
INSERT INTO titles ( gid, title, author, language, rights ) VALUES ( '22211', 'Gilian The Dreamer: His Fancy, His Love and Adventure', 'Munro, Neil', 'en', 'Public domain in the USA.' );
INSERT INTO classifications ( gid, classification ) VALUES ( '22211', 'PR' );
INSERT INTO subjects ( gid, subject ) VALUES ( '22211', 'Highlands (Scotland) -- Fiction' );
INSERT INTO files ( gid, file, mime ) VALUES ( '22211', 'http://www.gutenberg.org/ebooks/22211.epub.images', 'application/epub+zip' );
INSERT INTO files ( gid, file, mime ) VALUES ( '22211', 'http://www.gutenberg.org/ebooks/22211.epub.noimages', 'application/epub+zip' );
INSERT INTO files ( gid, file, mime ) VALUES ( '22211', 'http://www.gutenberg.org/ebooks/22211.kindle.images', 'application/x-mobipocket-ebook' );
INSERT INTO files ( gid, file, mime ) VALUES ( '22211', 'http://www.gutenberg.org/ebooks/22211.kindle.noimages', 'application/x-mobipocket-ebook' );
INSERT INTO files ( gid, file, mime ) VALUES ( '22211', 'http://www.gutenberg.org/ebooks/22211.rdf', 'application/rdf+xml' );
INSERT INTO files ( gid, file, mime ) VALUES ( '22211', 'http://www.gutenberg.org/files/22211/22211-0.txt', 'text/plain; charset=utf-8' );
INSERT INTO files ( gid, file, mime ) VALUES ( '22211', 'http://www.gutenberg.org/files/22211/22211-0.zip', 'application/ziptext/plain; charset=utf-8' );
INSERT INTO files ( gid, file, mime ) VALUES ( '22211', 'http://www.gutenberg.org/files/22211/22211-8.txt', 'text/plain; charset=iso-8859-1' );
INSERT INTO files ( gid, file, mime ) VALUES ( '22211', 'http://www.gutenberg.org/files/22211/22211-8.zip', 'application/ziptext/plain; charset=iso-8859-1' );
INSERT INTO files ( gid, file, mime ) VALUES ( '22211', 'http://www.gutenberg.org/files/22211/22211-h.zip', 'text/html; charset=utf-8application/zip' );
INSERT INTO files ( gid, file, mime ) VALUES ( '22211', 'http://www.gutenberg.org/files/22211/22211-h/22211-h.htm', 'text/html; charset=utf-8' );
INSERT INTO files ( gid, file, mime ) VALUES ( '22211', 'http://www.gutenberg.org/files/22211/22211.txt', 'text/plain; charset=us-ascii' );
INSERT INTO files ( gid, file, mime ) VALUES ( '22211', 'http://www.gutenberg.org/files/22211/22211.zip', 'application/ziptext/plain; charset=us-ascii' );
INSERT INTO titles ( gid, title, author, language, rights ) VALUES ( '22311', 'Followers of the Trail', 'Meyer, Zoe', 'en', 'Public domain in the USA.' );
INSERT INTO classifications ( gid, classification ) VALUES ( '22311', 'QL' );
INSERT INTO classifications ( gid, classification ) VALUES ( '22311', 'PZ' );
INSERT INTO subjects ( gid, subject ) VALUES ( '22311', 'Animals -- Juvenile literature' );
INSERT INTO files ( gid, file, mime ) VALUES ( '22311', 'http://www.gutenberg.org/ebooks/22311.epub.images', 'application/epub+zip' );
INSERT INTO files ( gid, file, mime ) VALUES ( '22311', 'http://www.gutenberg.org/ebooks/22311.epub.noimages', 'application/epub+zip' );
INSERT INTO files ( gid, file, mime ) VALUES ( '22311', 'http://www.gutenberg.org/ebooks/22311.kindle.images', 'application/x-mobipocket-ebook' );
INSERT INTO files ( gid, file, mime ) VALUES ( '22311', 'http://www.gutenberg.org/ebooks/22311.kindle.noimages', 'application/x-mobipocket-ebook' );
INSERT INTO files ( gid, file, mime ) VALUES ( '22311', 'http://www.gutenberg.org/ebooks/22311.rdf', 'application/rdf+xml' );
INSERT INTO files ( gid, file, mime ) VALUES ( '22311', 'http://www.gutenberg.org/ebooks/22311.txt.utf-8', 'text/plain' );
INSERT INTO files ( gid, file, mime ) VALUES ( '22311', 'http://www.gutenberg.org/files/22311/22311-8.txt', 'text/plain; charset=iso-8859-1' );
INSERT INTO files ( gid, file, mime ) VALUES ( '22311', 'http://www.gutenberg.org/files/22311/22311-8.zip', 'text/plain; charset=iso-8859-1application/zip' );
INSERT INTO files ( gid, file, mime ) VALUES ( '22311', 'http://www.gutenberg.org/files/22311/22311-h.zip', 'application/ziptext/html; charset=iso-8859-1' );
INSERT INTO files ( gid, file, mime ) VALUES ( '22311', 'http://www.gutenberg.org/files/22311/22311-h/22311-h.htm', 'text/html; charset=iso-8859-1' );
INSERT INTO files ( gid, file, mime ) VALUES ( '22311', 'http://www.gutenberg.org/files/22311/22311.txt', 'text/plain; charset=us-ascii' );
INSERT INTO files ( gid, file, mime ) VALUES ( '22311', 'http://www.gutenberg.org/files/22311/22311.zip', 'application/ziptext/plain; charset=us-ascii' );
INSERT INTO titles ( gid, title, author, language, rights ) VALUES ( '22411', 'The Choice of Life', 'Leblanc, Georgette', 'en', 'Public domain in the USA.' );
INSERT INTO classifications ( gid, classification ) VALUES ( '22411', 'PQ' );
INSERT INTO subjects ( gid, subject ) VALUES ( '22411', 'Fiction' );
INSERT INTO files ( gid, file, mime ) VALUES ( '22411', 'http://www.gutenberg.org/ebooks/22411.epub.images', 'application/epub+zip' );
INSERT INTO files ( gid, file, mime ) VALUES ( '22411', 'http://www.gutenberg.org/ebooks/22411.epub.noimages', 'application/epub+zip' );
INSERT INTO files ( gid, file, mime ) VALUES ( '22411', 'http://www.gutenberg.org/ebooks/22411.kindle.images', 'application/x-mobipocket-ebook' );
INSERT INTO files ( gid, file, mime ) VALUES ( '22411', 'http://www.gutenberg.org/ebooks/22411.kindle.noimages', 'application/x-mobipocket-ebook' );
INSERT INTO files ( gid, file, mime ) VALUES ( '22411', 'http://www.gutenberg.org/ebooks/22411.rdf', 'application/rdf+xml' );
INSERT INTO files ( gid, file, mime ) VALUES ( '22411', 'http://www.gutenberg.org/ebooks/22411.txt.utf-8', 'text/plain' );
INSERT INTO files ( gid, file, mime ) VALUES ( '22411', 'http://www.gutenberg.org/files/22411/22411-8.txt', 'text/plain; charset=iso-8859-1' );
INSERT INTO files ( gid, file, mime ) VALUES ( '22411', 'http://www.gutenberg.org/files/22411/22411-8.zip', 'text/plain; charset=iso-8859-1application/zip' );
INSERT INTO files ( gid, file, mime ) VALUES ( '22411', 'http://www.gutenberg.org/files/22411/22411-h.zip', 'application/ziptext/html; charset=iso-8859-1' );
INSERT INTO files ( gid, file, mime ) VALUES ( '22411', 'http://www.gutenberg.org/files/22411/22411-h/22411-h.htm', 'text/html; charset=iso-8859-1' );
INSERT INTO files ( gid, file, mime ) VALUES ( '22411', 'http://www.gutenberg.org/files/22411/22411.txt', 'text/plain; charset=us-ascii' );
INSERT INTO files ( gid, file, mime ) VALUES ( '22411', 'http://www.gutenberg.org/files/22411/22411.zip', 'application/ziptext/plain; charset=us-ascii' );
INSERT INTO titles ( gid, title, author, language, rights ) VALUES ( '22511', 'Rollo on the Rhine', 'Abbott, Jacob', 'en', 'Public domain in the USA.' );
INSERT INTO classifications ( gid, classification ) VALUES ( '22511', 'PZ' );
INSERT INTO classifications ( gid, classification ) VALUES ( '22511', 'DD' );
INSERT INTO subjects ( gid, subject ) VALUES ( '22511', 'Rhineland (Germany) -- Description and travel -- Juvenile literature' );
INSERT INTO files ( gid, file, mime ) VALUES ( '22511', 'http://www.gutenberg.org/ebooks/22511.epub.images', 'application/epub+zip' );
INSERT INTO files ( gid, file, mime ) VALUES ( '22511', 'http://www.gutenberg.org/ebooks/22511.epub.noimages', 'application/epub+zip' );
INSERT INTO files ( gid, file, mime ) VALUES ( '22511', 'http://www.gutenberg.org/ebooks/22511.kindle.images', 'application/x-mobipocket-ebook' );
INSERT INTO files ( gid, file, mime ) VALUES ( '22511', 'http://www.gutenberg.org/ebooks/22511.kindle.noimages', 'application/x-mobipocket-ebook' );
INSERT INTO files ( gid, file, mime ) VALUES ( '22511', 'http://www.gutenberg.org/ebooks/22511.rdf', 'application/rdf+xml' );
INSERT INTO files ( gid, file, mime ) VALUES ( '22511', 'http://www.gutenberg.org/ebooks/22511.txt.utf-8', 'text/plain' );
INSERT INTO files ( gid, file, mime ) VALUES ( '22511', 'http://www.gutenberg.org/files/22511/22511-8.txt', 'text/plain; charset=iso-8859-1' );
INSERT INTO files ( gid, file, mime ) VALUES ( '22511', 'http://www.gutenberg.org/files/22511/22511-8.zip', 'text/plain; charset=iso-8859-1application/zip' );
INSERT INTO files ( gid, file, mime ) VALUES ( '22511', 'http://www.gutenberg.org/files/22511/22511-h.zip', 'text/html; charset=iso-8859-1application/zip' );
INSERT INTO files ( gid, file, mime ) VALUES ( '22511', 'http://www.gutenberg.org/files/22511/22511-h/22511-h.htm', 'text/html; charset=iso-8859-1' );
INSERT INTO files ( gid, file, mime ) VALUES ( '22511', 'http://www.gutenberg.org/files/22511/22511.txt', 'text/plain; charset=us-ascii' );
INSERT INTO files ( gid, file, mime ) VALUES ( '22511', 'http://www.gutenberg.org/files/22511/22511.zip', 'text/plain; charset=us-asciiapplication/zip' );
INSERT INTO titles ( gid, title, author, language, rights ) VALUES ( '22611', 'The Fox and the Geese; and The Wonderful History of Henny-Penny', 'Anonymous', 'en', 'Public domain in the USA.' );
INSERT INTO classifications ( gid, classification ) VALUES ( '22611', 'PZ' );
INSERT INTO subjects ( gid, subject ) VALUES ( '22611', 'Conduct of life -- Juvenile poetry' );
INSERT INTO subjects ( gid, subject ) VALUES ( '22611', 'Geese -- Juvenile poetry' );
INSERT INTO subjects ( gid, subject ) VALUES ( '22611', 'Children''s stories' );
INSERT INTO subjects ( gid, subject ) VALUES ( '22611', 'Foxes -- Juvenile poetry' );
INSERT INTO subjects ( gid, subject ) VALUES ( '22611', 'Animals -- Juvenile fiction' );
INSERT INTO subjects ( gid, subject ) VALUES ( '22611', 'Nursery rhymes' );
INSERT INTO files ( gid, file, mime ) VALUES ( '22611', 'http://www.gutenberg.org/cache/epub/22611/pg22611.cover.medium.jpg', 'image/jpeg' );
INSERT INTO files ( gid, file, mime ) VALUES ( '22611', 'http://www.gutenberg.org/cache/epub/22611/pg22611.cover.small.jpg', 'image/jpeg' );
INSERT INTO files ( gid, file, mime ) VALUES ( '22611', 'http://www.gutenberg.org/ebooks/22611.epub.images', 'application/epub+zip' );
INSERT INTO files ( gid, file, mime ) VALUES ( '22611', 'http://www.gutenberg.org/ebooks/22611.epub.noimages', 'application/epub+zip' );
INSERT INTO files ( gid, file, mime ) VALUES ( '22611', 'http://www.gutenberg.org/ebooks/22611.kindle.images', 'application/x-mobipocket-ebook' );
INSERT INTO files ( gid, file, mime ) VALUES ( '22611', 'http://www.gutenberg.org/ebooks/22611.kindle.noimages', 'application/x-mobipocket-ebook' );
INSERT INTO files ( gid, file, mime ) VALUES ( '22611', 'http://www.gutenberg.org/ebooks/22611.rdf', 'application/rdf+xml' );
INSERT INTO files ( gid, file, mime ) VALUES ( '22611', 'http://www.gutenberg.org/ebooks/22611.txt.utf-8', 'text/plain' );
INSERT INTO files ( gid, file, mime ) VALUES ( '22611', 'http://www.gutenberg.org/files/22611/22611-h.zip', 'application/ziptext/html; charset=iso-8859-1' );
INSERT INTO files ( gid, file, mime ) VALUES ( '22611', 'http://www.gutenberg.org/files/22611/22611-h/22611-h.htm', 'text/html; charset=iso-8859-1' );
INSERT INTO files ( gid, file, mime ) VALUES ( '22611', 'http://www.gutenberg.org/files/22611/22611.txt', 'text/plain; charset=us-ascii' );
INSERT INTO files ( gid, file, mime ) VALUES ( '22611', 'http://www.gutenberg.org/files/22611/22611.zip', 'text/plain; charset=us-asciiapplication/zip' );
INSERT INTO titles ( gid, title, author, language, rights ) VALUES ( '22711', 'A Love Story Reversed 1898', 'Bellamy, Edward', 'en', 'Public domain in the USA.' );
INSERT INTO classifications ( gid, classification ) VALUES ( '22711', 'PS' );
INSERT INTO subjects ( gid, subject ) VALUES ( '22711', 'Short stories' );
INSERT INTO subjects ( gid, subject ) VALUES ( '22711', 'United States -- Social life and customs -- 19th century -- Fiction' );
INSERT INTO files ( gid, file, mime ) VALUES ( '22711', 'http://www.gutenberg.org/ebooks/22711.epub.images', 'application/epub+zip' );
INSERT INTO files ( gid, file, mime ) VALUES ( '22711', 'http://www.gutenberg.org/ebooks/22711.epub.noimages', 'application/epub+zip' );
INSERT INTO files ( gid, file, mime ) VALUES ( '22711', 'http://www.gutenberg.org/ebooks/22711.kindle.images', 'application/x-mobipocket-ebook' );
INSERT INTO files ( gid, file, mime ) VALUES ( '22711', 'http://www.gutenberg.org/ebooks/22711.kindle.noimages', 'application/x-mobipocket-ebook' );
INSERT INTO files ( gid, file, mime ) VALUES ( '22711', 'http://www.gutenberg.org/ebooks/22711.rdf', 'application/rdf+xml' );
INSERT INTO files ( gid, file, mime ) VALUES ( '22711', 'http://www.gutenberg.org/files/22711/22711-0.txt', 'text/plain; charset=utf-8' );
INSERT INTO files ( gid, file, mime ) VALUES ( '22711', 'http://www.gutenberg.org/files/22711/22711-0.zip', 'application/ziptext/plain; charset=utf-8' );
INSERT INTO files ( gid, file, mime ) VALUES ( '22711', 'http://www.gutenberg.org/files/22711/22711-8.txt', 'text/plain; charset=iso-8859-1' );
INSERT INTO files ( gid, file, mime ) VALUES ( '22711', 'http://www.gutenberg.org/files/22711/22711-8.zip', 'text/plain; charset=iso-8859-1application/zip' );
INSERT INTO files ( gid, file, mime ) VALUES ( '22711', 'http://www.gutenberg.org/files/22711/22711-h.zip', 'application/ziptext/html; charset=utf-8' );
INSERT INTO files ( gid, file, mime ) VALUES ( '22711', 'http://www.gutenberg.org/files/22711/22711-h/22711-h.htm', 'text/html; charset=utf-8' );
INSERT INTO files ( gid, file, mime ) VALUES ( '22711', 'http://www.gutenberg.org/files/22711/22711.txt', 'text/plain; charset=us-ascii' );
INSERT INTO files ( gid, file, mime ) VALUES ( '22711', 'http://www.gutenberg.org/files/22711/22711.zip', 'text/plain; charset=us-asciiapplication/zip' );
INSERT INTO titles ( gid, title, author, language, rights ) VALUES ( '9111', 'The Bride of Dreams', 'Eeden, Frederik van', 'en', 'Public domain in the USA.' );
INSERT INTO classifications ( gid, classification ) VALUES ( '9111', 'PT' );
INSERT INTO subjects ( gid, subject ) VALUES ( '9111', 'Fiction' );
INSERT INTO files ( gid, file, mime ) VALUES ( '9111', 'http://www.gutenberg.org/ebooks/9111.epub.images', 'application/epub+zip' );
INSERT INTO files ( gid, file, mime ) VALUES ( '9111', 'http://www.gutenberg.org/ebooks/9111.epub.noimages', 'application/epub+zip' );
INSERT INTO files ( gid, file, mime ) VALUES ( '9111', 'http://www.gutenberg.org/ebooks/9111.html.images', 'text/html' );
INSERT INTO files ( gid, file, mime ) VALUES ( '9111', 'http://www.gutenberg.org/ebooks/9111.html.noimages', 'text/html' );
INSERT INTO files ( gid, file, mime ) VALUES ( '9111', 'http://www.gutenberg.org/ebooks/9111.kindle.images', 'application/x-mobipocket-ebook' );
INSERT INTO files ( gid, file, mime ) VALUES ( '9111', 'http://www.gutenberg.org/ebooks/9111.kindle.noimages', 'application/x-mobipocket-ebook' );
INSERT INTO files ( gid, file, mime ) VALUES ( '9111', 'http://www.gutenberg.org/ebooks/9111.rdf', 'application/rdf+xml' );
INSERT INTO files ( gid, file, mime ) VALUES ( '9111', 'http://www.gutenberg.org/ebooks/9111.txt.utf-8', 'text/plain' );
INSERT INTO files ( gid, file, mime ) VALUES ( '9111', 'http://www.gutenberg.org/files/9111/9111-8.txt', 'text/plain; charset=iso-8859-1' );
INSERT INTO files ( gid, file, mime ) VALUES ( '9111', 'http://www.gutenberg.org/files/9111/9111-8.zip', 'application/ziptext/plain; charset=iso-8859-1' );
INSERT INTO titles ( gid, title, author, language, rights ) VALUES ( '9011', 'The American Claimant', 'Twain, Mark', 'en', 'Copyrighted. Read the copyright notice inside this book for details.' );
INSERT INTO classifications ( gid, classification ) VALUES ( '9011', 'PS' );
INSERT INTO subjects ( gid, subject ) VALUES ( '9011', 'Mistaken identity -- Fiction' );
INSERT INTO subjects ( gid, subject ) VALUES ( '9011', 'United States -- Social life and customs -- 19th century -- Fiction' );
INSERT INTO files ( gid, file, mime ) VALUES ( '9011', 'http://www.gutenberg.org/ebooks/9011.rdf', 'application/rdf+xml' );
INSERT INTO files ( gid, file, mime ) VALUES ( '9011', 'http://www.gutenberg.org/files/9011/9011-index.htm', 'text/html; charset=iso-8859-1' );
INSERT INTO files ( gid, file, mime ) VALUES ( '9011', 'http://www.gutenberg.org/files/9011/9011-mp3.zip', 'application/zipapplication/octet-stream' );
INSERT INTO files ( gid, file, mime ) VALUES ( '9011', 'http://www.gutenberg.org/files/9011/9011-readme.txt', 'text/plain; charset=us-ascii' );
INSERT INTO files ( gid, file, mime ) VALUES ( '9011', 'http://www.gutenberg.org/files/9011/mp3/9011-000.mp3', 'audio/mpeg' );
INSERT INTO files ( gid, file, mime ) VALUES ( '9011', 'http://www.gutenberg.org/files/9011/mp3/9011-001.mp3', 'audio/mpeg' );
INSERT INTO files ( gid, file, mime ) VALUES ( '9011', 'http://www.gutenberg.org/files/9011/mp3/9011-002.mp3', 'audio/mpeg' );
INSERT INTO files ( gid, file, mime ) VALUES ( '9011', 'http://www.gutenberg.org/files/9011/mp3/9011-003.mp3', 'audio/mpeg' );
INSERT INTO files ( gid, file, mime ) VALUES ( '9011', 'http://www.gutenberg.org/files/9011/mp3/9011-004.mp3', 'audio/mpeg' );
INSERT INTO files ( gid, file, mime ) VALUES ( '9011', 'http://www.gutenberg.org/files/9011/mp3/9011-005.mp3', 'audio/mpeg' );
INSERT INTO files ( gid, file, mime ) VALUES ( '9011', 'http://www.gutenberg.org/files/9011/mp3/9011-006.mp3', 'audio/mpeg' );
INSERT INTO files ( gid, file, mime ) VALUES ( '9011', 'http://www.gutenberg.org/files/9011/mp3/9011-007.mp3', 'audio/mpeg' );
INSERT INTO files ( gid, file, mime ) VALUES ( '9011', 'http://www.gutenberg.org/files/9011/mp3/9011-008.mp3', 'audio/mpeg' );
INSERT INTO files ( gid, file, mime ) VALUES ( '9011', 'http://www.gutenberg.org/files/9011/mp3/9011-009.mp3', 'audio/mpeg' );
INSERT INTO files ( gid, file, mime ) VALUES ( '9011', 'http://www.gutenberg.org/files/9011/mp3/9011-010.mp3', 'audio/mpeg' );
INSERT INTO files ( gid, file, mime ) VALUES ( '9011', 'http://www.gutenberg.org/files/9011/mp3/9011-011.mp3', 'audio/mpeg' );
INSERT INTO files ( gid, file, mime ) VALUES ( '9011', 'http://www.gutenberg.org/files/9011/mp3/9011-012.mp3', 'audio/mpeg' );
INSERT INTO files ( gid, file, mime ) VALUES ( '9011', 'http://www.gutenberg.org/files/9011/mp3/9011-013.mp3', 'audio/mpeg' );
INSERT INTO files ( gid, file, mime ) VALUES ( '9011', 'http://www.gutenberg.org/files/9011/mp3/9011-014.mp3', 'audio/mpeg' );
INSERT INTO files ( gid, file, mime ) VALUES ( '9011', 'http://www.gutenberg.org/files/9011/mp3/9011-015.mp3', 'audio/mpeg' );
INSERT INTO files ( gid, file, mime ) VALUES ( '9011', 'http://www.gutenberg.org/files/9011/mp3/9011-016.mp3', 'audio/mpeg' );
INSERT INTO files ( gid, file, mime ) VALUES ( '9011', 'http://www.gutenberg.org/files/9011/mp3/9011-017.mp3', 'audio/mpeg' );
INSERT INTO files ( gid, file, mime ) VALUES ( '9011', 'http://www.gutenberg.org/files/9011/mp3/9011-018.mp3', 'audio/mpeg' );
INSERT INTO files ( gid, file, mime ) VALUES ( '9011', 'http://www.gutenberg.org/files/9011/mp3/9011-019.mp3', 'audio/mpeg' );
INSERT INTO files ( gid, file, mime ) VALUES ( '9011', 'http://www.gutenberg.org/files/9011/mp3/9011-020.mp3', 'audio/mpeg' );
INSERT INTO files ( gid, file, mime ) VALUES ( '9011', 'http://www.gutenberg.org/files/9011/mp3/9011-021.mp3', 'audio/mpeg' );
INSERT INTO files ( gid, file, mime ) VALUES ( '9011', 'http://www.gutenberg.org/files/9011/mp3/9011-022.mp3', 'audio/mpeg' );
INSERT INTO files ( gid, file, mime ) VALUES ( '9011', 'http://www.gutenberg.org/files/9011/mp3/9011-023.mp3', 'audio/mpeg' );
INSERT INTO files ( gid, file, mime ) VALUES ( '9011', 'http://www.gutenberg.org/files/9011/mp3/9011-024.mp3', 'audio/mpeg' );
INSERT INTO files ( gid, file, mime ) VALUES ( '9011', 'http://www.gutenberg.org/files/9011/mp3/9011-025.mp3', 'audio/mpeg' );
INSERT INTO files ( gid, file, mime ) VALUES ( '9011', 'http://www.gutenberg.org/files/9011/mp3/9011-026.mp3', 'audio/mpeg' );
INSERT INTO files ( gid, file, mime ) VALUES ( '9011', 'http://www.gutenberg.org/files/9011/mp3/9011-027.mp3', 'audio/mpeg' );
INSERT INTO files ( gid, file, mime ) VALUES ( '9011', 'http://www.gutenberg.org/files/9011/mp3/9011-028.mp3', 'audio/mpeg' );
INSERT INTO files ( gid, file, mime ) VALUES ( '9011', 'http://www.gutenberg.org/files/9011/mp3/9011-029.mp3', 'audio/mpeg' );
INSERT INTO files ( gid, file, mime ) VALUES ( '9011', 'http://www.gutenberg.org/files/9011/mp3/9011-030.mp3', 'audio/mpeg' );
INSERT INTO files ( gid, file, mime ) VALUES ( '9011', 'http://www.gutenberg.org/files/9011/mp3/9011-031.mp3', 'audio/mpeg' );
INSERT INTO files ( gid, file, mime ) VALUES ( '9011', 'http://www.gutenberg.org/files/9011/mp3/9011-032.mp3', 'audio/mpeg' );
INSERT INTO files ( gid, file, mime ) VALUES ( '9011', 'http://www.gutenberg.org/files/9011/mp3/9011-033.mp3', 'audio/mpeg' );
INSERT INTO files ( gid, file, mime ) VALUES ( '9011', 'http://www.gutenberg.org/files/9011/mp3/9011-034.mp3', 'audio/mpeg' );
INSERT INTO files ( gid, file, mime ) VALUES ( '9011', 'http://www.gutenberg.org/files/9011/mp3/9011-035.mp3', 'audio/mpeg' );
INSERT INTO files ( gid, file, mime ) VALUES ( '9011', 'http://www.gutenberg.org/files/9011/mp3/9011-036.mp3', 'audio/mpeg' );
INSERT INTO files ( gid, file, mime ) VALUES ( '9011', 'http://www.gutenberg.org/files/9011/mp3/9011-037.mp3', 'audio/mpeg' );
INSERT INTO files ( gid, file, mime ) VALUES ( '9011', 'http://www.gutenberg.org/files/9011/mp3/9011-038.mp3', 'audio/mpeg' );
INSERT INTO files ( gid, file, mime ) VALUES ( '9011', 'http://www.gutenberg.org/files/9011/mp3/9011-039.mp3', 'audio/mpeg' );
INSERT INTO files ( gid, file, mime ) VALUES ( '9011', 'http://www.gutenberg.org/files/9011/mp3/9011-040.mp3', 'audio/mpeg' );
INSERT INTO titles ( gid, title, author, language, rights ) VALUES ( '911', 'Tales of the Fish Patrol', 'London, Jack', 'en', 'Public domain in the USA.' );
INSERT INTO classifications ( gid, classification ) VALUES ( '911', 'PS' );
INSERT INTO subjects ( gid, subject ) VALUES ( '911', 'San Francisco Bay Area (Calif.) -- Fiction' );
INSERT INTO subjects ( gid, subject ) VALUES ( '911', 'Immigrants -- Fiction' );
INSERT INTO subjects ( gid, subject ) VALUES ( '911', 'Short stories' );
INSERT INTO subjects ( gid, subject ) VALUES ( '911', 'Fishing villages -- Fiction' );
INSERT INTO subjects ( gid, subject ) VALUES ( '911', 'Fishers -- Fiction' );
INSERT INTO files ( gid, file, mime ) VALUES ( '911', 'http://www.gutenberg.org/cache/epub/911/pg911.cover.medium.jpg', 'image/jpeg' );
INSERT INTO files ( gid, file, mime ) VALUES ( '911', 'http://www.gutenberg.org/cache/epub/911/pg911.cover.small.jpg', 'image/jpeg' );
INSERT INTO files ( gid, file, mime ) VALUES ( '911', 'http://www.gutenberg.org/ebooks/911.epub.images', 'application/epub+zip' );
INSERT INTO files ( gid, file, mime ) VALUES ( '911', 'http://www.gutenberg.org/ebooks/911.epub.noimages', 'application/epub+zip' );
INSERT INTO files ( gid, file, mime ) VALUES ( '911', 'http://www.gutenberg.org/ebooks/911.kindle.images', 'application/x-mobipocket-ebook' );
INSERT INTO files ( gid, file, mime ) VALUES ( '911', 'http://www.gutenberg.org/ebooks/911.kindle.noimages', 'application/x-mobipocket-ebook' );
INSERT INTO files ( gid, file, mime ) VALUES ( '911', 'http://www.gutenberg.org/ebooks/911.rdf', 'application/rdf+xml' );
INSERT INTO files ( gid, file, mime ) VALUES ( '911', 'http://www.gutenberg.org/files/911/911-0.txt', 'text/plain; charset=utf-8' );
INSERT INTO files ( gid, file, mime ) VALUES ( '911', 'http://www.gutenberg.org/files/911/911-0.zip', 'application/ziptext/plain; charset=utf-8' );
INSERT INTO files ( gid, file, mime ) VALUES ( '911', 'http://www.gutenberg.org/files/911/911-h.zip', 'text/htmlapplication/zip' );
INSERT INTO files ( gid, file, mime ) VALUES ( '911', 'http://www.gutenberg.org/files/911/911-h/911-h.htm', 'text/html' );
INSERT INTO titles ( gid, title, author, language, rights ) VALUES ( '9211', 'The Sister Years (From "Twice Told Tales")', 'Hawthorne, Nathaniel', 'en', 'Public domain in the USA.' );
INSERT INTO classifications ( gid, classification ) VALUES ( '9211', 'PS' );
INSERT INTO subjects ( gid, subject ) VALUES ( '9211', 'Short stories' );
INSERT INTO subjects ( gid, subject ) VALUES ( '9211', 'New England -- Social life and customs -- Fiction' );
INSERT INTO subjects ( gid, subject ) VALUES ( '9211', 'Historical fiction, American' );
INSERT INTO files ( gid, file, mime ) VALUES ( '9211', 'http://www.gutenberg.org/ebooks/9211.epub.images', 'application/epub+zip' );
INSERT INTO files ( gid, file, mime ) VALUES ( '9211', 'http://www.gutenberg.org/ebooks/9211.epub.noimages', 'application/epub+zip' );
INSERT INTO files ( gid, file, mime ) VALUES ( '9211', 'http://www.gutenberg.org/ebooks/9211.kindle.images', 'application/x-mobipocket-ebook' );
INSERT INTO files ( gid, file, mime ) VALUES ( '9211', 'http://www.gutenberg.org/ebooks/9211.kindle.noimages', 'application/x-mobipocket-ebook' );
INSERT INTO files ( gid, file, mime ) VALUES ( '9211', 'http://www.gutenberg.org/ebooks/9211.rdf', 'application/rdf+xml' );
INSERT INTO files ( gid, file, mime ) VALUES ( '9211', 'http://www.gutenberg.org/files/9211/9211-0.txt', 'text/plain; charset=utf-8' );
INSERT INTO files ( gid, file, mime ) VALUES ( '9211', 'http://www.gutenberg.org/files/9211/9211-0.zip', 'application/ziptext/plain; charset=utf-8' );
INSERT INTO files ( gid, file, mime ) VALUES ( '9211', 'http://www.gutenberg.org/files/9211/9211-h.zip', 'application/ziptext/html; charset=utf-8' );
INSERT INTO files ( gid, file, mime ) VALUES ( '9211', 'http://www.gutenberg.org/files/9211/9211-h/9211-h.htm', 'text/html; charset=utf-8' );
INSERT INTO files ( gid, file, mime ) VALUES ( '9211', 'http://www.gutenberg.org/files/9211/9211.txt', 'text/plain; charset=us-ascii' );
INSERT INTO files ( gid, file, mime ) VALUES ( '9211', 'http://www.gutenberg.org/files/9211/9211.zip', 'text/plain; charset=us-asciiapplication/zip' );
INSERT INTO titles ( gid, title, author, language, rights ) VALUES ( '9311', 'Hetty''s Strange History', 'Jackson, Helen Hunt', 'en', 'Public domain in the USA.' );
INSERT INTO classifications ( gid, classification ) VALUES ( '9311', 'PS' );
INSERT INTO subjects ( gid, subject ) VALUES ( '9311', 'Fiction' );
INSERT INTO files ( gid, file, mime ) VALUES ( '9311', 'http://www.gutenberg.org/ebooks/9311.epub.images', 'application/epub+zip' );
INSERT INTO files ( gid, file, mime ) VALUES ( '9311', 'http://www.gutenberg.org/ebooks/9311.epub.noimages', 'application/epub+zip' );
INSERT INTO files ( gid, file, mime ) VALUES ( '9311', 'http://www.gutenberg.org/ebooks/9311.kindle.images', 'application/x-mobipocket-ebook' );
INSERT INTO files ( gid, file, mime ) VALUES ( '9311', 'http://www.gutenberg.org/ebooks/9311.kindle.noimages', 'application/x-mobipocket-ebook' );
INSERT INTO files ( gid, file, mime ) VALUES ( '9311', 'http://www.gutenberg.org/ebooks/9311.rdf', 'application/rdf+xml' );
INSERT INTO files ( gid, file, mime ) VALUES ( '9311', 'http://www.gutenberg.org/files/9311/9311-0.txt', 'text/plain; charset=utf-8' );
INSERT INTO files ( gid, file, mime ) VALUES ( '9311', 'http://www.gutenberg.org/files/9311/9311-0.zip', 'application/ziptext/plain; charset=utf-8' );
INSERT INTO files ( gid, file, mime ) VALUES ( '9311', 'http://www.gutenberg.org/files/9311/9311-8.txt', 'text/plain; charset=iso-8859-1' );
INSERT INTO files ( gid, file, mime ) VALUES ( '9311', 'http://www.gutenberg.org/files/9311/9311-8.zip', 'text/plain; charset=iso-8859-1application/zip' );
INSERT INTO files ( gid, file, mime ) VALUES ( '9311', 'http://www.gutenberg.org/files/9311/9311-h.zip', 'text/html; charset=utf-8application/zip' );
INSERT INTO files ( gid, file, mime ) VALUES ( '9311', 'http://www.gutenberg.org/files/9311/9311-h/9311-h.htm', 'text/html; charset=utf-8' );
INSERT INTO files ( gid, file, mime ) VALUES ( '9311', 'http://www.gutenberg.org/files/9311/9311.txt', 'text/plain; charset=us-ascii' );
INSERT INTO files ( gid, file, mime ) VALUES ( '9311', 'http://www.gutenberg.org/files/9311/9311.zip', 'text/plain; charset=us-asciiapplication/zip' );
INSERT INTO titles ( gid, title, author, language, rights ) VALUES ( '9411', 'Legends of the Gods The Egyptian Texts, edited with Translations', 'Budge, E. A. Wallis (Ernest Alfred Wallis), Sir', 'en', 'Public domain in the USA.' );
INSERT INTO classifications ( gid, classification ) VALUES ( '9411', 'BL' );
INSERT INTO subjects ( gid, subject ) VALUES ( '9411', 'Egyptian literature -- Translations into English' );
INSERT INTO subjects ( gid, subject ) VALUES ( '9411', 'Mythology, Egyptian' );
INSERT INTO files ( gid, file, mime ) VALUES ( '9411', 'http://www.gutenberg.org/ebooks/9411.epub.images', 'application/epub+zip' );
INSERT INTO files ( gid, file, mime ) VALUES ( '9411', 'http://www.gutenberg.org/ebooks/9411.epub.noimages', 'application/epub+zip' );
INSERT INTO files ( gid, file, mime ) VALUES ( '9411', 'http://www.gutenberg.org/ebooks/9411.html.images', 'text/html' );
INSERT INTO files ( gid, file, mime ) VALUES ( '9411', 'http://www.gutenberg.org/ebooks/9411.html.noimages', 'text/html' );
INSERT INTO files ( gid, file, mime ) VALUES ( '9411', 'http://www.gutenberg.org/ebooks/9411.kindle.images', 'application/x-mobipocket-ebook' );
INSERT INTO files ( gid, file, mime ) VALUES ( '9411', 'http://www.gutenberg.org/ebooks/9411.kindle.noimages', 'application/x-mobipocket-ebook' );
INSERT INTO files ( gid, file, mime ) VALUES ( '9411', 'http://www.gutenberg.org/ebooks/9411.rdf', 'application/rdf+xml' );
INSERT INTO files ( gid, file, mime ) VALUES ( '9411', 'http://www.gutenberg.org/ebooks/9411.txt.utf-8', 'text/plain' );
INSERT INTO files ( gid, file, mime ) VALUES ( '9411', 'http://www.gutenberg.org/files/9411/9411-8.txt', 'text/plain; charset=iso-8859-1' );
INSERT INTO files ( gid, file, mime ) VALUES ( '9411', 'http://www.gutenberg.org/files/9411/9411-8.zip', 'text/plain; charset=iso-8859-1application/zip' );
INSERT INTO titles ( gid, title, author, language, rights ) VALUES ( '9511', 'Several Works by Edgar Allan Poe', 'Poe, Edgar Allan', 'en', 'Copyrighted. Read the copyright notice inside this book for details.' );
INSERT INTO classifications ( gid, classification ) VALUES ( '9511', 'PS' );
INSERT INTO subjects ( gid, subject ) VALUES ( '9511', 'American poetry' );
INSERT INTO subjects ( gid, subject ) VALUES ( '9511', 'Horror tales, American' );
INSERT INTO subjects ( gid, subject ) VALUES ( '9511', 'American fiction -- 19th century' );
INSERT INTO subjects ( gid, subject ) VALUES ( '9511', 'Short stories' );
INSERT INTO subjects ( gid, subject ) VALUES ( '9511', 'Fantasy fiction' );
INSERT INTO files ( gid, file, mime ) VALUES ( '9511', 'http://www.gutenberg.org/ebooks/9511.rdf', 'application/rdf+xml' );
INSERT INTO files ( gid, file, mime ) VALUES ( '9511', 'http://www.gutenberg.org/files/9511/9511-index.htm', 'text/html; charset=iso-8859-1' );
INSERT INTO files ( gid, file, mime ) VALUES ( '9511', 'http://www.gutenberg.org/files/9511/9511-mp3.zip', 'application/zipapplication/octet-stream' );
INSERT INTO files ( gid, file, mime ) VALUES ( '9511', 'http://www.gutenberg.org/files/9511/9511-readme.txt', 'text/plain; charset=us-ascii' );
INSERT INTO files ( gid, file, mime ) VALUES ( '9511', 'http://www.gutenberg.org/files/9511/mp3/9511-000.mp3', 'audio/mpeg' );
INSERT INTO files ( gid, file, mime ) VALUES ( '9511', 'http://www.gutenberg.org/files/9511/mp3/9511-001.mp3', 'audio/mpeg' );
INSERT INTO files ( gid, file, mime ) VALUES ( '9511', 'http://www.gutenberg.org/files/9511/mp3/9511-002.mp3', 'audio/mpeg' );
INSERT INTO files ( gid, file, mime ) VALUES ( '9511', 'http://www.gutenberg.org/files/9511/mp3/9511-003.mp3', 'audio/mpeg' );
INSERT INTO titles ( gid, title, author, language, rights ) VALUES ( '9611', 'Joseph Andrews, Vol. 1', 'Fielding, Henry', 'en', 'Public domain in the USA.' );
INSERT INTO classifications ( gid, classification ) VALUES ( '9611', 'PR' );
INSERT INTO subjects ( gid, subject ) VALUES ( '9611', 'Bildungsromans' );
INSERT INTO subjects ( gid, subject ) VALUES ( '9611', 'Young men -- Fiction' );
INSERT INTO subjects ( gid, subject ) VALUES ( '9611', 'Household employees -- Fiction' );
INSERT INTO subjects ( gid, subject ) VALUES ( '9611', 'Clergy -- Fiction' );
INSERT INTO subjects ( gid, subject ) VALUES ( '9611', 'Male friendship -- Fiction' );
INSERT INTO subjects ( gid, subject ) VALUES ( '9611', 'Adventure stories' );
INSERT INTO subjects ( gid, subject ) VALUES ( '9611', 'Humorous stories' );
INSERT INTO subjects ( gid, subject ) VALUES ( '9611', 'England -- Fiction' );
INSERT INTO subjects ( gid, subject ) VALUES ( '9611', 'Social classes -- Fiction' );
INSERT INTO files ( gid, file, mime ) VALUES ( '9611', 'http://www.gutenberg.org/ebooks/9611.epub.images', 'application/epub+zip' );
INSERT INTO files ( gid, file, mime ) VALUES ( '9611', 'http://www.gutenberg.org/ebooks/9611.epub.noimages', 'application/epub+zip' );
INSERT INTO files ( gid, file, mime ) VALUES ( '9611', 'http://www.gutenberg.org/ebooks/9611.kindle.images', 'application/x-mobipocket-ebook' );
INSERT INTO files ( gid, file, mime ) VALUES ( '9611', 'http://www.gutenberg.org/ebooks/9611.kindle.noimages', 'application/x-mobipocket-ebook' );
INSERT INTO files ( gid, file, mime ) VALUES ( '9611', 'http://www.gutenberg.org/ebooks/9611.rdf', 'application/rdf+xml' );
INSERT INTO files ( gid, file, mime ) VALUES ( '9611', 'http://www.gutenberg.org/ebooks/9611.txt.utf-8', 'text/plain' );
INSERT INTO files ( gid, file, mime ) VALUES ( '9611', 'http://www.gutenberg.org/files/9611/9611-8.txt', 'text/plain; charset=iso-8859-1' );
INSERT INTO files ( gid, file, mime ) VALUES ( '9611', 'http://www.gutenberg.org/files/9611/9611-8.zip', 'application/ziptext/plain; charset=iso-8859-1' );
INSERT INTO files ( gid, file, mime ) VALUES ( '9611', 'http://www.gutenberg.org/files/9611/9611-h.zip', 'text/html; charset=iso-8859-1application/zip' );
INSERT INTO files ( gid, file, mime ) VALUES ( '9611', 'http://www.gutenberg.org/files/9611/9611-h/9611-h.htm', 'text/html; charset=iso-8859-1' );
INSERT INTO files ( gid, file, mime ) VALUES ( '9611', 'http://www.gutenberg.org/files/9611/9611.txt', 'text/plain; charset=us-ascii' );
INSERT INTO files ( gid, file, mime ) VALUES ( '9611', 'http://www.gutenberg.org/files/9611/9611.zip', 'text/plain; charset=us-asciiapplication/zip' );
INSERT INTO titles ( gid, title, author, language, rights ) VALUES ( '9711', 'The Holly-Tree', 'Dickens, Charles', 'en', 'Copyrighted. Read the copyright notice inside this book for details.' );
INSERT INTO classifications ( gid, classification ) VALUES ( '9711', 'PR' );
INSERT INTO subjects ( gid, subject ) VALUES ( '9711', 'Christmas stories' );
INSERT INTO files ( gid, file, mime ) VALUES ( '9711', 'http://www.gutenberg.org/ebooks/9711.rdf', 'application/rdf+xml' );
