INSERT INTO files ( gid, file, mime ) VALUES ( '9711', 'http://www.gutenberg.org/files/9711/9711-index.htm', 'text/html; charset=iso-8859-1' );
INSERT INTO files ( gid, file, mime ) VALUES ( '9711', 'http://www.gutenberg.org/files/9711/9711-mp3.zip', 'application/zipapplication/octet-stream' );
INSERT INTO files ( gid, file, mime ) VALUES ( '9711', 'http://www.gutenberg.org/files/9711/9711-readme.txt', 'text/plain; charset=us-ascii' );
INSERT INTO files ( gid, file, mime ) VALUES ( '9711', 'http://www.gutenberg.org/files/9711/mp3/9711-000.mp3', 'audio/mpeg' );
INSERT INTO files ( gid, file, mime ) VALUES ( '9711', 'http://www.gutenberg.org/files/9711/mp3/9711-001.mp3', 'audio/mpeg' );
INSERT INTO files ( gid, file, mime ) VALUES ( '9711', 'http://www.gutenberg.org/files/9711/mp3/9711-002.mp3', 'audio/mpeg' );
INSERT INTO files ( gid, file, mime ) VALUES ( '9711', 'http://www.gutenberg.org/files/9711/mp3/9711-003.mp3', 'audio/mpeg' );
INSERT INTO files ( gid, file, mime ) VALUES ( '9711', 'http://www.gutenberg.org/files/9711/mp3/9711-004.mp3', 'audio/mpeg' );
INSERT INTO files ( gid, file, mime ) VALUES ( '9711', 'http://www.gutenberg.org/files/9711/mp3/9711-005.mp3', 'audio/mpeg' );
INSERT INTO titles ( gid, title, author, language, rights ) VALUES ( '9811', 'The Adventures of Hugh Trevor', 'Holcroft, Thomas', 'en', 'Public domain in the USA.' );
INSERT INTO classifications ( gid, classification ) VALUES ( '9811', 'PR' );
INSERT INTO subjects ( gid, subject ) VALUES ( '9811', 'England -- Social life and customs -- Fiction' );
INSERT INTO files ( gid, file, mime ) VALUES ( '9811', 'http://www.gutenberg.org/ebooks/9811.epub.images', 'application/epub+zip' );
INSERT INTO files ( gid, file, mime ) VALUES ( '9811', 'http://www.gutenberg.org/ebooks/9811.epub.noimages', 'application/epub+zip' );
INSERT INTO files ( gid, file, mime ) VALUES ( '9811', 'http://www.gutenberg.org/ebooks/9811.html.images', 'text/html' );
INSERT INTO files ( gid, file, mime ) VALUES ( '9811', 'http://www.gutenberg.org/ebooks/9811.html.noimages', 'text/html' );
INSERT INTO files ( gid, file, mime ) VALUES ( '9811', 'http://www.gutenberg.org/ebooks/9811.kindle.images', 'application/x-mobipocket-ebook' );
INSERT INTO files ( gid, file, mime ) VALUES ( '9811', 'http://www.gutenberg.org/ebooks/9811.kindle.noimages', 'application/x-mobipocket-ebook' );
INSERT INTO files ( gid, file, mime ) VALUES ( '9811', 'http://www.gutenberg.org/ebooks/9811.rdf', 'application/rdf+xml' );
INSERT INTO files ( gid, file, mime ) VALUES ( '9811', 'http://www.gutenberg.org/ebooks/9811.txt.utf-8', 'text/plain' );
INSERT INTO files ( gid, file, mime ) VALUES ( '9811', 'http://www.gutenberg.org/files/9811/9811-8.txt', 'text/plain; charset=iso-8859-1' );
INSERT INTO files ( gid, file, mime ) VALUES ( '9811', 'http://www.gutenberg.org/files/9811/9811-8.zip', 'application/ziptext/plain; charset=iso-8859-1' );
INSERT INTO files ( gid, file, mime ) VALUES ( '9811', 'http://www.gutenberg.org/files/9811/9811.txt', 'text/plain; charset=us-ascii' );
INSERT INTO files ( gid, file, mime ) VALUES ( '9811', 'http://www.gutenberg.org/files/9811/9811.zip', 'application/ziptext/plain; charset=us-ascii' );
INSERT INTO titles ( gid, title, author, language, rights ) VALUES ( '9911', 'The Torrents of Spring', 'Turgenev, Ivan Sergeevich', 'en', 'Public domain in the USA.' );
INSERT INTO classifications ( gid, classification ) VALUES ( '9911', 'PG' );
INSERT INTO subjects ( gid, subject ) VALUES ( '9911', 'Love stories' );
INSERT INTO subjects ( gid, subject ) VALUES ( '9911', 'Russian fiction -- Translations into English' );
INSERT INTO files ( gid, file, mime ) VALUES ( '9911', 'http://www.gutenberg.org/ebooks/9911.epub.images', 'application/epub+zip' );
INSERT INTO files ( gid, file, mime ) VALUES ( '9911', 'http://www.gutenberg.org/ebooks/9911.epub.noimages', 'application/epub+zip' );
INSERT INTO files ( gid, file, mime ) VALUES ( '9911', 'http://www.gutenberg.org/ebooks/9911.html.images', 'text/html' );
INSERT INTO files ( gid, file, mime ) VALUES ( '9911', 'http://www.gutenberg.org/ebooks/9911.html.noimages', 'text/html' );
INSERT INTO files ( gid, file, mime ) VALUES ( '9911', 'http://www.gutenberg.org/ebooks/9911.kindle.images', 'application/x-mobipocket-ebook' );
INSERT INTO files ( gid, file, mime ) VALUES ( '9911', 'http://www.gutenberg.org/ebooks/9911.kindle.noimages', 'application/x-mobipocket-ebook' );
INSERT INTO files ( gid, file, mime ) VALUES ( '9911', 'http://www.gutenberg.org/ebooks/9911.rdf', 'application/rdf+xml' );
INSERT INTO files ( gid, file, mime ) VALUES ( '9911', 'http://www.gutenberg.org/ebooks/9911.txt.utf-8', 'text/plain' );
INSERT INTO files ( gid, file, mime ) VALUES ( '9911', 'http://www.gutenberg.org/files/9911/9911-8.txt', 'text/plain; charset=iso-8859-1' );
INSERT INTO files ( gid, file, mime ) VALUES ( '9911', 'http://www.gutenberg.org/files/9911/9911-8.zip', 'application/ziptext/plain; charset=iso-8859-1' );
INSERT INTO files ( gid, file, mime ) VALUES ( '9911', 'http://www.gutenberg.org/files/9911/9911.txt', 'text/plain; charset=us-ascii' );
INSERT INTO files ( gid, file, mime ) VALUES ( '9911', 'http://www.gutenberg.org/files/9911/9911.zip', 'text/plain; charset=us-asciiapplication/zip' );
INSERT INTO titles ( gid, title, author, language, rights ) VALUES ( '22811', 'The Staircase At The Heart''s Delight 1894', 'Green, Anna Katharine', 'en', 'Public domain in the USA.' );
INSERT INTO classifications ( gid, classification ) VALUES ( '22811', 'PS' );
INSERT INTO subjects ( gid, subject ) VALUES ( '22811', 'Detective and mystery stories, American' );
INSERT INTO files ( gid, file, mime ) VALUES ( '22811', 'http://www.gutenberg.org/ebooks/22811.epub.images', 'application/epub+zip' );
INSERT INTO files ( gid, file, mime ) VALUES ( '22811', 'http://www.gutenberg.org/ebooks/22811.epub.noimages', 'application/epub+zip' );
INSERT INTO files ( gid, file, mime ) VALUES ( '22811', 'http://www.gutenberg.org/ebooks/22811.kindle.images', 'application/x-mobipocket-ebook' );
INSERT INTO files ( gid, file, mime ) VALUES ( '22811', 'http://www.gutenberg.org/ebooks/22811.kindle.noimages', 'application/x-mobipocket-ebook' );
INSERT INTO files ( gid, file, mime ) VALUES ( '22811', 'http://www.gutenberg.org/ebooks/22811.rdf', 'application/rdf+xml' );
INSERT INTO files ( gid, file, mime ) VALUES ( '22811', 'http://www.gutenberg.org/files/22811/22811-0.txt', 'text/plain; charset=utf-8' );
INSERT INTO files ( gid, file, mime ) VALUES ( '22811', 'http://www.gutenberg.org/files/22811/22811-0.zip', 'text/plain; charset=utf-8application/zip' );
INSERT INTO files ( gid, file, mime ) VALUES ( '22811', 'http://www.gutenberg.org/files/22811/22811-8.txt', 'text/plain; charset=iso-8859-1' );
INSERT INTO files ( gid, file, mime ) VALUES ( '22811', 'http://www.gutenberg.org/files/22811/22811-8.zip', 'text/plain; charset=iso-8859-1application/zip' );
INSERT INTO files ( gid, file, mime ) VALUES ( '22811', 'http://www.gutenberg.org/files/22811/22811-h.zip', 'text/html; charset=utf-8application/zip' );
INSERT INTO files ( gid, file, mime ) VALUES ( '22811', 'http://www.gutenberg.org/files/22811/22811-h/22811-h.htm', 'text/html; charset=utf-8' );
INSERT INTO files ( gid, file, mime ) VALUES ( '22811', 'http://www.gutenberg.org/files/22811/22811.txt', 'text/plain; charset=us-ascii' );
INSERT INTO files ( gid, file, mime ) VALUES ( '22811', 'http://www.gutenberg.org/files/22811/22811.zip', 'text/plain; charset=us-asciiapplication/zip' );
INSERT INTO titles ( gid, title, author, language, rights ) VALUES ( '22911', 'Where We Live A Home Geography', 'Jacobs, Emilie Van Beil', 'en', 'Public domain in the USA.' );
INSERT INTO classifications ( gid, classification ) VALUES ( '22911', 'G' );
INSERT INTO subjects ( gid, subject ) VALUES ( '22911', 'Geography -- Textbooks' );
INSERT INTO files ( gid, file, mime ) VALUES ( '22911', 'http://www.gutenberg.org/ebooks/22911.epub.images', 'application/epub+zip' );
INSERT INTO files ( gid, file, mime ) VALUES ( '22911', 'http://www.gutenberg.org/ebooks/22911.epub.noimages', 'application/epub+zip' );
INSERT INTO files ( gid, file, mime ) VALUES ( '22911', 'http://www.gutenberg.org/ebooks/22911.kindle.images', 'application/x-mobipocket-ebook' );
INSERT INTO files ( gid, file, mime ) VALUES ( '22911', 'http://www.gutenberg.org/ebooks/22911.kindle.noimages', 'application/x-mobipocket-ebook' );
INSERT INTO files ( gid, file, mime ) VALUES ( '22911', 'http://www.gutenberg.org/ebooks/22911.rdf', 'application/rdf+xml' );
INSERT INTO files ( gid, file, mime ) VALUES ( '22911', 'http://www.gutenberg.org/ebooks/22911.txt.utf-8', 'text/plain' );
INSERT INTO files ( gid, file, mime ) VALUES ( '22911', 'http://www.gutenberg.org/files/22911/22911-h.zip', 'text/htmlapplication/zip' );
INSERT INTO files ( gid, file, mime ) VALUES ( '22911', 'http://www.gutenberg.org/files/22911/22911-h/22911-h.htm', 'text/html' );
INSERT INTO files ( gid, file, mime ) VALUES ( '22911', 'http://www.gutenberg.org/files/22911/22911.txt', 'text/plain; charset=us-ascii' );
INSERT INTO files ( gid, file, mime ) VALUES ( '22911', 'http://www.gutenberg.org/files/22911/22911.zip', 'application/ziptext/plain; charset=us-ascii' );
INSERT INTO titles ( gid, title, author, language, rights ) VALUES ( '23011', 'Eatin'' Crow; and The Best Man In Garotte', 'Harris, Frank', 'en', 'Public domain in the USA.' );
INSERT INTO classifications ( gid, classification ) VALUES ( '23011', 'PR' );
INSERT INTO subjects ( gid, subject ) VALUES ( '23011', 'Short stories' );
INSERT INTO subjects ( gid, subject ) VALUES ( '23011', 'Fiction' );
INSERT INTO files ( gid, file, mime ) VALUES ( '23011', 'http://www.gutenberg.org/ebooks/23011.epub.images', 'application/epub+zip' );
INSERT INTO files ( gid, file, mime ) VALUES ( '23011', 'http://www.gutenberg.org/ebooks/23011.epub.noimages', 'application/epub+zip' );
INSERT INTO files ( gid, file, mime ) VALUES ( '23011', 'http://www.gutenberg.org/ebooks/23011.kindle.images', 'application/x-mobipocket-ebook' );
INSERT INTO files ( gid, file, mime ) VALUES ( '23011', 'http://www.gutenberg.org/ebooks/23011.kindle.noimages', 'application/x-mobipocket-ebook' );
INSERT INTO files ( gid, file, mime ) VALUES ( '23011', 'http://www.gutenberg.org/ebooks/23011.rdf', 'application/rdf+xml' );
INSERT INTO files ( gid, file, mime ) VALUES ( '23011', 'http://www.gutenberg.org/files/23011/23011-0.txt', 'text/plain; charset=utf-8' );
INSERT INTO files ( gid, file, mime ) VALUES ( '23011', 'http://www.gutenberg.org/files/23011/23011-0.zip', 'application/ziptext/plain; charset=utf-8' );
INSERT INTO files ( gid, file, mime ) VALUES ( '23011', 'http://www.gutenberg.org/files/23011/23011-h.zip', 'text/html; charset=utf-8application/zip' );
INSERT INTO files ( gid, file, mime ) VALUES ( '23011', 'http://www.gutenberg.org/files/23011/23011-h/23011-h.htm', 'text/html; charset=utf-8' );
INSERT INTO files ( gid, file, mime ) VALUES ( '23011', 'http://www.gutenberg.org/files/23011/23011.txt', 'text/plain; charset=us-ascii' );
INSERT INTO files ( gid, file, mime ) VALUES ( '23011', 'http://www.gutenberg.org/files/23011/23011.zip', 'application/ziptext/plain; charset=us-ascii' );
INSERT INTO titles ( gid, title, author, language, rights ) VALUES ( '23111', 'Riley Songs of Friendship', 'Riley, James Whitcomb', 'en', 'Public domain in the USA.' );
INSERT INTO classifications ( gid, classification ) VALUES ( '23111', 'PS' );
INSERT INTO subjects ( gid, subject ) VALUES ( '23111', 'American poetry' );
INSERT INTO files ( gid, file, mime ) VALUES ( '23111', 'http://www.gutenberg.org/ebooks/23111.epub.images', 'application/epub+zip' );
INSERT INTO files ( gid, file, mime ) VALUES ( '23111', 'http://www.gutenberg.org/ebooks/23111.epub.noimages', 'application/epub+zip' );
INSERT INTO files ( gid, file, mime ) VALUES ( '23111', 'http://www.gutenberg.org/ebooks/23111.kindle.images', 'application/x-mobipocket-ebook' );
INSERT INTO files ( gid, file, mime ) VALUES ( '23111', 'http://www.gutenberg.org/ebooks/23111.kindle.noimages', 'application/x-mobipocket-ebook' );
INSERT INTO files ( gid, file, mime ) VALUES ( '23111', 'http://www.gutenberg.org/ebooks/23111.rdf', 'application/rdf+xml' );
INSERT INTO files ( gid, file, mime ) VALUES ( '23111', 'http://www.gutenberg.org/ebooks/23111.txt.utf-8', 'text/plain' );
INSERT INTO files ( gid, file, mime ) VALUES ( '23111', 'http://www.gutenberg.org/files/23111/23111-h.zip', 'application/ziptext/html; charset=iso-8859-1' );
INSERT INTO files ( gid, file, mime ) VALUES ( '23111', 'http://www.gutenberg.org/files/23111/23111-h/23111-h.htm', 'text/html; charset=iso-8859-1' );
INSERT INTO files ( gid, file, mime ) VALUES ( '23111', 'http://www.gutenberg.org/files/23111/23111.txt', 'text/plain; charset=us-ascii' );
INSERT INTO files ( gid, file, mime ) VALUES ( '23111', 'http://www.gutenberg.org/files/23111/23111.zip', 'application/ziptext/plain; charset=us-ascii' );
INSERT INTO titles ( gid, title, author, language, rights ) VALUES ( '2311', 'Travels through France and Italy', 'Smollett, T. (Tobias)', 'en', 'Public domain in the USA.' );
INSERT INTO classifications ( gid, classification ) VALUES ( '2311', 'DC' );
INSERT INTO classifications ( gid, classification ) VALUES ( '2311', 'DG' );
INSERT INTO subjects ( gid, subject ) VALUES ( '2311', 'Italy -- Social life and customs -- 18th century' );
INSERT INTO subjects ( gid, subject ) VALUES ( '2311', 'Smollett, T. (Tobias), 1721-1771 -- Travel -- Italy' );
INSERT INTO subjects ( gid, subject ) VALUES ( '2311', 'Italy -- Description and travel -- Early works to 1800' );
INSERT INTO subjects ( gid, subject ) VALUES ( '2311', 'Nice (France) -- Description and travel -- Early works to 1800' );
INSERT INTO subjects ( gid, subject ) VALUES ( '2311', 'Smollett, T. (Tobias), 1721-1771 -- Travel -- France' );
INSERT INTO subjects ( gid, subject ) VALUES ( '2311', 'France -- Description and travel -- Early works to 1800' );
INSERT INTO subjects ( gid, subject ) VALUES ( '2311', 'France -- Social life and customs -- 18th century' );
INSERT INTO files ( gid, file, mime ) VALUES ( '2311', 'http://www.gutenberg.org/ebooks/2311.epub.images', 'application/epub+zip' );
INSERT INTO files ( gid, file, mime ) VALUES ( '2311', 'http://www.gutenberg.org/ebooks/2311.epub.noimages', 'application/epub+zip' );
INSERT INTO files ( gid, file, mime ) VALUES ( '2311', 'http://www.gutenberg.org/ebooks/2311.kindle.images', 'application/x-mobipocket-ebook' );
INSERT INTO files ( gid, file, mime ) VALUES ( '2311', 'http://www.gutenberg.org/ebooks/2311.kindle.noimages', 'application/x-mobipocket-ebook' );
INSERT INTO files ( gid, file, mime ) VALUES ( '2311', 'http://www.gutenberg.org/ebooks/2311.rdf', 'application/rdf+xml' );
INSERT INTO files ( gid, file, mime ) VALUES ( '2311', 'http://www.gutenberg.org/ebooks/2311.txt.utf-8', 'text/plain' );
INSERT INTO files ( gid, file, mime ) VALUES ( '2311', 'http://www.gutenberg.org/files/2311/2311-8.txt', 'text/plain; charset=iso-8859-1' );
INSERT INTO files ( gid, file, mime ) VALUES ( '2311', 'http://www.gutenberg.org/files/2311/2311-8.zip', 'application/ziptext/plain; charset=iso-8859-1' );
INSERT INTO files ( gid, file, mime ) VALUES ( '2311', 'http://www.gutenberg.org/files/2311/2311-h.zip', 'application/ziptext/html; charset=iso-8859-1' );
INSERT INTO files ( gid, file, mime ) VALUES ( '2311', 'http://www.gutenberg.org/files/2311/2311-h/2311-h.htm', 'text/html; charset=iso-8859-1' );
INSERT INTO files ( gid, file, mime ) VALUES ( '2311', 'http://www.gutenberg.org/files/2311/2311.txt', 'text/plain; charset=us-ascii' );
INSERT INTO files ( gid, file, mime ) VALUES ( '2311', 'http://www.gutenberg.org/files/2311/2311.zip', 'application/ziptext/plain; charset=us-ascii' );
INSERT INTO titles ( gid, title, author, language, rights ) VALUES ( '23211', 'Curiosités judiciaires et historiques du moyen âge. Procès contre les animaux', 'Agnel, Émile', 'fr', 'Public domain in the USA.' );
INSERT INTO classifications ( gid, classification ) VALUES ( '23211', 'K' );
INSERT INTO subjects ( gid, subject ) VALUES ( '23211', 'Animals -- Law and legislation -- History' );
INSERT INTO subjects ( gid, subject ) VALUES ( '23211', 'Animals, Prosecution and punishment of -- History' );
INSERT INTO files ( gid, file, mime ) VALUES ( '23211', 'http://www.gutenberg.org/ebooks/23211.epub.images', 'application/epub+zip' );
INSERT INTO files ( gid, file, mime ) VALUES ( '23211', 'http://www.gutenberg.org/ebooks/23211.epub.noimages', 'application/epub+zip' );
INSERT INTO files ( gid, file, mime ) VALUES ( '23211', 'http://www.gutenberg.org/ebooks/23211.kindle.images', 'application/x-mobipocket-ebook' );
INSERT INTO files ( gid, file, mime ) VALUES ( '23211', 'http://www.gutenberg.org/ebooks/23211.kindle.noimages', 'application/x-mobipocket-ebook' );
INSERT INTO files ( gid, file, mime ) VALUES ( '23211', 'http://www.gutenberg.org/ebooks/23211.rdf', 'application/rdf+xml' );
INSERT INTO files ( gid, file, mime ) VALUES ( '23211', 'http://www.gutenberg.org/ebooks/23211.txt.utf-8', 'text/plain' );
INSERT INTO files ( gid, file, mime ) VALUES ( '23211', 'http://www.gutenberg.org/files/23211/23211-8.txt', 'text/plain; charset=iso-8859-1' );
INSERT INTO files ( gid, file, mime ) VALUES ( '23211', 'http://www.gutenberg.org/files/23211/23211-8.zip', 'text/plain; charset=iso-8859-1application/zip' );
INSERT INTO files ( gid, file, mime ) VALUES ( '23211', 'http://www.gutenberg.org/files/23211/23211-h.zip', 'text/html; charset=iso-8859-1application/zip' );
INSERT INTO files ( gid, file, mime ) VALUES ( '23211', 'http://www.gutenberg.org/files/23211/23211-h/23211-h.htm', 'text/html; charset=iso-8859-1' );
INSERT INTO titles ( gid, title, author, language, rights ) VALUES ( '23311', 'Beauty and the Beast', 'Unknown', 'en', 'Public domain in the USA.' );
INSERT INTO classifications ( gid, classification ) VALUES ( '23311', 'PZ' );
INSERT INTO subjects ( gid, subject ) VALUES ( '23311', 'Fairy tales' );
INSERT INTO files ( gid, file, mime ) VALUES ( '23311', 'http://www.gutenberg.org/ebooks/23311.epub.images', 'application/epub+zip' );
INSERT INTO files ( gid, file, mime ) VALUES ( '23311', 'http://www.gutenberg.org/ebooks/23311.epub.noimages', 'application/epub+zip' );
INSERT INTO files ( gid, file, mime ) VALUES ( '23311', 'http://www.gutenberg.org/ebooks/23311.kindle.images', 'application/x-mobipocket-ebook' );
INSERT INTO files ( gid, file, mime ) VALUES ( '23311', 'http://www.gutenberg.org/ebooks/23311.kindle.noimages', 'application/x-mobipocket-ebook' );
INSERT INTO files ( gid, file, mime ) VALUES ( '23311', 'http://www.gutenberg.org/ebooks/23311.rdf', 'application/rdf+xml' );
INSERT INTO files ( gid, file, mime ) VALUES ( '23311', 'http://www.gutenberg.org/ebooks/23311.txt.utf-8', 'text/plain' );
INSERT INTO files ( gid, file, mime ) VALUES ( '23311', 'http://www.gutenberg.org/files/23311/23311-h.zip', 'application/ziptext/html; charset=iso-8859-1' );
INSERT INTO files ( gid, file, mime ) VALUES ( '23311', 'http://www.gutenberg.org/files/23311/23311-h/23311-h.htm', 'text/html; charset=iso-8859-1' );
INSERT INTO files ( gid, file, mime ) VALUES ( '23311', 'http://www.gutenberg.org/files/23311/23311.txt', 'text/plain; charset=us-ascii' );
INSERT INTO files ( gid, file, mime ) VALUES ( '23311', 'http://www.gutenberg.org/files/23311/23311.zip', 'text/plain; charset=us-asciiapplication/zip' );
INSERT INTO titles ( gid, title, author, language, rights ) VALUES ( '23411', 'Smaïn; and Safti''s Summer Day 1905', 'Hichens, Robert', 'en', 'Public domain in the USA.' );
INSERT INTO classifications ( gid, classification ) VALUES ( '23411', 'PR' );
INSERT INTO subjects ( gid, subject ) VALUES ( '23411', 'Short stories' );
INSERT INTO subjects ( gid, subject ) VALUES ( '23411', 'Sahara -- Fiction' );
INSERT INTO files ( gid, file, mime ) VALUES ( '23411', 'http://www.gutenberg.org/ebooks/23411.epub.images', 'application/epub+zip' );
INSERT INTO files ( gid, file, mime ) VALUES ( '23411', 'http://www.gutenberg.org/ebooks/23411.epub.noimages', 'application/epub+zip' );
INSERT INTO files ( gid, file, mime ) VALUES ( '23411', 'http://www.gutenberg.org/ebooks/23411.kindle.images', 'application/x-mobipocket-ebook' );
INSERT INTO files ( gid, file, mime ) VALUES ( '23411', 'http://www.gutenberg.org/ebooks/23411.kindle.noimages', 'application/x-mobipocket-ebook' );
INSERT INTO files ( gid, file, mime ) VALUES ( '23411', 'http://www.gutenberg.org/ebooks/23411.rdf', 'application/rdf+xml' );
INSERT INTO files ( gid, file, mime ) VALUES ( '23411', 'http://www.gutenberg.org/files/23411/23411-0.txt', 'text/plain; charset=utf-8' );
INSERT INTO files ( gid, file, mime ) VALUES ( '23411', 'http://www.gutenberg.org/files/23411/23411-0.zip', 'text/plain; charset=utf-8application/zip' );
INSERT INTO files ( gid, file, mime ) VALUES ( '23411', 'http://www.gutenberg.org/files/23411/23411-8.txt', 'text/plain; charset=iso-8859-1' );
INSERT INTO files ( gid, file, mime ) VALUES ( '23411', 'http://www.gutenberg.org/files/23411/23411-8.zip', 'application/ziptext/plain; charset=iso-8859-1' );
INSERT INTO files ( gid, file, mime ) VALUES ( '23411', 'http://www.gutenberg.org/files/23411/23411-h.zip', 'application/ziptext/html; charset=utf-8' );
INSERT INTO files ( gid, file, mime ) VALUES ( '23411', 'http://www.gutenberg.org/files/23411/23411-h/23411-h.htm', 'text/html; charset=utf-8' );
INSERT INTO files ( gid, file, mime ) VALUES ( '23411', 'http://www.gutenberg.org/files/23411/23411.txt', 'text/plain; charset=us-ascii' );
INSERT INTO files ( gid, file, mime ) VALUES ( '23411', 'http://www.gutenberg.org/files/23411/23411.zip', 'application/ziptext/plain; charset=us-ascii' );
INSERT INTO titles ( gid, title, author, language, rights ) VALUES ( '23511', 'The Christmas Peace 1908', 'Page, Thomas Nelson', 'en', 'Public domain in the USA.' );
INSERT INTO classifications ( gid, classification ) VALUES ( '23511', 'PS' );
INSERT INTO subjects ( gid, subject ) VALUES ( '23511', 'Christmas stories' );
INSERT INTO subjects ( gid, subject ) VALUES ( '23511', 'Southern States -- Social life and customs -- Fiction' );
INSERT INTO files ( gid, file, mime ) VALUES ( '23511', 'http://www.gutenberg.org/ebooks/23511.epub.images', 'application/epub+zip' );
INSERT INTO files ( gid, file, mime ) VALUES ( '23511', 'http://www.gutenberg.org/ebooks/23511.epub.noimages', 'application/epub+zip' );
INSERT INTO files ( gid, file, mime ) VALUES ( '23511', 'http://www.gutenberg.org/ebooks/23511.kindle.images', 'application/x-mobipocket-ebook' );
INSERT INTO files ( gid, file, mime ) VALUES ( '23511', 'http://www.gutenberg.org/ebooks/23511.kindle.noimages', 'application/x-mobipocket-ebook' );
INSERT INTO files ( gid, file, mime ) VALUES ( '23511', 'http://www.gutenberg.org/ebooks/23511.rdf', 'application/rdf+xml' );
INSERT INTO files ( gid, file, mime ) VALUES ( '23511', 'http://www.gutenberg.org/files/23511/23511-0.txt', 'text/plain; charset=utf-8' );
INSERT INTO files ( gid, file, mime ) VALUES ( '23511', 'http://www.gutenberg.org/files/23511/23511-0.zip', 'application/ziptext/plain; charset=utf-8' );
INSERT INTO files ( gid, file, mime ) VALUES ( '23511', 'http://www.gutenberg.org/files/23511/23511-8.txt', 'text/plain; charset=iso-8859-1' );
INSERT INTO files ( gid, file, mime ) VALUES ( '23511', 'http://www.gutenberg.org/files/23511/23511-8.zip', 'text/plain; charset=iso-8859-1application/zip' );
INSERT INTO files ( gid, file, mime ) VALUES ( '23511', 'http://www.gutenberg.org/files/23511/23511-h.zip', 'application/ziptext/html; charset=utf-8' );
INSERT INTO files ( gid, file, mime ) VALUES ( '23511', 'http://www.gutenberg.org/files/23511/23511-h/23511-h.htm', 'text/html; charset=utf-8' );
INSERT INTO files ( gid, file, mime ) VALUES ( '23511', 'http://www.gutenberg.org/files/23511/23511.txt', 'text/plain; charset=us-ascii' );
INSERT INTO files ( gid, file, mime ) VALUES ( '23511', 'http://www.gutenberg.org/files/23511/23511.zip', 'application/ziptext/plain; charset=us-ascii' );
INSERT INTO titles ( gid, title, author, language, rights ) VALUES ( '23611', 'Why They Married', 'Flagg, James Montgomery', 'en', 'Public domain in the USA.' );
INSERT INTO classifications ( gid, classification ) VALUES ( '23611', 'PS' );
INSERT INTO classifications ( gid, classification ) VALUES ( '23611', 'NC' );
INSERT INTO subjects ( gid, subject ) VALUES ( '23611', 'Humorous poetry' );
INSERT INTO subjects ( gid, subject ) VALUES ( '23611', 'Wit and humor, Pictorial' );
INSERT INTO subjects ( gid, subject ) VALUES ( '23611', 'Marriage -- Humor' );
INSERT INTO files ( gid, file, mime ) VALUES ( '23611', 'http://www.gutenberg.org/ebooks/23611.epub.images', 'application/epub+zip' );
INSERT INTO files ( gid, file, mime ) VALUES ( '23611', 'http://www.gutenberg.org/ebooks/23611.epub.noimages', 'application/epub+zip' );
INSERT INTO files ( gid, file, mime ) VALUES ( '23611', 'http://www.gutenberg.org/ebooks/23611.kindle.images', 'application/x-mobipocket-ebook' );
INSERT INTO files ( gid, file, mime ) VALUES ( '23611', 'http://www.gutenberg.org/ebooks/23611.kindle.noimages', 'application/x-mobipocket-ebook' );
INSERT INTO files ( gid, file, mime ) VALUES ( '23611', 'http://www.gutenberg.org/ebooks/23611.rdf', 'application/rdf+xml' );
INSERT INTO files ( gid, file, mime ) VALUES ( '23611', 'http://www.gutenberg.org/ebooks/23611.txt.utf-8', 'text/plain' );
INSERT INTO files ( gid, file, mime ) VALUES ( '23611', 'http://www.gutenberg.org/files/23611/23611-h.zip', 'application/ziptext/html; charset=iso-8859-1' );
INSERT INTO files ( gid, file, mime ) VALUES ( '23611', 'http://www.gutenberg.org/files/23611/23611-h/23611-h.htm', 'text/html; charset=iso-8859-1' );
INSERT INTO files ( gid, file, mime ) VALUES ( '23611', 'http://www.gutenberg.org/files/23611/23611.txt', 'text/plain; charset=us-ascii' );
INSERT INTO files ( gid, file, mime ) VALUES ( '23611', 'http://www.gutenberg.org/files/23611/23611.zip', 'application/ziptext/plain; charset=us-ascii' );
INSERT INTO titles ( gid, title, author, language, rights ) VALUES ( '23811', 'The Good Ship Rover', 'Hardy, Robina F.', 'en', 'Public domain in the USA.' );
INSERT INTO classifications ( gid, classification ) VALUES ( '23811', 'PZ' );
INSERT INTO subjects ( gid, subject ) VALUES ( '23811', 'Conduct of life -- Juvenile fiction' );
INSERT INTO subjects ( gid, subject ) VALUES ( '23811', 'Children''s stories' );
INSERT INTO files ( gid, file, mime ) VALUES ( '23811', 'http://www.gutenberg.org/cache/epub/23811/pg23811.cover.medium.jpg', 'image/jpeg' );
INSERT INTO files ( gid, file, mime ) VALUES ( '23811', 'http://www.gutenberg.org/cache/epub/23811/pg23811.cover.small.jpg', 'image/jpeg' );
INSERT INTO files ( gid, file, mime ) VALUES ( '23811', 'http://www.gutenberg.org/ebooks/23811.epub.images', 'application/epub+zip' );
INSERT INTO files ( gid, file, mime ) VALUES ( '23811', 'http://www.gutenberg.org/ebooks/23811.epub.noimages', 'application/epub+zip' );
INSERT INTO files ( gid, file, mime ) VALUES ( '23811', 'http://www.gutenberg.org/ebooks/23811.kindle.images', 'application/x-mobipocket-ebook' );
INSERT INTO files ( gid, file, mime ) VALUES ( '23811', 'http://www.gutenberg.org/ebooks/23811.kindle.noimages', 'application/x-mobipocket-ebook' );
INSERT INTO files ( gid, file, mime ) VALUES ( '23811', 'http://www.gutenberg.org/ebooks/23811.rdf', 'application/rdf+xml' );
INSERT INTO files ( gid, file, mime ) VALUES ( '23811', 'http://www.gutenberg.org/ebooks/23811.txt.utf-8', 'text/plain' );
INSERT INTO files ( gid, file, mime ) VALUES ( '23811', 'http://www.gutenberg.org/files/23811/23811-h.zip', 'text/htmlapplication/zip' );
INSERT INTO files ( gid, file, mime ) VALUES ( '23811', 'http://www.gutenberg.org/files/23811/23811-h/23811-h.htm', 'text/html' );
INSERT INTO files ( gid, file, mime ) VALUES ( '23811', 'http://www.gutenberg.org/files/23811/23811.txt', 'text/plain; charset=us-ascii' );
INSERT INTO files ( gid, file, mime ) VALUES ( '23811', 'http://www.gutenberg.org/files/23811/23811.zip', 'application/ziptext/plain; charset=us-ascii' );
INSERT INTO titles ( gid, title, author, language, rights ) VALUES ( '23911', '國語', 'Zuoqiu, Ming', 'zh', 'Public domain in the USA.' );
INSERT INTO classifications ( gid, classification ) VALUES ( '23911', 'DS' );
INSERT INTO subjects ( gid, subject ) VALUES ( '23911', 'China -- History -- Spring and Autumn period, 722-481 B.C.' );
INSERT INTO files ( gid, file, mime ) VALUES ( '23911', 'http://www.gutenberg.org/ebooks/23911.epub.images', 'application/epub+zip' );
INSERT INTO files ( gid, file, mime ) VALUES ( '23911', 'http://www.gutenberg.org/ebooks/23911.epub.noimages', 'application/epub+zip' );
INSERT INTO files ( gid, file, mime ) VALUES ( '23911', 'http://www.gutenberg.org/ebooks/23911.html.images', 'text/html' );
INSERT INTO files ( gid, file, mime ) VALUES ( '23911', 'http://www.gutenberg.org/ebooks/23911.html.noimages', 'text/html' );
INSERT INTO files ( gid, file, mime ) VALUES ( '23911', 'http://www.gutenberg.org/ebooks/23911.kindle.images', 'application/x-mobipocket-ebook' );
INSERT INTO files ( gid, file, mime ) VALUES ( '23911', 'http://www.gutenberg.org/ebooks/23911.kindle.noimages', 'application/x-mobipocket-ebook' );
INSERT INTO files ( gid, file, mime ) VALUES ( '23911', 'http://www.gutenberg.org/ebooks/23911.rdf', 'application/rdf+xml' );
INSERT INTO files ( gid, file, mime ) VALUES ( '23911', 'http://www.gutenberg.org/files/23911/23911-0.txt', 'text/plain; charset=utf-8' );
INSERT INTO files ( gid, file, mime ) VALUES ( '23911', 'http://www.gutenberg.org/files/23911/23911-0.zip', 'application/ziptext/plain; charset=utf-8' );
INSERT INTO titles ( gid, title, author, language, rights ) VALUES ( '23711', 'A Little Princess', 'Burnett, Frances Hodgson', 'en', 'Public domain in the USA.' );
INSERT INTO classifications ( gid, classification ) VALUES ( '23711', 'PZ' );
INSERT INTO subjects ( gid, subject ) VALUES ( '23711', 'Schools -- Fiction' );
INSERT INTO subjects ( gid, subject ) VALUES ( '23711', 'London (England) -- Fiction' );
INSERT INTO subjects ( gid, subject ) VALUES ( '23711', 'Orphans -- Fiction' );
INSERT INTO subjects ( gid, subject ) VALUES ( '23711', 'Boarding schools -- Fiction' );
INSERT INTO files ( gid, file, mime ) VALUES ( '23711', 'http://www.gutenberg.org/ebooks/23711.rdf', 'application/rdf+xml' );
INSERT INTO files ( gid, file, mime ) VALUES ( '23711', 'http://www.gutenberg.org/files/23711/23711-index.html', 'text/html' );
INSERT INTO files ( gid, file, mime ) VALUES ( '23711', 'http://www.gutenberg.org/files/23711/23711-readme.txt', 'text/plain' );
INSERT INTO files ( gid, file, mime ) VALUES ( '23711', 'http://www.gutenberg.org/files/23711/m4b/23711-01.m4b', 'audio/mp4' );
INSERT INTO files ( gid, file, mime ) VALUES ( '23711', 'http://www.gutenberg.org/files/23711/m4b/23711-02.m4b', 'audio/mp4' );
INSERT INTO files ( gid, file, mime ) VALUES ( '23711', 'http://www.gutenberg.org/files/23711/m4b/23711-03.m4b', 'audio/mp4' );
INSERT INTO files ( gid, file, mime ) VALUES ( '23711', 'http://www.gutenberg.org/files/23711/m4b/23711-04.m4b', 'audio/mp4' );
INSERT INTO files ( gid, file, mime ) VALUES ( '23711', 'http://www.gutenberg.org/files/23711/m4b/23711-05.m4b', 'audio/mp4' );
INSERT INTO files ( gid, file, mime ) VALUES ( '23711', 'http://www.gutenberg.org/files/23711/m4b/23711-06.m4b', 'audio/mp4' );
INSERT INTO files ( gid, file, mime ) VALUES ( '23711', 'http://www.gutenberg.org/files/23711/m4b/23711-07.m4b', 'audio/mp4' );
INSERT INTO files ( gid, file, mime ) VALUES ( '23711', 'http://www.gutenberg.org/files/23711/m4b/23711-08.m4b', 'audio/mp4' );
INSERT INTO files ( gid, file, mime ) VALUES ( '23711', 'http://www.gutenberg.org/files/23711/m4b/23711-09.m4b', 'audio/mp4' );
INSERT INTO files ( gid, file, mime ) VALUES ( '23711', 'http://www.gutenberg.org/files/23711/m4b/23711-10.m4b', 'audio/mp4' );
INSERT INTO files ( gid, file, mime ) VALUES ( '23711', 'http://www.gutenberg.org/files/23711/m4b/23711-11.m4b', 'audio/mp4' );
INSERT INTO files ( gid, file, mime ) VALUES ( '23711', 'http://www.gutenberg.org/files/23711/m4b/23711-12.m4b', 'audio/mp4' );
INSERT INTO files ( gid, file, mime ) VALUES ( '23711', 'http://www.gutenberg.org/files/23711/m4b/23711-13.m4b', 'audio/mp4' );
INSERT INTO files ( gid, file, mime ) VALUES ( '23711', 'http://www.gutenberg.org/files/23711/m4b/23711-14.m4b', 'audio/mp4' );
INSERT INTO files ( gid, file, mime ) VALUES ( '23711', 'http://www.gutenberg.org/files/23711/m4b/23711-15.m4b', 'audio/mp4' );
INSERT INTO files ( gid, file, mime ) VALUES ( '23711', 'http://www.gutenberg.org/files/23711/m4b/23711-16.m4b', 'audio/mp4' );
INSERT INTO files ( gid, file, mime ) VALUES ( '23711', 'http://www.gutenberg.org/files/23711/m4b/23711-17.m4b', 'audio/mp4' );
INSERT INTO files ( gid, file, mime ) VALUES ( '23711', 'http://www.gutenberg.org/files/23711/m4b/23711-18.m4b', 'audio/mp4' );
INSERT INTO files ( gid, file, mime ) VALUES ( '23711', 'http://www.gutenberg.org/files/23711/m4b/23711-19.m4b', 'audio/mp4' );
INSERT INTO files ( gid, file, mime ) VALUES ( '23711', 'http://www.gutenberg.org/files/23711/m4b/23711-20.m4b', 'audio/mp4' );
INSERT INTO files ( gid, file, mime ) VALUES ( '23711', 'http://www.gutenberg.org/files/23711/m4b/23711-21.m4b', 'audio/mp4' );
INSERT INTO files ( gid, file, mime ) VALUES ( '23711', 'http://www.gutenberg.org/files/23711/m4b/23711-22.m4b', 'audio/mp4' );
INSERT INTO files ( gid, file, mime ) VALUES ( '23711', 'http://www.gutenberg.org/files/23711/mp3/23711-01.mp3', 'audio/mpeg' );
INSERT INTO files ( gid, file, mime ) VALUES ( '23711', 'http://www.gutenberg.org/files/23711/mp3/23711-02.mp3', 'audio/mpeg' );
INSERT INTO files ( gid, file, mime ) VALUES ( '23711', 'http://www.gutenberg.org/files/23711/mp3/23711-03.mp3', 'audio/mpeg' );
INSERT INTO files ( gid, file, mime ) VALUES ( '23711', 'http://www.gutenberg.org/files/23711/mp3/23711-04.mp3', 'audio/mpeg' );
INSERT INTO files ( gid, file, mime ) VALUES ( '23711', 'http://www.gutenberg.org/files/23711/mp3/23711-05.mp3', 'audio/mpeg' );
INSERT INTO files ( gid, file, mime ) VALUES ( '23711', 'http://www.gutenberg.org/files/23711/mp3/23711-06.mp3', 'audio/mpeg' );
INSERT INTO files ( gid, file, mime ) VALUES ( '23711', 'http://www.gutenberg.org/files/23711/mp3/23711-07.mp3', 'audio/mpeg' );
INSERT INTO files ( gid, file, mime ) VALUES ( '23711', 'http://www.gutenberg.org/files/23711/mp3/23711-08.mp3', 'audio/mpeg' );
INSERT INTO files ( gid, file, mime ) VALUES ( '23711', 'http://www.gutenberg.org/files/23711/mp3/23711-09.mp3', 'audio/mpeg' );
INSERT INTO files ( gid, file, mime ) VALUES ( '23711', 'http://www.gutenberg.org/files/23711/mp3/23711-10.mp3', 'audio/mpeg' );
INSERT INTO files ( gid, file, mime ) VALUES ( '23711', 'http://www.gutenberg.org/files/23711/mp3/23711-11.mp3', 'audio/mpeg' );
INSERT INTO files ( gid, file, mime ) VALUES ( '23711', 'http://www.gutenberg.org/files/23711/mp3/23711-12.mp3', 'audio/mpeg' );
INSERT INTO files ( gid, file, mime ) VALUES ( '23711', 'http://www.gutenberg.org/files/23711/mp3/23711-13.mp3', 'audio/mpeg' );
INSERT INTO files ( gid, file, mime ) VALUES ( '23711', 'http://www.gutenberg.org/files/23711/mp3/23711-14.mp3', 'audio/mpeg' );
INSERT INTO files ( gid, file, mime ) VALUES ( '23711', 'http://www.gutenberg.org/files/23711/mp3/23711-15.mp3', 'audio/mpeg' );
INSERT INTO files ( gid, file, mime ) VALUES ( '23711', 'http://www.gutenberg.org/files/23711/mp3/23711-16.mp3', 'audio/mpeg' );
INSERT INTO files ( gid, file, mime ) VALUES ( '23711', 'http://www.gutenberg.org/files/23711/mp3/23711-17.mp3', 'audio/mpeg' );
INSERT INTO files ( gid, file, mime ) VALUES ( '23711', 'http://www.gutenberg.org/files/23711/mp3/23711-18.mp3', 'audio/mpeg' );
INSERT INTO files ( gid, file, mime ) VALUES ( '23711', 'http://www.gutenberg.org/files/23711/mp3/23711-19.mp3', 'audio/mpeg' );
INSERT INTO files ( gid, file, mime ) VALUES ( '23711', 'http://www.gutenberg.org/files/23711/mp3/23711-20.mp3', 'audio/mpeg' );
INSERT INTO files ( gid, file, mime ) VALUES ( '23711', 'http://www.gutenberg.org/files/23711/mp3/23711-21.mp3', 'audio/mpeg' );
INSERT INTO files ( gid, file, mime ) VALUES ( '23711', 'http://www.gutenberg.org/files/23711/mp3/23711-22.mp3', 'audio/mpeg' );
INSERT INTO files ( gid, file, mime ) VALUES ( '23711', 'http://www.gutenberg.org/files/23711/ogg/23711-01.ogg', 'audio/ogg' );
INSERT INTO files ( gid, file, mime ) VALUES ( '23711', 'http://www.gutenberg.org/files/23711/ogg/23711-02.ogg', 'audio/ogg' );
INSERT INTO files ( gid, file, mime ) VALUES ( '23711', 'http://www.gutenberg.org/files/23711/ogg/23711-03.ogg', 'audio/ogg' );
INSERT INTO files ( gid, file, mime ) VALUES ( '23711', 'http://www.gutenberg.org/files/23711/ogg/23711-04.ogg', 'audio/ogg' );
INSERT INTO files ( gid, file, mime ) VALUES ( '23711', 'http://www.gutenberg.org/files/23711/ogg/23711-05.ogg', 'audio/ogg' );
INSERT INTO files ( gid, file, mime ) VALUES ( '23711', 'http://www.gutenberg.org/files/23711/ogg/23711-06.ogg', 'audio/ogg' );
INSERT INTO files ( gid, file, mime ) VALUES ( '23711', 'http://www.gutenberg.org/files/23711/ogg/23711-07.ogg', 'audio/ogg' );
INSERT INTO files ( gid, file, mime ) VALUES ( '23711', 'http://www.gutenberg.org/files/23711/ogg/23711-08.ogg', 'audio/ogg' );
INSERT INTO files ( gid, file, mime ) VALUES ( '23711', 'http://www.gutenberg.org/files/23711/ogg/23711-09.ogg', 'audio/ogg' );
INSERT INTO files ( gid, file, mime ) VALUES ( '23711', 'http://www.gutenberg.org/files/23711/ogg/23711-10.ogg', 'audio/ogg' );
INSERT INTO files ( gid, file, mime ) VALUES ( '23711', 'http://www.gutenberg.org/files/23711/ogg/23711-11.ogg', 'audio/ogg' );
INSERT INTO files ( gid, file, mime ) VALUES ( '23711', 'http://www.gutenberg.org/files/23711/ogg/23711-12.ogg', 'audio/ogg' );
INSERT INTO files ( gid, file, mime ) VALUES ( '23711', 'http://www.gutenberg.org/files/23711/ogg/23711-13.ogg', 'audio/ogg' );
INSERT INTO files ( gid, file, mime ) VALUES ( '23711', 'http://www.gutenberg.org/files/23711/ogg/23711-14.ogg', 'audio/ogg' );
INSERT INTO files ( gid, file, mime ) VALUES ( '23711', 'http://www.gutenberg.org/files/23711/ogg/23711-15.ogg', 'audio/ogg' );
INSERT INTO files ( gid, file, mime ) VALUES ( '23711', 'http://www.gutenberg.org/files/23711/ogg/23711-16.ogg', 'audio/ogg' );
INSERT INTO files ( gid, file, mime ) VALUES ( '23711', 'http://www.gutenberg.org/files/23711/ogg/23711-17.ogg', 'audio/ogg' );
INSERT INTO files ( gid, file, mime ) VALUES ( '23711', 'http://www.gutenberg.org/files/23711/ogg/23711-18.ogg', 'audio/ogg' );
INSERT INTO files ( gid, file, mime ) VALUES ( '23711', 'http://www.gutenberg.org/files/23711/ogg/23711-19.ogg', 'audio/ogg' );
INSERT INTO files ( gid, file, mime ) VALUES ( '23711', 'http://www.gutenberg.org/files/23711/ogg/23711-20.ogg', 'audio/ogg' );
INSERT INTO files ( gid, file, mime ) VALUES ( '23711', 'http://www.gutenberg.org/files/23711/ogg/23711-21.ogg', 'audio/ogg' );
INSERT INTO files ( gid, file, mime ) VALUES ( '23711', 'http://www.gutenberg.org/files/23711/ogg/23711-22.ogg', 'audio/ogg' );
INSERT INTO files ( gid, file, mime ) VALUES ( '23711', 'http://www.gutenberg.org/files/23711/spx/23711-01.spx', 'audio/ogg' );
INSERT INTO files ( gid, file, mime ) VALUES ( '23711', 'http://www.gutenberg.org/files/23711/spx/23711-02.spx', 'audio/ogg' );
INSERT INTO files ( gid, file, mime ) VALUES ( '23711', 'http://www.gutenberg.org/files/23711/spx/23711-03.spx', 'audio/ogg' );
INSERT INTO files ( gid, file, mime ) VALUES ( '23711', 'http://www.gutenberg.org/files/23711/spx/23711-04.spx', 'audio/ogg' );
INSERT INTO files ( gid, file, mime ) VALUES ( '23711', 'http://www.gutenberg.org/files/23711/spx/23711-05.spx', 'audio/ogg' );
INSERT INTO files ( gid, file, mime ) VALUES ( '23711', 'http://www.gutenberg.org/files/23711/spx/23711-06.spx', 'audio/ogg' );
INSERT INTO files ( gid, file, mime ) VALUES ( '23711', 'http://www.gutenberg.org/files/23711/spx/23711-07.spx', 'audio/ogg' );
INSERT INTO files ( gid, file, mime ) VALUES ( '23711', 'http://www.gutenberg.org/files/23711/spx/23711-08.spx', 'audio/ogg' );
INSERT INTO files ( gid, file, mime ) VALUES ( '23711', 'http://www.gutenberg.org/files/23711/spx/23711-09.spx', 'audio/ogg' );
INSERT INTO files ( gid, file, mime ) VALUES ( '23711', 'http://www.gutenberg.org/files/23711/spx/23711-10.spx', 'audio/ogg' );
INSERT INTO files ( gid, file, mime ) VALUES ( '23711', 'http://www.gutenberg.org/files/23711/spx/23711-11.spx', 'audio/ogg' );
INSERT INTO files ( gid, file, mime ) VALUES ( '23711', 'http://www.gutenberg.org/files/23711/spx/23711-12.spx', 'audio/ogg' );
INSERT INTO files ( gid, file, mime ) VALUES ( '23711', 'http://www.gutenberg.org/files/23711/spx/23711-13.spx', 'audio/ogg' );
INSERT INTO files ( gid, file, mime ) VALUES ( '23711', 'http://www.gutenberg.org/files/23711/spx/23711-14.spx', 'audio/ogg' );
INSERT INTO files ( gid, file, mime ) VALUES ( '23711', 'http://www.gutenberg.org/files/23711/spx/23711-15.spx', 'audio/ogg' );
INSERT INTO files ( gid, file, mime ) VALUES ( '23711', 'http://www.gutenberg.org/files/23711/spx/23711-16.spx', 'audio/ogg' );
INSERT INTO files ( gid, file, mime ) VALUES ( '23711', 'http://www.gutenberg.org/files/23711/spx/23711-17.spx', 'audio/ogg' );
INSERT INTO files ( gid, file, mime ) VALUES ( '23711', 'http://www.gutenberg.org/files/23711/spx/23711-18.spx', 'audio/ogg' );
INSERT INTO files ( gid, file, mime ) VALUES ( '23711', 'http://www.gutenberg.org/files/23711/spx/23711-19.spx', 'audio/ogg' );
INSERT INTO files ( gid, file, mime ) VALUES ( '23711', 'http://www.gutenberg.org/files/23711/spx/23711-20.spx', 'audio/ogg' );
INSERT INTO files ( gid, file, mime ) VALUES ( '23711', 'http://www.gutenberg.org/files/23711/spx/23711-21.spx', 'audio/ogg' );
INSERT INTO files ( gid, file, mime ) VALUES ( '23711', 'http://www.gutenberg.org/files/23711/spx/23711-22.spx', 'audio/ogg' );
INSERT INTO titles ( gid, title, author, language, rights ) VALUES ( '24011', 'Zodiac Town The Rhymes of Amos and Ann', 'Turner, Nancy Byrd', 'en', 'Public domain in the USA.' );
INSERT INTO classifications ( gid, classification ) VALUES ( '24011', 'PZ' );
INSERT INTO subjects ( gid, subject ) VALUES ( '24011', 'Poetry -- Juvenile fiction' );
INSERT INTO subjects ( gid, subject ) VALUES ( '24011', 'Months -- Juvenile poetry' );
INSERT INTO subjects ( gid, subject ) VALUES ( '24011', 'Children''s poetry' );
INSERT INTO files ( gid, file, mime ) VALUES ( '24011', 'http://www.gutenberg.org/cache/epub/24011/pg24011.cover.medium.jpg', 'image/jpeg' );
INSERT INTO files ( gid, file, mime ) VALUES ( '24011', 'http://www.gutenberg.org/cache/epub/24011/pg24011.cover.small.jpg', 'image/jpeg' );
INSERT INTO files ( gid, file, mime ) VALUES ( '24011', 'http://www.gutenberg.org/ebooks/24011.epub.images', 'application/epub+zip' );
INSERT INTO files ( gid, file, mime ) VALUES ( '24011', 'http://www.gutenberg.org/ebooks/24011.epub.noimages', 'application/epub+zip' );
INSERT INTO files ( gid, file, mime ) VALUES ( '24011', 'http://www.gutenberg.org/ebooks/24011.kindle.images', 'application/x-mobipocket-ebook' );
INSERT INTO files ( gid, file, mime ) VALUES ( '24011', 'http://www.gutenberg.org/ebooks/24011.kindle.noimages', 'application/x-mobipocket-ebook' );
INSERT INTO files ( gid, file, mime ) VALUES ( '24011', 'http://www.gutenberg.org/ebooks/24011.rdf', 'application/rdf+xml' );
INSERT INTO files ( gid, file, mime ) VALUES ( '24011', 'http://www.gutenberg.org/ebooks/24011.txt.utf-8', 'text/plain' );
INSERT INTO files ( gid, file, mime ) VALUES ( '24011', 'http://www.gutenberg.org/files/24011/24011-h.zip', 'application/ziptext/html; charset=iso-8859-1' );
INSERT INTO files ( gid, file, mime ) VALUES ( '24011', 'http://www.gutenberg.org/files/24011/24011-h/24011-h.htm', 'text/html; charset=iso-8859-1' );
INSERT INTO files ( gid, file, mime ) VALUES ( '24011', 'http://www.gutenberg.org/files/24011/24011.txt', 'text/plain; charset=us-ascii' );
INSERT INTO files ( gid, file, mime ) VALUES ( '24011', 'http://www.gutenberg.org/files/24011/24011.zip', 'application/ziptext/plain; charset=us-ascii' );
INSERT INTO titles ( gid, title, author, language, rights ) VALUES ( '24111', '竹書紀年', 'Unknown', 'zh', 'Public domain in the USA.' );
INSERT INTO classifications ( gid, classification ) VALUES ( '24111', 'PL' );
INSERT INTO subjects ( gid, subject ) VALUES ( '24111', 'China -- History -- To 221 B.C. -- Chronology' );
INSERT INTO files ( gid, file, mime ) VALUES ( '24111', 'http://www.gutenberg.org/ebooks/24111.epub.images', 'application/epub+zip' );
INSERT INTO files ( gid, file, mime ) VALUES ( '24111', 'http://www.gutenberg.org/ebooks/24111.epub.noimages', 'application/epub+zip' );
INSERT INTO files ( gid, file, mime ) VALUES ( '24111', 'http://www.gutenberg.org/ebooks/24111.html.images', 'text/html' );
INSERT INTO files ( gid, file, mime ) VALUES ( '24111', 'http://www.gutenberg.org/ebooks/24111.html.noimages', 'text/html' );
INSERT INTO files ( gid, file, mime ) VALUES ( '24111', 'http://www.gutenberg.org/ebooks/24111.kindle.images', 'application/x-mobipocket-ebook' );
INSERT INTO files ( gid, file, mime ) VALUES ( '24111', 'http://www.gutenberg.org/ebooks/24111.kindle.noimages', 'application/x-mobipocket-ebook' );
INSERT INTO files ( gid, file, mime ) VALUES ( '24111', 'http://www.gutenberg.org/ebooks/24111.rdf', 'application/rdf+xml' );
INSERT INTO files ( gid, file, mime ) VALUES ( '24111', 'http://www.gutenberg.org/files/24111/24111-0.txt', 'text/plain; charset=utf-8' );
INSERT INTO files ( gid, file, mime ) VALUES ( '24111', 'http://www.gutenberg.org/files/24111/24111-0.zip', 'text/plain; charset=utf-8application/zip' );
INSERT INTO titles ( gid, title, author, language, rights ) VALUES ( '2411', 'Wilhelm Meisters Wanderjahre — Band 3', 'Goethe, Johann Wolfgang von', 'de', 'Public domain in the USA.' );
INSERT INTO classifications ( gid, classification ) VALUES ( '2411', 'PT' );
INSERT INTO subjects ( gid, subject ) VALUES ( '2411', 'Bildungsromans' );
INSERT INTO files ( gid, file, mime ) VALUES ( '2411', 'http://www.gutenberg.org/ebooks/2411.epub.images', 'application/epub+zip' );
INSERT INTO files ( gid, file, mime ) VALUES ( '2411', 'http://www.gutenberg.org/ebooks/2411.epub.noimages', 'application/epub+zip' );
INSERT INTO files ( gid, file, mime ) VALUES ( '2411', 'http://www.gutenberg.org/ebooks/2411.html.images', 'text/html' );
INSERT INTO files ( gid, file, mime ) VALUES ( '2411', 'http://www.gutenberg.org/ebooks/2411.html.noimages', 'text/html' );
INSERT INTO files ( gid, file, mime ) VALUES ( '2411', 'http://www.gutenberg.org/ebooks/2411.kindle.images', 'application/x-mobipocket-ebook' );
INSERT INTO files ( gid, file, mime ) VALUES ( '2411', 'http://www.gutenberg.org/ebooks/2411.kindle.noimages', 'application/x-mobipocket-ebook' );
INSERT INTO files ( gid, file, mime ) VALUES ( '2411', 'http://www.gutenberg.org/ebooks/2411.rdf', 'application/rdf+xml' );
INSERT INTO files ( gid, file, mime ) VALUES ( '2411', 'http://www.gutenberg.org/ebooks/2411.txt.utf-8', 'text/plain' );
INSERT INTO files ( gid, file, mime ) VALUES ( '2411', 'http://www.gutenberg.org/files/2411/2411-8.txt', 'text/plain; charset=us-ascii' );
INSERT INTO files ( gid, file, mime ) VALUES ( '2411', 'http://www.gutenberg.org/files/2411/2411-8.zip', 'text/plain; charset=us-asciiapplication/zip' );
INSERT INTO titles ( gid, title, author, language, rights ) VALUES ( '24211', 'The Settlers in Canada', 'Marryat, Frederick', 'en', 'Public domain in the USA.' );
INSERT INTO classifications ( gid, classification ) VALUES ( '24211', 'PR' );
INSERT INTO subjects ( gid, subject ) VALUES ( '24211', 'Pioneers -- Fiction' );
INSERT INTO subjects ( gid, subject ) VALUES ( '24211', 'Canada -- Fiction' );
INSERT INTO files ( gid, file, mime ) VALUES ( '24211', 'http://www.gutenberg.org/ebooks/24211.epub.images', 'application/epub+zip' );
INSERT INTO files ( gid, file, mime ) VALUES ( '24211', 'http://www.gutenberg.org/ebooks/24211.epub.noimages', 'application/epub+zip' );
INSERT INTO files ( gid, file, mime ) VALUES ( '24211', 'http://www.gutenberg.org/ebooks/24211.kindle.images', 'application/x-mobipocket-ebook' );
INSERT INTO files ( gid, file, mime ) VALUES ( '24211', 'http://www.gutenberg.org/ebooks/24211.kindle.noimages', 'application/x-mobipocket-ebook' );
INSERT INTO files ( gid, file, mime ) VALUES ( '24211', 'http://www.gutenberg.org/ebooks/24211.rdf', 'application/rdf+xml' );
INSERT INTO files ( gid, file, mime ) VALUES ( '24211', 'http://www.gutenberg.org/ebooks/24211.txt.utf-8', 'text/plain' );
INSERT INTO files ( gid, file, mime ) VALUES ( '24211', 'http://www.gutenberg.org/files/24211/24211-h.zip', 'text/html; charset=iso-8859-1application/zip' );
INSERT INTO files ( gid, file, mime ) VALUES ( '24211', 'http://www.gutenberg.org/files/24211/24211-h/24211-h.htm', 'text/html; charset=iso-8859-1' );
INSERT INTO files ( gid, file, mime ) VALUES ( '24211', 'http://www.gutenberg.org/files/24211/24211.txt', 'text/plain; charset=us-ascii' );
INSERT INTO files ( gid, file, mime ) VALUES ( '24211', 'http://www.gutenberg.org/files/24211/24211.zip', 'text/plain; charset=us-asciiapplication/zip' );
INSERT INTO titles ( gid, title, author, language, rights ) VALUES ( '24311', 'The Preacher and His Models The Yale Lectures on Preaching 1891', 'Stalker, James', 'en', 'Public domain in the USA.' );
INSERT INTO classifications ( gid, classification ) VALUES ( '24311', 'BV' );
INSERT INTO subjects ( gid, subject ) VALUES ( '24311', 'Preaching' );
INSERT INTO files ( gid, file, mime ) VALUES ( '24311', 'http://www.gutenberg.org/ebooks/24311.epub.images', 'application/epub+zip' );
INSERT INTO files ( gid, file, mime ) VALUES ( '24311', 'http://www.gutenberg.org/ebooks/24311.epub.noimages', 'application/epub+zip' );
INSERT INTO files ( gid, file, mime ) VALUES ( '24311', 'http://www.gutenberg.org/ebooks/24311.kindle.images', 'application/x-mobipocket-ebook' );
INSERT INTO files ( gid, file, mime ) VALUES ( '24311', 'http://www.gutenberg.org/ebooks/24311.kindle.noimages', 'application/x-mobipocket-ebook' );
INSERT INTO files ( gid, file, mime ) VALUES ( '24311', 'http://www.gutenberg.org/ebooks/24311.rdf', 'application/rdf+xml' );
INSERT INTO files ( gid, file, mime ) VALUES ( '24311', 'http://www.gutenberg.org/ebooks/24311.txt.utf-8', 'text/plain' );
INSERT INTO files ( gid, file, mime ) VALUES ( '24311', 'http://www.gutenberg.org/files/24311/24311-8.txt', 'text/plain; charset=iso-8859-1' );
INSERT INTO files ( gid, file, mime ) VALUES ( '24311', 'http://www.gutenberg.org/files/24311/24311-8.zip', 'application/ziptext/plain; charset=iso-8859-1' );
INSERT INTO files ( gid, file, mime ) VALUES ( '24311', 'http://www.gutenberg.org/files/24311/24311-h.zip', 'text/html; charset=iso-8859-1application/zip' );
INSERT INTO files ( gid, file, mime ) VALUES ( '24311', 'http://www.gutenberg.org/files/24311/24311-h/24311-h.htm', 'text/html; charset=iso-8859-1' );
INSERT INTO files ( gid, file, mime ) VALUES ( '24311', 'http://www.gutenberg.org/files/24311/24311.txt', 'text/plain; charset=us-ascii' );
INSERT INTO files ( gid, file, mime ) VALUES ( '24311', 'http://www.gutenberg.org/files/24311/24311.zip', 'application/ziptext/plain; charset=us-ascii' );
INSERT INTO titles ( gid, title, author, language, rights ) VALUES ( '24411', 'Miragaia: Romance Popular', 'Almeida Garrett, João Batista da Silva Leitão de Almeida Garrett, Visconde de', 'pt', 'Public domain in the USA.' );
INSERT INTO classifications ( gid, classification ) VALUES ( '24411', 'PQ' );
INSERT INTO subjects ( gid, subject ) VALUES ( '24411', 'Poetry' );
INSERT INTO files ( gid, file, mime ) VALUES ( '24411', 'http://www.gutenberg.org/ebooks/24411.epub.images', 'application/epub+zip' );
INSERT INTO files ( gid, file, mime ) VALUES ( '24411', 'http://www.gutenberg.org/ebooks/24411.epub.noimages', 'application/epub+zip' );
INSERT INTO files ( gid, file, mime ) VALUES ( '24411', 'http://www.gutenberg.org/ebooks/24411.kindle.images', 'application/x-mobipocket-ebook' );
INSERT INTO files ( gid, file, mime ) VALUES ( '24411', 'http://www.gutenberg.org/ebooks/24411.kindle.noimages', 'application/x-mobipocket-ebook' );
INSERT INTO files ( gid, file, mime ) VALUES ( '24411', 'http://www.gutenberg.org/ebooks/24411.rdf', 'application/rdf+xml' );
INSERT INTO files ( gid, file, mime ) VALUES ( '24411', 'http://www.gutenberg.org/ebooks/24411.txt.utf-8', 'text/plain' );
INSERT INTO files ( gid, file, mime ) VALUES ( '24411', 'http://www.gutenberg.org/files/24411/24411-8.txt', 'text/plain; charset=iso-8859-1' );
INSERT INTO files ( gid, file, mime ) VALUES ( '24411', 'http://www.gutenberg.org/files/24411/24411-8.zip', 'text/plain; charset=iso-8859-1application/zip' );
INSERT INTO files ( gid, file, mime ) VALUES ( '24411', 'http://www.gutenberg.org/files/24411/24411-h.zip', 'text/html; charset=iso-8859-1application/zip' );
INSERT INTO files ( gid, file, mime ) VALUES ( '24411', 'http://www.gutenberg.org/files/24411/24411-h/24411-h.htm', 'text/html; charset=iso-8859-1' );
INSERT INTO titles ( gid, title, author, language, rights ) VALUES ( '24511', 'Helenan perhe Kertomus Romasta ensimäiseltä vuosisadalta', 'Charles, Elizabeth Rundle', 'fi', 'Public domain in the USA.' );
INSERT INTO classifications ( gid, classification ) VALUES ( '24511', 'PR' );
INSERT INTO subjects ( gid, subject ) VALUES ( '24511', 'Rome -- History -- Fiction' );
INSERT INTO files ( gid, file, mime ) VALUES ( '24511', 'http://www.gutenberg.org/ebooks/24511.epub.images', 'application/epub+zip' );
INSERT INTO files ( gid, file, mime ) VALUES ( '24511', 'http://www.gutenberg.org/ebooks/24511.epub.noimages', 'application/epub+zip' );
INSERT INTO files ( gid, file, mime ) VALUES ( '24511', 'http://www.gutenberg.org/ebooks/24511.html.images', 'text/html' );
INSERT INTO files ( gid, file, mime ) VALUES ( '24511', 'http://www.gutenberg.org/ebooks/24511.html.noimages', 'text/html' );
INSERT INTO files ( gid, file, mime ) VALUES ( '24511', 'http://www.gutenberg.org/ebooks/24511.kindle.images', 'application/x-mobipocket-ebook' );
INSERT INTO files ( gid, file, mime ) VALUES ( '24511', 'http://www.gutenberg.org/ebooks/24511.kindle.noimages', 'application/x-mobipocket-ebook' );
INSERT INTO files ( gid, file, mime ) VALUES ( '24511', 'http://www.gutenberg.org/ebooks/24511.rdf', 'application/rdf+xml' );
INSERT INTO files ( gid, file, mime ) VALUES ( '24511', 'http://www.gutenberg.org/ebooks/24511.txt.utf-8', 'text/plain' );
INSERT INTO files ( gid, file, mime ) VALUES ( '24511', 'http://www.gutenberg.org/files/24511/24511-8.txt', 'text/plain; charset=iso-8859-1' );
INSERT INTO files ( gid, file, mime ) VALUES ( '24511', 'http://www.gutenberg.org/files/24511/24511-8.zip', 'application/ziptext/plain; charset=iso-8859-1' );
INSERT INTO titles ( gid, title, author, language, rights ) VALUES ( '24611', 'The Adventures of Samuel and Selina', 'Archer, Jean C.', 'en', 'Public domain in the USA.' );
INSERT INTO classifications ( gid, classification ) VALUES ( '24611', 'PZ' );
INSERT INTO subjects ( gid, subject ) VALUES ( '24611', 'Picture books for children' );
INSERT INTO subjects ( gid, subject ) VALUES ( '24611', 'Children''s poetry' );
INSERT INTO files ( gid, file, mime ) VALUES ( '24611', 'http://www.gutenberg.org/cache/epub/24611/pg24611.cover.medium.jpg', 'image/jpeg' );
INSERT INTO files ( gid, file, mime ) VALUES ( '24611', 'http://www.gutenberg.org/cache/epub/24611/pg24611.cover.small.jpg', 'image/jpeg' );
INSERT INTO files ( gid, file, mime ) VALUES ( '24611', 'http://www.gutenberg.org/ebooks/24611.epub.images', 'application/epub+zip' );
INSERT INTO files ( gid, file, mime ) VALUES ( '24611', 'http://www.gutenberg.org/ebooks/24611.epub.noimages', 'application/epub+zip' );
INSERT INTO files ( gid, file, mime ) VALUES ( '24611', 'http://www.gutenberg.org/ebooks/24611.kindle.images', 'application/x-mobipocket-ebook' );
INSERT INTO files ( gid, file, mime ) VALUES ( '24611', 'http://www.gutenberg.org/ebooks/24611.kindle.noimages', 'application/x-mobipocket-ebook' );
INSERT INTO files ( gid, file, mime ) VALUES ( '24611', 'http://www.gutenberg.org/ebooks/24611.rdf', 'application/rdf+xml' );
INSERT INTO files ( gid, file, mime ) VALUES ( '24611', 'http://www.gutenberg.org/ebooks/24611.txt.utf-8', 'text/plain' );
INSERT INTO files ( gid, file, mime ) VALUES ( '24611', 'http://www.gutenberg.org/files/24611/24611-h.zip', 'text/html; charset=iso-8859-1application/zip' );
INSERT INTO files ( gid, file, mime ) VALUES ( '24611', 'http://www.gutenberg.org/files/24611/24611-h/24611-h.htm', 'text/html; charset=iso-8859-1' );
INSERT INTO files ( gid, file, mime ) VALUES ( '24611', 'http://www.gutenberg.org/files/24611/24611.txt', 'text/plain; charset=us-ascii' );
INSERT INTO files ( gid, file, mime ) VALUES ( '24611', 'http://www.gutenberg.org/files/24611/24611.zip', 'application/ziptext/plain; charset=us-ascii' );
INSERT INTO titles ( gid, title, author, language, rights ) VALUES ( '24711', 'Little Prudy', 'May, Sophie', 'en', 'Public domain in the USA.' );
INSERT INTO classifications ( gid, classification ) VALUES ( '24711', 'PZ' );
INSERT INTO subjects ( gid, subject ) VALUES ( '24711', 'Girls -- Juvenile fiction' );
INSERT INTO subjects ( gid, subject ) VALUES ( '24711', 'Children -- Conduct of life -- Juvenile fiction' );
INSERT INTO subjects ( gid, subject ) VALUES ( '24711', 'Maine -- Juvenile fiction' );
INSERT INTO subjects ( gid, subject ) VALUES ( '24711', 'Family -- Juvenile fiction' );
INSERT INTO subjects ( gid, subject ) VALUES ( '24711', 'Christian life -- Juvenile fiction' );
INSERT INTO files ( gid, file, mime ) VALUES ( '24711', 'http://www.gutenberg.org/ebooks/24711.epub.images', 'application/epub+zip' );
INSERT INTO files ( gid, file, mime ) VALUES ( '24711', 'http://www.gutenberg.org/ebooks/24711.epub.noimages', 'application/epub+zip' );
INSERT INTO files ( gid, file, mime ) VALUES ( '24711', 'http://www.gutenberg.org/ebooks/24711.kindle.images', 'application/x-mobipocket-ebook' );
INSERT INTO files ( gid, file, mime ) VALUES ( '24711', 'http://www.gutenberg.org/ebooks/24711.kindle.noimages', 'application/x-mobipocket-ebook' );
INSERT INTO files ( gid, file, mime ) VALUES ( '24711', 'http://www.gutenberg.org/ebooks/24711.rdf', 'application/rdf+xml' );
INSERT INTO files ( gid, file, mime ) VALUES ( '24711', 'http://www.gutenberg.org/ebooks/24711.txt.utf-8', 'text/plain' );
INSERT INTO files ( gid, file, mime ) VALUES ( '24711', 'http://www.gutenberg.org/files/24711/24711-h.zip', 'application/ziptext/html; charset=iso-8859-1' );
INSERT INTO files ( gid, file, mime ) VALUES ( '24711', 'http://www.gutenberg.org/files/24711/24711-h/24711-h.htm', 'text/html; charset=iso-8859-1' );
INSERT INTO files ( gid, file, mime ) VALUES ( '24711', 'http://www.gutenberg.org/files/24711/24711.txt', 'text/plain; charset=us-ascii' );
INSERT INTO files ( gid, file, mime ) VALUES ( '24711', 'http://www.gutenberg.org/files/24711/24711.zip', 'application/ziptext/plain; charset=us-ascii' );
INSERT INTO titles ( gid, title, author, language, rights ) VALUES ( '24811', 'Viking Tales', 'Hall, Jennie', 'en', 'Public domain in the USA.' );
INSERT INTO classifications ( gid, classification ) VALUES ( '24811', 'PZ' );
INSERT INTO subjects ( gid, subject ) VALUES ( '24811', 'Vikings -- Folklore' );
INSERT INTO subjects ( gid, subject ) VALUES ( '24811', 'Sagas -- Adaptations' );
INSERT INTO subjects ( gid, subject ) VALUES ( '24811', 'Short stories' );
INSERT INTO files ( gid, file, mime ) VALUES ( '24811', 'http://www.gutenberg.org/ebooks/24811.epub.images', 'application/epub+zip' );
INSERT INTO files ( gid, file, mime ) VALUES ( '24811', 'http://www.gutenberg.org/ebooks/24811.epub.noimages', 'application/epub+zip' );
INSERT INTO files ( gid, file, mime ) VALUES ( '24811', 'http://www.gutenberg.org/ebooks/24811.kindle.images', 'application/x-mobipocket-ebook' );
INSERT INTO files ( gid, file, mime ) VALUES ( '24811', 'http://www.gutenberg.org/ebooks/24811.kindle.noimages', 'application/x-mobipocket-ebook' );
INSERT INTO files ( gid, file, mime ) VALUES ( '24811', 'http://www.gutenberg.org/ebooks/24811.rdf', 'application/rdf+xml' );
INSERT INTO files ( gid, file, mime ) VALUES ( '24811', 'http://www.gutenberg.org/files/24811/24811-0.txt', 'text/plain; charset=utf-8' );
INSERT INTO files ( gid, file, mime ) VALUES ( '24811', 'http://www.gutenberg.org/files/24811/24811-0.zip', 'text/plain; charset=utf-8application/zip' );
INSERT INTO files ( gid, file, mime ) VALUES ( '24811', 'http://www.gutenberg.org/files/24811/24811-8.txt', 'text/plain; charset=iso-8859-1' );
INSERT INTO files ( gid, file, mime ) VALUES ( '24811', 'http://www.gutenberg.org/files/24811/24811-8.zip', 'text/plain; charset=iso-8859-1application/zip' );
INSERT INTO files ( gid, file, mime ) VALUES ( '24811', 'http://www.gutenberg.org/files/24811/24811-h.zip', 'text/html; charset=iso-8859-1application/zip' );
INSERT INTO files ( gid, file, mime ) VALUES ( '24811', 'http://www.gutenberg.org/files/24811/24811-h/24811-h.htm', 'text/html; charset=iso-8859-1' );
INSERT INTO files ( gid, file, mime ) VALUES ( '24811', 'http://www.gutenberg.org/files/24811/24811.txt', 'text/plain; charset=us-ascii' );
INSERT INTO files ( gid, file, mime ) VALUES ( '24811', 'http://www.gutenberg.org/files/24811/24811.zip', 'text/plain; charset=us-asciiapplication/zip' );
INSERT INTO titles ( gid, title, author, language, rights ) VALUES ( '24911', 'Young Glory and the Spanish Cruiser A Brave Fight Against Odds', 'Mott, Walter Fenton', 'en', 'Public domain in the USA.' );
INSERT INTO classifications ( gid, classification ) VALUES ( '24911', 'PZ' );
INSERT INTO subjects ( gid, subject ) VALUES ( '24911', 'Spanish-American War, 1898 -- Juvenile fiction' );
INSERT INTO subjects ( gid, subject ) VALUES ( '24911', 'War stories' );
INSERT INTO subjects ( gid, subject ) VALUES ( '24911', 'Seafaring life -- Juvenile fiction' );
INSERT INTO files ( gid, file, mime ) VALUES ( '24911', 'http://www.gutenberg.org/ebooks/24911.epub.images', 'application/epub+zip' );
INSERT INTO files ( gid, file, mime ) VALUES ( '24911', 'http://www.gutenberg.org/ebooks/24911.epub.noimages', 'application/epub+zip' );
INSERT INTO files ( gid, file, mime ) VALUES ( '24911', 'http://www.gutenberg.org/ebooks/24911.kindle.images', 'application/x-mobipocket-ebook' );
INSERT INTO files ( gid, file, mime ) VALUES ( '24911', 'http://www.gutenberg.org/ebooks/24911.kindle.noimages', 'application/x-mobipocket-ebook' );
INSERT INTO files ( gid, file, mime ) VALUES ( '24911', 'http://www.gutenberg.org/ebooks/24911.rdf', 'application/rdf+xml' );
INSERT INTO files ( gid, file, mime ) VALUES ( '24911', 'http://www.gutenberg.org/ebooks/24911.txt.utf-8', 'text/plain' );
INSERT INTO files ( gid, file, mime ) VALUES ( '24911', 'http://www.gutenberg.org/files/24911/24911-h.zip', 'text/html; charset=iso-8859-1application/zip' );
INSERT INTO files ( gid, file, mime ) VALUES ( '24911', 'http://www.gutenberg.org/files/24911/24911-h/24911-h.htm', 'text/html; charset=iso-8859-1' );
INSERT INTO files ( gid, file, mime ) VALUES ( '24911', 'http://www.gutenberg.org/files/24911/24911.txt', 'text/plain; charset=us-ascii' );
INSERT INTO files ( gid, file, mime ) VALUES ( '24911', 'http://www.gutenberg.org/files/24911/24911.zip', 'application/ziptext/plain; charset=us-ascii' );
INSERT INTO titles ( gid, title, author, language, rights ) VALUES ( '25011', 'Amtmannin Maria', 'Marlitt, E. (Eugenie)', 'fi', 'Public domain in the USA.' );
INSERT INTO classifications ( gid, classification ) VALUES ( '25011', 'PT' );
INSERT INTO subjects ( gid, subject ) VALUES ( '25011', 'Thuringia (Germany) -- Fiction' );
INSERT INTO files ( gid, file, mime ) VALUES ( '25011', 'http://www.gutenberg.org/ebooks/25011.epub.images', 'application/epub+zip' );
INSERT INTO files ( gid, file, mime ) VALUES ( '25011', 'http://www.gutenberg.org/ebooks/25011.epub.noimages', 'application/epub+zip' );
INSERT INTO files ( gid, file, mime ) VALUES ( '25011', 'http://www.gutenberg.org/ebooks/25011.html.images', 'text/html' );
INSERT INTO files ( gid, file, mime ) VALUES ( '25011', 'http://www.gutenberg.org/ebooks/25011.html.noimages', 'text/html' );
INSERT INTO files ( gid, file, mime ) VALUES ( '25011', 'http://www.gutenberg.org/ebooks/25011.kindle.images', 'application/x-mobipocket-ebook' );
INSERT INTO files ( gid, file, mime ) VALUES ( '25011', 'http://www.gutenberg.org/ebooks/25011.kindle.noimages', 'application/x-mobipocket-ebook' );
INSERT INTO files ( gid, file, mime ) VALUES ( '25011', 'http://www.gutenberg.org/ebooks/25011.rdf', 'application/rdf+xml' );
INSERT INTO files ( gid, file, mime ) VALUES ( '25011', 'http://www.gutenberg.org/ebooks/25011.txt.utf-8', 'text/plain' );
INSERT INTO files ( gid, file, mime ) VALUES ( '25011', 'http://www.gutenberg.org/files/25011/25011-8.txt', 'text/plain; charset=iso-8859-1' );
INSERT INTO files ( gid, file, mime ) VALUES ( '25011', 'http://www.gutenberg.org/files/25011/25011-8.zip', 'application/ziptext/plain; charset=iso-8859-1' );
INSERT INTO titles ( gid, title, author, language, rights ) VALUES ( '25111', 'Over the Fireside with Silent Friends', 'King, Richard', 'en', 'Public domain in the USA.' );
INSERT INTO classifications ( gid, classification ) VALUES ( '25111', 'PR' );
INSERT INTO subjects ( gid, subject ) VALUES ( '25111', 'Essays' );
INSERT INTO files ( gid, file, mime ) VALUES ( '25111', 'http://www.gutenberg.org/ebooks/25111.epub.images', 'application/epub+zip' );
INSERT INTO files ( gid, file, mime ) VALUES ( '25111', 'http://www.gutenberg.org/ebooks/25111.epub.noimages', 'application/epub+zip' );
INSERT INTO files ( gid, file, mime ) VALUES ( '25111', 'http://www.gutenberg.org/ebooks/25111.html.images', 'text/html' );
INSERT INTO files ( gid, file, mime ) VALUES ( '25111', 'http://www.gutenberg.org/ebooks/25111.html.noimages', 'text/html' );
INSERT INTO files ( gid, file, mime ) VALUES ( '25111', 'http://www.gutenberg.org/ebooks/25111.kindle.images', 'application/x-mobipocket-ebook' );
INSERT INTO files ( gid, file, mime ) VALUES ( '25111', 'http://www.gutenberg.org/ebooks/25111.kindle.noimages', 'application/x-mobipocket-ebook' );
INSERT INTO files ( gid, file, mime ) VALUES ( '25111', 'http://www.gutenberg.org/ebooks/25111.rdf', 'application/rdf+xml' );
INSERT INTO files ( gid, file, mime ) VALUES ( '25111', 'http://www.gutenberg.org/ebooks/25111.txt.utf-8', 'text/plain' );
INSERT INTO files ( gid, file, mime ) VALUES ( '25111', 'http://www.gutenberg.org/files/25111/25111-8.txt', 'text/plain; charset=iso-8859-1' );
INSERT INTO files ( gid, file, mime ) VALUES ( '25111', 'http://www.gutenberg.org/files/25111/25111-8.zip', 'text/plain; charset=iso-8859-1application/zip' );
INSERT INTO files ( gid, file, mime ) VALUES ( '25111', 'http://www.gutenberg.org/files/25111/25111.txt', 'text/plain; charset=us-ascii' );
INSERT INTO files ( gid, file, mime ) VALUES ( '25111', 'http://www.gutenberg.org/files/25111/25111.zip', 'application/ziptext/plain; charset=us-ascii' );
INSERT INTO titles ( gid, title, author, language, rights ) VALUES ( '2511', 'The History of Henry Esmond, Esq., a Colonel in the Service of Her Majesty Queen Anne', 'Thackeray, William Makepeace', 'en', 'Public domain in the USA.' );
INSERT INTO classifications ( gid, classification ) VALUES ( '2511', 'PR' );
INSERT INTO subjects ( gid, subject ) VALUES ( '2511', 'Great Britain -- History -- Anne, 1702-1714 -- Fiction' );
INSERT INTO subjects ( gid, subject ) VALUES ( '2511', 'Historical fiction' );
INSERT INTO files ( gid, file, mime ) VALUES ( '2511', 'http://www.gutenberg.org/ebooks/2511.epub.images', 'application/epub+zip' );
INSERT INTO files ( gid, file, mime ) VALUES ( '2511', 'http://www.gutenberg.org/ebooks/2511.epub.noimages', 'application/epub+zip' );
INSERT INTO files ( gid, file, mime ) VALUES ( '2511', 'http://www.gutenberg.org/ebooks/2511.kindle.images', 'application/x-mobipocket-ebook' );
INSERT INTO files ( gid, file, mime ) VALUES ( '2511', 'http://www.gutenberg.org/ebooks/2511.kindle.noimages', 'application/x-mobipocket-ebook' );
INSERT INTO files ( gid, file, mime ) VALUES ( '2511', 'http://www.gutenberg.org/ebooks/2511.rdf', 'application/rdf+xml' );
INSERT INTO files ( gid, file, mime ) VALUES ( '2511', 'http://www.gutenberg.org/files/2511/2511-0.txt', 'text/plain; charset=utf-8' );
INSERT INTO files ( gid, file, mime ) VALUES ( '2511', 'http://www.gutenberg.org/files/2511/2511-0.zip', 'text/plain; charset=utf-8application/zip' );
INSERT INTO files ( gid, file, mime ) VALUES ( '2511', 'http://www.gutenberg.org/files/2511/2511-h.zip', 'text/html; charset=utf-8application/zip' );
INSERT INTO files ( gid, file, mime ) VALUES ( '2511', 'http://www.gutenberg.org/files/2511/2511-h/2511-h.htm', 'text/html; charset=utf-8' );
INSERT INTO files ( gid, file, mime ) VALUES ( '2511', 'http://www.gutenberg.org/files/2511/2511.txt', 'text/plain; charset=us-ascii' );
INSERT INTO files ( gid, file, mime ) VALUES ( '2511', 'http://www.gutenberg.org/files/2511/2511.zip', 'application/ziptext/plain; charset=us-ascii' );
INSERT INTO titles ( gid, title, author, language, rights ) VALUES ( '25211', 'Il processo e l''assoluzione di "Mafarka il Futurista"', 'Sarfatti, Cesare', 'it', 'Public domain in the USA.' );
INSERT INTO classifications ( gid, classification ) VALUES ( '25211', 'PQ' );
INSERT INTO subjects ( gid, subject ) VALUES ( '25211', 'Futurism (Literary movement)' );
INSERT INTO subjects ( gid, subject ) VALUES ( '25211', 'Marinetti, Filippo Tommaso, 1876-1944. Mafarka le futuriste' );
INSERT INTO files ( gid, file, mime ) VALUES ( '25211', 'http://www.gutenberg.org/ebooks/25211.epub.images', 'application/epub+zip' );
INSERT INTO files ( gid, file, mime ) VALUES ( '25211', 'http://www.gutenberg.org/ebooks/25211.epub.noimages', 'application/epub+zip' );
INSERT INTO files ( gid, file, mime ) VALUES ( '25211', 'http://www.gutenberg.org/ebooks/25211.html.images', 'text/html' );
INSERT INTO files ( gid, file, mime ) VALUES ( '25211', 'http://www.gutenberg.org/ebooks/25211.html.noimages', 'text/html' );
INSERT INTO files ( gid, file, mime ) VALUES ( '25211', 'http://www.gutenberg.org/ebooks/25211.kindle.images', 'application/x-mobipocket-ebook' );
INSERT INTO files ( gid, file, mime ) VALUES ( '25211', 'http://www.gutenberg.org/ebooks/25211.kindle.noimages', 'application/x-mobipocket-ebook' );
INSERT INTO files ( gid, file, mime ) VALUES ( '25211', 'http://www.gutenberg.org/ebooks/25211.rdf', 'application/rdf+xml' );
INSERT INTO files ( gid, file, mime ) VALUES ( '25211', 'http://www.gutenberg.org/ebooks/25211.txt.utf-8', 'text/plain' );
INSERT INTO files ( gid, file, mime ) VALUES ( '25211', 'http://www.gutenberg.org/files/25211/25211-8.txt', 'text/plain; charset=iso-8859-1' );
INSERT INTO files ( gid, file, mime ) VALUES ( '25211', 'http://www.gutenberg.org/files/25211/25211-8.zip', 'text/plain; charset=iso-8859-1application/zip' );
INSERT INTO titles ( gid, title, author, language, rights ) VALUES ( '25311', 'El la vivo de esperantistoj', 'Stankiević, V.', 'eo', 'Public domain in the USA.' );
INSERT INTO classifications ( gid, classification ) VALUES ( '25311', 'PM' );
INSERT INTO subjects ( gid, subject ) VALUES ( '25311', 'Esperanto fiction' );
INSERT INTO files ( gid, file, mime ) VALUES ( '25311', 'http://www.gutenberg.org/ebooks/25311.epub.images', 'application/epub+zip' );
INSERT INTO files ( gid, file, mime ) VALUES ( '25311', 'http://www.gutenberg.org/ebooks/25311.epub.noimages', 'application/epub+zip' );
INSERT INTO files ( gid, file, mime ) VALUES ( '25311', 'http://www.gutenberg.org/ebooks/25311.rdf', 'application/rdf+xml' );
INSERT INTO files ( gid, file, mime ) VALUES ( '25311', 'http://www.gutenberg.org/files/25311/25311-0.txt', 'text/plain; charset=utf-8' );
INSERT INTO files ( gid, file, mime ) VALUES ( '25311', 'http://www.gutenberg.org/files/25311/25311-0.zip', 'text/plain; charset=utf-8application/zip' );
INSERT INTO files ( gid, file, mime ) VALUES ( '25311', 'http://www.gutenberg.org/files/25311/25311-h.zip', 'application/ziptext/html' );
INSERT INTO files ( gid, file, mime ) VALUES ( '25311', 'http://www.gutenberg.org/files/25311/25311-h/25311-h.htm', 'text/html' );
INSERT INTO files ( gid, file, mime ) VALUES ( '25311', 'http://www.gutenberg.org/files/25311/25311-tei.zip', 'application/zipapplication/prs.tei' );
INSERT INTO files ( gid, file, mime ) VALUES ( '25311', 'http://www.gutenberg.org/files/25311/25311-tei/25311-tei.tei', 'application/prs.tei' );
INSERT INTO files ( gid, file, mime ) VALUES ( '25311', 'http://www.gutenberg.org/files/25311/25311.txt', 'text/plain; charset=us-ascii' );
INSERT INTO files ( gid, file, mime ) VALUES ( '25311', 'http://www.gutenberg.org/files/25311/25311.zip', 'text/plain; charset=us-asciiapplication/zip' );
INSERT INTO titles ( gid, title, author, language, rights ) VALUES ( '25411', 'The Seven Wives of Bluebeard 1920', 'France, Anatole', 'en', 'Public domain in the USA.' );
INSERT INTO classifications ( gid, classification ) VALUES ( '25411', 'PQ' );
INSERT INTO subjects ( gid, subject ) VALUES ( '25411', 'Husband and wife -- Fiction' );
INSERT INTO subjects ( gid, subject ) VALUES ( '25411', 'Bluebeard (Legendary character) -- Fiction' );
INSERT INTO subjects ( gid, subject ) VALUES ( '25411', 'French fiction -- Translations into English' );
INSERT INTO files ( gid, file, mime ) VALUES ( '25411', 'http://www.gutenberg.org/cache/epub/25411/pg25411.cover.medium.jpg', 'image/jpeg' );
INSERT INTO files ( gid, file, mime ) VALUES ( '25411', 'http://www.gutenberg.org/cache/epub/25411/pg25411.cover.small.jpg', 'image/jpeg' );
INSERT INTO files ( gid, file, mime ) VALUES ( '25411', 'http://www.gutenberg.org/ebooks/25411.epub.images', 'application/epub+zip' );
INSERT INTO files ( gid, file, mime ) VALUES ( '25411', 'http://www.gutenberg.org/ebooks/25411.epub.noimages', 'application/epub+zip' );
INSERT INTO files ( gid, file, mime ) VALUES ( '25411', 'http://www.gutenberg.org/ebooks/25411.kindle.images', 'application/x-mobipocket-ebook' );
INSERT INTO files ( gid, file, mime ) VALUES ( '25411', 'http://www.gutenberg.org/ebooks/25411.kindle.noimages', 'application/x-mobipocket-ebook' );
INSERT INTO files ( gid, file, mime ) VALUES ( '25411', 'http://www.gutenberg.org/ebooks/25411.rdf', 'application/rdf+xml' );
INSERT INTO files ( gid, file, mime ) VALUES ( '25411', 'http://www.gutenberg.org/files/25411/25411-0.txt', 'text/plain; charset=utf-8' );
INSERT INTO files ( gid, file, mime ) VALUES ( '25411', 'http://www.gutenberg.org/files/25411/25411-0.zip', 'text/plain; charset=utf-8application/zip' );
INSERT INTO files ( gid, file, mime ) VALUES ( '25411', 'http://www.gutenberg.org/files/25411/25411-8.txt', 'text/plain; charset=iso-8859-1' );
INSERT INTO files ( gid, file, mime ) VALUES ( '25411', 'http://www.gutenberg.org/files/25411/25411-8.zip', 'text/plain; charset=iso-8859-1application/zip' );
INSERT INTO files ( gid, file, mime ) VALUES ( '25411', 'http://www.gutenberg.org/files/25411/25411-h.zip', 'text/html; charset=utf-8application/zip' );
INSERT INTO files ( gid, file, mime ) VALUES ( '25411', 'http://www.gutenberg.org/files/25411/25411-h/25411-h.htm', 'text/html; charset=utf-8' );
INSERT INTO files ( gid, file, mime ) VALUES ( '25411', 'http://www.gutenberg.org/files/25411/25411.txt', 'text/plain; charset=us-ascii' );
INSERT INTO files ( gid, file, mime ) VALUES ( '25411', 'http://www.gutenberg.org/files/25411/25411.zip', 'text/plain; charset=us-asciiapplication/zip' );
INSERT INTO titles ( gid, title, author, language, rights ) VALUES ( '25511', 'Ballads of Mystery and Miracle and Fyttes of Mirth Popular Ballads of the Olden Times - Second Series', 'Sidgwick, Frank', 'en', 'Public domain in the USA.' );
INSERT INTO classifications ( gid, classification ) VALUES ( '25511', 'PR' );
INSERT INTO subjects ( gid, subject ) VALUES ( '25511', 'Ballads, English -- Texts' );
INSERT INTO files ( gid, file, mime ) VALUES ( '25511', 'http://www.gutenberg.org/ebooks/25511.epub.images', 'application/epub+zip' );
INSERT INTO files ( gid, file, mime ) VALUES ( '25511', 'http://www.gutenberg.org/ebooks/25511.epub.noimages', 'application/epub+zip' );
INSERT INTO files ( gid, file, mime ) VALUES ( '25511', 'http://www.gutenberg.org/ebooks/25511.kindle.images', 'application/x-mobipocket-ebook' );
INSERT INTO files ( gid, file, mime ) VALUES ( '25511', 'http://www.gutenberg.org/ebooks/25511.kindle.noimages', 'application/x-mobipocket-ebook' );
INSERT INTO files ( gid, file, mime ) VALUES ( '25511', 'http://www.gutenberg.org/ebooks/25511.rdf', 'application/rdf+xml' );
INSERT INTO files ( gid, file, mime ) VALUES ( '25511', 'http://www.gutenberg.org/files/25511/25511-0.txt', 'text/plain; charset=utf-8' );
INSERT INTO files ( gid, file, mime ) VALUES ( '25511', 'http://www.gutenberg.org/files/25511/25511-0.zip', 'text/plain; charset=utf-8application/zip' );
INSERT INTO files ( gid, file, mime ) VALUES ( '25511', 'http://www.gutenberg.org/files/25511/25511-8.txt', 'text/plain; charset=iso-8859-1' );
INSERT INTO files ( gid, file, mime ) VALUES ( '25511', 'http://www.gutenberg.org/files/25511/25511-8.zip', 'text/plain; charset=iso-8859-1application/zip' );
INSERT INTO files ( gid, file, mime ) VALUES ( '25511', 'http://www.gutenberg.org/files/25511/25511-h.zip', 'text/html; charset=utf-8application/zip' );
INSERT INTO files ( gid, file, mime ) VALUES ( '25511', 'http://www.gutenberg.org/files/25511/25511-h/25511-h.htm', 'text/html; charset=utf-8' );
INSERT INTO files ( gid, file, mime ) VALUES ( '25511', 'http://www.gutenberg.org/files/25511/25511.txt', 'text/plain; charset=us-ascii' );
INSERT INTO files ( gid, file, mime ) VALUES ( '25511', 'http://www.gutenberg.org/files/25511/25511.zip', 'text/plain; charset=us-asciiapplication/zip' );
INSERT INTO titles ( gid, title, author, language, rights ) VALUES ( '25611', 'A Child''s Garden of Verses', 'Stevenson, Robert Louis', 'en', 'Public domain in the USA.' );
INSERT INTO classifications ( gid, classification ) VALUES ( '25611', 'PZ' );
INSERT INTO classifications ( gid, classification ) VALUES ( '25611', 'PR' );
INSERT INTO subjects ( gid, subject ) VALUES ( '25611', 'Children''s poetry, English' );
INSERT INTO files ( gid, file, mime ) VALUES ( '25611', 'http://www.gutenberg.org/cache/epub/25611/pg25611.cover.medium.jpg', 'image/jpeg' );
INSERT INTO files ( gid, file, mime ) VALUES ( '25611', 'http://www.gutenberg.org/cache/epub/25611/pg25611.cover.small.jpg', 'image/jpeg' );
INSERT INTO files ( gid, file, mime ) VALUES ( '25611', 'http://www.gutenberg.org/ebooks/25611.epub.images', 'application/epub+zip' );
INSERT INTO files ( gid, file, mime ) VALUES ( '25611', 'http://www.gutenberg.org/ebooks/25611.epub.noimages', 'application/epub+zip' );
INSERT INTO files ( gid, file, mime ) VALUES ( '25611', 'http://www.gutenberg.org/ebooks/25611.kindle.images', 'application/x-mobipocket-ebook' );
INSERT INTO files ( gid, file, mime ) VALUES ( '25611', 'http://www.gutenberg.org/ebooks/25611.kindle.noimages', 'application/x-mobipocket-ebook' );
INSERT INTO files ( gid, file, mime ) VALUES ( '25611', 'http://www.gutenberg.org/ebooks/25611.rdf', 'application/rdf+xml' );
INSERT INTO files ( gid, file, mime ) VALUES ( '25611', 'http://www.gutenberg.org/ebooks/25611.txt.utf-8', 'text/plain' );
INSERT INTO files ( gid, file, mime ) VALUES ( '25611', 'http://www.gutenberg.org/files/25611/25611-h.zip', 'application/ziptext/html; charset=iso-8859-1' );
INSERT INTO files ( gid, file, mime ) VALUES ( '25611', 'http://www.gutenberg.org/files/25611/25611-h/25611-h.htm', 'text/html; charset=iso-8859-1' );
INSERT INTO files ( gid, file, mime ) VALUES ( '25611', 'http://www.gutenberg.org/files/25611/25611.txt', 'text/plain; charset=us-ascii' );
INSERT INTO files ( gid, file, mime ) VALUES ( '25611', 'http://www.gutenberg.org/files/25611/25611.zip', 'application/ziptext/plain; charset=us-ascii' );
INSERT INTO titles ( gid, title, author, language, rights ) VALUES ( '25711', 'Freedom in Science and Teaching. from the German of Ernst Haeckel', 'Haeckel, Ernst', 'en', 'Public domain in the USA.' );
INSERT INTO classifications ( gid, classification ) VALUES ( '25711', 'LA' );
INSERT INTO classifications ( gid, classification ) VALUES ( '25711', 'QH' );
INSERT INTO subjects ( gid, subject ) VALUES ( '25711', 'Science -- Study and teaching' );
INSERT INTO subjects ( gid, subject ) VALUES ( '25711', 'Virchow, Rudolf Ludwig Karl, 1821-1902. Freiheit der Wissenschaft im modernen Staat' );
INSERT INTO subjects ( gid, subject ) VALUES ( '25711', 'Teaching, Freedom of' );
INSERT INTO subjects ( gid, subject ) VALUES ( '25711', 'Evolution (Biology)' );
INSERT INTO files ( gid, file, mime ) VALUES ( '25711', 'http://www.gutenberg.org/ebooks/25711.epub.images', 'application/epub+zip' );
INSERT INTO files ( gid, file, mime ) VALUES ( '25711', 'http://www.gutenberg.org/ebooks/25711.epub.noimages', 'application/epub+zip' );
INSERT INTO files ( gid, file, mime ) VALUES ( '25711', 'http://www.gutenberg.org/ebooks/25711.kindle.images', 'application/x-mobipocket-ebook' );
INSERT INTO files ( gid, file, mime ) VALUES ( '25711', 'http://www.gutenberg.org/ebooks/25711.kindle.noimages', 'application/x-mobipocket-ebook' );
INSERT INTO files ( gid, file, mime ) VALUES ( '25711', 'http://www.gutenberg.org/ebooks/25711.rdf', 'application/rdf+xml' );
INSERT INTO files ( gid, file, mime ) VALUES ( '25711', 'http://www.gutenberg.org/ebooks/25711.txt.utf-8', 'text/plain' );
INSERT INTO files ( gid, file, mime ) VALUES ( '25711', 'http://www.gutenberg.org/files/25711/25711-8.txt', 'text/plain; charset=iso-8859-1' );
INSERT INTO files ( gid, file, mime ) VALUES ( '25711', 'http://www.gutenberg.org/files/25711/25711-8.zip', 'text/plain; charset=iso-8859-1application/zip' );
INSERT INTO files ( gid, file, mime ) VALUES ( '25711', 'http://www.gutenberg.org/files/25711/25711-h.zip', 'application/ziptext/html; charset=iso-8859-1' );
INSERT INTO files ( gid, file, mime ) VALUES ( '25711', 'http://www.gutenberg.org/files/25711/25711-h/25711-h.htm', 'text/html; charset=iso-8859-1' );
INSERT INTO files ( gid, file, mime ) VALUES ( '25711', 'http://www.gutenberg.org/files/25711/25711.txt', 'text/plain; charset=us-ascii' );
INSERT INTO files ( gid, file, mime ) VALUES ( '25711', 'http://www.gutenberg.org/files/25711/25711.zip', 'application/ziptext/plain; charset=us-ascii' );
INSERT INTO titles ( gid, title, author, language, rights ) VALUES ( '25811', 'The Automobile Girls in the Berkshires; Or, The Ghost of Lost Man''s Trail', 'Crane, Laura Dent', 'en', 'Public domain in the USA.' );
INSERT INTO classifications ( gid, classification ) VALUES ( '25811', 'PZ' );
INSERT INTO subjects ( gid, subject ) VALUES ( '25811', 'Airships -- Juvenile fiction' );
INSERT INTO subjects ( gid, subject ) VALUES ( '25811', 'Adventure and adventurers -- Juvenile fiction' );
INSERT INTO subjects ( gid, subject ) VALUES ( '25811', 'Berkshire Hills (Mass.) -- Juvenile fiction' );
INSERT INTO subjects ( gid, subject ) VALUES ( '25811', 'Horses -- Juvenile fiction' );
INSERT INTO subjects ( gid, subject ) VALUES ( '25811', 'Girls -- Societies and clubs -- Juvenile fiction' );
INSERT INTO subjects ( gid, subject ) VALUES ( '25811', 'Automobile travel -- Juvenile fiction' );
INSERT INTO files ( gid, file, mime ) VALUES ( '25811', 'http://www.gutenberg.org/ebooks/25811.epub.images', 'application/epub+zip' );
INSERT INTO files ( gid, file, mime ) VALUES ( '25811', 'http://www.gutenberg.org/ebooks/25811.epub.noimages', 'application/epub+zip' );
INSERT INTO files ( gid, file, mime ) VALUES ( '25811', 'http://www.gutenberg.org/ebooks/25811.kindle.images', 'application/x-mobipocket-ebook' );
INSERT INTO files ( gid, file, mime ) VALUES ( '25811', 'http://www.gutenberg.org/ebooks/25811.kindle.noimages', 'application/x-mobipocket-ebook' );
INSERT INTO files ( gid, file, mime ) VALUES ( '25811', 'http://www.gutenberg.org/ebooks/25811.rdf', 'application/rdf+xml' );
INSERT INTO files ( gid, file, mime ) VALUES ( '25811', 'http://www.gutenberg.org/ebooks/25811.txt.utf-8', 'text/plain' );
INSERT INTO files ( gid, file, mime ) VALUES ( '25811', 'http://www.gutenberg.org/files/25811/25811-8.txt', 'text/plain; charset=iso-8859-1' );
INSERT INTO files ( gid, file, mime ) VALUES ( '25811', 'http://www.gutenberg.org/files/25811/25811-8.zip', 'application/ziptext/plain; charset=iso-8859-1' );
INSERT INTO files ( gid, file, mime ) VALUES ( '25811', 'http://www.gutenberg.org/files/25811/25811-h.zip', 'application/ziptext/html; charset=iso-8859-1' );
INSERT INTO files ( gid, file, mime ) VALUES ( '25811', 'http://www.gutenberg.org/files/25811/25811-h/25811-h.htm', 'text/html; charset=iso-8859-1' );
INSERT INTO files ( gid, file, mime ) VALUES ( '25811', 'http://www.gutenberg.org/files/25811/25811.txt', 'text/plain; charset=us-ascii' );
INSERT INTO files ( gid, file, mime ) VALUES ( '25811', 'http://www.gutenberg.org/files/25811/25811.zip', 'text/plain; charset=us-asciiapplication/zip' );
INSERT INTO titles ( gid, title, author, language, rights ) VALUES ( '25911', 'Sea Power in its Relations to the War of 1812 Volume 1', 'Mahan, A. T. (Alfred Thayer)', 'en', 'Public domain in the USA.' );
INSERT INTO subjects ( gid, subject ) VALUES ( '25911', 'E300' );
INSERT INTO subjects ( gid, subject ) VALUES ( '25911', 'United States. Navy -- History -- War of 1812' );
INSERT INTO subjects ( gid, subject ) VALUES ( '25911', 'Sea-power' );
INSERT INTO subjects ( gid, subject ) VALUES ( '25911', 'United States -- History -- War of 1812' );
INSERT INTO subjects ( gid, subject ) VALUES ( '25911', 'United States -- History -- War of 1812 -- Naval operations' );
INSERT INTO files ( gid, file, mime ) VALUES ( '25911', 'http://www.gutenberg.org/ebooks/25911.epub.images', 'application/epub+zip' );
INSERT INTO files ( gid, file, mime ) VALUES ( '25911', 'http://www.gutenberg.org/ebooks/25911.epub.noimages', 'application/epub+zip' );
INSERT INTO files ( gid, file, mime ) VALUES ( '25911', 'http://www.gutenberg.org/ebooks/25911.kindle.images', 'application/x-mobipocket-ebook' );
INSERT INTO files ( gid, file, mime ) VALUES ( '25911', 'http://www.gutenberg.org/ebooks/25911.kindle.noimages', 'application/x-mobipocket-ebook' );
INSERT INTO files ( gid, file, mime ) VALUES ( '25911', 'http://www.gutenberg.org/ebooks/25911.rdf', 'application/rdf+xml' );
INSERT INTO files ( gid, file, mime ) VALUES ( '25911', 'http://www.gutenberg.org/ebooks/25911.txt.utf-8', 'text/plain' );
INSERT INTO files ( gid, file, mime ) VALUES ( '25911', 'http://www.gutenberg.org/files/25911/25911-8.txt', 'text/plain; charset=iso-8859-1' );
INSERT INTO files ( gid, file, mime ) VALUES ( '25911', 'http://www.gutenberg.org/files/25911/25911-8.zip', 'text/plain; charset=iso-8859-1application/zip' );
INSERT INTO files ( gid, file, mime ) VALUES ( '25911', 'http://www.gutenberg.org/files/25911/25911-h.zip', 'text/html; charset=iso-8859-1application/zip' );
INSERT INTO files ( gid, file, mime ) VALUES ( '25911', 'http://www.gutenberg.org/files/25911/25911-h/25911-h.htm', 'text/html; charset=iso-8859-1' );
INSERT INTO files ( gid, file, mime ) VALUES ( '25911', 'http://www.gutenberg.org/files/25911/25911.txt', 'text/plain; charset=us-ascii' );
INSERT INTO files ( gid, file, mime ) VALUES ( '25911', 'http://www.gutenberg.org/files/25911/25911.zip', 'application/ziptext/plain; charset=us-ascii' );
INSERT INTO titles ( gid, title, author, language, rights ) VALUES ( '26011', 'The Prairie Mother', 'Stringer, Arthur', 'en', 'Public domain in the USA.' );
INSERT INTO classifications ( gid, classification ) VALUES ( '26011', 'PS' );
INSERT INTO subjects ( gid, subject ) VALUES ( '26011', 'Canada -- Fiction' );
INSERT INTO subjects ( gid, subject ) VALUES ( '26011', 'Family life -- Fiction' );
INSERT INTO subjects ( gid, subject ) VALUES ( '26011', 'Married people -- Fiction' );
INSERT INTO subjects ( gid, subject ) VALUES ( '26011', 'Frontier and pioneer life -- Prairie Provinces -- Fiction' );
INSERT INTO files ( gid, file, mime ) VALUES ( '26011', 'http://www.gutenberg.org/cache/epub/26011/pg26011.cover.medium.jpg', 'image/jpeg' );
INSERT INTO files ( gid, file, mime ) VALUES ( '26011', 'http://www.gutenberg.org/cache/epub/26011/pg26011.cover.small.jpg', 'image/jpeg' );
INSERT INTO files ( gid, file, mime ) VALUES ( '26011', 'http://www.gutenberg.org/ebooks/26011.epub.images', 'application/epub+zip' );
INSERT INTO files ( gid, file, mime ) VALUES ( '26011', 'http://www.gutenberg.org/ebooks/26011.epub.noimages', 'application/epub+zip' );
INSERT INTO files ( gid, file, mime ) VALUES ( '26011', 'http://www.gutenberg.org/ebooks/26011.kindle.images', 'application/x-mobipocket-ebook' );
INSERT INTO files ( gid, file, mime ) VALUES ( '26011', 'http://www.gutenberg.org/ebooks/26011.kindle.noimages', 'application/x-mobipocket-ebook' );
INSERT INTO files ( gid, file, mime ) VALUES ( '26011', 'http://www.gutenberg.org/ebooks/26011.rdf', 'application/rdf+xml' );
INSERT INTO files ( gid, file, mime ) VALUES ( '26011', 'http://www.gutenberg.org/ebooks/26011.txt.utf-8', 'text/plain' );
INSERT INTO files ( gid, file, mime ) VALUES ( '26011', 'http://www.gutenberg.org/files/26011/26011-8.txt', 'text/plain; charset=iso-8859-1' );
INSERT INTO files ( gid, file, mime ) VALUES ( '26011', 'http://www.gutenberg.org/files/26011/26011-8.zip', 'text/plain; charset=iso-8859-1application/zip' );
INSERT INTO files ( gid, file, mime ) VALUES ( '26011', 'http://www.gutenberg.org/files/26011/26011-h.zip', 'application/ziptext/html; charset=iso-8859-1' );
INSERT INTO files ( gid, file, mime ) VALUES ( '26011', 'http://www.gutenberg.org/files/26011/26011-h/26011-h.htm', 'text/html; charset=iso-8859-1' );
INSERT INTO files ( gid, file, mime ) VALUES ( '26011', 'http://www.gutenberg.org/files/26011/26011.txt', 'text/plain; charset=us-ascii' );
INSERT INTO files ( gid, file, mime ) VALUES ( '26011', 'http://www.gutenberg.org/files/26011/26011.zip', 'text/plain; charset=us-asciiapplication/zip' );
INSERT INTO titles ( gid, title, author, language, rights ) VALUES ( '2611', 'Confiscation; An Outline', 'Greenwood, William', 'en', 'Public domain in the USA.' );
INSERT INTO classifications ( gid, classification ) VALUES ( '2611', 'HN' );
INSERT INTO subjects ( gid, subject ) VALUES ( '2611', 'Confiscations' );
INSERT INTO subjects ( gid, subject ) VALUES ( '2611', 'United States -- Social conditions -- 1865-1918' );
INSERT INTO files ( gid, file, mime ) VALUES ( '2611', 'http://www.gutenberg.org/ebooks/2611.epub.images', 'application/epub+zip' );
INSERT INTO files ( gid, file, mime ) VALUES ( '2611', 'http://www.gutenberg.org/ebooks/2611.epub.noimages', 'application/epub+zip' );
INSERT INTO files ( gid, file, mime ) VALUES ( '2611', 'http://www.gutenberg.org/ebooks/2611.html.images', 'text/html' );
INSERT INTO files ( gid, file, mime ) VALUES ( '2611', 'http://www.gutenberg.org/ebooks/2611.html.noimages', 'text/html' );
INSERT INTO files ( gid, file, mime ) VALUES ( '2611', 'http://www.gutenberg.org/ebooks/2611.kindle.images', 'application/x-mobipocket-ebook' );
INSERT INTO files ( gid, file, mime ) VALUES ( '2611', 'http://www.gutenberg.org/ebooks/2611.kindle.noimages', 'application/x-mobipocket-ebook' );
INSERT INTO files ( gid, file, mime ) VALUES ( '2611', 'http://www.gutenberg.org/ebooks/2611.rdf', 'application/rdf+xml' );
INSERT INTO files ( gid, file, mime ) VALUES ( '2611', 'http://www.gutenberg.org/ebooks/2611.txt.utf-8', 'text/plain' );
INSERT INTO files ( gid, file, mime ) VALUES ( '2611', 'http://www.gutenberg.org/files/2611/2611.txt', 'text/plain; charset=us-ascii' );
INSERT INTO files ( gid, file, mime ) VALUES ( '2611', 'http://www.gutenberg.org/files/2611/2611.zip', 'application/ziptext/plain; charset=us-ascii' );
INSERT INTO titles ( gid, title, author, language, rights ) VALUES ( '26111', 'In A New World; or, Among The Gold Fields Of Australia', 'Alger, Horatio, Jr.', 'en', 'Public domain in the USA.' );
INSERT INTO classifications ( gid, classification ) VALUES ( '26111', 'PZ' );
INSERT INTO subjects ( gid, subject ) VALUES ( '26111', 'Adventure and adventurers -- Fiction' );
INSERT INTO subjects ( gid, subject ) VALUES ( '26111', 'Australia -- History -- 19th century -- Fiction' );
INSERT INTO subjects ( gid, subject ) VALUES ( '26111', 'Gold mines and mining -- Fiction' );
INSERT INTO files ( gid, file, mime ) VALUES ( '26111', 'http://www.gutenberg.org/ebooks/26111.epub.images', 'application/epub+zip' );
INSERT INTO files ( gid, file, mime ) VALUES ( '26111', 'http://www.gutenberg.org/ebooks/26111.epub.noimages', 'application/epub+zip' );
INSERT INTO files ( gid, file, mime ) VALUES ( '26111', 'http://www.gutenberg.org/ebooks/26111.kindle.images', 'application/x-mobipocket-ebook' );
INSERT INTO files ( gid, file, mime ) VALUES ( '26111', 'http://www.gutenberg.org/ebooks/26111.kindle.noimages', 'application/x-mobipocket-ebook' );
INSERT INTO files ( gid, file, mime ) VALUES ( '26111', 'http://www.gutenberg.org/ebooks/26111.rdf', 'application/rdf+xml' );
INSERT INTO files ( gid, file, mime ) VALUES ( '26111', 'http://www.gutenberg.org/ebooks/26111.txt.utf-8', 'text/plain' );
INSERT INTO files ( gid, file, mime ) VALUES ( '26111', 'http://www.gutenberg.org/files/26111/26111-h.zip', 'application/zipapplication/octet-stream' );
INSERT INTO files ( gid, file, mime ) VALUES ( '26111', 'http://www.gutenberg.org/files/26111/26111-h/26111-h.htm', 'text/html' );
INSERT INTO files ( gid, file, mime ) VALUES ( '26111', 'http://www.gutenberg.org/files/26111/26111.txt', 'text/plain; charset=us-ascii' );
INSERT INTO files ( gid, file, mime ) VALUES ( '26111', 'http://www.gutenberg.org/files/26111/26111.zip', 'text/plain; charset=us-asciiapplication/zip' );
INSERT INTO titles ( gid, title, author, language, rights ) VALUES ( '26211', 'Histoire des Plus Célèbres Amateurs Étrangers Espagnols, Anglais, Flamands, Hollandais et Allemands et de leurs relations avec les artistes', 'Dumesnil, Antoine Jules', 'fr', 'Public domain in the USA.' );
INSERT INTO classifications ( gid, classification ) VALUES ( '26211', 'N' );
INSERT INTO subjects ( gid, subject ) VALUES ( '26211', 'Art -- Collectors and collecting' );
INSERT INTO subjects ( gid, subject ) VALUES ( '26211', 'Art patronage' );
INSERT INTO files ( gid, file, mime ) VALUES ( '26211', 'http://www.gutenberg.org/ebooks/26211.epub.images', 'application/epub+zip' );
INSERT INTO files ( gid, file, mime ) VALUES ( '26211', 'http://www.gutenberg.org/ebooks/26211.epub.noimages', 'application/epub+zip' );
INSERT INTO files ( gid, file, mime ) VALUES ( '26211', 'http://www.gutenberg.org/ebooks/26211.kindle.images', 'application/x-mobipocket-ebook' );
INSERT INTO files ( gid, file, mime ) VALUES ( '26211', 'http://www.gutenberg.org/ebooks/26211.kindle.noimages', 'application/x-mobipocket-ebook' );
INSERT INTO files ( gid, file, mime ) VALUES ( '26211', 'http://www.gutenberg.org/ebooks/26211.rdf', 'application/rdf+xml' );
INSERT INTO files ( gid, file, mime ) VALUES ( '26211', 'http://www.gutenberg.org/files/26211/26211-0.txt', 'text/plain; charset=utf-8' );
INSERT INTO files ( gid, file, mime ) VALUES ( '26211', 'http://www.gutenberg.org/files/26211/26211-0.zip', 'application/ziptext/plain; charset=utf-8' );
INSERT INTO files ( gid, file, mime ) VALUES ( '26211', 'http://www.gutenberg.org/files/26211/26211-8.txt', 'text/plain; charset=iso-8859-1' );
INSERT INTO files ( gid, file, mime ) VALUES ( '26211', 'http://www.gutenberg.org/files/26211/26211-8.zip', 'text/plain; charset=iso-8859-1application/zip' );
INSERT INTO files ( gid, file, mime ) VALUES ( '26211', 'http://www.gutenberg.org/files/26211/26211-h.zip', 'application/ziptext/html; charset=iso-8859-1' );
INSERT INTO files ( gid, file, mime ) VALUES ( '26211', 'http://www.gutenberg.org/files/26211/26211-h/26211-h.htm', 'text/html; charset=iso-8859-1' );
INSERT INTO titles ( gid, title, author, language, rights ) VALUES ( '26311', 'Choice Cookery', 'Owen, Catherine', 'en', 'Public domain in the USA.' );
INSERT INTO classifications ( gid, classification ) VALUES ( '26311', 'TX' );
INSERT INTO subjects ( gid, subject ) VALUES ( '26311', 'Cooking, American' );
INSERT INTO files ( gid, file, mime ) VALUES ( '26311', 'http://www.gutenberg.org/ebooks/26311.epub.images', 'application/epub+zip' );
INSERT INTO files ( gid, file, mime ) VALUES ( '26311', 'http://www.gutenberg.org/ebooks/26311.epub.noimages', 'application/epub+zip' );
INSERT INTO files ( gid, file, mime ) VALUES ( '26311', 'http://www.gutenberg.org/ebooks/26311.kindle.images', 'application/x-mobipocket-ebook' );
INSERT INTO files ( gid, file, mime ) VALUES ( '26311', 'http://www.gutenberg.org/ebooks/26311.kindle.noimages', 'application/x-mobipocket-ebook' );
INSERT INTO files ( gid, file, mime ) VALUES ( '26311', 'http://www.gutenberg.org/ebooks/26311.rdf', 'application/rdf+xml' );
INSERT INTO files ( gid, file, mime ) VALUES ( '26311', 'http://www.gutenberg.org/files/26311/26311-0.txt', 'text/plain; charset=utf-8' );
INSERT INTO files ( gid, file, mime ) VALUES ( '26311', 'http://www.gutenberg.org/files/26311/26311-0.zip', 'application/ziptext/plain; charset=utf-8' );
INSERT INTO files ( gid, file, mime ) VALUES ( '26311', 'http://www.gutenberg.org/files/26311/26311-8.txt', 'text/plain; charset=iso-8859-1' );
INSERT INTO files ( gid, file, mime ) VALUES ( '26311', 'http://www.gutenberg.org/files/26311/26311-8.zip', 'text/plain; charset=iso-8859-1application/zip' );
INSERT INTO files ( gid, file, mime ) VALUES ( '26311', 'http://www.gutenberg.org/files/26311/26311-h.zip', 'text/html; charset=iso-8859-1application/zip' );
INSERT INTO files ( gid, file, mime ) VALUES ( '26311', 'http://www.gutenberg.org/files/26311/26311-h/26311-h.htm', 'text/html; charset=iso-8859-1' );
INSERT INTO files ( gid, file, mime ) VALUES ( '26311', 'http://www.gutenberg.org/files/26311/26311.txt', 'text/plain; charset=us-ascii' );
INSERT INTO files ( gid, file, mime ) VALUES ( '26311', 'http://www.gutenberg.org/files/26311/26311.zip', 'text/plain; charset=us-asciiapplication/zip' );
INSERT INTO titles ( gid, title, author, language, rights ) VALUES ( '26411', 'Villa Nova de Gaia', 'Vaz, João', 'pt', 'Public domain in the USA.' );
INSERT INTO classifications ( gid, classification ) VALUES ( '26411', 'PQ' );
INSERT INTO subjects ( gid, subject ) VALUES ( '26411', 'Romance-language literature -- 16th century -- History and criticism' );
INSERT INTO subjects ( gid, subject ) VALUES ( '26411', 'Portuguese poetry' );
INSERT INTO files ( gid, file, mime ) VALUES ( '26411', 'http://www.gutenberg.org/ebooks/26411.epub.images', 'application/epub+zip' );
INSERT INTO files ( gid, file, mime ) VALUES ( '26411', 'http://www.gutenberg.org/ebooks/26411.epub.noimages', 'application/epub+zip' );
INSERT INTO files ( gid, file, mime ) VALUES ( '26411', 'http://www.gutenberg.org/ebooks/26411.kindle.images', 'application/x-mobipocket-ebook' );
INSERT INTO files ( gid, file, mime ) VALUES ( '26411', 'http://www.gutenberg.org/ebooks/26411.kindle.noimages', 'application/x-mobipocket-ebook' );
INSERT INTO files ( gid, file, mime ) VALUES ( '26411', 'http://www.gutenberg.org/ebooks/26411.rdf', 'application/rdf+xml' );
INSERT INTO files ( gid, file, mime ) VALUES ( '26411', 'http://www.gutenberg.org/ebooks/26411.txt.utf-8', 'text/plain' );
INSERT INTO files ( gid, file, mime ) VALUES ( '26411', 'http://www.gutenberg.org/files/26411/26411-8.txt', 'text/plain; charset=iso-8859-1' );
INSERT INTO files ( gid, file, mime ) VALUES ( '26411', 'http://www.gutenberg.org/files/26411/26411-8.zip', 'text/plain; charset=iso-8859-1application/zip' );
INSERT INTO files ( gid, file, mime ) VALUES ( '26411', 'http://www.gutenberg.org/files/26411/26411-h.zip', 'application/ziptext/html; charset=iso-8859-1' );
INSERT INTO files ( gid, file, mime ) VALUES ( '26411', 'http://www.gutenberg.org/files/26411/26411-h/26411-h.htm', 'text/html; charset=iso-8859-1' );
INSERT INTO titles ( gid, title, author, language, rights ) VALUES ( '26511', 'À travers l''hémisphère sud, ou Mon second voyage autour du monde Tome 2; Équateur, Panama, Antilles, Mexique, Îles Sandwich, Nouvelle-Zélande, Tasmanie, Australie.', 'Michel, Ernest', 'fr', 'Public domain in the USA.' );
INSERT INTO classifications ( gid, classification ) VALUES ( '26511', 'G' );
INSERT INTO subjects ( gid, subject ) VALUES ( '26511', 'Voyages around the world' );
INSERT INTO subjects ( gid, subject ) VALUES ( '26511', 'Voyages and travels' );
INSERT INTO files ( gid, file, mime ) VALUES ( '26511', 'http://www.gutenberg.org/ebooks/26511.epub.images', 'application/epub+zip' );
INSERT INTO files ( gid, file, mime ) VALUES ( '26511', 'http://www.gutenberg.org/ebooks/26511.epub.noimages', 'application/epub+zip' );
INSERT INTO files ( gid, file, mime ) VALUES ( '26511', 'http://www.gutenberg.org/ebooks/26511.kindle.images', 'application/x-mobipocket-ebook' );
INSERT INTO files ( gid, file, mime ) VALUES ( '26511', 'http://www.gutenberg.org/ebooks/26511.kindle.noimages', 'application/x-mobipocket-ebook' );
INSERT INTO files ( gid, file, mime ) VALUES ( '26511', 'http://www.gutenberg.org/ebooks/26511.rdf', 'application/rdf+xml' );
INSERT INTO files ( gid, file, mime ) VALUES ( '26511', 'http://www.gutenberg.org/ebooks/26511.txt.utf-8', 'text/plain' );
INSERT INTO files ( gid, file, mime ) VALUES ( '26511', 'http://www.gutenberg.org/files/26511/26511-8.txt', 'text/plain; charset=iso-8859-1' );
INSERT INTO files ( gid, file, mime ) VALUES ( '26511', 'http://www.gutenberg.org/files/26511/26511-8.zip', 'text/plain; charset=iso-8859-1application/zip' );
INSERT INTO files ( gid, file, mime ) VALUES ( '26511', 'http://www.gutenberg.org/files/26511/26511-h.zip', 'text/html; charset=iso-8859-1application/zip' );
INSERT INTO files ( gid, file, mime ) VALUES ( '26511', 'http://www.gutenberg.org/files/26511/26511-h/26511-h.htm', 'text/html; charset=iso-8859-1' );
INSERT INTO titles ( gid, title, author, language, rights ) VALUES ( '26611', 'Enthusiasm and Other Poems', 'Moodie, Susanna', 'en', 'Public domain in the USA.' );
INSERT INTO classifications ( gid, classification ) VALUES ( '26611', 'PS' );
INSERT INTO subjects ( gid, subject ) VALUES ( '26611', 'Poetry' );
INSERT INTO files ( gid, file, mime ) VALUES ( '26611', 'http://www.gutenberg.org/ebooks/26611.epub.images', 'application/epub+zip' );
INSERT INTO files ( gid, file, mime ) VALUES ( '26611', 'http://www.gutenberg.org/ebooks/26611.epub.noimages', 'application/epub+zip' );
INSERT INTO files ( gid, file, mime ) VALUES ( '26611', 'http://www.gutenberg.org/ebooks/26611.kindle.images', 'application/x-mobipocket-ebook' );
INSERT INTO files ( gid, file, mime ) VALUES ( '26611', 'http://www.gutenberg.org/ebooks/26611.kindle.noimages', 'application/x-mobipocket-ebook' );
INSERT INTO files ( gid, file, mime ) VALUES ( '26611', 'http://www.gutenberg.org/ebooks/26611.rdf', 'application/rdf+xml' );
INSERT INTO files ( gid, file, mime ) VALUES ( '26611', 'http://www.gutenberg.org/ebooks/26611.txt.utf-8', 'text/plain' );
INSERT INTO files ( gid, file, mime ) VALUES ( '26611', 'http://www.gutenberg.org/files/26611/26611-8.txt', 'text/plain; charset=iso-8859-1' );
INSERT INTO files ( gid, file, mime ) VALUES ( '26611', 'http://www.gutenberg.org/files/26611/26611-8.zip', 'application/ziptext/plain; charset=iso-8859-1' );
INSERT INTO files ( gid, file, mime ) VALUES ( '26611', 'http://www.gutenberg.org/files/26611/26611-h.zip', 'application/ziptext/html; charset=iso-8859-1' );
INSERT INTO files ( gid, file, mime ) VALUES ( '26611', 'http://www.gutenberg.org/files/26611/26611-h/26611-h.htm', 'text/html; charset=iso-8859-1' );
INSERT INTO files ( gid, file, mime ) VALUES ( '26611', 'http://www.gutenberg.org/files/26611/26611.txt', 'text/plain; charset=us-ascii' );
INSERT INTO files ( gid, file, mime ) VALUES ( '26611', 'http://www.gutenberg.org/files/26611/26611.zip', 'text/plain; charset=us-asciiapplication/zip' );
INSERT INTO titles ( gid, title, author, language, rights ) VALUES ( '26711', 'Jewish Fairy Tales and Legends', 'Landa, Gertrude', 'en', 'Public domain in the USA.' );
INSERT INTO classifications ( gid, classification ) VALUES ( '26711', 'PZ' );
INSERT INTO subjects ( gid, subject ) VALUES ( '26711', 'Fairy tales' );
INSERT INTO files ( gid, file, mime ) VALUES ( '26711', 'http://www.gutenberg.org/ebooks/26711.epub.images', 'application/epub+zip' );
INSERT INTO files ( gid, file, mime ) VALUES ( '26711', 'http://www.gutenberg.org/ebooks/26711.epub.noimages', 'application/epub+zip' );
INSERT INTO files ( gid, file, mime ) VALUES ( '26711', 'http://www.gutenberg.org/ebooks/26711.kindle.images', 'application/x-mobipocket-ebook' );
INSERT INTO files ( gid, file, mime ) VALUES ( '26711', 'http://www.gutenberg.org/ebooks/26711.kindle.noimages', 'application/x-mobipocket-ebook' );
INSERT INTO files ( gid, file, mime ) VALUES ( '26711', 'http://www.gutenberg.org/ebooks/26711.rdf', 'application/rdf+xml' );
INSERT INTO files ( gid, file, mime ) VALUES ( '26711', 'http://www.gutenberg.org/ebooks/26711.txt.utf-8', 'text/plain' );
INSERT INTO files ( gid, file, mime ) VALUES ( '26711', 'http://www.gutenberg.org/files/26711/26711-h.zip', 'text/html; charset=iso-8859-1application/zip' );
INSERT INTO files ( gid, file, mime ) VALUES ( '26711', 'http://www.gutenberg.org/files/26711/26711-h/26711-h.htm', 'text/html; charset=iso-8859-1' );
INSERT INTO files ( gid, file, mime ) VALUES ( '26711', 'http://www.gutenberg.org/files/26711/26711.txt', 'text/plain; charset=us-ascii' );
INSERT INTO files ( gid, file, mime ) VALUES ( '26711', 'http://www.gutenberg.org/files/26711/26711.zip', 'application/ziptext/plain; charset=us-ascii' );
INSERT INTO titles ( gid, title, author, language, rights ) VALUES ( '26811', 'Claire d''Albe', 'Cottin, Madame (Sophie)', 'fr', 'Public domain in the USA.' );
INSERT INTO classifications ( gid, classification ) VALUES ( '26811', 'PQ' );
INSERT INTO subjects ( gid, subject ) VALUES ( '26811', 'French fiction -- 18th century' );
INSERT INTO files ( gid, file, mime ) VALUES ( '26811', 'http://www.gutenberg.org/ebooks/26811.epub.images', 'application/epub+zip' );
INSERT INTO files ( gid, file, mime ) VALUES ( '26811', 'http://www.gutenberg.org/ebooks/26811.epub.noimages', 'application/epub+zip' );
INSERT INTO files ( gid, file, mime ) VALUES ( '26811', 'http://www.gutenberg.org/ebooks/26811.html.images', 'text/html' );
INSERT INTO files ( gid, file, mime ) VALUES ( '26811', 'http://www.gutenberg.org/ebooks/26811.html.noimages', 'text/html' );
INSERT INTO files ( gid, file, mime ) VALUES ( '26811', 'http://www.gutenberg.org/ebooks/26811.kindle.images', 'application/x-mobipocket-ebook' );
INSERT INTO files ( gid, file, mime ) VALUES ( '26811', 'http://www.gutenberg.org/ebooks/26811.kindle.noimages', 'application/x-mobipocket-ebook' );
INSERT INTO files ( gid, file, mime ) VALUES ( '26811', 'http://www.gutenberg.org/ebooks/26811.rdf', 'application/rdf+xml' );
INSERT INTO files ( gid, file, mime ) VALUES ( '26811', 'http://www.gutenberg.org/ebooks/26811.txt.utf-8', 'text/plain' );
INSERT INTO files ( gid, file, mime ) VALUES ( '26811', 'http://www.gutenberg.org/files/26811/26811-8.txt', 'text/plain; charset=iso-8859-1' );
INSERT INTO files ( gid, file, mime ) VALUES ( '26811', 'http://www.gutenberg.org/files/26811/26811-8.zip', 'application/ziptext/plain; charset=iso-8859-1' );
INSERT INTO titles ( gid, title, author, language, rights ) VALUES ( '26911', 'Crooked Trails and Straight', 'Raine, William MacLeod', 'en', 'Public domain in the USA.' );
INSERT INTO classifications ( gid, classification ) VALUES ( '26911', 'PS' );
INSERT INTO subjects ( gid, subject ) VALUES ( '26911', 'Western stories' );
INSERT INTO files ( gid, file, mime ) VALUES ( '26911', 'http://www.gutenberg.org/ebooks/26911.epub.images', 'application/epub+zip' );
INSERT INTO files ( gid, file, mime ) VALUES ( '26911', 'http://www.gutenberg.org/ebooks/26911.epub.noimages', 'application/epub+zip' );
INSERT INTO files ( gid, file, mime ) VALUES ( '26911', 'http://www.gutenberg.org/ebooks/26911.kindle.images', 'application/x-mobipocket-ebook' );
INSERT INTO files ( gid, file, mime ) VALUES ( '26911', 'http://www.gutenberg.org/ebooks/26911.kindle.noimages', 'application/x-mobipocket-ebook' );
INSERT INTO files ( gid, file, mime ) VALUES ( '26911', 'http://www.gutenberg.org/ebooks/26911.rdf', 'application/rdf+xml' );
INSERT INTO files ( gid, file, mime ) VALUES ( '26911', 'http://www.gutenberg.org/ebooks/26911.txt.utf-8', 'text/plain' );
INSERT INTO files ( gid, file, mime ) VALUES ( '26911', 'http://www.gutenberg.org/files/26911/26911-8.txt', 'text/plain; charset=iso-8859-1' );
INSERT INTO files ( gid, file, mime ) VALUES ( '26911', 'http://www.gutenberg.org/files/26911/26911-8.zip', 'text/plain; charset=iso-8859-1application/zip' );
INSERT INTO files ( gid, file, mime ) VALUES ( '26911', 'http://www.gutenberg.org/files/26911/26911-h.zip', 'application/ziptext/html; charset=iso-8859-1' );
INSERT INTO files ( gid, file, mime ) VALUES ( '26911', 'http://www.gutenberg.org/files/26911/26911-h/26911-h.htm', 'text/html; charset=iso-8859-1' );
INSERT INTO files ( gid, file, mime ) VALUES ( '26911', 'http://www.gutenberg.org/files/26911/26911.txt', 'text/plain; charset=us-ascii' );
INSERT INTO files ( gid, file, mime ) VALUES ( '26911', 'http://www.gutenberg.org/files/26911/26911.zip', 'text/plain; charset=us-asciiapplication/zip' );
INSERT INTO titles ( gid, title, author, language, rights ) VALUES ( '27011', 'Notes and Queries, Number 214, December 3, 1853 A Medium of Inter-communication for Literary Men, Artists, Antiquaries, Genealogists, etc.', 'Various', 'en', 'Public domain in the USA.' );
INSERT INTO classifications ( gid, classification ) VALUES ( '27011', 'AG' );
INSERT INTO subjects ( gid, subject ) VALUES ( '27011', 'Questions and answers -- Periodicals' );
INSERT INTO files ( gid, file, mime ) VALUES ( '27011', 'http://www.gutenberg.org/ebooks/27011.epub.images', 'application/epub+zip' );
INSERT INTO files ( gid, file, mime ) VALUES ( '27011', 'http://www.gutenberg.org/ebooks/27011.epub.noimages', 'application/epub+zip' );
INSERT INTO files ( gid, file, mime ) VALUES ( '27011', 'http://www.gutenberg.org/ebooks/27011.kindle.images', 'application/x-mobipocket-ebook' );
INSERT INTO files ( gid, file, mime ) VALUES ( '27011', 'http://www.gutenberg.org/ebooks/27011.kindle.noimages', 'application/x-mobipocket-ebook' );
INSERT INTO files ( gid, file, mime ) VALUES ( '27011', 'http://www.gutenberg.org/ebooks/27011.rdf', 'application/rdf+xml' );
INSERT INTO files ( gid, file, mime ) VALUES ( '27011', 'http://www.gutenberg.org/ebooks/27011.txt.utf-8', 'text/plain' );
INSERT INTO files ( gid, file, mime ) VALUES ( '27011', 'http://www.gutenberg.org/files/27011/27011-8.txt', 'text/plain; charset=iso-8859-1' );
INSERT INTO files ( gid, file, mime ) VALUES ( '27011', 'http://www.gutenberg.org/files/27011/27011-8.zip', 'application/ziptext/plain; charset=iso-8859-1' );
INSERT INTO files ( gid, file, mime ) VALUES ( '27011', 'http://www.gutenberg.org/files/27011/27011-h.zip', 'application/ziptext/html; charset=iso-8859-1' );
INSERT INTO files ( gid, file, mime ) VALUES ( '27011', 'http://www.gutenberg.org/files/27011/27011-h/27011-h.htm', 'text/html; charset=iso-8859-1' );
INSERT INTO files ( gid, file, mime ) VALUES ( '27011', 'http://www.gutenberg.org/files/27011/27011.txt', 'text/plain; charset=us-ascii' );
INSERT INTO files ( gid, file, mime ) VALUES ( '27011', 'http://www.gutenberg.org/files/27011/27011.zip', 'text/plain; charset=us-asciiapplication/zip' );
INSERT INTO titles ( gid, title, author, language, rights ) VALUES ( '27111', 'History of New Brunswick', 'Fisher, Peter', 'en', 'Public domain in the USA.' );
INSERT INTO subjects ( gid, subject ) VALUES ( '27111', 'New Brunswick -- History' );
INSERT INTO subjects ( gid, subject ) VALUES ( '27111', 'New Brunswick -- Description and travel' );
INSERT INTO subjects ( gid, subject ) VALUES ( '27111', 'F1001' );
INSERT INTO files ( gid, file, mime ) VALUES ( '27111', 'http://www.gutenberg.org/ebooks/27111.epub.images', 'application/epub+zip' );
INSERT INTO files ( gid, file, mime ) VALUES ( '27111', 'http://www.gutenberg.org/ebooks/27111.epub.noimages', 'application/epub+zip' );
INSERT INTO files ( gid, file, mime ) VALUES ( '27111', 'http://www.gutenberg.org/ebooks/27111.kindle.images', 'application/x-mobipocket-ebook' );
INSERT INTO files ( gid, file, mime ) VALUES ( '27111', 'http://www.gutenberg.org/ebooks/27111.kindle.noimages', 'application/x-mobipocket-ebook' );
INSERT INTO files ( gid, file, mime ) VALUES ( '27111', 'http://www.gutenberg.org/ebooks/27111.rdf', 'application/rdf+xml' );
INSERT INTO files ( gid, file, mime ) VALUES ( '27111', 'http://www.gutenberg.org/ebooks/27111.txt.utf-8', 'text/plain' );
INSERT INTO files ( gid, file, mime ) VALUES ( '27111', 'http://www.gutenberg.org/files/27111/27111-8.txt', 'text/plain; charset=iso-8859-1' );
INSERT INTO files ( gid, file, mime ) VALUES ( '27111', 'http://www.gutenberg.org/files/27111/27111-8.zip', 'application/ziptext/plain; charset=iso-8859-1' );
INSERT INTO files ( gid, file, mime ) VALUES ( '27111', 'http://www.gutenberg.org/files/27111/27111-h.zip', 'text/html; charset=iso-8859-1application/zip' );
INSERT INTO files ( gid, file, mime ) VALUES ( '27111', 'http://www.gutenberg.org/files/27111/27111-h/27111-h.htm', 'text/html; charset=iso-8859-1' );
INSERT INTO files ( gid, file, mime ) VALUES ( '27111', 'http://www.gutenberg.org/files/27111/27111.txt', 'text/plain; charset=us-ascii' );
INSERT INTO files ( gid, file, mime ) VALUES ( '27111', 'http://www.gutenberg.org/files/27111/27111.zip', 'text/plain; charset=us-asciiapplication/zip' );
INSERT INTO titles ( gid, title, author, language, rights ) VALUES ( '2711', 'A Phyllis of the Sierras', 'Harte, Bret', 'en', 'Public domain in the USA.' );
INSERT INTO classifications ( gid, classification ) VALUES ( '2711', 'PS' );
INSERT INTO subjects ( gid, subject ) VALUES ( '2711', 'American fiction -- 19th century' );
INSERT INTO subjects ( gid, subject ) VALUES ( '2711', 'Sierra Nevada (Calif. and Nev.) -- Fiction' );
INSERT INTO files ( gid, file, mime ) VALUES ( '2711', 'http://www.gutenberg.org/ebooks/2711.epub.images', 'application/epub+zip' );
INSERT INTO files ( gid, file, mime ) VALUES ( '2711', 'http://www.gutenberg.org/ebooks/2711.epub.noimages', 'application/epub+zip' );
INSERT INTO files ( gid, file, mime ) VALUES ( '2711', 'http://www.gutenberg.org/ebooks/2711.kindle.images', 'application/x-mobipocket-ebook' );
INSERT INTO files ( gid, file, mime ) VALUES ( '2711', 'http://www.gutenberg.org/ebooks/2711.kindle.noimages', 'application/x-mobipocket-ebook' );
INSERT INTO files ( gid, file, mime ) VALUES ( '2711', 'http://www.gutenberg.org/ebooks/2711.rdf', 'application/rdf+xml' );
INSERT INTO files ( gid, file, mime ) VALUES ( '2711', 'http://www.gutenberg.org/files/2711/2711-0.txt', 'text/plain; charset=utf-8' );
INSERT INTO files ( gid, file, mime ) VALUES ( '2711', 'http://www.gutenberg.org/files/2711/2711-0.zip', 'application/ziptext/plain; charset=utf-8' );
INSERT INTO files ( gid, file, mime ) VALUES ( '2711', 'http://www.gutenberg.org/files/2711/2711-h.zip', 'application/ziptext/html; charset=utf-8' );
INSERT INTO files ( gid, file, mime ) VALUES ( '2711', 'http://www.gutenberg.org/files/2711/2711-h/2711-h.htm', 'text/html; charset=utf-8' );
INSERT INTO files ( gid, file, mime ) VALUES ( '2711', 'http://www.gutenberg.org/files/2711/2711.txt', 'text/plain; charset=us-ascii' );
INSERT INTO files ( gid, file, mime ) VALUES ( '2711', 'http://www.gutenberg.org/files/2711/2711.zip', 'application/ziptext/plain; charset=us-ascii' );
INSERT INTO titles ( gid, title, author, language, rights ) VALUES ( '27211', 'Jerry''s Charge Account', 'Wilson, Hazel Hutchins', 'en', 'Public domain in the USA.' );
INSERT INTO classifications ( gid, classification ) VALUES ( '27211', 'PZ' );
INSERT INTO subjects ( gid, subject ) VALUES ( '27211', 'Charge accounts -- Juvenile fiction' );
INSERT INTO subjects ( gid, subject ) VALUES ( '27211', 'Boys -- Juvenile fiction' );
INSERT INTO subjects ( gid, subject ) VALUES ( '27211', 'Families -- Juvenile fiction' );
INSERT INTO subjects ( gid, subject ) VALUES ( '27211', 'Grocery shopping -- Juvenile fiction' );
INSERT INTO files ( gid, file, mime ) VALUES ( '27211', 'http://www.gutenberg.org/ebooks/27211.epub.images', 'application/epub+zip' );
INSERT INTO files ( gid, file, mime ) VALUES ( '27211', 'http://www.gutenberg.org/ebooks/27211.epub.noimages', 'application/epub+zip' );
INSERT INTO files ( gid, file, mime ) VALUES ( '27211', 'http://www.gutenberg.org/ebooks/27211.kindle.images', 'application/x-mobipocket-ebook' );
INSERT INTO files ( gid, file, mime ) VALUES ( '27211', 'http://www.gutenberg.org/ebooks/27211.kindle.noimages', 'application/x-mobipocket-ebook' );
INSERT INTO files ( gid, file, mime ) VALUES ( '27211', 'http://www.gutenberg.org/ebooks/27211.rdf', 'application/rdf+xml' );
INSERT INTO files ( gid, file, mime ) VALUES ( '27211', 'http://www.gutenberg.org/ebooks/27211.txt.utf-8', 'text/plain' );
INSERT INTO files ( gid, file, mime ) VALUES ( '27211', 'http://www.gutenberg.org/files/27211/27211-8.txt', 'text/plain; charset=iso-8859-1' );
INSERT INTO files ( gid, file, mime ) VALUES ( '27211', 'http://www.gutenberg.org/files/27211/27211-8.zip', 'text/plain; charset=iso-8859-1application/zip' );
INSERT INTO files ( gid, file, mime ) VALUES ( '27211', 'http://www.gutenberg.org/files/27211/27211-h.zip', 'text/html; charset=iso-8859-1application/zip' );
INSERT INTO files ( gid, file, mime ) VALUES ( '27211', 'http://www.gutenberg.org/files/27211/27211-h/27211-h.htm', 'text/html; charset=iso-8859-1' );
INSERT INTO files ( gid, file, mime ) VALUES ( '27211', 'http://www.gutenberg.org/files/27211/27211.txt', 'text/plain; charset=us-ascii' );
INSERT INTO files ( gid, file, mime ) VALUES ( '27211', 'http://www.gutenberg.org/files/27211/27211.zip', 'text/plain; charset=us-asciiapplication/zip' );
INSERT INTO titles ( gid, title, author, language, rights ) VALUES ( '27311', 'Chronica de El-Rei D. Sancho II', 'Pina, Rui de', 'pt', 'Public domain in the USA.' );
INSERT INTO classifications ( gid, classification ) VALUES ( '27311', 'DP' );
INSERT INTO subjects ( gid, subject ) VALUES ( '27311', 'Sancho II, King of Portugal, 1207-1248' );
INSERT INTO subjects ( gid, subject ) VALUES ( '27311', 'Portugal -- History -- Sancho II, 1223-1248' );
INSERT INTO files ( gid, file, mime ) VALUES ( '27311', 'http://www.gutenberg.org/cache/epub/27311/pg27311.cover.medium.jpg', 'image/jpeg' );
INSERT INTO files ( gid, file, mime ) VALUES ( '27311', 'http://www.gutenberg.org/cache/epub/27311/pg27311.cover.small.jpg', 'image/jpeg' );
INSERT INTO files ( gid, file, mime ) VALUES ( '27311', 'http://www.gutenberg.org/ebooks/27311.epub.images', 'application/epub+zip' );
INSERT INTO files ( gid, file, mime ) VALUES ( '27311', 'http://www.gutenberg.org/ebooks/27311.epub.noimages', 'application/epub+zip' );
INSERT INTO files ( gid, file, mime ) VALUES ( '27311', 'http://www.gutenberg.org/ebooks/27311.kindle.images', 'application/x-mobipocket-ebook' );
INSERT INTO files ( gid, file, mime ) VALUES ( '27311', 'http://www.gutenberg.org/ebooks/27311.kindle.noimages', 'application/x-mobipocket-ebook' );
INSERT INTO files ( gid, file, mime ) VALUES ( '27311', 'http://www.gutenberg.org/ebooks/27311.rdf', 'application/rdf+xml' );
INSERT INTO files ( gid, file, mime ) VALUES ( '27311', 'http://www.gutenberg.org/ebooks/27311.txt.utf-8', 'text/plain' );
INSERT INTO files ( gid, file, mime ) VALUES ( '27311', 'http://www.gutenberg.org/files/27311/27311-8.txt', 'text/plain; charset=iso-8859-1' );
INSERT INTO files ( gid, file, mime ) VALUES ( '27311', 'http://www.gutenberg.org/files/27311/27311-8.zip', 'text/plain; charset=iso-8859-1application/zip' );
INSERT INTO files ( gid, file, mime ) VALUES ( '27311', 'http://www.gutenberg.org/files/27311/27311-h.zip', 'application/ziptext/html; charset=iso-8859-1' );
INSERT INTO files ( gid, file, mime ) VALUES ( '27311', 'http://www.gutenberg.org/files/27311/27311-h/27311-h.htm', 'text/html; charset=iso-8859-1' );
INSERT INTO titles ( gid, title, author, language, rights ) VALUES ( '27411', 'The House with the Mezzanine and Other Stories', 'Chekhov, Anton Pavlovich', 'en', 'Public domain in the USA.' );
INSERT INTO classifications ( gid, classification ) VALUES ( '27411', 'PG' );
INSERT INTO subjects ( gid, subject ) VALUES ( '27411', 'Short stories' );
INSERT INTO files ( gid, file, mime ) VALUES ( '27411', 'http://www.gutenberg.org/ebooks/27411.epub.images', 'application/epub+zip' );
INSERT INTO files ( gid, file, mime ) VALUES ( '27411', 'http://www.gutenberg.org/ebooks/27411.epub.noimages', 'application/epub+zip' );
INSERT INTO files ( gid, file, mime ) VALUES ( '27411', 'http://www.gutenberg.org/ebooks/27411.kindle.images', 'application/x-mobipocket-ebook' );
INSERT INTO files ( gid, file, mime ) VALUES ( '27411', 'http://www.gutenberg.org/ebooks/27411.kindle.noimages', 'application/x-mobipocket-ebook' );
INSERT INTO files ( gid, file, mime ) VALUES ( '27411', 'http://www.gutenberg.org/ebooks/27411.rdf', 'application/rdf+xml' );
INSERT INTO files ( gid, file, mime ) VALUES ( '27411', 'http://www.gutenberg.org/ebooks/27411.txt.utf-8', 'text/plain' );
INSERT INTO files ( gid, file, mime ) VALUES ( '27411', 'http://www.gutenberg.org/files/27411/27411-8.txt', 'text/plain; charset=iso-8859-1' );
INSERT INTO files ( gid, file, mime ) VALUES ( '27411', 'http://www.gutenberg.org/files/27411/27411-8.zip', 'text/plain; charset=iso-8859-1application/zip' );
INSERT INTO files ( gid, file, mime ) VALUES ( '27411', 'http://www.gutenberg.org/files/27411/27411-h.zip', 'application/ziptext/html; charset=iso-8859-1' );
INSERT INTO files ( gid, file, mime ) VALUES ( '27411', 'http://www.gutenberg.org/files/27411/27411-h/27411-h.htm', 'text/html; charset=iso-8859-1' );
INSERT INTO files ( gid, file, mime ) VALUES ( '27411', 'http://www.gutenberg.org/files/27411/27411.txt', 'text/plain; charset=us-ascii' );
INSERT INTO files ( gid, file, mime ) VALUES ( '27411', 'http://www.gutenberg.org/files/27411/27411.zip', 'application/ziptext/plain; charset=us-ascii' );
INSERT INTO titles ( gid, title, author, language, rights ) VALUES ( '27511', 'The Free Range', 'Sullivan, Francis William', 'en', 'Public domain in the USA.' );
INSERT INTO classifications ( gid, classification ) VALUES ( '27511', 'PS' );
INSERT INTO subjects ( gid, subject ) VALUES ( '27511', 'Western stories' );
INSERT INTO subjects ( gid, subject ) VALUES ( '27511', 'Ranchers -- Fiction' );
INSERT INTO files ( gid, file, mime ) VALUES ( '27511', 'http://www.gutenberg.org/ebooks/27511.epub.images', 'application/epub+zip' );
INSERT INTO files ( gid, file, mime ) VALUES ( '27511', 'http://www.gutenberg.org/ebooks/27511.epub.noimages', 'application/epub+zip' );
INSERT INTO files ( gid, file, mime ) VALUES ( '27511', 'http://www.gutenberg.org/ebooks/27511.kindle.images', 'application/x-mobipocket-ebook' );
INSERT INTO files ( gid, file, mime ) VALUES ( '27511', 'http://www.gutenberg.org/ebooks/27511.kindle.noimages', 'application/x-mobipocket-ebook' );
INSERT INTO files ( gid, file, mime ) VALUES ( '27511', 'http://www.gutenberg.org/ebooks/27511.rdf', 'application/rdf+xml' );
INSERT INTO files ( gid, file, mime ) VALUES ( '27511', 'http://www.gutenberg.org/ebooks/27511.txt.utf-8', 'text/plain' );
INSERT INTO files ( gid, file, mime ) VALUES ( '27511', 'http://www.gutenberg.org/files/27511/27511-8.txt', 'text/plain; charset=iso-8859-1' );
INSERT INTO files ( gid, file, mime ) VALUES ( '27511', 'http://www.gutenberg.org/files/27511/27511-8.zip', 'application/ziptext/plain; charset=iso-8859-1' );
INSERT INTO files ( gid, file, mime ) VALUES ( '27511', 'http://www.gutenberg.org/files/27511/27511-h.zip', 'text/html; charset=iso-8859-1application/zip' );
INSERT INTO files ( gid, file, mime ) VALUES ( '27511', 'http://www.gutenberg.org/files/27511/27511-h/27511-h.htm', 'text/html; charset=iso-8859-1' );
INSERT INTO files ( gid, file, mime ) VALUES ( '27511', 'http://www.gutenberg.org/files/27511/27511.txt', 'text/plain; charset=us-ascii' );
INSERT INTO files ( gid, file, mime ) VALUES ( '27511', 'http://www.gutenberg.org/files/27511/27511.zip', 'application/ziptext/plain; charset=us-ascii' );
INSERT INTO titles ( gid, title, author, language, rights ) VALUES ( '27611', 'Blackwood''s Edinburgh Magazine, Volume 62, Number 361, November, 1845.', 'Various', 'en', 'Public domain in the USA.' );
INSERT INTO classifications ( gid, classification ) VALUES ( '27611', 'AP' );
INSERT INTO subjects ( gid, subject ) VALUES ( '27611', 'England -- Periodicals' );
INSERT INTO subjects ( gid, subject ) VALUES ( '27611', 'Scotland -- Periodicals' );
INSERT INTO files ( gid, file, mime ) VALUES ( '27611', 'http://www.gutenberg.org/ebooks/27611.epub.images', 'application/epub+zip' );
INSERT INTO files ( gid, file, mime ) VALUES ( '27611', 'http://www.gutenberg.org/ebooks/27611.epub.noimages', 'application/epub+zip' );
INSERT INTO files ( gid, file, mime ) VALUES ( '27611', 'http://www.gutenberg.org/ebooks/27611.kindle.images', 'application/x-mobipocket-ebook' );
INSERT INTO files ( gid, file, mime ) VALUES ( '27611', 'http://www.gutenberg.org/ebooks/27611.kindle.noimages', 'application/x-mobipocket-ebook' );
INSERT INTO files ( gid, file, mime ) VALUES ( '27611', 'http://www.gutenberg.org/ebooks/27611.rdf', 'application/rdf+xml' );
INSERT INTO files ( gid, file, mime ) VALUES ( '27611', 'http://www.gutenberg.org/ebooks/27611.txt.utf-8', 'text/plain' );
INSERT INTO files ( gid, file, mime ) VALUES ( '27611', 'http://www.gutenberg.org/files/27611/27611-8.txt', 'text/plain; charset=iso-8859-1' );
INSERT INTO files ( gid, file, mime ) VALUES ( '27611', 'http://www.gutenberg.org/files/27611/27611-8.zip', 'application/ziptext/plain; charset=iso-8859-1' );
INSERT INTO files ( gid, file, mime ) VALUES ( '27611', 'http://www.gutenberg.org/files/27611/27611-h.zip', 'text/html; charset=iso-8859-1application/zip' );
INSERT INTO files ( gid, file, mime ) VALUES ( '27611', 'http://www.gutenberg.org/files/27611/27611-h/27611-h.htm', 'text/html; charset=iso-8859-1' );
INSERT INTO files ( gid, file, mime ) VALUES ( '27611', 'http://www.gutenberg.org/files/27611/27611.txt', 'text/plain; charset=us-ascii' );
INSERT INTO files ( gid, file, mime ) VALUES ( '27611', 'http://www.gutenberg.org/files/27611/27611.zip', 'application/ziptext/plain; charset=us-ascii' );
INSERT INTO titles ( gid, title, author, language, rights ) VALUES ( '27711', 'Germinie Lacerteux', 'Goncourt, Edmond de', 'en', 'Public domain in the USA.' );
INSERT INTO classifications ( gid, classification ) VALUES ( '27711', 'PQ' );
INSERT INTO subjects ( gid, subject ) VALUES ( '27711', 'Women -- France -- History -- 19th century -- Fiction' );
INSERT INTO subjects ( gid, subject ) VALUES ( '27711', 'Working class women -- France -- Fiction' );
INSERT INTO files ( gid, file, mime ) VALUES ( '27711', 'http://www.gutenberg.org/ebooks/27711.epub.images', 'application/epub+zip' );
INSERT INTO files ( gid, file, mime ) VALUES ( '27711', 'http://www.gutenberg.org/ebooks/27711.epub.noimages', 'application/epub+zip' );
INSERT INTO files ( gid, file, mime ) VALUES ( '27711', 'http://www.gutenberg.org/ebooks/27711.kindle.images', 'application/x-mobipocket-ebook' );
INSERT INTO files ( gid, file, mime ) VALUES ( '27711', 'http://www.gutenberg.org/ebooks/27711.kindle.noimages', 'application/x-mobipocket-ebook' );
INSERT INTO files ( gid, file, mime ) VALUES ( '27711', 'http://www.gutenberg.org/ebooks/27711.rdf', 'application/rdf+xml' );
INSERT INTO files ( gid, file, mime ) VALUES ( '27711', 'http://www.gutenberg.org/ebooks/27711.txt.utf-8', 'text/plain' );
INSERT INTO files ( gid, file, mime ) VALUES ( '27711', 'http://www.gutenberg.org/files/27711/27711-8.txt', 'text/plain; charset=iso-8859-1' );
INSERT INTO files ( gid, file, mime ) VALUES ( '27711', 'http://www.gutenberg.org/files/27711/27711-8.zip', 'text/plain; charset=iso-8859-1application/zip' );
INSERT INTO files ( gid, file, mime ) VALUES ( '27711', 'http://www.gutenberg.org/files/27711/27711-h.zip', 'application/ziptext/html; charset=iso-8859-1' );
INSERT INTO files ( gid, file, mime ) VALUES ( '27711', 'http://www.gutenberg.org/files/27711/27711-h/27711-h.htm', 'text/html; charset=iso-8859-1' );
INSERT INTO files ( gid, file, mime ) VALUES ( '27711', 'http://www.gutenberg.org/files/27711/27711.txt', 'text/plain; charset=us-ascii' );
INSERT INTO files ( gid, file, mime ) VALUES ( '27711', 'http://www.gutenberg.org/files/27711/27711.zip', 'application/ziptext/plain; charset=us-ascii' );
INSERT INTO titles ( gid, title, author, language, rights ) VALUES ( '27811', 'Macaria', 'Evans, Augusta J. (Augusta Jane)', 'en', 'Public domain in the USA.' );
INSERT INTO classifications ( gid, classification ) VALUES ( '27811', 'PS' );
INSERT INTO subjects ( gid, subject ) VALUES ( '27811', 'War stories' );
INSERT INTO subjects ( gid, subject ) VALUES ( '27811', 'United States -- History -- Civil War, 1861-1865 -- Women -- Fiction' );
INSERT INTO subjects ( gid, subject ) VALUES ( '27811', 'Confederate States of America -- History -- Fiction' );
INSERT INTO subjects ( gid, subject ) VALUES ( '27811', 'Love stories' );
INSERT INTO subjects ( gid, subject ) VALUES ( '27811', 'Women and war -- Fiction' );
INSERT INTO files ( gid, file, mime ) VALUES ( '27811', 'http://www.gutenberg.org/cache/epub/27811/pg27811.cover.medium.jpg', 'image/jpeg' );
INSERT INTO files ( gid, file, mime ) VALUES ( '27811', 'http://www.gutenberg.org/cache/epub/27811/pg27811.cover.small.jpg', 'image/jpeg' );
INSERT INTO files ( gid, file, mime ) VALUES ( '27811', 'http://www.gutenberg.org/ebooks/27811.epub.images', 'application/epub+zip' );
INSERT INTO files ( gid, file, mime ) VALUES ( '27811', 'http://www.gutenberg.org/ebooks/27811.epub.noimages', 'application/epub+zip' );
INSERT INTO files ( gid, file, mime ) VALUES ( '27811', 'http://www.gutenberg.org/ebooks/27811.kindle.images', 'application/x-mobipocket-ebook' );
INSERT INTO files ( gid, file, mime ) VALUES ( '27811', 'http://www.gutenberg.org/ebooks/27811.kindle.noimages', 'application/x-mobipocket-ebook' );
INSERT INTO files ( gid, file, mime ) VALUES ( '27811', 'http://www.gutenberg.org/ebooks/27811.rdf', 'application/rdf+xml' );
INSERT INTO files ( gid, file, mime ) VALUES ( '27811', 'http://www.gutenberg.org/ebooks/27811.txt.utf-8', 'text/plain' );
INSERT INTO files ( gid, file, mime ) VALUES ( '27811', 'http://www.gutenberg.org/files/27811/27811-8.txt', 'text/plain; charset=iso-8859-1' );
INSERT INTO files ( gid, file, mime ) VALUES ( '27811', 'http://www.gutenberg.org/files/27811/27811-8.zip', 'text/plain; charset=iso-8859-1application/zip' );
INSERT INTO files ( gid, file, mime ) VALUES ( '27811', 'http://www.gutenberg.org/files/27811/27811-h.zip', 'text/html; charset=iso-8859-1application/zip' );
INSERT INTO files ( gid, file, mime ) VALUES ( '27811', 'http://www.gutenberg.org/files/27811/27811-h/27811-h.htm', 'text/html; charset=iso-8859-1' );
INSERT INTO files ( gid, file, mime ) VALUES ( '27811', 'http://www.gutenberg.org/files/27811/27811.txt', 'text/plain; charset=us-ascii' );
INSERT INTO files ( gid, file, mime ) VALUES ( '27811', 'http://www.gutenberg.org/files/27811/27811.zip', 'text/plain; charset=us-asciiapplication/zip' );
INSERT INTO titles ( gid, title, author, language, rights ) VALUES ( '27911', 'The Giraffe Hunters', 'Reid, Mayne', 'en', 'Public domain in the USA.' );
INSERT INTO classifications ( gid, classification ) VALUES ( '27911', 'PZ' );
INSERT INTO classifications ( gid, classification ) VALUES ( '27911', 'PR' );
INSERT INTO subjects ( gid, subject ) VALUES ( '27911', 'Hunting stories' );
INSERT INTO subjects ( gid, subject ) VALUES ( '27911', 'South Africa -- Fiction' );
INSERT INTO files ( gid, file, mime ) VALUES ( '27911', 'http://www.gutenberg.org/ebooks/27911.epub.images', 'application/epub+zip' );
INSERT INTO files ( gid, file, mime ) VALUES ( '27911', 'http://www.gutenberg.org/ebooks/27911.epub.noimages', 'application/epub+zip' );
INSERT INTO files ( gid, file, mime ) VALUES ( '27911', 'http://www.gutenberg.org/ebooks/27911.kindle.images', 'application/x-mobipocket-ebook' );
INSERT INTO files ( gid, file, mime ) VALUES ( '27911', 'http://www.gutenberg.org/ebooks/27911.kindle.noimages', 'application/x-mobipocket-ebook' );
INSERT INTO files ( gid, file, mime ) VALUES ( '27911', 'http://www.gutenberg.org/ebooks/27911.rdf', 'application/rdf+xml' );
INSERT INTO files ( gid, file, mime ) VALUES ( '27911', 'http://www.gutenberg.org/ebooks/27911.txt.utf-8', 'text/plain' );
INSERT INTO files ( gid, file, mime ) VALUES ( '27911', 'http://www.gutenberg.org/files/27911/27911-h.zip', 'application/ziptext/html; charset=iso-8859-1' );
INSERT INTO files ( gid, file, mime ) VALUES ( '27911', 'http://www.gutenberg.org/files/27911/27911-h/27911-h.htm', 'text/html; charset=iso-8859-1' );
INSERT INTO files ( gid, file, mime ) VALUES ( '27911', 'http://www.gutenberg.org/files/27911/27911.txt', 'text/plain; charset=us-ascii' );
INSERT INTO files ( gid, file, mime ) VALUES ( '27911', 'http://www.gutenberg.org/files/27911/27911.zip', 'text/plain; charset=us-asciiapplication/zip' );
INSERT INTO titles ( gid, title, author, language, rights ) VALUES ( '28011', 'Tomato Culture: A Practical Treatise on the Tomato', 'Tracy, W. W. (William Warner)', 'en', 'Public domain in the USA.' );
INSERT INTO classifications ( gid, classification ) VALUES ( '28011', 'SB' );
INSERT INTO subjects ( gid, subject ) VALUES ( '28011', 'Tomatoes' );
INSERT INTO files ( gid, file, mime ) VALUES ( '28011', 'http://www.gutenberg.org/ebooks/28011.epub.images', 'application/epub+zip' );
INSERT INTO files ( gid, file, mime ) VALUES ( '28011', 'http://www.gutenberg.org/ebooks/28011.epub.noimages', 'application/epub+zip' );
INSERT INTO files ( gid, file, mime ) VALUES ( '28011', 'http://www.gutenberg.org/ebooks/28011.kindle.images', 'application/x-mobipocket-ebook' );
INSERT INTO files ( gid, file, mime ) VALUES ( '28011', 'http://www.gutenberg.org/ebooks/28011.kindle.noimages', 'application/x-mobipocket-ebook' );
INSERT INTO files ( gid, file, mime ) VALUES ( '28011', 'http://www.gutenberg.org/ebooks/28011.rdf', 'application/rdf+xml' );
INSERT INTO files ( gid, file, mime ) VALUES ( '28011', 'http://www.gutenberg.org/ebooks/28011.txt.utf-8', 'text/plain' );
INSERT INTO files ( gid, file, mime ) VALUES ( '28011', 'http://www.gutenberg.org/files/28011/28011-8.txt', 'text/plain; charset=iso-8859-1' );
INSERT INTO files ( gid, file, mime ) VALUES ( '28011', 'http://www.gutenberg.org/files/28011/28011-8.zip', 'application/ziptext/plain; charset=iso-8859-1' );
INSERT INTO files ( gid, file, mime ) VALUES ( '28011', 'http://www.gutenberg.org/files/28011/28011-h.zip', 'text/html; charset=iso-8859-1application/zip' );
INSERT INTO files ( gid, file, mime ) VALUES ( '28011', 'http://www.gutenberg.org/files/28011/28011-h/28011-h.htm', 'text/html; charset=iso-8859-1' );
INSERT INTO files ( gid, file, mime ) VALUES ( '28011', 'http://www.gutenberg.org/files/28011/28011.txt', 'text/plain; charset=us-ascii' );
INSERT INTO files ( gid, file, mime ) VALUES ( '28011', 'http://www.gutenberg.org/files/28011/28011.zip', 'application/ziptext/plain; charset=us-ascii' );
INSERT INTO titles ( gid, title, author, language, rights ) VALUES ( '28111', 'Moment of Truth', 'Wells, Basil', 'en', 'Public domain in the USA.' );
INSERT INTO classifications ( gid, classification ) VALUES ( '28111', 'PS' );
INSERT INTO subjects ( gid, subject ) VALUES ( '28111', 'Short stories' );
INSERT INTO subjects ( gid, subject ) VALUES ( '28111', 'Science fiction' );
INSERT INTO files ( gid, file, mime ) VALUES ( '28111', 'http://www.gutenberg.org/ebooks/28111.epub.images', 'application/epub+zip' );
INSERT INTO files ( gid, file, mime ) VALUES ( '28111', 'http://www.gutenberg.org/ebooks/28111.epub.noimages', 'application/epub+zip' );
INSERT INTO files ( gid, file, mime ) VALUES ( '28111', 'http://www.gutenberg.org/ebooks/28111.kindle.images', 'application/x-mobipocket-ebook' );
INSERT INTO files ( gid, file, mime ) VALUES ( '28111', 'http://www.gutenberg.org/ebooks/28111.kindle.noimages', 'application/x-mobipocket-ebook' );
INSERT INTO files ( gid, file, mime ) VALUES ( '28111', 'http://www.gutenberg.org/ebooks/28111.rdf', 'application/rdf+xml' );
INSERT INTO files ( gid, file, mime ) VALUES ( '28111', 'http://www.gutenberg.org/ebooks/28111.txt.utf-8', 'text/plain' );
INSERT INTO files ( gid, file, mime ) VALUES ( '28111', 'http://www.gutenberg.org/files/28111/28111-h.zip', 'text/html; charset=iso-8859-1application/zip' );
INSERT INTO files ( gid, file, mime ) VALUES ( '28111', 'http://www.gutenberg.org/files/28111/28111-h/28111-h.htm', 'text/html; charset=iso-8859-1' );
INSERT INTO files ( gid, file, mime ) VALUES ( '28111', 'http://www.gutenberg.org/files/28111/28111.txt', 'text/plain; charset=us-ascii' );
INSERT INTO files ( gid, file, mime ) VALUES ( '28111', 'http://www.gutenberg.org/files/28111/28111.zip', 'text/plain; charset=us-asciiapplication/zip' );
INSERT INTO titles ( gid, title, author, language, rights ) VALUES ( '2811', 'Letters of Pliny', 'Pliny, the Younger', 'en', 'Public domain in the USA.' );
INSERT INTO classifications ( gid, classification ) VALUES ( '2811', 'PA' );
INSERT INTO subjects ( gid, subject ) VALUES ( '2811', 'Latin letters -- Translations into English' );
INSERT INTO subjects ( gid, subject ) VALUES ( '2811', 'Authors, Latin -- Rome -- Correspondence' );
INSERT INTO subjects ( gid, subject ) VALUES ( '2811', 'Lawyers -- Rome -- Correspondence' );
INSERT INTO subjects ( gid, subject ) VALUES ( '2811', 'Pliny, the Younger -- Correspondence' );
INSERT INTO files ( gid, file, mime ) VALUES ( '2811', 'http://www.gutenberg.org/ebooks/2811.epub.images', 'application/epub+zip' );
INSERT INTO files ( gid, file, mime ) VALUES ( '2811', 'http://www.gutenberg.org/ebooks/2811.epub.noimages', 'application/epub+zip' );
INSERT INTO files ( gid, file, mime ) VALUES ( '2811', 'http://www.gutenberg.org/ebooks/2811.kindle.images', 'application/x-mobipocket-ebook' );
INSERT INTO files ( gid, file, mime ) VALUES ( '2811', 'http://www.gutenberg.org/ebooks/2811.kindle.noimages', 'application/x-mobipocket-ebook' );
INSERT INTO files ( gid, file, mime ) VALUES ( '2811', 'http://www.gutenberg.org/ebooks/2811.rdf', 'application/rdf+xml' );
INSERT INTO files ( gid, file, mime ) VALUES ( '2811', 'http://www.gutenberg.org/ebooks/2811.txt.utf-8', 'text/plain' );
INSERT INTO files ( gid, file, mime ) VALUES ( '2811', 'http://www.gutenberg.org/files/2811/2811-8.txt', 'text/plain; charset=iso-8859-1' );
INSERT INTO files ( gid, file, mime ) VALUES ( '2811', 'http://www.gutenberg.org/files/2811/2811-8.zip', 'text/plain; charset=iso-8859-1application/zip' );
INSERT INTO files ( gid, file, mime ) VALUES ( '2811', 'http://www.gutenberg.org/files/2811/2811-h.zip', 'text/html; charset=iso-8859-1application/zip' );
INSERT INTO files ( gid, file, mime ) VALUES ( '2811', 'http://www.gutenberg.org/files/2811/2811-h/2811-h.htm', 'text/html; charset=iso-8859-1' );
INSERT INTO titles ( gid, title, author, language, rights ) VALUES ( '28211', 'Alfred de Musset et George Sand dessins par Alfred de Musset', 'Clouard, Maurice', 'fr', 'Public domain in the USA.' );
INSERT INTO classifications ( gid, classification ) VALUES ( '28211', 'PQ' );
INSERT INTO subjects ( gid, subject ) VALUES ( '28211', 'Sand, George, 1804-1876' );
INSERT INTO subjects ( gid, subject ) VALUES ( '28211', 'Musset, Alfred de, 1810-1857' );
INSERT INTO files ( gid, file, mime ) VALUES ( '28211', 'http://www.gutenberg.org/ebooks/28211.epub.images', 'application/epub+zip' );
INSERT INTO files ( gid, file, mime ) VALUES ( '28211', 'http://www.gutenberg.org/ebooks/28211.epub.noimages', 'application/epub+zip' );
INSERT INTO files ( gid, file, mime ) VALUES ( '28211', 'http://www.gutenberg.org/ebooks/28211.kindle.images', 'application/x-mobipocket-ebook' );
INSERT INTO files ( gid, file, mime ) VALUES ( '28211', 'http://www.gutenberg.org/ebooks/28211.kindle.noimages', 'application/x-mobipocket-ebook' );
INSERT INTO files ( gid, file, mime ) VALUES ( '28211', 'http://www.gutenberg.org/ebooks/28211.rdf', 'application/rdf+xml' );
INSERT INTO files ( gid, file, mime ) VALUES ( '28211', 'http://www.gutenberg.org/files/28211/28211-0.txt', 'text/plain; charset=utf-8' );
INSERT INTO files ( gid, file, mime ) VALUES ( '28211', 'http://www.gutenberg.org/files/28211/28211-0.zip', 'application/ziptext/plain; charset=utf-8' );
INSERT INTO files ( gid, file, mime ) VALUES ( '28211', 'http://www.gutenberg.org/files/28211/28211-8.txt', 'text/plain; charset=iso-8859-1' );
INSERT INTO files ( gid, file, mime ) VALUES ( '28211', 'http://www.gutenberg.org/files/28211/28211-8.zip', 'application/ziptext/plain; charset=iso-8859-1' );
INSERT INTO files ( gid, file, mime ) VALUES ( '28211', 'http://www.gutenberg.org/files/28211/28211-h.zip', 'application/ziptext/html; charset=utf-8' );
INSERT INTO files ( gid, file, mime ) VALUES ( '28211', 'http://www.gutenberg.org/files/28211/28211-h/28211-h.htm', 'text/html; charset=utf-8' );
INSERT INTO titles ( gid, title, author, language, rights ) VALUES ( '28311', 'Notes and Queries, Number 82, May 24, 1851 A Medium of Inter-communication for Literary Men, Artists, Antiquaries, Genealogists, etc.', 'Various', 'en', 'Public domain in the USA.' );
INSERT INTO classifications ( gid, classification ) VALUES ( '28311', 'AG' );
INSERT INTO subjects ( gid, subject ) VALUES ( '28311', 'Questions and answers -- Periodicals' );
INSERT INTO files ( gid, file, mime ) VALUES ( '28311', 'http://www.gutenberg.org/ebooks/28311.epub.images', 'application/epub+zip' );
INSERT INTO files ( gid, file, mime ) VALUES ( '28311', 'http://www.gutenberg.org/ebooks/28311.epub.noimages', 'application/epub+zip' );
INSERT INTO files ( gid, file, mime ) VALUES ( '28311', 'http://www.gutenberg.org/ebooks/28311.kindle.images', 'application/x-mobipocket-ebook' );
INSERT INTO files ( gid, file, mime ) VALUES ( '28311', 'http://www.gutenberg.org/ebooks/28311.kindle.noimages', 'application/x-mobipocket-ebook' );
INSERT INTO files ( gid, file, mime ) VALUES ( '28311', 'http://www.gutenberg.org/ebooks/28311.rdf', 'application/rdf+xml' );
INSERT INTO files ( gid, file, mime ) VALUES ( '28311', 'http://www.gutenberg.org/ebooks/28311.txt.utf-8', 'text/plain' );
INSERT INTO files ( gid, file, mime ) VALUES ( '28311', 'http://www.gutenberg.org/files/28311/28311-8.txt', 'text/plain; charset=iso-8859-1' );
INSERT INTO files ( gid, file, mime ) VALUES ( '28311', 'http://www.gutenberg.org/files/28311/28311-8.zip', 'application/ziptext/plain; charset=iso-8859-1' );
INSERT INTO files ( gid, file, mime ) VALUES ( '28311', 'http://www.gutenberg.org/files/28311/28311-h.zip', 'text/html; charset=iso-8859-1application/zip' );
INSERT INTO files ( gid, file, mime ) VALUES ( '28311', 'http://www.gutenberg.org/files/28311/28311-h/28311-h.htm', 'text/html; charset=iso-8859-1' );
INSERT INTO files ( gid, file, mime ) VALUES ( '28311', 'http://www.gutenberg.org/files/28311/28311.txt', 'text/plain; charset=us-ascii' );
INSERT INTO files ( gid, file, mime ) VALUES ( '28311', 'http://www.gutenberg.org/files/28311/28311.zip', 'application/ziptext/plain; charset=us-ascii' );
INSERT INTO titles ( gid, title, author, language, rights ) VALUES ( '28411', 'Deutsche Lyrik seit Liliencron', '', 'de', 'Public domain in the USA.' );
INSERT INTO classifications ( gid, classification ) VALUES ( '28411', 'PT' );
INSERT INTO subjects ( gid, subject ) VALUES ( '28411', 'German poetry -- 19th century' );
INSERT INTO files ( gid, file, mime ) VALUES ( '28411', 'http://www.gutenberg.org/ebooks/28411.epub.images', 'application/epub+zip' );
INSERT INTO files ( gid, file, mime ) VALUES ( '28411', 'http://www.gutenberg.org/ebooks/28411.epub.noimages', 'application/epub+zip' );
INSERT INTO files ( gid, file, mime ) VALUES ( '28411', 'http://www.gutenberg.org/ebooks/28411.kindle.images', 'application/x-mobipocket-ebook' );
INSERT INTO files ( gid, file, mime ) VALUES ( '28411', 'http://www.gutenberg.org/ebooks/28411.kindle.noimages', 'application/x-mobipocket-ebook' );
INSERT INTO files ( gid, file, mime ) VALUES ( '28411', 'http://www.gutenberg.org/ebooks/28411.rdf', 'application/rdf+xml' );
INSERT INTO files ( gid, file, mime ) VALUES ( '28411', 'http://www.gutenberg.org/ebooks/28411.txt.utf-8', 'text/plain' );
INSERT INTO files ( gid, file, mime ) VALUES ( '28411', 'http://www.gutenberg.org/files/28411/28411-8.txt', 'text/plain; charset=iso-8859-1' );
INSERT INTO files ( gid, file, mime ) VALUES ( '28411', 'http://www.gutenberg.org/files/28411/28411-8.zip', 'text/plain; charset=iso-8859-1application/zip' );
INSERT INTO files ( gid, file, mime ) VALUES ( '28411', 'http://www.gutenberg.org/files/28411/28411-h.zip', 'text/html; charset=iso-8859-1application/zip' );
INSERT INTO files ( gid, file, mime ) VALUES ( '28411', 'http://www.gutenberg.org/files/28411/28411-h/28411-h.htm', 'text/html; charset=iso-8859-1' );
INSERT INTO titles ( gid, title, author, language, rights ) VALUES ( '28611', 'Polarforskningen', 'Nathorst, A. G. (Alfred Gabriel)', 'sv', 'Public domain in the USA.' );
INSERT INTO classifications ( gid, classification ) VALUES ( '28611', 'G' );
INSERT INTO subjects ( gid, subject ) VALUES ( '28611', 'Polar regions -- Discovery and exploration' );
INSERT INTO files ( gid, file, mime ) VALUES ( '28611', 'http://www.gutenberg.org/ebooks/28611.epub.images', 'application/epub+zip' );
INSERT INTO files ( gid, file, mime ) VALUES ( '28611', 'http://www.gutenberg.org/ebooks/28611.epub.noimages', 'application/epub+zip' );
INSERT INTO files ( gid, file, mime ) VALUES ( '28611', 'http://www.gutenberg.org/ebooks/28611.kindle.images', 'application/x-mobipocket-ebook' );
INSERT INTO files ( gid, file, mime ) VALUES ( '28611', 'http://www.gutenberg.org/ebooks/28611.kindle.noimages', 'application/x-mobipocket-ebook' );
INSERT INTO files ( gid, file, mime ) VALUES ( '28611', 'http://www.gutenberg.org/ebooks/28611.rdf', 'application/rdf+xml' );
INSERT INTO files ( gid, file, mime ) VALUES ( '28611', 'http://www.gutenberg.org/ebooks/28611.txt.utf-8', 'text/plain' );
INSERT INTO files ( gid, file, mime ) VALUES ( '28611', 'http://www.gutenberg.org/files/28611/28611-8.txt', 'text/plain; charset=iso-8859-1' );
INSERT INTO files ( gid, file, mime ) VALUES ( '28611', 'http://www.gutenberg.org/files/28611/28611-8.zip', 'text/plain; charset=iso-8859-1application/zip' );
INSERT INTO files ( gid, file, mime ) VALUES ( '28611', 'http://www.gutenberg.org/files/28611/28611-h.zip', 'text/html; charset=iso-8859-1application/zip' );
INSERT INTO files ( gid, file, mime ) VALUES ( '28611', 'http://www.gutenberg.org/files/28611/28611-h/28611-h.htm', 'text/html; charset=iso-8859-1' );
INSERT INTO titles ( gid, title, author, language, rights ) VALUES ( '28511', 'The Tree That Saved Connecticut', 'Carlton, Henry Fisk', 'en', 'Public domain in the USA.' );
INSERT INTO classifications ( gid, classification ) VALUES ( '28511', 'PN' );
INSERT INTO subjects ( gid, subject ) VALUES ( '28511', 'Charter Oak (Hartford, Conn.)' );
INSERT INTO subjects ( gid, subject ) VALUES ( '28511', 'Radio plays' );
INSERT INTO files ( gid, file, mime ) VALUES ( '28511', 'http://www.gutenberg.org/ebooks/28511.epub.images', 'application/epub+zip' );
INSERT INTO files ( gid, file, mime ) VALUES ( '28511', 'http://www.gutenberg.org/ebooks/28511.epub.noimages', 'application/epub+zip' );
INSERT INTO files ( gid, file, mime ) VALUES ( '28511', 'http://www.gutenberg.org/ebooks/28511.kindle.images', 'application/x-mobipocket-ebook' );
INSERT INTO files ( gid, file, mime ) VALUES ( '28511', 'http://www.gutenberg.org/ebooks/28511.kindle.noimages', 'application/x-mobipocket-ebook' );
INSERT INTO files ( gid, file, mime ) VALUES ( '28511', 'http://www.gutenberg.org/ebooks/28511.rdf', 'application/rdf+xml' );
INSERT INTO files ( gid, file, mime ) VALUES ( '28511', 'http://www.gutenberg.org/ebooks/28511.txt.utf-8', 'text/plain' );
INSERT INTO files ( gid, file, mime ) VALUES ( '28511', 'http://www.gutenberg.org/files/28511/28511-h.zip', 'text/html; charset=iso-8859-1application/zip' );
INSERT INTO files ( gid, file, mime ) VALUES ( '28511', 'http://www.gutenberg.org/files/28511/28511-h/28511-h.htm', 'text/html; charset=iso-8859-1' );
INSERT INTO files ( gid, file, mime ) VALUES ( '28511', 'http://www.gutenberg.org/files/28511/28511.txt', 'text/plain; charset=us-ascii' );
INSERT INTO files ( gid, file, mime ) VALUES ( '28511', 'http://www.gutenberg.org/files/28511/28511.zip', 'application/ziptext/plain; charset=us-ascii' );
INSERT INTO titles ( gid, title, author, language, rights ) VALUES ( '28711', 'Operas Every Child Should Know Descriptions of the Text and Music of Some of the Most Famous Masterpieces', 'Bacon, Mary Schell Hoke', 'en', 'Public domain in the USA.' );
INSERT INTO classifications ( gid, classification ) VALUES ( '28711', 'ML' );
INSERT INTO subjects ( gid, subject ) VALUES ( '28711', 'Operas -- Stories, plots, etc.' );
INSERT INTO subjects ( gid, subject ) VALUES ( '28711', 'Music -- History and criticism -- Juvenile literature' );
INSERT INTO files ( gid, file, mime ) VALUES ( '28711', 'http://www.gutenberg.org/cache/epub/28711/pg28711.cover.medium.jpg', 'image/jpeg' );
INSERT INTO files ( gid, file, mime ) VALUES ( '28711', 'http://www.gutenberg.org/cache/epub/28711/pg28711.cover.small.jpg', 'image/jpeg' );
INSERT INTO files ( gid, file, mime ) VALUES ( '28711', 'http://www.gutenberg.org/ebooks/28711.epub.images', 'application/epub+zip' );
INSERT INTO files ( gid, file, mime ) VALUES ( '28711', 'http://www.gutenberg.org/ebooks/28711.epub.noimages', 'application/epub+zip' );
INSERT INTO files ( gid, file, mime ) VALUES ( '28711', 'http://www.gutenberg.org/ebooks/28711.kindle.images', 'application/x-mobipocket-ebook' );
INSERT INTO files ( gid, file, mime ) VALUES ( '28711', 'http://www.gutenberg.org/ebooks/28711.kindle.noimages', 'application/x-mobipocket-ebook' );
INSERT INTO files ( gid, file, mime ) VALUES ( '28711', 'http://www.gutenberg.org/ebooks/28711.rdf', 'application/rdf+xml' );
INSERT INTO files ( gid, file, mime ) VALUES ( '28711', 'http://www.gutenberg.org/ebooks/28711.txt.utf-8', 'text/plain' );
INSERT INTO files ( gid, file, mime ) VALUES ( '28711', 'http://www.gutenberg.org/files/28711/28711-8.txt', 'text/plain; charset=iso-8859-1' );
INSERT INTO files ( gid, file, mime ) VALUES ( '28711', 'http://www.gutenberg.org/files/28711/28711-8.zip', 'application/ziptext/plain; charset=iso-8859-1' );
INSERT INTO files ( gid, file, mime ) VALUES ( '28711', 'http://www.gutenberg.org/files/28711/28711-h.zip', 'text/html; charset=iso-8859-1application/zip' );
INSERT INTO files ( gid, file, mime ) VALUES ( '28711', 'http://www.gutenberg.org/files/28711/28711-h/28711-h.htm', 'text/html; charset=iso-8859-1' );
INSERT INTO files ( gid, file, mime ) VALUES ( '28711', 'http://www.gutenberg.org/files/28711/28711-h/music/aida.mid', 'audio/midi' );
INSERT INTO files ( gid, file, mime ) VALUES ( '28711', 'http://www.gutenberg.org/files/28711/28711-h/music/bohemian1.mid', 'audio/midi' );
INSERT INTO files ( gid, file, mime ) VALUES ( '28711', 'http://www.gutenberg.org/files/28711/28711-h/music/bohemian2.mid', 'audio/midi' );
INSERT INTO files ( gid, file, mime ) VALUES ( '28711', 'http://www.gutenberg.org/files/28711/28711-h/music/bohemian3.mid', 'audio/midi' );
INSERT INTO files ( gid, file, mime ) VALUES ( '28711', 'http://www.gutenberg.org/files/28711/28711-h/music/carmen1.mid', 'audio/midi' );
INSERT INTO files ( gid, file, mime ) VALUES ( '28711', 'http://www.gutenberg.org/files/28711/28711-h/music/carmen2.mid', 'audio/midi' );
INSERT INTO files ( gid, file, mime ) VALUES ( '28711', 'http://www.gutenberg.org/files/28711/28711-h/music/carmen3.mid', 'audio/midi' );
INSERT INTO files ( gid, file, mime ) VALUES ( '28711', 'http://www.gutenberg.org/files/28711/28711-h/music/carmen4.mid', 'audio/midi' );
INSERT INTO files ( gid, file, mime ) VALUES ( '28711', 'http://www.gutenberg.org/files/28711/28711-h/music/cavalleria1.mid', 'audio/midi' );
INSERT INTO files ( gid, file, mime ) VALUES ( '28711', 'http://www.gutenberg.org/files/28711/28711-h/music/cavalleria2.mid', 'audio/midi' );
INSERT INTO files ( gid, file, mime ) VALUES ( '28711', 'http://www.gutenberg.org/files/28711/28711-h/music/faust1.mid', 'audio/midi' );
INSERT INTO files ( gid, file, mime ) VALUES ( '28711', 'http://www.gutenberg.org/files/28711/28711-h/music/faust2.mid', 'audio/midi' );
INSERT INTO files ( gid, file, mime ) VALUES ( '28711', 'http://www.gutenberg.org/files/28711/28711-h/music/faust3.mid', 'audio/midi' );
INSERT INTO files ( gid, file, mime ) VALUES ( '28711', 'http://www.gutenberg.org/files/28711/28711-h/music/fidelio1.mid', 'audio/midi' );
INSERT INTO files ( gid, file, mime ) VALUES ( '28711', 'http://www.gutenberg.org/files/28711/28711-h/music/fidelio2.mid', 'audio/midi' );
INSERT INTO files ( gid, file, mime ) VALUES ( '28711', 'http://www.gutenberg.org/files/28711/28711-h/music/fidelio3.mid', 'audio/midi' );
INSERT INTO files ( gid, file, mime ) VALUES ( '28711', 'http://www.gutenberg.org/files/28711/28711-h/music/flute1.mid', 'audio/midi' );
INSERT INTO files ( gid, file, mime ) VALUES ( '28711', 'http://www.gutenberg.org/files/28711/28711-h/music/flute2.mid', 'audio/midi' );
INSERT INTO files ( gid, file, mime ) VALUES ( '28711', 'http://www.gutenberg.org/files/28711/28711-h/music/flute3.mid', 'audio/midi' );
INSERT INTO files ( gid, file, mime ) VALUES ( '28711', 'http://www.gutenberg.org/files/28711/28711-h/music/gotterdammerung.mid', 'audio/midi' );
INSERT INTO files ( gid, file, mime ) VALUES ( '28711', 'http://www.gutenberg.org/files/28711/28711-h/music/hansel.mid', 'audio/midi' );
INSERT INTO files ( gid, file, mime ) VALUES ( '28711', 'http://www.gutenberg.org/files/28711/28711-h/music/lohengrin1.mid', 'audio/midi' );
INSERT INTO files ( gid, file, mime ) VALUES ( '28711', 'http://www.gutenberg.org/files/28711/28711-h/music/lohengrin2.mid', 'audio/midi' );
INSERT INTO files ( gid, file, mime ) VALUES ( '28711', 'http://www.gutenberg.org/files/28711/28711-h/music/lohengrin3.mid', 'audio/midi' );
INSERT INTO files ( gid, file, mime ) VALUES ( '28711', 'http://www.gutenberg.org/files/28711/28711-h/music/martha1.mid', 'audio/midi' );
INSERT INTO files ( gid, file, mime ) VALUES ( '28711', 'http://www.gutenberg.org/files/28711/28711-h/music/martha2.mid', 'audio/midi' );
INSERT INTO files ( gid, file, mime ) VALUES ( '28711', 'http://www.gutenberg.org/files/28711/28711-h/music/martha3.mid', 'audio/midi' );
INSERT INTO files ( gid, file, mime ) VALUES ( '28711', 'http://www.gutenberg.org/files/28711/28711-h/music/meistersinger.mid', 'audio/midi' );
INSERT INTO files ( gid, file, mime ) VALUES ( '28711', 'http://www.gutenberg.org/files/28711/28711-h/music/pinafore1.mid', 'audio/midi' );
INSERT INTO files ( gid, file, mime ) VALUES ( '28711', 'http://www.gutenberg.org/files/28711/28711-h/music/pinafore2.mid', 'audio/midi' );
INSERT INTO files ( gid, file, mime ) VALUES ( '28711', 'http://www.gutenberg.org/files/28711/28711-h/music/pinafore3.mid', 'audio/midi' );
INSERT INTO files ( gid, file, mime ) VALUES ( '28711', 'http://www.gutenberg.org/files/28711/28711-h/music/prophet1.mid', 'audio/midi' );
INSERT INTO files ( gid, file, mime ) VALUES ( '28711', 'http://www.gutenberg.org/files/28711/28711-h/music/prophet2.mid', 'audio/midi' );
INSERT INTO files ( gid, file, mime ) VALUES ( '28711', 'http://www.gutenberg.org/files/28711/28711-h/music/rheingold.mid', 'audio/midi' );
INSERT INTO files ( gid, file, mime ) VALUES ( '28711', 'http://www.gutenberg.org/files/28711/28711-h/music/rigoletto1.mid', 'audio/midi' );
INSERT INTO files ( gid, file, mime ) VALUES ( '28711', 'http://www.gutenberg.org/files/28711/28711-h/music/rigoletto2.mid', 'audio/midi' );
INSERT INTO files ( gid, file, mime ) VALUES ( '28711', 'http://www.gutenberg.org/files/28711/28711-h/music/robinhood.mid', 'audio/midi' );
INSERT INTO files ( gid, file, mime ) VALUES ( '28711', 'http://www.gutenberg.org/files/28711/28711-h/music/siegfried1.mid', 'audio/midi' );
INSERT INTO files ( gid, file, mime ) VALUES ( '28711', 'http://www.gutenberg.org/files/28711/28711-h/music/siegfried2.mid', 'audio/midi' );
INSERT INTO files ( gid, file, mime ) VALUES ( '28711', 'http://www.gutenberg.org/files/28711/28711-h/music/trovatore1.mid', 'audio/midi' );
INSERT INTO files ( gid, file, mime ) VALUES ( '28711', 'http://www.gutenberg.org/files/28711/28711-h/music/trovatore2.mid', 'audio/midi' );
INSERT INTO files ( gid, file, mime ) VALUES ( '28711', 'http://www.gutenberg.org/files/28711/28711-h/music/trovatore3.mid', 'audio/midi' );
INSERT INTO files ( gid, file, mime ) VALUES ( '28711', 'http://www.gutenberg.org/files/28711/28711-h/music/trovatore4.mid', 'audio/midi' );
INSERT INTO files ( gid, file, mime ) VALUES ( '28711', 'http://www.gutenberg.org/files/28711/28711-h/music/trovatore5.mid', 'audio/midi' );
INSERT INTO files ( gid, file, mime ) VALUES ( '28711', 'http://www.gutenberg.org/files/28711/28711-h/music/walkure.mid', 'audio/midi' );
INSERT INTO files ( gid, file, mime ) VALUES ( '28711', 'http://www.gutenberg.org/files/28711/28711.txt', 'text/plain; charset=us-ascii' );
INSERT INTO files ( gid, file, mime ) VALUES ( '28711', 'http://www.gutenberg.org/files/28711/28711.zip', 'text/plain; charset=us-asciiapplication/zip' );
INSERT INTO titles ( gid, title, author, language, rights ) VALUES ( '28911', 'The Book of Tea', 'Okakura, Kakuzo', 'en', 'Public domain in the USA.' );
INSERT INTO classifications ( gid, classification ) VALUES ( '28911', 'GT' );
INSERT INTO subjects ( gid, subject ) VALUES ( '28911', 'Tea' );
INSERT INTO subjects ( gid, subject ) VALUES ( '28911', 'Japan -- Social life and customs' );
INSERT INTO subjects ( gid, subject ) VALUES ( '28911', 'Japanese tea ceremony' );
INSERT INTO files ( gid, file, mime ) VALUES ( '28911', 'http://www.gutenberg.org/ebooks/28911.rdf', 'application/rdf+xml' );
INSERT INTO files ( gid, file, mime ) VALUES ( '28911', 'http://www.gutenberg.org/files/28911/28911_index.html', 'text/html' );
INSERT INTO files ( gid, file, mime ) VALUES ( '28911', 'http://www.gutenberg.org/files/28911/28911_readme.txt', 'text/plain; charset=us-ascii' );
INSERT INTO files ( gid, file, mime ) VALUES ( '28911', 'http://www.gutenberg.org/files/28911/m4b/28911-01.m4b', 'audio/mp4' );
INSERT INTO files ( gid, file, mime ) VALUES ( '28911', 'http://www.gutenberg.org/files/28911/m4b/28911-02.m4b', 'audio/mp4' );
INSERT INTO files ( gid, file, mime ) VALUES ( '28911', 'http://www.gutenberg.org/files/28911/m4b/28911-03.m4b', 'audio/mp4' );
INSERT INTO files ( gid, file, mime ) VALUES ( '28911', 'http://www.gutenberg.org/files/28911/m4b/28911-04.m4b', 'audio/mp4' );
INSERT INTO files ( gid, file, mime ) VALUES ( '28911', 'http://www.gutenberg.org/files/28911/m4b/28911-05.m4b', 'audio/mp4' );
INSERT INTO files ( gid, file, mime ) VALUES ( '28911', 'http://www.gutenberg.org/files/28911/m4b/28911-06.m4b', 'audio/mp4' );
INSERT INTO files ( gid, file, mime ) VALUES ( '28911', 'http://www.gutenberg.org/files/28911/mp3/28911-01.mp3', 'audio/mpeg' );
INSERT INTO files ( gid, file, mime ) VALUES ( '28911', 'http://www.gutenberg.org/files/28911/mp3/28911-02.mp3', 'audio/mpeg' );
INSERT INTO files ( gid, file, mime ) VALUES ( '28911', 'http://www.gutenberg.org/files/28911/mp3/28911-03.mp3', 'audio/mpeg' );
INSERT INTO files ( gid, file, mime ) VALUES ( '28911', 'http://www.gutenberg.org/files/28911/mp3/28911-04.mp3', 'audio/mpeg' );
INSERT INTO files ( gid, file, mime ) VALUES ( '28911', 'http://www.gutenberg.org/files/28911/mp3/28911-05.mp3', 'audio/mpeg' );
INSERT INTO files ( gid, file, mime ) VALUES ( '28911', 'http://www.gutenberg.org/files/28911/mp3/28911-06.mp3', 'audio/mpeg' );
INSERT INTO files ( gid, file, mime ) VALUES ( '28911', 'http://www.gutenberg.org/files/28911/ogg/28911-01.ogg', 'audio/ogg' );
INSERT INTO files ( gid, file, mime ) VALUES ( '28911', 'http://www.gutenberg.org/files/28911/ogg/28911-02.ogg', 'audio/ogg' );
INSERT INTO files ( gid, file, mime ) VALUES ( '28911', 'http://www.gutenberg.org/files/28911/ogg/28911-03.ogg', 'audio/ogg' );
INSERT INTO files ( gid, file, mime ) VALUES ( '28911', 'http://www.gutenberg.org/files/28911/ogg/28911-04.ogg', 'audio/ogg' );
INSERT INTO files ( gid, file, mime ) VALUES ( '28911', 'http://www.gutenberg.org/files/28911/ogg/28911-05.ogg', 'audio/ogg' );
INSERT INTO files ( gid, file, mime ) VALUES ( '28911', 'http://www.gutenberg.org/files/28911/ogg/28911-06.ogg', 'audio/ogg' );
INSERT INTO files ( gid, file, mime ) VALUES ( '28911', 'http://www.gutenberg.org/files/28911/spx/28911-01.spx', 'audio/ogg' );
INSERT INTO files ( gid, file, mime ) VALUES ( '28911', 'http://www.gutenberg.org/files/28911/spx/28911-02.spx', 'audio/ogg' );
INSERT INTO files ( gid, file, mime ) VALUES ( '28911', 'http://www.gutenberg.org/files/28911/spx/28911-03.spx', 'audio/ogg' );
INSERT INTO files ( gid, file, mime ) VALUES ( '28911', 'http://www.gutenberg.org/files/28911/spx/28911-04.spx', 'audio/ogg' );
INSERT INTO files ( gid, file, mime ) VALUES ( '28911', 'http://www.gutenberg.org/files/28911/spx/28911-05.spx', 'audio/ogg' );
INSERT INTO files ( gid, file, mime ) VALUES ( '28911', 'http://www.gutenberg.org/files/28911/spx/28911-06.spx', 'audio/ogg' );
INSERT INTO titles ( gid, title, author, language, rights ) VALUES ( '29011', 'Ηθικά Νικομάχεια, Τόμος Δεύτερος', 'Aristotle', 'el', 'Public domain in the USA.' );
INSERT INTO classifications ( gid, classification ) VALUES ( '29011', 'B' );
INSERT INTO subjects ( gid, subject ) VALUES ( '29011', 'Ethics' );
INSERT INTO files ( gid, file, mime ) VALUES ( '29011', 'http://www.gutenberg.org/ebooks/29011.epub.images', 'application/epub+zip' );
INSERT INTO files ( gid, file, mime ) VALUES ( '29011', 'http://www.gutenberg.org/ebooks/29011.epub.noimages', 'application/epub+zip' );
INSERT INTO files ( gid, file, mime ) VALUES ( '29011', 'http://www.gutenberg.org/ebooks/29011.html.images', 'text/html' );
INSERT INTO files ( gid, file, mime ) VALUES ( '29011', 'http://www.gutenberg.org/ebooks/29011.html.noimages', 'text/html' );
INSERT INTO files ( gid, file, mime ) VALUES ( '29011', 'http://www.gutenberg.org/ebooks/29011.kindle.images', 'application/x-mobipocket-ebook' );
INSERT INTO files ( gid, file, mime ) VALUES ( '29011', 'http://www.gutenberg.org/ebooks/29011.kindle.noimages', 'application/x-mobipocket-ebook' );
INSERT INTO files ( gid, file, mime ) VALUES ( '29011', 'http://www.gutenberg.org/ebooks/29011.rdf', 'application/rdf+xml' );
INSERT INTO files ( gid, file, mime ) VALUES ( '29011', 'http://www.gutenberg.org/files/29011/29011-0.txt', 'text/plain; charset=utf-8' );
INSERT INTO files ( gid, file, mime ) VALUES ( '29011', 'http://www.gutenberg.org/files/29011/29011-0.zip', 'application/ziptext/plain; charset=utf-8' );
INSERT INTO titles ( gid, title, author, language, rights ) VALUES ( '29111', 'What the Blackbird said A story in four chirps', 'Locker-Lampson, Hannah Jane', 'en', 'Public domain in the USA.' );
INSERT INTO classifications ( gid, classification ) VALUES ( '29111', 'PZ' );
INSERT INTO subjects ( gid, subject ) VALUES ( '29111', 'Birds -- Juvenile literature' );
INSERT INTO subjects ( gid, subject ) VALUES ( '29111', 'Seasons -- Juvenile literature' );
INSERT INTO files ( gid, file, mime ) VALUES ( '29111', 'http://www.gutenberg.org/cache/epub/29111/pg29111.cover.medium.jpg', 'image/jpeg' );
INSERT INTO files ( gid, file, mime ) VALUES ( '29111', 'http://www.gutenberg.org/cache/epub/29111/pg29111.cover.small.jpg', 'image/jpeg' );
INSERT INTO files ( gid, file, mime ) VALUES ( '29111', 'http://www.gutenberg.org/ebooks/29111.epub.images', 'application/epub+zip' );
INSERT INTO files ( gid, file, mime ) VALUES ( '29111', 'http://www.gutenberg.org/ebooks/29111.epub.noimages', 'application/epub+zip' );
INSERT INTO files ( gid, file, mime ) VALUES ( '29111', 'http://www.gutenberg.org/ebooks/29111.kindle.images', 'application/x-mobipocket-ebook' );
INSERT INTO files ( gid, file, mime ) VALUES ( '29111', 'http://www.gutenberg.org/ebooks/29111.kindle.noimages', 'application/x-mobipocket-ebook' );
INSERT INTO files ( gid, file, mime ) VALUES ( '29111', 'http://www.gutenberg.org/ebooks/29111.rdf', 'application/rdf+xml' );
INSERT INTO files ( gid, file, mime ) VALUES ( '29111', 'http://www.gutenberg.org/ebooks/29111.txt.utf-8', 'text/plain' );
INSERT INTO files ( gid, file, mime ) VALUES ( '29111', 'http://www.gutenberg.org/files/29111/29111-h.zip', 'application/ziptext/html; charset=iso-8859-1' );
INSERT INTO files ( gid, file, mime ) VALUES ( '29111', 'http://www.gutenberg.org/files/29111/29111-h/29111-h.htm', 'text/html; charset=iso-8859-1' );
INSERT INTO files ( gid, file, mime ) VALUES ( '29111', 'http://www.gutenberg.org/files/29111/29111.txt', 'text/plain; charset=us-ascii' );
INSERT INTO files ( gid, file, mime ) VALUES ( '29111', 'http://www.gutenberg.org/files/29111/29111.zip', 'text/plain; charset=us-asciiapplication/zip' );
INSERT INTO titles ( gid, title, author, language, rights ) VALUES ( '2911', 'Justice', 'Galsworthy, John', 'en', 'Public domain in the USA.' );
INSERT INTO classifications ( gid, classification ) VALUES ( '2911', 'PR' );
INSERT INTO subjects ( gid, subject ) VALUES ( '2911', 'English drama' );
INSERT INTO subjects ( gid, subject ) VALUES ( '2911', 'Tragedies' );
INSERT INTO files ( gid, file, mime ) VALUES ( '2911', 'http://www.gutenberg.org/ebooks/2911.epub.images', 'application/epub+zip' );
INSERT INTO files ( gid, file, mime ) VALUES ( '2911', 'http://www.gutenberg.org/ebooks/2911.epub.noimages', 'application/epub+zip' );
INSERT INTO files ( gid, file, mime ) VALUES ( '2911', 'http://www.gutenberg.org/ebooks/2911.kindle.images', 'application/x-mobipocket-ebook' );
INSERT INTO files ( gid, file, mime ) VALUES ( '2911', 'http://www.gutenberg.org/ebooks/2911.kindle.noimages', 'application/x-mobipocket-ebook' );
INSERT INTO files ( gid, file, mime ) VALUES ( '2911', 'http://www.gutenberg.org/ebooks/2911.rdf', 'application/rdf+xml' );
INSERT INTO files ( gid, file, mime ) VALUES ( '2911', 'http://www.gutenberg.org/ebooks/2911.txt.utf-8', 'text/plain' );
INSERT INTO files ( gid, file, mime ) VALUES ( '2911', 'http://www.gutenberg.org/files/2911/2911-h.zip', 'text/html; charset=us-asciiapplication/zip' );
INSERT INTO files ( gid, file, mime ) VALUES ( '2911', 'http://www.gutenberg.org/files/2911/2911-h/2911-h.htm', 'text/html; charset=us-ascii' );
INSERT INTO files ( gid, file, mime ) VALUES ( '2911', 'http://www.gutenberg.org/files/2911/2911.txt', 'text/plain; charset=us-ascii' );
INSERT INTO files ( gid, file, mime ) VALUES ( '2911', 'http://www.gutenberg.org/files/2911/2911.zip', 'application/ziptext/plain; charset=us-ascii' );
INSERT INTO titles ( gid, title, author, language, rights ) VALUES ( '29211', 'Prevalence of Imprisonment in the U.S. Population, 1974-2001', 'Bonczar, Thomas P.', 'en', 'Public domain in the USA.' );
INSERT INTO classifications ( gid, classification ) VALUES ( '29211', 'HV' );
INSERT INTO subjects ( gid, subject ) VALUES ( '29211', 'Prisoners -- United States -- Statistics' );
INSERT INTO subjects ( gid, subject ) VALUES ( '29211', 'Imprisonment -- United States -- Statistics' );
INSERT INTO files ( gid, file, mime ) VALUES ( '29211', 'http://www.gutenberg.org/ebooks/29211.epub.images', 'application/epub+zip' );
INSERT INTO files ( gid, file, mime ) VALUES ( '29211', 'http://www.gutenberg.org/ebooks/29211.epub.noimages', 'application/epub+zip' );
INSERT INTO files ( gid, file, mime ) VALUES ( '29211', 'http://www.gutenberg.org/ebooks/29211.kindle.images', 'application/x-mobipocket-ebook' );
INSERT INTO files ( gid, file, mime ) VALUES ( '29211', 'http://www.gutenberg.org/ebooks/29211.kindle.noimages', 'application/x-mobipocket-ebook' );
INSERT INTO files ( gid, file, mime ) VALUES ( '29211', 'http://www.gutenberg.org/ebooks/29211.rdf', 'application/rdf+xml' );
INSERT INTO files ( gid, file, mime ) VALUES ( '29211', 'http://www.gutenberg.org/ebooks/29211.txt.utf-8', 'text/plain' );
INSERT INTO files ( gid, file, mime ) VALUES ( '29211', 'http://www.gutenberg.org/files/29211/29211-h.zip', 'text/html; charset=iso-8859-1application/zip' );
INSERT INTO files ( gid, file, mime ) VALUES ( '29211', 'http://www.gutenberg.org/files/29211/29211-h/29211-h.htm', 'text/html; charset=iso-8859-1' );
INSERT INTO files ( gid, file, mime ) VALUES ( '29211', 'http://www.gutenberg.org/files/29211/29211.txt', 'text/plain; charset=us-ascii' );
INSERT INTO files ( gid, file, mime ) VALUES ( '29211', 'http://www.gutenberg.org/files/29211/29211.zip', 'application/ziptext/plain; charset=us-ascii' );
INSERT INTO titles ( gid, title, author, language, rights ) VALUES ( '28811', 'Barchester Towers', 'Trollope, Anthony', 'en', 'Public domain in the USA.' );
INSERT INTO classifications ( gid, classification ) VALUES ( '28811', 'PR' );
INSERT INTO subjects ( gid, subject ) VALUES ( '28811', 'Barsetshire (England: Imaginary place) -- Fiction' );
INSERT INTO subjects ( gid, subject ) VALUES ( '28811', 'Clergy -- Fiction' );
INSERT INTO subjects ( gid, subject ) VALUES ( '28811', 'Barchester (England : Imaginary place) -- Fiction' );
INSERT INTO subjects ( gid, subject ) VALUES ( '28811', 'Domestic fiction' );
INSERT INTO files ( gid, file, mime ) VALUES ( '28811', 'http://www.gutenberg.org/ebooks/28811.rdf', 'application/rdf+xml' );
INSERT INTO files ( gid, file, mime ) VALUES ( '28811', 'http://www.gutenberg.org/files/28811/28811_index.html', 'text/html' );
INSERT INTO files ( gid, file, mime ) VALUES ( '28811', 'http://www.gutenberg.org/files/28811/28811_readme.txt', 'text/plain; charset=us-ascii' );
INSERT INTO files ( gid, file, mime ) VALUES ( '28811', 'http://www.gutenberg.org/files/28811/m4b/28811-01.m4b', 'audio/mp4' );
INSERT INTO files ( gid, file, mime ) VALUES ( '28811', 'http://www.gutenberg.org/files/28811/m4b/28811-02.m4b', 'audio/mp4' );
INSERT INTO files ( gid, file, mime ) VALUES ( '28811', 'http://www.gutenberg.org/files/28811/m4b/28811-03.m4b', 'audio/mp4' );
INSERT INTO files ( gid, file, mime ) VALUES ( '28811', 'http://www.gutenberg.org/files/28811/m4b/28811-04.m4b', 'audio/mp4' );
INSERT INTO files ( gid, file, mime ) VALUES ( '28811', 'http://www.gutenberg.org/files/28811/m4b/28811-05.m4b', 'audio/mp4' );
INSERT INTO files ( gid, file, mime ) VALUES ( '28811', 'http://www.gutenberg.org/files/28811/m4b/28811-06.m4b', 'audio/mp4' );
INSERT INTO files ( gid, file, mime ) VALUES ( '28811', 'http://www.gutenberg.org/files/28811/m4b/28811-07.m4b', 'audio/mp4' );
INSERT INTO files ( gid, file, mime ) VALUES ( '28811', 'http://www.gutenberg.org/files/28811/m4b/28811-08.m4b', 'audio/mp4' );
INSERT INTO files ( gid, file, mime ) VALUES ( '28811', 'http://www.gutenberg.org/files/28811/m4b/28811-09.m4b', 'audio/mp4' );
INSERT INTO files ( gid, file, mime ) VALUES ( '28811', 'http://www.gutenberg.org/files/28811/m4b/28811-10.m4b', 'audio/mp4' );
INSERT INTO files ( gid, file, mime ) VALUES ( '28811', 'http://www.gutenberg.org/files/28811/m4b/28811-11.m4b', 'audio/mp4' );
INSERT INTO files ( gid, file, mime ) VALUES ( '28811', 'http://www.gutenberg.org/files/28811/m4b/28811-12.m4b', 'audio/mp4' );
INSERT INTO files ( gid, file, mime ) VALUES ( '28811', 'http://www.gutenberg.org/files/28811/m4b/28811-13.m4b', 'audio/mp4' );
INSERT INTO files ( gid, file, mime ) VALUES ( '28811', 'http://www.gutenberg.org/files/28811/m4b/28811-14.m4b', 'audio/mp4' );
INSERT INTO files ( gid, file, mime ) VALUES ( '28811', 'http://www.gutenberg.org/files/28811/m4b/28811-15.m4b', 'audio/mp4' );
INSERT INTO files ( gid, file, mime ) VALUES ( '28811', 'http://www.gutenberg.org/files/28811/m4b/28811-16.m4b', 'audio/mp4' );
INSERT INTO files ( gid, file, mime ) VALUES ( '28811', 'http://www.gutenberg.org/files/28811/m4b/28811-17.m4b', 'audio/mp4' );
INSERT INTO files ( gid, file, mime ) VALUES ( '28811', 'http://www.gutenberg.org/files/28811/m4b/28811-18.m4b', 'audio/mp4' );
INSERT INTO files ( gid, file, mime ) VALUES ( '28811', 'http://www.gutenberg.org/files/28811/m4b/28811-19.m4b', 'audio/mp4' );
INSERT INTO files ( gid, file, mime ) VALUES ( '28811', 'http://www.gutenberg.org/files/28811/m4b/28811-20.m4b', 'audio/mp4' );
INSERT INTO files ( gid, file, mime ) VALUES ( '28811', 'http://www.gutenberg.org/files/28811/m4b/28811-21.m4b', 'audio/mp4' );
INSERT INTO files ( gid, file, mime ) VALUES ( '28811', 'http://www.gutenberg.org/files/28811/m4b/28811-22.m4b', 'audio/mp4' );
INSERT INTO files ( gid, file, mime ) VALUES ( '28811', 'http://www.gutenberg.org/files/28811/m4b/28811-23.m4b', 'audio/mp4' );
INSERT INTO files ( gid, file, mime ) VALUES ( '28811', 'http://www.gutenberg.org/files/28811/m4b/28811-24.m4b', 'audio/mp4' );
INSERT INTO files ( gid, file, mime ) VALUES ( '28811', 'http://www.gutenberg.org/files/28811/m4b/28811-25.m4b', 'audio/mp4' );
INSERT INTO files ( gid, file, mime ) VALUES ( '28811', 'http://www.gutenberg.org/files/28811/m4b/28811-26.m4b', 'audio/mp4' );
INSERT INTO files ( gid, file, mime ) VALUES ( '28811', 'http://www.gutenberg.org/files/28811/m4b/28811-27.m4b', 'audio/mp4' );
INSERT INTO files ( gid, file, mime ) VALUES ( '28811', 'http://www.gutenberg.org/files/28811/m4b/28811-28.m4b', 'audio/mp4' );
INSERT INTO files ( gid, file, mime ) VALUES ( '28811', 'http://www.gutenberg.org/files/28811/m4b/28811-29.m4b', 'audio/mp4' );
INSERT INTO files ( gid, file, mime ) VALUES ( '28811', 'http://www.gutenberg.org/files/28811/m4b/28811-30.m4b', 'audio/mp4' );
INSERT INTO files ( gid, file, mime ) VALUES ( '28811', 'http://www.gutenberg.org/files/28811/m4b/28811-31.m4b', 'audio/mp4' );
INSERT INTO files ( gid, file, mime ) VALUES ( '28811', 'http://www.gutenberg.org/files/28811/m4b/28811-32.m4b', 'audio/mp4' );
INSERT INTO files ( gid, file, mime ) VALUES ( '28811', 'http://www.gutenberg.org/files/28811/m4b/28811-33.m4b', 'audio/mp4' );
INSERT INTO files ( gid, file, mime ) VALUES ( '28811', 'http://www.gutenberg.org/files/28811/m4b/28811-34.m4b', 'audio/mp4' );
INSERT INTO files ( gid, file, mime ) VALUES ( '28811', 'http://www.gutenberg.org/files/28811/m4b/28811-35.m4b', 'audio/mp4' );
INSERT INTO files ( gid, file, mime ) VALUES ( '28811', 'http://www.gutenberg.org/files/28811/m4b/28811-36.m4b', 'audio/mp4' );
INSERT INTO files ( gid, file, mime ) VALUES ( '28811', 'http://www.gutenberg.org/files/28811/m4b/28811-37.m4b', 'audio/mp4' );
INSERT INTO files ( gid, file, mime ) VALUES ( '28811', 'http://www.gutenberg.org/files/28811/m4b/28811-38.m4b', 'audio/mp4' );
INSERT INTO files ( gid, file, mime ) VALUES ( '28811', 'http://www.gutenberg.org/files/28811/m4b/28811-39.m4b', 'audio/mp4' );
INSERT INTO files ( gid, file, mime ) VALUES ( '28811', 'http://www.gutenberg.org/files/28811/m4b/28811-40.m4b', 'audio/mp4' );
INSERT INTO files ( gid, file, mime ) VALUES ( '28811', 'http://www.gutenberg.org/files/28811/m4b/28811-41.m4b', 'audio/mp4' );
INSERT INTO files ( gid, file, mime ) VALUES ( '28811', 'http://www.gutenberg.org/files/28811/m4b/28811-42.m4b', 'audio/mp4' );
INSERT INTO files ( gid, file, mime ) VALUES ( '28811', 'http://www.gutenberg.org/files/28811/m4b/28811-43.m4b', 'audio/mp4' );
INSERT INTO files ( gid, file, mime ) VALUES ( '28811', 'http://www.gutenberg.org/files/28811/m4b/28811-44.m4b', 'audio/mp4' );
INSERT INTO files ( gid, file, mime ) VALUES ( '28811', 'http://www.gutenberg.org/files/28811/m4b/28811-45.m4b', 'audio/mp4' );
INSERT INTO files ( gid, file, mime ) VALUES ( '28811', 'http://www.gutenberg.org/files/28811/m4b/28811-46.m4b', 'audio/mp4' );
INSERT INTO files ( gid, file, mime ) VALUES ( '28811', 'http://www.gutenberg.org/files/28811/m4b/28811-47.m4b', 'audio/mp4' );
INSERT INTO files ( gid, file, mime ) VALUES ( '28811', 'http://www.gutenberg.org/files/28811/m4b/28811-48.m4b', 'audio/mp4' );
INSERT INTO files ( gid, file, mime ) VALUES ( '28811', 'http://www.gutenberg.org/files/28811/m4b/28811-49.m4b', 'audio/mp4' );
INSERT INTO files ( gid, file, mime ) VALUES ( '28811', 'http://www.gutenberg.org/files/28811/m4b/28811-50.m4b', 'audio/mp4' );
INSERT INTO files ( gid, file, mime ) VALUES ( '28811', 'http://www.gutenberg.org/files/28811/m4b/28811-51.m4b', 'audio/mp4' );
INSERT INTO files ( gid, file, mime ) VALUES ( '28811', 'http://www.gutenberg.org/files/28811/m4b/28811-52.m4b', 'audio/mp4' );
INSERT INTO files ( gid, file, mime ) VALUES ( '28811', 'http://www.gutenberg.org/files/28811/m4b/28811-53.m4b', 'audio/mp4' );
INSERT INTO files ( gid, file, mime ) VALUES ( '28811', 'http://www.gutenberg.org/files/28811/mp3/28811-01.mp3', 'audio/mpeg' );
INSERT INTO files ( gid, file, mime ) VALUES ( '28811', 'http://www.gutenberg.org/files/28811/mp3/28811-02.mp3', 'audio/mpeg' );
INSERT INTO files ( gid, file, mime ) VALUES ( '28811', 'http://www.gutenberg.org/files/28811/mp3/28811-03.mp3', 'audio/mpeg' );
INSERT INTO files ( gid, file, mime ) VALUES ( '28811', 'http://www.gutenberg.org/files/28811/mp3/28811-04.mp3', 'audio/mpeg' );
INSERT INTO files ( gid, file, mime ) VALUES ( '28811', 'http://www.gutenberg.org/files/28811/mp3/28811-05.mp3', 'audio/mpeg' );
INSERT INTO files ( gid, file, mime ) VALUES ( '28811', 'http://www.gutenberg.org/files/28811/mp3/28811-06.mp3', 'audio/mpeg' );
INSERT INTO files ( gid, file, mime ) VALUES ( '28811', 'http://www.gutenberg.org/files/28811/mp3/28811-07.mp3', 'audio/mpeg' );
INSERT INTO files ( gid, file, mime ) VALUES ( '28811', 'http://www.gutenberg.org/files/28811/mp3/28811-08.mp3', 'audio/mpeg' );
INSERT INTO files ( gid, file, mime ) VALUES ( '28811', 'http://www.gutenberg.org/files/28811/mp3/28811-09.mp3', 'audio/mpeg' );
INSERT INTO files ( gid, file, mime ) VALUES ( '28811', 'http://www.gutenberg.org/files/28811/mp3/28811-10.mp3', 'audio/mpeg' );
INSERT INTO files ( gid, file, mime ) VALUES ( '28811', 'http://www.gutenberg.org/files/28811/mp3/28811-11.mp3', 'audio/mpeg' );
INSERT INTO files ( gid, file, mime ) VALUES ( '28811', 'http://www.gutenberg.org/files/28811/mp3/28811-12.mp3', 'audio/mpeg' );
INSERT INTO files ( gid, file, mime ) VALUES ( '28811', 'http://www.gutenberg.org/files/28811/mp3/28811-13.mp3', 'audio/mpeg' );
INSERT INTO files ( gid, file, mime ) VALUES ( '28811', 'http://www.gutenberg.org/files/28811/mp3/28811-14.mp3', 'audio/mpeg' );
INSERT INTO files ( gid, file, mime ) VALUES ( '28811', 'http://www.gutenberg.org/files/28811/mp3/28811-15.mp3', 'audio/mpeg' );
INSERT INTO files ( gid, file, mime ) VALUES ( '28811', 'http://www.gutenberg.org/files/28811/mp3/28811-16.mp3', 'audio/mpeg' );
INSERT INTO files ( gid, file, mime ) VALUES ( '28811', 'http://www.gutenberg.org/files/28811/mp3/28811-17.mp3', 'audio/mpeg' );
INSERT INTO files ( gid, file, mime ) VALUES ( '28811', 'http://www.gutenberg.org/files/28811/mp3/28811-18.mp3', 'audio/mpeg' );
INSERT INTO files ( gid, file, mime ) VALUES ( '28811', 'http://www.gutenberg.org/files/28811/mp3/28811-19.mp3', 'audio/mpeg' );
INSERT INTO files ( gid, file, mime ) VALUES ( '28811', 'http://www.gutenberg.org/files/28811/mp3/28811-20.mp3', 'audio/mpeg' );
INSERT INTO files ( gid, file, mime ) VALUES ( '28811', 'http://www.gutenberg.org/files/28811/mp3/28811-21.mp3', 'audio/mpeg' );
INSERT INTO files ( gid, file, mime ) VALUES ( '28811', 'http://www.gutenberg.org/files/28811/mp3/28811-22.mp3', 'audio/mpeg' );
INSERT INTO files ( gid, file, mime ) VALUES ( '28811', 'http://www.gutenberg.org/files/28811/mp3/28811-23.mp3', 'audio/mpeg' );
INSERT INTO files ( gid, file, mime ) VALUES ( '28811', 'http://www.gutenberg.org/files/28811/mp3/28811-24.mp3', 'audio/mpeg' );
INSERT INTO files ( gid, file, mime ) VALUES ( '28811', 'http://www.gutenberg.org/files/28811/mp3/28811-25.mp3', 'audio/mpeg' );
INSERT INTO files ( gid, file, mime ) VALUES ( '28811', 'http://www.gutenberg.org/files/28811/mp3/28811-26.mp3', 'audio/mpeg' );
INSERT INTO files ( gid, file, mime ) VALUES ( '28811', 'http://www.gutenberg.org/files/28811/mp3/28811-27.mp3', 'audio/mpeg' );
INSERT INTO files ( gid, file, mime ) VALUES ( '28811', 'http://www.gutenberg.org/files/28811/mp3/28811-28.mp3', 'audio/mpeg' );
INSERT INTO files ( gid, file, mime ) VALUES ( '28811', 'http://www.gutenberg.org/files/28811/mp3/28811-29.mp3', 'audio/mpeg' );
INSERT INTO files ( gid, file, mime ) VALUES ( '28811', 'http://www.gutenberg.org/files/28811/mp3/28811-30.mp3', 'audio/mpeg' );
INSERT INTO files ( gid, file, mime ) VALUES ( '28811', 'http://www.gutenberg.org/files/28811/mp3/28811-31.mp3', 'audio/mpeg' );
INSERT INTO files ( gid, file, mime ) VALUES ( '28811', 'http://www.gutenberg.org/files/28811/mp3/28811-32.mp3', 'audio/mpeg' );
INSERT INTO files ( gid, file, mime ) VALUES ( '28811', 'http://www.gutenberg.org/files/28811/mp3/28811-33.mp3', 'audio/mpeg' );
INSERT INTO files ( gid, file, mime ) VALUES ( '28811', 'http://www.gutenberg.org/files/28811/mp3/28811-34.mp3', 'audio/mpeg' );
INSERT INTO files ( gid, file, mime ) VALUES ( '28811', 'http://www.gutenberg.org/files/28811/mp3/28811-35.mp3', 'audio/mpeg' );
INSERT INTO files ( gid, file, mime ) VALUES ( '28811', 'http://www.gutenberg.org/files/28811/mp3/28811-36.mp3', 'audio/mpeg' );
INSERT INTO files ( gid, file, mime ) VALUES ( '28811', 'http://www.gutenberg.org/files/28811/mp3/28811-37.mp3', 'audio/mpeg' );
INSERT INTO files ( gid, file, mime ) VALUES ( '28811', 'http://www.gutenberg.org/files/28811/mp3/28811-38.mp3', 'audio/mpeg' );
INSERT INTO files ( gid, file, mime ) VALUES ( '28811', 'http://www.gutenberg.org/files/28811/mp3/28811-39.mp3', 'audio/mpeg' );
INSERT INTO files ( gid, file, mime ) VALUES ( '28811', 'http://www.gutenberg.org/files/28811/mp3/28811-40.mp3', 'audio/mpeg' );
INSERT INTO files ( gid, file, mime ) VALUES ( '28811', 'http://www.gutenberg.org/files/28811/mp3/28811-41.mp3', 'audio/mpeg' );
INSERT INTO files ( gid, file, mime ) VALUES ( '28811', 'http://www.gutenberg.org/files/28811/mp3/28811-42.mp3', 'audio/mpeg' );
INSERT INTO files ( gid, file, mime ) VALUES ( '28811', 'http://www.gutenberg.org/files/28811/mp3/28811-43.mp3', 'audio/mpeg' );
INSERT INTO files ( gid, file, mime ) VALUES ( '28811', 'http://www.gutenberg.org/files/28811/mp3/28811-44.mp3', 'audio/mpeg' );
INSERT INTO files ( gid, file, mime ) VALUES ( '28811', 'http://www.gutenberg.org/files/28811/mp3/28811-45.mp3', 'audio/mpeg' );
INSERT INTO files ( gid, file, mime ) VALUES ( '28811', 'http://www.gutenberg.org/files/28811/mp3/28811-46.mp3', 'audio/mpeg' );
INSERT INTO files ( gid, file, mime ) VALUES ( '28811', 'http://www.gutenberg.org/files/28811/mp3/28811-47.mp3', 'audio/mpeg' );
INSERT INTO files ( gid, file, mime ) VALUES ( '28811', 'http://www.gutenberg.org/files/28811/mp3/28811-48.mp3', 'audio/mpeg' );
INSERT INTO files ( gid, file, mime ) VALUES ( '28811', 'http://www.gutenberg.org/files/28811/mp3/28811-49.mp3', 'audio/mpeg' );
INSERT INTO files ( gid, file, mime ) VALUES ( '28811', 'http://www.gutenberg.org/files/28811/mp3/28811-50.mp3', 'audio/mpeg' );
INSERT INTO files ( gid, file, mime ) VALUES ( '28811', 'http://www.gutenberg.org/files/28811/mp3/28811-51.mp3', 'audio/mpeg' );
INSERT INTO files ( gid, file, mime ) VALUES ( '28811', 'http://www.gutenberg.org/files/28811/mp3/28811-52.mp3', 'audio/mpeg' );
INSERT INTO files ( gid, file, mime ) VALUES ( '28811', 'http://www.gutenberg.org/files/28811/mp3/28811-53.mp3', 'audio/mpeg' );
INSERT INTO files ( gid, file, mime ) VALUES ( '28811', 'http://www.gutenberg.org/files/28811/ogg/28811-01.ogg', 'audio/ogg' );
INSERT INTO files ( gid, file, mime ) VALUES ( '28811', 'http://www.gutenberg.org/files/28811/ogg/28811-02.ogg', 'audio/ogg' );
INSERT INTO files ( gid, file, mime ) VALUES ( '28811', 'http://www.gutenberg.org/files/28811/ogg/28811-03.ogg', 'audio/ogg' );
INSERT INTO files ( gid, file, mime ) VALUES ( '28811', 'http://www.gutenberg.org/files/28811/ogg/28811-04.ogg', 'audio/ogg' );
INSERT INTO files ( gid, file, mime ) VALUES ( '28811', 'http://www.gutenberg.org/files/28811/ogg/28811-05.ogg', 'audio/ogg' );
INSERT INTO files ( gid, file, mime ) VALUES ( '28811', 'http://www.gutenberg.org/files/28811/ogg/28811-06.ogg', 'audio/ogg' );
INSERT INTO files ( gid, file, mime ) VALUES ( '28811', 'http://www.gutenberg.org/files/28811/ogg/28811-07.ogg', 'audio/ogg' );
INSERT INTO files ( gid, file, mime ) VALUES ( '28811', 'http://www.gutenberg.org/files/28811/ogg/28811-08.ogg', 'audio/ogg' );
INSERT INTO files ( gid, file, mime ) VALUES ( '28811', 'http://www.gutenberg.org/files/28811/ogg/28811-09.ogg', 'audio/ogg' );
INSERT INTO files ( gid, file, mime ) VALUES ( '28811', 'http://www.gutenberg.org/files/28811/ogg/28811-10.ogg', 'audio/ogg' );
INSERT INTO files ( gid, file, mime ) VALUES ( '28811', 'http://www.gutenberg.org/files/28811/ogg/28811-11.ogg', 'audio/ogg' );
INSERT INTO files ( gid, file, mime ) VALUES ( '28811', 'http://www.gutenberg.org/files/28811/ogg/28811-12.ogg', 'audio/ogg' );
INSERT INTO files ( gid, file, mime ) VALUES ( '28811', 'http://www.gutenberg.org/files/28811/ogg/28811-13.ogg', 'audio/ogg' );
INSERT INTO files ( gid, file, mime ) VALUES ( '28811', 'http://www.gutenberg.org/files/28811/ogg/28811-14.ogg', 'audio/ogg' );
INSERT INTO files ( gid, file, mime ) VALUES ( '28811', 'http://www.gutenberg.org/files/28811/ogg/28811-15.ogg', 'audio/ogg' );
INSERT INTO files ( gid, file, mime ) VALUES ( '28811', 'http://www.gutenberg.org/files/28811/ogg/28811-16.ogg', 'audio/ogg' );
INSERT INTO files ( gid, file, mime ) VALUES ( '28811', 'http://www.gutenberg.org/files/28811/ogg/28811-17.ogg', 'audio/ogg' );
INSERT INTO files ( gid, file, mime ) VALUES ( '28811', 'http://www.gutenberg.org/files/28811/ogg/28811-18.ogg', 'audio/ogg' );
INSERT INTO files ( gid, file, mime ) VALUES ( '28811', 'http://www.gutenberg.org/files/28811/ogg/28811-19.ogg', 'audio/ogg' );
INSERT INTO files ( gid, file, mime ) VALUES ( '28811', 'http://www.gutenberg.org/files/28811/ogg/28811-20.ogg', 'audio/ogg' );
INSERT INTO files ( gid, file, mime ) VALUES ( '28811', 'http://www.gutenberg.org/files/28811/ogg/28811-21.ogg', 'audio/ogg' );
INSERT INTO files ( gid, file, mime ) VALUES ( '28811', 'http://www.gutenberg.org/files/28811/ogg/28811-22.ogg', 'audio/ogg' );
INSERT INTO files ( gid, file, mime ) VALUES ( '28811', 'http://www.gutenberg.org/files/28811/ogg/28811-23.ogg', 'audio/ogg' );
INSERT INTO files ( gid, file, mime ) VALUES ( '28811', 'http://www.gutenberg.org/files/28811/ogg/28811-24.ogg', 'audio/ogg' );
INSERT INTO files ( gid, file, mime ) VALUES ( '28811', 'http://www.gutenberg.org/files/28811/ogg/28811-25.ogg', 'audio/ogg' );
INSERT INTO files ( gid, file, mime ) VALUES ( '28811', 'http://www.gutenberg.org/files/28811/ogg/28811-26.ogg', 'audio/ogg' );
INSERT INTO files ( gid, file, mime ) VALUES ( '28811', 'http://www.gutenberg.org/files/28811/ogg/28811-27.ogg', 'audio/ogg' );
INSERT INTO files ( gid, file, mime ) VALUES ( '28811', 'http://www.gutenberg.org/files/28811/ogg/28811-28.ogg', 'audio/ogg' );
INSERT INTO files ( gid, file, mime ) VALUES ( '28811', 'http://www.gutenberg.org/files/28811/ogg/28811-29.ogg', 'audio/ogg' );
INSERT INTO files ( gid, file, mime ) VALUES ( '28811', 'http://www.gutenberg.org/files/28811/ogg/28811-30.ogg', 'audio/ogg' );
INSERT INTO files ( gid, file, mime ) VALUES ( '28811', 'http://www.gutenberg.org/files/28811/ogg/28811-31.ogg', 'audio/ogg' );
INSERT INTO files ( gid, file, mime ) VALUES ( '28811', 'http://www.gutenberg.org/files/28811/ogg/28811-32.ogg', 'audio/ogg' );
INSERT INTO files ( gid, file, mime ) VALUES ( '28811', 'http://www.gutenberg.org/files/28811/ogg/28811-33.ogg', 'audio/ogg' );
INSERT INTO files ( gid, file, mime ) VALUES ( '28811', 'http://www.gutenberg.org/files/28811/ogg/28811-34.ogg', 'audio/ogg' );
INSERT INTO files ( gid, file, mime ) VALUES ( '28811', 'http://www.gutenberg.org/files/28811/ogg/28811-35.ogg', 'audio/ogg' );
INSERT INTO files ( gid, file, mime ) VALUES ( '28811', 'http://www.gutenberg.org/files/28811/ogg/28811-36.ogg', 'audio/ogg' );
INSERT INTO files ( gid, file, mime ) VALUES ( '28811', 'http://www.gutenberg.org/files/28811/ogg/28811-37.ogg', 'audio/ogg' );
INSERT INTO files ( gid, file, mime ) VALUES ( '28811', 'http://www.gutenberg.org/files/28811/ogg/28811-38.ogg', 'audio/ogg' );
INSERT INTO files ( gid, file, mime ) VALUES ( '28811', 'http://www.gutenberg.org/files/28811/ogg/28811-39.ogg', 'audio/ogg' );
INSERT INTO files ( gid, file, mime ) VALUES ( '28811', 'http://www.gutenberg.org/files/28811/ogg/28811-40.ogg', 'audio/ogg' );
INSERT INTO files ( gid, file, mime ) VALUES ( '28811', 'http://www.gutenberg.org/files/28811/ogg/28811-41.ogg', 'audio/ogg' );
INSERT INTO files ( gid, file, mime ) VALUES ( '28811', 'http://www.gutenberg.org/files/28811/ogg/28811-42.ogg', 'audio/ogg' );
INSERT INTO files ( gid, file, mime ) VALUES ( '28811', 'http://www.gutenberg.org/files/28811/ogg/28811-43.ogg', 'audio/ogg' );
INSERT INTO files ( gid, file, mime ) VALUES ( '28811', 'http://www.gutenberg.org/files/28811/ogg/28811-44.ogg', 'audio/ogg' );
INSERT INTO files ( gid, file, mime ) VALUES ( '28811', 'http://www.gutenberg.org/files/28811/ogg/28811-45.ogg', 'audio/ogg' );
INSERT INTO files ( gid, file, mime ) VALUES ( '28811', 'http://www.gutenberg.org/files/28811/ogg/28811-46.ogg', 'audio/ogg' );
INSERT INTO files ( gid, file, mime ) VALUES ( '28811', 'http://www.gutenberg.org/files/28811/ogg/28811-47.ogg', 'audio/ogg' );
INSERT INTO files ( gid, file, mime ) VALUES ( '28811', 'http://www.gutenberg.org/files/28811/ogg/28811-48.ogg', 'audio/ogg' );
INSERT INTO files ( gid, file, mime ) VALUES ( '28811', 'http://www.gutenberg.org/files/28811/ogg/28811-49.ogg', 'audio/ogg' );
INSERT INTO files ( gid, file, mime ) VALUES ( '28811', 'http://www.gutenberg.org/files/28811/ogg/28811-50.ogg', 'audio/ogg' );
INSERT INTO files ( gid, file, mime ) VALUES ( '28811', 'http://www.gutenberg.org/files/28811/ogg/28811-51.ogg', 'audio/ogg' );
INSERT INTO files ( gid, file, mime ) VALUES ( '28811', 'http://www.gutenberg.org/files/28811/ogg/28811-52.ogg', 'audio/ogg' );
INSERT INTO files ( gid, file, mime ) VALUES ( '28811', 'http://www.gutenberg.org/files/28811/ogg/28811-53.ogg', 'audio/ogg' );
INSERT INTO files ( gid, file, mime ) VALUES ( '28811', 'http://www.gutenberg.org/files/28811/spx/28811-01.spx', 'audio/ogg' );
INSERT INTO files ( gid, file, mime ) VALUES ( '28811', 'http://www.gutenberg.org/files/28811/spx/28811-02.spx', 'audio/ogg' );
INSERT INTO files ( gid, file, mime ) VALUES ( '28811', 'http://www.gutenberg.org/files/28811/spx/28811-03.spx', 'audio/ogg' );
INSERT INTO files ( gid, file, mime ) VALUES ( '28811', 'http://www.gutenberg.org/files/28811/spx/28811-04.spx', 'audio/ogg' );
INSERT INTO files ( gid, file, mime ) VALUES ( '28811', 'http://www.gutenberg.org/files/28811/spx/28811-05.spx', 'audio/ogg' );
INSERT INTO files ( gid, file, mime ) VALUES ( '28811', 'http://www.gutenberg.org/files/28811/spx/28811-06.spx', 'audio/ogg' );
INSERT INTO files ( gid, file, mime ) VALUES ( '28811', 'http://www.gutenberg.org/files/28811/spx/28811-07.spx', 'audio/ogg' );
INSERT INTO files ( gid, file, mime ) VALUES ( '28811', 'http://www.gutenberg.org/files/28811/spx/28811-08.spx', 'audio/ogg' );
INSERT INTO files ( gid, file, mime ) VALUES ( '28811', 'http://www.gutenberg.org/files/28811/spx/28811-09.spx', 'audio/ogg' );
INSERT INTO files ( gid, file, mime ) VALUES ( '28811', 'http://www.gutenberg.org/files/28811/spx/28811-10.spx', 'audio/ogg' );
INSERT INTO files ( gid, file, mime ) VALUES ( '28811', 'http://www.gutenberg.org/files/28811/spx/28811-11.spx', 'audio/ogg' );
INSERT INTO files ( gid, file, mime ) VALUES ( '28811', 'http://www.gutenberg.org/files/28811/spx/28811-12.spx', 'audio/ogg' );
INSERT INTO files ( gid, file, mime ) VALUES ( '28811', 'http://www.gutenberg.org/files/28811/spx/28811-13.spx', 'audio/ogg' );
INSERT INTO files ( gid, file, mime ) VALUES ( '28811', 'http://www.gutenberg.org/files/28811/spx/28811-14.spx', 'audio/ogg' );
INSERT INTO files ( gid, file, mime ) VALUES ( '28811', 'http://www.gutenberg.org/files/28811/spx/28811-15.spx', 'audio/ogg' );
INSERT INTO files ( gid, file, mime ) VALUES ( '28811', 'http://www.gutenberg.org/files/28811/spx/28811-16.spx', 'audio/ogg' );
INSERT INTO files ( gid, file, mime ) VALUES ( '28811', 'http://www.gutenberg.org/files/28811/spx/28811-17.spx', 'audio/ogg' );
INSERT INTO files ( gid, file, mime ) VALUES ( '28811', 'http://www.gutenberg.org/files/28811/spx/28811-18.spx', 'audio/ogg' );
INSERT INTO files ( gid, file, mime ) VALUES ( '28811', 'http://www.gutenberg.org/files/28811/spx/28811-19.spx', 'audio/ogg' );
INSERT INTO files ( gid, file, mime ) VALUES ( '28811', 'http://www.gutenberg.org/files/28811/spx/28811-20.spx', 'audio/ogg' );
INSERT INTO files ( gid, file, mime ) VALUES ( '28811', 'http://www.gutenberg.org/files/28811/spx/28811-21.spx', 'audio/ogg' );
INSERT INTO files ( gid, file, mime ) VALUES ( '28811', 'http://www.gutenberg.org/files/28811/spx/28811-22.spx', 'audio/ogg' );
INSERT INTO files ( gid, file, mime ) VALUES ( '28811', 'http://www.gutenberg.org/files/28811/spx/28811-23.spx', 'audio/ogg' );
INSERT INTO files ( gid, file, mime ) VALUES ( '28811', 'http://www.gutenberg.org/files/28811/spx/28811-24.spx', 'audio/ogg' );
INSERT INTO files ( gid, file, mime ) VALUES ( '28811', 'http://www.gutenberg.org/files/28811/spx/28811-25.spx', 'audio/ogg' );
INSERT INTO files ( gid, file, mime ) VALUES ( '28811', 'http://www.gutenberg.org/files/28811/spx/28811-26.spx', 'audio/ogg' );
INSERT INTO files ( gid, file, mime ) VALUES ( '28811', 'http://www.gutenberg.org/files/28811/spx/28811-27.spx', 'audio/ogg' );
INSERT INTO files ( gid, file, mime ) VALUES ( '28811', 'http://www.gutenberg.org/files/28811/spx/28811-28.spx', 'audio/ogg' );
INSERT INTO files ( gid, file, mime ) VALUES ( '28811', 'http://www.gutenberg.org/files/28811/spx/28811-29.spx', 'audio/ogg' );
INSERT INTO files ( gid, file, mime ) VALUES ( '28811', 'http://www.gutenberg.org/files/28811/spx/28811-30.spx', 'audio/ogg' );
INSERT INTO files ( gid, file, mime ) VALUES ( '28811', 'http://www.gutenberg.org/files/28811/spx/28811-31.spx', 'audio/ogg' );
INSERT INTO files ( gid, file, mime ) VALUES ( '28811', 'http://www.gutenberg.org/files/28811/spx/28811-32.spx', 'audio/ogg' );
INSERT INTO files ( gid, file, mime ) VALUES ( '28811', 'http://www.gutenberg.org/files/28811/spx/28811-33.spx', 'audio/ogg' );
INSERT INTO files ( gid, file, mime ) VALUES ( '28811', 'http://www.gutenberg.org/files/28811/spx/28811-34.spx', 'audio/ogg' );
INSERT INTO files ( gid, file, mime ) VALUES ( '28811', 'http://www.gutenberg.org/files/28811/spx/28811-35.spx', 'audio/ogg' );
INSERT INTO files ( gid, file, mime ) VALUES ( '28811', 'http://www.gutenberg.org/files/28811/spx/28811-36.spx', 'audio/ogg' );
INSERT INTO files ( gid, file, mime ) VALUES ( '28811', 'http://www.gutenberg.org/files/28811/spx/28811-37.spx', 'audio/ogg' );
INSERT INTO files ( gid, file, mime ) VALUES ( '28811', 'http://www.gutenberg.org/files/28811/spx/28811-38.spx', 'audio/ogg' );
INSERT INTO files ( gid, file, mime ) VALUES ( '28811', 'http://www.gutenberg.org/files/28811/spx/28811-39.spx', 'audio/ogg' );
INSERT INTO files ( gid, file, mime ) VALUES ( '28811', 'http://www.gutenberg.org/files/28811/spx/28811-40.spx', 'audio/ogg' );
INSERT INTO files ( gid, file, mime ) VALUES ( '28811', 'http://www.gutenberg.org/files/28811/spx/28811-41.spx', 'audio/ogg' );
INSERT INTO files ( gid, file, mime ) VALUES ( '28811', 'http://www.gutenberg.org/files/28811/spx/28811-42.spx', 'audio/ogg' );
INSERT INTO files ( gid, file, mime ) VALUES ( '28811', 'http://www.gutenberg.org/files/28811/spx/28811-43.spx', 'audio/ogg' );
INSERT INTO files ( gid, file, mime ) VALUES ( '28811', 'http://www.gutenberg.org/files/28811/spx/28811-44.spx', 'audio/ogg' );
INSERT INTO files ( gid, file, mime ) VALUES ( '28811', 'http://www.gutenberg.org/files/28811/spx/28811-45.spx', 'audio/ogg' );
INSERT INTO files ( gid, file, mime ) VALUES ( '28811', 'http://www.gutenberg.org/files/28811/spx/28811-46.spx', 'audio/ogg' );
INSERT INTO files ( gid, file, mime ) VALUES ( '28811', 'http://www.gutenberg.org/files/28811/spx/28811-47.spx', 'audio/ogg' );
INSERT INTO files ( gid, file, mime ) VALUES ( '28811', 'http://www.gutenberg.org/files/28811/spx/28811-48.spx', 'audio/ogg' );
INSERT INTO files ( gid, file, mime ) VALUES ( '28811', 'http://www.gutenberg.org/files/28811/spx/28811-49.spx', 'audio/ogg' );
INSERT INTO files ( gid, file, mime ) VALUES ( '28811', 'http://www.gutenberg.org/files/28811/spx/28811-50.spx', 'audio/ogg' );
INSERT INTO files ( gid, file, mime ) VALUES ( '28811', 'http://www.gutenberg.org/files/28811/spx/28811-51.spx', 'audio/ogg' );
INSERT INTO files ( gid, file, mime ) VALUES ( '28811', 'http://www.gutenberg.org/files/28811/spx/28811-52.spx', 'audio/ogg' );
INSERT INTO files ( gid, file, mime ) VALUES ( '28811', 'http://www.gutenberg.org/files/28811/spx/28811-53.spx', 'audio/ogg' );
INSERT INTO titles ( gid, title, author, language, rights ) VALUES ( '29311', 'Irish Fairy Tales', 'Leamy, Edmund', 'en', 'Public domain in the USA.' );
INSERT INTO classifications ( gid, classification ) VALUES ( '29311', 'PZ' );
INSERT INTO subjects ( gid, subject ) VALUES ( '29311', 'Fairy tales -- Ireland' );
INSERT INTO files ( gid, file, mime ) VALUES ( '29311', 'http://www.gutenberg.org/ebooks/29311.epub.images', 'application/epub+zip' );
INSERT INTO files ( gid, file, mime ) VALUES ( '29311', 'http://www.gutenberg.org/ebooks/29311.epub.noimages', 'application/epub+zip' );
INSERT INTO files ( gid, file, mime ) VALUES ( '29311', 'http://www.gutenberg.org/ebooks/29311.kindle.images', 'application/x-mobipocket-ebook' );
INSERT INTO files ( gid, file, mime ) VALUES ( '29311', 'http://www.gutenberg.org/ebooks/29311.kindle.noimages', 'application/x-mobipocket-ebook' );
INSERT INTO files ( gid, file, mime ) VALUES ( '29311', 'http://www.gutenberg.org/ebooks/29311.rdf', 'application/rdf+xml' );
INSERT INTO files ( gid, file, mime ) VALUES ( '29311', 'http://www.gutenberg.org/ebooks/29311.txt.utf-8', 'text/plain' );
INSERT INTO files ( gid, file, mime ) VALUES ( '29311', 'http://www.gutenberg.org/files/29311/29311-8.txt', 'text/plain; charset=iso-8859-1' );
INSERT INTO files ( gid, file, mime ) VALUES ( '29311', 'http://www.gutenberg.org/files/29311/29311-8.zip', 'text/plain; charset=iso-8859-1application/zip' );
INSERT INTO files ( gid, file, mime ) VALUES ( '29311', 'http://www.gutenberg.org/files/29311/29311-h.zip', 'application/ziptext/html; charset=iso-8859-1' );
INSERT INTO files ( gid, file, mime ) VALUES ( '29311', 'http://www.gutenberg.org/files/29311/29311-h/29311-h.htm', 'text/html; charset=iso-8859-1' );
INSERT INTO files ( gid, file, mime ) VALUES ( '29311', 'http://www.gutenberg.org/files/29311/29311.txt', 'text/plain; charset=us-ascii' );
INSERT INTO files ( gid, file, mime ) VALUES ( '29311', 'http://www.gutenberg.org/files/29311/29311.zip', 'text/plain; charset=us-asciiapplication/zip' );
INSERT INTO titles ( gid, title, author, language, rights ) VALUES ( '29411', 'Scientific American magazine Vol 2. No. 3 Oct 10 1846 The Advocate of Industry and Journal of Scientific, Mechanical and Other Improvements', 'Various', 'en', 'Public domain in the USA.' );
INSERT INTO classifications ( gid, classification ) VALUES ( '29411', 'T' );
INSERT INTO subjects ( gid, subject ) VALUES ( '29411', 'Technology -- Periodicals' );
INSERT INTO subjects ( gid, subject ) VALUES ( '29411', 'Science -- Periodicals' );
INSERT INTO files ( gid, file, mime ) VALUES ( '29411', 'http://www.gutenberg.org/ebooks/29411.epub.images', 'application/epub+zip' );
INSERT INTO files ( gid, file, mime ) VALUES ( '29411', 'http://www.gutenberg.org/ebooks/29411.epub.noimages', 'application/epub+zip' );
INSERT INTO files ( gid, file, mime ) VALUES ( '29411', 'http://www.gutenberg.org/ebooks/29411.kindle.images', 'application/x-mobipocket-ebook' );
INSERT INTO files ( gid, file, mime ) VALUES ( '29411', 'http://www.gutenberg.org/ebooks/29411.kindle.noimages', 'application/x-mobipocket-ebook' );
INSERT INTO files ( gid, file, mime ) VALUES ( '29411', 'http://www.gutenberg.org/ebooks/29411.rdf', 'application/rdf+xml' );
INSERT INTO files ( gid, file, mime ) VALUES ( '29411', 'http://www.gutenberg.org/ebooks/29411.txt.utf-8', 'text/plain' );
INSERT INTO files ( gid, file, mime ) VALUES ( '29411', 'http://www.gutenberg.org/files/29411/29411-8.txt', 'text/plain; charset=iso-8859-1' );
INSERT INTO files ( gid, file, mime ) VALUES ( '29411', 'http://www.gutenberg.org/files/29411/29411-8.zip', 'text/plain; charset=iso-8859-1application/zip' );
INSERT INTO files ( gid, file, mime ) VALUES ( '29411', 'http://www.gutenberg.org/files/29411/29411-h.zip', 'text/html; charset=utf-8application/zip' );
INSERT INTO files ( gid, file, mime ) VALUES ( '29411', 'http://www.gutenberg.org/files/29411/29411-h/29411-h.htm', 'text/html; charset=utf-8' );
INSERT INTO files ( gid, file, mime ) VALUES ( '29411', 'http://www.gutenberg.org/files/29411/29411.txt', 'text/plain; charset=us-ascii' );
INSERT INTO files ( gid, file, mime ) VALUES ( '29411', 'http://www.gutenberg.org/files/29411/29411.zip', 'application/ziptext/plain; charset=us-ascii' );
INSERT INTO titles ( gid, title, author, language, rights ) VALUES ( '29511', 'El molino silencioso; Las bodas de Yolanda', 'Sudermann, Hermann', 'es', 'Public domain in the USA.' );
INSERT INTO classifications ( gid, classification ) VALUES ( '29511', 'PT' );
INSERT INTO subjects ( gid, subject ) VALUES ( '29511', 'German fiction -- Translations into Spanish' );
INSERT INTO files ( gid, file, mime ) VALUES ( '29511', 'http://www.gutenberg.org/ebooks/29511.epub.images', 'application/epub+zip' );
INSERT INTO files ( gid, file, mime ) VALUES ( '29511', 'http://www.gutenberg.org/ebooks/29511.epub.noimages', 'application/epub+zip' );
INSERT INTO files ( gid, file, mime ) VALUES ( '29511', 'http://www.gutenberg.org/ebooks/29511.kindle.images', 'application/x-mobipocket-ebook' );
INSERT INTO files ( gid, file, mime ) VALUES ( '29511', 'http://www.gutenberg.org/ebooks/29511.kindle.noimages', 'application/x-mobipocket-ebook' );
INSERT INTO files ( gid, file, mime ) VALUES ( '29511', 'http://www.gutenberg.org/ebooks/29511.rdf', 'application/rdf+xml' );
INSERT INTO files ( gid, file, mime ) VALUES ( '29511', 'http://www.gutenberg.org/ebooks/29511.txt.utf-8', 'text/plain' );
INSERT INTO files ( gid, file, mime ) VALUES ( '29511', 'http://www.gutenberg.org/files/29511/29511-8.txt', 'text/plain; charset=iso-8859-1' );
INSERT INTO files ( gid, file, mime ) VALUES ( '29511', 'http://www.gutenberg.org/files/29511/29511-8.zip', 'text/plain; charset=iso-8859-1application/zip' );
INSERT INTO files ( gid, file, mime ) VALUES ( '29511', 'http://www.gutenberg.org/files/29511/29511-h.zip', 'text/html; charset=iso-8859-1application/zip' );
INSERT INTO files ( gid, file, mime ) VALUES ( '29511', 'http://www.gutenberg.org/files/29511/29511-h/29511-h.htm', 'text/html; charset=iso-8859-1' );
INSERT INTO titles ( gid, title, author, language, rights ) VALUES ( '29611', 'William Shakespeare: His Homes and Haunts', 'Bensusan, S. L. (Samuel Levy)', 'en', 'Public domain in the USA.' );
INSERT INTO classifications ( gid, classification ) VALUES ( '29611', 'PR' );
INSERT INTO subjects ( gid, subject ) VALUES ( '29611', 'Shakespeare, William, 1564-1616 -- Homes and haunts' );
INSERT INTO files ( gid, file, mime ) VALUES ( '29611', 'http://www.gutenberg.org/cache/epub/29611/pg29611.cover.medium.jpg', 'image/jpeg' );
INSERT INTO files ( gid, file, mime ) VALUES ( '29611', 'http://www.gutenberg.org/cache/epub/29611/pg29611.cover.small.jpg', 'image/jpeg' );
INSERT INTO files ( gid, file, mime ) VALUES ( '29611', 'http://www.gutenberg.org/ebooks/29611.epub.images', 'application/epub+zip' );
INSERT INTO files ( gid, file, mime ) VALUES ( '29611', 'http://www.gutenberg.org/ebooks/29611.epub.noimages', 'application/epub+zip' );
INSERT INTO files ( gid, file, mime ) VALUES ( '29611', 'http://www.gutenberg.org/ebooks/29611.kindle.images', 'application/x-mobipocket-ebook' );
INSERT INTO files ( gid, file, mime ) VALUES ( '29611', 'http://www.gutenberg.org/ebooks/29611.kindle.noimages', 'application/x-mobipocket-ebook' );
INSERT INTO files ( gid, file, mime ) VALUES ( '29611', 'http://www.gutenberg.org/ebooks/29611.rdf', 'application/rdf+xml' );
INSERT INTO files ( gid, file, mime ) VALUES ( '29611', 'http://www.gutenberg.org/ebooks/29611.txt.utf-8', 'text/plain' );
INSERT INTO files ( gid, file, mime ) VALUES ( '29611', 'http://www.gutenberg.org/files/29611/29611-8.txt', 'text/plain; charset=iso-8859-1' );
INSERT INTO files ( gid, file, mime ) VALUES ( '29611', 'http://www.gutenberg.org/files/29611/29611-8.zip', 'text/plain; charset=iso-8859-1application/zip' );
INSERT INTO files ( gid, file, mime ) VALUES ( '29611', 'http://www.gutenberg.org/files/29611/29611-h.zip', 'application/ziptext/html; charset=iso-8859-1' );
INSERT INTO files ( gid, file, mime ) VALUES ( '29611', 'http://www.gutenberg.org/files/29611/29611-h/29611-h.htm', 'text/html; charset=iso-8859-1' );
INSERT INTO files ( gid, file, mime ) VALUES ( '29611', 'http://www.gutenberg.org/files/29611/29611.txt', 'text/plain; charset=us-ascii' );
INSERT INTO files ( gid, file, mime ) VALUES ( '29611', 'http://www.gutenberg.org/files/29611/29611.zip', 'application/ziptext/plain; charset=us-ascii' );
INSERT INTO titles ( gid, title, author, language, rights ) VALUES ( '29711', 'Another Sheaf', 'Galsworthy, John', 'en', 'Public domain in the USA.' );
INSERT INTO classifications ( gid, classification ) VALUES ( '29711', 'PR' );
INSERT INTO subjects ( gid, subject ) VALUES ( '29711', 'Essays' );
INSERT INTO files ( gid, file, mime ) VALUES ( '29711', 'http://www.gutenberg.org/ebooks/29711.epub.images', 'application/epub+zip' );
INSERT INTO files ( gid, file, mime ) VALUES ( '29711', 'http://www.gutenberg.org/ebooks/29711.epub.noimages', 'application/epub+zip' );
INSERT INTO files ( gid, file, mime ) VALUES ( '29711', 'http://www.gutenberg.org/ebooks/29711.kindle.images', 'application/x-mobipocket-ebook' );
INSERT INTO files ( gid, file, mime ) VALUES ( '29711', 'http://www.gutenberg.org/ebooks/29711.kindle.noimages', 'application/x-mobipocket-ebook' );
INSERT INTO files ( gid, file, mime ) VALUES ( '29711', 'http://www.gutenberg.org/ebooks/29711.rdf', 'application/rdf+xml' );
INSERT INTO files ( gid, file, mime ) VALUES ( '29711', 'http://www.gutenberg.org/files/29711/29711-0.txt', 'text/plain; charset=utf-8' );
INSERT INTO files ( gid, file, mime ) VALUES ( '29711', 'http://www.gutenberg.org/files/29711/29711-0.zip', 'application/ziptext/plain; charset=utf-8' );
INSERT INTO files ( gid, file, mime ) VALUES ( '29711', 'http://www.gutenberg.org/files/29711/29711-8.txt', 'text/plain; charset=iso-8859-1' );
INSERT INTO files ( gid, file, mime ) VALUES ( '29711', 'http://www.gutenberg.org/files/29711/29711-8.zip', 'application/ziptext/plain; charset=iso-8859-1' );
INSERT INTO files ( gid, file, mime ) VALUES ( '29711', 'http://www.gutenberg.org/files/29711/29711-h.zip', 'text/html; charset=iso-8859-1application/zip' );
INSERT INTO files ( gid, file, mime ) VALUES ( '29711', 'http://www.gutenberg.org/files/29711/29711-h/29711-h.htm', 'text/html; charset=iso-8859-1' );
INSERT INTO titles ( gid, title, author, language, rights ) VALUES ( '29811', 'The Two Story Mittens and the Little Play Mittens Being the Fourth Book of the Series', 'Fanny, Aunt', 'en', 'Public domain in the USA.' );
INSERT INTO classifications ( gid, classification ) VALUES ( '29811', 'PZ' );
INSERT INTO subjects ( gid, subject ) VALUES ( '29811', 'Children''s stories' );
INSERT INTO files ( gid, file, mime ) VALUES ( '29811', 'http://www.gutenberg.org/cache/epub/29811/pg29811.cover.medium.jpg', 'image/jpeg' );
INSERT INTO files ( gid, file, mime ) VALUES ( '29811', 'http://www.gutenberg.org/cache/epub/29811/pg29811.cover.small.jpg', 'image/jpeg' );
INSERT INTO files ( gid, file, mime ) VALUES ( '29811', 'http://www.gutenberg.org/ebooks/29811.epub.images', 'application/epub+zip' );
INSERT INTO files ( gid, file, mime ) VALUES ( '29811', 'http://www.gutenberg.org/ebooks/29811.epub.noimages', 'application/epub+zip' );
INSERT INTO files ( gid, file, mime ) VALUES ( '29811', 'http://www.gutenberg.org/ebooks/29811.kindle.images', 'application/x-mobipocket-ebook' );
INSERT INTO files ( gid, file, mime ) VALUES ( '29811', 'http://www.gutenberg.org/ebooks/29811.kindle.noimages', 'application/x-mobipocket-ebook' );
INSERT INTO files ( gid, file, mime ) VALUES ( '29811', 'http://www.gutenberg.org/ebooks/29811.rdf', 'application/rdf+xml' );
INSERT INTO files ( gid, file, mime ) VALUES ( '29811', 'http://www.gutenberg.org/ebooks/29811.txt.utf-8', 'text/plain' );
INSERT INTO files ( gid, file, mime ) VALUES ( '29811', 'http://www.gutenberg.org/files/29811/29811-8.txt', 'text/plain; charset=iso-8859-1' );
INSERT INTO files ( gid, file, mime ) VALUES ( '29811', 'http://www.gutenberg.org/files/29811/29811-8.zip', 'text/plain; charset=iso-8859-1application/zip' );
INSERT INTO files ( gid, file, mime ) VALUES ( '29811', 'http://www.gutenberg.org/files/29811/29811-h.zip', 'text/html; charset=iso-8859-1application/zip' );
INSERT INTO files ( gid, file, mime ) VALUES ( '29811', 'http://www.gutenberg.org/files/29811/29811-h/29811-h.htm', 'text/html; charset=iso-8859-1' );
INSERT INTO files ( gid, file, mime ) VALUES ( '29811', 'http://www.gutenberg.org/files/29811/29811.txt', 'text/plain; charset=us-ascii' );
INSERT INTO files ( gid, file, mime ) VALUES ( '29811', 'http://www.gutenberg.org/files/29811/29811.zip', 'text/plain; charset=us-asciiapplication/zip' );
INSERT INTO titles ( gid, title, author, language, rights ) VALUES ( '29911', 'The Strand Magazine, Vol. 05, Issue 25, January 1893 An Illustrated Monthly', 'Various', 'en', 'Public domain in the USA.' );
INSERT INTO classifications ( gid, classification ) VALUES ( '29911', 'AP' );
INSERT INTO subjects ( gid, subject ) VALUES ( '29911', 'Short stories, English -- Periodicals' );
INSERT INTO subjects ( gid, subject ) VALUES ( '29911', 'English literature -- Periodicals' );
INSERT INTO files ( gid, file, mime ) VALUES ( '29911', 'http://www.gutenberg.org/ebooks/29911.epub.images', 'application/epub+zip' );
INSERT INTO files ( gid, file, mime ) VALUES ( '29911', 'http://www.gutenberg.org/ebooks/29911.epub.noimages', 'application/epub+zip' );
INSERT INTO files ( gid, file, mime ) VALUES ( '29911', 'http://www.gutenberg.org/ebooks/29911.kindle.images', 'application/x-mobipocket-ebook' );
INSERT INTO files ( gid, file, mime ) VALUES ( '29911', 'http://www.gutenberg.org/ebooks/29911.kindle.noimages', 'application/x-mobipocket-ebook' );
INSERT INTO files ( gid, file, mime ) VALUES ( '29911', 'http://www.gutenberg.org/ebooks/29911.rdf', 'application/rdf+xml' );
INSERT INTO files ( gid, file, mime ) VALUES ( '29911', 'http://www.gutenberg.org/ebooks/29911.txt.utf-8', 'text/plain' );
INSERT INTO files ( gid, file, mime ) VALUES ( '29911', 'http://www.gutenberg.org/files/29911/29911-8.txt', 'text/plain; charset=iso-8859-1' );
INSERT INTO files ( gid, file, mime ) VALUES ( '29911', 'http://www.gutenberg.org/files/29911/29911-8.zip', 'text/plain; charset=iso-8859-1application/zip' );
INSERT INTO files ( gid, file, mime ) VALUES ( '29911', 'http://www.gutenberg.org/files/29911/29911-h.zip', 'application/ziptext/html; charset=iso-8859-1' );
INSERT INTO files ( gid, file, mime ) VALUES ( '29911', 'http://www.gutenberg.org/files/29911/29911-h/29911-h.htm', 'text/html; charset=iso-8859-1' );
INSERT INTO files ( gid, file, mime ) VALUES ( '29911', 'http://www.gutenberg.org/files/29911/29911.txt', 'text/plain; charset=us-ascii' );
INSERT INTO files ( gid, file, mime ) VALUES ( '29911', 'http://www.gutenberg.org/files/29911/29911.zip', 'application/ziptext/plain; charset=us-ascii' );
INSERT INTO titles ( gid, title, author, language, rights ) VALUES ( '30111', 'A Noble Woman', 'Stephens, Ann S. (Ann Sophia)', 'en', 'Public domain in the USA.' );
INSERT INTO classifications ( gid, classification ) VALUES ( '30111', 'PS' );
INSERT INTO subjects ( gid, subject ) VALUES ( '30111', 'Fiction' );
INSERT INTO files ( gid, file, mime ) VALUES ( '30111', 'http://www.gutenberg.org/ebooks/30111.epub.images', 'application/epub+zip' );
INSERT INTO files ( gid, file, mime ) VALUES ( '30111', 'http://www.gutenberg.org/ebooks/30111.epub.noimages', 'application/epub+zip' );
INSERT INTO files ( gid, file, mime ) VALUES ( '30111', 'http://www.gutenberg.org/ebooks/30111.kindle.images', 'application/x-mobipocket-ebook' );
INSERT INTO files ( gid, file, mime ) VALUES ( '30111', 'http://www.gutenberg.org/ebooks/30111.kindle.noimages', 'application/x-mobipocket-ebook' );
INSERT INTO files ( gid, file, mime ) VALUES ( '30111', 'http://www.gutenberg.org/ebooks/30111.rdf', 'application/rdf+xml' );
INSERT INTO files ( gid, file, mime ) VALUES ( '30111', 'http://www.gutenberg.org/ebooks/30111.txt.utf-8', 'text/plain' );
INSERT INTO files ( gid, file, mime ) VALUES ( '30111', 'http://www.gutenberg.org/files/30111/30111-8.txt', 'text/plain; charset=iso-8859-1' );
INSERT INTO files ( gid, file, mime ) VALUES ( '30111', 'http://www.gutenberg.org/files/30111/30111-8.zip', 'text/plain; charset=iso-8859-1application/zip' );
INSERT INTO files ( gid, file, mime ) VALUES ( '30111', 'http://www.gutenberg.org/files/30111/30111-h.zip', 'application/ziptext/html; charset=iso-8859-1' );
INSERT INTO files ( gid, file, mime ) VALUES ( '30111', 'http://www.gutenberg.org/files/30111/30111-h/30111-h.htm', 'text/html; charset=iso-8859-1' );
INSERT INTO files ( gid, file, mime ) VALUES ( '30111', 'http://www.gutenberg.org/files/30111/30111.txt', 'text/plain; charset=us-ascii' );
INSERT INTO files ( gid, file, mime ) VALUES ( '30111', 'http://www.gutenberg.org/files/30111/30111.zip', 'application/ziptext/plain; charset=us-ascii' );
INSERT INTO titles ( gid, title, author, language, rights ) VALUES ( '30011', 'An Aviator''s Field Book Being the field reports of Oswald Bölcke, from August 1, 1914 to October 28, 1916', 'Boelcke, Oswald', 'en', 'Public domain in the USA.' );
INSERT INTO subjects ( gid, subject ) VALUES ( '30011', 'Boelcke, Oswald, 1891-1916' );
INSERT INTO subjects ( gid, subject ) VALUES ( '30011', 'World War, 1914-1918 -- Aerial operations' );
INSERT INTO subjects ( gid, subject ) VALUES ( '30011', 'D501' );
INSERT INTO subjects ( gid, subject ) VALUES ( '30011', 'World War, 1914-1918 -- Personal narratives, German' );
INSERT INTO files ( gid, file, mime ) VALUES ( '30011', 'http://www.gutenberg.org/ebooks/30011.epub.images', 'application/epub+zip' );
INSERT INTO files ( gid, file, mime ) VALUES ( '30011', 'http://www.gutenberg.org/ebooks/30011.epub.noimages', 'application/epub+zip' );
INSERT INTO files ( gid, file, mime ) VALUES ( '30011', 'http://www.gutenberg.org/ebooks/30011.kindle.images', 'application/x-mobipocket-ebook' );
INSERT INTO files ( gid, file, mime ) VALUES ( '30011', 'http://www.gutenberg.org/ebooks/30011.kindle.noimages', 'application/x-mobipocket-ebook' );
INSERT INTO files ( gid, file, mime ) VALUES ( '30011', 'http://www.gutenberg.org/ebooks/30011.rdf', 'application/rdf+xml' );
INSERT INTO files ( gid, file, mime ) VALUES ( '30011', 'http://www.gutenberg.org/ebooks/30011.txt.utf-8', 'text/plain' );
INSERT INTO files ( gid, file, mime ) VALUES ( '30011', 'http://www.gutenberg.org/files/30011/30011-8.txt', 'text/plain; charset=iso-8859-1' );
INSERT INTO files ( gid, file, mime ) VALUES ( '30011', 'http://www.gutenberg.org/files/30011/30011-8.zip', 'text/plain; charset=iso-8859-1application/zip' );
INSERT INTO files ( gid, file, mime ) VALUES ( '30011', 'http://www.gutenberg.org/files/30011/30011-h.zip', 'text/html; charset=iso-8859-1application/zip' );
INSERT INTO files ( gid, file, mime ) VALUES ( '30011', 'http://www.gutenberg.org/files/30011/30011-h/30011-h.htm', 'text/html; charset=iso-8859-1' );
INSERT INTO files ( gid, file, mime ) VALUES ( '30011', 'http://www.gutenberg.org/files/30011/30011.txt', 'text/plain; charset=us-ascii' );
INSERT INTO files ( gid, file, mime ) VALUES ( '30011', 'http://www.gutenberg.org/files/30011/30011.zip', 'text/plain; charset=us-asciiapplication/zip' );
INSERT INTO titles ( gid, title, author, language, rights ) VALUES ( '3011', 'The Lady of the Lake', 'Scott, Walter', 'en', 'Public domain in the USA.' );
INSERT INTO classifications ( gid, classification ) VALUES ( '3011', 'PR' );
INSERT INTO subjects ( gid, subject ) VALUES ( '3011', 'Lady of the Lake (Legendary character) -- Romances' );
INSERT INTO subjects ( gid, subject ) VALUES ( '3011', 'Arthurian romances' );
INSERT INTO files ( gid, file, mime ) VALUES ( '3011', 'http://www.gutenberg.org/ebooks/3011.epub.images', 'application/epub+zip' );
INSERT INTO files ( gid, file, mime ) VALUES ( '3011', 'http://www.gutenberg.org/ebooks/3011.epub.noimages', 'application/epub+zip' );
INSERT INTO files ( gid, file, mime ) VALUES ( '3011', 'http://www.gutenberg.org/ebooks/3011.kindle.images', 'application/x-mobipocket-ebook' );
INSERT INTO files ( gid, file, mime ) VALUES ( '3011', 'http://www.gutenberg.org/ebooks/3011.kindle.noimages', 'application/x-mobipocket-ebook' );
INSERT INTO files ( gid, file, mime ) VALUES ( '3011', 'http://www.gutenberg.org/ebooks/3011.rdf', 'application/rdf+xml' );
INSERT INTO files ( gid, file, mime ) VALUES ( '3011', 'http://www.gutenberg.org/ebooks/3011.txt.utf-8', 'text/plain' );
INSERT INTO files ( gid, file, mime ) VALUES ( '3011', 'http://www.gutenberg.org/files/3011/3011-8.txt', 'text/plain; charset=iso-8859-1' );
INSERT INTO files ( gid, file, mime ) VALUES ( '3011', 'http://www.gutenberg.org/files/3011/3011-8.zip', 'text/plain; charset=iso-8859-1application/zip' );
INSERT INTO files ( gid, file, mime ) VALUES ( '3011', 'http://www.gutenberg.org/files/3011/3011-h.zip', 'application/ziptext/html; charset=iso-8859-1' );
INSERT INTO files ( gid, file, mime ) VALUES ( '3011', 'http://www.gutenberg.org/files/3011/3011-h/3011-h.htm', 'text/html; charset=iso-8859-1' );
INSERT INTO files ( gid, file, mime ) VALUES ( '3011', 'http://www.gutenberg.org/files/3011/3011.txt', 'text/plain; charset=us-ascii' );
INSERT INTO files ( gid, file, mime ) VALUES ( '3011', 'http://www.gutenberg.org/files/3011/3011.zip', 'application/ziptext/plain; charset=us-ascii' );
INSERT INTO titles ( gid, title, author, language, rights ) VALUES ( '30211', 'Au Pays des Moines (Noli me Tangere)', 'Rizal, José', 'fr', 'Public domain in the USA.' );
INSERT INTO classifications ( gid, classification ) VALUES ( '30211', 'PQ' );
INSERT INTO subjects ( gid, subject ) VALUES ( '30211', 'Philippines -- History -- 1812-1898 -- Fiction' );
INSERT INTO subjects ( gid, subject ) VALUES ( '30211', 'Historical fiction' );
INSERT INTO files ( gid, file, mime ) VALUES ( '30211', 'http://www.gutenberg.org/ebooks/30211.epub.images', 'application/epub+zip' );
INSERT INTO files ( gid, file, mime ) VALUES ( '30211', 'http://www.gutenberg.org/ebooks/30211.epub.noimages', 'application/epub+zip' );
INSERT INTO files ( gid, file, mime ) VALUES ( '30211', 'http://www.gutenberg.org/ebooks/30211.kindle.images', 'application/x-mobipocket-ebook' );
INSERT INTO files ( gid, file, mime ) VALUES ( '30211', 'http://www.gutenberg.org/ebooks/30211.kindle.noimages', 'application/x-mobipocket-ebook' );
INSERT INTO files ( gid, file, mime ) VALUES ( '30211', 'http://www.gutenberg.org/ebooks/30211.rdf', 'application/rdf+xml' );
INSERT INTO files ( gid, file, mime ) VALUES ( '30211', 'http://www.gutenberg.org/ebooks/30211.txt.utf-8', 'text/plain' );
INSERT INTO files ( gid, file, mime ) VALUES ( '30211', 'http://www.gutenberg.org/files/30211/30211-8.txt', 'text/plain; charset=iso-8859-1' );
INSERT INTO files ( gid, file, mime ) VALUES ( '30211', 'http://www.gutenberg.org/files/30211/30211-8.zip', 'text/plain; charset=iso-8859-1application/zip' );
INSERT INTO files ( gid, file, mime ) VALUES ( '30211', 'http://www.gutenberg.org/files/30211/30211-h.zip', 'text/htmlapplication/zip' );
INSERT INTO files ( gid, file, mime ) VALUES ( '30211', 'http://www.gutenberg.org/files/30211/30211-h/30211-h.htm', 'text/html' );
INSERT INTO titles ( gid, title, author, language, rights ) VALUES ( '30311', 'Modus Vivendi', 'Berryman, John', 'en', 'Public domain in the USA.' );
INSERT INTO classifications ( gid, classification ) VALUES ( '30311', 'PS' );
INSERT INTO subjects ( gid, subject ) VALUES ( '30311', 'Science fiction' );
INSERT INTO subjects ( gid, subject ) VALUES ( '30311', 'Parapsychology -- Fiction' );
INSERT INTO files ( gid, file, mime ) VALUES ( '30311', 'http://www.gutenberg.org/ebooks/30311.epub.images', 'application/epub+zip' );
INSERT INTO files ( gid, file, mime ) VALUES ( '30311', 'http://www.gutenberg.org/ebooks/30311.epub.noimages', 'application/epub+zip' );
INSERT INTO files ( gid, file, mime ) VALUES ( '30311', 'http://www.gutenberg.org/ebooks/30311.kindle.images', 'application/x-mobipocket-ebook' );
INSERT INTO files ( gid, file, mime ) VALUES ( '30311', 'http://www.gutenberg.org/ebooks/30311.kindle.noimages', 'application/x-mobipocket-ebook' );
INSERT INTO files ( gid, file, mime ) VALUES ( '30311', 'http://www.gutenberg.org/ebooks/30311.rdf', 'application/rdf+xml' );
INSERT INTO files ( gid, file, mime ) VALUES ( '30311', 'http://www.gutenberg.org/ebooks/30311.txt.utf-8', 'text/plain' );
INSERT INTO files ( gid, file, mime ) VALUES ( '30311', 'http://www.gutenberg.org/files/30311/30311-h.zip', 'application/ziptext/html; charset=iso-8859-1' );
INSERT INTO files ( gid, file, mime ) VALUES ( '30311', 'http://www.gutenberg.org/files/30311/30311-h/30311-h.htm', 'text/html; charset=iso-8859-1' );
INSERT INTO files ( gid, file, mime ) VALUES ( '30311', 'http://www.gutenberg.org/files/30311/30311.txt', 'text/plain; charset=us-ascii' );
INSERT INTO files ( gid, file, mime ) VALUES ( '30311', 'http://www.gutenberg.org/files/30311/30311.zip', 'text/plain; charset=us-asciiapplication/zip' );
INSERT INTO titles ( gid, title, author, language, rights ) VALUES ( '30411', 'English as she is spoke; or, a jest in sober earnest', 'Fonseca, José da', 'en', 'Public domain in the USA.' );
INSERT INTO classifications ( gid, classification ) VALUES ( '30411', 'PN' );
INSERT INTO subjects ( gid, subject ) VALUES ( '30411', 'Errors and blunders, Literary' );
INSERT INTO subjects ( gid, subject ) VALUES ( '30411', 'English language -- Conversation and phrase books -- Portuguese' );
INSERT INTO files ( gid, file, mime ) VALUES ( '30411', 'http://www.gutenberg.org/ebooks/30411.epub.images', 'application/epub+zip' );
INSERT INTO files ( gid, file, mime ) VALUES ( '30411', 'http://www.gutenberg.org/ebooks/30411.epub.noimages', 'application/epub+zip' );
INSERT INTO files ( gid, file, mime ) VALUES ( '30411', 'http://www.gutenberg.org/ebooks/30411.html.images', 'text/html' );
INSERT INTO files ( gid, file, mime ) VALUES ( '30411', 'http://www.gutenberg.org/ebooks/30411.html.noimages', 'text/html' );
INSERT INTO files ( gid, file, mime ) VALUES ( '30411', 'http://www.gutenberg.org/ebooks/30411.kindle.images', 'application/x-mobipocket-ebook' );
INSERT INTO files ( gid, file, mime ) VALUES ( '30411', 'http://www.gutenberg.org/ebooks/30411.kindle.noimages', 'application/x-mobipocket-ebook' );
INSERT INTO files ( gid, file, mime ) VALUES ( '30411', 'http://www.gutenberg.org/ebooks/30411.rdf', 'application/rdf+xml' );
INSERT INTO files ( gid, file, mime ) VALUES ( '30411', 'http://www.gutenberg.org/ebooks/30411.txt.utf-8', 'text/plain' );
INSERT INTO files ( gid, file, mime ) VALUES ( '30411', 'http://www.gutenberg.org/files/30411/30411-8.txt', 'text/plain; charset=iso-8859-1' );
INSERT INTO files ( gid, file, mime ) VALUES ( '30411', 'http://www.gutenberg.org/files/30411/30411-8.zip', 'text/plain; charset=iso-8859-1application/zip' );
INSERT INTO files ( gid, file, mime ) VALUES ( '30411', 'http://www.gutenberg.org/files/30411/30411.txt', 'text/plain; charset=us-ascii' );
INSERT INTO files ( gid, file, mime ) VALUES ( '30411', 'http://www.gutenberg.org/files/30411/30411.zip', 'application/ziptext/plain; charset=us-ascii' );
INSERT INTO titles ( gid, title, author, language, rights ) VALUES ( '30511', 'Birds, Illustrated by Color Photography, Vol. 2, No. 3 September 1897', 'Various', 'en', 'Public domain in the USA.' );
INSERT INTO classifications ( gid, classification ) VALUES ( '30511', 'QL' );
INSERT INTO subjects ( gid, subject ) VALUES ( '30511', 'Zoological illustration -- Periodicals' );
INSERT INTO subjects ( gid, subject ) VALUES ( '30511', 'Natural history -- Periodicals' );
INSERT INTO subjects ( gid, subject ) VALUES ( '30511', 'Birds -- Periodicals' );
INSERT INTO files ( gid, file, mime ) VALUES ( '30511', 'http://www.gutenberg.org/ebooks/30511.epub.images', 'application/epub+zip' );
INSERT INTO files ( gid, file, mime ) VALUES ( '30511', 'http://www.gutenberg.org/ebooks/30511.epub.noimages', 'application/epub+zip' );
INSERT INTO files ( gid, file, mime ) VALUES ( '30511', 'http://www.gutenberg.org/ebooks/30511.kindle.images', 'application/x-mobipocket-ebook' );
INSERT INTO files ( gid, file, mime ) VALUES ( '30511', 'http://www.gutenberg.org/ebooks/30511.kindle.noimages', 'application/x-mobipocket-ebook' );
INSERT INTO files ( gid, file, mime ) VALUES ( '30511', 'http://www.gutenberg.org/ebooks/30511.rdf', 'application/rdf+xml' );
INSERT INTO files ( gid, file, mime ) VALUES ( '30511', 'http://www.gutenberg.org/ebooks/30511.txt.utf-8', 'text/plain' );
INSERT INTO files ( gid, file, mime ) VALUES ( '30511', 'http://www.gutenberg.org/files/30511/30511-8.txt', 'text/plain; charset=iso-8859-1' );
INSERT INTO files ( gid, file, mime ) VALUES ( '30511', 'http://www.gutenberg.org/files/30511/30511-8.zip', 'application/ziptext/plain; charset=iso-8859-1' );
INSERT INTO files ( gid, file, mime ) VALUES ( '30511', 'http://www.gutenberg.org/files/30511/30511-h.zip', 'application/ziptext/html; charset=iso-8859-1' );
INSERT INTO files ( gid, file, mime ) VALUES ( '30511', 'http://www.gutenberg.org/files/30511/30511-h/30511-h.htm', 'text/html; charset=iso-8859-1' );
INSERT INTO files ( gid, file, mime ) VALUES ( '30511', 'http://www.gutenberg.org/files/30511/30511.txt', 'text/plain; charset=us-ascii' );
INSERT INTO files ( gid, file, mime ) VALUES ( '30511', 'http://www.gutenberg.org/files/30511/30511.zip', 'application/ziptext/plain; charset=us-ascii' );
INSERT INTO titles ( gid, title, author, language, rights ) VALUES ( '30611', 'The Atlantic Monthly, Volume 15, No. 90, April, 1865 A Magazine of Literature, Art, and Politics', 'Various', 'en', 'Public domain in the USA.' );
INSERT INTO classifications ( gid, classification ) VALUES ( '30611', 'AP' );
INSERT INTO subjects ( gid, subject ) VALUES ( '30611', 'American periodicals' );
INSERT INTO files ( gid, file, mime ) VALUES ( '30611', 'http://www.gutenberg.org/ebooks/30611.epub.images', 'application/epub+zip' );
INSERT INTO files ( gid, file, mime ) VALUES ( '30611', 'http://www.gutenberg.org/ebooks/30611.epub.noimages', 'application/epub+zip' );
INSERT INTO files ( gid, file, mime ) VALUES ( '30611', 'http://www.gutenberg.org/ebooks/30611.kindle.images', 'application/x-mobipocket-ebook' );
INSERT INTO files ( gid, file, mime ) VALUES ( '30611', 'http://www.gutenberg.org/ebooks/30611.kindle.noimages', 'application/x-mobipocket-ebook' );
INSERT INTO files ( gid, file, mime ) VALUES ( '30611', 'http://www.gutenberg.org/ebooks/30611.rdf', 'application/rdf+xml' );
INSERT INTO files ( gid, file, mime ) VALUES ( '30611', 'http://www.gutenberg.org/ebooks/30611.txt.utf-8', 'text/plain' );
INSERT INTO files ( gid, file, mime ) VALUES ( '30611', 'http://www.gutenberg.org/files/30611/30611-8.txt', 'text/plain; charset=iso-8859-1' );
INSERT INTO files ( gid, file, mime ) VALUES ( '30611', 'http://www.gutenberg.org/files/30611/30611-8.zip', 'text/plain; charset=iso-8859-1application/zip' );
INSERT INTO files ( gid, file, mime ) VALUES ( '30611', 'http://www.gutenberg.org/files/30611/30611-h.zip', 'text/html; charset=iso-8859-1application/zip' );
INSERT INTO files ( gid, file, mime ) VALUES ( '30611', 'http://www.gutenberg.org/files/30611/30611-h/30611-h.htm', 'text/html; charset=iso-8859-1' );
INSERT INTO files ( gid, file, mime ) VALUES ( '30611', 'http://www.gutenberg.org/files/30611/30611.txt', 'text/plain; charset=us-ascii' );
INSERT INTO files ( gid, file, mime ) VALUES ( '30611', 'http://www.gutenberg.org/files/30611/30611.zip', 'text/plain; charset=us-asciiapplication/zip' );
INSERT INTO titles ( gid, title, author, language, rights ) VALUES ( '30711', 'Wilson''s Tales of the Borders and of Scotland, Volume 02', '', 'en', 'Public domain in the USA.' );
INSERT INTO classifications ( gid, classification ) VALUES ( '30711', 'PR' );
INSERT INTO subjects ( gid, subject ) VALUES ( '30711', 'Scottish Borders (Scotland) -- Fiction' );
INSERT INTO files ( gid, file, mime ) VALUES ( '30711', 'http://www.gutenberg.org/ebooks/30711.epub.images', 'application/epub+zip' );
INSERT INTO files ( gid, file, mime ) VALUES ( '30711', 'http://www.gutenberg.org/ebooks/30711.epub.noimages', 'application/epub+zip' );
INSERT INTO files ( gid, file, mime ) VALUES ( '30711', 'http://www.gutenberg.org/ebooks/30711.kindle.images', 'application/x-mobipocket-ebook' );
INSERT INTO files ( gid, file, mime ) VALUES ( '30711', 'http://www.gutenberg.org/ebooks/30711.kindle.noimages', 'application/x-mobipocket-ebook' );
INSERT INTO files ( gid, file, mime ) VALUES ( '30711', 'http://www.gutenberg.org/ebooks/30711.rdf', 'application/rdf+xml' );
INSERT INTO files ( gid, file, mime ) VALUES ( '30711', 'http://www.gutenberg.org/ebooks/30711.txt.utf-8', 'text/plain' );
INSERT INTO files ( gid, file, mime ) VALUES ( '30711', 'http://www.gutenberg.org/files/30711/30711-8.txt', 'text/plain; charset=iso-8859-1' );
INSERT INTO files ( gid, file, mime ) VALUES ( '30711', 'http://www.gutenberg.org/files/30711/30711-8.zip', 'application/ziptext/plain; charset=iso-8859-1' );
INSERT INTO files ( gid, file, mime ) VALUES ( '30711', 'http://www.gutenberg.org/files/30711/30711-h.zip', 'application/ziptext/html; charset=iso-8859-1' );
INSERT INTO files ( gid, file, mime ) VALUES ( '30711', 'http://www.gutenberg.org/files/30711/30711-h/30711-h.htm', 'text/html; charset=iso-8859-1' );
INSERT INTO files ( gid, file, mime ) VALUES ( '30711', 'http://www.gutenberg.org/files/30711/30711.txt', 'text/plain; charset=us-ascii' );
INSERT INTO files ( gid, file, mime ) VALUES ( '30711', 'http://www.gutenberg.org/files/30711/30711.zip', 'text/plain; charset=us-asciiapplication/zip' );
INSERT INTO titles ( gid, title, author, language, rights ) VALUES ( '30811', 'The Moving Finger', 'Oppenheim, E. Phillips (Edward Phillips)', 'en', 'Public domain in the USA.' );
INSERT INTO classifications ( gid, classification ) VALUES ( '30811', 'PR' );
INSERT INTO subjects ( gid, subject ) VALUES ( '30811', 'Detective and mystery stories' );
INSERT INTO files ( gid, file, mime ) VALUES ( '30811', 'http://www.gutenberg.org/cache/epub/30811/pg30811.cover.medium.jpg', 'image/jpeg' );
INSERT INTO files ( gid, file, mime ) VALUES ( '30811', 'http://www.gutenberg.org/cache/epub/30811/pg30811.cover.small.jpg', 'image/jpeg' );
INSERT INTO files ( gid, file, mime ) VALUES ( '30811', 'http://www.gutenberg.org/ebooks/30811.epub.images', 'application/epub+zip' );
INSERT INTO files ( gid, file, mime ) VALUES ( '30811', 'http://www.gutenberg.org/ebooks/30811.epub.noimages', 'application/epub+zip' );
INSERT INTO files ( gid, file, mime ) VALUES ( '30811', 'http://www.gutenberg.org/ebooks/30811.kindle.images', 'application/x-mobipocket-ebook' );
INSERT INTO files ( gid, file, mime ) VALUES ( '30811', 'http://www.gutenberg.org/ebooks/30811.kindle.noimages', 'application/x-mobipocket-ebook' );
INSERT INTO files ( gid, file, mime ) VALUES ( '30811', 'http://www.gutenberg.org/ebooks/30811.rdf', 'application/rdf+xml' );
INSERT INTO files ( gid, file, mime ) VALUES ( '30811', 'http://www.gutenberg.org/ebooks/30811.txt.utf-8', 'text/plain' );
INSERT INTO files ( gid, file, mime ) VALUES ( '30811', 'http://www.gutenberg.org/files/30811/30811-8.txt', 'text/plain; charset=iso-8859-1' );
INSERT INTO files ( gid, file, mime ) VALUES ( '30811', 'http://www.gutenberg.org/files/30811/30811-8.zip', 'application/ziptext/plain; charset=iso-8859-1' );
INSERT INTO files ( gid, file, mime ) VALUES ( '30811', 'http://www.gutenberg.org/files/30811/30811-h.zip', 'application/ziptext/html; charset=iso-8859-1' );
INSERT INTO files ( gid, file, mime ) VALUES ( '30811', 'http://www.gutenberg.org/files/30811/30811-h/30811-h.htm', 'text/html; charset=iso-8859-1' );
INSERT INTO files ( gid, file, mime ) VALUES ( '30811', 'http://www.gutenberg.org/files/30811/30811.txt', 'text/plain; charset=us-ascii' );
INSERT INTO files ( gid, file, mime ) VALUES ( '30811', 'http://www.gutenberg.org/files/30811/30811.zip', 'text/plain; charset=us-asciiapplication/zip' );
INSERT INTO titles ( gid, title, author, language, rights ) VALUES ( '30911', 'The Demi-Urge', 'Disch, Thomas M.', 'en', 'Public domain in the USA.' );
INSERT INTO classifications ( gid, classification ) VALUES ( '30911', 'PS' );
INSERT INTO subjects ( gid, subject ) VALUES ( '30911', 'Short stories' );
INSERT INTO subjects ( gid, subject ) VALUES ( '30911', 'Science fiction' );
INSERT INTO files ( gid, file, mime ) VALUES ( '30911', 'http://www.gutenberg.org/ebooks/30911.epub.images', 'application/epub+zip' );
INSERT INTO files ( gid, file, mime ) VALUES ( '30911', 'http://www.gutenberg.org/ebooks/30911.epub.noimages', 'application/epub+zip' );
INSERT INTO files ( gid, file, mime ) VALUES ( '30911', 'http://www.gutenberg.org/ebooks/30911.kindle.images', 'application/x-mobipocket-ebook' );
INSERT INTO files ( gid, file, mime ) VALUES ( '30911', 'http://www.gutenberg.org/ebooks/30911.kindle.noimages', 'application/x-mobipocket-ebook' );
INSERT INTO files ( gid, file, mime ) VALUES ( '30911', 'http://www.gutenberg.org/ebooks/30911.rdf', 'application/rdf+xml' );
INSERT INTO files ( gid, file, mime ) VALUES ( '30911', 'http://www.gutenberg.org/ebooks/30911.txt.utf-8', 'text/plain' );
INSERT INTO files ( gid, file, mime ) VALUES ( '30911', 'http://www.gutenberg.org/files/30911/30911-h.zip', 'text/html; charset=iso-8859-1application/zip' );
INSERT INTO files ( gid, file, mime ) VALUES ( '30911', 'http://www.gutenberg.org/files/30911/30911-h/30911-h.htm', 'text/html; charset=iso-8859-1' );
INSERT INTO files ( gid, file, mime ) VALUES ( '30911', 'http://www.gutenberg.org/files/30911/30911.txt', 'text/plain; charset=us-ascii' );
INSERT INTO files ( gid, file, mime ) VALUES ( '30911', 'http://www.gutenberg.org/files/30911/30911.zip', 'text/plain; charset=us-asciiapplication/zip' );
INSERT INTO titles ( gid, title, author, language, rights ) VALUES ( '31011', 'The Tadpoles of Bufo cognatus Say', 'Smith, Hobart M. (Hobart Muir)', 'en', 'Public domain in the USA.' );
INSERT INTO classifications ( gid, classification ) VALUES ( '31011', 'QH' );
INSERT INTO subjects ( gid, subject ) VALUES ( '31011', 'Great Plains toad -- Larvae' );
INSERT INTO subjects ( gid, subject ) VALUES ( '31011', 'Tadpoles' );
INSERT INTO files ( gid, file, mime ) VALUES ( '31011', 'http://www.gutenberg.org/ebooks/31011.epub.images', 'application/epub+zip' );
INSERT INTO files ( gid, file, mime ) VALUES ( '31011', 'http://www.gutenberg.org/ebooks/31011.epub.noimages', 'application/epub+zip' );
INSERT INTO files ( gid, file, mime ) VALUES ( '31011', 'http://www.gutenberg.org/ebooks/31011.kindle.images', 'application/x-mobipocket-ebook' );
INSERT INTO files ( gid, file, mime ) VALUES ( '31011', 'http://www.gutenberg.org/ebooks/31011.kindle.noimages', 'application/x-mobipocket-ebook' );
INSERT INTO files ( gid, file, mime ) VALUES ( '31011', 'http://www.gutenberg.org/ebooks/31011.rdf', 'application/rdf+xml' );
INSERT INTO files ( gid, file, mime ) VALUES ( '31011', 'http://www.gutenberg.org/ebooks/31011.txt.utf-8', 'text/plain' );
INSERT INTO files ( gid, file, mime ) VALUES ( '31011', 'http://www.gutenberg.org/files/31011/31011-8.txt', 'text/plain; charset=iso-8859-1' );
INSERT INTO files ( gid, file, mime ) VALUES ( '31011', 'http://www.gutenberg.org/files/31011/31011-8.zip', 'application/ziptext/plain; charset=iso-8859-1' );
INSERT INTO files ( gid, file, mime ) VALUES ( '31011', 'http://www.gutenberg.org/files/31011/31011-h.zip', 'application/ziptext/html; charset=iso-8859-1' );
INSERT INTO files ( gid, file, mime ) VALUES ( '31011', 'http://www.gutenberg.org/files/31011/31011-h/31011-h.htm', 'text/html; charset=iso-8859-1' );
INSERT INTO files ( gid, file, mime ) VALUES ( '31011', 'http://www.gutenberg.org/files/31011/31011.txt', 'text/plain; charset=us-ascii' );
INSERT INTO files ( gid, file, mime ) VALUES ( '31011', 'http://www.gutenberg.org/files/31011/31011.zip', 'application/ziptext/plain; charset=us-ascii' );
INSERT INTO titles ( gid, title, author, language, rights ) VALUES ( '3111', 'Certain Diversities of American Life', 'Warner, Charles Dudley', 'en', 'Public domain in the USA.' );
INSERT INTO classifications ( gid, classification ) VALUES ( '3111', 'PS' );
INSERT INTO subjects ( gid, subject ) VALUES ( '3111', 'Essays' );
INSERT INTO files ( gid, file, mime ) VALUES ( '3111', 'http://www.gutenberg.org/ebooks/3111.epub.images', 'application/epub+zip' );
INSERT INTO files ( gid, file, mime ) VALUES ( '3111', 'http://www.gutenberg.org/ebooks/3111.epub.noimages', 'application/epub+zip' );
INSERT INTO files ( gid, file, mime ) VALUES ( '3111', 'http://www.gutenberg.org/ebooks/3111.html.images', 'text/html' );
INSERT INTO files ( gid, file, mime ) VALUES ( '3111', 'http://www.gutenberg.org/ebooks/3111.html.noimages', 'text/html' );
INSERT INTO files ( gid, file, mime ) VALUES ( '3111', 'http://www.gutenberg.org/ebooks/3111.kindle.images', 'application/x-mobipocket-ebook' );
INSERT INTO files ( gid, file, mime ) VALUES ( '3111', 'http://www.gutenberg.org/ebooks/3111.kindle.noimages', 'application/x-mobipocket-ebook' );
INSERT INTO files ( gid, file, mime ) VALUES ( '3111', 'http://www.gutenberg.org/ebooks/3111.rdf', 'application/rdf+xml' );
INSERT INTO files ( gid, file, mime ) VALUES ( '3111', 'http://www.gutenberg.org/ebooks/3111.txt.utf-8', 'text/plain' );
INSERT INTO files ( gid, file, mime ) VALUES ( '3111', 'http://www.gutenberg.org/files/3111/3111.txt', 'text/plain; charset=us-ascii' );
INSERT INTO files ( gid, file, mime ) VALUES ( '3111', 'http://www.gutenberg.org/files/3111/3111.zip', 'text/plain; charset=us-asciiapplication/zip' );
INSERT INTO titles ( gid, title, author, language, rights ) VALUES ( '31111', 'Across Asia on a Bicycle The Journey of Two American Students from Constantinople to Peking', 'Allen, Thomas Gaskell', 'en', 'Public domain in the USA.' );
INSERT INTO classifications ( gid, classification ) VALUES ( '31111', 'DS' );
INSERT INTO subjects ( gid, subject ) VALUES ( '31111', 'Sachtleben, William Lewis -- Travel -- Asia' );
INSERT INTO subjects ( gid, subject ) VALUES ( '31111', 'Allen, Thomas Gaskell -- Travel -- Asia' );
INSERT INTO subjects ( gid, subject ) VALUES ( '31111', 'Bicycle touring -- Asia' );
INSERT INTO subjects ( gid, subject ) VALUES ( '31111', 'Asia -- Description and travel' );
INSERT INTO files ( gid, file, mime ) VALUES ( '31111', 'http://www.gutenberg.org/ebooks/31111.epub.images', 'application/epub+zip' );
INSERT INTO files ( gid, file, mime ) VALUES ( '31111', 'http://www.gutenberg.org/ebooks/31111.epub.noimages', 'application/epub+zip' );
INSERT INTO files ( gid, file, mime ) VALUES ( '31111', 'http://www.gutenberg.org/ebooks/31111.kindle.images', 'application/x-mobipocket-ebook' );
INSERT INTO files ( gid, file, mime ) VALUES ( '31111', 'http://www.gutenberg.org/ebooks/31111.kindle.noimages', 'application/x-mobipocket-ebook' );
INSERT INTO files ( gid, file, mime ) VALUES ( '31111', 'http://www.gutenberg.org/ebooks/31111.rdf', 'application/rdf+xml' );
INSERT INTO files ( gid, file, mime ) VALUES ( '31111', 'http://www.gutenberg.org/files/31111/31111-0.txt', 'text/plain; charset=utf-8' );
INSERT INTO files ( gid, file, mime ) VALUES ( '31111', 'http://www.gutenberg.org/files/31111/31111-0.zip', 'application/ziptext/plain; charset=utf-8' );
INSERT INTO files ( gid, file, mime ) VALUES ( '31111', 'http://www.gutenberg.org/files/31111/31111-8.txt', 'text/plain; charset=iso-8859-1' );
INSERT INTO files ( gid, file, mime ) VALUES ( '31111', 'http://www.gutenberg.org/files/31111/31111-8.zip', 'application/ziptext/plain; charset=iso-8859-1' );
INSERT INTO files ( gid, file, mime ) VALUES ( '31111', 'http://www.gutenberg.org/files/31111/31111-h.zip', 'application/ziptext/html; charset=utf-8' );
INSERT INTO files ( gid, file, mime ) VALUES ( '31111', 'http://www.gutenberg.org/files/31111/31111-h/31111-h.html', 'text/html; charset=utf-8' );
INSERT INTO files ( gid, file, mime ) VALUES ( '31111', 'http://www.gutenberg.org/files/31111/31111-pdf.pdf', 'application/pdf' );
INSERT INTO files ( gid, file, mime ) VALUES ( '31111', 'http://www.gutenberg.org/files/31111/31111-pdf.zip', 'application/zipapplication/pdf' );
INSERT INTO files ( gid, file, mime ) VALUES ( '31111', 'http://www.gutenberg.org/files/31111/31111-tei.zip', 'application/prs.teiapplication/zip' );
INSERT INTO files ( gid, file, mime ) VALUES ( '31111', 'http://www.gutenberg.org/files/31111/31111-tei/31111-tei.tei', 'application/prs.tei' );
INSERT INTO files ( gid, file, mime ) VALUES ( '31111', 'http://www.gutenberg.org/files/31111/31111.txt', 'text/plain; charset=us-ascii' );
INSERT INTO files ( gid, file, mime ) VALUES ( '31111', 'http://www.gutenberg.org/files/31111/31111.zip', 'text/plain; charset=us-asciiapplication/zip' );
INSERT INTO titles ( gid, title, author, language, rights ) VALUES ( '311', 'Bunner Sisters', 'Wharton, Edith', 'en', 'Public domain in the USA.' );
INSERT INTO classifications ( gid, classification ) VALUES ( '311', 'PS' );
INSERT INTO subjects ( gid, subject ) VALUES ( '311', 'New York (N.Y.) -- Social life and customs -- 19th century -- Fiction' );
INSERT INTO files ( gid, file, mime ) VALUES ( '311', 'http://www.gutenberg.org/ebooks/311.epub.images', 'application/epub+zip' );
INSERT INTO files ( gid, file, mime ) VALUES ( '311', 'http://www.gutenberg.org/ebooks/311.epub.noimages', 'application/epub+zip' );
INSERT INTO files ( gid, file, mime ) VALUES ( '311', 'http://www.gutenberg.org/ebooks/311.kindle.images', 'application/x-mobipocket-ebook' );
INSERT INTO files ( gid, file, mime ) VALUES ( '311', 'http://www.gutenberg.org/ebooks/311.kindle.noimages', 'application/x-mobipocket-ebook' );
INSERT INTO files ( gid, file, mime ) VALUES ( '311', 'http://www.gutenberg.org/ebooks/311.rdf', 'application/rdf+xml' );
INSERT INTO files ( gid, file, mime ) VALUES ( '311', 'http://www.gutenberg.org/files/311/311-0.txt', 'text/plain; charset=utf-8' );
INSERT INTO files ( gid, file, mime ) VALUES ( '311', 'http://www.gutenberg.org/files/311/311-0.zip', 'application/ziptext/plain; charset=utf-8' );
INSERT INTO files ( gid, file, mime ) VALUES ( '311', 'http://www.gutenberg.org/files/311/311-h.zip', 'text/html; charset=utf-8application/zip' );
INSERT INTO files ( gid, file, mime ) VALUES ( '311', 'http://www.gutenberg.org/files/311/311-h/311-h.htm', 'text/html; charset=utf-8' );
INSERT INTO files ( gid, file, mime ) VALUES ( '311', 'http://www.gutenberg.org/files/311/311.txt', 'text/plain; charset=us-ascii' );
INSERT INTO files ( gid, file, mime ) VALUES ( '311', 'http://www.gutenberg.org/files/311/311.zip', 'application/ziptext/plain; charset=us-ascii' );
INSERT INTO titles ( gid, title, author, language, rights ) VALUES ( '31211', 'Cavalry of the Clouds', 'Bott, Alan', 'en', 'Public domain in the USA.' );
INSERT INTO subjects ( gid, subject ) VALUES ( '31211', 'World War, 1914-1918 -- Aerial operations' );
INSERT INTO subjects ( gid, subject ) VALUES ( '31211', 'Aeronautics, Military' );
INSERT INTO subjects ( gid, subject ) VALUES ( '31211', 'D501' );
INSERT INTO files ( gid, file, mime ) VALUES ( '31211', 'http://www.gutenberg.org/cache/epub/31211/pg31211.cover.medium.jpg', 'image/jpeg' );
INSERT INTO files ( gid, file, mime ) VALUES ( '31211', 'http://www.gutenberg.org/cache/epub/31211/pg31211.cover.small.jpg', 'image/jpeg' );
INSERT INTO files ( gid, file, mime ) VALUES ( '31211', 'http://www.gutenberg.org/ebooks/31211.epub.images', 'application/epub+zip' );
INSERT INTO files ( gid, file, mime ) VALUES ( '31211', 'http://www.gutenberg.org/ebooks/31211.epub.noimages', 'application/epub+zip' );
INSERT INTO files ( gid, file, mime ) VALUES ( '31211', 'http://www.gutenberg.org/ebooks/31211.kindle.images', 'application/x-mobipocket-ebook' );
INSERT INTO files ( gid, file, mime ) VALUES ( '31211', 'http://www.gutenberg.org/ebooks/31211.kindle.noimages', 'application/x-mobipocket-ebook' );
INSERT INTO files ( gid, file, mime ) VALUES ( '31211', 'http://www.gutenberg.org/ebooks/31211.rdf', 'application/rdf+xml' );
INSERT INTO files ( gid, file, mime ) VALUES ( '31211', 'http://www.gutenberg.org/ebooks/31211.txt.utf-8', 'text/plain' );
INSERT INTO files ( gid, file, mime ) VALUES ( '31211', 'http://www.gutenberg.org/files/31211/31211-8.txt', 'text/plain; charset=iso-8859-1' );
INSERT INTO files ( gid, file, mime ) VALUES ( '31211', 'http://www.gutenberg.org/files/31211/31211-8.zip', 'application/ziptext/plain; charset=iso-8859-1' );
INSERT INTO files ( gid, file, mime ) VALUES ( '31211', 'http://www.gutenberg.org/files/31211/31211-h.zip', 'text/html; charset=iso-8859-1application/zip' );
INSERT INTO files ( gid, file, mime ) VALUES ( '31211', 'http://www.gutenberg.org/files/31211/31211-h/31211-h.htm', 'text/html; charset=iso-8859-1' );
INSERT INTO files ( gid, file, mime ) VALUES ( '31211', 'http://www.gutenberg.org/files/31211/31211.txt', 'text/plain; charset=us-ascii' );
INSERT INTO files ( gid, file, mime ) VALUES ( '31211', 'http://www.gutenberg.org/files/31211/31211.zip', 'application/ziptext/plain; charset=us-ascii' );
INSERT INTO titles ( gid, title, author, language, rights ) VALUES ( '31311', 'Vocations Explained: Matrimony, Virginity, the Religious State and the Priesthood', 'Downing, Dennis J.', 'en', 'Public domain in the USA.' );
INSERT INTO classifications ( gid, classification ) VALUES ( '31311', 'BX' );
INSERT INTO subjects ( gid, subject ) VALUES ( '31311', 'Vocation, Ecclesiastical' );
INSERT INTO subjects ( gid, subject ) VALUES ( '31311', 'Vocation (in religious orders, congregations, etc.)' );
INSERT INTO files ( gid, file, mime ) VALUES ( '31311', 'http://www.gutenberg.org/ebooks/31311.epub.images', 'application/epub+zip' );
INSERT INTO files ( gid, file, mime ) VALUES ( '31311', 'http://www.gutenberg.org/ebooks/31311.epub.noimages', 'application/epub+zip' );
INSERT INTO files ( gid, file, mime ) VALUES ( '31311', 'http://www.gutenberg.org/ebooks/31311.kindle.images', 'application/x-mobipocket-ebook' );
INSERT INTO files ( gid, file, mime ) VALUES ( '31311', 'http://www.gutenberg.org/ebooks/31311.kindle.noimages', 'application/x-mobipocket-ebook' );
INSERT INTO files ( gid, file, mime ) VALUES ( '31311', 'http://www.gutenberg.org/ebooks/31311.rdf', 'application/rdf+xml' );
INSERT INTO files ( gid, file, mime ) VALUES ( '31311', 'http://www.gutenberg.org/ebooks/31311.txt.utf-8', 'text/plain' );
INSERT INTO files ( gid, file, mime ) VALUES ( '31311', 'http://www.gutenberg.org/files/31311/31311-8.txt', 'text/plain; charset=iso-8859-1' );
INSERT INTO files ( gid, file, mime ) VALUES ( '31311', 'http://www.gutenberg.org/files/31311/31311-8.zip', 'text/plain; charset=iso-8859-1application/zip' );
INSERT INTO files ( gid, file, mime ) VALUES ( '31311', 'http://www.gutenberg.org/files/31311/31311-h.zip', 'text/html; charset=iso-8859-1application/zip' );
INSERT INTO files ( gid, file, mime ) VALUES ( '31311', 'http://www.gutenberg.org/files/31311/31311-h/31311-h.htm', 'text/html; charset=iso-8859-1' );
INSERT INTO files ( gid, file, mime ) VALUES ( '31311', 'http://www.gutenberg.org/files/31311/31311.txt', 'text/plain; charset=us-ascii' );
INSERT INTO files ( gid, file, mime ) VALUES ( '31311', 'http://www.gutenberg.org/files/31311/31311.zip', 'application/ziptext/plain; charset=us-ascii' );
INSERT INTO titles ( gid, title, author, language, rights ) VALUES ( '31411', 'Stories Pictures Tell. Book Four', 'Carpenter, Flora L. (Flora Leona)', 'en', 'Public domain in the USA.' );
INSERT INTO classifications ( gid, classification ) VALUES ( '31411', 'N' );
INSERT INTO subjects ( gid, subject ) VALUES ( '31411', 'Painters' );
INSERT INTO subjects ( gid, subject ) VALUES ( '31411', 'Painting' );
INSERT INTO files ( gid, file, mime ) VALUES ( '31411', 'http://www.gutenberg.org/ebooks/31411.epub.images', 'application/epub+zip' );
INSERT INTO files ( gid, file, mime ) VALUES ( '31411', 'http://www.gutenberg.org/ebooks/31411.epub.noimages', 'application/epub+zip' );
INSERT INTO files ( gid, file, mime ) VALUES ( '31411', 'http://www.gutenberg.org/ebooks/31411.kindle.images', 'application/x-mobipocket-ebook' );
INSERT INTO files ( gid, file, mime ) VALUES ( '31411', 'http://www.gutenberg.org/ebooks/31411.kindle.noimages', 'application/x-mobipocket-ebook' );
INSERT INTO files ( gid, file, mime ) VALUES ( '31411', 'http://www.gutenberg.org/ebooks/31411.rdf', 'application/rdf+xml' );
INSERT INTO files ( gid, file, mime ) VALUES ( '31411', 'http://www.gutenberg.org/ebooks/31411.txt.utf-8', 'text/plain' );
INSERT INTO files ( gid, file, mime ) VALUES ( '31411', 'http://www.gutenberg.org/files/31411/31411-8.txt', 'text/plain; charset=iso-8859-1' );
INSERT INTO files ( gid, file, mime ) VALUES ( '31411', 'http://www.gutenberg.org/files/31411/31411-8.zip', 'text/plain; charset=iso-8859-1application/zip' );
INSERT INTO files ( gid, file, mime ) VALUES ( '31411', 'http://www.gutenberg.org/files/31411/31411-h.zip', 'application/ziptext/html; charset=iso-8859-1' );
INSERT INTO files ( gid, file, mime ) VALUES ( '31411', 'http://www.gutenberg.org/files/31411/31411-h/31411-h.htm', 'text/html; charset=iso-8859-1' );
INSERT INTO files ( gid, file, mime ) VALUES ( '31411', 'http://www.gutenberg.org/files/31411/31411.txt', 'text/plain; charset=us-ascii' );
INSERT INTO files ( gid, file, mime ) VALUES ( '31411', 'http://www.gutenberg.org/files/31411/31411.zip', 'application/ziptext/plain; charset=us-ascii' );
INSERT INTO titles ( gid, title, author, language, rights ) VALUES ( '31611', 'Robots of the World! Arise!', 'Wolf, Mari', 'en', 'Public domain in the USA.' );
INSERT INTO classifications ( gid, classification ) VALUES ( '31611', 'PS' );
INSERT INTO subjects ( gid, subject ) VALUES ( '31611', 'Science fiction' );
INSERT INTO subjects ( gid, subject ) VALUES ( '31611', 'Robots -- Fiction' );
INSERT INTO subjects ( gid, subject ) VALUES ( '31611', 'Short stories' );
INSERT INTO subjects ( gid, subject ) VALUES ( '31611', 'Telepathy -- Fiction' );
INSERT INTO subjects ( gid, subject ) VALUES ( '31611', 'General strikes -- Fiction' );
INSERT INTO files ( gid, file, mime ) VALUES ( '31611', 'http://www.gutenberg.org/cache/epub/31611/pg31611.cover.medium.jpg', 'image/jpeg' );
INSERT INTO files ( gid, file, mime ) VALUES ( '31611', 'http://www.gutenberg.org/cache/epub/31611/pg31611.cover.small.jpg', 'image/jpeg' );
INSERT INTO files ( gid, file, mime ) VALUES ( '31611', 'http://www.gutenberg.org/ebooks/31611.epub.images', 'application/epub+zip' );
INSERT INTO files ( gid, file, mime ) VALUES ( '31611', 'http://www.gutenberg.org/ebooks/31611.epub.noimages', 'application/epub+zip' );
INSERT INTO files ( gid, file, mime ) VALUES ( '31611', 'http://www.gutenberg.org/ebooks/31611.kindle.images', 'application/x-mobipocket-ebook' );
INSERT INTO files ( gid, file, mime ) VALUES ( '31611', 'http://www.gutenberg.org/ebooks/31611.kindle.noimages', 'application/x-mobipocket-ebook' );
INSERT INTO files ( gid, file, mime ) VALUES ( '31611', 'http://www.gutenberg.org/ebooks/31611.rdf', 'application/rdf+xml' );
INSERT INTO files ( gid, file, mime ) VALUES ( '31611', 'http://www.gutenberg.org/ebooks/31611.txt.utf-8', 'text/plain' );
INSERT INTO files ( gid, file, mime ) VALUES ( '31611', 'http://www.gutenberg.org/files/31611/31611-h.zip', 'text/html; charset=iso-8859-1application/zip' );
INSERT INTO files ( gid, file, mime ) VALUES ( '31611', 'http://www.gutenberg.org/files/31611/31611-h/31611-h.htm', 'text/html; charset=iso-8859-1' );
INSERT INTO files ( gid, file, mime ) VALUES ( '31611', 'http://www.gutenberg.org/files/31611/31611.txt', 'text/plain; charset=us-ascii' );
INSERT INTO files ( gid, file, mime ) VALUES ( '31611', 'http://www.gutenberg.org/files/31611/31611.zip', 'application/ziptext/plain; charset=us-ascii' );
INSERT INTO titles ( gid, title, author, language, rights ) VALUES ( '31511', 'A History of Witchcraft in England from 1558 to 1718', 'Notestein, Wallace', 'en', 'Public domain in the USA.' );
INSERT INTO classifications ( gid, classification ) VALUES ( '31511', 'BF' );
INSERT INTO subjects ( gid, subject ) VALUES ( '31511', 'Witchcraft -- England -- History' );
INSERT INTO files ( gid, file, mime ) VALUES ( '31511', 'http://www.gutenberg.org/ebooks/31511.epub.images', 'application/epub+zip' );
INSERT INTO files ( gid, file, mime ) VALUES ( '31511', 'http://www.gutenberg.org/ebooks/31511.epub.noimages', 'application/epub+zip' );
INSERT INTO files ( gid, file, mime ) VALUES ( '31511', 'http://www.gutenberg.org/ebooks/31511.kindle.images', 'application/x-mobipocket-ebook' );
INSERT INTO files ( gid, file, mime ) VALUES ( '31511', 'http://www.gutenberg.org/ebooks/31511.kindle.noimages', 'application/x-mobipocket-ebook' );
INSERT INTO files ( gid, file, mime ) VALUES ( '31511', 'http://www.gutenberg.org/ebooks/31511.rdf', 'application/rdf+xml' );
INSERT INTO files ( gid, file, mime ) VALUES ( '31511', 'http://www.gutenberg.org/ebooks/31511.txt.utf-8', 'text/plain' );
INSERT INTO files ( gid, file, mime ) VALUES ( '31511', 'http://www.gutenberg.org/files/31511/31511-8.txt', 'text/plain; charset=iso-8859-1' );
INSERT INTO files ( gid, file, mime ) VALUES ( '31511', 'http://www.gutenberg.org/files/31511/31511-8.zip', 'text/plain; charset=iso-8859-1application/zip' );
INSERT INTO files ( gid, file, mime ) VALUES ( '31511', 'http://www.gutenberg.org/files/31511/31511-h.zip', 'text/html; charset=iso-8859-1application/zip' );
INSERT INTO files ( gid, file, mime ) VALUES ( '31511', 'http://www.gutenberg.org/files/31511/31511-h/31511-h.htm', 'text/html; charset=iso-8859-1' );
INSERT INTO files ( gid, file, mime ) VALUES ( '31511', 'http://www.gutenberg.org/files/31511/31511.txt', 'text/plain; charset=us-ascii' );
INSERT INTO files ( gid, file, mime ) VALUES ( '31511', 'http://www.gutenberg.org/files/31511/31511.zip', 'application/ziptext/plain; charset=us-ascii' );
INSERT INTO titles ( gid, title, author, language, rights ) VALUES ( '31811', 'Wanderings in South America', 'Waterton, Charles', 'en', 'Public domain in the USA.' );
INSERT INTO subjects ( gid, subject ) VALUES ( '31811', 'F2351' );
INSERT INTO subjects ( gid, subject ) VALUES ( '31811', 'Antilles, Lesser -- Description and travel' );
INSERT INTO subjects ( gid, subject ) VALUES ( '31811', 'Zoology -- Guyana' );
INSERT INTO subjects ( gid, subject ) VALUES ( '31811', 'Pernambuco (Brazil) -- Description and travel' );
INSERT INTO subjects ( gid, subject ) VALUES ( '31811', 'Guyana -- Description and travel' );
INSERT INTO subjects ( gid, subject ) VALUES ( '31811', 'Waterton, Charles, 1782-1865 -- Travel' );
INSERT INTO files ( gid, file, mime ) VALUES ( '31811', 'http://www.gutenberg.org/ebooks/31811.epub.images', 'application/epub+zip' );
INSERT INTO files ( gid, file, mime ) VALUES ( '31811', 'http://www.gutenberg.org/ebooks/31811.epub.noimages', 'application/epub+zip' );
INSERT INTO files ( gid, file, mime ) VALUES ( '31811', 'http://www.gutenberg.org/ebooks/31811.kindle.images', 'application/x-mobipocket-ebook' );
INSERT INTO files ( gid, file, mime ) VALUES ( '31811', 'http://www.gutenberg.org/ebooks/31811.kindle.noimages', 'application/x-mobipocket-ebook' );
INSERT INTO files ( gid, file, mime ) VALUES ( '31811', 'http://www.gutenberg.org/ebooks/31811.rdf', 'application/rdf+xml' );
INSERT INTO files ( gid, file, mime ) VALUES ( '31811', 'http://www.gutenberg.org/files/31811/31811-0.txt', 'text/plain; charset=utf-8' );
INSERT INTO files ( gid, file, mime ) VALUES ( '31811', 'http://www.gutenberg.org/files/31811/31811-0.zip', 'application/ziptext/plain; charset=utf-8' );
INSERT INTO files ( gid, file, mime ) VALUES ( '31811', 'http://www.gutenberg.org/files/31811/31811-h.zip', 'application/ziptext/html' );
INSERT INTO files ( gid, file, mime ) VALUES ( '31811', 'http://www.gutenberg.org/files/31811/31811-h/31811-h.htm', 'text/html' );
INSERT INTO files ( gid, file, mime ) VALUES ( '31811', 'http://www.gutenberg.org/files/31811/31811.txt', 'text/plain; charset=us-ascii' );
INSERT INTO files ( gid, file, mime ) VALUES ( '31811', 'http://www.gutenberg.org/files/31811/31811.zip', 'application/ziptext/plain; charset=us-ascii' );
INSERT INTO titles ( gid, title, author, language, rights ) VALUES ( '31711', 'The Life of William Ewart Gladstone, Vol. 3 (of 3) 1890-1898', 'Morley, John', 'en', 'Public domain in the USA.' );
INSERT INTO classifications ( gid, classification ) VALUES ( '31711', 'DA' );
INSERT INTO subjects ( gid, subject ) VALUES ( '31711', 'Great Britain -- Politics and government -- 1837-1901' );
INSERT INTO subjects ( gid, subject ) VALUES ( '31711', 'Gladstone, W. E. (William Ewart), 1809-1898' );
INSERT INTO subjects ( gid, subject ) VALUES ( '31711', 'Prime ministers -- Great Britain -- Biography' );
INSERT INTO subjects ( gid, subject ) VALUES ( '31711', 'Liberal Party (Great Britain) -- Biography' );
INSERT INTO files ( gid, file, mime ) VALUES ( '31711', 'http://www.gutenberg.org/ebooks/31711.epub.images', 'application/epub+zip' );
INSERT INTO files ( gid, file, mime ) VALUES ( '31711', 'http://www.gutenberg.org/ebooks/31711.epub.noimages', 'application/epub+zip' );
INSERT INTO files ( gid, file, mime ) VALUES ( '31711', 'http://www.gutenberg.org/ebooks/31711.kindle.images', 'application/x-mobipocket-ebook' );
INSERT INTO files ( gid, file, mime ) VALUES ( '31711', 'http://www.gutenberg.org/ebooks/31711.kindle.noimages', 'application/x-mobipocket-ebook' );
INSERT INTO files ( gid, file, mime ) VALUES ( '31711', 'http://www.gutenberg.org/ebooks/31711.rdf', 'application/rdf+xml' );
INSERT INTO files ( gid, file, mime ) VALUES ( '31711', 'http://www.gutenberg.org/files/31711/31711-0.txt', 'text/plain; charset=utf-8' );
INSERT INTO files ( gid, file, mime ) VALUES ( '31711', 'http://www.gutenberg.org/files/31711/31711-0.zip', 'application/ziptext/plain; charset=utf-8' );
INSERT INTO files ( gid, file, mime ) VALUES ( '31711', 'http://www.gutenberg.org/files/31711/31711-8.txt', 'text/plain; charset=iso-8859-1' );
INSERT INTO files ( gid, file, mime ) VALUES ( '31711', 'http://www.gutenberg.org/files/31711/31711-8.zip', 'application/ziptext/plain; charset=iso-8859-1' );
INSERT INTO files ( gid, file, mime ) VALUES ( '31711', 'http://www.gutenberg.org/files/31711/31711-h.zip', 'application/ziptext/html; charset=utf-8' );
INSERT INTO files ( gid, file, mime ) VALUES ( '31711', 'http://www.gutenberg.org/files/31711/31711-h/31711-h.html', 'text/html; charset=utf-8' );
INSERT INTO files ( gid, file, mime ) VALUES ( '31711', 'http://www.gutenberg.org/files/31711/31711-pdf.pdf', 'application/pdf' );
INSERT INTO files ( gid, file, mime ) VALUES ( '31711', 'http://www.gutenberg.org/files/31711/31711-pdf.zip', 'application/zipapplication/pdf' );
INSERT INTO files ( gid, file, mime ) VALUES ( '31711', 'http://www.gutenberg.org/files/31711/31711-tei.zip', 'application/prs.teiapplication/zip' );
INSERT INTO files ( gid, file, mime ) VALUES ( '31711', 'http://www.gutenberg.org/files/31711/31711-tei/31711-tei.tei', 'application/prs.tei' );
INSERT INTO files ( gid, file, mime ) VALUES ( '31711', 'http://www.gutenberg.org/files/31711/31711.txt', 'text/plain; charset=us-ascii' );
INSERT INTO files ( gid, file, mime ) VALUES ( '31711', 'http://www.gutenberg.org/files/31711/31711.zip', 'application/ziptext/plain; charset=us-ascii' );
INSERT INTO titles ( gid, title, author, language, rights ) VALUES ( '31911', 'Synthetische Theorie der Cliffordschen Parallelen und der Linearen Linienörter des Elliptischen Raumes', 'Vogt, Wolfgang', 'de', 'Public domain in the USA.' );
INSERT INTO classifications ( gid, classification ) VALUES ( '31911', 'QA' );
INSERT INTO subjects ( gid, subject ) VALUES ( '31911', 'Parallels (Geometry)' );
INSERT INTO subjects ( gid, subject ) VALUES ( '31911', 'Geometry, Non-Euclidean' );
INSERT INTO files ( gid, file, mime ) VALUES ( '31911', 'http://www.gutenberg.org/ebooks/31911.rdf', 'application/rdf+xml' );
INSERT INTO files ( gid, file, mime ) VALUES ( '31911', 'http://www.gutenberg.org/files/31911/31911-pdf.pdf', 'application/pdf' );
INSERT INTO files ( gid, file, mime ) VALUES ( '31911', 'http://www.gutenberg.org/files/31911/31911-pdf.zip', 'application/pdfapplication/zip' );
INSERT INTO files ( gid, file, mime ) VALUES ( '31911', 'http://www.gutenberg.org/files/31911/31911-t.zip', 'application/zipapplication/prs.tex' );
INSERT INTO files ( gid, file, mime ) VALUES ( '31911', 'http://www.gutenberg.org/files/31911/31911-t/31911-t.tex', 'application/prs.tex' );
INSERT INTO titles ( gid, title, author, language, rights ) VALUES ( '32011', 'Special Delivery', 'Knight, Damon', 'en', 'Public domain in the USA.' );
INSERT INTO classifications ( gid, classification ) VALUES ( '32011', 'PS' );
INSERT INTO subjects ( gid, subject ) VALUES ( '32011', 'Science fiction' );
INSERT INTO subjects ( gid, subject ) VALUES ( '32011', 'Short stories' );
INSERT INTO files ( gid, file, mime ) VALUES ( '32011', 'http://www.gutenberg.org/cache/epub/32011/pg32011.cover.medium.jpg', 'image/jpeg' );
INSERT INTO files ( gid, file, mime ) VALUES ( '32011', 'http://www.gutenberg.org/cache/epub/32011/pg32011.cover.small.jpg', 'image/jpeg' );
INSERT INTO files ( gid, file, mime ) VALUES ( '32011', 'http://www.gutenberg.org/ebooks/32011.epub.images', 'application/epub+zip' );
INSERT INTO files ( gid, file, mime ) VALUES ( '32011', 'http://www.gutenberg.org/ebooks/32011.epub.noimages', 'application/epub+zip' );
INSERT INTO files ( gid, file, mime ) VALUES ( '32011', 'http://www.gutenberg.org/ebooks/32011.kindle.images', 'application/x-mobipocket-ebook' );
INSERT INTO files ( gid, file, mime ) VALUES ( '32011', 'http://www.gutenberg.org/ebooks/32011.kindle.noimages', 'application/x-mobipocket-ebook' );
INSERT INTO files ( gid, file, mime ) VALUES ( '32011', 'http://www.gutenberg.org/ebooks/32011.rdf', 'application/rdf+xml' );
INSERT INTO files ( gid, file, mime ) VALUES ( '32011', 'http://www.gutenberg.org/ebooks/32011.txt.utf-8', 'text/plain' );
INSERT INTO files ( gid, file, mime ) VALUES ( '32011', 'http://www.gutenberg.org/files/32011/32011-8.txt', 'text/plain; charset=iso-8859-1' );
INSERT INTO files ( gid, file, mime ) VALUES ( '32011', 'http://www.gutenberg.org/files/32011/32011-8.zip', 'text/plain; charset=iso-8859-1application/zip' );
INSERT INTO files ( gid, file, mime ) VALUES ( '32011', 'http://www.gutenberg.org/files/32011/32011-h.zip', 'application/ziptext/html; charset=iso-8859-1' );
INSERT INTO files ( gid, file, mime ) VALUES ( '32011', 'http://www.gutenberg.org/files/32011/32011-h/32011-h.htm', 'text/html; charset=iso-8859-1' );
INSERT INTO files ( gid, file, mime ) VALUES ( '32011', 'http://www.gutenberg.org/files/32011/32011.txt', 'text/plain; charset=us-ascii' );
INSERT INTO files ( gid, file, mime ) VALUES ( '32011', 'http://www.gutenberg.org/files/32011/32011.zip', 'application/ziptext/plain; charset=us-ascii' );
INSERT INTO titles ( gid, title, author, language, rights ) VALUES ( '32111', 'Diary of Battery A, First Regiment Rhode Island Light Artillery', 'Reichardt, Theodore', 'en', 'Public domain in the USA.' );
INSERT INTO subjects ( gid, subject ) VALUES ( '32111', 'E456' );
INSERT INTO subjects ( gid, subject ) VALUES ( '32111', 'Reichardt, Theodore -- Diaries' );
INSERT INTO subjects ( gid, subject ) VALUES ( '32111', 'Rhode Island -- History -- Civil War, 1861-1865 -- Regimental histories' );
INSERT INTO subjects ( gid, subject ) VALUES ( '32111', 'United States -- History -- Civil War, 1861-1865 -- Regimental histories' );
INSERT INTO subjects ( gid, subject ) VALUES ( '32111', 'United States. Army. Rhode Island Light Artillery Regiment, 1st (1861-1865). Battery A' );
INSERT INTO files ( gid, file, mime ) VALUES ( '32111', 'http://www.gutenberg.org/ebooks/32111.epub.images', 'application/epub+zip' );
INSERT INTO files ( gid, file, mime ) VALUES ( '32111', 'http://www.gutenberg.org/ebooks/32111.epub.noimages', 'application/epub+zip' );
INSERT INTO files ( gid, file, mime ) VALUES ( '32111', 'http://www.gutenberg.org/ebooks/32111.kindle.images', 'application/x-mobipocket-ebook' );
INSERT INTO files ( gid, file, mime ) VALUES ( '32111', 'http://www.gutenberg.org/ebooks/32111.kindle.noimages', 'application/x-mobipocket-ebook' );
INSERT INTO files ( gid, file, mime ) VALUES ( '32111', 'http://www.gutenberg.org/ebooks/32111.rdf', 'application/rdf+xml' );
INSERT INTO files ( gid, file, mime ) VALUES ( '32111', 'http://www.gutenberg.org/ebooks/32111.txt.utf-8', 'text/plain' );
INSERT INTO files ( gid, file, mime ) VALUES ( '32111', 'http://www.gutenberg.org/files/32111/32111-8.txt', 'text/plain; charset=iso-8859-1' );
INSERT INTO files ( gid, file, mime ) VALUES ( '32111', 'http://www.gutenberg.org/files/32111/32111-8.zip', 'text/plain; charset=iso-8859-1application/zip' );
INSERT INTO files ( gid, file, mime ) VALUES ( '32111', 'http://www.gutenberg.org/files/32111/32111-h.zip', 'application/ziptext/html; charset=iso-8859-1' );
INSERT INTO files ( gid, file, mime ) VALUES ( '32111', 'http://www.gutenberg.org/files/32111/32111-h/32111-h.htm', 'text/html; charset=iso-8859-1' );
INSERT INTO files ( gid, file, mime ) VALUES ( '32111', 'http://www.gutenberg.org/files/32111/32111.txt', 'text/plain; charset=us-ascii' );
INSERT INTO files ( gid, file, mime ) VALUES ( '32111', 'http://www.gutenberg.org/files/32111/32111.zip', 'application/ziptext/plain; charset=us-ascii' );
INSERT INTO titles ( gid, title, author, language, rights ) VALUES ( '3211', 'Mr. Honey''s Small Banking Dictionary (English-German)', 'Honig, Winfried', 'de', 'Copyrighted. Read the copyright notice inside this book for details.' );
INSERT INTO classifications ( gid, classification ) VALUES ( '3211', 'PF' );
INSERT INTO subjects ( gid, subject ) VALUES ( '3211', 'English language -- Dictionaries -- German' );
INSERT INTO subjects ( gid, subject ) VALUES ( '3211', 'German language -- Dictionaries -- English' );
INSERT INTO files ( gid, file, mime ) VALUES ( '3211', 'http://www.gutenberg.org/ebooks/3211.epub.images', 'application/epub+zip' );
INSERT INTO files ( gid, file, mime ) VALUES ( '3211', 'http://www.gutenberg.org/ebooks/3211.epub.noimages', 'application/epub+zip' );
INSERT INTO files ( gid, file, mime ) VALUES ( '3211', 'http://www.gutenberg.org/ebooks/3211.kindle.images', 'application/x-mobipocket-ebook' );
INSERT INTO files ( gid, file, mime ) VALUES ( '3211', 'http://www.gutenberg.org/ebooks/3211.kindle.noimages', 'application/x-mobipocket-ebook' );
INSERT INTO files ( gid, file, mime ) VALUES ( '3211', 'http://www.gutenberg.org/ebooks/3211.rdf', 'application/rdf+xml' );
INSERT INTO files ( gid, file, mime ) VALUES ( '3211', 'http://www.gutenberg.org/ebooks/3211.txt.utf-8', 'text/plain' );
INSERT INTO files ( gid, file, mime ) VALUES ( '3211', 'http://www.gutenberg.org/files/3211/3211-8.txt', 'text/plain; charset=iso-8859-1' );
INSERT INTO files ( gid, file, mime ) VALUES ( '3211', 'http://www.gutenberg.org/files/3211/3211-8.zip', 'application/ziptext/plain; charset=iso-8859-1' );
INSERT INTO files ( gid, file, mime ) VALUES ( '3211', 'http://www.gutenberg.org/files/3211/3211-h.zip', 'text/html; charset=iso-8859-1application/zip' );
INSERT INTO files ( gid, file, mime ) VALUES ( '3211', 'http://www.gutenberg.org/files/3211/3211-h/3211-h.htm', 'text/html; charset=iso-8859-1' );
INSERT INTO titles ( gid, title, author, language, rights ) VALUES ( '32211', 'Η Φωτεινή - Ο μαγευμένος εργαλειός - Η καλή Νεράιδα', 'Papadopoulou, Arsinoe', 'el', 'Public domain in the USA.' );
INSERT INTO classifications ( gid, classification ) VALUES ( '32211', 'PZ' );
INSERT INTO classifications ( gid, classification ) VALUES ( '32211', 'PA' );
INSERT INTO subjects ( gid, subject ) VALUES ( '32211', 'Children''s stories, Greek (Modern)' );
INSERT INTO subjects ( gid, subject ) VALUES ( '32211', 'Greek language, Modern -- Readers' );
INSERT INTO files ( gid, file, mime ) VALUES ( '32211', 'http://www.gutenberg.org/ebooks/32211.epub.images', 'application/epub+zip' );
INSERT INTO files ( gid, file, mime ) VALUES ( '32211', 'http://www.gutenberg.org/ebooks/32211.epub.noimages', 'application/epub+zip' );
INSERT INTO files ( gid, file, mime ) VALUES ( '32211', 'http://www.gutenberg.org/ebooks/32211.html.images', 'text/html' );
INSERT INTO files ( gid, file, mime ) VALUES ( '32211', 'http://www.gutenberg.org/ebooks/32211.html.noimages', 'text/html' );
INSERT INTO files ( gid, file, mime ) VALUES ( '32211', 'http://www.gutenberg.org/ebooks/32211.kindle.images', 'application/x-mobipocket-ebook' );
INSERT INTO files ( gid, file, mime ) VALUES ( '32211', 'http://www.gutenberg.org/ebooks/32211.kindle.noimages', 'application/x-mobipocket-ebook' );
INSERT INTO files ( gid, file, mime ) VALUES ( '32211', 'http://www.gutenberg.org/ebooks/32211.rdf', 'application/rdf+xml' );
INSERT INTO files ( gid, file, mime ) VALUES ( '32211', 'http://www.gutenberg.org/files/32211/32211-0.txt', 'text/plain; charset=utf-8' );
INSERT INTO files ( gid, file, mime ) VALUES ( '32211', 'http://www.gutenberg.org/files/32211/32211-0.zip', 'text/plain; charset=utf-8application/zip' );
INSERT INTO titles ( gid, title, author, language, rights ) VALUES ( '32311', 'A Soldier''s Trial: An Episode of the Canteen Crusade', 'King, Charles', 'en', 'Public domain in the USA.' );
INSERT INTO classifications ( gid, classification ) VALUES ( '32311', 'PS' );
INSERT INTO subjects ( gid, subject ) VALUES ( '32311', 'United States. Army -- Military life -- Fiction' );
INSERT INTO files ( gid, file, mime ) VALUES ( '32311', 'http://www.gutenberg.org/ebooks/32311.epub.images', 'application/epub+zip' );
INSERT INTO files ( gid, file, mime ) VALUES ( '32311', 'http://www.gutenberg.org/ebooks/32311.epub.noimages', 'application/epub+zip' );
INSERT INTO files ( gid, file, mime ) VALUES ( '32311', 'http://www.gutenberg.org/ebooks/32311.kindle.images', 'application/x-mobipocket-ebook' );
INSERT INTO files ( gid, file, mime ) VALUES ( '32311', 'http://www.gutenberg.org/ebooks/32311.kindle.noimages', 'application/x-mobipocket-ebook' );
INSERT INTO files ( gid, file, mime ) VALUES ( '32311', 'http://www.gutenberg.org/ebooks/32311.rdf', 'application/rdf+xml' );
INSERT INTO files ( gid, file, mime ) VALUES ( '32311', 'http://www.gutenberg.org/ebooks/32311.txt.utf-8', 'text/plain' );
INSERT INTO files ( gid, file, mime ) VALUES ( '32311', 'http://www.gutenberg.org/files/32311/32311-8.txt', 'text/plain; charset=iso-8859-1' );
INSERT INTO files ( gid, file, mime ) VALUES ( '32311', 'http://www.gutenberg.org/files/32311/32311-8.zip', 'text/plain; charset=iso-8859-1application/zip' );
INSERT INTO files ( gid, file, mime ) VALUES ( '32311', 'http://www.gutenberg.org/files/32311/32311-h.zip', 'application/ziptext/html; charset=iso-8859-1' );
INSERT INTO files ( gid, file, mime ) VALUES ( '32311', 'http://www.gutenberg.org/files/32311/32311-h/32311-h.htm', 'text/html; charset=iso-8859-1' );
INSERT INTO files ( gid, file, mime ) VALUES ( '32311', 'http://www.gutenberg.org/files/32311/32311.txt', 'text/plain; charset=us-ascii' );
INSERT INTO files ( gid, file, mime ) VALUES ( '32311', 'http://www.gutenberg.org/files/32311/32311.zip', 'application/ziptext/plain; charset=us-ascii' );
INSERT INTO titles ( gid, title, author, language, rights ) VALUES ( '32411', 'Queen of the Flaming Diamond', 'Yerxa, Leroy', 'en', 'Public domain in the USA.' );
INSERT INTO classifications ( gid, classification ) VALUES ( '32411', 'PS' );
INSERT INTO subjects ( gid, subject ) VALUES ( '32411', 'Science fiction' );
INSERT INTO files ( gid, file, mime ) VALUES ( '32411', 'http://www.gutenberg.org/cache/epub/32411/pg32411.cover.medium.jpg', 'image/jpeg' );
INSERT INTO files ( gid, file, mime ) VALUES ( '32411', 'http://www.gutenberg.org/cache/epub/32411/pg32411.cover.small.jpg', 'image/jpeg' );
INSERT INTO files ( gid, file, mime ) VALUES ( '32411', 'http://www.gutenberg.org/ebooks/32411.epub.images', 'application/epub+zip' );
INSERT INTO files ( gid, file, mime ) VALUES ( '32411', 'http://www.gutenberg.org/ebooks/32411.epub.noimages', 'application/epub+zip' );
INSERT INTO files ( gid, file, mime ) VALUES ( '32411', 'http://www.gutenberg.org/ebooks/32411.kindle.images', 'application/x-mobipocket-ebook' );
INSERT INTO files ( gid, file, mime ) VALUES ( '32411', 'http://www.gutenberg.org/ebooks/32411.kindle.noimages', 'application/x-mobipocket-ebook' );
INSERT INTO files ( gid, file, mime ) VALUES ( '32411', 'http://www.gutenberg.org/ebooks/32411.rdf', 'application/rdf+xml' );
INSERT INTO files ( gid, file, mime ) VALUES ( '32411', 'http://www.gutenberg.org/ebooks/32411.txt.utf-8', 'text/plain' );
INSERT INTO files ( gid, file, mime ) VALUES ( '32411', 'http://www.gutenberg.org/files/32411/32411-h.zip', 'text/html; charset=iso-8859-1application/zip' );
INSERT INTO files ( gid, file, mime ) VALUES ( '32411', 'http://www.gutenberg.org/files/32411/32411-h/32411-h.htm', 'text/html; charset=iso-8859-1' );
INSERT INTO files ( gid, file, mime ) VALUES ( '32411', 'http://www.gutenberg.org/files/32411/32411.txt', 'text/plain; charset=us-ascii' );
INSERT INTO files ( gid, file, mime ) VALUES ( '32411', 'http://www.gutenberg.org/files/32411/32411.zip', 'text/plain; charset=us-asciiapplication/zip' );
INSERT INTO titles ( gid, title, author, language, rights ) VALUES ( '32511', 'Margaret Fuller (Marchesa Ossoli)', 'Howe, Julia Ward', 'en', 'Public domain in the USA.' );
INSERT INTO classifications ( gid, classification ) VALUES ( '32511', 'PS' );
INSERT INTO subjects ( gid, subject ) VALUES ( '32511', 'Fuller, Margaret, 1810-1850' );
INSERT INTO subjects ( gid, subject ) VALUES ( '32511', 'Authors, American -- 19th century -- Biography' );
INSERT INTO subjects ( gid, subject ) VALUES ( '32511', 'Feminists -- United States -- Biography' );
INSERT INTO files ( gid, file, mime ) VALUES ( '32511', 'http://www.gutenberg.org/ebooks/32511.epub.images', 'application/epub+zip' );
INSERT INTO files ( gid, file, mime ) VALUES ( '32511', 'http://www.gutenberg.org/ebooks/32511.epub.noimages', 'application/epub+zip' );
INSERT INTO files ( gid, file, mime ) VALUES ( '32511', 'http://www.gutenberg.org/ebooks/32511.kindle.images', 'application/x-mobipocket-ebook' );
INSERT INTO files ( gid, file, mime ) VALUES ( '32511', 'http://www.gutenberg.org/ebooks/32511.kindle.noimages', 'application/x-mobipocket-ebook' );
INSERT INTO files ( gid, file, mime ) VALUES ( '32511', 'http://www.gutenberg.org/ebooks/32511.rdf', 'application/rdf+xml' );
INSERT INTO files ( gid, file, mime ) VALUES ( '32511', 'http://www.gutenberg.org/files/32511/32511-0.txt', 'text/plain; charset=utf-8' );
INSERT INTO files ( gid, file, mime ) VALUES ( '32511', 'http://www.gutenberg.org/files/32511/32511-0.zip', 'application/ziptext/plain; charset=utf-8' );
INSERT INTO files ( gid, file, mime ) VALUES ( '32511', 'http://www.gutenberg.org/files/32511/32511-8.txt', 'text/plain; charset=iso-8859-1' );
INSERT INTO files ( gid, file, mime ) VALUES ( '32511', 'http://www.gutenberg.org/files/32511/32511-8.zip', 'text/plain; charset=iso-8859-1application/zip' );
INSERT INTO files ( gid, file, mime ) VALUES ( '32511', 'http://www.gutenberg.org/files/32511/32511-h.zip', 'text/html; charset=iso-8859-1application/zip' );
INSERT INTO files ( gid, file, mime ) VALUES ( '32511', 'http://www.gutenberg.org/files/32511/32511-h/32511-h.htm', 'text/html; charset=iso-8859-1' );
INSERT INTO files ( gid, file, mime ) VALUES ( '32511', 'http://www.gutenberg.org/files/32511/32511.txt', 'text/plain; charset=us-ascii' );
INSERT INTO files ( gid, file, mime ) VALUES ( '32511', 'http://www.gutenberg.org/files/32511/32511.zip', 'text/plain; charset=us-asciiapplication/zip' );
INSERT INTO titles ( gid, title, author, language, rights ) VALUES ( '32611', 'The Falling Flag: Evacuation of Richmond, Retreat and Surrender at Appomattox', 'Boykin, Edward M.', 'en', 'Public domain in the USA.' );
INSERT INTO subjects ( gid, subject ) VALUES ( '32611', 'E456' );
INSERT INTO subjects ( gid, subject ) VALUES ( '32611', 'Richmond (Va.) -- History -- Siege, 1864-1865' );
INSERT INTO files ( gid, file, mime ) VALUES ( '32611', 'http://www.gutenberg.org/ebooks/32611.epub.images', 'application/epub+zip' );
INSERT INTO files ( gid, file, mime ) VALUES ( '32611', 'http://www.gutenberg.org/ebooks/32611.epub.noimages', 'application/epub+zip' );
INSERT INTO files ( gid, file, mime ) VALUES ( '32611', 'http://www.gutenberg.org/ebooks/32611.kindle.images', 'application/x-mobipocket-ebook' );
INSERT INTO files ( gid, file, mime ) VALUES ( '32611', 'http://www.gutenberg.org/ebooks/32611.kindle.noimages', 'application/x-mobipocket-ebook' );
INSERT INTO files ( gid, file, mime ) VALUES ( '32611', 'http://www.gutenberg.org/ebooks/32611.rdf', 'application/rdf+xml' );
INSERT INTO files ( gid, file, mime ) VALUES ( '32611', 'http://www.gutenberg.org/ebooks/32611.txt.utf-8', 'text/plain' );
INSERT INTO files ( gid, file, mime ) VALUES ( '32611', 'http://www.gutenberg.org/files/32611/32611-8.txt', 'text/plain; charset=iso-8859-1' );
INSERT INTO files ( gid, file, mime ) VALUES ( '32611', 'http://www.gutenberg.org/files/32611/32611-8.zip', 'text/plain; charset=iso-8859-1application/zip' );
INSERT INTO files ( gid, file, mime ) VALUES ( '32611', 'http://www.gutenberg.org/files/32611/32611-h.zip', 'application/ziptext/html; charset=iso-8859-1' );
INSERT INTO files ( gid, file, mime ) VALUES ( '32611', 'http://www.gutenberg.org/files/32611/32611-h/32611-h.htm', 'text/html; charset=iso-8859-1' );
INSERT INTO files ( gid, file, mime ) VALUES ( '32611', 'http://www.gutenberg.org/files/32611/32611.txt', 'text/plain; charset=us-ascii' );
INSERT INTO files ( gid, file, mime ) VALUES ( '32611', 'http://www.gutenberg.org/files/32611/32611.zip', 'text/plain; charset=us-asciiapplication/zip' );
INSERT INTO titles ( gid, title, author, language, rights ) VALUES ( '32711', 'Disaster Revisited', 'Marlowe, Stephen', 'en', 'Public domain in the USA.' );
INSERT INTO classifications ( gid, classification ) VALUES ( '32711', 'PS' );
INSERT INTO subjects ( gid, subject ) VALUES ( '32711', 'Short stories' );
INSERT INTO subjects ( gid, subject ) VALUES ( '32711', 'Science fiction' );
INSERT INTO subjects ( gid, subject ) VALUES ( '32711', 'Time travel -- Fiction' );
INSERT INTO files ( gid, file, mime ) VALUES ( '32711', 'http://www.gutenberg.org/cache/epub/32711/pg32711.cover.medium.jpg', 'image/jpeg' );
INSERT INTO files ( gid, file, mime ) VALUES ( '32711', 'http://www.gutenberg.org/cache/epub/32711/pg32711.cover.small.jpg', 'image/jpeg' );
INSERT INTO files ( gid, file, mime ) VALUES ( '32711', 'http://www.gutenberg.org/ebooks/32711.epub.images', 'application/epub+zip' );
INSERT INTO files ( gid, file, mime ) VALUES ( '32711', 'http://www.gutenberg.org/ebooks/32711.epub.noimages', 'application/epub+zip' );
INSERT INTO files ( gid, file, mime ) VALUES ( '32711', 'http://www.gutenberg.org/ebooks/32711.kindle.images', 'application/x-mobipocket-ebook' );
INSERT INTO files ( gid, file, mime ) VALUES ( '32711', 'http://www.gutenberg.org/ebooks/32711.kindle.noimages', 'application/x-mobipocket-ebook' );
INSERT INTO files ( gid, file, mime ) VALUES ( '32711', 'http://www.gutenberg.org/ebooks/32711.rdf', 'application/rdf+xml' );
INSERT INTO files ( gid, file, mime ) VALUES ( '32711', 'http://www.gutenberg.org/ebooks/32711.txt.utf-8', 'text/plain' );
INSERT INTO files ( gid, file, mime ) VALUES ( '32711', 'http://www.gutenberg.org/files/32711/32711-h.zip', 'application/ziptext/html; charset=iso-8859-1' );
INSERT INTO files ( gid, file, mime ) VALUES ( '32711', 'http://www.gutenberg.org/files/32711/32711-h/32711-h.htm', 'text/html; charset=iso-8859-1' );
INSERT INTO files ( gid, file, mime ) VALUES ( '32711', 'http://www.gutenberg.org/files/32711/32711.txt', 'text/plain; charset=us-ascii' );
INSERT INTO files ( gid, file, mime ) VALUES ( '32711', 'http://www.gutenberg.org/files/32711/32711.zip', 'application/ziptext/plain; charset=us-ascii' );
INSERT INTO titles ( gid, title, author, language, rights ) VALUES ( '32811', 'Holiday House: A Series of Tales', 'Sinclair, Catherine', 'en', 'Public domain in the USA.' );
INSERT INTO classifications ( gid, classification ) VALUES ( '32811', 'PZ' );
INSERT INTO subjects ( gid, subject ) VALUES ( '32811', 'Brothers and sisters -- Juvenile fiction' );
INSERT INTO subjects ( gid, subject ) VALUES ( '32811', 'Behavior -- Juvenile fiction' );
INSERT INTO files ( gid, file, mime ) VALUES ( '32811', 'http://www.gutenberg.org/ebooks/32811.epub.images', 'application/epub+zip' );
INSERT INTO files ( gid, file, mime ) VALUES ( '32811', 'http://www.gutenberg.org/ebooks/32811.epub.noimages', 'application/epub+zip' );
INSERT INTO files ( gid, file, mime ) VALUES ( '32811', 'http://www.gutenberg.org/ebooks/32811.kindle.images', 'application/x-mobipocket-ebook' );
INSERT INTO files ( gid, file, mime ) VALUES ( '32811', 'http://www.gutenberg.org/ebooks/32811.kindle.noimages', 'application/x-mobipocket-ebook' );
INSERT INTO files ( gid, file, mime ) VALUES ( '32811', 'http://www.gutenberg.org/ebooks/32811.rdf', 'application/rdf+xml' );
INSERT INTO files ( gid, file, mime ) VALUES ( '32811', 'http://www.gutenberg.org/ebooks/32811.txt.utf-8', 'text/plain' );
INSERT INTO files ( gid, file, mime ) VALUES ( '32811', 'http://www.gutenberg.org/files/32811/32811-8.txt', 'text/plain; charset=iso-8859-1' );
INSERT INTO files ( gid, file, mime ) VALUES ( '32811', 'http://www.gutenberg.org/files/32811/32811-8.zip', 'text/plain; charset=iso-8859-1application/zip' );
INSERT INTO files ( gid, file, mime ) VALUES ( '32811', 'http://www.gutenberg.org/files/32811/32811-h.zip', 'application/ziptext/html; charset=iso-8859-1' );
INSERT INTO files ( gid, file, mime ) VALUES ( '32811', 'http://www.gutenberg.org/files/32811/32811-h/32811-h.htm', 'text/html; charset=iso-8859-1' );
INSERT INTO files ( gid, file, mime ) VALUES ( '32811', 'http://www.gutenberg.org/files/32811/32811.txt', 'text/plain; charset=us-ascii' );
INSERT INTO files ( gid, file, mime ) VALUES ( '32811', 'http://www.gutenberg.org/files/32811/32811.zip', 'text/plain; charset=us-asciiapplication/zip' );
INSERT INTO titles ( gid, title, author, language, rights ) VALUES ( '32911', 'The White Hand and the Black: A Story of the Natal Rising', 'Mitford, Bertram', 'en', 'Public domain in the USA.' );
INSERT INTO classifications ( gid, classification ) VALUES ( '32911', 'PR' );
INSERT INTO subjects ( gid, subject ) VALUES ( '32911', 'South Africa -- Fiction' );
INSERT INTO subjects ( gid, subject ) VALUES ( '32911', 'Zulu Rebellion, 1906 -- Fiction' );
INSERT INTO files ( gid, file, mime ) VALUES ( '32911', 'http://www.gutenberg.org/ebooks/32911.epub.images', 'application/epub+zip' );
INSERT INTO files ( gid, file, mime ) VALUES ( '32911', 'http://www.gutenberg.org/ebooks/32911.epub.noimages', 'application/epub+zip' );
INSERT INTO files ( gid, file, mime ) VALUES ( '32911', 'http://www.gutenberg.org/ebooks/32911.kindle.images', 'application/x-mobipocket-ebook' );
INSERT INTO files ( gid, file, mime ) VALUES ( '32911', 'http://www.gutenberg.org/ebooks/32911.kindle.noimages', 'application/x-mobipocket-ebook' );
INSERT INTO files ( gid, file, mime ) VALUES ( '32911', 'http://www.gutenberg.org/ebooks/32911.rdf', 'application/rdf+xml' );
INSERT INTO files ( gid, file, mime ) VALUES ( '32911', 'http://www.gutenberg.org/ebooks/32911.txt.utf-8', 'text/plain' );
INSERT INTO files ( gid, file, mime ) VALUES ( '32911', 'http://www.gutenberg.org/files/32911/32911-h.zip', 'text/html; charset=iso-8859-1application/zip' );
INSERT INTO files ( gid, file, mime ) VALUES ( '32911', 'http://www.gutenberg.org/files/32911/32911-h/32911-h.htm', 'text/html; charset=iso-8859-1' );
INSERT INTO files ( gid, file, mime ) VALUES ( '32911', 'http://www.gutenberg.org/files/32911/32911.txt', 'text/plain; charset=us-ascii' );
INSERT INTO files ( gid, file, mime ) VALUES ( '32911', 'http://www.gutenberg.org/files/32911/32911.zip', 'application/ziptext/plain; charset=us-ascii' );
INSERT INTO titles ( gid, title, author, language, rights ) VALUES ( '33011', 'Thomas Jefferson', 'Merwin, Henry Childs', 'en', 'Public domain in the USA.' );
INSERT INTO subjects ( gid, subject ) VALUES ( '33011', 'E300' );
INSERT INTO subjects ( gid, subject ) VALUES ( '33011', 'Presidents -- United States -- Biography' );
INSERT INTO subjects ( gid, subject ) VALUES ( '33011', 'Jefferson, Thomas, 1743-1826' );
INSERT INTO files ( gid, file, mime ) VALUES ( '33011', 'http://www.gutenberg.org/ebooks/33011.epub.images', 'application/epub+zip' );
INSERT INTO files ( gid, file, mime ) VALUES ( '33011', 'http://www.gutenberg.org/ebooks/33011.epub.noimages', 'application/epub+zip' );
INSERT INTO files ( gid, file, mime ) VALUES ( '33011', 'http://www.gutenberg.org/ebooks/33011.kindle.images', 'application/x-mobipocket-ebook' );
INSERT INTO files ( gid, file, mime ) VALUES ( '33011', 'http://www.gutenberg.org/ebooks/33011.kindle.noimages', 'application/x-mobipocket-ebook' );
INSERT INTO files ( gid, file, mime ) VALUES ( '33011', 'http://www.gutenberg.org/ebooks/33011.rdf', 'application/rdf+xml' );
INSERT INTO files ( gid, file, mime ) VALUES ( '33011', 'http://www.gutenberg.org/files/33011/33011-0.txt', 'text/plain; charset=utf-8' );
INSERT INTO files ( gid, file, mime ) VALUES ( '33011', 'http://www.gutenberg.org/files/33011/33011-0.zip', 'text/plain; charset=utf-8application/zip' );
INSERT INTO files ( gid, file, mime ) VALUES ( '33011', 'http://www.gutenberg.org/files/33011/33011-8.txt', 'text/plain; charset=iso-8859-1' );
INSERT INTO files ( gid, file, mime ) VALUES ( '33011', 'http://www.gutenberg.org/files/33011/33011-8.zip', 'text/plain; charset=iso-8859-1application/zip' );
INSERT INTO files ( gid, file, mime ) VALUES ( '33011', 'http://www.gutenberg.org/files/33011/33011-h.zip', 'text/html; charset=utf-8application/zip' );
INSERT INTO files ( gid, file, mime ) VALUES ( '33011', 'http://www.gutenberg.org/files/33011/33011-h/33011-h.html', 'text/html; charset=utf-8' );
INSERT INTO files ( gid, file, mime ) VALUES ( '33011', 'http://www.gutenberg.org/files/33011/33011-pdf.pdf', 'application/pdf' );
INSERT INTO files ( gid, file, mime ) VALUES ( '33011', 'http://www.gutenberg.org/files/33011/33011-pdf.zip', 'application/pdfapplication/zip' );
INSERT INTO files ( gid, file, mime ) VALUES ( '33011', 'http://www.gutenberg.org/files/33011/33011-tei.zip', 'application/zipapplication/octet-stream' );
INSERT INTO files ( gid, file, mime ) VALUES ( '33011', 'http://www.gutenberg.org/files/33011/33011-tei/33011-tei.tei', 'application/prs.tei' );
INSERT INTO files ( gid, file, mime ) VALUES ( '33011', 'http://www.gutenberg.org/files/33011/33011.txt', 'text/plain; charset=us-ascii' );
INSERT INTO files ( gid, file, mime ) VALUES ( '33011', 'http://www.gutenberg.org/files/33011/33011.zip', 'text/plain; charset=us-asciiapplication/zip' );
INSERT INTO titles ( gid, title, author, language, rights ) VALUES ( '33111', 'The Origin of the Family, Private Property and the State', 'Engels, Friedrich', 'en', 'Public domain in the USA.' );
INSERT INTO classifications ( gid, classification ) VALUES ( '33111', 'HQ' );
INSERT INTO subjects ( gid, subject ) VALUES ( '33111', 'Morgan, Lewis Henry, 1818-1881. Ancient society' );
INSERT INTO subjects ( gid, subject ) VALUES ( '33111', 'Families -- History' );
INSERT INTO subjects ( gid, subject ) VALUES ( '33111', 'Property -- History' );
INSERT INTO subjects ( gid, subject ) VALUES ( '33111', 'State, The' );
INSERT INTO subjects ( gid, subject ) VALUES ( '33111', 'Primitive societies' );
INSERT INTO files ( gid, file, mime ) VALUES ( '33111', 'http://www.gutenberg.org/ebooks/33111.epub.images', 'application/epub+zip' );
INSERT INTO files ( gid, file, mime ) VALUES ( '33111', 'http://www.gutenberg.org/ebooks/33111.epub.noimages', 'application/epub+zip' );
INSERT INTO files ( gid, file, mime ) VALUES ( '33111', 'http://www.gutenberg.org/ebooks/33111.kindle.images', 'application/x-mobipocket-ebook' );
INSERT INTO files ( gid, file, mime ) VALUES ( '33111', 'http://www.gutenberg.org/ebooks/33111.kindle.noimages', 'application/x-mobipocket-ebook' );
INSERT INTO files ( gid, file, mime ) VALUES ( '33111', 'http://www.gutenberg.org/ebooks/33111.rdf', 'application/rdf+xml' );
INSERT INTO files ( gid, file, mime ) VALUES ( '33111', 'http://www.gutenberg.org/ebooks/33111.txt.utf-8', 'text/plain' );
INSERT INTO files ( gid, file, mime ) VALUES ( '33111', 'http://www.gutenberg.org/files/33111/33111-8.txt', 'text/plain; charset=iso-8859-1' );
INSERT INTO files ( gid, file, mime ) VALUES ( '33111', 'http://www.gutenberg.org/files/33111/33111-8.zip', 'application/ziptext/plain; charset=iso-8859-1' );
INSERT INTO files ( gid, file, mime ) VALUES ( '33111', 'http://www.gutenberg.org/files/33111/33111-h.zip', 'application/ziptext/html; charset=iso-8859-1' );
INSERT INTO files ( gid, file, mime ) VALUES ( '33111', 'http://www.gutenberg.org/files/33111/33111-h/33111-h.htm', 'text/html; charset=iso-8859-1' );
INSERT INTO files ( gid, file, mime ) VALUES ( '33111', 'http://www.gutenberg.org/files/33111/33111.txt', 'text/plain; charset=us-ascii' );
INSERT INTO files ( gid, file, mime ) VALUES ( '33111', 'http://www.gutenberg.org/files/33111/33111.zip', 'application/ziptext/plain; charset=us-ascii' );
INSERT INTO titles ( gid, title, author, language, rights ) VALUES ( '3311', 'The Californiacs', 'Gillmore, Inez Haynes', 'en', 'Public domain in the USA.' );
INSERT INTO subjects ( gid, subject ) VALUES ( '3311', 'F850.5' );
INSERT INTO subjects ( gid, subject ) VALUES ( '3311', 'California -- Description and travel' );
INSERT INTO files ( gid, file, mime ) VALUES ( '3311', 'http://www.gutenberg.org/ebooks/3311.epub.images', 'application/epub+zip' );
INSERT INTO files ( gid, file, mime ) VALUES ( '3311', 'http://www.gutenberg.org/ebooks/3311.epub.noimages', 'application/epub+zip' );
INSERT INTO files ( gid, file, mime ) VALUES ( '3311', 'http://www.gutenberg.org/ebooks/3311.kindle.images', 'application/x-mobipocket-ebook' );
INSERT INTO files ( gid, file, mime ) VALUES ( '3311', 'http://www.gutenberg.org/ebooks/3311.kindle.noimages', 'application/x-mobipocket-ebook' );
INSERT INTO files ( gid, file, mime ) VALUES ( '3311', 'http://www.gutenberg.org/ebooks/3311.rdf', 'application/rdf+xml' );
INSERT INTO files ( gid, file, mime ) VALUES ( '3311', 'http://www.gutenberg.org/ebooks/3311.txt.utf-8', 'text/plain' );
INSERT INTO files ( gid, file, mime ) VALUES ( '3311', 'http://www.gutenberg.org/files/3311/3311-h.zip', 'application/ziptext/html; charset=us-ascii' );
INSERT INTO files ( gid, file, mime ) VALUES ( '3311', 'http://www.gutenberg.org/files/3311/3311-h/3311-h.htm', 'text/html; charset=us-ascii' );
INSERT INTO files ( gid, file, mime ) VALUES ( '3311', 'http://www.gutenberg.org/files/3311/3311.txt', 'text/plain; charset=us-ascii' );
INSERT INTO files ( gid, file, mime ) VALUES ( '3311', 'http://www.gutenberg.org/files/3311/3311.zip', 'text/plain; charset=us-asciiapplication/zip' );
INSERT INTO titles ( gid, title, author, language, rights ) VALUES ( '33211', 'An Artilleryman''s Diary', 'Jones, Jenkins Lloyd', 'en', 'Public domain in the USA.' );
INSERT INTO subjects ( gid, subject ) VALUES ( '33211', 'United States -- History -- Civil War, 1861-1865 -- Personal narratives' );
INSERT INTO subjects ( gid, subject ) VALUES ( '33211', 'United States. Army. Wisconsin Light Artillery, 6th (1861-1865)' );
INSERT INTO subjects ( gid, subject ) VALUES ( '33211', 'United States -- History -- Civil War, 1861-1865 -- Regimental histories' );
INSERT INTO subjects ( gid, subject ) VALUES ( '33211', 'E456' );
INSERT INTO files ( gid, file, mime ) VALUES ( '33211', 'http://www.gutenberg.org/ebooks/33211.epub.images', 'application/epub+zip' );
INSERT INTO files ( gid, file, mime ) VALUES ( '33211', 'http://www.gutenberg.org/ebooks/33211.epub.noimages', 'application/epub+zip' );
INSERT INTO files ( gid, file, mime ) VALUES ( '33211', 'http://www.gutenberg.org/ebooks/33211.kindle.images', 'application/x-mobipocket-ebook' );
INSERT INTO files ( gid, file, mime ) VALUES ( '33211', 'http://www.gutenberg.org/ebooks/33211.kindle.noimages', 'application/x-mobipocket-ebook' );
INSERT INTO files ( gid, file, mime ) VALUES ( '33211', 'http://www.gutenberg.org/ebooks/33211.rdf', 'application/rdf+xml' );
INSERT INTO files ( gid, file, mime ) VALUES ( '33211', 'http://www.gutenberg.org/ebooks/33211.txt.utf-8', 'text/plain' );
INSERT INTO files ( gid, file, mime ) VALUES ( '33211', 'http://www.gutenberg.org/files/33211/33211-8.txt', 'text/plain; charset=iso-8859-1' );
INSERT INTO files ( gid, file, mime ) VALUES ( '33211', 'http://www.gutenberg.org/files/33211/33211-8.zip', 'text/plain; charset=iso-8859-1application/zip' );
INSERT INTO files ( gid, file, mime ) VALUES ( '33211', 'http://www.gutenberg.org/files/33211/33211-h.zip', 'application/ziptext/html; charset=iso-8859-1' );
INSERT INTO files ( gid, file, mime ) VALUES ( '33211', 'http://www.gutenberg.org/files/33211/33211-h/33211-h.htm', 'text/html; charset=iso-8859-1' );
INSERT INTO files ( gid, file, mime ) VALUES ( '33211', 'http://www.gutenberg.org/files/33211/33211.txt', 'text/plain; charset=us-ascii' );
INSERT INTO files ( gid, file, mime ) VALUES ( '33211', 'http://www.gutenberg.org/files/33211/33211.zip', 'text/plain; charset=us-asciiapplication/zip' );
INSERT INTO titles ( gid, title, author, language, rights ) VALUES ( '33311', 'Selections from Viri Romae', 'L''Homond, C. F.', 'en', 'Public domain in the USA.' );
INSERT INTO classifications ( gid, classification ) VALUES ( '33311', 'PA' );
INSERT INTO subjects ( gid, subject ) VALUES ( '33311', 'Latin language -- Readers -- Biography' );
INSERT INTO files ( gid, file, mime ) VALUES ( '33311', 'http://www.gutenberg.org/ebooks/33311.epub.images', 'application/epub+zip' );
INSERT INTO files ( gid, file, mime ) VALUES ( '33311', 'http://www.gutenberg.org/ebooks/33311.epub.noimages', 'application/epub+zip' );
INSERT INTO files ( gid, file, mime ) VALUES ( '33311', 'http://www.gutenberg.org/ebooks/33311.kindle.images', 'application/x-mobipocket-ebook' );
INSERT INTO files ( gid, file, mime ) VALUES ( '33311', 'http://www.gutenberg.org/ebooks/33311.kindle.noimages', 'application/x-mobipocket-ebook' );
INSERT INTO files ( gid, file, mime ) VALUES ( '33311', 'http://www.gutenberg.org/ebooks/33311.rdf', 'application/rdf+xml' );
INSERT INTO files ( gid, file, mime ) VALUES ( '33311', 'http://www.gutenberg.org/files/33311/33311-0.txt', 'text/plain; charset=utf-8' );
INSERT INTO files ( gid, file, mime ) VALUES ( '33311', 'http://www.gutenberg.org/files/33311/33311-0.zip', 'text/plain; charset=utf-8application/zip' );
INSERT INTO files ( gid, file, mime ) VALUES ( '33311', 'http://www.gutenberg.org/files/33311/33311-8.txt', 'text/plain; charset=iso-8859-1' );
INSERT INTO files ( gid, file, mime ) VALUES ( '33311', 'http://www.gutenberg.org/files/33311/33311-8.zip', 'application/ziptext/plain; charset=iso-8859-1' );
INSERT INTO files ( gid, file, mime ) VALUES ( '33311', 'http://www.gutenberg.org/files/33311/33311-h.zip', 'text/html; charset=utf-8application/zip' );
INSERT INTO files ( gid, file, mime ) VALUES ( '33311', 'http://www.gutenberg.org/files/33311/33311-h/33311-h.htm', 'text/html; charset=utf-8' );
INSERT INTO titles ( gid, title, author, language, rights ) VALUES ( '33411', 'A Critical History of Greek Philosophy', 'Stace, W. T. (Walter Terence)', 'en', 'Public domain in the USA.' );
INSERT INTO classifications ( gid, classification ) VALUES ( '33411', 'B' );
INSERT INTO subjects ( gid, subject ) VALUES ( '33411', 'Philosophy, Ancient' );
INSERT INTO files ( gid, file, mime ) VALUES ( '33411', 'http://www.gutenberg.org/ebooks/33411.epub.images', 'application/epub+zip' );
INSERT INTO files ( gid, file, mime ) VALUES ( '33411', 'http://www.gutenberg.org/ebooks/33411.epub.noimages', 'application/epub+zip' );
INSERT INTO files ( gid, file, mime ) VALUES ( '33411', 'http://www.gutenberg.org/ebooks/33411.kindle.images', 'application/x-mobipocket-ebook' );
INSERT INTO files ( gid, file, mime ) VALUES ( '33411', 'http://www.gutenberg.org/ebooks/33411.kindle.noimages', 'application/x-mobipocket-ebook' );
INSERT INTO files ( gid, file, mime ) VALUES ( '33411', 'http://www.gutenberg.org/ebooks/33411.rdf', 'application/rdf+xml' );
INSERT INTO files ( gid, file, mime ) VALUES ( '33411', 'http://www.gutenberg.org/ebooks/33411.txt.utf-8', 'text/plain' );
INSERT INTO files ( gid, file, mime ) VALUES ( '33411', 'http://www.gutenberg.org/files/33411/33411-8.txt', 'text/plain; charset=iso-8859-1' );
INSERT INTO files ( gid, file, mime ) VALUES ( '33411', 'http://www.gutenberg.org/files/33411/33411-8.zip', 'application/ziptext/plain; charset=iso-8859-1' );
INSERT INTO files ( gid, file, mime ) VALUES ( '33411', 'http://www.gutenberg.org/files/33411/33411-h.zip', 'text/html; charset=iso-8859-1application/zip' );
INSERT INTO files ( gid, file, mime ) VALUES ( '33411', 'http://www.gutenberg.org/files/33411/33411-h/33411-h.htm', 'text/html; charset=iso-8859-1' );
INSERT INTO files ( gid, file, mime ) VALUES ( '33411', 'http://www.gutenberg.org/files/33411/33411.txt', 'text/plain; charset=us-ascii' );
INSERT INTO files ( gid, file, mime ) VALUES ( '33411', 'http://www.gutenberg.org/files/33411/33411.zip', 'text/plain; charset=us-asciiapplication/zip' );
INSERT INTO titles ( gid, title, author, language, rights ) VALUES ( '33511', 'Tales of Passed Times', 'Perrault, Charles', 'en', 'Public domain in the USA.' );
INSERT INTO classifications ( gid, classification ) VALUES ( '33511', 'PZ' );
INSERT INTO subjects ( gid, subject ) VALUES ( '33511', 'Fairy tales -- France' );
INSERT INTO subjects ( gid, subject ) VALUES ( '33511', 'Children''s stories, French -- Translations into English' );
INSERT INTO subjects ( gid, subject ) VALUES ( '33511', 'Fairy tales' );
INSERT INTO files ( gid, file, mime ) VALUES ( '33511', 'http://www.gutenberg.org/cache/epub/33511/pg33511.cover.medium.jpg', 'image/jpeg' );
INSERT INTO files ( gid, file, mime ) VALUES ( '33511', 'http://www.gutenberg.org/cache/epub/33511/pg33511.cover.small.jpg', 'image/jpeg' );
INSERT INTO files ( gid, file, mime ) VALUES ( '33511', 'http://www.gutenberg.org/ebooks/33511.epub.images', 'application/epub+zip' );
INSERT INTO files ( gid, file, mime ) VALUES ( '33511', 'http://www.gutenberg.org/ebooks/33511.epub.noimages', 'application/epub+zip' );
INSERT INTO files ( gid, file, mime ) VALUES ( '33511', 'http://www.gutenberg.org/ebooks/33511.kindle.images', 'application/x-mobipocket-ebook' );
INSERT INTO files ( gid, file, mime ) VALUES ( '33511', 'http://www.gutenberg.org/ebooks/33511.kindle.noimages', 'application/x-mobipocket-ebook' );
INSERT INTO files ( gid, file, mime ) VALUES ( '33511', 'http://www.gutenberg.org/ebooks/33511.rdf', 'application/rdf+xml' );
INSERT INTO files ( gid, file, mime ) VALUES ( '33511', 'http://www.gutenberg.org/ebooks/33511.txt.utf-8', 'text/plain' );
INSERT INTO files ( gid, file, mime ) VALUES ( '33511', 'http://www.gutenberg.org/files/33511/33511-h.zip', 'text/html; charset=iso-8859-1application/zip' );
INSERT INTO files ( gid, file, mime ) VALUES ( '33511', 'http://www.gutenberg.org/files/33511/33511-h/33511-h.htm', 'text/html; charset=iso-8859-1' );
INSERT INTO files ( gid, file, mime ) VALUES ( '33511', 'http://www.gutenberg.org/files/33511/33511.txt', 'text/plain; charset=us-ascii' );
INSERT INTO files ( gid, file, mime ) VALUES ( '33511', 'http://www.gutenberg.org/files/33511/33511.zip', 'text/plain; charset=us-asciiapplication/zip' );
INSERT INTO titles ( gid, title, author, language, rights ) VALUES ( '33611', 'Scenas de viagem Exploração entre os rios Taquary e Aquidauana no districto de Miranda : memoria descriptiva', 'Taunay, Alfredo d''Escragnolle Taunay, Visconde de', 'pt', 'Public domain in the USA.' );
INSERT INTO subjects ( gid, subject ) VALUES ( '33611', 'Taquari River (Rio Grande do Sul, Brazil)' );
INSERT INTO subjects ( gid, subject ) VALUES ( '33611', 'F2501' );
INSERT INTO files ( gid, file, mime ) VALUES ( '33611', 'http://www.gutenberg.org/ebooks/33611.epub.images', 'application/epub+zip' );
INSERT INTO files ( gid, file, mime ) VALUES ( '33611', 'http://www.gutenberg.org/ebooks/33611.epub.noimages', 'application/epub+zip' );
INSERT INTO files ( gid, file, mime ) VALUES ( '33611', 'http://www.gutenberg.org/ebooks/33611.kindle.images', 'application/x-mobipocket-ebook' );
INSERT INTO files ( gid, file, mime ) VALUES ( '33611', 'http://www.gutenberg.org/ebooks/33611.kindle.noimages', 'application/x-mobipocket-ebook' );
INSERT INTO files ( gid, file, mime ) VALUES ( '33611', 'http://www.gutenberg.org/ebooks/33611.rdf', 'application/rdf+xml' );
INSERT INTO files ( gid, file, mime ) VALUES ( '33611', 'http://www.gutenberg.org/ebooks/33611.txt.utf-8', 'text/plain' );
INSERT INTO files ( gid, file, mime ) VALUES ( '33611', 'http://www.gutenberg.org/files/33611/33611-8.txt', 'text/plain; charset=iso-8859-1' );
INSERT INTO files ( gid, file, mime ) VALUES ( '33611', 'http://www.gutenberg.org/files/33611/33611-8.zip', 'application/ziptext/plain; charset=iso-8859-1' );
INSERT INTO files ( gid, file, mime ) VALUES ( '33611', 'http://www.gutenberg.org/files/33611/33611-h.zip', 'application/ziptext/html; charset=iso-8859-1' );
INSERT INTO files ( gid, file, mime ) VALUES ( '33611', 'http://www.gutenberg.org/files/33611/33611-h/33611-h.htm', 'text/html; charset=iso-8859-1' );
INSERT INTO titles ( gid, title, author, language, rights ) VALUES ( '33711', 'L''Illustration, No. 3234, 18 Février 1905', 'Various', 'fr', 'Public domain in the USA.' );
INSERT INTO classifications ( gid, classification ) VALUES ( '33711', 'AP' );
INSERT INTO subjects ( gid, subject ) VALUES ( '33711', 'Illustrated periodicals -- France' );
INSERT INTO files ( gid, file, mime ) VALUES ( '33711', 'http://www.gutenberg.org/cache/epub/33711/pg33711.cover.medium.jpg', 'image/jpeg' );
INSERT INTO files ( gid, file, mime ) VALUES ( '33711', 'http://www.gutenberg.org/cache/epub/33711/pg33711.cover.small.jpg', 'image/jpeg' );
INSERT INTO files ( gid, file, mime ) VALUES ( '33711', 'http://www.gutenberg.org/ebooks/33711.epub.images', 'application/epub+zip' );
INSERT INTO files ( gid, file, mime ) VALUES ( '33711', 'http://www.gutenberg.org/ebooks/33711.epub.noimages', 'application/epub+zip' );
INSERT INTO files ( gid, file, mime ) VALUES ( '33711', 'http://www.gutenberg.org/ebooks/33711.kindle.images', 'application/x-mobipocket-ebook' );
INSERT INTO files ( gid, file, mime ) VALUES ( '33711', 'http://www.gutenberg.org/ebooks/33711.kindle.noimages', 'application/x-mobipocket-ebook' );
INSERT INTO files ( gid, file, mime ) VALUES ( '33711', 'http://www.gutenberg.org/ebooks/33711.rdf', 'application/rdf+xml' );
INSERT INTO files ( gid, file, mime ) VALUES ( '33711', 'http://www.gutenberg.org/ebooks/33711.txt.utf-8', 'text/plain' );
INSERT INTO files ( gid, file, mime ) VALUES ( '33711', 'http://www.gutenberg.org/files/33711/33711-8.txt', 'text/plain; charset=iso-8859-1' );
INSERT INTO files ( gid, file, mime ) VALUES ( '33711', 'http://www.gutenberg.org/files/33711/33711-8.zip', 'application/ziptext/plain; charset=iso-8859-1' );
INSERT INTO files ( gid, file, mime ) VALUES ( '33711', 'http://www.gutenberg.org/files/33711/33711-h.zip', 'text/html; charset=iso-8859-1application/zip' );
INSERT INTO files ( gid, file, mime ) VALUES ( '33711', 'http://www.gutenberg.org/files/33711/33711-h/33711-h.htm', 'text/html; charset=iso-8859-1' );
INSERT INTO titles ( gid, title, author, language, rights ) VALUES ( '33811', 'The Pearl of Love; or, Josey''s Gift', 'Leslie, Madeline', 'en', 'Public domain in the USA.' );
INSERT INTO classifications ( gid, classification ) VALUES ( '33811', 'PZ' );
INSERT INTO subjects ( gid, subject ) VALUES ( '33811', 'Christian life -- Juvenile fiction' );
INSERT INTO subjects ( gid, subject ) VALUES ( '33811', 'Aunts -- Juvenile fiction' );
INSERT INTO subjects ( gid, subject ) VALUES ( '33811', 'Love -- Juvenile fiction' );
INSERT INTO subjects ( gid, subject ) VALUES ( '33811', 'Brothers and sisters -- Juvenile fiction' );
INSERT INTO subjects ( gid, subject ) VALUES ( '33811', 'Families -- Juvenile fiction' );
INSERT INTO files ( gid, file, mime ) VALUES ( '33811', 'http://www.gutenberg.org/ebooks/33811.epub.images', 'application/epub+zip' );
INSERT INTO files ( gid, file, mime ) VALUES ( '33811', 'http://www.gutenberg.org/ebooks/33811.epub.noimages', 'application/epub+zip' );
INSERT INTO files ( gid, file, mime ) VALUES ( '33811', 'http://www.gutenberg.org/ebooks/33811.kindle.images', 'application/x-mobipocket-ebook' );
INSERT INTO files ( gid, file, mime ) VALUES ( '33811', 'http://www.gutenberg.org/ebooks/33811.kindle.noimages', 'application/x-mobipocket-ebook' );
INSERT INTO files ( gid, file, mime ) VALUES ( '33811', 'http://www.gutenberg.org/ebooks/33811.rdf', 'application/rdf+xml' );
INSERT INTO files ( gid, file, mime ) VALUES ( '33811', 'http://www.gutenberg.org/ebooks/33811.txt.utf-8', 'text/plain' );
INSERT INTO files ( gid, file, mime ) VALUES ( '33811', 'http://www.gutenberg.org/files/33811/33811-h.zip', 'text/html; charset=iso-8859-1application/zip' );
INSERT INTO files ( gid, file, mime ) VALUES ( '33811', 'http://www.gutenberg.org/files/33811/33811-h/33811-h.htm', 'text/html; charset=iso-8859-1' );
INSERT INTO files ( gid, file, mime ) VALUES ( '33811', 'http://www.gutenberg.org/files/33811/33811.txt', 'text/plain; charset=us-ascii' );
INSERT INTO files ( gid, file, mime ) VALUES ( '33811', 'http://www.gutenberg.org/files/33811/33811.zip', 'application/ziptext/plain; charset=us-ascii' );
INSERT INTO titles ( gid, title, author, language, rights ) VALUES ( '33911', 'Beggars on Horseback', 'Jesse, F. Tennyson (Fryniwyd Tennyson)', 'en', 'Public domain in the USA.' );
INSERT INTO classifications ( gid, classification ) VALUES ( '33911', 'PR' );
INSERT INTO subjects ( gid, subject ) VALUES ( '33911', 'Fiction' );
INSERT INTO subjects ( gid, subject ) VALUES ( '33911', 'Short stories, English' );
INSERT INTO files ( gid, file, mime ) VALUES ( '33911', 'http://www.gutenberg.org/ebooks/33911.epub.images', 'application/epub+zip' );
INSERT INTO files ( gid, file, mime ) VALUES ( '33911', 'http://www.gutenberg.org/ebooks/33911.epub.noimages', 'application/epub+zip' );
INSERT INTO files ( gid, file, mime ) VALUES ( '33911', 'http://www.gutenberg.org/ebooks/33911.kindle.images', 'application/x-mobipocket-ebook' );
INSERT INTO files ( gid, file, mime ) VALUES ( '33911', 'http://www.gutenberg.org/ebooks/33911.kindle.noimages', 'application/x-mobipocket-ebook' );
INSERT INTO files ( gid, file, mime ) VALUES ( '33911', 'http://www.gutenberg.org/ebooks/33911.rdf', 'application/rdf+xml' );
INSERT INTO files ( gid, file, mime ) VALUES ( '33911', 'http://www.gutenberg.org/ebooks/33911.txt.utf-8', 'text/plain' );
INSERT INTO files ( gid, file, mime ) VALUES ( '33911', 'http://www.gutenberg.org/files/33911/33911-8.txt', 'text/plain; charset=iso-8859-1' );
INSERT INTO files ( gid, file, mime ) VALUES ( '33911', 'http://www.gutenberg.org/files/33911/33911-8.zip', 'application/ziptext/plain; charset=iso-8859-1' );
INSERT INTO files ( gid, file, mime ) VALUES ( '33911', 'http://www.gutenberg.org/files/33911/33911-h.zip', 'text/html; charset=iso-8859-1application/zip' );
INSERT INTO files ( gid, file, mime ) VALUES ( '33911', 'http://www.gutenberg.org/files/33911/33911-h/33911-h.htm', 'text/html; charset=iso-8859-1' );
INSERT INTO files ( gid, file, mime ) VALUES ( '33911', 'http://www.gutenberg.org/files/33911/33911.txt', 'text/plain; charset=us-ascii' );
INSERT INTO files ( gid, file, mime ) VALUES ( '33911', 'http://www.gutenberg.org/files/33911/33911.zip', 'application/ziptext/plain; charset=us-ascii' );
INSERT INTO titles ( gid, title, author, language, rights ) VALUES ( '34011', 'The Development of Rates of Postage: An Historical and Analytical Study', 'Smith, A. D. (Alfred Daniel)', 'en', 'Public domain in the USA.' );
INSERT INTO classifications ( gid, classification ) VALUES ( '34011', 'HE' );
INSERT INTO subjects ( gid, subject ) VALUES ( '34011', 'Postal rates' );
INSERT INTO files ( gid, file, mime ) VALUES ( '34011', 'http://www.gutenberg.org/ebooks/34011.epub.images', 'application/epub+zip' );
INSERT INTO files ( gid, file, mime ) VALUES ( '34011', 'http://www.gutenberg.org/ebooks/34011.epub.noimages', 'application/epub+zip' );
INSERT INTO files ( gid, file, mime ) VALUES ( '34011', 'http://www.gutenberg.org/ebooks/34011.kindle.images', 'application/x-mobipocket-ebook' );
INSERT INTO files ( gid, file, mime ) VALUES ( '34011', 'http://www.gutenberg.org/ebooks/34011.kindle.noimages', 'application/x-mobipocket-ebook' );
INSERT INTO files ( gid, file, mime ) VALUES ( '34011', 'http://www.gutenberg.org/ebooks/34011.rdf', 'application/rdf+xml' );
INSERT INTO files ( gid, file, mime ) VALUES ( '34011', 'http://www.gutenberg.org/ebooks/34011.txt.utf-8', 'text/plain' );
INSERT INTO files ( gid, file, mime ) VALUES ( '34011', 'http://www.gutenberg.org/files/34011/34011-8.txt', 'text/plain; charset=iso-8859-1' );
INSERT INTO files ( gid, file, mime ) VALUES ( '34011', 'http://www.gutenberg.org/files/34011/34011-8.zip', 'text/plain; charset=iso-8859-1application/zip' );
INSERT INTO files ( gid, file, mime ) VALUES ( '34011', 'http://www.gutenberg.org/files/34011/34011-h.zip', 'text/html; charset=utf-8application/zip' );
INSERT INTO files ( gid, file, mime ) VALUES ( '34011', 'http://www.gutenberg.org/files/34011/34011-h/34011-h.htm', 'text/html; charset=utf-8' );
INSERT INTO files ( gid, file, mime ) VALUES ( '34011', 'http://www.gutenberg.org/files/34011/34011.txt', 'text/plain; charset=us-ascii' );
INSERT INTO files ( gid, file, mime ) VALUES ( '34011', 'http://www.gutenberg.org/files/34011/34011.zip', 'application/ziptext/plain; charset=us-ascii' );
INSERT INTO titles ( gid, title, author, language, rights ) VALUES ( '34111', 'Politics of Alabama', 'Manning, Joseph C. (Joseph Columbus)', 'en', 'Public domain in the USA.' );
INSERT INTO subjects ( gid, subject ) VALUES ( '34111', 'Alabama -- Politics and government' );
INSERT INTO subjects ( gid, subject ) VALUES ( '34111', 'F296' );
INSERT INTO files ( gid, file, mime ) VALUES ( '34111', 'http://www.gutenberg.org/ebooks/34111.epub.images', 'application/epub+zip' );
INSERT INTO files ( gid, file, mime ) VALUES ( '34111', 'http://www.gutenberg.org/ebooks/34111.epub.noimages', 'application/epub+zip' );
INSERT INTO files ( gid, file, mime ) VALUES ( '34111', 'http://www.gutenberg.org/ebooks/34111.kindle.images', 'application/x-mobipocket-ebook' );
INSERT INTO files ( gid, file, mime ) VALUES ( '34111', 'http://www.gutenberg.org/ebooks/34111.kindle.noimages', 'application/x-mobipocket-ebook' );
INSERT INTO files ( gid, file, mime ) VALUES ( '34111', 'http://www.gutenberg.org/ebooks/34111.rdf', 'application/rdf+xml' );
INSERT INTO files ( gid, file, mime ) VALUES ( '34111', 'http://www.gutenberg.org/ebooks/34111.txt.utf-8', 'text/plain' );
INSERT INTO files ( gid, file, mime ) VALUES ( '34111', 'http://www.gutenberg.org/files/34111/34111-8.txt', 'text/plain; charset=iso-8859-1' );
INSERT INTO files ( gid, file, mime ) VALUES ( '34111', 'http://www.gutenberg.org/files/34111/34111-8.zip', 'text/plain; charset=iso-8859-1application/zip' );
INSERT INTO files ( gid, file, mime ) VALUES ( '34111', 'http://www.gutenberg.org/files/34111/34111-h.zip', 'text/html; charset=iso-8859-1application/zip' );
INSERT INTO files ( gid, file, mime ) VALUES ( '34111', 'http://www.gutenberg.org/files/34111/34111-h/34111-h.htm', 'text/html; charset=iso-8859-1' );
INSERT INTO files ( gid, file, mime ) VALUES ( '34111', 'http://www.gutenberg.org/files/34111/34111.txt', 'text/plain; charset=us-ascii' );
INSERT INTO files ( gid, file, mime ) VALUES ( '34111', 'http://www.gutenberg.org/files/34111/34111.zip', 'text/plain; charset=us-asciiapplication/zip' );
INSERT INTO titles ( gid, title, author, language, rights ) VALUES ( '3411', 'The Stokesley Secret', 'Yonge, Charlotte M. (Charlotte Mary)', 'en', 'Public domain in the USA.' );
INSERT INTO classifications ( gid, classification ) VALUES ( '3411', 'PZ' );
INSERT INTO classifications ( gid, classification ) VALUES ( '3411', 'PR' );
INSERT INTO subjects ( gid, subject ) VALUES ( '3411', 'Family -- Juvenile fiction' );
INSERT INTO files ( gid, file, mime ) VALUES ( '3411', 'http://www.gutenberg.org/ebooks/3411.epub.images', 'application/epub+zip' );
INSERT INTO files ( gid, file, mime ) VALUES ( '3411', 'http://www.gutenberg.org/ebooks/3411.epub.noimages', 'application/epub+zip' );
INSERT INTO files ( gid, file, mime ) VALUES ( '3411', 'http://www.gutenberg.org/ebooks/3411.kindle.images', 'application/x-mobipocket-ebook' );
INSERT INTO files ( gid, file, mime ) VALUES ( '3411', 'http://www.gutenberg.org/ebooks/3411.kindle.noimages', 'application/x-mobipocket-ebook' );
INSERT INTO files ( gid, file, mime ) VALUES ( '3411', 'http://www.gutenberg.org/ebooks/3411.rdf', 'application/rdf+xml' );
INSERT INTO files ( gid, file, mime ) VALUES ( '3411', 'http://www.gutenberg.org/files/3411/3411-0.txt', 'text/plain; charset=utf-8' );
INSERT INTO files ( gid, file, mime ) VALUES ( '3411', 'http://www.gutenberg.org/files/3411/3411-0.zip', 'application/ziptext/plain; charset=utf-8' );
INSERT INTO files ( gid, file, mime ) VALUES ( '3411', 'http://www.gutenberg.org/files/3411/3411-h.zip', 'text/htmlapplication/zip' );
INSERT INTO files ( gid, file, mime ) VALUES ( '3411', 'http://www.gutenberg.org/files/3411/3411-h/3411-h.htm', 'text/html' );
INSERT INTO titles ( gid, title, author, language, rights ) VALUES ( '34211', 'A Treatise on Physiology and Hygiene For Educational Institutions and General Readers', 'Hutchison, Joseph C. (Joseph Chrisman)', 'en', 'Public domain in the USA.' );
INSERT INTO classifications ( gid, classification ) VALUES ( '34211', 'QP' );
INSERT INTO subjects ( gid, subject ) VALUES ( '34211', 'Physiology' );
INSERT INTO files ( gid, file, mime ) VALUES ( '34211', 'http://www.gutenberg.org/ebooks/34211.epub.images', 'application/epub+zip' );
INSERT INTO files ( gid, file, mime ) VALUES ( '34211', 'http://www.gutenberg.org/ebooks/34211.epub.noimages', 'application/epub+zip' );
INSERT INTO files ( gid, file, mime ) VALUES ( '34211', 'http://www.gutenberg.org/ebooks/34211.kindle.images', 'application/x-mobipocket-ebook' );
INSERT INTO files ( gid, file, mime ) VALUES ( '34211', 'http://www.gutenberg.org/ebooks/34211.kindle.noimages', 'application/x-mobipocket-ebook' );
INSERT INTO files ( gid, file, mime ) VALUES ( '34211', 'http://www.gutenberg.org/ebooks/34211.rdf', 'application/rdf+xml' );
INSERT INTO files ( gid, file, mime ) VALUES ( '34211', 'http://www.gutenberg.org/ebooks/34211.txt.utf-8', 'text/plain' );
INSERT INTO files ( gid, file, mime ) VALUES ( '34211', 'http://www.gutenberg.org/files/34211/34211-8.txt', 'text/plain; charset=iso-8859-1' );
INSERT INTO files ( gid, file, mime ) VALUES ( '34211', 'http://www.gutenberg.org/files/34211/34211-8.zip', 'application/ziptext/plain; charset=iso-8859-1' );
INSERT INTO files ( gid, file, mime ) VALUES ( '34211', 'http://www.gutenberg.org/files/34211/34211-h.zip', 'application/ziptext/html; charset=iso-8859-1' );
INSERT INTO files ( gid, file, mime ) VALUES ( '34211', 'http://www.gutenberg.org/files/34211/34211-h/34211-h.htm', 'text/html; charset=iso-8859-1' );
INSERT INTO files ( gid, file, mime ) VALUES ( '34211', 'http://www.gutenberg.org/files/34211/34211.txt', 'text/plain; charset=us-ascii' );
INSERT INTO files ( gid, file, mime ) VALUES ( '34211', 'http://www.gutenberg.org/files/34211/34211.zip', 'text/plain; charset=us-asciiapplication/zip' );
INSERT INTO titles ( gid, title, author, language, rights ) VALUES ( '34311', 'Geographic Range of the Hooded Skunk, Mephitis macroura With Description of a New Subspecies from Mexico', 'Dalquest, Walter Woelber', 'en', 'Public domain in the USA.' );
INSERT INTO classifications ( gid, classification ) VALUES ( '34311', 'QH' );
INSERT INTO subjects ( gid, subject ) VALUES ( '34311', 'Skunks' );
INSERT INTO files ( gid, file, mime ) VALUES ( '34311', 'http://www.gutenberg.org/ebooks/34311.epub.images', 'application/epub+zip' );
INSERT INTO files ( gid, file, mime ) VALUES ( '34311', 'http://www.gutenberg.org/ebooks/34311.epub.noimages', 'application/epub+zip' );
INSERT INTO files ( gid, file, mime ) VALUES ( '34311', 'http://www.gutenberg.org/ebooks/34311.kindle.images', 'application/x-mobipocket-ebook' );
INSERT INTO files ( gid, file, mime ) VALUES ( '34311', 'http://www.gutenberg.org/ebooks/34311.kindle.noimages', 'application/x-mobipocket-ebook' );
INSERT INTO files ( gid, file, mime ) VALUES ( '34311', 'http://www.gutenberg.org/ebooks/34311.rdf', 'application/rdf+xml' );
INSERT INTO files ( gid, file, mime ) VALUES ( '34311', 'http://www.gutenberg.org/ebooks/34311.txt.utf-8', 'text/plain' );
INSERT INTO files ( gid, file, mime ) VALUES ( '34311', 'http://www.gutenberg.org/files/34311/34311-8.txt', 'text/plain; charset=iso-8859-1' );
INSERT INTO files ( gid, file, mime ) VALUES ( '34311', 'http://www.gutenberg.org/files/34311/34311-8.zip', 'text/plain; charset=iso-8859-1application/zip' );
INSERT INTO files ( gid, file, mime ) VALUES ( '34311', 'http://www.gutenberg.org/files/34311/34311-h.zip', 'text/html; charset=iso-8859-1application/zip' );
INSERT INTO files ( gid, file, mime ) VALUES ( '34311', 'http://www.gutenberg.org/files/34311/34311-h/34311-h.htm', 'text/html; charset=iso-8859-1' );
INSERT INTO files ( gid, file, mime ) VALUES ( '34311', 'http://www.gutenberg.org/files/34311/34311.txt', 'text/plain; charset=us-ascii' );
INSERT INTO files ( gid, file, mime ) VALUES ( '34311', 'http://www.gutenberg.org/files/34311/34311.zip', 'text/plain; charset=us-asciiapplication/zip' );
INSERT INTO titles ( gid, title, author, language, rights ) VALUES ( '34411', 'Pipistrellus cinnamomeus Miller 1902 Referred to the Genus Myotis', 'Dalquest, Walter Woelber', 'en', 'Public domain in the USA.' );
INSERT INTO classifications ( gid, classification ) VALUES ( '34411', 'QH' );
INSERT INTO subjects ( gid, subject ) VALUES ( '34411', 'Bats' );
INSERT INTO files ( gid, file, mime ) VALUES ( '34411', 'http://www.gutenberg.org/ebooks/34411.epub.images', 'application/epub+zip' );
INSERT INTO files ( gid, file, mime ) VALUES ( '34411', 'http://www.gutenberg.org/ebooks/34411.epub.noimages', 'application/epub+zip' );
INSERT INTO files ( gid, file, mime ) VALUES ( '34411', 'http://www.gutenberg.org/ebooks/34411.kindle.images', 'application/x-mobipocket-ebook' );
INSERT INTO files ( gid, file, mime ) VALUES ( '34411', 'http://www.gutenberg.org/ebooks/34411.kindle.noimages', 'application/x-mobipocket-ebook' );
INSERT INTO files ( gid, file, mime ) VALUES ( '34411', 'http://www.gutenberg.org/ebooks/34411.rdf', 'application/rdf+xml' );
INSERT INTO files ( gid, file, mime ) VALUES ( '34411', 'http://www.gutenberg.org/ebooks/34411.txt.utf-8', 'text/plain' );
INSERT INTO files ( gid, file, mime ) VALUES ( '34411', 'http://www.gutenberg.org/files/34411/34411-8.txt', 'text/plain; charset=iso-8859-1' );
INSERT INTO files ( gid, file, mime ) VALUES ( '34411', 'http://www.gutenberg.org/files/34411/34411-8.zip', 'text/plain; charset=iso-8859-1application/zip' );
INSERT INTO files ( gid, file, mime ) VALUES ( '34411', 'http://www.gutenberg.org/files/34411/34411-h.zip', 'text/html; charset=iso-8859-1application/zip' );
INSERT INTO files ( gid, file, mime ) VALUES ( '34411', 'http://www.gutenberg.org/files/34411/34411-h/34411-h.htm', 'text/html; charset=iso-8859-1' );
INSERT INTO files ( gid, file, mime ) VALUES ( '34411', 'http://www.gutenberg.org/files/34411/34411.txt', 'text/plain; charset=us-ascii' );
INSERT INTO files ( gid, file, mime ) VALUES ( '34411', 'http://www.gutenberg.org/files/34411/34411.zip', 'application/ziptext/plain; charset=us-ascii' );
INSERT INTO titles ( gid, title, author, language, rights ) VALUES ( '34511', 'The Supposed Autographa of John the Scot', 'Rand, Edward Kennard', 'en', 'Public domain in the USA.' );
INSERT INTO classifications ( gid, classification ) VALUES ( '34511', 'B' );
INSERT INTO subjects ( gid, subject ) VALUES ( '34511', 'Erigena, Johannes Scotus, approximately 810-approximately 877' );
INSERT INTO files ( gid, file, mime ) VALUES ( '34511', 'http://www.gutenberg.org/ebooks/34511.epub.images', 'application/epub+zip' );
INSERT INTO files ( gid, file, mime ) VALUES ( '34511', 'http://www.gutenberg.org/ebooks/34511.epub.noimages', 'application/epub+zip' );
INSERT INTO files ( gid, file, mime ) VALUES ( '34511', 'http://www.gutenberg.org/ebooks/34511.kindle.images', 'application/x-mobipocket-ebook' );
INSERT INTO files ( gid, file, mime ) VALUES ( '34511', 'http://www.gutenberg.org/ebooks/34511.kindle.noimages', 'application/x-mobipocket-ebook' );
INSERT INTO files ( gid, file, mime ) VALUES ( '34511', 'http://www.gutenberg.org/ebooks/34511.rdf', 'application/rdf+xml' );
INSERT INTO files ( gid, file, mime ) VALUES ( '34511', 'http://www.gutenberg.org/ebooks/34511.txt.utf-8', 'text/plain' );
INSERT INTO files ( gid, file, mime ) VALUES ( '34511', 'http://www.gutenberg.org/files/34511/34511-8.txt', 'text/plain; charset=iso-8859-1' );
INSERT INTO files ( gid, file, mime ) VALUES ( '34511', 'http://www.gutenberg.org/files/34511/34511-8.zip', 'application/ziptext/plain; charset=iso-8859-1' );
INSERT INTO files ( gid, file, mime ) VALUES ( '34511', 'http://www.gutenberg.org/files/34511/34511-h.zip', 'text/html; charset=iso-8859-1application/zip' );
INSERT INTO files ( gid, file, mime ) VALUES ( '34511', 'http://www.gutenberg.org/files/34511/34511-h/34511-h.htm', 'text/html; charset=iso-8859-1' );
INSERT INTO files ( gid, file, mime ) VALUES ( '34511', 'http://www.gutenberg.org/files/34511/34511.txt', 'text/plain; charset=us-ascii' );
INSERT INTO files ( gid, file, mime ) VALUES ( '34511', 'http://www.gutenberg.org/files/34511/34511.zip', 'text/plain; charset=us-asciiapplication/zip' );
INSERT INTO titles ( gid, title, author, language, rights ) VALUES ( '34611', 'Geoffrey Hampstead: A Novel', 'Jarvis, Stinson', 'en', 'Public domain in the USA.' );
INSERT INTO classifications ( gid, classification ) VALUES ( '34611', 'PS' );
INSERT INTO subjects ( gid, subject ) VALUES ( '34611', 'Toronto (Ont.) -- Fiction' );
INSERT INTO subjects ( gid, subject ) VALUES ( '34611', 'Detective and mystery stories' );
INSERT INTO files ( gid, file, mime ) VALUES ( '34611', 'http://www.gutenberg.org/ebooks/34611.epub.images', 'application/epub+zip' );
INSERT INTO files ( gid, file, mime ) VALUES ( '34611', 'http://www.gutenberg.org/ebooks/34611.epub.noimages', 'application/epub+zip' );
INSERT INTO files ( gid, file, mime ) VALUES ( '34611', 'http://www.gutenberg.org/ebooks/34611.kindle.images', 'application/x-mobipocket-ebook' );
INSERT INTO files ( gid, file, mime ) VALUES ( '34611', 'http://www.gutenberg.org/ebooks/34611.kindle.noimages', 'application/x-mobipocket-ebook' );
INSERT INTO files ( gid, file, mime ) VALUES ( '34611', 'http://www.gutenberg.org/ebooks/34611.rdf', 'application/rdf+xml' );
INSERT INTO files ( gid, file, mime ) VALUES ( '34611', 'http://www.gutenberg.org/ebooks/34611.txt.utf-8', 'text/plain' );
INSERT INTO files ( gid, file, mime ) VALUES ( '34611', 'http://www.gutenberg.org/files/34611/34611-8.txt', 'text/plain; charset=iso-8859-1' );
INSERT INTO files ( gid, file, mime ) VALUES ( '34611', 'http://www.gutenberg.org/files/34611/34611-8.zip', 'text/plain; charset=iso-8859-1application/zip' );
INSERT INTO files ( gid, file, mime ) VALUES ( '34611', 'http://www.gutenberg.org/files/34611/34611-h.zip', 'application/ziptext/html; charset=iso-8859-1' );
INSERT INTO files ( gid, file, mime ) VALUES ( '34611', 'http://www.gutenberg.org/files/34611/34611-h/34611-h.htm', 'text/html; charset=iso-8859-1' );
INSERT INTO files ( gid, file, mime ) VALUES ( '34611', 'http://www.gutenberg.org/files/34611/34611.txt', 'text/plain; charset=us-ascii' );
INSERT INTO files ( gid, file, mime ) VALUES ( '34611', 'http://www.gutenberg.org/files/34611/34611.zip', 'application/ziptext/plain; charset=us-ascii' );
INSERT INTO titles ( gid, title, author, language, rights ) VALUES ( '34711', 'The Life of Roger Langdon, Told by himself. With additions by his daughter Ellen.', 'Langdon, Roger', 'en', 'Public domain in the USA.' );
INSERT INTO classifications ( gid, classification ) VALUES ( '34711', 'CT' );
INSERT INTO classifications ( gid, classification ) VALUES ( '34711', 'QB' );
INSERT INTO subjects ( gid, subject ) VALUES ( '34711', 'Langdon, Roger, 1825-1894' );
INSERT INTO files ( gid, file, mime ) VALUES ( '34711', 'http://www.gutenberg.org/cache/epub/34711/pg34711.cover.medium.jpg', 'image/jpeg' );
INSERT INTO files ( gid, file, mime ) VALUES ( '34711', 'http://www.gutenberg.org/cache/epub/34711/pg34711.cover.small.jpg', 'image/jpeg' );
INSERT INTO files ( gid, file, mime ) VALUES ( '34711', 'http://www.gutenberg.org/ebooks/34711.epub.images', 'application/epub+zip' );
INSERT INTO files ( gid, file, mime ) VALUES ( '34711', 'http://www.gutenberg.org/ebooks/34711.epub.noimages', 'application/epub+zip' );
INSERT INTO files ( gid, file, mime ) VALUES ( '34711', 'http://www.gutenberg.org/ebooks/34711.kindle.images', 'application/x-mobipocket-ebook' );
INSERT INTO files ( gid, file, mime ) VALUES ( '34711', 'http://www.gutenberg.org/ebooks/34711.kindle.noimages', 'application/x-mobipocket-ebook' );
INSERT INTO files ( gid, file, mime ) VALUES ( '34711', 'http://www.gutenberg.org/ebooks/34711.rdf', 'application/rdf+xml' );
INSERT INTO files ( gid, file, mime ) VALUES ( '34711', 'http://www.gutenberg.org/ebooks/34711.txt.utf-8', 'text/plain' );
INSERT INTO files ( gid, file, mime ) VALUES ( '34711', 'http://www.gutenberg.org/files/34711/34711-8.txt', 'text/plain; charset=iso-8859-1' );
INSERT INTO files ( gid, file, mime ) VALUES ( '34711', 'http://www.gutenberg.org/files/34711/34711-8.zip', 'application/ziptext/plain; charset=iso-8859-1' );
INSERT INTO files ( gid, file, mime ) VALUES ( '34711', 'http://www.gutenberg.org/files/34711/34711-h.zip', 'application/ziptext/html; charset=iso-8859-1' );
INSERT INTO files ( gid, file, mime ) VALUES ( '34711', 'http://www.gutenberg.org/files/34711/34711-h/34711-h.htm', 'text/html; charset=iso-8859-1' );
INSERT INTO files ( gid, file, mime ) VALUES ( '34711', 'http://www.gutenberg.org/files/34711/34711.txt', 'text/plain; charset=us-ascii' );
INSERT INTO files ( gid, file, mime ) VALUES ( '34711', 'http://www.gutenberg.org/files/34711/34711.zip', 'text/plain; charset=us-asciiapplication/zip' );
INSERT INTO titles ( gid, title, author, language, rights ) VALUES ( '34811', 'Buddenbrooks: Verfall einer Familie', 'Mann, Thomas', 'de', 'Public domain in the USA.' );
INSERT INTO classifications ( gid, classification ) VALUES ( '34811', 'PT' );
INSERT INTO subjects ( gid, subject ) VALUES ( '34811', 'Germany -- Fiction' );
INSERT INTO subjects ( gid, subject ) VALUES ( '34811', 'Families -- Fiction' );
INSERT INTO subjects ( gid, subject ) VALUES ( '34811', 'Domestic fiction' );
INSERT INTO files ( gid, file, mime ) VALUES ( '34811', 'http://www.gutenberg.org/cache/epub/34811/pg34811.cover.medium.jpg', 'image/jpeg' );
INSERT INTO files ( gid, file, mime ) VALUES ( '34811', 'http://www.gutenberg.org/cache/epub/34811/pg34811.cover.small.jpg', 'image/jpeg' );
INSERT INTO files ( gid, file, mime ) VALUES ( '34811', 'http://www.gutenberg.org/ebooks/34811.epub.images', 'application/epub+zip' );
INSERT INTO files ( gid, file, mime ) VALUES ( '34811', 'http://www.gutenberg.org/ebooks/34811.epub.noimages', 'application/epub+zip' );
INSERT INTO files ( gid, file, mime ) VALUES ( '34811', 'http://www.gutenberg.org/ebooks/34811.kindle.images', 'application/x-mobipocket-ebook' );
INSERT INTO files ( gid, file, mime ) VALUES ( '34811', 'http://www.gutenberg.org/ebooks/34811.kindle.noimages', 'application/x-mobipocket-ebook' );
INSERT INTO files ( gid, file, mime ) VALUES ( '34811', 'http://www.gutenberg.org/ebooks/34811.rdf', 'application/rdf+xml' );
INSERT INTO files ( gid, file, mime ) VALUES ( '34811', 'http://www.gutenberg.org/ebooks/34811.txt.utf-8', 'text/plain' );
INSERT INTO files ( gid, file, mime ) VALUES ( '34811', 'http://www.gutenberg.org/files/34811/34811-8.txt', 'text/plain; charset=iso-8859-1' );
INSERT INTO files ( gid, file, mime ) VALUES ( '34811', 'http://www.gutenberg.org/files/34811/34811-8.zip', 'text/plain; charset=iso-8859-1application/zip' );
INSERT INTO files ( gid, file, mime ) VALUES ( '34811', 'http://www.gutenberg.org/files/34811/34811-h.zip', 'text/html; charset=iso-8859-1application/zip' );
INSERT INTO files ( gid, file, mime ) VALUES ( '34811', 'http://www.gutenberg.org/files/34811/34811-h/34811-h.htm', 'text/html; charset=iso-8859-1' );
INSERT INTO files ( gid, file, mime ) VALUES ( '34811', 'http://www.gutenberg.org/files/34811/34811-page-images.zip', 'application/octet-streamapplication/zip' );
INSERT INTO titles ( gid, title, author, language, rights ) VALUES ( '34911', 'The Yellow Rose', 'Jókai, Mór', 'en', 'Public domain in the USA.' );
INSERT INTO classifications ( gid, classification ) VALUES ( '34911', 'PH' );
INSERT INTO subjects ( gid, subject ) VALUES ( '34911', 'Hungarian fiction -- Translations into English' );
INSERT INTO files ( gid, file, mime ) VALUES ( '34911', 'http://www.gutenberg.org/cache/epub/34911/pg34911.cover.medium.jpg', 'image/jpeg' );
INSERT INTO files ( gid, file, mime ) VALUES ( '34911', 'http://www.gutenberg.org/cache/epub/34911/pg34911.cover.small.jpg', 'image/jpeg' );
INSERT INTO files ( gid, file, mime ) VALUES ( '34911', 'http://www.gutenberg.org/ebooks/34911.epub.images', 'application/epub+zip' );
INSERT INTO files ( gid, file, mime ) VALUES ( '34911', 'http://www.gutenberg.org/ebooks/34911.epub.noimages', 'application/epub+zip' );
INSERT INTO files ( gid, file, mime ) VALUES ( '34911', 'http://www.gutenberg.org/ebooks/34911.kindle.images', 'application/x-mobipocket-ebook' );
INSERT INTO files ( gid, file, mime ) VALUES ( '34911', 'http://www.gutenberg.org/ebooks/34911.kindle.noimages', 'application/x-mobipocket-ebook' );
INSERT INTO files ( gid, file, mime ) VALUES ( '34911', 'http://www.gutenberg.org/ebooks/34911.rdf', 'application/rdf+xml' );
INSERT INTO files ( gid, file, mime ) VALUES ( '34911', 'http://www.gutenberg.org/ebooks/34911.txt.utf-8', 'text/plain' );
INSERT INTO files ( gid, file, mime ) VALUES ( '34911', 'http://www.gutenberg.org/files/34911/34911-8.txt', 'text/plain; charset=iso-8859-1' );
INSERT INTO files ( gid, file, mime ) VALUES ( '34911', 'http://www.gutenberg.org/files/34911/34911-8.zip', 'text/plain; charset=iso-8859-1application/zip' );
INSERT INTO files ( gid, file, mime ) VALUES ( '34911', 'http://www.gutenberg.org/files/34911/34911-h.zip', 'text/html; charset=iso-8859-1application/zip' );
INSERT INTO files ( gid, file, mime ) VALUES ( '34911', 'http://www.gutenberg.org/files/34911/34911-h/34911-h.htm', 'text/html; charset=iso-8859-1' );
INSERT INTO files ( gid, file, mime ) VALUES ( '34911', 'http://www.gutenberg.org/files/34911/34911.txt', 'text/plain; charset=us-ascii' );
INSERT INTO files ( gid, file, mime ) VALUES ( '34911', 'http://www.gutenberg.org/files/34911/34911.zip', 'application/ziptext/plain; charset=us-ascii' );
INSERT INTO titles ( gid, title, author, language, rights ) VALUES ( '35011', 'Torpan poika: Kuvaus kansan elämästä', 'Päivärinta, Pietari', 'fi', 'Public domain in the USA.' );
INSERT INTO classifications ( gid, classification ) VALUES ( '35011', 'PH' );
INSERT INTO subjects ( gid, subject ) VALUES ( '35011', 'Fiction' );
INSERT INTO files ( gid, file, mime ) VALUES ( '35011', 'http://www.gutenberg.org/ebooks/35011.epub.images', 'application/epub+zip' );
INSERT INTO files ( gid, file, mime ) VALUES ( '35011', 'http://www.gutenberg.org/ebooks/35011.epub.noimages', 'application/epub+zip' );
INSERT INTO files ( gid, file, mime ) VALUES ( '35011', 'http://www.gutenberg.org/ebooks/35011.html.images', 'text/html' );
INSERT INTO files ( gid, file, mime ) VALUES ( '35011', 'http://www.gutenberg.org/ebooks/35011.html.noimages', 'text/html' );
INSERT INTO files ( gid, file, mime ) VALUES ( '35011', 'http://www.gutenberg.org/ebooks/35011.kindle.images', 'application/x-mobipocket-ebook' );
INSERT INTO files ( gid, file, mime ) VALUES ( '35011', 'http://www.gutenberg.org/ebooks/35011.kindle.noimages', 'application/x-mobipocket-ebook' );
INSERT INTO files ( gid, file, mime ) VALUES ( '35011', 'http://www.gutenberg.org/ebooks/35011.rdf', 'application/rdf+xml' );
INSERT INTO files ( gid, file, mime ) VALUES ( '35011', 'http://www.gutenberg.org/ebooks/35011.txt.utf-8', 'text/plain' );
INSERT INTO files ( gid, file, mime ) VALUES ( '35011', 'http://www.gutenberg.org/files/35011/35011-8.txt', 'text/plain; charset=iso-8859-1' );
INSERT INTO files ( gid, file, mime ) VALUES ( '35011', 'http://www.gutenberg.org/files/35011/35011-8.zip', 'text/plain; charset=iso-8859-1application/zip' );
INSERT INTO titles ( gid, title, author, language, rights ) VALUES ( '35111', 'Kamala yösija', 'Collins, Wilkie', 'fi', 'Public domain in the USA.' );
INSERT INTO classifications ( gid, classification ) VALUES ( '35111', 'PR' );
INSERT INTO subjects ( gid, subject ) VALUES ( '35111', 'Fiction' );
INSERT INTO subjects ( gid, subject ) VALUES ( '35111', 'Short stories' );
INSERT INTO files ( gid, file, mime ) VALUES ( '35111', 'http://www.gutenberg.org/ebooks/35111.epub.images', 'application/epub+zip' );
INSERT INTO files ( gid, file, mime ) VALUES ( '35111', 'http://www.gutenberg.org/ebooks/35111.epub.noimages', 'application/epub+zip' );
INSERT INTO files ( gid, file, mime ) VALUES ( '35111', 'http://www.gutenberg.org/ebooks/35111.html.images', 'text/html' );
INSERT INTO files ( gid, file, mime ) VALUES ( '35111', 'http://www.gutenberg.org/ebooks/35111.html.noimages', 'text/html' );
INSERT INTO files ( gid, file, mime ) VALUES ( '35111', 'http://www.gutenberg.org/ebooks/35111.kindle.images', 'application/x-mobipocket-ebook' );
INSERT INTO files ( gid, file, mime ) VALUES ( '35111', 'http://www.gutenberg.org/ebooks/35111.kindle.noimages', 'application/x-mobipocket-ebook' );
INSERT INTO files ( gid, file, mime ) VALUES ( '35111', 'http://www.gutenberg.org/ebooks/35111.rdf', 'application/rdf+xml' );
INSERT INTO files ( gid, file, mime ) VALUES ( '35111', 'http://www.gutenberg.org/ebooks/35111.txt.utf-8', 'text/plain' );
INSERT INTO files ( gid, file, mime ) VALUES ( '35111', 'http://www.gutenberg.org/files/35111/35111-8.txt', 'text/plain; charset=iso-8859-1' );
INSERT INTO files ( gid, file, mime ) VALUES ( '35111', 'http://www.gutenberg.org/files/35111/35111-8.zip', 'text/plain; charset=iso-8859-1application/zip' );
INSERT INTO titles ( gid, title, author, language, rights ) VALUES ( '3511', 'Human Genome Project, Chromosome Number 11', 'Human Genome Project', 'en', 'Public domain in the USA.' );
INSERT INTO classifications ( gid, classification ) VALUES ( '3511', 'QH' );
INSERT INTO classifications ( gid, classification ) VALUES ( '3511', 'QP' );
INSERT INTO subjects ( gid, subject ) VALUES ( '3511', 'Human genetics' );
INSERT INTO subjects ( gid, subject ) VALUES ( '3511', 'Human Genome Project' );
INSERT INTO subjects ( gid, subject ) VALUES ( '3511', 'Nucleotide sequence' );
INSERT INTO subjects ( gid, subject ) VALUES ( '3511', 'Human gene mapping' );
INSERT INTO files ( gid, file, mime ) VALUES ( '3511', 'http://www.gutenberg.org/ebooks/3511.rdf', 'application/rdf+xml' );
INSERT INTO files ( gid, file, mime ) VALUES ( '3511', 'http://www.gutenberg.org/files/3511/3511.zip', 'application/ziptext/plain; charset=us-ascii' );
INSERT INTO titles ( gid, title, author, language, rights ) VALUES ( '35211', 'War', 'Loti, Pierre', 'en', 'Public domain in the USA.' );
INSERT INTO subjects ( gid, subject ) VALUES ( '35211', 'D501' );
INSERT INTO subjects ( gid, subject ) VALUES ( '35211', 'World War, 1914-1918' );
INSERT INTO files ( gid, file, mime ) VALUES ( '35211', 'http://www.gutenberg.org/cache/epub/35211/pg35211.cover.medium.jpg', 'image/jpeg' );
INSERT INTO files ( gid, file, mime ) VALUES ( '35211', 'http://www.gutenberg.org/cache/epub/35211/pg35211.cover.small.jpg', 'image/jpeg' );
INSERT INTO files ( gid, file, mime ) VALUES ( '35211', 'http://www.gutenberg.org/ebooks/35211.epub.images', 'application/epub+zip' );
INSERT INTO files ( gid, file, mime ) VALUES ( '35211', 'http://www.gutenberg.org/ebooks/35211.epub.noimages', 'application/epub+zip' );
INSERT INTO files ( gid, file, mime ) VALUES ( '35211', 'http://www.gutenberg.org/ebooks/35211.kindle.images', 'application/x-mobipocket-ebook' );
INSERT INTO files ( gid, file, mime ) VALUES ( '35211', 'http://www.gutenberg.org/ebooks/35211.kindle.noimages', 'application/x-mobipocket-ebook' );
INSERT INTO files ( gid, file, mime ) VALUES ( '35211', 'http://www.gutenberg.org/ebooks/35211.rdf', 'application/rdf+xml' );
INSERT INTO files ( gid, file, mime ) VALUES ( '35211', 'http://www.gutenberg.org/ebooks/35211.txt.utf-8', 'text/plain' );
INSERT INTO files ( gid, file, mime ) VALUES ( '35211', 'http://www.gutenberg.org/files/35211/35211-8.txt', 'text/plain; charset=iso-8859-1' );
INSERT INTO files ( gid, file, mime ) VALUES ( '35211', 'http://www.gutenberg.org/files/35211/35211-8.zip', 'text/plain; charset=iso-8859-1application/zip' );
INSERT INTO files ( gid, file, mime ) VALUES ( '35211', 'http://www.gutenberg.org/files/35211/35211-h.zip', 'application/ziptext/html; charset=iso-8859-1' );
INSERT INTO files ( gid, file, mime ) VALUES ( '35211', 'http://www.gutenberg.org/files/35211/35211-h/35211-h.htm', 'text/html; charset=iso-8859-1' );
INSERT INTO files ( gid, file, mime ) VALUES ( '35211', 'http://www.gutenberg.org/files/35211/35211.txt', 'text/plain; charset=us-ascii' );
INSERT INTO files ( gid, file, mime ) VALUES ( '35211', 'http://www.gutenberg.org/files/35211/35211.zip', 'application/ziptext/plain; charset=us-ascii' );
INSERT INTO titles ( gid, title, author, language, rights ) VALUES ( '35311', 'The Eichhofs: A Romance', 'Bethusy-Huc, Valeska, Gräfin von', 'en', 'Public domain in the USA.' );
INSERT INTO classifications ( gid, classification ) VALUES ( '35311', 'PT' );
INSERT INTO subjects ( gid, subject ) VALUES ( '35311', 'German fiction -- Translations into English' );
INSERT INTO files ( gid, file, mime ) VALUES ( '35311', 'http://www.gutenberg.org/ebooks/35311.epub.images', 'application/epub+zip' );
INSERT INTO files ( gid, file, mime ) VALUES ( '35311', 'http://www.gutenberg.org/ebooks/35311.epub.noimages', 'application/epub+zip' );
INSERT INTO files ( gid, file, mime ) VALUES ( '35311', 'http://www.gutenberg.org/ebooks/35311.kindle.images', 'application/x-mobipocket-ebook' );
INSERT INTO files ( gid, file, mime ) VALUES ( '35311', 'http://www.gutenberg.org/ebooks/35311.kindle.noimages', 'application/x-mobipocket-ebook' );
INSERT INTO files ( gid, file, mime ) VALUES ( '35311', 'http://www.gutenberg.org/ebooks/35311.rdf', 'application/rdf+xml' );
INSERT INTO files ( gid, file, mime ) VALUES ( '35311', 'http://www.gutenberg.org/ebooks/35311.txt.utf-8', 'text/plain' );
INSERT INTO files ( gid, file, mime ) VALUES ( '35311', 'http://www.gutenberg.org/files/35311/35311-8.txt', 'text/plain; charset=iso-8859-1' );
INSERT INTO files ( gid, file, mime ) VALUES ( '35311', 'http://www.gutenberg.org/files/35311/35311-8.zip', 'application/ziptext/plain; charset=iso-8859-1' );
INSERT INTO files ( gid, file, mime ) VALUES ( '35311', 'http://www.gutenberg.org/files/35311/35311-h.zip', 'text/html; charset=iso-8859-1application/zip' );
INSERT INTO files ( gid, file, mime ) VALUES ( '35311', 'http://www.gutenberg.org/files/35311/35311-h/35311-h.htm', 'text/html; charset=iso-8859-1' );
INSERT INTO files ( gid, file, mime ) VALUES ( '35311', 'http://www.gutenberg.org/files/35311/35311.txt', 'text/plain; charset=us-ascii' );
INSERT INTO files ( gid, file, mime ) VALUES ( '35311', 'http://www.gutenberg.org/files/35311/35311.zip', 'application/ziptext/plain; charset=us-ascii' );
INSERT INTO titles ( gid, title, author, language, rights ) VALUES ( '35411', 'Myra''s Well: A Tale of All-Hallow-E''en', 'Dawson, George Francis', 'en', 'Public domain in the USA.' );
INSERT INTO classifications ( gid, classification ) VALUES ( '35411', 'PS' );
INSERT INTO subjects ( gid, subject ) VALUES ( '35411', 'Halloween -- Poetry' );
INSERT INTO files ( gid, file, mime ) VALUES ( '35411', 'http://www.gutenberg.org/ebooks/35411.epub.images', 'application/epub+zip' );
INSERT INTO files ( gid, file, mime ) VALUES ( '35411', 'http://www.gutenberg.org/ebooks/35411.epub.noimages', 'application/epub+zip' );
INSERT INTO files ( gid, file, mime ) VALUES ( '35411', 'http://www.gutenberg.org/ebooks/35411.kindle.images', 'application/x-mobipocket-ebook' );
INSERT INTO files ( gid, file, mime ) VALUES ( '35411', 'http://www.gutenberg.org/ebooks/35411.kindle.noimages', 'application/x-mobipocket-ebook' );
INSERT INTO files ( gid, file, mime ) VALUES ( '35411', 'http://www.gutenberg.org/ebooks/35411.rdf', 'application/rdf+xml' );
INSERT INTO files ( gid, file, mime ) VALUES ( '35411', 'http://www.gutenberg.org/ebooks/35411.txt.utf-8', 'text/plain' );
INSERT INTO files ( gid, file, mime ) VALUES ( '35411', 'http://www.gutenberg.org/files/35411/35411-8.txt', 'text/plain; charset=iso-8859-1' );
INSERT INTO files ( gid, file, mime ) VALUES ( '35411', 'http://www.gutenberg.org/files/35411/35411-8.zip', 'text/plain; charset=iso-8859-1application/zip' );
INSERT INTO files ( gid, file, mime ) VALUES ( '35411', 'http://www.gutenberg.org/files/35411/35411-h.zip', 'text/html; charset=iso-8859-1application/zip' );
INSERT INTO files ( gid, file, mime ) VALUES ( '35411', 'http://www.gutenberg.org/files/35411/35411-h/35411-h.htm', 'text/html; charset=iso-8859-1' );
INSERT INTO files ( gid, file, mime ) VALUES ( '35411', 'http://www.gutenberg.org/files/35411/35411.txt', 'text/plain; charset=us-ascii' );
INSERT INTO files ( gid, file, mime ) VALUES ( '35411', 'http://www.gutenberg.org/files/35411/35411.zip', 'application/ziptext/plain; charset=us-ascii' );
INSERT INTO titles ( gid, title, author, language, rights ) VALUES ( '35511', 'Working Women of Japan', 'Gulick, Sidney Lewis', 'en', 'Public domain in the USA.' );
INSERT INTO classifications ( gid, classification ) VALUES ( '35511', 'DS' );
INSERT INTO classifications ( gid, classification ) VALUES ( '35511', 'HD' );
INSERT INTO subjects ( gid, subject ) VALUES ( '35511', 'Women -- Japan' );
INSERT INTO subjects ( gid, subject ) VALUES ( '35511', 'Women -- Employment -- Japan' );
INSERT INTO subjects ( gid, subject ) VALUES ( '35511', 'Japan -- Social life and customs' );
INSERT INTO files ( gid, file, mime ) VALUES ( '35511', 'http://www.gutenberg.org/ebooks/35511.epub.images', 'application/epub+zip' );
INSERT INTO files ( gid, file, mime ) VALUES ( '35511', 'http://www.gutenberg.org/ebooks/35511.epub.noimages', 'application/epub+zip' );
INSERT INTO files ( gid, file, mime ) VALUES ( '35511', 'http://www.gutenberg.org/ebooks/35511.kindle.images', 'application/x-mobipocket-ebook' );
INSERT INTO files ( gid, file, mime ) VALUES ( '35511', 'http://www.gutenberg.org/ebooks/35511.kindle.noimages', 'application/x-mobipocket-ebook' );
INSERT INTO files ( gid, file, mime ) VALUES ( '35511', 'http://www.gutenberg.org/ebooks/35511.rdf', 'application/rdf+xml' );
INSERT INTO files ( gid, file, mime ) VALUES ( '35511', 'http://www.gutenberg.org/ebooks/35511.txt.utf-8', 'text/plain' );
INSERT INTO files ( gid, file, mime ) VALUES ( '35511', 'http://www.gutenberg.org/files/35511/35511-8.txt', 'text/plain; charset=iso-8859-1' );
INSERT INTO files ( gid, file, mime ) VALUES ( '35511', 'http://www.gutenberg.org/files/35511/35511-8.zip', 'text/plain; charset=iso-8859-1application/zip' );
INSERT INTO files ( gid, file, mime ) VALUES ( '35511', 'http://www.gutenberg.org/files/35511/35511-h.zip', 'application/ziptext/html; charset=iso-8859-1' );
INSERT INTO files ( gid, file, mime ) VALUES ( '35511', 'http://www.gutenberg.org/files/35511/35511-h/35511-h.htm', 'text/html; charset=iso-8859-1' );
INSERT INTO files ( gid, file, mime ) VALUES ( '35511', 'http://www.gutenberg.org/files/35511/35511.txt', 'text/plain; charset=us-ascii' );
INSERT INTO files ( gid, file, mime ) VALUES ( '35511', 'http://www.gutenberg.org/files/35511/35511.zip', 'application/ziptext/plain; charset=us-ascii' );
INSERT INTO titles ( gid, title, author, language, rights ) VALUES ( '35611', 'The Great Return', 'Machen, Arthur', 'en', 'Public domain in the USA.' );
INSERT INTO classifications ( gid, classification ) VALUES ( '35611', 'PR' );
INSERT INTO subjects ( gid, subject ) VALUES ( '35611', 'Grail -- Fiction' );
INSERT INTO subjects ( gid, subject ) VALUES ( '35611', 'Wales -- Fiction' );
INSERT INTO files ( gid, file, mime ) VALUES ( '35611', 'http://www.gutenberg.org/ebooks/35611.epub.images', 'application/epub+zip' );
INSERT INTO files ( gid, file, mime ) VALUES ( '35611', 'http://www.gutenberg.org/ebooks/35611.epub.noimages', 'application/epub+zip' );
INSERT INTO files ( gid, file, mime ) VALUES ( '35611', 'http://www.gutenberg.org/ebooks/35611.kindle.images', 'application/x-mobipocket-ebook' );
INSERT INTO files ( gid, file, mime ) VALUES ( '35611', 'http://www.gutenberg.org/ebooks/35611.kindle.noimages', 'application/x-mobipocket-ebook' );
INSERT INTO files ( gid, file, mime ) VALUES ( '35611', 'http://www.gutenberg.org/ebooks/35611.rdf', 'application/rdf+xml' );
INSERT INTO files ( gid, file, mime ) VALUES ( '35611', 'http://www.gutenberg.org/ebooks/35611.txt.utf-8', 'text/plain' );
INSERT INTO files ( gid, file, mime ) VALUES ( '35611', 'http://www.gutenberg.org/files/35611/35611-8.txt', 'text/plain; charset=iso-8859-1' );
INSERT INTO files ( gid, file, mime ) VALUES ( '35611', 'http://www.gutenberg.org/files/35611/35611-8.zip', 'text/plain; charset=iso-8859-1application/zip' );
INSERT INTO files ( gid, file, mime ) VALUES ( '35611', 'http://www.gutenberg.org/files/35611/35611-h.zip', 'application/ziptext/html; charset=iso-8859-1' );
INSERT INTO files ( gid, file, mime ) VALUES ( '35611', 'http://www.gutenberg.org/files/35611/35611-h/35611-h.htm', 'text/html; charset=iso-8859-1' );
INSERT INTO files ( gid, file, mime ) VALUES ( '35611', 'http://www.gutenberg.org/files/35611/35611.txt', 'text/plain; charset=us-ascii' );
INSERT INTO files ( gid, file, mime ) VALUES ( '35611', 'http://www.gutenberg.org/files/35611/35611.zip', 'application/ziptext/plain; charset=us-ascii' );
INSERT INTO titles ( gid, title, author, language, rights ) VALUES ( '35711', 'The myth of the Jewish menace in world affairs or, The truth about the forged protocols of the elders of Zion', 'Wolf, Lucien', 'en', 'Public domain in the USA.' );
INSERT INTO classifications ( gid, classification ) VALUES ( '35711', 'DS' );
INSERT INTO subjects ( gid, subject ) VALUES ( '35711', 'Jews' );
INSERT INTO subjects ( gid, subject ) VALUES ( '35711', 'Protocols of the wise men of Zion' );
INSERT INTO files ( gid, file, mime ) VALUES ( '35711', 'http://www.gutenberg.org/ebooks/35711.epub.images', 'application/epub+zip' );
INSERT INTO files ( gid, file, mime ) VALUES ( '35711', 'http://www.gutenberg.org/ebooks/35711.epub.noimages', 'application/epub+zip' );
INSERT INTO files ( gid, file, mime ) VALUES ( '35711', 'http://www.gutenberg.org/ebooks/35711.kindle.images', 'application/x-mobipocket-ebook' );
INSERT INTO files ( gid, file, mime ) VALUES ( '35711', 'http://www.gutenberg.org/ebooks/35711.kindle.noimages', 'application/x-mobipocket-ebook' );
INSERT INTO files ( gid, file, mime ) VALUES ( '35711', 'http://www.gutenberg.org/ebooks/35711.rdf', 'application/rdf+xml' );
INSERT INTO files ( gid, file, mime ) VALUES ( '35711', 'http://www.gutenberg.org/ebooks/35711.txt.utf-8', 'text/plain' );
INSERT INTO files ( gid, file, mime ) VALUES ( '35711', 'http://www.gutenberg.org/files/35711/35711-8.txt', 'text/plain; charset=iso-8859-1' );
INSERT INTO files ( gid, file, mime ) VALUES ( '35711', 'http://www.gutenberg.org/files/35711/35711-8.zip', 'application/ziptext/plain; charset=iso-8859-1' );
INSERT INTO files ( gid, file, mime ) VALUES ( '35711', 'http://www.gutenberg.org/files/35711/35711-h.zip', 'text/html; charset=iso-8859-1application/zip' );
INSERT INTO files ( gid, file, mime ) VALUES ( '35711', 'http://www.gutenberg.org/files/35711/35711-h/35711-h.htm', 'text/html; charset=iso-8859-1' );
INSERT INTO files ( gid, file, mime ) VALUES ( '35711', 'http://www.gutenberg.org/files/35711/35711.txt', 'text/plain; charset=us-ascii' );
INSERT INTO files ( gid, file, mime ) VALUES ( '35711', 'http://www.gutenberg.org/files/35711/35711.zip', 'application/ziptext/plain; charset=us-ascii' );
INSERT INTO titles ( gid, title, author, language, rights ) VALUES ( '35811', 'Matelda and the Cloister of Hellfde Extracts from the Book of Matilda of Magdeburg', 'Mechthild, of Magdeburg', 'en', 'Public domain in the USA.' );
INSERT INTO classifications ( gid, classification ) VALUES ( '35811', 'PT' );
INSERT INTO classifications ( gid, classification ) VALUES ( '35811', 'BV' );
INSERT INTO subjects ( gid, subject ) VALUES ( '35811', 'Private revelations -- Early works to 1800' );
INSERT INTO subjects ( gid, subject ) VALUES ( '35811', 'Visions -- Early works to 1800' );
INSERT INTO subjects ( gid, subject ) VALUES ( '35811', 'Mechthild, of Magdeburg, approximately 1212-approximately 1282' );
INSERT INTO subjects ( gid, subject ) VALUES ( '35811', 'Spiritual life -- Catholic Church -- Early works to 1800' );
INSERT INTO files ( gid, file, mime ) VALUES ( '35811', 'http://www.gutenberg.org/ebooks/35811.epub.images', 'application/epub+zip' );
INSERT INTO files ( gid, file, mime ) VALUES ( '35811', 'http://www.gutenberg.org/ebooks/35811.epub.noimages', 'application/epub+zip' );
INSERT INTO files ( gid, file, mime ) VALUES ( '35811', 'http://www.gutenberg.org/ebooks/35811.kindle.images', 'application/x-mobipocket-ebook' );
INSERT INTO files ( gid, file, mime ) VALUES ( '35811', 'http://www.gutenberg.org/ebooks/35811.kindle.noimages', 'application/x-mobipocket-ebook' );
INSERT INTO files ( gid, file, mime ) VALUES ( '35811', 'http://www.gutenberg.org/ebooks/35811.rdf', 'application/rdf+xml' );
INSERT INTO files ( gid, file, mime ) VALUES ( '35811', 'http://www.gutenberg.org/ebooks/35811.txt.utf-8', 'text/plain' );
INSERT INTO files ( gid, file, mime ) VALUES ( '35811', 'http://www.gutenberg.org/files/35811/35811-8.txt', 'text/plain; charset=iso-8859-1' );
INSERT INTO files ( gid, file, mime ) VALUES ( '35811', 'http://www.gutenberg.org/files/35811/35811-8.zip', 'text/plain; charset=iso-8859-1application/zip' );
INSERT INTO files ( gid, file, mime ) VALUES ( '35811', 'http://www.gutenberg.org/files/35811/35811-h.zip', 'text/html; charset=utf-8application/zip' );
INSERT INTO files ( gid, file, mime ) VALUES ( '35811', 'http://www.gutenberg.org/files/35811/35811-h/35811-h.htm', 'text/html; charset=utf-8' );
INSERT INTO files ( gid, file, mime ) VALUES ( '35811', 'http://www.gutenberg.org/files/35811/35811.txt', 'text/plain; charset=us-ascii' );
INSERT INTO files ( gid, file, mime ) VALUES ( '35811', 'http://www.gutenberg.org/files/35811/35811.zip', 'application/ziptext/plain; charset=us-ascii' );
INSERT INTO titles ( gid, title, author, language, rights ) VALUES ( '35911', 'Odd People: Being a Popular Description of Singular Races of Man', 'Reid, Mayne', 'en', 'Public domain in the USA.' );
INSERT INTO classifications ( gid, classification ) VALUES ( '35911', 'GN' );
INSERT INTO subjects ( gid, subject ) VALUES ( '35911', 'Primitive societies' );
INSERT INTO subjects ( gid, subject ) VALUES ( '35911', 'Ethnology' );
INSERT INTO files ( gid, file, mime ) VALUES ( '35911', 'http://www.gutenberg.org/ebooks/35911.epub.images', 'application/epub+zip' );
INSERT INTO files ( gid, file, mime ) VALUES ( '35911', 'http://www.gutenberg.org/ebooks/35911.epub.noimages', 'application/epub+zip' );
INSERT INTO files ( gid, file, mime ) VALUES ( '35911', 'http://www.gutenberg.org/ebooks/35911.kindle.images', 'application/x-mobipocket-ebook' );
INSERT INTO files ( gid, file, mime ) VALUES ( '35911', 'http://www.gutenberg.org/ebooks/35911.kindle.noimages', 'application/x-mobipocket-ebook' );
INSERT INTO files ( gid, file, mime ) VALUES ( '35911', 'http://www.gutenberg.org/ebooks/35911.rdf', 'application/rdf+xml' );
INSERT INTO files ( gid, file, mime ) VALUES ( '35911', 'http://www.gutenberg.org/ebooks/35911.txt.utf-8', 'text/plain' );
INSERT INTO files ( gid, file, mime ) VALUES ( '35911', 'http://www.gutenberg.org/files/35911/35911-h.zip', 'application/ziptext/html; charset=utf-8' );
INSERT INTO files ( gid, file, mime ) VALUES ( '35911', 'http://www.gutenberg.org/files/35911/35911-h/35911-h.htm', 'text/html; charset=utf-8' );
INSERT INTO files ( gid, file, mime ) VALUES ( '35911', 'http://www.gutenberg.org/files/35911/35911.txt', 'text/plain; charset=us-ascii' );
INSERT INTO files ( gid, file, mime ) VALUES ( '35911', 'http://www.gutenberg.org/files/35911/35911.zip', 'application/ziptext/plain; charset=us-ascii' );
INSERT INTO titles ( gid, title, author, language, rights ) VALUES ( '36011', 'Œuvres de P. Corneille, Tome 03', 'Corneille, Pierre', 'fr', 'Public domain in the USA.' );
INSERT INTO classifications ( gid, classification ) VALUES ( '36011', 'PQ' );
INSERT INTO subjects ( gid, subject ) VALUES ( '36011', 'French drama (Tragedy) -- 17th century' );
INSERT INTO files ( gid, file, mime ) VALUES ( '36011', 'http://www.gutenberg.org/ebooks/36011.epub.images', 'application/epub+zip' );
INSERT INTO files ( gid, file, mime ) VALUES ( '36011', 'http://www.gutenberg.org/ebooks/36011.epub.noimages', 'application/epub+zip' );
INSERT INTO files ( gid, file, mime ) VALUES ( '36011', 'http://www.gutenberg.org/ebooks/36011.kindle.images', 'application/x-mobipocket-ebook' );
INSERT INTO files ( gid, file, mime ) VALUES ( '36011', 'http://www.gutenberg.org/ebooks/36011.kindle.noimages', 'application/x-mobipocket-ebook' );
INSERT INTO files ( gid, file, mime ) VALUES ( '36011', 'http://www.gutenberg.org/ebooks/36011.rdf', 'application/rdf+xml' );
INSERT INTO files ( gid, file, mime ) VALUES ( '36011', 'http://www.gutenberg.org/ebooks/36011.txt.utf-8', 'text/plain' );
INSERT INTO files ( gid, file, mime ) VALUES ( '36011', 'http://www.gutenberg.org/files/36011/36011-8.txt', 'text/plain; charset=iso-8859-1' );
INSERT INTO files ( gid, file, mime ) VALUES ( '36011', 'http://www.gutenberg.org/files/36011/36011-8.zip', 'text/plain; charset=iso-8859-1application/zip' );
INSERT INTO files ( gid, file, mime ) VALUES ( '36011', 'http://www.gutenberg.org/files/36011/36011-h.zip', 'application/ziptext/html; charset=iso-8859-1' );
INSERT INTO files ( gid, file, mime ) VALUES ( '36011', 'http://www.gutenberg.org/files/36011/36011-h/36011-h.htm', 'text/html; charset=iso-8859-1' );
INSERT INTO titles ( gid, title, author, language, rights ) VALUES ( '36111', 'Prophets of Dissent : Essays on Maeterlinck, Strindberg, Nietzsche and Tolstoy', 'Heller, Otto', 'en', 'Public domain in the USA.' );
INSERT INTO classifications ( gid, classification ) VALUES ( '36111', 'PN' );
INSERT INTO subjects ( gid, subject ) VALUES ( '36111', 'Strindberg, August, 1849-1912' );
INSERT INTO subjects ( gid, subject ) VALUES ( '36111', 'Tolstoy, Leo, graf, 1828-1910' );
INSERT INTO subjects ( gid, subject ) VALUES ( '36111', 'Nietzsche, Friedrich Wilhelm, 1844-1900' );
INSERT INTO subjects ( gid, subject ) VALUES ( '36111', 'Maeterlinck, Maurice, 1862-1949' );
INSERT INTO files ( gid, file, mime ) VALUES ( '36111', 'http://www.gutenberg.org/cache/epub/36111/pg36111.cover.medium.jpg', 'image/jpeg' );
INSERT INTO files ( gid, file, mime ) VALUES ( '36111', 'http://www.gutenberg.org/cache/epub/36111/pg36111.cover.small.jpg', 'image/jpeg' );
INSERT INTO files ( gid, file, mime ) VALUES ( '36111', 'http://www.gutenberg.org/ebooks/36111.epub.images', 'application/epub+zip' );
INSERT INTO files ( gid, file, mime ) VALUES ( '36111', 'http://www.gutenberg.org/ebooks/36111.epub.noimages', 'application/epub+zip' );
INSERT INTO files ( gid, file, mime ) VALUES ( '36111', 'http://www.gutenberg.org/ebooks/36111.kindle.images', 'application/x-mobipocket-ebook' );
INSERT INTO files ( gid, file, mime ) VALUES ( '36111', 'http://www.gutenberg.org/ebooks/36111.kindle.noimages', 'application/x-mobipocket-ebook' );
INSERT INTO files ( gid, file, mime ) VALUES ( '36111', 'http://www.gutenberg.org/ebooks/36111.rdf', 'application/rdf+xml' );
INSERT INTO files ( gid, file, mime ) VALUES ( '36111', 'http://www.gutenberg.org/ebooks/36111.txt.utf-8', 'text/plain' );
INSERT INTO files ( gid, file, mime ) VALUES ( '36111', 'http://www.gutenberg.org/files/36111/36111-8.txt', 'text/plain; charset=iso-8859-1' );
INSERT INTO files ( gid, file, mime ) VALUES ( '36111', 'http://www.gutenberg.org/files/36111/36111-8.zip', 'application/ziptext/plain; charset=iso-8859-1' );
INSERT INTO files ( gid, file, mime ) VALUES ( '36111', 'http://www.gutenberg.org/files/36111/36111-h.zip', 'application/ziptext/html; charset=utf-8' );
INSERT INTO files ( gid, file, mime ) VALUES ( '36111', 'http://www.gutenberg.org/files/36111/36111-h/36111-h.htm', 'text/html; charset=utf-8' );
INSERT INTO titles ( gid, title, author, language, rights ) VALUES ( '3611', 'Second Shetland Truck System Report', 'Guthrie, William', 'en', 'Public domain in the USA.' );
INSERT INTO classifications ( gid, classification ) VALUES ( '3611', 'HD' );
INSERT INTO subjects ( gid, subject ) VALUES ( '3611', 'Labor law -- Truck system -- History -- England' );
INSERT INTO subjects ( gid, subject ) VALUES ( '3611', 'Shetland (Scotland) -- History' );
INSERT INTO files ( gid, file, mime ) VALUES ( '3611', 'http://www.gutenberg.org/ebooks/3611.epub.images', 'application/epub+zip' );
INSERT INTO files ( gid, file, mime ) VALUES ( '3611', 'http://www.gutenberg.org/ebooks/3611.epub.noimages', 'application/epub+zip' );
INSERT INTO files ( gid, file, mime ) VALUES ( '3611', 'http://www.gutenberg.org/ebooks/3611.html.images', 'text/html' );
INSERT INTO files ( gid, file, mime ) VALUES ( '3611', 'http://www.gutenberg.org/ebooks/3611.html.noimages', 'text/html' );
INSERT INTO files ( gid, file, mime ) VALUES ( '3611', 'http://www.gutenberg.org/ebooks/3611.kindle.images', 'application/x-mobipocket-ebook' );
INSERT INTO files ( gid, file, mime ) VALUES ( '3611', 'http://www.gutenberg.org/ebooks/3611.kindle.noimages', 'application/x-mobipocket-ebook' );
INSERT INTO files ( gid, file, mime ) VALUES ( '3611', 'http://www.gutenberg.org/ebooks/3611.rdf', 'application/rdf+xml' );
INSERT INTO files ( gid, file, mime ) VALUES ( '3611', 'http://www.gutenberg.org/ebooks/3611.txt.utf-8', 'text/plain' );
INSERT INTO files ( gid, file, mime ) VALUES ( '3611', 'http://www.gutenberg.org/files/3611/3611.txt', 'text/plain; charset=us-ascii' );
INSERT INTO files ( gid, file, mime ) VALUES ( '3611', 'http://www.gutenberg.org/files/3611/3611.zip', 'application/ziptext/plain; charset=us-ascii' );
INSERT INTO titles ( gid, title, author, language, rights ) VALUES ( '36211', 'Men, Women and Guns', 'McNeile, H. C. (Herman Cyril)', 'en', 'Public domain in the USA.' );
INSERT INTO classifications ( gid, classification ) VALUES ( '36211', 'PR' );
INSERT INTO subjects ( gid, subject ) VALUES ( '36211', 'World War, 1914-1918 -- Fiction' );
INSERT INTO subjects ( gid, subject ) VALUES ( '36211', 'War stories, English' );
INSERT INTO files ( gid, file, mime ) VALUES ( '36211', 'http://www.gutenberg.org/ebooks/36211.epub.images', 'application/epub+zip' );
INSERT INTO files ( gid, file, mime ) VALUES ( '36211', 'http://www.gutenberg.org/ebooks/36211.epub.noimages', 'application/epub+zip' );
INSERT INTO files ( gid, file, mime ) VALUES ( '36211', 'http://www.gutenberg.org/ebooks/36211.kindle.images', 'application/x-mobipocket-ebook' );
INSERT INTO files ( gid, file, mime ) VALUES ( '36211', 'http://www.gutenberg.org/ebooks/36211.kindle.noimages', 'application/x-mobipocket-ebook' );
INSERT INTO files ( gid, file, mime ) VALUES ( '36211', 'http://www.gutenberg.org/ebooks/36211.rdf', 'application/rdf+xml' );
INSERT INTO files ( gid, file, mime ) VALUES ( '36211', 'http://www.gutenberg.org/ebooks/36211.txt.utf-8', 'text/plain' );
INSERT INTO files ( gid, file, mime ) VALUES ( '36211', 'http://www.gutenberg.org/files/36211/36211-8.txt', 'text/plain; charset=iso-8859-1' );
INSERT INTO files ( gid, file, mime ) VALUES ( '36211', 'http://www.gutenberg.org/files/36211/36211-8.zip', 'text/plain; charset=iso-8859-1application/zip' );
INSERT INTO files ( gid, file, mime ) VALUES ( '36211', 'http://www.gutenberg.org/files/36211/36211-h.zip', 'text/html; charset=iso-8859-1application/zip' );
INSERT INTO files ( gid, file, mime ) VALUES ( '36211', 'http://www.gutenberg.org/files/36211/36211-h/36211-h.htm', 'text/html; charset=iso-8859-1' );
INSERT INTO files ( gid, file, mime ) VALUES ( '36211', 'http://www.gutenberg.org/files/36211/36211.txt', 'text/plain; charset=us-ascii' );
INSERT INTO files ( gid, file, mime ) VALUES ( '36211', 'http://www.gutenberg.org/files/36211/36211.zip', 'application/ziptext/plain; charset=us-ascii' );
INSERT INTO titles ( gid, title, author, language, rights ) VALUES ( '36311', 'The Problem of ''Edwin Drood'': A Study in the Methods of Dickens', 'Nicoll, W. Robertson (William Robertson), Sir', 'en', 'Public domain in the USA.' );
INSERT INTO classifications ( gid, classification ) VALUES ( '36311', 'PR' );
INSERT INTO subjects ( gid, subject ) VALUES ( '36311', 'Dickens, Charles, 1812-1870. Mystery of Edwin Drood' );
INSERT INTO subjects ( gid, subject ) VALUES ( '36311', 'Murder in literature' );
INSERT INTO subjects ( gid, subject ) VALUES ( '36311', 'Cathedrals in literature' );
INSERT INTO files ( gid, file, mime ) VALUES ( '36311', 'http://www.gutenberg.org/ebooks/36311.epub.images', 'application/epub+zip' );
INSERT INTO files ( gid, file, mime ) VALUES ( '36311', 'http://www.gutenberg.org/ebooks/36311.epub.noimages', 'application/epub+zip' );
INSERT INTO files ( gid, file, mime ) VALUES ( '36311', 'http://www.gutenberg.org/ebooks/36311.kindle.images', 'application/x-mobipocket-ebook' );
INSERT INTO files ( gid, file, mime ) VALUES ( '36311', 'http://www.gutenberg.org/ebooks/36311.kindle.noimages', 'application/x-mobipocket-ebook' );
INSERT INTO files ( gid, file, mime ) VALUES ( '36311', 'http://www.gutenberg.org/ebooks/36311.rdf', 'application/rdf+xml' );
INSERT INTO files ( gid, file, mime ) VALUES ( '36311', 'http://www.gutenberg.org/files/36311/36311-0.txt', 'text/plain; charset=utf-8' );
INSERT INTO files ( gid, file, mime ) VALUES ( '36311', 'http://www.gutenberg.org/files/36311/36311-0.zip', 'text/plain; charset=utf-8application/zip' );
INSERT INTO files ( gid, file, mime ) VALUES ( '36311', 'http://www.gutenberg.org/files/36311/36311-h.zip', 'text/htmlapplication/zip' );
INSERT INTO files ( gid, file, mime ) VALUES ( '36311', 'http://www.gutenberg.org/files/36311/36311-h/36311-h.htm', 'text/html' );
INSERT INTO titles ( gid, title, author, language, rights ) VALUES ( '36411', 'Blackie & Son''s Books for Young People, Catalogue - 1886', 'Blackie & Son', 'en', 'Public domain in the USA.' );
INSERT INTO classifications ( gid, classification ) VALUES ( '36411', 'Z' );
INSERT INTO subjects ( gid, subject ) VALUES ( '36411', 'Blackie & Son -- Catalogs' );
INSERT INTO subjects ( gid, subject ) VALUES ( '36411', 'Publishers'' catalogs -- England -- London' );
INSERT INTO subjects ( gid, subject ) VALUES ( '36411', 'Children''s literature -- Catalogs' );
INSERT INTO files ( gid, file, mime ) VALUES ( '36411', 'http://www.gutenberg.org/ebooks/36411.epub.images', 'application/epub+zip' );
INSERT INTO files ( gid, file, mime ) VALUES ( '36411', 'http://www.gutenberg.org/ebooks/36411.epub.noimages', 'application/epub+zip' );
INSERT INTO files ( gid, file, mime ) VALUES ( '36411', 'http://www.gutenberg.org/ebooks/36411.kindle.images', 'application/x-mobipocket-ebook' );
INSERT INTO files ( gid, file, mime ) VALUES ( '36411', 'http://www.gutenberg.org/ebooks/36411.kindle.noimages', 'application/x-mobipocket-ebook' );
INSERT INTO files ( gid, file, mime ) VALUES ( '36411', 'http://www.gutenberg.org/ebooks/36411.rdf', 'application/rdf+xml' );
INSERT INTO files ( gid, file, mime ) VALUES ( '36411', 'http://www.gutenberg.org/ebooks/36411.txt.utf-8', 'text/plain' );
INSERT INTO files ( gid, file, mime ) VALUES ( '36411', 'http://www.gutenberg.org/files/36411/36411-8.txt', 'text/plain; charset=iso-8859-1' );
INSERT INTO files ( gid, file, mime ) VALUES ( '36411', 'http://www.gutenberg.org/files/36411/36411-8.zip', 'application/ziptext/plain; charset=iso-8859-1' );
INSERT INTO files ( gid, file, mime ) VALUES ( '36411', 'http://www.gutenberg.org/files/36411/36411-h.zip', 'application/ziptext/html; charset=iso-8859-1' );
INSERT INTO files ( gid, file, mime ) VALUES ( '36411', 'http://www.gutenberg.org/files/36411/36411-h/36411-h.htm', 'text/html; charset=iso-8859-1' );
INSERT INTO files ( gid, file, mime ) VALUES ( '36411', 'http://www.gutenberg.org/files/36411/36411.txt', 'text/plain; charset=us-ascii' );
INSERT INTO files ( gid, file, mime ) VALUES ( '36411', 'http://www.gutenberg.org/files/36411/36411.zip', 'text/plain; charset=us-asciiapplication/zip' );
INSERT INTO titles ( gid, title, author, language, rights ) VALUES ( '36511', 'The Weight of the Crown', 'White, Fred M. (Fred Merrick)', 'en', 'Public domain in the USA.' );
INSERT INTO classifications ( gid, classification ) VALUES ( '36511', 'PR' );
INSERT INTO subjects ( gid, subject ) VALUES ( '36511', 'Impostors and imposture -- Fiction' );
INSERT INTO subjects ( gid, subject ) VALUES ( '36511', 'Spy stories' );
INSERT INTO subjects ( gid, subject ) VALUES ( '36511', 'Adventure stories' );
INSERT INTO subjects ( gid, subject ) VALUES ( '36511', 'Young women -- Fiction' );
INSERT INTO files ( gid, file, mime ) VALUES ( '36511', 'http://www.gutenberg.org/cache/epub/36511/pg36511.cover.medium.jpg', 'image/jpeg' );
INSERT INTO files ( gid, file, mime ) VALUES ( '36511', 'http://www.gutenberg.org/cache/epub/36511/pg36511.cover.small.jpg', 'image/jpeg' );
INSERT INTO files ( gid, file, mime ) VALUES ( '36511', 'http://www.gutenberg.org/ebooks/36511.epub.images', 'application/epub+zip' );
INSERT INTO files ( gid, file, mime ) VALUES ( '36511', 'http://www.gutenberg.org/ebooks/36511.epub.noimages', 'application/epub+zip' );
INSERT INTO files ( gid, file, mime ) VALUES ( '36511', 'http://www.gutenberg.org/ebooks/36511.kindle.images', 'application/x-mobipocket-ebook' );
INSERT INTO files ( gid, file, mime ) VALUES ( '36511', 'http://www.gutenberg.org/ebooks/36511.kindle.noimages', 'application/x-mobipocket-ebook' );
INSERT INTO files ( gid, file, mime ) VALUES ( '36511', 'http://www.gutenberg.org/ebooks/36511.rdf', 'application/rdf+xml' );
INSERT INTO files ( gid, file, mime ) VALUES ( '36511', 'http://www.gutenberg.org/ebooks/36511.txt.utf-8', 'text/plain' );
INSERT INTO files ( gid, file, mime ) VALUES ( '36511', 'http://www.gutenberg.org/files/36511/36511-8.txt', 'text/plain; charset=iso-8859-1' );
INSERT INTO files ( gid, file, mime ) VALUES ( '36511', 'http://www.gutenberg.org/files/36511/36511-8.zip', 'application/ziptext/plain; charset=iso-8859-1' );
INSERT INTO files ( gid, file, mime ) VALUES ( '36511', 'http://www.gutenberg.org/files/36511/36511-h.zip', 'text/html; charset=iso-8859-1application/zip' );
INSERT INTO files ( gid, file, mime ) VALUES ( '36511', 'http://www.gutenberg.org/files/36511/36511-h/36511-h.htm', 'text/html; charset=iso-8859-1' );
INSERT INTO files ( gid, file, mime ) VALUES ( '36511', 'http://www.gutenberg.org/files/36511/36511.txt', 'text/plain; charset=us-ascii' );
INSERT INTO files ( gid, file, mime ) VALUES ( '36511', 'http://www.gutenberg.org/files/36511/36511.zip', 'application/ziptext/plain; charset=us-ascii' );
INSERT INTO titles ( gid, title, author, language, rights ) VALUES ( '36611', 'Bible Stories and Pictures. From the Old and New Testaments', 'Anonymous', 'en', 'Public domain in the USA.' );
INSERT INTO classifications ( gid, classification ) VALUES ( '36611', 'BS' );
INSERT INTO subjects ( gid, subject ) VALUES ( '36611', 'Bible stories, English -- Juvenile literature' );
INSERT INTO files ( gid, file, mime ) VALUES ( '36611', 'http://www.gutenberg.org/cache/epub/36611/pg36611.cover.medium.jpg', 'image/jpeg' );
INSERT INTO files ( gid, file, mime ) VALUES ( '36611', 'http://www.gutenberg.org/cache/epub/36611/pg36611.cover.small.jpg', 'image/jpeg' );
INSERT INTO files ( gid, file, mime ) VALUES ( '36611', 'http://www.gutenberg.org/ebooks/36611.epub.images', 'application/epub+zip' );
INSERT INTO files ( gid, file, mime ) VALUES ( '36611', 'http://www.gutenberg.org/ebooks/36611.epub.noimages', 'application/epub+zip' );
INSERT INTO files ( gid, file, mime ) VALUES ( '36611', 'http://www.gutenberg.org/ebooks/36611.kindle.images', 'application/x-mobipocket-ebook' );
INSERT INTO files ( gid, file, mime ) VALUES ( '36611', 'http://www.gutenberg.org/ebooks/36611.kindle.noimages', 'application/x-mobipocket-ebook' );
INSERT INTO files ( gid, file, mime ) VALUES ( '36611', 'http://www.gutenberg.org/ebooks/36611.rdf', 'application/rdf+xml' );
INSERT INTO files ( gid, file, mime ) VALUES ( '36611', 'http://www.gutenberg.org/ebooks/36611.txt.utf-8', 'text/plain' );
INSERT INTO files ( gid, file, mime ) VALUES ( '36611', 'http://www.gutenberg.org/files/36611/36611-h.zip', 'text/html; charset=iso-8859-1application/zip' );
INSERT INTO files ( gid, file, mime ) VALUES ( '36611', 'http://www.gutenberg.org/files/36611/36611-h/36611-h.htm', 'text/html; charset=iso-8859-1' );
INSERT INTO files ( gid, file, mime ) VALUES ( '36611', 'http://www.gutenberg.org/files/36611/36611.txt', 'text/plain; charset=us-ascii' );
INSERT INTO files ( gid, file, mime ) VALUES ( '36611', 'http://www.gutenberg.org/files/36611/36611.zip', 'text/plain; charset=us-asciiapplication/zip' );
INSERT INTO titles ( gid, title, author, language, rights ) VALUES ( '36711', 'Hookers', 'Mann, Richard F.', 'en', 'Public domain in the USA.' );
INSERT INTO classifications ( gid, classification ) VALUES ( '36711', 'PS' );
INSERT INTO subjects ( gid, subject ) VALUES ( '36711', 'Ciudad Juárez (Mexico) -- Fiction' );
INSERT INTO subjects ( gid, subject ) VALUES ( '36711', 'El Paso (Tex.) -- Fiction' );
INSERT INTO subjects ( gid, subject ) VALUES ( '36711', 'Prostitutes -- Fiction' );
INSERT INTO files ( gid, file, mime ) VALUES ( '36711', 'http://www.gutenberg.org/cache/epub/36711/pg36711.cover.medium.jpg', 'image/jpeg' );
INSERT INTO files ( gid, file, mime ) VALUES ( '36711', 'http://www.gutenberg.org/cache/epub/36711/pg36711.cover.small.jpg', 'image/jpeg' );
INSERT INTO files ( gid, file, mime ) VALUES ( '36711', 'http://www.gutenberg.org/ebooks/36711.epub.images', 'application/epub+zip' );
INSERT INTO files ( gid, file, mime ) VALUES ( '36711', 'http://www.gutenberg.org/ebooks/36711.epub.noimages', 'application/epub+zip' );
INSERT INTO files ( gid, file, mime ) VALUES ( '36711', 'http://www.gutenberg.org/ebooks/36711.kindle.images', 'application/x-mobipocket-ebook' );
INSERT INTO files ( gid, file, mime ) VALUES ( '36711', 'http://www.gutenberg.org/ebooks/36711.kindle.noimages', 'application/x-mobipocket-ebook' );
INSERT INTO files ( gid, file, mime ) VALUES ( '36711', 'http://www.gutenberg.org/ebooks/36711.rdf', 'application/rdf+xml' );
INSERT INTO files ( gid, file, mime ) VALUES ( '36711', 'http://www.gutenberg.org/ebooks/36711.txt.utf-8', 'text/plain' );
INSERT INTO files ( gid, file, mime ) VALUES ( '36711', 'http://www.gutenberg.org/files/36711/36711-h.zip', 'application/ziptext/html; charset=iso-8859-1' );
INSERT INTO files ( gid, file, mime ) VALUES ( '36711', 'http://www.gutenberg.org/files/36711/36711-h/36711-h.htm', 'text/html; charset=iso-8859-1' );
INSERT INTO files ( gid, file, mime ) VALUES ( '36711', 'http://www.gutenberg.org/files/36711/36711.txt', 'text/plain; charset=us-ascii' );
INSERT INTO files ( gid, file, mime ) VALUES ( '36711', 'http://www.gutenberg.org/files/36711/36711.zip', 'text/plain; charset=us-asciiapplication/zip' );
INSERT INTO titles ( gid, title, author, language, rights ) VALUES ( '36911', 'Mémoires du général baron de Marbot (3/3)', 'Marbot, Jean-Baptiste-Antoine-Marcelin, baron de', 'fr', 'Public domain in the USA.' );
INSERT INTO classifications ( gid, classification ) VALUES ( '36911', 'DC' );
INSERT INTO subjects ( gid, subject ) VALUES ( '36911', 'Generals -- France -- Biography' );
INSERT INTO subjects ( gid, subject ) VALUES ( '36911', 'Marbot, Jean-Baptiste-Antoine-Marcelin, baron de, 1782-1854' );
INSERT INTO subjects ( gid, subject ) VALUES ( '36911', 'Napoleonic Wars, 1800-1815 -- Personal narratives, French' );
INSERT INTO subjects ( gid, subject ) VALUES ( '36911', 'France. Armée' );
INSERT INTO subjects ( gid, subject ) VALUES ( '36911', 'Africa, Central -- Description and travel' );
INSERT INTO subjects ( gid, subject ) VALUES ( '36911', 'France -- History, Military -- 1789-1815' );
INSERT INTO subjects ( gid, subject ) VALUES ( '36911', 'Napoleonic Wars, 1800-1815 -- Campaigns' );
INSERT INTO files ( gid, file, mime ) VALUES ( '36911', 'http://www.gutenberg.org/ebooks/36911.epub.images', 'application/epub+zip' );
INSERT INTO files ( gid, file, mime ) VALUES ( '36911', 'http://www.gutenberg.org/ebooks/36911.epub.noimages', 'application/epub+zip' );
INSERT INTO files ( gid, file, mime ) VALUES ( '36911', 'http://www.gutenberg.org/ebooks/36911.html.images', 'text/html' );
INSERT INTO files ( gid, file, mime ) VALUES ( '36911', 'http://www.gutenberg.org/ebooks/36911.html.noimages', 'text/html' );
INSERT INTO files ( gid, file, mime ) VALUES ( '36911', 'http://www.gutenberg.org/ebooks/36911.kindle.images', 'application/x-mobipocket-ebook' );
INSERT INTO files ( gid, file, mime ) VALUES ( '36911', 'http://www.gutenberg.org/ebooks/36911.kindle.noimages', 'application/x-mobipocket-ebook' );
INSERT INTO files ( gid, file, mime ) VALUES ( '36911', 'http://www.gutenberg.org/ebooks/36911.rdf', 'application/rdf+xml' );
INSERT INTO files ( gid, file, mime ) VALUES ( '36911', 'http://www.gutenberg.org/files/36911/36911-0.txt', 'text/plain; charset=utf-8' );
INSERT INTO files ( gid, file, mime ) VALUES ( '36911', 'http://www.gutenberg.org/files/36911/36911-0.zip', 'text/plain; charset=utf-8application/zip' );
INSERT INTO titles ( gid, title, author, language, rights ) VALUES ( '36811', 'The Hour Will Come: A Tale of an Alpine Cloister. Volumes I and II', 'Hillern, Wilhelmine von', 'en', 'Public domain in the USA.' );
INSERT INTO classifications ( gid, classification ) VALUES ( '36811', 'PT' );
INSERT INTO subjects ( gid, subject ) VALUES ( '36811', 'German fiction -- Translations into English' );
INSERT INTO subjects ( gid, subject ) VALUES ( '36811', 'Alps -- Fiction' );
INSERT INTO files ( gid, file, mime ) VALUES ( '36811', 'http://www.gutenberg.org/ebooks/36811.epub.images', 'application/epub+zip' );
INSERT INTO files ( gid, file, mime ) VALUES ( '36811', 'http://www.gutenberg.org/ebooks/36811.epub.noimages', 'application/epub+zip' );
INSERT INTO files ( gid, file, mime ) VALUES ( '36811', 'http://www.gutenberg.org/ebooks/36811.kindle.images', 'application/x-mobipocket-ebook' );
INSERT INTO files ( gid, file, mime ) VALUES ( '36811', 'http://www.gutenberg.org/ebooks/36811.kindle.noimages', 'application/x-mobipocket-ebook' );
INSERT INTO files ( gid, file, mime ) VALUES ( '36811', 'http://www.gutenberg.org/ebooks/36811.rdf', 'application/rdf+xml' );
INSERT INTO files ( gid, file, mime ) VALUES ( '36811', 'http://www.gutenberg.org/ebooks/36811.txt.utf-8', 'text/plain' );
INSERT INTO files ( gid, file, mime ) VALUES ( '36811', 'http://www.gutenberg.org/files/36811/36811-8.txt', 'text/plain; charset=iso-8859-1' );
INSERT INTO files ( gid, file, mime ) VALUES ( '36811', 'http://www.gutenberg.org/files/36811/36811-8.zip', 'application/ziptext/plain; charset=iso-8859-1' );
INSERT INTO files ( gid, file, mime ) VALUES ( '36811', 'http://www.gutenberg.org/files/36811/36811-h.zip', 'text/html; charset=iso-8859-1application/zip' );
INSERT INTO files ( gid, file, mime ) VALUES ( '36811', 'http://www.gutenberg.org/files/36811/36811-h/36811-h.htm', 'text/html; charset=iso-8859-1' );
INSERT INTO files ( gid, file, mime ) VALUES ( '36811', 'http://www.gutenberg.org/files/36811/36811.txt', 'text/plain; charset=us-ascii' );
INSERT INTO files ( gid, file, mime ) VALUES ( '36811', 'http://www.gutenberg.org/files/36811/36811.zip', 'text/plain; charset=us-asciiapplication/zip' );
INSERT INTO titles ( gid, title, author, language, rights ) VALUES ( '37011', 'Les musiciens et la musique', 'Berlioz, Hector', 'fr', 'Public domain in the USA.' );
INSERT INTO classifications ( gid, classification ) VALUES ( '37011', 'ML' );
INSERT INTO subjects ( gid, subject ) VALUES ( '37011', 'Music -- France -- Paris -- History and criticism' );
INSERT INTO subjects ( gid, subject ) VALUES ( '37011', 'Music -- History and criticism' );
INSERT INTO subjects ( gid, subject ) VALUES ( '37011', 'Musicians' );
INSERT INTO files ( gid, file, mime ) VALUES ( '37011', 'http://www.gutenberg.org/ebooks/37011.epub.images', 'application/epub+zip' );
INSERT INTO files ( gid, file, mime ) VALUES ( '37011', 'http://www.gutenberg.org/ebooks/37011.epub.noimages', 'application/epub+zip' );
INSERT INTO files ( gid, file, mime ) VALUES ( '37011', 'http://www.gutenberg.org/ebooks/37011.kindle.images', 'application/x-mobipocket-ebook' );
INSERT INTO files ( gid, file, mime ) VALUES ( '37011', 'http://www.gutenberg.org/ebooks/37011.kindle.noimages', 'application/x-mobipocket-ebook' );
INSERT INTO files ( gid, file, mime ) VALUES ( '37011', 'http://www.gutenberg.org/ebooks/37011.rdf', 'application/rdf+xml' );
INSERT INTO files ( gid, file, mime ) VALUES ( '37011', 'http://www.gutenberg.org/files/37011/37011-0.txt', 'text/plain; charset=utf-8' );
INSERT INTO files ( gid, file, mime ) VALUES ( '37011', 'http://www.gutenberg.org/files/37011/37011-0.zip', 'text/plain; charset=utf-8application/zip' );
INSERT INTO files ( gid, file, mime ) VALUES ( '37011', 'http://www.gutenberg.org/files/37011/37011-8.txt', 'text/plain; charset=iso-8859-1' );
INSERT INTO files ( gid, file, mime ) VALUES ( '37011', 'http://www.gutenberg.org/files/37011/37011-8.zip', 'text/plain; charset=iso-8859-1application/zip' );
INSERT INTO files ( gid, file, mime ) VALUES ( '37011', 'http://www.gutenberg.org/files/37011/37011-h.zip', 'text/html; charset=iso-8859-1application/zip' );
INSERT INTO files ( gid, file, mime ) VALUES ( '37011', 'http://www.gutenberg.org/files/37011/37011-h/37011-h.htm', 'text/html; charset=iso-8859-1' );
INSERT INTO titles ( gid, title, author, language, rights ) VALUES ( '37111', 'The Zankiwank and The Bletherwitch: An Original Fantastic Fairy Extravaganza', 'Fitz-Gerald, S. J. Adair (Shafto Justin Adair)', 'en', 'Public domain in the USA.' );
INSERT INTO classifications ( gid, classification ) VALUES ( '37111', 'PZ' );
INSERT INTO subjects ( gid, subject ) VALUES ( '37111', 'Adventure and adventurers -- Juvenile fiction' );
INSERT INTO subjects ( gid, subject ) VALUES ( '37111', 'Elves -- Juvenile fiction' );
INSERT INTO subjects ( gid, subject ) VALUES ( '37111', 'Fairies -- Juvenile fiction' );
INSERT INTO subjects ( gid, subject ) VALUES ( '37111', 'Voyages and travels -- Juvenile fiction' );
INSERT INTO subjects ( gid, subject ) VALUES ( '37111', 'Fairy tales' );
INSERT INTO subjects ( gid, subject ) VALUES ( '37111', 'Animals -- Juvenile fiction' );
INSERT INTO subjects ( gid, subject ) VALUES ( '37111', 'Magic -- Juvenile fiction' );
INSERT INTO subjects ( gid, subject ) VALUES ( '37111', 'Demonology -- Juvenile fiction' );
INSERT INTO subjects ( gid, subject ) VALUES ( '37111', 'Queens -- Juvenile fiction' );
INSERT INTO subjects ( gid, subject ) VALUES ( '37111', 'Wit and humor, Juvenile' );
INSERT INTO files ( gid, file, mime ) VALUES ( '37111', 'http://www.gutenberg.org/ebooks/37111.epub.images', 'application/epub+zip' );
INSERT INTO files ( gid, file, mime ) VALUES ( '37111', 'http://www.gutenberg.org/ebooks/37111.epub.noimages', 'application/epub+zip' );
INSERT INTO files ( gid, file, mime ) VALUES ( '37111', 'http://www.gutenberg.org/ebooks/37111.kindle.images', 'application/x-mobipocket-ebook' );
INSERT INTO files ( gid, file, mime ) VALUES ( '37111', 'http://www.gutenberg.org/ebooks/37111.kindle.noimages', 'application/x-mobipocket-ebook' );
INSERT INTO files ( gid, file, mime ) VALUES ( '37111', 'http://www.gutenberg.org/ebooks/37111.rdf', 'application/rdf+xml' );
INSERT INTO files ( gid, file, mime ) VALUES ( '37111', 'http://www.gutenberg.org/ebooks/37111.txt.utf-8', 'text/plain' );
INSERT INTO files ( gid, file, mime ) VALUES ( '37111', 'http://www.gutenberg.org/files/37111/37111-8.txt', 'text/plain; charset=iso-8859-1' );
INSERT INTO files ( gid, file, mime ) VALUES ( '37111', 'http://www.gutenberg.org/files/37111/37111-8.zip', 'text/plain; charset=iso-8859-1application/zip' );
INSERT INTO files ( gid, file, mime ) VALUES ( '37111', 'http://www.gutenberg.org/files/37111/37111-h.zip', 'text/html; charset=iso-8859-1application/zip' );
INSERT INTO files ( gid, file, mime ) VALUES ( '37111', 'http://www.gutenberg.org/files/37111/37111-h/37111-h.htm', 'text/html; charset=iso-8859-1' );
INSERT INTO files ( gid, file, mime ) VALUES ( '37111', 'http://www.gutenberg.org/files/37111/37111.txt', 'text/plain; charset=us-ascii' );
INSERT INTO files ( gid, file, mime ) VALUES ( '37111', 'http://www.gutenberg.org/files/37111/37111.zip', 'text/plain; charset=us-asciiapplication/zip' );
INSERT INTO titles ( gid, title, author, language, rights ) VALUES ( '3711', 'The Relics of General Chasse: A Tale of Antwerp', 'Trollope, Anthony', 'en', 'Public domain in the USA.' );
INSERT INTO classifications ( gid, classification ) VALUES ( '3711', 'PR' );
INSERT INTO subjects ( gid, subject ) VALUES ( '3711', 'Short stories' );
INSERT INTO subjects ( gid, subject ) VALUES ( '3711', 'Humorous stories' );
INSERT INTO subjects ( gid, subject ) VALUES ( '3711', 'British -- Belgium -- Fiction' );
INSERT INTO subjects ( gid, subject ) VALUES ( '3711', 'Clergy -- Fiction' );
INSERT INTO files ( gid, file, mime ) VALUES ( '3711', 'http://www.gutenberg.org/ebooks/3711.epub.images', 'application/epub+zip' );
INSERT INTO files ( gid, file, mime ) VALUES ( '3711', 'http://www.gutenberg.org/ebooks/3711.epub.noimages', 'application/epub+zip' );
INSERT INTO files ( gid, file, mime ) VALUES ( '3711', 'http://www.gutenberg.org/ebooks/3711.kindle.images', 'application/x-mobipocket-ebook' );
INSERT INTO files ( gid, file, mime ) VALUES ( '3711', 'http://www.gutenberg.org/ebooks/3711.kindle.noimages', 'application/x-mobipocket-ebook' );
INSERT INTO files ( gid, file, mime ) VALUES ( '3711', 'http://www.gutenberg.org/ebooks/3711.rdf', 'application/rdf+xml' );
INSERT INTO files ( gid, file, mime ) VALUES ( '3711', 'http://www.gutenberg.org/files/3711/3711-0.txt', 'text/plain; charset=utf-8' );
INSERT INTO files ( gid, file, mime ) VALUES ( '3711', 'http://www.gutenberg.org/files/3711/3711-0.zip', 'application/ziptext/plain; charset=utf-8' );
INSERT INTO files ( gid, file, mime ) VALUES ( '3711', 'http://www.gutenberg.org/files/3711/3711-h.zip', 'text/htmlapplication/zip' );
INSERT INTO files ( gid, file, mime ) VALUES ( '3711', 'http://www.gutenberg.org/files/3711/3711-h/3711-h.htm', 'text/html' );
INSERT INTO titles ( gid, title, author, language, rights ) VALUES ( '37211', 'Castles and Chateaux of Old Touraine and the Loire Country', 'Mansfield, M. F. (Milburg Francisco)', 'en', 'Public domain in the USA.' );
INSERT INTO classifications ( gid, classification ) VALUES ( '37211', 'DC' );
INSERT INTO subjects ( gid, subject ) VALUES ( '37211', 'France -- Description and travel' );
INSERT INTO subjects ( gid, subject ) VALUES ( '37211', 'Castles -- France' );
INSERT INTO files ( gid, file, mime ) VALUES ( '37211', 'http://www.gutenberg.org/cache/epub/37211/pg37211.cover.medium.jpg', 'image/jpeg' );
INSERT INTO files ( gid, file, mime ) VALUES ( '37211', 'http://www.gutenberg.org/cache/epub/37211/pg37211.cover.small.jpg', 'image/jpeg' );
INSERT INTO files ( gid, file, mime ) VALUES ( '37211', 'http://www.gutenberg.org/ebooks/37211.epub.images', 'application/epub+zip' );
INSERT INTO files ( gid, file, mime ) VALUES ( '37211', 'http://www.gutenberg.org/ebooks/37211.epub.noimages', 'application/epub+zip' );
INSERT INTO files ( gid, file, mime ) VALUES ( '37211', 'http://www.gutenberg.org/ebooks/37211.kindle.images', 'application/x-mobipocket-ebook' );
INSERT INTO files ( gid, file, mime ) VALUES ( '37211', 'http://www.gutenberg.org/ebooks/37211.kindle.noimages', 'application/x-mobipocket-ebook' );
INSERT INTO files ( gid, file, mime ) VALUES ( '37211', 'http://www.gutenberg.org/ebooks/37211.rdf', 'application/rdf+xml' );
INSERT INTO files ( gid, file, mime ) VALUES ( '37211', 'http://www.gutenberg.org/ebooks/37211.txt.utf-8', 'text/plain' );
INSERT INTO files ( gid, file, mime ) VALUES ( '37211', 'http://www.gutenberg.org/files/37211/37211-8.txt', 'text/plain; charset=iso-8859-1' );
INSERT INTO files ( gid, file, mime ) VALUES ( '37211', 'http://www.gutenberg.org/files/37211/37211-8.zip', 'text/plain; charset=iso-8859-1application/zip' );
INSERT INTO files ( gid, file, mime ) VALUES ( '37211', 'http://www.gutenberg.org/files/37211/37211-h.zip', 'application/ziptext/html; charset=iso-8859-1' );
INSERT INTO files ( gid, file, mime ) VALUES ( '37211', 'http://www.gutenberg.org/files/37211/37211-h/37211-h.htm', 'text/html; charset=iso-8859-1' );
INSERT INTO files ( gid, file, mime ) VALUES ( '37211', 'http://www.gutenberg.org/files/37211/37211.txt', 'text/plain; charset=us-ascii' );
INSERT INTO files ( gid, file, mime ) VALUES ( '37211', 'http://www.gutenberg.org/files/37211/37211.zip', 'application/ziptext/plain; charset=us-ascii' );
INSERT INTO titles ( gid, title, author, language, rights ) VALUES ( '37311', 'The Journal, with Other Writings of John Woolman', 'Woolman, John', 'en', 'Public domain in the USA.' );
INSERT INTO classifications ( gid, classification ) VALUES ( '37311', 'BX' );
INSERT INTO subjects ( gid, subject ) VALUES ( '37311', 'Woolman, John, 1720-1772' );
INSERT INTO subjects ( gid, subject ) VALUES ( '37311', 'Quakers -- Biography' );
INSERT INTO files ( gid, file, mime ) VALUES ( '37311', 'http://www.gutenberg.org/cache/epub/37311/pg37311.cover.medium.jpg', 'image/jpeg' );
INSERT INTO files ( gid, file, mime ) VALUES ( '37311', 'http://www.gutenberg.org/cache/epub/37311/pg37311.cover.small.jpg', 'image/jpeg' );
INSERT INTO files ( gid, file, mime ) VALUES ( '37311', 'http://www.gutenberg.org/ebooks/37311.epub.images', 'application/epub+zip' );
INSERT INTO files ( gid, file, mime ) VALUES ( '37311', 'http://www.gutenberg.org/ebooks/37311.epub.noimages', 'application/epub+zip' );
INSERT INTO files ( gid, file, mime ) VALUES ( '37311', 'http://www.gutenberg.org/ebooks/37311.kindle.images', 'application/x-mobipocket-ebook' );
INSERT INTO files ( gid, file, mime ) VALUES ( '37311', 'http://www.gutenberg.org/ebooks/37311.kindle.noimages', 'application/x-mobipocket-ebook' );
INSERT INTO files ( gid, file, mime ) VALUES ( '37311', 'http://www.gutenberg.org/ebooks/37311.rdf', 'application/rdf+xml' );
INSERT INTO files ( gid, file, mime ) VALUES ( '37311', 'http://www.gutenberg.org/ebooks/37311.txt.utf-8', 'text/plain' );
INSERT INTO files ( gid, file, mime ) VALUES ( '37311', 'http://www.gutenberg.org/files/37311/37311-8.txt', 'text/plain; charset=iso-8859-1' );
INSERT INTO files ( gid, file, mime ) VALUES ( '37311', 'http://www.gutenberg.org/files/37311/37311-8.zip', 'text/plain; charset=iso-8859-1application/zip' );
INSERT INTO files ( gid, file, mime ) VALUES ( '37311', 'http://www.gutenberg.org/files/37311/37311-h.zip', 'application/ziptext/html; charset=iso-8859-1' );
INSERT INTO files ( gid, file, mime ) VALUES ( '37311', 'http://www.gutenberg.org/files/37311/37311-h/37311-h.htm', 'text/html; charset=iso-8859-1' );
INSERT INTO files ( gid, file, mime ) VALUES ( '37311', 'http://www.gutenberg.org/files/37311/37311.txt', 'text/plain; charset=us-ascii' );
INSERT INTO files ( gid, file, mime ) VALUES ( '37311', 'http://www.gutenberg.org/files/37311/37311.zip', 'text/plain; charset=us-asciiapplication/zip' );
INSERT INTO titles ( gid, title, author, language, rights ) VALUES ( '37411', 'A Primer of Assyriology', 'Sayce, A. H. (Archibald Henry)', 'en', 'Public domain in the USA.' );
INSERT INTO classifications ( gid, classification ) VALUES ( '37411', 'DS' );
INSERT INTO subjects ( gid, subject ) VALUES ( '37411', 'Babylonia -- History' );
INSERT INTO subjects ( gid, subject ) VALUES ( '37411', 'Assyria -- History' );
INSERT INTO files ( gid, file, mime ) VALUES ( '37411', 'http://www.gutenberg.org/ebooks/37411.epub.images', 'application/epub+zip' );
INSERT INTO files ( gid, file, mime ) VALUES ( '37411', 'http://www.gutenberg.org/ebooks/37411.epub.noimages', 'application/epub+zip' );
INSERT INTO files ( gid, file, mime ) VALUES ( '37411', 'http://www.gutenberg.org/ebooks/37411.kindle.images', 'application/x-mobipocket-ebook' );
INSERT INTO files ( gid, file, mime ) VALUES ( '37411', 'http://www.gutenberg.org/ebooks/37411.kindle.noimages', 'application/x-mobipocket-ebook' );
INSERT INTO files ( gid, file, mime ) VALUES ( '37411', 'http://www.gutenberg.org/ebooks/37411.rdf', 'application/rdf+xml' );
INSERT INTO files ( gid, file, mime ) VALUES ( '37411', 'http://www.gutenberg.org/ebooks/37411.txt.utf-8', 'text/plain' );
INSERT INTO files ( gid, file, mime ) VALUES ( '37411', 'http://www.gutenberg.org/files/37411/37411-8.txt', 'text/plain; charset=iso-8859-1' );
INSERT INTO files ( gid, file, mime ) VALUES ( '37411', 'http://www.gutenberg.org/files/37411/37411-8.zip', 'text/plain; charset=iso-8859-1application/zip' );
INSERT INTO files ( gid, file, mime ) VALUES ( '37411', 'http://www.gutenberg.org/files/37411/37411-h.zip', 'text/html; charset=iso-8859-1application/zip' );
INSERT INTO files ( gid, file, mime ) VALUES ( '37411', 'http://www.gutenberg.org/files/37411/37411-h/37411-h.htm', 'text/html; charset=iso-8859-1' );
INSERT INTO files ( gid, file, mime ) VALUES ( '37411', 'http://www.gutenberg.org/files/37411/37411.txt', 'text/plain; charset=us-ascii' );
INSERT INTO files ( gid, file, mime ) VALUES ( '37411', 'http://www.gutenberg.org/files/37411/37411.zip', 'text/plain; charset=us-asciiapplication/zip' );
INSERT INTO titles ( gid, title, author, language, rights ) VALUES ( '37511', 'The Child''s Story-Book. Second Series—No. 4', 'Anonymous', 'en', 'Public domain in the USA.' );
INSERT INTO classifications ( gid, classification ) VALUES ( '37511', 'PZ' );
INSERT INTO subjects ( gid, subject ) VALUES ( '37511', 'Children''s stories' );
INSERT INTO subjects ( gid, subject ) VALUES ( '37511', 'Animal welfare -- Juvenile fiction' );
INSERT INTO files ( gid, file, mime ) VALUES ( '37511', 'http://www.gutenberg.org/cache/epub/37511/pg37511.cover.medium.jpg', 'image/jpeg' );
INSERT INTO files ( gid, file, mime ) VALUES ( '37511', 'http://www.gutenberg.org/cache/epub/37511/pg37511.cover.small.jpg', 'image/jpeg' );
INSERT INTO files ( gid, file, mime ) VALUES ( '37511', 'http://www.gutenberg.org/ebooks/37511.epub.images', 'application/epub+zip' );
INSERT INTO files ( gid, file, mime ) VALUES ( '37511', 'http://www.gutenberg.org/ebooks/37511.epub.noimages', 'application/epub+zip' );
INSERT INTO files ( gid, file, mime ) VALUES ( '37511', 'http://www.gutenberg.org/ebooks/37511.kindle.images', 'application/x-mobipocket-ebook' );
INSERT INTO files ( gid, file, mime ) VALUES ( '37511', 'http://www.gutenberg.org/ebooks/37511.kindle.noimages', 'application/x-mobipocket-ebook' );
INSERT INTO files ( gid, file, mime ) VALUES ( '37511', 'http://www.gutenberg.org/ebooks/37511.rdf', 'application/rdf+xml' );
